190.171.152.138 - - [19/Dec/2024:08:31:17 -0300] "GET /cormun/static/Shared/jqueryui/images/ui-bg_highlight-soft_100_c6c2c8_1x100.png HTTP/1.1" 404 1117
190.171.152.138 - - [19/Dec/2024:08:31:17 -0300] "GET /cormun/static/Shared/jqueryui/images/ui-icons_82798d_256x240.png HTTP/1.1" 404 1089
190.171.152.138 - - [19/Dec/2024:08:31:17 -0300] "GET /cormun/static/Shared/jqueryui/images/ui-bg_flat_55_fafafa_40x100.png HTTP/1.1" 404 1097
190.171.152.138 - - [19/Dec/2024:08:31:17 -0300] "GET /cormun/static/Shared/jqueryui/images/ui-icons_8d78a5_256x240.png HTTP/1.1" 404 1089
190.171.152.138 - - [19/Dec/2024:08:31:25 -0300] "GET /cormun/servlet/trpermisosadjuntos?11889625,20241218131824,P, HTTP/1.1" 200 6203
190.171.152.138 - - [19/Dec/2024:08:31:29 -0300] "GET /cormun/servlet/permisosadjuntos?INS,11889625,P,20241218131824,, HTTP/1.1" 200 5521
190.171.152.138 - - [19/Dec/2024:08:31:30 -0300] "GET /cormun/static/about:blank HTTP/1.1" 404 1011
181.212.40.185 - - [19/Dec/2024:08:34:38 -0300] "GET /cormun/servlet/permisogoce?2a1e55d8c930736388fb6808b0edec0b94994f36b02de033bccb2aa677b9e121b79962dd01674eae579e3ff953f13be1c109f2179c4dd372832ced4add10ba7c,gx-no-cache=1734608091885 HTTP/1.1" 200 47
181.212.40.185 - - [19/Dec/2024:08:34:40 -0300] "POST /cormun/servlet/permisogoce?edb628784a30207762d5d73edc6f4e0f,INS,0,,,,gx-no-cache=1734608094215 HTTP/1.1" 200 93
181.212.40.185 - - [19/Dec/2024:08:34:40 -0300] "GET /cormun/servlet/hpexe_return? HTTP/1.1" 200 1011
181.212.40.185 - - [19/Dec/2024:08:34:41 -0300] "GET /cormun/servlet/trpermisosgoce HTTP/1.1" 200 18434
181.212.40.185 - - [19/Dec/2024:08:34:45 -0300] "GET /cormun/servlet/trpermisosadjuntos?11888933,20241219083020,P, HTTP/1.1" 200 6552
181.212.40.185 - - [19/Dec/2024:08:34:47 -0300] "GET /cormun/servlet/permisosadjuntos?INS,11888933,P,20241219083020,, HTTP/1.1" 200 5878
181.212.40.185 - - [19/Dec/2024:08:34:47 -0300] "GET /cormun/static/about:blank HTTP/1.1" 404 1011
181.212.40.185 - - [19/Dec/2024:08:35:02 -0300] "POST /cormun/servlet/permisosadjuntos?edb628784a30207762d5d73edc6f4e0f,INS,11888933,P,20241219083020,, HTTP/1.1" 200 116
181.212.40.185 - - [19/Dec/2024:08:35:02 -0300] "GET /cormun/servlet/hpexe_return? HTTP/1.1" 200 1038
181.212.40.185 - - [19/Dec/2024:08:35:02 -0300] "GET /cormun/servlet/trpermisosadjuntos?11888933,20241219083020,P, HTTP/1.1" 200 7106
181.212.40.185 - - [19/Dec/2024:08:35:06 -0300] "POST /cormun/servlet/trpermisosadjuntos?edb628784a30207762d5d73edc6f4e0f,11888933,20241219083020,P,,gx-no-cache=1734608120357 HTTP/1.1" 200 90
181.212.40.185 - - [19/Dec/2024:08:35:06 -0300] "GET /cormun/servlet/hpexe_link HTTP/1.1" 200 984
181.212.40.185 - - [19/Dec/2024:08:35:06 -0300] "GET /cormun/servlet/trpermisosgoce HTTP/1.1" 200 18444
181.212.40.185 - - [19/Dec/2024:08:35:09 -0300] "POST /cormun/servlet/trpermisosgoce?edb628784a30207762d5d73edc6f4e0f,gx-no-cache=1734608122424 HTTP/1.1" 200 15702
181.212.40.185 - - [19/Dec/2024:08:35:09 -0300] "GET /cormun/static/Shared/jqueryui/images/ui-icons_82798d_256x240.png HTTP/1.1" 404 1089
181.212.40.185 - - [19/Dec/2024:08:35:09 -0300] "GET /cormun/static/Shared/jqueryui/images/ui-bg_highlight-soft_100_c6c2c8_1x100.png HTTP/1.1" 404 1117
181.212.40.185 - - [19/Dec/2024:08:35:09 -0300] "GET /cormun/static/Shared/jqueryui/images/ui-icons_8d78a5_256x240.png HTTP/1.1" 404 1089
181.212.40.185 - - [19/Dec/2024:08:35:09 -0300] "GET /cormun/static/Shared/jqueryui/images/ui-bg_flat_55_fafafa_40x100.png HTTP/1.1" 404 1097
190.171.141.114 - - [19/Dec/2024:08:35:27 -0300] "GET /cormun/servlet/hlogin HTTP/1.1" 200 1717
190.171.141.114 - - [19/Dec/2024:08:35:32 -0300] "POST /cormun/servlet/hlogin?1b306ee0db04cd254a3b4c0730b658c1,gx-no-cache=1734608145372 HTTP/1.1" 200 90
190.171.141.114 - - [19/Dec/2024:08:35:32 -0300] "GET /cormun/servlet/hpexe_link HTTP/1.1" 200 949
190.171.141.114 - - [19/Dec/2024:08:35:32 -0300] "GET /cormun/servlet/hhome HTTP/1.1" 200 4002
190.171.141.114 - - [19/Dec/2024:08:35:48 -0300] "GET /cormun/servlet/trpermisosgoce? HTTP/1.1" 200 15794
190.171.141.114 - - [19/Dec/2024:08:35:57 -0300] "GET /cormun/servlet/trpermisosadjuntos?15996249,20241218155115,P, HTTP/1.1" 200 6328
190.171.141.114 - - [19/Dec/2024:08:35:57 -0300] "GET /cormun/static/gxcfg.js?2020121641683 HTTP/1.1" 200 953
190.171.141.114 - - [19/Dec/2024:08:35:57 -0300] "GET /cormun/static/trpermisosadjuntos.js?2020121642996 HTTP/1.1" 200 20158
190.171.141.114 - - [19/Dec/2024:08:35:59 -0300] "POST /cormun/servlet/trpermisosadjuntos?1b306ee0db04cd254a3b4c0730b658c1,15996249,20241218155115,P,,gx-no-cache=1734608172764 HTTP/1.1" 200 90
190.171.141.114 - - [19/Dec/2024:08:35:59 -0300] "GET /cormun/servlet/hpexe_link HTTP/1.1" 200 982
190.171.141.114 - - [19/Dec/2024:08:35:59 -0300] "GET /cormun/servlet/trpermisosgoce HTTP/1.1" 200 15793
190.171.152.138 - - [19/Dec/2024:08:36:05 -0300] "POST /cormun/servlet/permisosadjuntos?66a33043ec18b87ba954788669ab0d21,INS,11889625,P,20241218131824,, HTTP/1.1" 200 116
190.171.152.138 - - [19/Dec/2024:08:36:05 -0300] "GET /cormun/servlet/hpexe_return? HTTP/1.1" 200 1039
190.171.152.138 - - [19/Dec/2024:08:36:06 -0300] "GET /cormun/servlet/trpermisosadjuntos?11889625,20241218131824,P, HTTP/1.1" 200 6681
190.171.152.138 - - [19/Dec/2024:08:36:11 -0300] "POST /cormun/servlet/trpermisosadjuntos?66a33043ec18b87ba954788669ab0d21,11889625,20241218131824,P,,gx-no-cache=1734608186384 HTTP/1.1" 200 90
190.171.152.138 - - [19/Dec/2024:08:36:11 -0300] "GET /cormun/servlet/hpexe_link HTTP/1.1" 200 1005
190.171.152.138 - - [19/Dec/2024:08:36:11 -0300] "GET /cormun/servlet/trpermisosgoce?gx-no-cache=1734607891972 HTTP/1.1" 200 17769
190.171.152.138 - - [19/Dec/2024:08:37:05 -0300] "GET /cormun/servlet/trpermisosadjuntos?13096248,20241219075128,P, HTTP/1.1" 200 6218
190.171.152.138 - - [19/Dec/2024:08:37:07 -0300] "GET /cormun/servlet/permisosadjuntos?INS,13096248,P,20241219075128,, HTTP/1.1" 200 5517
190.171.152.138 - - [19/Dec/2024:08:37:08 -0300] "GET /cormun/static/about:blank HTTP/1.1" 404 1011
190.171.152.138 - - [19/Dec/2024:08:39:51 -0300] "POST /cormun/servlet/permisosadjuntos?66a33043ec18b87ba954788669ab0d21,INS,13096248,P,20241219075128,, HTTP/1.1" 200 116
190.171.152.138 - - [19/Dec/2024:08:39:51 -0300] "GET /cormun/servlet/hpexe_return? HTTP/1.1" 200 1038
190.171.152.138 - - [19/Dec/2024:08:39:52 -0300] "GET /cormun/servlet/trpermisosadjuntos?13096248,20241219075128,P, HTTP/1.1" 200 6674
190.171.152.138 - - [19/Dec/2024:08:39:54 -0300] "POST /cormun/servlet/trpermisosadjuntos?66a33043ec18b87ba954788669ab0d21,13096248,20241219075128,P,,gx-no-cache=1734608409184 HTTP/1.1" 200 90
190.171.152.138 - - [19/Dec/2024:08:39:54 -0300] "GET /cormun/servlet/hpexe_link HTTP/1.1" 200 1005
190.171.152.138 - - [19/Dec/2024:08:39:54 -0300] "GET /cormun/servlet/trpermisosgoce?gx-no-cache=1734607891972 HTTP/1.1" 200 17747
190.171.152.138 - - [19/Dec/2024:08:40:39 -0300] "GET /cormun/servlet/trpermisosadjuntos?19592531,20241219081619,P, HTTP/1.1" 200 6217
190.171.152.138 - - [19/Dec/2024:08:40:41 -0300] "GET /cormun/servlet/permisosadjuntos?INS,19592531,P,20241219081619,, HTTP/1.1" 200 5514
190.171.152.138 - - [19/Dec/2024:08:40:41 -0300] "GET /cormun/static/about:blank HTTP/1.1" 404 1011
181.212.40.185 - - [19/Dec/2024:08:40:43 -0300] "GET /cormun/servlet/permisogoce?INS,0,,, HTTP/1.1" 200 7115
190.171.143.82 - - [19/Dec/2024:08:40:47 -0300] "GET /cormun/servlet/permisogoce?INS,0,,, HTTP/1.1" 200 7182
181.212.40.185 - - [19/Dec/2024:08:40:51 -0300] "GET /cormun/servlet/permisogoce?2a1e55d8c930736388fb6808b0edec0b5d904eae2357e6eb52b2b90ceb573c399ad17f36ff0d3f2ca7a46b3a8b3b8e8d7a858a4e3eb388eda5d85b43f5bbbd65,gx-no-cache=1734608465215 HTTP/1.1" 200 86
181.212.40.185 - - [19/Dec/2024:08:40:57 -0300] "GET /cormun/servlet/permisogoce?2a1e55d8c930736388fb6808b0edec0b94994f36b02de033bccb2aa677b9e121051c913cb2c635567dd736a4d485319fc109f2179c4dd372832ced4add10ba7c,gx-no-cache=1734608470918 HTTP/1.1" 200 47
190.171.143.82 - - [19/Dec/2024:08:40:59 -0300] "GET /cormun/servlet/permisogoce?d1b6643803c7e3ca2e649481ae937dcd292f8c77c28eb9556c96f8de4bd0d892925830110d45abff1e2147bb05aa6d96401e818a9ce1b04812c648ca99d1676c,gx-no-cache=1734608475459 HTTP/1.1" 200 82
181.212.40.185 - - [19/Dec/2024:08:41:01 -0300] "POST /cormun/servlet/permisogoce?edb628784a30207762d5d73edc6f4e0f,INS,0,,,,gx-no-cache=1734608474372 HTTP/1.1" 200 93
181.212.40.185 - - [19/Dec/2024:08:41:01 -0300] "GET /cormun/servlet/hpexe_return? HTTP/1.1" 200 1032
181.212.40.185 - - [19/Dec/2024:08:41:01 -0300] "GET /cormun/servlet/trpermisosgoce?gx-no-cache=1734608122424 HTTP/1.1" 200 18331
181.212.40.185 - - [19/Dec/2024:08:41:03 -0300] "GET /cormun/servlet/trpermisosadjuntos?11888933,20241219084103,P, HTTP/1.1" 200 6572
181.212.40.185 - - [19/Dec/2024:08:41:04 -0300] "GET /cormun/servlet/permisosadjuntos?INS,11888933,P,20241219084103,, HTTP/1.1" 200 5873
181.212.40.185 - - [19/Dec/2024:08:41:04 -0300] "GET /cormun/static/about:blank HTTP/1.1" 404 1011
181.212.40.185 - - [19/Dec/2024:08:41:17 -0300] "POST /cormun/servlet/permisosadjuntos?edb628784a30207762d5d73edc6f4e0f,INS,11888933,P,20241219084103,, HTTP/1.1" 200 116
181.212.40.185 - - [19/Dec/2024:08:41:17 -0300] "GET /cormun/servlet/hpexe_return? HTTP/1.1" 200 1038
181.212.40.185 - - [19/Dec/2024:08:41:17 -0300] "GET /cormun/servlet/trpermisosadjuntos?11888933,20241219084103,P, HTTP/1.1" 200 7080
181.212.40.185 - - [19/Dec/2024:08:41:19 -0300] "POST /cormun/servlet/trpermisosadjuntos?edb628784a30207762d5d73edc6f4e0f,11888933,20241219084103,P,,gx-no-cache=1734608492941 HTTP/1.1" 200 90
181.212.40.185 - - [19/Dec/2024:08:41:19 -0300] "GET /cormun/servlet/hpexe_link HTTP/1.1" 200 1006
181.212.40.185 - - [19/Dec/2024:08:41:19 -0300] "GET /cormun/servlet/trpermisosgoce?gx-no-cache=1734608122424 HTTP/1.1" 200 18335
181.212.40.185 - - [19/Dec/2024:08:41:23 -0300] "POST /cormun/servlet/trpermisosgoce?edb628784a30207762d5d73edc6f4e0f,gx-no-cache=1734608122424,gx-no-cache=1734608497190 HTTP/1.1" 200 15637
190.171.143.82 - - [19/Dec/2024:08:41:24 -0300] "GET /cormun/servlet/permisogoce?d1b6643803c7e3ca2e649481ae937dcd909644196eef27ca8ecab7ce3b0e2b705b324dcc14dd6cfd47276601859370a3c2db9ca8410c9e01a88cec01f734959cd21624d7caadec0b78ca9abda9e102690ff236f5b916f2a9a194708bed2f11fb34347914c1bd7e55d107e0a226bfa7be,gx-no-cache=1734608500428 HTTP/1.1" 200 82
181.212.40.185 - - [19/Dec/2024:08:42:22 -0300] "GET /cormun/servlet/permisogoce?INS,0,,, HTTP/1.1" 200 7138
181.212.40.185 - - [19/Dec/2024:08:42:28 -0300] "GET /cormun/servlet/permisogoce?2a1e55d8c930736388fb6808b0edec0b5d904eae2357e6eb52b2b90ceb573c399ad17f36ff0d3f2ca7a46b3a8b3b8e8d7a858a4e3eb388eda5d85b43f5bbbd65,gx-no-cache=1734608562391 HTTP/1.1" 200 85
181.212.40.185 - - [19/Dec/2024:08:42:35 -0300] "GET /cormun/servlet/permisogoce?2a1e55d8c930736388fb6808b0edec0b94994f36b02de033bccb2aa677b9e12125a6bdc4224c9dead7ef0c69adb14a8b307c8041e6851fa0870139a996be8345,gx-no-cache=1734608569086 HTTP/1.1" 200 48
181.212.40.185 - - [19/Dec/2024:08:42:40 -0300] "POST /cormun/servlet/permisogoce?edb628784a30207762d5d73edc6f4e0f,INS,0,,,,gx-no-cache=1734608573852 HTTP/1.1" 200 93
181.212.40.185 - - [19/Dec/2024:08:42:40 -0300] "GET /cormun/servlet/hpexe_return? HTTP/1.1" 200 1032
181.212.40.185 - - [19/Dec/2024:08:42:40 -0300] "GET /cormun/servlet/trpermisosgoce?gx-no-cache=1734608122424 HTTP/1.1" 200 18351
181.212.40.185 - - [19/Dec/2024:08:42:43 -0300] "GET /cormun/servlet/trpermisosadjuntos?11888933,20241219084243,P, HTTP/1.1" 200 6573
181.212.40.185 - - [19/Dec/2024:08:42:45 -0300] "GET /cormun/servlet/permisosadjuntos?INS,11888933,P,20241219084243,, HTTP/1.1" 200 5876
181.212.40.185 - - [19/Dec/2024:08:42:45 -0300] "GET /cormun/static/about:blank HTTP/1.1" 404 1011
181.212.40.185 - - [19/Dec/2024:08:42:58 -0300] "POST /cormun/servlet/permisosadjuntos?edb628784a30207762d5d73edc6f4e0f,INS,11888933,P,20241219084243,, HTTP/1.1" 200 116
181.212.40.185 - - [19/Dec/2024:08:42:58 -0300] "GET /cormun/servlet/hpexe_return? HTTP/1.1" 200 1039
181.212.40.185 - - [19/Dec/2024:08:42:59 -0300] "GET /cormun/servlet/trpermisosadjuntos?11888933,20241219084243,P, HTTP/1.1" 200 7083
181.212.40.185 - - [19/Dec/2024:08:43:10 -0300] "POST /cormun/servlet/trpermisosadjuntos?edb628784a30207762d5d73edc6f4e0f,11888933,20241219084243,P,,gx-no-cache=1734608604333 HTTP/1.1" 200 90
181.212.40.185 - - [19/Dec/2024:08:43:10 -0300] "GET /cormun/servlet/hpexe_link HTTP/1.1" 200 1005
181.212.40.185 - - [19/Dec/2024:08:43:10 -0300] "GET /cormun/servlet/trpermisosgoce?gx-no-cache=1734608122424 HTTP/1.1" 200 18347
181.212.40.185 - - [19/Dec/2024:08:43:13 -0300] "POST /cormun/servlet/trpermisosgoce?edb628784a30207762d5d73edc6f4e0f,gx-no-cache=1734608122424,gx-no-cache=1734608606671 HTTP/1.1" 200 15643
181.212.40.185 - - [19/Dec/2024:08:43:15 -0300] "GET /cormun/servlet/permisogoce?INS,0,,, HTTP/1.1" 200 7138
181.212.40.185 - - [19/Dec/2024:08:43:25 -0300] "GET /cormun/servlet/permisogoce?2a1e55d8c930736388fb6808b0edec0b5d904eae2357e6eb52b2b90ceb573c399ad17f36ff0d3f2ca7a46b3a8b3b8e8d7a858a4e3eb388eda5d85b43f5bbbd65,gx-no-cache=1734608619055 HTTP/1.1" 200 88
154.213.184.18 - - [19/Dec/2024:08:43:44 -0300] "CONNECT example.com:443 HTTP/1.1" 400 -
181.212.40.185 - - [19/Dec/2024:08:44:09 -0300] "GET /cormun/servlet/permisogoce?2a1e55d8c930736388fb6808b0edec0b94994f36b02de033bccb2aa677b9e1217b2008a61c76e7bf9fabc1cb34cd0b85c109f2179c4dd372832ced4add10ba7c,gx-no-cache=1734608663300 HTTP/1.1" 200 49
181.212.40.185 - - [19/Dec/2024:08:44:16 -0300] "POST /cormun/servlet/permisogoce?edb628784a30207762d5d73edc6f4e0f,INS,0,,,,gx-no-cache=1734608669468 HTTP/1.1" 200 93
181.212.40.185 - - [19/Dec/2024:08:44:16 -0300] "GET /cormun/servlet/hpexe_return? HTTP/1.1" 200 1032
181.212.40.185 - - [19/Dec/2024:08:44:16 -0300] "GET /cormun/servlet/trpermisosgoce?gx-no-cache=1734608122424 HTTP/1.1" 200 18313
181.212.40.185 - - [19/Dec/2024:08:44:18 -0300] "GET /cormun/servlet/trpermisosadjuntos?11888933,20241219084335,P, HTTP/1.1" 200 6573
181.212.40.185 - - [19/Dec/2024:08:44:19 -0300] "GET /cormun/servlet/permisosadjuntos?INS,11888933,P,20241219084335,, HTTP/1.1" 200 5875
190.171.152.138 - - [19/Dec/2024:08:44:19 -0300] "POST /cormun/servlet/permisosadjuntos?66a33043ec18b87ba954788669ab0d21,INS,19592531,P,20241219081619,, HTTP/1.1" 200 116
181.212.40.185 - - [19/Dec/2024:08:44:19 -0300] "GET /cormun/static/about:blank HTTP/1.1" 404 1011
190.171.152.138 - - [19/Dec/2024:08:44:19 -0300] "GET /cormun/servlet/hpexe_return? HTTP/1.1" 200 1039
190.171.152.138 - - [19/Dec/2024:08:44:19 -0300] "GET /cormun/servlet/trpermisosadjuntos?19592531,20241219081619,P, HTTP/1.1" 200 6673
190.171.152.138 - - [19/Dec/2024:08:44:24 -0300] "POST /cormun/servlet/trpermisosadjuntos?66a33043ec18b87ba954788669ab0d21,19592531,20241219081619,P,,gx-no-cache=1734608678728 HTTP/1.1" 200 90
190.171.152.138 - - [19/Dec/2024:08:44:24 -0300] "GET /cormun/servlet/hpexe_link HTTP/1.1" 200 1005
190.171.152.138 - - [19/Dec/2024:08:44:24 -0300] "GET /cormun/servlet/trpermisosgoce?gx-no-cache=1734607891972 HTTP/1.1" 200 17780
190.171.152.138 - - [19/Dec/2024:08:44:31 -0300] "POST /cormun/servlet/trpermisosgoce?66a33043ec18b87ba954788669ab0d21,gx-no-cache=1734607891972,gx-no-cache=1734608685569 HTTP/1.1" 200 15208
190.171.152.138 - - [19/Dec/2024:08:44:31 -0300] "GET /cormun/static/Shared/jqueryui/images/ui-bg_highlight-soft_100_c6c2c8_1x100.png HTTP/1.1" 404 1117
190.171.152.138 - - [19/Dec/2024:08:44:31 -0300] "GET /cormun/static/Shared/jqueryui/images/ui-icons_82798d_256x240.png HTTP/1.1" 404 1089
190.171.152.138 - - [19/Dec/2024:08:44:31 -0300] "GET /cormun/static/Shared/jqueryui/images/ui-icons_8d78a5_256x240.png HTTP/1.1" 404 1089
190.171.152.138 - - [19/Dec/2024:08:44:31 -0300] "GET /cormun/static/Shared/jqueryui/images/ui-bg_flat_55_fafafa_40x100.png HTTP/1.1" 404 1097
181.212.40.185 - - [19/Dec/2024:08:44:35 -0300] "POST /cormun/servlet/permisosadjuntos?edb628784a30207762d5d73edc6f4e0f,INS,11888933,P,20241219084335,, HTTP/1.1" 200 116
181.212.40.185 - - [19/Dec/2024:08:44:35 -0300] "GET /cormun/servlet/hpexe_return? HTTP/1.1" 200 1039
181.212.40.185 - - [19/Dec/2024:08:44:35 -0300] "GET /cormun/servlet/trpermisosadjuntos?11888933,20241219084335,P, HTTP/1.1" 200 7085
190.171.152.138 - - [19/Dec/2024:08:44:41 -0300] "POST /cormun/servlet/trpermisosgoce?66a33043ec18b87ba954788669ab0d21,gx-no-cache=1734607891972,gx-no-cache=1734608695611 HTTP/1.1" 200 15170
181.212.40.185 - - [19/Dec/2024:08:44:43 -0300] "POST /cormun/servlet/trpermisosadjuntos?edb628784a30207762d5d73edc6f4e0f,11888933,20241219084335,P,,gx-no-cache=1734608697580 HTTP/1.1" 200 90
181.212.40.185 - - [19/Dec/2024:08:44:43 -0300] "GET /cormun/servlet/hpexe_link HTTP/1.1" 200 1006
181.212.40.185 - - [19/Dec/2024:08:44:44 -0300] "GET /cormun/servlet/trpermisosgoce?gx-no-cache=1734608122424 HTTP/1.1" 200 18309
190.171.152.138 - - [19/Dec/2024:08:44:45 -0300] "POST /cormun/servlet/trpermisosgoce?66a33043ec18b87ba954788669ab0d21,gx-no-cache=1734607891972,gx-no-cache=1734608700208 HTTP/1.1" 200 15131
181.212.40.185 - - [19/Dec/2024:08:44:49 -0300] "POST /cormun/servlet/trpermisosgoce?edb628784a30207762d5d73edc6f4e0f,gx-no-cache=1734608122424,gx-no-cache=1734608702759 HTTP/1.1" 200 15605
190.171.141.114 - - [19/Dec/2024:08:46:18 -0300] "GET /cormun/servlet/trpermisosadjuntos?15114046,20241218111548,P, HTTP/1.1" 200 6324
190.171.141.114 - - [19/Dec/2024:08:46:39 -0300] "POST /cormun/servlet/trpermisosadjuntos?1b306ee0db04cd254a3b4c0730b658c1,15114046,20241218111548,P,,gx-no-cache=1734608812220 HTTP/1.1" 200 90
190.171.141.114 - - [19/Dec/2024:08:46:39 -0300] "GET /cormun/servlet/hpexe_link HTTP/1.1" 200 982
190.171.141.114 - - [19/Dec/2024:08:46:39 -0300] "GET /cormun/servlet/trpermisosgoce HTTP/1.1" 200 15793
190.171.141.114 - - [19/Dec/2024:08:46:42 -0300] "GET /cormun/servlet/trpermisosadjuntos?15114046,20241218111548,P, HTTP/1.1" 200 6324
190.171.141.114 - - [19/Dec/2024:08:46:45 -0300] "GET /cormun/servlet/permisosadjuntos?INS,15114046,P,20241218111548,, HTTP/1.1" 200 5645
190.171.141.114 - - [19/Dec/2024:08:46:45 -0300] "GET /cormun/static/gxcfg.js?20201215134212 HTTP/1.1" 200 953
190.171.141.114 - - [19/Dec/2024:08:46:45 -0300] "GET /cormun/static/permisosadjuntos.js?20201215134285 HTTP/1.1" 200 8724
190.171.141.114 - - [19/Dec/2024:08:46:45 -0300] "GET /cormun/static/about:blank HTTP/1.1" 404 1011
190.95.15.15 - - [19/Dec/2024:08:46:46 -0300] "GET /cormun/servlet/hlogin HTTP/1.1" 200 1715
190.95.15.15 - - [19/Dec/2024:08:46:46 -0300] "GET /cormun/servlet/hlogin HTTP/1.1" 200 1725
190.95.15.15 - - [19/Dec/2024:08:46:55 -0300] "POST /cormun/servlet/hlogin?83b30852599e9da43ac01007354cb32e,gx-no-cache=1734608829199 HTTP/1.1" 200 90
190.95.15.15 - - [19/Dec/2024:08:46:55 -0300] "GET /cormun/servlet/hpexe_link HTTP/1.1" 200 949
190.95.15.15 - - [19/Dec/2024:08:46:55 -0300] "GET /cormun/servlet/hhome HTTP/1.1" 200 3971
190.95.15.15 - - [19/Dec/2024:08:46:58 -0300] "GET /cormun/servlet/trlicencias? HTTP/1.1" 200 13464
190.171.141.114 - - [19/Dec/2024:08:47:37 -0300] "POST /cormun/servlet/permisosadjuntos?1b306ee0db04cd254a3b4c0730b658c1,INS,15114046,P,20241218111548,, HTTP/1.1" 200 116
190.171.141.114 - - [19/Dec/2024:08:47:37 -0300] "GET /cormun/servlet/hpexe_return? HTTP/1.1" 200 1037
190.171.141.114 - - [19/Dec/2024:08:47:37 -0300] "GET /cormun/servlet/trpermisosadjuntos?15114046,20241218111548,P, HTTP/1.1" 200 6826
190.171.141.114 - - [19/Dec/2024:08:47:39 -0300] "POST /cormun/servlet/trpermisosadjuntos?1b306ee0db04cd254a3b4c0730b658c1,15114046,20241218111548,P,,gx-no-cache=1734608872830 HTTP/1.1" 200 90
190.171.141.114 - - [19/Dec/2024:08:47:39 -0300] "GET /cormun/servlet/hpexe_link HTTP/1.1" 200 982
190.171.141.114 - - [19/Dec/2024:08:47:40 -0300] "GET /cormun/servlet/trpermisosgoce HTTP/1.1" 200 15793
190.171.141.114 - - [19/Dec/2024:08:47:43 -0300] "POST /cormun/servlet/trpermisosgoce?1b306ee0db04cd254a3b4c0730b658c1,gx-no-cache=1734608876578 HTTP/1.1" 200 13100
190.171.141.114 - - [19/Dec/2024:08:47:43 -0300] "GET /cormun/static/Shared/jqueryui/images/ui-icons_82798d_256x240.png HTTP/1.1" 404 1089
190.171.141.114 - - [19/Dec/2024:08:47:43 -0300] "GET /cormun/static/Shared/jqueryui/images/ui-bg_highlight-soft_100_c6c2c8_1x100.png HTTP/1.1" 404 1117
190.171.141.114 - - [19/Dec/2024:08:47:43 -0300] "GET /cormun/static/Shared/jqueryui/images/ui-icons_8d78a5_256x240.png HTTP/1.1" 404 1089
190.171.141.114 - - [19/Dec/2024:08:47:43 -0300] "GET /cormun/static/Shared/jqueryui/images/ui-bg_flat_55_fafafa_40x100.png HTTP/1.1" 404 1097
190.171.141.114 - - [19/Dec/2024:08:47:45 -0300] "GET /cormun/servlet/trpermisosadjuntos?15996249,20241218155115,P, HTTP/1.1" 200 6328
190.171.141.114 - - [19/Dec/2024:08:47:47 -0300] "GET /cormun/servlet/permisosadjuntos?INS,15996249,P,20241218155115,, HTTP/1.1" 200 5649
190.171.141.114 - - [19/Dec/2024:08:47:47 -0300] "GET /cormun/static/about:blank HTTP/1.1" 404 1011
190.171.141.114 - - [19/Dec/2024:08:48:00 -0300] "POST /cormun/servlet/permisosadjuntos?1b306ee0db04cd254a3b4c0730b658c1,INS,15996249,P,20241218155115,, HTTP/1.1" 200 116
190.171.141.114 - - [19/Dec/2024:08:48:00 -0300] "GET /cormun/servlet/hpexe_return? HTTP/1.1" 200 1037
190.171.141.114 - - [19/Dec/2024:08:48:00 -0300] "GET /cormun/servlet/trpermisosadjuntos?15996249,20241218155115,P, HTTP/1.1" 200 6817
181.212.40.185 - - [19/Dec/2024:08:48:02 -0300] "GET /cormun/servlet/permisogoce?INS,0,,, HTTP/1.1" 200 7138
190.171.141.114 - - [19/Dec/2024:08:48:03 -0300] "POST /cormun/servlet/trpermisosadjuntos?1b306ee0db04cd254a3b4c0730b658c1,15996249,20241218155115,P,,gx-no-cache=1734608896660 HTTP/1.1" 200 90
190.171.141.114 - - [19/Dec/2024:08:48:03 -0300] "GET /cormun/servlet/hpexe_link HTTP/1.1" 200 1004
190.171.141.114 - - [19/Dec/2024:08:48:03 -0300] "GET /cormun/servlet/trpermisosgoce?gx-no-cache=1734608876578 HTTP/1.1" 200 15785
190.171.141.114 - - [19/Dec/2024:08:48:07 -0300] "POST /cormun/servlet/trpermisosgoce?1b306ee0db04cd254a3b4c0730b658c1,gx-no-cache=1734608876578,gx-no-cache=1734608900621 HTTP/1.1" 200 13094
181.212.40.185 - - [19/Dec/2024:08:48:11 -0300] "GET /cormun/servlet/permisogoce?2a1e55d8c930736388fb6808b0edec0b5d904eae2357e6eb52b2b90ceb573c399ad17f36ff0d3f2ca7a46b3a8b3b8e8d7a858a4e3eb388eda5d85b43f5bbbd65,gx-no-cache=1734608904867 HTTP/1.1" 200 87
190.171.141.114 - - [19/Dec/2024:08:48:14 -0300] "GET /cormun/servlet/trpermisosadjuntos?15123859,20241217094337,P, HTTP/1.1" 200 6348
190.171.152.138 - - [19/Dec/2024:08:48:17 -0300] "GET /cormun/servlet/hlogin HTTP/1.1" 200 1761
181.212.40.185 - - [19/Dec/2024:08:48:19 -0300] "GET /cormun/servlet/permisogoce?2a1e55d8c930736388fb6808b0edec0b94994f36b02de033bccb2aa677b9e12100f9f02d0656ef7a581738923a488590307c8041e6851fa0870139a996be8345,gx-no-cache=1734608912796 HTTP/1.1" 200 49
190.171.141.114 - - [19/Dec/2024:08:48:20 -0300] "GET /cormun/servlet/permisosadjuntos?INS,15123859,P,20241217094337,, HTTP/1.1" 200 5646
190.171.141.114 - - [19/Dec/2024:08:48:20 -0300] "GET /cormun/static/about:blank HTTP/1.1" 404 1011
181.212.40.185 - - [19/Dec/2024:08:48:24 -0300] "POST /cormun/servlet/permisogoce?edb628784a30207762d5d73edc6f4e0f,INS,0,,,,gx-no-cache=1734608917756 HTTP/1.1" 200 93
181.212.40.185 - - [19/Dec/2024:08:48:24 -0300] "GET /cormun/servlet/hpexe_return? HTTP/1.1" 200 1032
181.212.40.185 - - [19/Dec/2024:08:48:24 -0300] "GET /cormun/servlet/trpermisosgoce?gx-no-cache=1734608122424 HTTP/1.1" 200 18241
190.171.152.138 - - [19/Dec/2024:08:48:30 -0300] "POST /cormun/servlet/hlogin?66a33043ec18b87ba954788669ab0d21,gx-no-cache=1734608925557 HTTP/1.1" 200 90
190.171.152.138 - - [19/Dec/2024:08:48:30 -0300] "GET /cormun/servlet/hpexe_link HTTP/1.1" 200 953
190.171.152.138 - - [19/Dec/2024:08:48:30 -0300] "GET /cormun/servlet/hhome HTTP/1.1" 200 4319
190.171.152.138 - - [19/Dec/2024:08:48:31 -0300] "GET /cormun/static/hhome.js?20201215495544 HTTP/1.1" 200 777
190.171.152.138 - - [19/Dec/2024:08:48:31 -0300] "GET /cormun/static/gxcfg.js?20201215495537 HTTP/1.1" 200 953
190.171.152.138 - - [19/Dec/2024:08:48:35 -0300] "GET /cormun/servlet/trautorizarpermisogoce? HTTP/1.1" 200 8502
190.171.152.138 - - [19/Dec/2024:08:48:44 -0300] "POST /cormun/servlet/trautorizarpermisogoce?66a33043ec18b87ba954788669ab0d21,,gx-no-cache=1734608938617 HTTP/1.1" 200 5529
190.171.152.138 - - [19/Dec/2024:08:48:44 -0300] "GET /cormun/static/Shared/jqueryui/images/ui-bg_highlight-soft_100_c6c2c8_1x100.png HTTP/1.1" 404 1117
190.171.152.138 - - [19/Dec/2024:08:48:44 -0300] "GET /cormun/static/Shared/jqueryui/images/ui-bg_flat_55_fafafa_40x100.png HTTP/1.1" 404 1097
190.171.152.138 - - [19/Dec/2024:08:48:44 -0300] "GET /cormun/static/Shared/jqueryui/images/ui-icons_8d78a5_256x240.png HTTP/1.1" 404 1089
190.171.152.138 - - [19/Dec/2024:08:48:44 -0300] "GET /cormun/static/Shared/jqueryui/images/ui-icons_82798d_256x240.png HTTP/1.1" 404 1089
190.171.141.114 - - [19/Dec/2024:08:48:45 -0300] "POST /cormun/servlet/permisosadjuntos?1b306ee0db04cd254a3b4c0730b658c1,INS,15123859,P,20241217094337,,,gx-no-cache=1734608938166 HTTP/1.1" 200 93
190.171.141.114 - - [19/Dec/2024:08:48:45 -0300] "GET /cormun/servlet/hpexe_return? HTTP/1.1" 200 1036
190.171.141.114 - - [19/Dec/2024:08:48:45 -0300] "GET /cormun/servlet/trpermisosadjuntos?15123859,20241217094337,P, HTTP/1.1" 200 6330
190.171.141.114 - - [19/Dec/2024:08:48:48 -0300] "POST /cormun/servlet/trpermisosadjuntos?1b306ee0db04cd254a3b4c0730b658c1,15123859,20241217094337,P,,gx-no-cache=1734608941732 HTTP/1.1" 200 90
190.171.141.114 - - [19/Dec/2024:08:48:48 -0300] "GET /cormun/servlet/hpexe_link HTTP/1.1" 200 1004
190.171.141.114 - - [19/Dec/2024:08:48:49 -0300] "GET /cormun/servlet/trpermisosgoce?gx-no-cache=1734608876578 HTTP/1.1" 200 15763
181.212.40.185 - - [19/Dec/2024:08:48:50 -0300] "GET /cormun/servlet/trpermisosadjuntos?11888933,20241219084822,P, HTTP/1.1" 200 6574
181.212.40.185 - - [19/Dec/2024:08:48:52 -0300] "GET /cormun/servlet/permisosadjuntos?INS,11888933,P,20241219084822,, HTTP/1.1" 200 5876
181.212.40.185 - - [19/Dec/2024:08:48:52 -0300] "GET /cormun/static/about:blank HTTP/1.1" 404 1011
190.171.141.114 - - [19/Dec/2024:08:48:55 -0300] "GET /cormun/servlet/trpermisosadjuntos?19261823,20241216170630,P, HTTP/1.1" 200 6341
190.171.152.138 - - [19/Dec/2024:08:48:55 -0300] "POST /cormun/servlet/trautorizarpermisogoce?66a33043ec18b87ba954788669ab0d21,,gx-no-cache=1734608950519 HTTP/1.1" 200 5261
190.171.141.114 - - [19/Dec/2024:08:48:57 -0300] "GET /cormun/servlet/permisosadjuntos?INS,19261823,P,20241216170630,, HTTP/1.1" 200 5640
190.171.141.114 - - [19/Dec/2024:08:48:57 -0300] "GET /cormun/static/about:blank HTTP/1.1" 404 1011
190.171.152.138 - - [19/Dec/2024:08:49:06 -0300] "POST /cormun/servlet/trautorizarpermisogoce?66a33043ec18b87ba954788669ab0d21,,gx-no-cache=1734608960694 HTTP/1.1" 200 4513
181.212.40.185 - - [19/Dec/2024:08:49:12 -0300] "POST /cormun/servlet/permisosadjuntos?edb628784a30207762d5d73edc6f4e0f,INS,11888933,P,20241219084822,, HTTP/1.1" 200 116
181.212.40.185 - - [19/Dec/2024:08:49:12 -0300] "GET /cormun/servlet/hpexe_return? HTTP/1.1" 200 1038
181.212.40.185 - - [19/Dec/2024:08:49:12 -0300] "GET /cormun/servlet/trpermisosadjuntos?11888933,20241219084822,P, HTTP/1.1" 200 7085
181.212.40.185 - - [19/Dec/2024:08:49:16 -0300] "POST /cormun/servlet/trpermisosadjuntos?edb628784a30207762d5d73edc6f4e0f,11888933,20241219084822,P,,gx-no-cache=1734608970491 HTTP/1.1" 200 90
181.212.40.185 - - [19/Dec/2024:08:49:16 -0300] "GET /cormun/servlet/hpexe_link HTTP/1.1" 200 1006
190.171.152.138 - - [19/Dec/2024:08:49:17 -0300] "GET /cormun/servlet/hlogin HTTP/1.1" 200 1745
181.212.40.185 - - [19/Dec/2024:08:49:17 -0300] "GET /cormun/servlet/trpermisosgoce?gx-no-cache=1734608122424 HTTP/1.1" 200 18207
181.212.40.185 - - [19/Dec/2024:08:49:20 -0300] "POST /cormun/servlet/trpermisosgoce?edb628784a30207762d5d73edc6f4e0f,gx-no-cache=1734608122424,gx-no-cache=1734608974040 HTTP/1.1" 200 15513
181.212.40.185 - - [19/Dec/2024:08:49:23 -0300] "GET /cormun/servlet/permisogoce?INS,0,,, HTTP/1.1" 200 7138
190.171.152.138 - - [19/Dec/2024:08:49:28 -0300] "POST /cormun/servlet/hlogin?66a33043ec18b87ba954788669ab0d21,gx-no-cache=1734608983093 HTTP/1.1" 200 90
190.171.152.138 - - [19/Dec/2024:08:49:28 -0300] "GET /cormun/servlet/hpexe_link HTTP/1.1" 200 953
190.171.152.138 - - [19/Dec/2024:08:49:28 -0300] "GET /cormun/servlet/hhome HTTP/1.1" 200 3872
181.212.40.185 - - [19/Dec/2024:08:49:29 -0300] "GET /cormun/servlet/permisogoce?2a1e55d8c930736388fb6808b0edec0b5d904eae2357e6eb52b2b90ceb573c399ad17f36ff0d3f2ca7a46b3a8b3b8e8d7a858a4e3eb388eda5d85b43f5bbbd65,gx-no-cache=1734608983245 HTTP/1.1" 200 86
181.212.40.185 - - [19/Dec/2024:08:49:35 -0300] "GET /cormun/servlet/permisogoce?2a1e55d8c930736388fb6808b0edec0b94994f36b02de033bccb2aa677b9e121fbd1c1aa7a03aac802f341b905eb6907c109f2179c4dd372832ced4add10ba7c,gx-no-cache=1734608989637 HTTP/1.1" 200 48
181.212.40.185 - - [19/Dec/2024:08:49:38 -0300] "POST /cormun/servlet/permisogoce?edb628784a30207762d5d73edc6f4e0f,INS,0,,,,gx-no-cache=1734608992012 HTTP/1.1" 200 93
181.212.40.185 - - [19/Dec/2024:08:49:38 -0300] "GET /cormun/servlet/hpexe_return? HTTP/1.1" 200 1032
181.212.40.185 - - [19/Dec/2024:08:49:38 -0300] "GET /cormun/servlet/trpermisosgoce?gx-no-cache=1734608122424 HTTP/1.1" 200 18219
181.212.40.185 - - [19/Dec/2024:08:49:40 -0300] "GET /cormun/servlet/trpermisosadjuntos?11888933,20241219084943,P, HTTP/1.1" 200 6573
190.171.152.138 - - [19/Dec/2024:08:49:41 -0300] "GET /cormun/servlet/trpermisosgoce? HTTP/1.1" 200 17681
181.212.40.185 - - [19/Dec/2024:08:49:42 -0300] "GET /cormun/servlet/permisosadjuntos?INS,11888933,P,20241219084943,, HTTP/1.1" 200 5876
181.212.40.185 - - [19/Dec/2024:08:49:42 -0300] "GET /cormun/static/about:blank HTTP/1.1" 404 1011
190.171.152.138 - - [19/Dec/2024:08:49:49 -0300] "GET /cormun/servlet/hlogin HTTP/1.1" 200 1740
181.212.40.185 - - [19/Dec/2024:08:49:54 -0300] "POST /cormun/servlet/permisosadjuntos?edb628784a30207762d5d73edc6f4e0f,INS,11888933,P,20241219084943,, HTTP/1.1" 200 116
181.212.40.185 - - [19/Dec/2024:08:49:55 -0300] "GET /cormun/servlet/hpexe_return? HTTP/1.1" 200 1039
181.212.40.185 - - [19/Dec/2024:08:49:55 -0300] "GET /cormun/servlet/trpermisosadjuntos?11888933,20241219084943,P, HTTP/1.1" 200 7087
181.212.40.185 - - [19/Dec/2024:08:49:56 -0300] "POST /cormun/servlet/trpermisosadjuntos?edb628784a30207762d5d73edc6f4e0f,11888933,20241219084943,P,,gx-no-cache=1734609010476 HTTP/1.1" 200 90
181.212.40.185 - - [19/Dec/2024:08:49:56 -0300] "GET /cormun/servlet/hpexe_link HTTP/1.1" 200 1005
181.212.40.185 - - [19/Dec/2024:08:49:57 -0300] "GET /cormun/servlet/trpermisosgoce?gx-no-cache=1734608122424 HTTP/1.1" 200 18168
181.212.40.185 - - [19/Dec/2024:08:49:59 -0300] "POST /cormun/servlet/trpermisosgoce?edb628784a30207762d5d73edc6f4e0f,gx-no-cache=1734608122424,gx-no-cache=1734609012862 HTTP/1.1" 200 15488
181.212.40.185 - - [19/Dec/2024:08:50:28 -0300] "GET /cormun/servlet/permisogoce?INS,0,,, HTTP/1.1" 200 7138
190.171.141.114 - - [19/Dec/2024:08:51:54 -0300] "GET /cormun/servlet/hlogin HTTP/1.1" 200 1717
190.171.141.114 - - [19/Dec/2024:08:51:57 -0300] "POST /cormun/servlet/hlogin?1b306ee0db04cd254a3b4c0730b658c1,gx-no-cache=1734609130403 HTTP/1.1" 200 90
190.171.141.114 - - [19/Dec/2024:08:51:57 -0300] "GET /cormun/servlet/hpexe_link HTTP/1.1" 200 986
190.171.141.114 - - [19/Dec/2024:08:51:57 -0300] "GET /cormun/servlet/permisosadjuntos?INS,19261823,P,20241216170630,, HTTP/1.1" 200 5631
190.171.141.114 - - [19/Dec/2024:08:51:57 -0300] "GET /cormun/static/about:blank HTTP/1.1" 404 1011
190.171.141.114 - - [19/Dec/2024:08:52:02 -0300] "POST /cormun/servlet/permisosadjuntos?1b306ee0db04cd254a3b4c0730b658c1,INS,19261823,P,20241216170630,,,gx-no-cache=1734609135917 HTTP/1.1" 200 93
190.171.141.114 - - [19/Dec/2024:08:52:02 -0300] "GET /cormun/servlet/hpexe_return? HTTP/1.1" 200 1037
190.171.141.114 - - [19/Dec/2024:08:52:03 -0300] "GET /cormun/servlet/trpermisosadjuntos?19261823,20241216170630,P, HTTP/1.1" 200 6323
190.171.141.114 - - [19/Dec/2024:08:52:05 -0300] "POST /cormun/servlet/trpermisosadjuntos?1b306ee0db04cd254a3b4c0730b658c1,19261823,20241216170630,P,,gx-no-cache=1734609138347 HTTP/1.1" 200 90
190.171.141.114 - - [19/Dec/2024:08:52:05 -0300] "GET /cormun/servlet/hpexe_link HTTP/1.1" 200 1004
190.171.141.114 - - [19/Dec/2024:08:52:05 -0300] "GET /cormun/servlet/trpermisosgoce?gx-no-cache=1734608876578 HTTP/1.1" 200 15763
190.171.141.114 - - [19/Dec/2024:08:52:11 -0300] "GET /cormun/servlet/trpermisosadjuntos?15122762,20241211170326,P, HTTP/1.1" 200 6344
190.171.141.114 - - [19/Dec/2024:08:52:13 -0300] "GET /cormun/servlet/permisosadjuntos?INS,15122762,P,20241211170326,, HTTP/1.1" 200 5642
190.171.141.114 - - [19/Dec/2024:08:52:13 -0300] "GET /cormun/static/about:blank HTTP/1.1" 404 1011
190.171.141.114 - - [19/Dec/2024:08:52:25 -0300] "POST /cormun/servlet/permisosadjuntos?1b306ee0db04cd254a3b4c0730b658c1,INS,15122762,P,20241211170326,, HTTP/1.1" 200 116
190.171.141.114 - - [19/Dec/2024:08:52:25 -0300] "GET /cormun/servlet/hpexe_return? HTTP/1.1" 200 1035
190.171.141.114 - - [19/Dec/2024:08:52:25 -0300] "GET /cormun/servlet/trpermisosadjuntos?15122762,20241211170326,P, HTTP/1.1" 200 6811
190.171.141.114 - - [19/Dec/2024:08:52:42 -0300] "POST /cormun/servlet/trpermisosadjuntos?1b306ee0db04cd254a3b4c0730b658c1,15122762,20241211170326,P,,gx-no-cache=1734609174996 HTTP/1.1" 200 90
190.171.141.114 - - [19/Dec/2024:08:52:42 -0300] "GET /cormun/servlet/hpexe_link HTTP/1.1" 200 1003
190.171.141.114 - - [19/Dec/2024:08:52:42 -0300] "GET /cormun/servlet/trpermisosgoce?gx-no-cache=1734608876578 HTTP/1.1" 200 15763
190.171.141.114 - - [19/Dec/2024:08:52:58 -0300] "POST /cormun/servlet/trpermisosgoce?1b306ee0db04cd254a3b4c0730b658c1,gx-no-cache=1734608876578,gx-no-cache=1734609191198 HTTP/1.1" 200 13092
190.171.141.114 - - [19/Dec/2024:08:52:58 -0300] "GET /cormun/static/Shared/jqueryui/images/ui-bg_highlight-soft_100_c6c2c8_1x100.png HTTP/1.1" 404 1117
190.171.141.114 - - [19/Dec/2024:08:52:58 -0300] "GET /cormun/static/Shared/jqueryui/images/ui-icons_82798d_256x240.png HTTP/1.1" 404 1089
190.171.141.114 - - [19/Dec/2024:08:52:58 -0300] "GET /cormun/static/Shared/jqueryui/images/ui-bg_flat_55_fafafa_40x100.png HTTP/1.1" 404 1097
190.171.141.114 - - [19/Dec/2024:08:52:58 -0300] "GET /cormun/static/Shared/jqueryui/images/ui-icons_8d78a5_256x240.png HTTP/1.1" 404 1089
190.171.141.114 - - [19/Dec/2024:08:53:03 -0300] "POST /cormun/servlet/trpermisosgoce?1b306ee0db04cd254a3b4c0730b658c1,gx-no-cache=1734608876578,gx-no-cache=1734609196637 HTTP/1.1" 200 13076
190.171.141.114 - - [19/Dec/2024:08:53:06 -0300] "GET /cormun/servlet/trpermisosadjuntos?8510071,20241211110547,P, HTTP/1.1" 200 6348
181.212.40.185 - - [19/Dec/2024:08:55:42 -0300] "GET /cormun/servlet/permisogoce?2a1e55d8c930736388fb6808b0edec0bd67a1a2193ebd791dc2a4c4df2595ad89ad17f36ff0d3f2ca7a46b3a8b3b8e8d7a858a4e3eb388eda5d85b43f5bbbd65,gx-no-cache=1734609355894 HTTP/1.1" 200 79
190.171.141.114 - - [19/Dec/2024:08:56:16 -0300] "GET /cormun/servlet/permisosadjuntos?INS,8510071,P,20241211110547,, HTTP/1.1" 200 5648
190.171.141.114 - - [19/Dec/2024:08:56:17 -0300] "GET /cormun/static/about:blank HTTP/1.1" 404 1011
190.171.141.114 - - [19/Dec/2024:08:56:32 -0300] "POST /cormun/servlet/permisosadjuntos?1b306ee0db04cd254a3b4c0730b658c1,INS,8510071,P,20241211110547,, HTTP/1.1" 200 116
190.171.141.114 - - [19/Dec/2024:08:56:32 -0300] "GET /cormun/servlet/hpexe_return? HTTP/1.1" 200 1033
190.171.141.114 - - [19/Dec/2024:08:56:32 -0300] "GET /cormun/servlet/trpermisosadjuntos?8510071,20241211110547,P, HTTP/1.1" 200 6813
190.171.141.114 - - [19/Dec/2024:08:56:35 -0300] "POST /cormun/servlet/trpermisosadjuntos?1b306ee0db04cd254a3b4c0730b658c1,8510071,20241211110547,P,,gx-no-cache=1734609407978 HTTP/1.1" 200 90
190.171.141.114 - - [19/Dec/2024:08:56:35 -0300] "GET /cormun/servlet/hpexe_link HTTP/1.1" 200 1001
190.171.141.114 - - [19/Dec/2024:08:56:35 -0300] "GET /cormun/servlet/trpermisosgoce?gx-no-cache=1734608876578 HTTP/1.1" 200 15767
190.171.141.114 - - [19/Dec/2024:08:56:38 -0300] "POST /cormun/servlet/trpermisosgoce?1b306ee0db04cd254a3b4c0730b658c1,gx-no-cache=1734608876578,gx-no-cache=1734609411653 HTTP/1.1" 200 13066
190.171.141.114 - - [19/Dec/2024:08:57:00 -0300] "GET /cormun/servlet/trpermisosadjuntos?15992723,20241211125456,P, HTTP/1.1" 200 6340
190.171.141.114 - - [19/Dec/2024:08:57:02 -0300] "GET /cormun/servlet/permisosadjuntos?INS,15992723,P,20241211125456,, HTTP/1.1" 200 5640
190.171.141.114 - - [19/Dec/2024:08:57:02 -0300] "GET /cormun/static/about:blank HTTP/1.1" 404 1011
181.212.40.185 - - [19/Dec/2024:08:59:08 -0300] "GET /cormun/servlet/permisogoce?2a1e55d8c930736388fb6808b0edec0ba33b26542f5b5c4e5bf62b57139aff703ec1078646d364a04fdbb438e12e69e7c109f2179c4dd372832ced4add10ba7c,gx-no-cache=1734609561901 HTTP/1.1" 200 48
181.212.40.185 - - [19/Dec/2024:08:59:12 -0300] "POST /cormun/servlet/permisogoce?edb628784a30207762d5d73edc6f4e0f,INS,0,,,,gx-no-cache=1734609565694 HTTP/1.1" 200 93
181.212.40.185 - - [19/Dec/2024:08:59:12 -0300] "GET /cormun/servlet/hpexe_return? HTTP/1.1" 200 1032
181.212.40.185 - - [19/Dec/2024:08:59:12 -0300] "GET /cormun/servlet/trpermisosgoce?gx-no-cache=1734608122424 HTTP/1.1" 200 18165
181.212.40.185 - - [19/Dec/2024:08:59:18 -0300] "GET /cormun/servlet/trpermisosadjuntos?16255371,20241219085049,P, HTTP/1.1" 200 6569
181.212.40.185 - - [19/Dec/2024:08:59:20 -0300] "GET /cormun/servlet/permisosadjuntos?INS,16255371,P,20241219085049,, HTTP/1.1" 200 5869
181.212.40.185 - - [19/Dec/2024:08:59:20 -0300] "GET /cormun/static/about:blank HTTP/1.1" 404 1011
190.171.141.114 - - [19/Dec/2024:08:59:27 -0300] "POST /cormun/servlet/permisosadjuntos?1b306ee0db04cd254a3b4c0730b658c1,INS,15992723,P,20241211125456,, HTTP/1.1" 200 116
190.171.141.114 - - [19/Dec/2024:08:59:28 -0300] "GET /cormun/servlet/hpexe_return? HTTP/1.1" 200 1037
190.171.141.114 - - [19/Dec/2024:08:59:28 -0300] "GET /cormun/servlet/trpermisosadjuntos?15992723,20241211125456,P, HTTP/1.1" 200 6808
190.171.141.114 - - [19/Dec/2024:08:59:32 -0300] "POST /cormun/servlet/trpermisosadjuntos?1b306ee0db04cd254a3b4c0730b658c1,15992723,20241211125456,P,,gx-no-cache=1734609585140 HTTP/1.1" 200 90
190.171.141.114 - - [19/Dec/2024:08:59:32 -0300] "GET /cormun/servlet/hpexe_link HTTP/1.1" 200 1004
190.171.141.114 - - [19/Dec/2024:08:59:32 -0300] "GET /cormun/servlet/trpermisosgoce?gx-no-cache=1734608876578 HTTP/1.1" 200 15765
190.171.141.114 - - [19/Dec/2024:08:59:36 -0300] "POST /cormun/servlet/trpermisosgoce?1b306ee0db04cd254a3b4c0730b658c1,gx-no-cache=1734608876578,gx-no-cache=1734609589678 HTTP/1.1" 200 13056
190.171.141.114 - - [19/Dec/2024:08:59:43 -0300] "GET /cormun/servlet/trpermisosadjuntos?16302014,20241213085349,P, HTTP/1.1" 200 6342
190.171.141.114 - - [19/Dec/2024:08:59:47 -0300] "GET /cormun/servlet/permisosadjuntos?INS,16302014,P,20241213085349,, HTTP/1.1" 200 5640
190.171.141.114 - - [19/Dec/2024:08:59:47 -0300] "GET /cormun/static/about:blank HTTP/1.1" 404 1011
190.171.141.114 - - [19/Dec/2024:09:00:11 -0300] "POST /cormun/servlet/permisosadjuntos?1b306ee0db04cd254a3b4c0730b658c1,INS,16302014,P,20241213085349,,,gx-no-cache=1734609624401 HTTP/1.1" 200 93
190.171.141.114 - - [19/Dec/2024:09:00:11 -0300] "GET /cormun/servlet/hpexe_return? HTTP/1.1" 200 1037
190.171.141.114 - - [19/Dec/2024:09:00:11 -0300] "GET /cormun/servlet/trpermisosadjuntos?16302014,20241213085349,P, HTTP/1.1" 200 6325
190.171.141.114 - - [19/Dec/2024:09:00:14 -0300] "POST /cormun/servlet/trpermisosadjuntos?1b306ee0db04cd254a3b4c0730b658c1,16302014,20241213085349,P,,gx-no-cache=1734609627763 HTTP/1.1" 200 90
190.171.141.114 - - [19/Dec/2024:09:00:14 -0300] "GET /cormun/servlet/hpexe_link HTTP/1.1" 200 1004
190.171.141.114 - - [19/Dec/2024:09:00:14 -0300] "GET /cormun/servlet/trpermisosgoce?gx-no-cache=1734608876578 HTTP/1.1" 200 15750
181.212.40.185 - - [19/Dec/2024:09:01:25 -0300] "POST /cormun/servlet/permisosadjuntos?edb628784a30207762d5d73edc6f4e0f,INS,16255371,P,20241219085049,, HTTP/1.1" 200 116
181.212.40.185 - - [19/Dec/2024:09:01:25 -0300] "GET /cormun/servlet/hpexe_return? HTTP/1.1" 200 1037
181.212.40.185 - - [19/Dec/2024:09:01:25 -0300] "GET /cormun/servlet/trpermisosadjuntos?16255371,20241219085049,P, HTTP/1.1" 200 7082
190.171.149.90 - - [19/Dec/2024:09:01:39 -0300] "GET /cormun/servlet/trlicencias? HTTP/1.1" 200 6043
190.171.149.90 - - [19/Dec/2024:09:01:39 -0300] "GET /cormun/servlet/hlogin HTTP/1.1" 200 1736
181.212.40.185 - - [19/Dec/2024:09:01:42 -0300] "POST /cormun/servlet/trpermisosadjuntos?edb628784a30207762d5d73edc6f4e0f,16255371,20241219085049,P,,gx-no-cache=1734609716603 HTTP/1.1" 200 90
181.212.40.185 - - [19/Dec/2024:09:01:42 -0300] "GET /cormun/servlet/hpexe_link HTTP/1.1" 200 1006
181.212.40.185 - - [19/Dec/2024:09:01:43 -0300] "GET /cormun/servlet/trpermisosgoce?gx-no-cache=1734608122424 HTTP/1.1" 200 18167
181.212.40.185 - - [19/Dec/2024:09:01:45 -0300] "POST /cormun/servlet/trpermisosgoce?edb628784a30207762d5d73edc6f4e0f,gx-no-cache=1734608122424,gx-no-cache=1734609718358 HTTP/1.1" 200 15476
190.171.149.90 - - [19/Dec/2024:09:01:51 -0300] "POST /cormun/servlet/hlogin?3e46ffab07622bad36777654d6932446,gx-no-cache=1734609334219 HTTP/1.1" 200 448
190.171.149.90 - - [19/Dec/2024:09:01:57 -0300] "POST /cormun/servlet/hlogin?3e46ffab07622bad36777654d6932446,gx-no-cache=1734609339553 HTTP/1.1" 200 90
190.171.149.90 - - [19/Dec/2024:09:01:57 -0300] "GET /cormun/servlet/hpexe_link HTTP/1.1" 200 953
190.171.149.90 - - [19/Dec/2024:09:01:57 -0300] "GET /cormun/servlet/trlicencias HTTP/1.1" 200 10243
190.171.149.82 - - [19/Dec/2024:09:03:10 -0300] "GET /cormun/servlet/hlogin HTTP/1.1" 200 1721
190.171.149.82 - - [19/Dec/2024:09:03:13 -0300] "POST /cormun/servlet/hlogin?22773d4f1e5f28ae4f6ffd3f233eb892,gx-no-cache=1734609806739 HTTP/1.1" 200 90
190.171.149.82 - - [19/Dec/2024:09:03:13 -0300] "GET /cormun/servlet/hpexe_link HTTP/1.1" 200 950
190.171.149.82 - - [19/Dec/2024:09:03:13 -0300] "GET /cormun/servlet/hhome HTTP/1.1" 200 3934
181.212.40.185 - - [19/Dec/2024:09:03:14 -0300] "GET /cormun/servlet/trautorizarpermisogoce? HTTP/1.1" 200 9005
190.171.149.82 - - [19/Dec/2024:09:03:15 -0300] "GET /cormun/servlet/trlicencias? HTTP/1.1" 200 9900
181.212.40.185 - - [19/Dec/2024:09:03:16 -0300] "POST /cormun/servlet/trautorizarpermisogoce?edb628784a30207762d5d73edc6f4e0f,,gx-no-cache=1734609810228 HTTP/1.1" 200 6157
181.212.40.185 - - [19/Dec/2024:09:03:17 -0300] "POST /cormun/servlet/trautorizarpermisogoce?edb628784a30207762d5d73edc6f4e0f,,gx-no-cache=1734609811170 HTTP/1.1" 200 4560
190.171.149.74 - - [19/Dec/2024:09:04:50 -0300] "GET /cormun/servlet/trpermisosgoce? HTTP/1.1" 200 6026
190.171.149.74 - - [19/Dec/2024:09:04:50 -0300] "GET /cormun/servlet/hlogin HTTP/1.1" 200 1739
190.171.149.74 - - [19/Dec/2024:09:04:55 -0300] "POST /cormun/servlet/hlogin?f7c9b3d7c8b1171aa2ba7efb1263099d,gx-no-cache=1734609908501 HTTP/1.1" 200 90
190.171.149.74 - - [19/Dec/2024:09:04:56 -0300] "GET /cormun/servlet/hpexe_link HTTP/1.1" 200 954
190.171.149.74 - - [19/Dec/2024:09:04:56 -0300] "GET /cormun/servlet/trpermisosgoce HTTP/1.1" 200 18342
190.171.149.74 - - [19/Dec/2024:09:04:58 -0300] "GET /cormun/servlet/permisogoce?INS,0,,, HTTP/1.1" 200 6844
190.171.149.74 - - [19/Dec/2024:09:05:04 -0300] "GET /cormun/servlet/permisogoce?daeae5d92e341ac61da1628375bd61e64e8c50e551ef5e9cb234dc31df94e03a0d9f7c2744bd33f7afc990cc7eda4567aa104f62c11ef1879bcff1e2889ba135,gx-no-cache=1734609917366 HTTP/1.1" 200 85
190.171.149.74 - - [19/Dec/2024:09:05:07 -0300] "GET /cormun/static/menuarrow.gif HTTP/1.1" 404 1015
190.171.149.74 - - [19/Dec/2024:09:05:11 -0300] "GET /cormun/servlet/permisogoce?daeae5d92e341ac61da1628375bd61e67b038e5f714ca041a2047a081aadf8b3823c6d25939559f9aee7312b16d0733883d04a4d29782c5af3b7f27cce14cf32,gx-no-cache=1734609924211 HTTP/1.1" 200 48
190.171.149.74 - - [19/Dec/2024:09:05:13 -0300] "POST /cormun/servlet/permisogoce?f7c9b3d7c8b1171aa2ba7efb1263099d,INS,0,,,,gx-no-cache=1734609925894 HTTP/1.1" 200 93
190.171.149.74 - - [19/Dec/2024:09:05:13 -0300] "GET /cormun/servlet/hpexe_return? HTTP/1.1" 200 1007
190.171.149.74 - - [19/Dec/2024:09:05:13 -0300] "GET /cormun/servlet/trpermisosgoce HTTP/1.1" 200 18347
190.171.149.74 - - [19/Dec/2024:09:05:16 -0300] "GET /cormun/servlet/apermisogoceprn?9638570,P,20241219090519,PU HTTP/1.1" 200 1661
190.171.142.42 - - [19/Dec/2024:09:06:28 -0300] "GET /cormun/servlet/hlogin HTTP/1.1" 200 1711
190.171.142.42 - - [19/Dec/2024:09:06:28 -0300] "GET /cormun/servlet/hlogin HTTP/1.1" 200 1722
190.171.142.42 - - [19/Dec/2024:09:06:36 -0300] "POST /cormun/servlet/hlogin?1125f2ffb70c4fb92bd13504d887e32c,gx-no-cache=1734610010576 HTTP/1.1" 200 90
190.171.142.42 - - [19/Dec/2024:09:06:36 -0300] "GET /cormun/servlet/hpexe_link HTTP/1.1" 200 941
190.171.142.42 - - [19/Dec/2024:09:06:36 -0300] "GET /cormun/servlet/hhome HTTP/1.1" 200 3930
190.171.142.42 - - [19/Dec/2024:09:06:39 -0300] "GET /cormun/servlet/trlicencias? HTTP/1.1" 200 14629
190.171.149.74 - - [19/Dec/2024:09:11:27 -0300] "GET /cormun/servlet/permisogoce?INS,0,,, HTTP/1.1" 200 6844
190.171.149.74 - - [19/Dec/2024:09:11:39 -0300] "GET /cormun/servlet/permisogoce?daeae5d92e341ac61da1628375bd61e6d16ba36304558e0f67e3c0c4ba18930b0d9f7c2744bd33f7afc990cc7eda4567aa104f62c11ef1879bcff1e2889ba135,gx-no-cache=1734610312178 HTTP/1.1" 200 86
190.171.149.74 - - [19/Dec/2024:09:11:41 -0300] "GET /cormun/static/menuarrow.gif HTTP/1.1" 404 1015
190.171.149.74 - - [19/Dec/2024:09:11:45 -0300] "GET /cormun/servlet/permisogoce?daeae5d92e341ac61da1628375bd61e616f3be16303bf9334ff6d49b79ab3fe106ff9bd6b643c78c8a3cf582f7dc402e83d04a4d29782c5af3b7f27cce14cf32,gx-no-cache=1734610318491 HTTP/1.1" 200 49
190.171.149.74 - - [19/Dec/2024:09:11:53 -0300] "GET /cormun/servlet/permisogoce?daeae5d92e341ac61da1628375bd61e616f3be16303bf9334ff6d49b79ab3fe1f54cbdcd732ea8c425b9c625c55725415bdbfb8eb52c51f32f2a51aab2297798ec95feafabbe25e25c39fdb35a9be516,gx-no-cache=1734610326121 HTTP/1.1" 200 49
190.171.149.74 - - [19/Dec/2024:09:11:56 -0300] "POST /cormun/servlet/permisogoce?f7c9b3d7c8b1171aa2ba7efb1263099d,INS,0,,,,gx-no-cache=1734610328750 HTTP/1.1" 200 93
190.171.149.74 - - [19/Dec/2024:09:11:56 -0300] "GET /cormun/servlet/hpexe_return? HTTP/1.1" 200 1007
190.171.149.74 - - [19/Dec/2024:09:11:56 -0300] "GET /cormun/servlet/trpermisosgoce HTTP/1.1" 200 18332
190.171.149.74 - - [19/Dec/2024:09:12:00 -0300] "GET /cormun/servlet/apermisogoceprn?9882379,P,20241219091148,PU HTTP/1.1" 200 1658
190.171.143.82 - - [19/Dec/2024:09:12:11 -0300] "POST /cormun/servlet/permisogoce?ec322ed1799a4492ce17fd23aab81b0b,INS,0,,,,gx-no-cache=1734610347309 HTTP/1.1" 440 972
190.171.149.90 - - [19/Dec/2024:09:13:21 -0300] "GET /cormun/servlet/trlicencias? HTTP/1.1" 200 10241
190.171.149.90 - - [19/Dec/2024:09:13:27 -0300] "GET /cormun/servlet/trpermisosgoce? HTTP/1.1" 200 17084
190.171.149.90 - - [19/Dec/2024:09:13:59 -0300] "GET /cormun/servlet/trlicencias? HTTP/1.1" 200 10240
190.171.149.90 - - [19/Dec/2024:09:16:25 -0300] "GET /cormun/servlet/trpermisosgoce? HTTP/1.1" 200 17078
190.171.149.90 - - [19/Dec/2024:09:16:28 -0300] "GET /cormun/servlet/permisogoce?INS,0,,, HTTP/1.1" 200 6724
190.171.141.106 - - [19/Dec/2024:09:17:37 -0300] "GET /cormun/servlet/trlicencias? HTTP/1.1" 200 6042
190.171.141.106 - - [19/Dec/2024:09:17:37 -0300] "GET /cormun/servlet/hlogin HTTP/1.1" 200 1732
190.171.141.106 - - [19/Dec/2024:09:17:40 -0300] "POST /cormun/servlet/hlogin?6f1bfaccbee86c262caaf5944741f5a1,gx-no-cache=1734610674096 HTTP/1.1" 200 90
190.171.141.106 - - [19/Dec/2024:09:17:40 -0300] "GET /cormun/servlet/hpexe_link HTTP/1.1" 200 951
190.171.141.106 - - [19/Dec/2024:09:17:40 -0300] "GET /cormun/servlet/trlicencias HTTP/1.1" 200 13674
190.171.149.90 - - [19/Dec/2024:09:18:57 -0300] "GET /cormun/servlet/permisogoce?d69c1d02e0952c7f56efd4125ec2579df42015d6c176912c2f015c47f7fa2b4ac4f7ed2e56042c73f930fc65585a20c8f28c7f4fd826aca521d716b15914d71e,gx-no-cache=1734610360053 HTTP/1.1" 200 83
190.171.149.90 - - [19/Dec/2024:09:19:37 -0300] "GET /cormun/servlet/permisogoce?d69c1d02e0952c7f56efd4125ec2579da119e7af0bafcfe8d40b2144733d008afa21ed49e6294e67b0cc88ee2bc2ccb09738255b881a737fd480bd6338c566412823ff5bedacb62a2ebae940551387b9ee03f686baa1be62ae2327e6714fa624ce096d88c33214986a693e96b706a5e9,gx-no-cache=1734610399442 HTTP/1.1" 200 80
190.171.149.90 - - [19/Dec/2024:09:19:57 -0300] "GET /cormun/servlet/permisogoce?d69c1d02e0952c7f56efd4125ec2579d21c8c723c14a6d2e2a4d9681e3a54b7822e614923a5dbe0cd61ea9d6e5ca702ec827d3aef46f38821db8d380cbf55060e3e1fd591b5e9f07a22a12684ce1cde9e5741ec57a3c0ac664c61bbe7a371ca984117e298da678e9767453d8a9e87b01,gx-no-cache=1734610419850 HTTP/1.1" 200 81
190.171.149.90 - - [19/Dec/2024:09:20:18 -0300] "GET /cormun/servlet/permisogoce?d69c1d02e0952c7f56efd4125ec2579dbf66bbedfa3fd99be96368571cdd8566d5ba8adaeb4b564c8ae3ffc845ad790abeb5edaee5018a4173e84cb70c1b06bb2a1cad1ef5369fb6d06e0df30c9c6443f68a73c6c7fe73ad9734c9cde0a2e67c38c05f22beda1e0425733e78fab186f0,gx-no-cache=1734610440451 HTTP/1.1" 200 80
190.171.143.82 - - [19/Dec/2024:09:20:34 -0300] "GET /cormun/servlet/trpermisosgoce? HTTP/1.1" 200 6029
190.171.143.82 - - [19/Dec/2024:09:20:35 -0300] "GET /cormun/servlet/hlogin HTTP/1.1" 200 1744
190.171.149.90 - - [19/Dec/2024:09:20:37 -0300] "GET /cormun/servlet/permisogoce?d69c1d02e0952c7f56efd4125ec2579db81938c15c365b23b2b30a7d38df8339205db9dd90e146a305d026d93ffb3c69acbf4226001924645a728c3efab180515241727f5e0a54ac6a964577872717a67a922fbea78a9b91aa05fbd59343f457,gx-no-cache=1734610459363 HTTP/1.1" 200 226
190.171.149.90 - - [19/Dec/2024:09:20:37 -0300] "GET /cormun/static/Shared/jqueryui/images/ui-bg_highlight-soft_100_c6c2c8_1x100.png HTTP/1.1" 404 1117
190.171.149.90 - - [19/Dec/2024:09:20:37 -0300] "GET /cormun/static/Shared/jqueryui/images/ui-icons_82798d_256x240.png HTTP/1.1" 404 1089
190.171.149.90 - - [19/Dec/2024:09:20:37 -0300] "GET /cormun/static/Shared/jqueryui/images/ui-bg_flat_55_994d53_40x100.png HTTP/1.1" 404 1097
