190.171.149.90 - - [19/Dec/2024:09:20:37 -0300] "GET /cormun/static/Shared/jqueryui/images/ui-icons_ebccce_256x240.png HTTP/1.1" 404 1089
190.171.143.82 - - [19/Dec/2024:09:20:37 -0300] "POST /cormun/servlet/hlogin?9d88f084392c3de55e544924aa8b034a,gx-no-cache=1734610853535 HTTP/1.1" 200 90
190.171.143.82 - - [19/Dec/2024:09:20:37 -0300] "GET /cormun/servlet/hpexe_link HTTP/1.1" 200 959
190.171.143.82 - - [19/Dec/2024:09:20:38 -0300] "GET /cormun/servlet/trpermisosgoce HTTP/1.1" 200 18181
190.171.149.90 - - [19/Dec/2024:09:20:49 -0300] "GET /cormun/servlet/permisogoce?d69c1d02e0952c7f56efd4125ec2579db81938c15c365b23b2b30a7d38df8339205db9dd90e146a305d026d93ffb3c69acbf4226001924645a728c3efab180515241727f5e0a54ac6a964577872717a67a922fbea78a9b91aa05fbd59343f457,gx-no-cache=1734610471510 HTTP/1.1" 200 226
190.171.143.82 - - [19/Dec/2024:09:20:53 -0300] "GET /cormun/servlet/trpermisosadjuntos?17520834,20241216160855,P, HTTP/1.1" 200 6613
190.171.143.82 - - [19/Dec/2024:09:20:55 -0300] "GET /cormun/servlet/permisosadjuntos?INS,17520834,P,20241216160855,, HTTP/1.1" 200 5943
190.171.143.82 - - [19/Dec/2024:09:20:55 -0300] "GET /cormun/static/about:blank HTTP/1.1" 404 1011
190.171.149.90 - - [19/Dec/2024:09:21:02 -0300] "GET /cormun/servlet/permisogoce?d69c1d02e0952c7f56efd4125ec2579d1a9fa8d2fe52e1134d5a2960cacfc403205db9dd90e146a305d026d93ffb3c69acbf4226001924645a728c3efab180515241727f5e0a54ac6a964577872717a67a922fbea78a9b91aa05fbd59343f457,gx-no-cache=1734610484869 HTTP/1.1" 200 86
190.171.143.82 - - [19/Dec/2024:09:21:22 -0300] "POST /cormun/servlet/permisosadjuntos?9d88f084392c3de55e544924aa8b034a,INS,17520834,P,20241216160855,, HTTP/1.1" 200 116
190.171.143.82 - - [19/Dec/2024:09:21:23 -0300] "GET /cormun/servlet/hpexe_return? HTTP/1.1" 200 1040
190.171.143.82 - - [19/Dec/2024:09:21:23 -0300] "GET /cormun/servlet/trpermisosadjuntos?17520834,20241216160855,P, HTTP/1.1" 200 7139
190.171.143.82 - - [19/Dec/2024:09:21:26 -0300] "POST /cormun/servlet/trpermisosadjuntos?9d88f084392c3de55e544924aa8b034a,17520834,20241216160855,P,,gx-no-cache=1734610902178 HTTP/1.1" 200 90
190.171.143.82 - - [19/Dec/2024:09:21:26 -0300] "GET /cormun/servlet/hpexe_link HTTP/1.1" 200 986
190.171.143.82 - - [19/Dec/2024:09:21:26 -0300] "GET /cormun/servlet/trpermisosgoce HTTP/1.1" 200 18164
190.171.149.90 - - [19/Dec/2024:09:21:28 -0300] "GET /cormun/servlet/permisogoce?d69c1d02e0952c7f56efd4125ec2579dbfdd60cdc8c876bfde27e52a6328f720c61b40c2b76817de8310f245a373d417c9af22fc7e881f54968c6e66b29c1aa0d26d3e1d7d933b55d7e5edf7c83663a4e7e6b9dfca46761adbe790bc2d128a3937636da9ee714f2b3564d305d914c6d4,gx-no-cache=1734610510585 HTTP/1.1" 200 82
190.171.143.82 - - [19/Dec/2024:09:21:31 -0300] "POST /cormun/servlet/trpermisosgoce?9d88f084392c3de55e544924aa8b034a,gx-no-cache=1734610906483 HTTP/1.1" 200 15289
190.171.143.82 - - [19/Dec/2024:09:21:31 -0300] "GET /cormun/static/Shared/jqueryui/images/ui-bg_highlight-soft_100_c6c2c8_1x100.png HTTP/1.1" 404 1117
190.171.143.82 - - [19/Dec/2024:09:21:31 -0300] "GET /cormun/static/Shared/jqueryui/images/ui-icons_82798d_256x240.png HTTP/1.1" 404 1089
190.171.143.82 - - [19/Dec/2024:09:21:31 -0300] "GET /cormun/static/Shared/jqueryui/images/ui-bg_flat_55_fafafa_40x100.png HTTP/1.1" 404 1097
190.171.143.82 - - [19/Dec/2024:09:21:31 -0300] "GET /cormun/static/Shared/jqueryui/images/ui-icons_8d78a5_256x240.png HTTP/1.1" 404 1089
190.171.143.82 - - [19/Dec/2024:09:21:33 -0300] "GET /cormun/servlet/trpermisosadjuntos?21135149,20241216165535,P, HTTP/1.1" 200 6610
190.171.143.82 - - [19/Dec/2024:09:21:35 -0300] "GET /cormun/servlet/permisosadjuntos?INS,21135149,P,20241216165535,, HTTP/1.1" 200 5939
190.171.143.82 - - [19/Dec/2024:09:21:35 -0300] "GET /cormun/static/about:blank HTTP/1.1" 404 1011
190.171.143.82 - - [19/Dec/2024:09:21:42 -0300] "POST /cormun/servlet/permisosadjuntos?9d88f084392c3de55e544924aa8b034a,INS,21135149,P,20241216165535,, HTTP/1.1" 200 116
190.171.143.82 - - [19/Dec/2024:09:21:42 -0300] "GET /cormun/servlet/hpexe_return? HTTP/1.1" 200 1040
190.171.143.82 - - [19/Dec/2024:09:21:42 -0300] "GET /cormun/servlet/trpermisosadjuntos?21135149,20241216165535,P, HTTP/1.1" 200 7136
190.171.143.82 - - [19/Dec/2024:09:21:44 -0300] "POST /cormun/servlet/trpermisosadjuntos?9d88f084392c3de55e544924aa8b034a,21135149,20241216165535,P,,gx-no-cache=1734610920473 HTTP/1.1" 200 90
190.171.143.82 - - [19/Dec/2024:09:21:44 -0300] "GET /cormun/servlet/hpexe_link HTTP/1.1" 200 1006
190.171.143.82 - - [19/Dec/2024:09:21:45 -0300] "GET /cormun/servlet/trpermisosgoce?gx-no-cache=1734610906483 HTTP/1.1" 200 18177
190.171.149.90 - - [19/Dec/2024:09:21:46 -0300] "GET /cormun/servlet/permisogoce?d69c1d02e0952c7f56efd4125ec2579d2cb7f6382f8b28213ada801cbd0408f540abd5df255fc04e777b7cfec1a3d83243c517d753d832bb8a4aad8b095724fa9738c727d3389683ea6d268cd5c6e6c3515fcb553f0a0f5955a244dde5108d1c5d093dbf44ef569b8ef45f384899ca03,gx-no-cache=1734610529042 HTTP/1.1" 200 76
190.171.143.82 - - [19/Dec/2024:09:21:58 -0300] "POST /cormun/servlet/trpermisosgoce?9d88f084392c3de55e544924aa8b034a,gx-no-cache=1734610906483,gx-no-cache=1734610933203 HTTP/1.1" 200 15287
190.171.143.82 - - [19/Dec/2024:09:21:59 -0300] "GET /cormun/servlet/trpermisosadjuntos?13300012,20241217161658,P, HTTP/1.1" 200 6626
190.171.143.82 - - [19/Dec/2024:09:22:01 -0300] "GET /cormun/servlet/permisosadjuntos?INS,13300012,P,20241217161658,, HTTP/1.1" 200 5939
190.171.143.82 - - [19/Dec/2024:09:22:01 -0300] "GET /cormun/static/about:blank HTTP/1.1" 404 1011
190.171.143.82 - - [19/Dec/2024:09:22:07 -0300] "POST /cormun/servlet/permisosadjuntos?9d88f084392c3de55e544924aa8b034a,INS,13300012,P,20241217161658,, HTTP/1.1" 200 116
190.171.143.82 - - [19/Dec/2024:09:22:07 -0300] "GET /cormun/servlet/hpexe_return? HTTP/1.1" 200 1041
190.171.143.82 - - [19/Dec/2024:09:22:07 -0300] "GET /cormun/servlet/trpermisosadjuntos?13300012,20241217161658,P, HTTP/1.1" 200 7131
190.171.143.82 - - [19/Dec/2024:09:22:13 -0300] "POST /cormun/servlet/trpermisosadjuntos?9d88f084392c3de55e544924aa8b034a,13300012,20241217161658,P,,gx-no-cache=1734610948913 HTTP/1.1" 200 90
190.171.143.82 - - [19/Dec/2024:09:22:13 -0300] "GET /cormun/servlet/hpexe_link HTTP/1.1" 200 1007
190.171.143.82 - - [19/Dec/2024:09:22:13 -0300] "GET /cormun/servlet/trpermisosgoce?gx-no-cache=1734610906483 HTTP/1.1" 200 18150
190.171.143.82 - - [19/Dec/2024:09:22:16 -0300] "POST /cormun/servlet/trpermisosgoce?9d88f084392c3de55e544924aa8b034a,gx-no-cache=1734610906483,gx-no-cache=1734610952156 HTTP/1.1" 200 15281
190.171.143.82 - - [19/Dec/2024:09:22:19 -0300] "GET /cormun/servlet/trpermisosadjuntos?16252974,20241217152237,P, HTTP/1.1" 200 6628
190.171.143.82 - - [19/Dec/2024:09:22:21 -0300] "GET /cormun/servlet/permisosadjuntos?INS,16252974,P,20241217152237,, HTTP/1.1" 200 5937
190.171.143.82 - - [19/Dec/2024:09:22:21 -0300] "GET /cormun/static/about:blank HTTP/1.1" 404 1011
190.171.149.90 - - [19/Dec/2024:09:22:21 -0300] "GET /cormun/servlet/permisogoce?d69c1d02e0952c7f56efd4125ec2579dc9c4d15f9af51f13b9c9d555716493fb92e87f9cda74e732ed213b587412c4c87591474cec36a568cb655463f68e35e84ba1f2006974b1e24731311ee175c24a90662b3e06e84c9063d08032547353c2,gx-no-cache=1734610564183 HTTP/1.1" 200 226
190.171.149.90 - - [19/Dec/2024:09:22:35 -0300] "GET /cormun/servlet/permisogoce?d69c1d02e0952c7f56efd4125ec2579dfcb6be1745e64c0f62a536baf7144e6d92e87f9cda74e732ed213b587412c4c87591474cec36a568cb655463f68e35e84ba1f2006974b1e24731311ee175c24a90662b3e06e84c9063d08032547353c2,gx-no-cache=1734610577797 HTTP/1.1" 200 70
190.171.143.82 - - [19/Dec/2024:09:22:36 -0300] "POST /cormun/servlet/permisosadjuntos?9d88f084392c3de55e544924aa8b034a,INS,16252974,P,20241217152237,, HTTP/1.1" 200 116
190.171.143.82 - - [19/Dec/2024:09:22:36 -0300] "GET /cormun/servlet/hpexe_return? HTTP/1.1" 200 1041
190.171.143.82 - - [19/Dec/2024:09:22:36 -0300] "GET /cormun/servlet/trpermisosadjuntos?16252974,20241217152237,P, HTTP/1.1" 200 7128
190.171.143.82 - - [19/Dec/2024:09:22:38 -0300] "POST /cormun/servlet/trpermisosadjuntos?9d88f084392c3de55e544924aa8b034a,16252974,20241217152237,P,,gx-no-cache=1734610974073 HTTP/1.1" 200 90
190.171.143.82 - - [19/Dec/2024:09:22:38 -0300] "GET /cormun/servlet/hpexe_link HTTP/1.1" 200 1007
190.171.143.82 - - [19/Dec/2024:09:22:38 -0300] "GET /cormun/servlet/trpermisosgoce?gx-no-cache=1734610906483 HTTP/1.1" 200 18169
190.171.143.82 - - [19/Dec/2024:09:22:42 -0300] "POST /cormun/servlet/trpermisosgoce?9d88f084392c3de55e544924aa8b034a,gx-no-cache=1734610906483,gx-no-cache=1734610977507 HTTP/1.1" 200 15276
190.171.143.82 - - [19/Dec/2024:09:22:48 -0300] "GET /cormun/servlet/trautorizarpermisogoce? HTTP/1.1" 200 8733
190.171.143.82 - - [19/Dec/2024:09:22:52 -0300] "POST /cormun/servlet/trautorizarpermisogoce?9d88f084392c3de55e544924aa8b034a,,gx-no-cache=1734610987736 HTTP/1.1" 200 5783
190.171.143.82 - - [19/Dec/2024:09:22:52 -0300] "POST /cormun/servlet/trautorizarpermisogoce?9d88f084392c3de55e544924aa8b034a,,gx-no-cache=1734610988191 HTTP/1.1" 200 5549
190.171.143.82 - - [19/Dec/2024:09:22:53 -0300] "POST /cormun/servlet/trautorizarpermisogoce?9d88f084392c3de55e544924aa8b034a,,gx-no-cache=1734610988504 HTTP/1.1" 200 5292
190.171.143.82 - - [19/Dec/2024:09:22:53 -0300] "POST /cormun/servlet/trautorizarpermisogoce?9d88f084392c3de55e544924aa8b034a,,gx-no-cache=1734610989031 HTTP/1.1" 200 4531
190.171.143.82 - - [19/Dec/2024:09:22:57 -0300] "GET /cormun/servlet/trpermisosgoce? HTTP/1.1" 200 18138
190.171.149.90 - - [19/Dec/2024:09:23:17 -0300] "GET /cormun/servlet/permisogoce?d69c1d02e0952c7f56efd4125ec2579de5360e5e80b666a198e20a699c81474a66e9a03373f7d77ab71d75da59df2e9b9081daeb8f0738f0e4f916a103f75b277809ee36ef3713cf82ca9847d160b78c9b067e56b96e94cff40523b7d9e06a6c,gx-no-cache=1734610620259 HTTP/1.1" 200 85
190.171.149.90 - - [19/Dec/2024:09:23:40 -0300] "GET /cormun/servlet/permisogoce?d69c1d02e0952c7f56efd4125ec2579db38532529026f3a23551d283ae49248c916274a555464f4399456ba2d75d4d9610ddf95a962780795056067883ea9242f6b6c7ce14602c562a1fc7b874366d13c240157f93dc9d5c3e2c7bd9b1aaa71a9dae44cf7e8fb691fc3b923b35551cd1,gx-no-cache=1734610642531 HTTP/1.1" 200 82
190.171.149.90 - - [19/Dec/2024:09:23:59 -0300] "GET /cormun/servlet/trpermisosgoce? HTTP/1.1" 200 17087
190.171.149.90 - - [19/Dec/2024:09:24:19 -0300] "GET /cormun/servlet/trpermisosadjuntos?11672175,20241217143730,P, HTTP/1.1" 200 6180
190.171.149.90 - - [19/Dec/2024:09:24:19 -0300] "GET /cormun/static/gxcfg.js?2020121641683 HTTP/1.1" 200 953
190.171.149.90 - - [19/Dec/2024:09:24:19 -0300] "GET /cormun/static/trpermisosadjuntos.js?2020121642996 HTTP/1.1" 200 20158
190.171.149.90 - - [19/Dec/2024:09:24:20 -0300] "GET /cormun/servlet/permisosadjuntos?INS,11672175,P,20241217143730,, HTTP/1.1" 200 5503
190.171.149.90 - - [19/Dec/2024:09:24:20 -0300] "GET /cormun/static/gxcfg.js?20201215134212 HTTP/1.1" 200 953
190.171.149.90 - - [19/Dec/2024:09:24:20 -0300] "GET /cormun/static/permisosadjuntos.js?20201215134285 HTTP/1.1" 200 8724
190.171.149.90 - - [19/Dec/2024:09:24:20 -0300] "GET /cormun/static/about:blank HTTP/1.1" 404 1011
190.171.149.90 - - [19/Dec/2024:09:24:38 -0300] "POST /cormun/servlet/permisosadjuntos?3e46ffab07622bad36777654d6932446,INS,11672175,P,20241217143730,, HTTP/1.1" 200 116
190.171.149.90 - - [19/Dec/2024:09:24:38 -0300] "GET /cormun/servlet/hpexe_return? HTTP/1.1" 200 1036
190.171.149.90 - - [19/Dec/2024:09:24:38 -0300] "GET /cormun/servlet/trpermisosadjuntos?11672175,20241217143730,P, HTTP/1.1" 200 6679
190.171.149.90 - - [19/Dec/2024:09:24:39 -0300] "GET /cormun/servlet/trpermisosgoce? HTTP/1.1" 200 17083
190.171.149.90 - - [19/Dec/2024:09:24:42 -0300] "POST /cormun/servlet/trpermisosgoce?3e46ffab07622bad36777654d6932446,,gx-no-cache=1734610704962 HTTP/1.1" 200 14444
190.171.149.90 - - [19/Dec/2024:09:24:43 -0300] "GET /cormun/static/Shared/jqueryui/images/ui-bg_flat_55_fafafa_40x100.png HTTP/1.1" 404 1097
190.171.149.90 - - [19/Dec/2024:09:24:43 -0300] "GET /cormun/static/Shared/jqueryui/images/ui-icons_8d78a5_256x240.png HTTP/1.1" 404 1089
190.171.149.90 - - [19/Dec/2024:09:24:44 -0300] "GET /cormun/servlet/trpermisosadjuntos?19849723,20241217080807,P, HTTP/1.1" 200 6174
190.171.149.90 - - [19/Dec/2024:09:24:48 -0300] "GET /cormun/servlet/permisosadjuntos?INS,19849723,P,20241217080807,, HTTP/1.1" 200 5494
190.171.149.90 - - [19/Dec/2024:09:24:48 -0300] "GET /cormun/static/about:blank HTTP/1.1" 404 1011
190.171.149.90 - - [19/Dec/2024:09:25:19 -0300] "POST /cormun/servlet/permisosadjuntos?3e46ffab07622bad36777654d6932446,INS,19849723,P,20241217080807,, HTTP/1.1" 200 116
190.171.149.90 - - [19/Dec/2024:09:25:19 -0300] "GET /cormun/servlet/hpexe_return? HTTP/1.1" 200 1035
190.171.149.90 - - [19/Dec/2024:09:25:19 -0300] "GET /cormun/servlet/trpermisosadjuntos?19849723,20241217080807,P, HTTP/1.1" 200 6642
190.171.149.90 - - [19/Dec/2024:09:25:20 -0300] "GET /cormun/servlet/trpermisosgoce? HTTP/1.1" 200 17068
190.171.149.90 - - [19/Dec/2024:09:25:23 -0300] "POST /cormun/servlet/trpermisosgoce?3e46ffab07622bad36777654d6932446,,gx-no-cache=1734610745421 HTTP/1.1" 200 14436
190.171.149.90 - - [19/Dec/2024:09:25:25 -0300] "GET /cormun/servlet/trpermisosadjuntos?9723748,20241217144834,P, HTTP/1.1" 200 6187
190.171.149.90 - - [19/Dec/2024:09:25:27 -0300] "GET /cormun/servlet/permisosadjuntos?INS,9723748,P,20241217144834,, HTTP/1.1" 200 5506
190.171.149.90 - - [19/Dec/2024:09:25:27 -0300] "GET /cormun/static/about:blank HTTP/1.1" 404 1011
190.171.149.90 - - [19/Dec/2024:09:26:05 -0300] "POST /cormun/servlet/permisosadjuntos?3e46ffab07622bad36777654d6932446,INS,9723748,P,20241217144834,, HTTP/1.1" 200 116
190.171.149.90 - - [19/Dec/2024:09:26:05 -0300] "GET /cormun/servlet/hpexe_return? HTTP/1.1" 200 1036
190.171.149.90 - - [19/Dec/2024:09:26:05 -0300] "GET /cormun/servlet/trpermisosadjuntos?9723748,20241217144834,P, HTTP/1.1" 200 6661
190.171.149.90 - - [19/Dec/2024:09:26:07 -0300] "GET /cormun/servlet/trpermisosgoce? HTTP/1.1" 200 17047
190.171.149.90 - - [19/Dec/2024:09:26:11 -0300] "POST /cormun/servlet/trpermisosgoce?3e46ffab07622bad36777654d6932446,,gx-no-cache=1734610793680 HTTP/1.1" 200 14433
190.171.149.90 - - [19/Dec/2024:09:26:51 -0300] "GET /cormun/servlet/trpermisosadjuntos?15123382,20241217144109,P, HTTP/1.1" 200 6183
190.171.149.90 - - [19/Dec/2024:09:26:52 -0300] "GET /cormun/servlet/permisosadjuntos?INS,15123382,P,20241217144109,, HTTP/1.1" 200 5501
190.171.149.90 - - [19/Dec/2024:09:26:52 -0300] "GET /cormun/static/about:blank HTTP/1.1" 404 1011
190.171.149.90 - - [19/Dec/2024:09:27:00 -0300] "POST /cormun/servlet/permisosadjuntos?3e46ffab07622bad36777654d6932446,INS,15123382,P,20241217144109,, HTTP/1.1" 200 116
190.171.149.90 - - [19/Dec/2024:09:27:00 -0300] "GET /cormun/servlet/hpexe_return? HTTP/1.1" 200 1037
190.171.149.90 - - [19/Dec/2024:09:27:00 -0300] "GET /cormun/servlet/trpermisosadjuntos?15123382,20241217144109,P, HTTP/1.1" 200 6658
190.171.149.90 - - [19/Dec/2024:09:27:01 -0300] "GET /cormun/servlet/trpermisosgoce? HTTP/1.1" 200 17061
190.171.149.90 - - [19/Dec/2024:09:27:04 -0300] "POST /cormun/servlet/trpermisosgoce?3e46ffab07622bad36777654d6932446,,gx-no-cache=1734610846368 HTTP/1.1" 200 14430
190.171.149.90 - - [19/Dec/2024:09:27:07 -0300] "GET /cormun/servlet/trpermisosadjuntos?9404476,20241216153932,P, HTTP/1.1" 200 6187
190.171.149.90 - - [19/Dec/2024:09:27:08 -0300] "GET /cormun/servlet/permisosadjuntos?INS,9404476,P,20241216153932,, HTTP/1.1" 200 5508
190.171.149.90 - - [19/Dec/2024:09:27:09 -0300] "GET /cormun/static/about:blank HTTP/1.1" 404 1011
190.171.149.90 - - [19/Dec/2024:09:27:16 -0300] "POST /cormun/servlet/permisosadjuntos?3e46ffab07622bad36777654d6932446,INS,9404476,P,20241216153932,, HTTP/1.1" 200 116
190.171.149.90 - - [19/Dec/2024:09:27:16 -0300] "GET /cormun/servlet/hpexe_return? HTTP/1.1" 200 1036
190.171.149.90 - - [19/Dec/2024:09:27:16 -0300] "GET /cormun/servlet/trpermisosadjuntos?9404476,20241216153932,P, HTTP/1.1" 200 6661
190.171.149.90 - - [19/Dec/2024:09:27:17 -0300] "GET /cormun/servlet/trpermisosgoce? HTTP/1.1" 200 17035
190.171.149.90 - - [19/Dec/2024:09:27:20 -0300] "POST /cormun/servlet/trpermisosgoce?3e46ffab07622bad36777654d6932446,,gx-no-cache=1734610862106 HTTP/1.1" 200 14408
190.171.149.90 - - [19/Dec/2024:09:27:23 -0300] "GET /cormun/servlet/trpermisosadjuntos?18015367,20241213104928,P, HTTP/1.1" 200 6178
190.171.149.90 - - [19/Dec/2024:09:27:24 -0300] "GET /cormun/servlet/permisosadjuntos?INS,18015367,P,20241213104928,, HTTP/1.1" 200 5500
190.171.149.90 - - [19/Dec/2024:09:27:24 -0300] "GET /cormun/static/about:blank HTTP/1.1" 404 1011
190.171.149.90 - - [19/Dec/2024:09:27:31 -0300] "POST /cormun/servlet/permisosadjuntos?3e46ffab07622bad36777654d6932446,INS,18015367,P,20241213104928,, HTTP/1.1" 200 116
190.171.149.90 - - [19/Dec/2024:09:27:31 -0300] "GET /cormun/servlet/hpexe_return? HTTP/1.1" 200 1037
190.171.149.90 - - [19/Dec/2024:09:27:31 -0300] "GET /cormun/servlet/trpermisosadjuntos?18015367,20241213104928,P, HTTP/1.1" 200 6654
190.171.149.90 - - [19/Dec/2024:09:27:33 -0300] "GET /cormun/servlet/trpermisosgoce? HTTP/1.1" 200 17017
190.171.149.90 - - [19/Dec/2024:09:27:36 -0300] "POST /cormun/servlet/trpermisosgoce?3e46ffab07622bad36777654d6932446,,gx-no-cache=1734610878715 HTTP/1.1" 200 14394
190.171.149.90 - - [19/Dec/2024:09:27:45 -0300] "GET /cormun/servlet/trpermisosgoce? HTTP/1.1" 200 16996
190.171.149.90 - - [19/Dec/2024:09:27:47 -0300] "GET /cormun/servlet/permisogoce?INS,0,,, HTTP/1.1" 200 6724
190.171.149.90 - - [19/Dec/2024:09:27:59 -0300] "GET /cormun/servlet/permisogoce?d69c1d02e0952c7f56efd4125ec2579db38532529026f3a23551d283ae49248cc4f7ed2e56042c73f930fc65585a20c8f28c7f4fd826aca521d716b15914d71e,gx-no-cache=1734610901864 HTTP/1.1" 200 82
190.171.149.74 - - [19/Dec/2024:09:28:02 -0300] "GET /cormun/servlet/permisogoce?INS,0,,, HTTP/1.1" 200 6844
190.171.149.74 - - [19/Dec/2024:09:28:10 -0300] "GET /cormun/servlet/permisogoce?daeae5d92e341ac61da1628375bd61e6b94cd61848878ceb32561ed596abc9b66c944acd325c7d5025d89c7c1f9875cdc55a5d3498d63be58a1549d4592fbcbc,gx-no-cache=1734611303210 HTTP/1.1" 200 82
190.171.149.74 - - [19/Dec/2024:09:28:13 -0300] "GET /cormun/static/menuarrow.gif HTTP/1.1" 404 1015
190.171.149.74 - - [19/Dec/2024:09:28:22 -0300] "GET /cormun/servlet/permisogoce?daeae5d92e341ac61da1628375bd61e65cfff19d7436e02984c4fd8094b4158dd1877e34127a2f6bf2310a151287c2b07994419cbf0c7005dc90991858070ebd,gx-no-cache=1734611314955 HTTP/1.1" 200 48
190.171.149.74 - - [19/Dec/2024:09:28:24 -0300] "POST /cormun/servlet/permisogoce?f7c9b3d7c8b1171aa2ba7efb1263099d,INS,0,,,,gx-no-cache=1734611316497 HTTP/1.1" 200 93
190.171.149.74 - - [19/Dec/2024:09:28:24 -0300] "GET /cormun/servlet/hpexe_return? HTTP/1.1" 200 1007
190.171.149.74 - - [19/Dec/2024:09:28:24 -0300] "GET /cormun/servlet/trpermisosgoce HTTP/1.1" 200 18327
190.171.149.74 - - [19/Dec/2024:09:28:29 -0300] "GET /cormun/servlet/apermisogoceprn?13945167,P,20241219092821,PU HTTP/1.1" 200 1647
190.171.149.74 - - [19/Dec/2024:09:28:42 -0300] "GET /cormun/servlet/permisogoce?INS,0,,, HTTP/1.1" 200 6845
190.171.149.90 - - [19/Dec/2024:09:28:43 -0300] "GET /cormun/servlet/permisogoce?d69c1d02e0952c7f56efd4125ec2579d13f71fefc6545e52dcd21c953d7e9d0621ce1e94ed9d6e6a6622acc2904ef381afd91797bf83cd563266a42f27732e1a24e46a609b01c06842ef621cebc2168c30de7889f487749e1bff55aea127ae969958eb269474d513e0f15631794c6e75,gx-no-cache=1734610946284 HTTP/1.1" 200 80
190.171.149.74 - - [19/Dec/2024:09:28:49 -0300] "GET /cormun/servlet/permisogoce?daeae5d92e341ac61da1628375bd61e6b94cd61848878ceb32561ed596abc9b66c944acd325c7d5025d89c7c1f9875cdc55a5d3498d63be58a1549d4592fbcbc,gx-no-cache=1734611341632 HTTP/1.1" 200 83
190.171.149.74 - - [19/Dec/2024:09:28:55 -0300] "GET /cormun/servlet/permisogoce?daeae5d92e341ac61da1628375bd61e65cfff19d7436e02984c4fd8094b4158d6754596d6877a3f67d3546db74975a7a7994419cbf0c7005dc90991858070ebd,gx-no-cache=1734611347555 HTTP/1.1" 200 49
190.171.149.74 - - [19/Dec/2024:09:28:57 -0300] "POST /cormun/servlet/permisogoce?f7c9b3d7c8b1171aa2ba7efb1263099d,INS,0,,,,gx-no-cache=1734611349752 HTTP/1.1" 200 93
190.171.149.74 - - [19/Dec/2024:09:28:57 -0300] "GET /cormun/servlet/hpexe_return? HTTP/1.1" 200 1007
190.171.149.74 - - [19/Dec/2024:09:28:57 -0300] "GET /cormun/servlet/trpermisosgoce HTTP/1.1" 200 18269
190.171.149.74 - - [19/Dec/2024:09:29:02 -0300] "GET /cormun/servlet/apermisogoceprn?13945167,P,20241219092902,PU HTTP/1.1" 200 1644
190.171.149.90 - - [19/Dec/2024:09:29:14 -0300] "GET /cormun/servlet/permisogoce?d69c1d02e0952c7f56efd4125ec2579dc5b538b66049eed9f07c516cd9f37a01c96fea69a56eb09cf516228d53643d7f2ac8cf3cdbaee956b4659aed0e3b22380fd60ac33da50f50d8c7b684f496ea81434113b3ca9ddc835eb10b00474f22d90a164a92b0c1905b451f960cd963f333,gx-no-cache=1734610976538 HTTP/1.1" 200 79
190.171.149.90 - - [19/Dec/2024:09:29:35 -0300] "GET /cormun/servlet/permisogoce?d69c1d02e0952c7f56efd4125ec2579d55ce645e41c18c5863148c17f18eab43a074dc6244df8aa4d765bea0c3bf98ad519208f2d0ecfaf8d1392de2e8b4789f0f9da092101a9aba7ac9683b8b67d3413a84a03826142e20547f543376057258b41fe99031383ecc2ee6808f7f538a59,gx-no-cache=1734610997475 HTTP/1.1" 200 83
190.171.149.90 - - [19/Dec/2024:09:30:11 -0300] "GET /cormun/servlet/permisogoce?d69c1d02e0952c7f56efd4125ec2579d315734d87b0fee12a216e3de22bf1d51a7f4f746a9fb6d77d4b06ac4acd3422f6cdd1176f5bcfa8c07a7d74014d9b05ff68fd8fe3dc9328f9cd43bdfcd22a157408dc0d7b8de7c18a3da2ad705528f5c4d04e8886883c5f938ac274a51896460,gx-no-cache=1734611033819 HTTP/1.1" 200 84
190.171.149.90 - - [19/Dec/2024:09:30:41 -0300] "GET /cormun/servlet/permisogoce?d69c1d02e0952c7f56efd4125ec2579dae33cf47b2e9bab22cb46134a0d0b74acfc2a90421b07131ff120fe1a9d0a0c890e9dcd6a19382a9bf24f601e2c4be893493bd9161b3b2d2a1346c1f9a463453a1c779e9520496314117acfd887910f3aafa2269b0307deca50e5d7f3d5978b8,gx-no-cache=1734611063953 HTTP/1.1" 200 89
190.171.149.90 - - [19/Dec/2024:09:30:58 -0300] "GET /cormun/servlet/permisogoce?d69c1d02e0952c7f56efd4125ec2579d482e06ee9e6d2eeba35c8211a9c3a821a51f883c9b721e8f7873feb2e4c6e73ac1946f753029be061deab157820d6b62845fbcb12416b6669a0e8b98a02ecb261bd20f55a6719b22ed9622ad24436a1dc289d1eb792884127dc15a3a0bfc0f53,gx-no-cache=1734611080425 HTTP/1.1" 200 79
190.171.149.90 - - [19/Dec/2024:09:31:21 -0300] "GET /cormun/servlet/permisogoce?d69c1d02e0952c7f56efd4125ec2579dce2581ffbaede06e76d16aa9ed407b21e8ddd5a9ba4d5a016d2f0c07adefb042b176f54e547052b354dcbf67533c76ffdbcb69dc5561c9d547d4d12c37e83cb085b0d9286c1cbdf8472674e465276f2c,gx-no-cache=1734611103718 HTTP/1.1" 200 87
190.171.149.74 - - [19/Dec/2024:09:31:45 -0300] "GET /cormun/servlet/trpermisosgoce? HTTP/1.1" 200 18259
190.171.149.90 - - [19/Dec/2024:09:32:24 -0300] "GET /cormun/servlet/permisogoce?d69c1d02e0952c7f56efd4125ec2579d0093f6f8176839e2626f9a57cf83aa512ad749c4e7511b1bbb954f34c3b8aa69325b4f3e3caf3f87ebaea8d56c79d650a8cbd587703964b1149fc94e71117d56bfa376c33b107001017643b1847c89153ff17f7842126fad1ddeaa51bb460678c86a7691e30f7c8e74537679af373c6a,gx-no-cache=1734611166372 HTTP/1.1" 200 85
190.171.149.90 - - [19/Dec/2024:09:33:08 -0300] "GET /cormun/servlet/permisogoce?d69c1d02e0952c7f56efd4125ec2579d2de0d7427f4eb4c8ed270cead49682684effc5e3d362bb658fcef39f8b10a60f4f6d139896e1c5cab1b97146756185a21e5af28128a314b4ffa4a029618a522dea0d30d74cff9278cd0ac74acaae5c47ac334d5c13a4f7658c1b485c7b6cb0b6,gx-no-cache=1734611211035 HTTP/1.1" 200 87
190.171.149.90 - - [19/Dec/2024:09:33:49 -0300] "GET /cormun/servlet/permisogoce?d69c1d02e0952c7f56efd4125ec2579d399c6511041c060cf95453fe7e40e81b3dc2e04188ffa44e288fa945ce80df74e8fa1312e32baf8163c14c1d5c5ef64842925ec740a62a422e8ee7c64474f83c69313d7a3f5b9ceb0c1450291da3eeafc17c9795cbf96761191bc41e743f4515,gx-no-cache=1734611251655 HTTP/1.1" 200 81
190.171.149.90 - - [19/Dec/2024:09:35:06 -0300] "GET /cormun/servlet/permisogoce?d69c1d02e0952c7f56efd4125ec2579d23977d8a7af911522e08013f53974c3cacd03d9da1f2f342f1380931623c559e101b47a68aca376a516135947e681539d09514d1e47c9f0ab531acfd7ae1dcb22abab62874f8d7ce26a7fa4b394b5aa83e475778cdcae13e9819d73ed7613b4e,gx-no-cache=1734611329178 HTTP/1.1" 200 91
190.171.144.234 - - [19/Dec/2024:09:39:24 -0300] "GET /cormun/servlet/hlogin HTTP/1.1" 200 1725
190.171.144.234 - - [19/Dec/2024:09:39:24 -0300] "GET /cormun/servlet/hlogin HTTP/1.1" 200 1734
190.171.144.234 - - [19/Dec/2024:09:39:31 -0300] "POST /cormun/servlet/hlogin?1b264dd77aa663ac83060cd6291e3e50,gx-no-cache=1734611986483 HTTP/1.1" 200 90
190.171.144.234 - - [19/Dec/2024:09:39:31 -0300] "GET /cormun/servlet/hpexe_link HTTP/1.1" 200 956
190.171.144.234 - - [19/Dec/2024:09:39:32 -0300] "GET /cormun/servlet/hhome HTTP/1.1" 200 4002
190.171.144.234 - - [19/Dec/2024:09:40:13 -0300] "GET /cormun/servlet/trpermisosgoce? HTTP/1.1" 200 16682
190.171.144.234 - - [19/Dec/2024:09:42:57 -0300] "GET /cormun/servlet/permisogoce?INS,0,,, HTTP/1.1" 200 6865
190.171.144.234 - - [19/Dec/2024:09:43:11 -0300] "GET /cormun/servlet/permisogoce?7cfffef83e65e52406733224a9a61ed2d58a6e5da4553b83860e34298992a5afe2bfa8f54d7a3d244ca9076e31bb8b97837237008f663c5cd0f48a3aa7ad222f,gx-no-cache=1734612206131 HTTP/1.1" 200 86
190.171.144.234 - - [19/Dec/2024:09:43:11 -0300] "GET /cormun/static/menuarrow.gif HTTP/1.1" 404 1015
190.171.144.234 - - [19/Dec/2024:09:43:21 -0300] "GET /cormun/servlet/permisogoce?7cfffef83e65e52406733224a9a61ed2a301c8c692f45dc5f53bb7b114d9de8de7ff753b3758b32d7c1f1ec874943a7d9e05b25fd2e0b2bd6b52a2dbba3726e9,gx-no-cache=1734612216550 HTTP/1.1" 200 49
190.171.144.234 - - [19/Dec/2024:09:43:27 -0300] "POST /cormun/servlet/permisogoce?1b264dd77aa663ac83060cd6291e3e50,INS,0,,,,gx-no-cache=1734612221838 HTTP/1.1" 200 93
190.171.144.234 - - [19/Dec/2024:09:43:27 -0300] "GET /cormun/servlet/hpexe_return? HTTP/1.1" 200 1014
190.171.144.234 - - [19/Dec/2024:09:43:28 -0300] "GET /cormun/servlet/trpermisosgoce HTTP/1.1" 200 16920
190.171.144.234 - - [19/Dec/2024:09:43:31 -0300] "GET /cormun/servlet/apermisogoceprn?13946737,P,20241219094317,PU HTTP/1.1" 200 1651
190.171.141.106 - - [19/Dec/2024:09:43:38 -0300] "GET /cormun/servlet/trpermisosgoce? HTTP/1.1" 200 7117
190.171.141.106 - - [19/Dec/2024:09:43:38 -0300] "GET /cormun/static/gxcfg.js?2020121631564 HTTP/1.1" 200 953
190.171.141.106 - - [19/Dec/2024:09:43:38 -0300] "GET /cormun/static/trpermisosgoce.js?2020121633681 HTTP/1.1" 200 35904
190.171.141.106 - - [19/Dec/2024:09:43:43 -0300] "GET /cormun/static/menuarrow.gif HTTP/1.1" 404 1015
190.171.144.234 - - [19/Dec/2024:09:43:47 -0300] "GET /cormun/servlet/permisogoce?INS,0,,, HTTP/1.1" 200 6865
190.171.144.234 - - [19/Dec/2024:09:44:02 -0300] "GET /cormun/servlet/permisogoce?7cfffef83e65e52406733224a9a61ed2d58a6e5da4553b83860e34298992a5afe2bfa8f54d7a3d244ca9076e31bb8b97837237008f663c5cd0f48a3aa7ad222f,gx-no-cache=1734612257759 HTTP/1.1" 200 83
190.171.141.106 - - [19/Dec/2024:09:44:09 -0300] "POST /cormun/servlet/trpermisosgoce?6f1bfaccbee86c262caaf5944741f5a1,,gx-no-cache=1734612262788 HTTP/1.1" 200 5964
190.171.141.106 - - [19/Dec/2024:09:44:09 -0300] "GET /cormun//static/Resources/PXToolsGridUpdate.png HTTP/1.1" 200 470
190.171.141.106 - - [19/Dec/2024:09:44:09 -0300] "GET /cormun//static/Resources/PXToolsGridDelete.png HTTP/1.1" 200 538
190.171.144.234 - - [19/Dec/2024:09:44:13 -0300] "GET /cormun/servlet/permisogoce?7cfffef83e65e52406733224a9a61ed2a301c8c692f45dc5f53bb7b114d9de8df4110b12fd51b1c68ac965fdd102e6ae9e05b25fd2e0b2bd6b52a2dbba3726e9,gx-no-cache=1734612268196 HTTP/1.1" 200 49
190.171.144.234 - - [19/Dec/2024:09:44:16 -0300] "POST /cormun/servlet/permisogoce?1b264dd77aa663ac83060cd6291e3e50,INS,0,,,,gx-no-cache=1734612271595 HTTP/1.1" 200 93
190.171.144.234 - - [19/Dec/2024:09:44:16 -0300] "GET /cormun/servlet/hpexe_return? HTTP/1.1" 200 1014
190.171.144.234 - - [19/Dec/2024:09:44:17 -0300] "GET /cormun/servlet/trpermisosgoce HTTP/1.1" 200 17080
190.171.141.82 - - [19/Dec/2024:09:44:20 -0300] "GET /cormun/servlet/trlicencias? HTTP/1.1" 200 6041
190.171.141.82 - - [19/Dec/2024:09:44:20 -0300] "GET /cormun/servlet/hlogin HTTP/1.1" 200 1733
190.171.141.82 - - [19/Dec/2024:09:44:20 -0300] "GET /cormun/servlet/trlicencias? HTTP/1.1" 200 6040
190.171.141.82 - - [19/Dec/2024:09:44:25 -0300] "POST /cormun/servlet/hlogin?e2d73742bf692b542ab82b59ad4819ca,gx-no-cache=1734612275448 HTTP/1.1" 200 90
190.171.141.82 - - [19/Dec/2024:09:44:25 -0300] "GET /cormun/servlet/hpexe_link HTTP/1.1" 200 950
190.171.141.82 - - [19/Dec/2024:09:44:25 -0300] "GET /cormun/servlet/trlicencias HTTP/1.1" 200 14229
190.171.144.234 - - [19/Dec/2024:09:44:26 -0300] "GET /cormun/servlet/permisogoce?INS,0,,, HTTP/1.1" 200 6865
190.171.141.106 - - [19/Dec/2024:09:44:35 -0300] "GET /cormun/servlet/permisogoce?DSP,8980270,P,20240426104405, HTTP/1.1" 200 6922
190.171.141.106 - - [19/Dec/2024:09:44:35 -0300] "GET /cormun/static/gxcfg.js?20201215124560 HTTP/1.1" 200 953
190.171.141.106 - - [19/Dec/2024:09:44:35 -0300] "GET /cormun/static/permisogoce.js?20201215124939 HTTP/1.1" 200 27790
190.171.144.234 - - [19/Dec/2024:09:44:35 -0300] "GET /cormun/servlet/permisogoce?7cfffef83e65e52406733224a9a61ed2471f4eb3caa4df3f964024da87fed44be2bfa8f54d7a3d244ca9076e31bb8b97837237008f663c5cd0f48a3aa7ad222f,gx-no-cache=1734612290908 HTTP/1.1" 200 80
190.171.142.42 - - [19/Dec/2024:09:44:36 -0300] "GET /cormun/servlet/hlogin HTTP/1.1" 200 1741
190.171.141.106 - - [19/Dec/2024:09:44:43 -0300] "POST /cormun/servlet/permisogoce?6f1bfaccbee86c262caaf5944741f5a1,DSP,8980270,P,20240426104405,,gx-no-cache=1734612296906 HTTP/1.1" 200 93
190.171.141.106 - - [19/Dec/2024:09:44:43 -0300] "GET /cormun/servlet/hpexe_return? HTTP/1.1" 200 1024
190.171.141.106 - - [19/Dec/2024:09:44:43 -0300] "GET /cormun/servlet/trpermisosgoce? HTTP/1.1" 200 8651
190.171.144.234 - - [19/Dec/2024:09:44:44 -0300] "GET /cormun/servlet/permisogoce?7cfffef83e65e52406733224a9a61ed2e5ab19dd822aa411e45fad8dedee1fd7b6eafcb427b2be5d8ce6c1c773a1c3639e05b25fd2e0b2bd6b52a2dbba3726e9,gx-no-cache=1734612299624 HTTP/1.1" 200 48
190.171.142.42 - - [19/Dec/2024:09:44:48 -0300] "POST /cormun/servlet/hlogin?ed98b8af405518d6df6f489b47867935,gx-no-cache=1734612301619 HTTP/1.1" 200 90
190.171.142.42 - - [19/Dec/2024:09:44:48 -0300] "GET /cormun/servlet/hpexe_link HTTP/1.1" 200 953
190.171.142.42 - - [19/Dec/2024:09:44:48 -0300] "GET /cormun/servlet/hhome HTTP/1.1" 200 3946
190.171.144.234 - - [19/Dec/2024:09:44:48 -0300] "POST /cormun/servlet/permisogoce?1b264dd77aa663ac83060cd6291e3e50,INS,0,,,,gx-no-cache=1734612303526 HTTP/1.1" 200 93
190.171.144.234 - - [19/Dec/2024:09:44:48 -0300] "GET /cormun/servlet/hpexe_return? HTTP/1.1" 200 1014
190.171.144.234 - - [19/Dec/2024:09:44:49 -0300] "GET /cormun/servlet/trpermisosgoce HTTP/1.1" 200 17300
190.171.142.42 - - [19/Dec/2024:09:44:55 -0300] "GET /cormun/servlet/trpermisosgoce? HTTP/1.1" 200 18403
190.171.144.234 - - [19/Dec/2024:09:44:55 -0300] "GET /cormun/servlet/apermisogoceprn?15113789,P,20241219094445,PU HTTP/1.1" 200 1651
190.171.144.234 - - [19/Dec/2024:09:45:13 -0300] "GET /cormun/servlet/permisogoce?INS,0,,, HTTP/1.1" 200 6865
190.171.144.234 - - [19/Dec/2024:09:45:23 -0300] "GET /cormun/servlet/permisogoce?7cfffef83e65e52406733224a9a61ed2b78346fefd41ced1665b90f20566809c6a1c4ce9b7a627763837f8dc4957a97c1233321233ca286e9f46a4ad95f75158,gx-no-cache=1734612338152 HTTP/1.1" 200 78
190.171.144.234 - - [19/Dec/2024:09:45:32 -0300] "GET /cormun/servlet/permisogoce?7cfffef83e65e52406733224a9a61ed2a5913f426fa60801b80cdf7cc01b365bc9a9c538e4fb53c508a9c5b704af98f50b27448d1d9d2252eb4e09fbfb7e93ff,gx-no-cache=1734612347092 HTTP/1.1" 200 47
190.171.142.42 - - [19/Dec/2024:09:45:33 -0300] "GET /cormun/servlet/permisogoce?INS,0,,, HTTP/1.1" 200 6808
190.171.144.234 - - [19/Dec/2024:09:45:35 -0300] "POST /cormun/servlet/permisogoce?1b264dd77aa663ac83060cd6291e3e50,INS,0,,,,gx-no-cache=1734612350514 HTTP/1.1" 200 93
190.171.144.234 - - [19/Dec/2024:09:45:35 -0300] "GET /cormun/servlet/hpexe_return? HTTP/1.1" 200 1014
190.171.144.234 - - [19/Dec/2024:09:45:36 -0300] "GET /cormun/servlet/trpermisosgoce HTTP/1.1" 200 17496
190.171.142.42 - - [19/Dec/2024:09:45:41 -0300] "GET /cormun/servlet/permisogoce?5d93dc7d731594489b794cc014e06aee4bbb0a5a420ff9327dea704636ad98f17fccd05649fa6b4db4702c961d18cce8ebbcb11af1c9506b145a5f051d7dc9e0,gx-no-cache=1734612354733 HTTP/1.1" 200 84
190.171.142.42 - - [19/Dec/2024:09:45:41 -0300] "GET /cormun/static/menuarrow.gif HTTP/1.1" 404 1015
190.171.144.234 - - [19/Dec/2024:09:45:41 -0300] "GET /cormun/servlet/apermisogoceprn?9598692,P,20241219094533,PU HTTP/1.1" 200 1660
190.171.142.42 - - [19/Dec/2024:09:45:51 -0300] "GET /cormun/servlet/permisogoce?5d93dc7d731594489b794cc014e06aee3561d37527e9878559f61b73b61cddf5a859ca8afe5f4d06748b2abebe5ca0e518adcf327ab1289a9c1c8c83a985a4d8,gx-no-cache=1734612364794 HTTP/1.1" 200 48
190.171.141.106 - - [19/Dec/2024:09:45:51 -0300] "POST /cormun/servlet/trpermisosgoce?6f1bfaccbee86c262caaf5944741f5a1,,gx-no-cache=1734612365264 HTTP/1.1" 200 104
190.171.141.106 - - [19/Dec/2024:09:45:51 -0300] "POST /cormun/servlet/trpermisosgoce?6f1bfaccbee86c262caaf5944741f5a1,,gx-no-cache=1734612365375 HTTP/1.1" 200 5942
190.171.141.106 - - [19/Dec/2024:09:45:51 -0300] "GET /cormun/PermisosGoce-2691.xls HTTP/1.1" 200 5120
190.171.142.42 - - [19/Dec/2024:09:45:56 -0300] "POST /cormun/servlet/permisogoce?ed98b8af405518d6df6f489b47867935,INS,0,,,,gx-no-cache=1734612369108 HTTP/1.1" 200 93
190.171.142.42 - - [19/Dec/2024:09:45:56 -0300] "GET /cormun/servlet/hpexe_return? HTTP/1.1" 200 1012
190.171.142.42 - - [19/Dec/2024:09:45:56 -0300] "GET /cormun/servlet/trpermisosgoce HTTP/1.1" 200 18389
190.171.142.42 - - [19/Dec/2024:09:46:08 -0300] "GET /cormun/servlet/permisogoce?INS,0,,, HTTP/1.1" 200 6808
190.171.142.42 - - [19/Dec/2024:09:46:16 -0300] "GET /cormun/servlet/permisogoce?5d93dc7d731594489b794cc014e06aeecff6810c84bf4b69d3326b10bbd4d5887fccd05649fa6b4db4702c961d18cce8ebbcb11af1c9506b145a5f051d7dc9e0,gx-no-cache=1734612390094 HTTP/1.1" 200 85
190.171.144.234 - - [19/Dec/2024:09:46:17 -0300] "GET /cormun/servlet/permisogoce?INS,0,,, HTTP/1.1" 200 6866
190.171.142.42 - - [19/Dec/2024:09:46:23 -0300] "GET /cormun/servlet/permisogoce?5d93dc7d731594489b794cc014e06aeea1dfeedf0039d63a3e0645f80c0a21db47123b51f785b9ee06a85fd2c14b316918adcf327ab1289a9c1c8c83a985a4d8,gx-no-cache=1734612396619 HTTP/1.1" 200 49
190.171.142.42 - - [19/Dec/2024:09:46:26 -0300] "POST /cormun/servlet/permisogoce?ed98b8af405518d6df6f489b47867935,INS,0,,,,gx-no-cache=1734612399989 HTTP/1.1" 200 93
190.171.142.42 - - [19/Dec/2024:09:46:26 -0300] "GET /cormun/servlet/hpexe_return? HTTP/1.1" 200 1012
190.171.142.42 - - [19/Dec/2024:09:46:26 -0300] "GET /cormun/servlet/trpermisosgoce HTTP/1.1" 200 18346
190.171.144.234 - - [19/Dec/2024:09:46:32 -0300] "GET /cormun/servlet/permisogoce?7cfffef83e65e52406733224a9a61ed2b78346fefd41ced1665b90f20566809c6a1c4ce9b7a627763837f8dc4957a97c1233321233ca286e9f46a4ad95f75158,gx-no-cache=1734612407832 HTTP/1.1" 200 80
190.171.144.234 - - [19/Dec/2024:09:46:45 -0300] "GET /cormun/servlet/permisogoce?7cfffef83e65e52406733224a9a61ed2a5913f426fa60801b80cdf7cc01b365b9469bf4f9e470fbcea41e71d0a7adb90839bd34fc1693f1231c0d9a255dec8cb,gx-no-cache=1734612420484 HTTP/1.1" 200 48
190.171.144.234 - - [19/Dec/2024:09:46:52 -0300] "POST /cormun/servlet/permisogoce?1b264dd77aa663ac83060cd6291e3e50,INS,0,,,,gx-no-cache=1734612426687 HTTP/1.1" 200 93
190.171.144.234 - - [19/Dec/2024:09:46:52 -0300] "GET /cormun/servlet/hpexe_return? HTTP/1.1" 200 1014
190.171.144.234 - - [19/Dec/2024:09:46:52 -0300] "GET /cormun/servlet/trpermisosgoce HTTP/1.1" 200 17669
190.171.144.234 - - [19/Dec/2024:09:47:05 -0300] "GET /cormun/servlet/apermisogoceprn?9598692,P,20241219094637,PU HTTP/1.1" 200 1655
190.171.144.234 - - [19/Dec/2024:09:48:40 -0300] "GET /cormun/servlet/permisogoce?INS,0,,, HTTP/1.1" 200 6866
190.171.144.234 - - [19/Dec/2024:09:48:56 -0300] "GET /cormun/servlet/permisogoce?7cfffef83e65e52406733224a9a61ed23288f828396e856b3e5928f67117ee71e2bfa8f54d7a3d244ca9076e31bb8b97837237008f663c5cd0f48a3aa7ad222f,gx-no-cache=1734612551146 HTTP/1.1" 200 87
190.171.144.234 - - [19/Dec/2024:09:49:10 -0300] "GET /cormun/servlet/permisogoce?7cfffef83e65e52406733224a9a61ed20f4b3cf07b8403790d22355ae978dfcc9c66279fe3e3fc8dd354c3f1fbc155cc9e05b25fd2e0b2bd6b52a2dbba3726e9,gx-no-cache=1734612565268 HTTP/1.1" 200 48
190.171.144.234 - - [19/Dec/2024:09:49:18 -0300] "POST /cormun/servlet/permisogoce?1b264dd77aa663ac83060cd6291e3e50,INS,0,,,,gx-no-cache=1734612572906 HTTP/1.1" 200 93
190.171.144.234 - - [19/Dec/2024:09:49:18 -0300] "GET /cormun/servlet/hpexe_return? HTTP/1.1" 200 1014
190.171.144.234 - - [19/Dec/2024:09:49:18 -0300] "GET /cormun/servlet/trpermisosgoce HTTP/1.1" 200 17862
190.171.142.42 - - [19/Dec/2024:09:49:46 -0300] "GET /cormun/servlet/permisogoce?INS,0,,, HTTP/1.1" 200 6808
190.171.142.42 - - [19/Dec/2024:09:49:55 -0300] "GET /cormun/servlet/permisogoce?5d93dc7d731594489b794cc014e06aeee9545f001ab34ab2f8d47c0527f8aeba7fccd05649fa6b4db4702c961d18cce8ebbcb11af1c9506b145a5f051d7dc9e0,gx-no-cache=1734612609212 HTTP/1.1" 200 87
190.171.144.234 - - [19/Dec/2024:09:50:04 -0300] "GET /cormun/servlet/apermisogoceprn?17643645,P,20241219094859,PU HTTP/1.1" 200 1661
190.95.15.15 - - [19/Dec/2024:09:50:21 -0300] "GET /cormun/servlet/hlogin HTTP/1.1" 200 1724
190.171.142.42 - - [19/Dec/2024:09:50:24 -0300] "GET /cormun/servlet/permisogoce?5d93dc7d731594489b794cc014e06aeeb7c942fdfac9a712e9f39025dcd8df9e5da6c6788974e22d82f1ec6f9b87a12718adcf327ab1289a9c1c8c83a985a4d8,gx-no-cache=1734612638003 HTTP/1.1" 200 48
190.171.142.42 - - [19/Dec/2024:09:50:27 -0300] "POST /cormun/servlet/permisogoce?ed98b8af405518d6df6f489b47867935,INS,0,,,,gx-no-cache=1734612640243 HTTP/1.1" 200 93
190.171.142.42 - - [19/Dec/2024:09:50:27 -0300] "GET /cormun/servlet/hpexe_return? HTTP/1.1" 200 1012
190.171.142.42 - - [19/Dec/2024:09:50:27 -0300] "GET /cormun/servlet/trpermisosgoce HTTP/1.1" 200 18335
190.95.15.15 - - [19/Dec/2024:09:50:32 -0300] "POST /cormun/servlet/hlogin?e46adf7b4146eac4593d7e79661d9cb1,gx-no-cache=1734612644307 HTTP/1.1" 200 90
190.95.15.15 - - [19/Dec/2024:09:50:32 -0300] "GET /cormun/servlet/hpexe_link HTTP/1.1" 200 953
190.95.15.15 - - [19/Dec/2024:09:50:32 -0300] "GET /cormun/servlet/hhome HTTP/1.1" 200 3977
190.95.15.15 - - [19/Dec/2024:09:50:35 -0300] "GET /cormun/servlet/trlicencias? HTTP/1.1" 200 13664
190.171.144.234 - - [19/Dec/2024:09:50:49 -0300] "GET /cormun/servlet/permisogoce?INS,0,,, HTTP/1.1" 200 6865
190.171.142.42 - - [19/Dec/2024:09:50:53 -0300] "POST /cormun/servlet/trpermisosgoce?ed98b8af405518d6df6f489b47867935,gx-no-cache=1734612667194 HTTP/1.1" 200 4212
190.171.142.42 - - [19/Dec/2024:09:51:02 -0300] "POST /cormun/servlet/trpermisosgoce?ed98b8af405518d6df6f489b47867935,gx-no-cache=1734612675498 HTTP/1.1" 200 5292
190.171.144.234 - - [19/Dec/2024:09:51:02 -0300] "GET /cormun/servlet/permisogoce?7cfffef83e65e52406733224a9a61ed25ea7b78a06ea1dbd3b81c2a3e3c67e6ce2bfa8f54d7a3d244ca9076e31bb8b97837237008f663c5cd0f48a3aa7ad222f,gx-no-cache=1734612677501 HTTP/1.1" 200 79
190.171.142.42 - - [19/Dec/2024:09:51:13 -0300] "POST /cormun/servlet/trpermisosgoce?ed98b8af405518d6df6f489b47867935,gx-no-cache=1734612686843 HTTP/1.1" 200 5065
190.171.142.42 - - [19/Dec/2024:09:51:13 -0300] "POST /cormun/servlet/trpermisosgoce?ed98b8af405518d6df6f489b47867935,gx-no-cache=1734612686986 HTTP/1.1" 200 5047
190.171.142.42 - - [19/Dec/2024:09:51:23 -0300] "POST /cormun/servlet/trpermisosgoce?ed98b8af405518d6df6f489b47867935,gx-no-cache=1734612696675 HTTP/1.1" 200 15652
190.171.144.234 - - [19/Dec/2024:09:51:28 -0300] "GET /cormun/servlet/permisogoce?7cfffef83e65e52406733224a9a61ed22fcc9bb615ba5166dce674c61ca52b30fe7e5d011b314cc046e8bee177084adc9e05b25fd2e0b2bd6b52a2dbba3726e9,gx-no-cache=1734612703746 HTTP/1.1" 200 48
190.171.144.234 - - [19/Dec/2024:09:51:36 -0300] "POST /cormun/servlet/permisogoce?1b264dd77aa663ac83060cd6291e3e50,INS,0,,,,gx-no-cache=1734612711328 HTTP/1.1" 200 93
190.171.144.234 - - [19/Dec/2024:09:51:36 -0300] "GET /cormun/servlet/hpexe_return? HTTP/1.1" 200 1014
190.171.144.234 - - [19/Dec/2024:09:51:36 -0300] "GET /cormun/servlet/trpermisosgoce HTTP/1.1" 200 18075
190.171.144.234 - - [19/Dec/2024:09:51:45 -0300] "GET /cormun/servlet/apermisogoceprn?14202567,P,20241219095108,PU HTTP/1.1" 200 1665
190.95.15.15 - - [19/Dec/2024:09:51:48 -0300] "GET /cormun/servlet/licenciaspermisos?DSP,18374182,L,20241219000000, HTTP/1.1" 200 7094
190.95.15.15 - - [19/Dec/2024:09:51:48 -0300] "GET /cormun/static/Resources/prompt.gif HTTP/1.1" 200 902
190.95.15.15 - - [19/Dec/2024:09:51:48 -0300] "GET /cormun/static/gxcfg.js?202012153173 HTTP/1.1" 200 953
190.95.15.15 - - [19/Dec/2024:09:51:48 -0300] "GET /cormun/static/licenciaspermisos.js?2020121532136 HTTP/1.1" 200 38753
190.171.143.82 - - [19/Dec/2024:09:53:28 -0300] "GET /cormun/servlet/permisogoce?INS,0,,, HTTP/1.1" 200 6034
190.171.143.82 - - [19/Dec/2024:09:53:29 -0300] "GET /cormun/servlet/permisogoce?INS,0,,, HTTP/1.1" 200 6028
190.171.143.82 - - [19/Dec/2024:09:53:30 -0300] "GET /cormun/servlet/hlogin HTTP/1.1" 200 1743
190.171.143.82 - - [19/Dec/2024:09:53:33 -0300] "POST /cormun/servlet/hlogin?bc6ef13752d8a804d0f0fb47a6d999ee,gx-no-cache=1734612829030 HTTP/1.1" 200 90
190.171.143.82 - - [19/Dec/2024:09:53:33 -0300] "GET /cormun/servlet/hpexe_link HTTP/1.1" 200 965
190.171.143.82 - - [19/Dec/2024:09:53:33 -0300] "GET /cormun/servlet/permisogoce?INS,0,,, HTTP/1.1" 200 7013
190.171.143.82 - - [19/Dec/2024:09:53:49 -0300] "GET /cormun/servlet/permisogoce?1c8ed3432fac0ceba27dc4d5276e34da66474e916b2104174cba2951ca7ebc75333afda4c5cb96326227faef1090bb2b9c7f851791b6e6f37ab9c1b1492206fb,gx-no-cache=1734612844836 HTTP/1.1" 200 82
190.171.143.82 - - [19/Dec/2024:09:54:22 -0300] "GET /cormun/servlet/permisogoce?1c8ed3432fac0ceba27dc4d5276e34da0b9c08df2c11eb6fd46fe10bb5731df6206236c9d4509186e42e36e167fe11ba96d0379dd75208c2ff3d32ba2f2b5f50,gx-no-cache=1734612877822 HTTP/1.1" 200 48
190.171.143.82 - - [19/Dec/2024:09:54:25 -0300] "POST /cormun/servlet/permisogoce?bc6ef13752d8a804d0f0fb47a6d999ee,INS,0,,,,gx-no-cache=1734612880552 HTTP/1.1" 200 93
190.171.143.82 - - [19/Dec/2024:09:54:25 -0300] "GET /cormun/servlet/hpexe_return? HTTP/1.1" 200 1007
190.171.143.82 - - [19/Dec/2024:09:54:25 -0300] "GET /cormun/servlet/hhome HTTP/1.1" 200 4295
190.171.143.82 - - [19/Dec/2024:09:54:29 -0300] "GET /cormun/servlet/trpermisosgoce? HTTP/1.1" 200 18489
190.171.143.82 - - [19/Dec/2024:09:54:43 -0300] "GET /cormun/servlet/apermisogoceprn?13944665,P,20241219095353,PU HTTP/1.1" 200 1653
190.171.143.82 - - [19/Dec/2024:09:54:59 -0300] "GET /cormun/servlet/permisogoce?INS,0,,, HTTP/1.1" 200 7188
190.171.143.82 - - [19/Dec/2024:09:55:06 -0300] "GET /cormun/servlet/permisogoce?1c8ed3432fac0ceba27dc4d5276e34da6e4d8259b3dc1eae2f440c8e424c7813333afda4c5cb96326227faef1090bb2b9c7f851791b6e6f37ab9c1b1492206fb,gx-no-cache=1734612921816 HTTP/1.1" 200 82
190.171.143.82 - - [19/Dec/2024:09:55:14 -0300] "GET /cormun/servlet/permisogoce?1c8ed3432fac0ceba27dc4d5276e34daa853a075849609659148d79e16fb43b9bdad323d2ed01f2c672db902b6a672f296d0379dd75208c2ff3d32ba2f2b5f50,gx-no-cache=1734612929605 HTTP/1.1" 200 49
190.171.143.82 - - [19/Dec/2024:09:55:16 -0300] "POST /cormun/servlet/permisogoce?bc6ef13752d8a804d0f0fb47a6d999ee,INS,0,,,,gx-no-cache=1734612931919 HTTP/1.1" 200 93
190.171.143.82 - - [19/Dec/2024:09:55:16 -0300] "GET /cormun/servlet/hpexe_return? HTTP/1.1" 200 1010
190.171.143.82 - - [19/Dec/2024:09:55:17 -0300] "GET /cormun/servlet/trpermisosgoce HTTP/1.1" 200 18669
190.171.143.82 - - [19/Dec/2024:09:55:24 -0300] "GET /cormun/servlet/apermisogoceprn?13568629,P,20241219095518,PU HTTP/1.1" 200 1656
200.54.103.162 - - [19/Dec/2024:09:58:51 -0300] "GET /cormun/servlet/hlogin HTTP/1.1" 200 1724
200.54.103.162 - - [19/Dec/2024:09:58:51 -0300] "GET /cormun/servlet/hlogin HTTP/1.1" 200 1734
200.54.103.162 - - [19/Dec/2024:09:58:58 -0300] "POST /cormun/servlet/hlogin?b210419ff50bdc4ffbfcbb3a43d6712f,gx-no-cache=1734613151758 HTTP/1.1" 200 90
200.54.103.162 - - [19/Dec/2024:09:58:59 -0300] "GET /cormun/servlet/hpexe_link HTTP/1.1" 200 955
200.54.103.162 - - [19/Dec/2024:09:58:59 -0300] "GET /cormun/servlet/hhome HTTP/1.1" 200 4347
200.54.103.162 - - [19/Dec/2024:09:59:01 -0300] "GET /cormun/servlet/trlicencias? HTTP/1.1" 200 11534
190.171.149.90 - - [19/Dec/2024:10:00:11 -0300] "GET /cormun/servlet/permisogoce?d69c1d02e0952c7f56efd4125ec2579dee27534e5631d487fbfc505ea7f61f4ad2d8530f7e0a8826dd74dc63d91e24665ab046ff8fc2b9827cb8d284673e68a0c5bb9872cb5ebd955ebcf3a1e2f4b1048713c44e54f0409cb7b3c1e3f4417a9fc87ab8de565ee1f4715ada3a1bf09b081fa442c56f4fda4c6903cc05d821f4d4,gx-no-cache=1734612833716 HTTP/1.1" 200 88
190.171.149.90 - - [19/Dec/2024:10:00:36 -0300] "GET /cormun/servlet/permisogoce?d69c1d02e0952c7f56efd4125ec2579d915a08300d0ed7720268edf4563ac1f31bb1c9aad78604417eeb007096b507ec3e5c556b925fbe37ed609788b9cd4408ff01ec56e3da920820b044d352b5211947d9a8b9bca1fb7066b3aaa1696ea29c48af861df7364602f1b083daff6b18d9,gx-no-cache=1734612858405 HTTP/1.1" 200 89
190.171.149.90 - - [19/Dec/2024:10:02:49 -0300] "GET /cormun/servlet/permisogoce?d69c1d02e0952c7f56efd4125ec2579de5b2895db07d54d04c7b062ef4e6b3fa49273493fe02b2234ecad627e40baac51d9ad5d1224df1d8c87baf355b8c47564cfc8ac7a497bce3a9f7681261da30b514f5f34fe53359787084398b82ae27ef34c44cb543312f39777383e4c5fa36c6f68136f31ff90300aa0ba2a41200a736,gx-no-cache=1734612991440 HTTP/1.1" 200 226
190.171.149.90 - - [19/Dec/2024:10:03:03 -0300] "GET /cormun/servlet/permisogoce?d69c1d02e0952c7f56efd4125ec2579de6aa2fbe39caa4310e1b3c8700a441bfb077d28a0b9d642d3c0bba71fa7eb24001bec861fafb3bbb513fb871544849ae2e650c7829e79d841bc7e35c1db6dbb109210fd247ebbd49c5b9fc9d7456e243ffeb92a5be480b92dd1e5505b9b75a983c01142bb6ce3166ed27cc6802cd45a8,gx-no-cache=1734613005419 HTTP/1.1" 200 77
190.171.149.90 - - [19/Dec/2024:10:05:06 -0300] "GET /cormun/servlet/permisogoce?d69c1d02e0952c7f56efd4125ec2579db017d4152f901acf0a2de225831a712bac6127a942137922e0485f9992ec7a2715da7c985948db84db2f2ae3a429deb6c9e8a7c43a17faf2d11e0adf3123de628a54d4ae369d83ae9c58a1d4bc5d3c20c86a7691e30f7c8e74537679af373c6a,gx-no-cache=1734613129240 HTTP/1.1" 200 226
200.54.103.162 - - [19/Dec/2024:10:05:18 -0300] "GET /cormun/servlet/hlogin HTTP/1.1" 200 1721
200.54.103.162 - - [19/Dec/2024:10:05:18 -0300] "GET /cormun/servlet/hlogin HTTP/1.1" 200 1731
190.171.149.90 - - [19/Dec/2024:10:05:20 -0300] "GET /cormun/servlet/permisogoce?d69c1d02e0952c7f56efd4125ec2579d2d7f8dc8c8202bd31452d9fbb8a791f5ac6127a942137922e0485f9992ec7a2715da7c985948db84db2f2ae3a429deb6c9e8a7c43a17faf2d11e0adf3123de628a54d4ae369d83ae9c58a1d4bc5d3c20c86a7691e30f7c8e74537679af373c6a,gx-no-cache=1734613142852 HTTP/1.1" 200 68
200.54.103.162 - - [19/Dec/2024:10:05:35 -0300] "POST /cormun/servlet/hlogin?63d79a70e4a64abc1cf8cfa3a1e0c260,gx-no-cache=1734613548802 HTTP/1.1" 200 90
200.54.103.162 - - [19/Dec/2024:10:05:35 -0300] "GET /cormun/servlet/hpexe_link HTTP/1.1" 200 952
200.54.103.162 - - [19/Dec/2024:10:05:35 -0300] "GET /cormun/servlet/hhome HTTP/1.1" 200 4343
200.54.103.162 - - [19/Dec/2024:10:05:37 -0300] "GET /cormun/servlet/trlicencias? HTTP/1.1" 200 11533
190.171.149.90 - - [19/Dec/2024:10:05:50 -0300] "GET /cormun/servlet/permisogoce?d69c1d02e0952c7f56efd4125ec2579d1855b6899c691ffdc8b611c65fea28dd38a8004b159cf08238d914851d26e2bf7f203e63bf2235e052e44e74866fd782bdb8a032dd19d9747a7f8ace870dcab1da51ec450db7718ccf79f7ba90e6f677,gx-no-cache=1734613172361 HTTP/1.1" 200 78
200.54.103.162 - - [19/Dec/2024:10:05:57 -0300] "GET /cormun/servlet/hlogin HTTP/1.1" 200 1739
190.171.149.90 - - [19/Dec/2024:10:06:37 -0300] "GET /cormun/servlet/permisogoce?d69c1d02e0952c7f56efd4125ec2579de42f757083970184576d42d374007b9bdf0f7a0539d4a90eb187b6d6d67d2360f35d9d8cfeeaefba84f956bfb4210200e6415746b1a4028747f7ce088257ea04816fba8264cb1fc06dd8285534c7375f,gx-no-cache=1734613219328 HTTP/1.1" 200 80
190.171.149.90 - - [19/Dec/2024:10:07:00 -0300] "GET /cormun/servlet/permisogoce?d69c1d02e0952c7f56efd4125ec2579d6afb75dab8904bb2ed2b3a5ba4548112042728d33f8dc31cdf20e38a75fc47a7fdf6d46dbb6a672d630858ba6451727f349ec1601fc631907c121c663c375e138d09422a8f7fa8509a61cb2046a9ef1533487b2933fbd1be23aef674bff7fc50,gx-no-cache=1734613243166 HTTP/1.1" 200 226
190.171.149.90 - - [19/Dec/2024:10:07:12 -0300] "GET /cormun/servlet/permisogoce?d69c1d02e0952c7f56efd4125ec2579d066251fbcb24efc2849b8ac515e14c1a042728d33f8dc31cdf20e38a75fc47a7fdf6d46dbb6a672d630858ba6451727f349ec1601fc631907c121c663c375e138d09422a8f7fa8509a61cb2046a9ef1533487b2933fbd1be23aef674bff7fc50,gx-no-cache=1734613255253 HTTP/1.1" 200 84
190.171.149.90 - - [19/Dec/2024:10:07:32 -0300] "GET /cormun/servlet/permisogoce?d69c1d02e0952c7f56efd4125ec2579d202b066c3760c2e78481dc9c2de860f796e6657ce17f0e61a739e4e5a07d29687946df645eec15bf53729732a0a76ac1918374d8a9f4479817c0422ed329881d4bb8f935e59ad2bdb3bf0e566ccad929b3b3a501b26ac8f2a1af71678e49bcb7ed6130245fe3ca85e18bd2b0890d565b,gx-no-cache=1734613275216 HTTP/1.1" 200 79
190.171.149.90 - - [19/Dec/2024:10:07:52 -0300] "GET /cormun/servlet/permisogoce?d69c1d02e0952c7f56efd4125ec2579da5aa10491d1baf120f788152e9777622d457b8341af59e0d337946e4576ba922c4032023d591e0ff6285ccc6e84ca212467e3b40a61c9dc80430a3e3d4a4cf7120553647731f22321579888b50bd3ebec86a7691e30f7c8e74537679af373c6a,gx-no-cache=1734613294950 HTTP/1.1" 200 85
190.171.149.90 - - [19/Dec/2024:10:08:10 -0300] "GET /cormun/servlet/permisogoce?d69c1d02e0952c7f56efd4125ec2579d0cb6538e14b1f319ce60082ad996bc6eea896644ec988dc614b19cd828686f57cbc5c7c80ec970e511310c7f143597597022dce222d1c61f714efbd7eddb153b7d944c836b7f414fe2fbc8cc76f44bd6e9167e22ded4bb99e8182c6509ab3e32,gx-no-cache=1734613313271 HTTP/1.1" 200 81
190.171.149.90 - - [19/Dec/2024:10:08:32 -0300] "GET /cormun/servlet/permisogoce?d69c1d02e0952c7f56efd4125ec2579d6fc917a0e56a90a8d623ce1f8c1b380e15705bb461208a012c2832a50ec761b7844bb1a97a4b9a68786b6d4b805dcbb28fc73dde8bf0f1ef73f0048230d29d7c6b7f7d5a99d30954c98fe4ef56076e3f84117e298da678e9767453d8a9e87b01,gx-no-cache=1734613334756 HTTP/1.1" 200 78
