190.171.142.42 - - [10/Dec/2024:12:05:13 -0300] "POST /cormun/servlet/permisogoce?769627506e5b91dbccd0321e5a36718c,INS,0,,,,gx-no-cache=1733843136006 HTTP/1.1" 200 93
190.171.142.42 - - [10/Dec/2024:12:05:13 -0300] "GET /cormun/servlet/hpexe_return? HTTP/1.1" 200 1013
190.171.142.42 - - [10/Dec/2024:12:05:13 -0300] "GET /cormun/servlet/trpermisosgoce HTTP/1.1" 200 17546
190.171.142.42 - - [10/Dec/2024:12:05:23 -0300] "GET /cormun/servlet/permisogoce?INS,0,,, HTTP/1.1" 200 6805
190.171.142.42 - - [10/Dec/2024:12:06:00 -0300] "GET /cormun/servlet/permisogoce?6f528cf5e5ad4e8c88ec67681584eada70fb1e4d46c07f6339b18bf00f749f5f9c3da954ea7df0261d44c4fd8c0cab96d319c1e9fa082bea215e5750d538e957,gx-no-cache=1733843183203 HTTP/1.1" 200 80
190.171.143.106 - - [10/Dec/2024:12:06:01 -0300] "GET /cormun/servlet/hhome HTTP/1.1" 200 3316
190.171.143.106 - - [10/Dec/2024:12:06:02 -0300] "GET /cormun/servlet/hlogin HTTP/1.1" 200 1727
190.171.143.106 - - [10/Dec/2024:12:06:04 -0300] "POST /cormun/servlet/hlogin?fd0a93097baac1c057fbe75d9221f5e2,gx-no-cache=1733843190967 HTTP/1.1" 200 90
190.171.143.106 - - [10/Dec/2024:12:06:04 -0300] "GET /cormun/servlet/hpexe_link HTTP/1.1" 200 945
190.171.143.106 - - [10/Dec/2024:12:06:04 -0300] "GET /cormun/servlet/hhome HTTP/1.1" 200 4290
190.171.143.106 - - [10/Dec/2024:12:06:07 -0300] "GET /cormun/servlet/trlicencias? HTTP/1.1" 200 12938
190.171.142.42 - - [10/Dec/2024:12:06:11 -0300] "GET /cormun/servlet/permisogoce?6f528cf5e5ad4e8c88ec67681584eadaa978592a37acf252d194bcce0c268b35ec944737ec4f121705cfc518ee642ab729e4cc2e31de9f0cc55eb62876df7405,gx-no-cache=1733843194968 HTTP/1.1" 200 47
190.171.142.42 - - [10/Dec/2024:12:06:17 -0300] "POST /cormun/servlet/permisogoce?769627506e5b91dbccd0321e5a36718c,INS,0,,,,gx-no-cache=1733843200316 HTTP/1.1" 200 93
190.171.142.42 - - [10/Dec/2024:12:06:17 -0300] "GET /cormun/servlet/hpexe_return? HTTP/1.1" 200 1013
190.171.142.42 - - [10/Dec/2024:12:06:17 -0300] "GET /cormun/servlet/trpermisosgoce HTTP/1.1" 200 17768
190.171.142.42 - - [10/Dec/2024:12:06:30 -0300] "GET /cormun/servlet/permisogoce?INS,0,,, HTTP/1.1" 200 6805
190.171.142.42 - - [10/Dec/2024:12:06:39 -0300] "GET /cormun/servlet/permisogoce?6f528cf5e5ad4e8c88ec67681584eada24e4a32378d8080488bd418630ad2d54d95a1dbddbed783a1bed331e975000c0d2d55333c3e45acc6ef40378c39c10ed,gx-no-cache=1733843223083 HTTP/1.1" 200 78
190.171.142.42 - - [10/Dec/2024:12:06:48 -0300] "GET /cormun/servlet/permisogoce?6f528cf5e5ad4e8c88ec67681584eada354c86d77dc826b66d42c5a873ca144a0b612a553f8f697f6acdb2c0a94b09b43ef79476292080a07ed21132293a3371,gx-no-cache=1733843231475 HTTP/1.1" 200 47
190.171.142.42 - - [10/Dec/2024:12:06:54 -0300] "POST /cormun/servlet/permisogoce?769627506e5b91dbccd0321e5a36718c,INS,0,,,,gx-no-cache=1733843237675 HTTP/1.1" 200 93
190.171.142.42 - - [10/Dec/2024:12:06:54 -0300] "GET /cormun/servlet/hpexe_return? HTTP/1.1" 200 1013
190.171.142.42 - - [10/Dec/2024:12:06:55 -0300] "GET /cormun/servlet/trpermisosgoce HTTP/1.1" 200 17969
190.171.142.42 - - [10/Dec/2024:12:07:13 -0300] "GET /cormun/servlet/permisogoce?INS,0,,, HTTP/1.1" 200 6805
190.171.142.42 - - [10/Dec/2024:12:07:25 -0300] "GET /cormun/servlet/permisogoce?6f528cf5e5ad4e8c88ec67681584eada2dc3d5d91f6e0b3c1a8e9a89470423219c3da954ea7df0261d44c4fd8c0cab96d319c1e9fa082bea215e5750d538e957,gx-no-cache=1733843268950 HTTP/1.1" 200 78
190.171.142.42 - - [10/Dec/2024:12:07:31 -0300] "GET /cormun/servlet/permisogoce?6f528cf5e5ad4e8c88ec67681584eada3a9d9a29e0dcd4b082ec28739a1d94634a90c57ced060ce98483d25097ebc79529e4cc2e31de9f0cc55eb62876df7405,gx-no-cache=1733843274573 HTTP/1.1" 200 47
190.171.142.42 - - [10/Dec/2024:12:07:36 -0300] "POST /cormun/servlet/permisogoce?769627506e5b91dbccd0321e5a36718c,INS,0,,,,gx-no-cache=1733843279028 HTTP/1.1" 200 93
190.171.142.42 - - [10/Dec/2024:12:07:36 -0300] "GET /cormun/servlet/hpexe_return? HTTP/1.1" 200 1013
190.171.142.42 - - [10/Dec/2024:12:07:36 -0300] "GET /cormun/servlet/trpermisosgoce HTTP/1.1" 200 18003
190.171.142.42 - - [10/Dec/2024:12:07:48 -0300] "GET /cormun/servlet/permisogoce?INS,0,,, HTTP/1.1" 200 6806
190.171.149.74 - - [10/Dec/2024:12:07:50 -0300] "GET /cormun/servlet/trlicencias? HTTP/1.1" 200 7548
190.171.149.74 - - [10/Dec/2024:12:07:51 -0300] "GET /cormun/servlet/hlogin HTTP/1.1" 200 1733
190.171.149.74 - - [10/Dec/2024:12:07:55 -0300] "POST /cormun/servlet/hlogin?fe5d82a995be24c3e43cf165c99f9341,gx-no-cache=1733843301634 HTTP/1.1" 200 90
190.171.149.74 - - [10/Dec/2024:12:07:55 -0300] "GET /cormun/servlet/hpexe_link HTTP/1.1" 200 950
190.171.149.74 - - [10/Dec/2024:12:07:55 -0300] "GET /cormun/servlet/trlicencias HTTP/1.1" 200 12987
190.171.142.42 - - [10/Dec/2024:12:07:56 -0300] "GET /cormun/servlet/permisogoce?6f528cf5e5ad4e8c88ec67681584eada545f50d7c88f4418a15729d1b77fc6c69c3da954ea7df0261d44c4fd8c0cab96d319c1e9fa082bea215e5750d538e957,gx-no-cache=1733843299379 HTTP/1.1" 200 86
190.171.149.74 - - [10/Dec/2024:12:08:03 -0300] "POST /cormun/servlet/trlicencias?fe5d82a995be24c3e43cf165c99f9341,gx-no-cache=1733843309844 HTTP/1.1" 200 10608
190.171.149.74 - - [10/Dec/2024:12:08:04 -0300] "POST /cormun/servlet/trlicencias?fe5d82a995be24c3e43cf165c99f9341,gx-no-cache=1733843310960 HTTP/1.1" 200 10609
190.171.142.42 - - [10/Dec/2024:12:08:08 -0300] "GET /cormun/servlet/permisogoce?6f528cf5e5ad4e8c88ec67681584eadabb75a4e2d75c70bc233718361624d4524406ad61dc3a55514144cdb29d2b120329e4cc2e31de9f0cc55eb62876df7405,gx-no-cache=1733843311790 HTTP/1.1" 200 48
190.171.142.42 - - [10/Dec/2024:12:08:21 -0300] "POST /cormun/servlet/permisogoce?769627506e5b91dbccd0321e5a36718c,INS,0,,,,gx-no-cache=1733843324289 HTTP/1.1" 200 93
190.171.142.42 - - [10/Dec/2024:12:08:21 -0300] "GET /cormun/servlet/hpexe_return? HTTP/1.1" 200 1013
190.171.142.42 - - [10/Dec/2024:12:08:21 -0300] "GET /cormun/servlet/trpermisosgoce HTTP/1.1" 200 17982
190.171.142.42 - - [10/Dec/2024:12:08:32 -0300] "GET /cormun/servlet/permisogoce?INS,0,,, HTTP/1.1" 200 6804
190.171.142.42 - - [10/Dec/2024:12:08:39 -0300] "GET /cormun/servlet/permisogoce?6f528cf5e5ad4e8c88ec67681584eada923964a8938df035817ed6323894c5c59c3da954ea7df0261d44c4fd8c0cab96d319c1e9fa082bea215e5750d538e957,gx-no-cache=1733843342586 HTTP/1.1" 200 81
181.212.40.185 - - [10/Dec/2024:12:08:55 -0300] "GET /cormun/servlet/permisogoce?aa1d7e38f1b102969883e4c3d6a734d0c3529e153b939790532a3ed874c0af0abb4b67442d8e3d6b2b83633749277f81c025858bf9b2add7af7c4f966225ee5d,gx-no-cache=1733843361540 HTTP/1.1" 200 85
200.54.103.162 - - [10/Dec/2024:12:08:58 -0300] "GET /cormun/servlet/hhome HTTP/1.1" 200 3324
200.54.103.162 - - [10/Dec/2024:12:08:58 -0300] "GET /cormun/servlet/hlogin HTTP/1.1" 200 1732
190.171.149.74 - - [10/Dec/2024:12:08:59 -0300] "POST /cormun/servlet/trlicencias?fe5d82a995be24c3e43cf165c99f9341,gx-no-cache=1733843365096 HTTP/1.1" 200 10608
190.171.142.42 - - [10/Dec/2024:12:09:02 -0300] "GET /cormun/servlet/permisogoce?6f528cf5e5ad4e8c88ec67681584eada6202585957d43e5dcb917f0b78b673414430846628e23e35ea3060c048c5b61d29e4cc2e31de9f0cc55eb62876df7405,gx-no-cache=1733843365604 HTTP/1.1" 200 48
190.171.149.74 - - [10/Dec/2024:12:09:03 -0300] "POST /cormun/servlet/trlicencias?fe5d82a995be24c3e43cf165c99f9341,gx-no-cache=1733843369840 HTTP/1.1" 200 10609
181.212.40.185 - - [10/Dec/2024:12:09:05 -0300] "GET /cormun/servlet/permisogoce?aa1d7e38f1b102969883e4c3d6a734d05f030815c38925fbd86ef9e9c43d9a779d50381d481b7cb8486a286d02a3dbbd9ea14442640780acb57715f7289772f1,gx-no-cache=1733843371334 HTTP/1.1" 200 49
190.171.142.42 - - [10/Dec/2024:12:09:08 -0300] "POST /cormun/servlet/permisogoce?769627506e5b91dbccd0321e5a36718c,INS,0,,,,gx-no-cache=1733843371376 HTTP/1.1" 200 93
190.171.142.42 - - [10/Dec/2024:12:09:08 -0300] "GET /cormun/servlet/hpexe_return? HTTP/1.1" 200 1013
190.171.142.42 - - [10/Dec/2024:12:09:08 -0300] "GET /cormun/servlet/trpermisosgoce HTTP/1.1" 200 17948
181.212.40.185 - - [10/Dec/2024:12:09:09 -0300] "POST /cormun/servlet/permisogoce?e4596bb84d6b19c720bf2a39d6fad407,INS,0,,,,gx-no-cache=1733843375602 HTTP/1.1" 200 93
181.212.40.185 - - [10/Dec/2024:12:09:10 -0300] "GET /cormun/servlet/hpexe_return? HTTP/1.1" 200 1007
181.212.40.185 - - [10/Dec/2024:12:09:10 -0300] "GET /cormun/servlet/hhome HTTP/1.1" 200 4233
200.54.103.162 - - [10/Dec/2024:12:09:12 -0300] "POST /cormun/servlet/hlogin?18dce48083258bc1f06ba9e1ff39eb7e,gx-no-cache=1733843379760 HTTP/1.1" 200 90
200.54.103.162 - - [10/Dec/2024:12:09:12 -0300] "GET /cormun/servlet/hpexe_link HTTP/1.1" 200 953
200.54.103.162 - - [10/Dec/2024:12:09:12 -0300] "GET /cormun/servlet/hhome HTTP/1.1" 200 4345
190.171.149.74 - - [10/Dec/2024:12:09:15 -0300] "GET /cormun/servlet/trlicencias? HTTP/1.1" 200 12985
200.54.103.162 - - [10/Dec/2024:12:09:16 -0300] "GET /cormun/servlet/trlicencias? HTTP/1.1" 200 10898
190.171.142.42 - - [10/Dec/2024:12:09:19 -0300] "GET /cormun/servlet/permisogoce?INS,0,,, HTTP/1.1" 200 6805
181.212.40.185 - - [10/Dec/2024:12:09:20 -0300] "GET /cormun/servlet/trpermisosgoce? HTTP/1.1" 200 18270
181.212.40.185 - - [10/Dec/2024:12:09:25 -0300] "GET /cormun/servlet/trpermisosadjuntos?8731238,20241210120146,P, HTTP/1.1" 200 6550
181.212.40.185 - - [10/Dec/2024:12:09:27 -0300] "GET /cormun/servlet/permisosadjuntos?INS,8731238,P,20241210120146,, HTTP/1.1" 200 5873
181.212.40.185 - - [10/Dec/2024:12:09:27 -0300] "GET /cormun/static/about:blank HTTP/1.1" 404 1011
190.171.142.42 - - [10/Dec/2024:12:09:29 -0300] "GET /cormun/servlet/permisogoce?6f528cf5e5ad4e8c88ec67681584eada0d8d32514daa8a726e9a876c5c8d08f79c3da954ea7df0261d44c4fd8c0cab96d319c1e9fa082bea215e5750d538e957,gx-no-cache=1733843392388 HTTP/1.1" 200 80
181.212.40.185 - - [10/Dec/2024:12:09:37 -0300] "POST /cormun/servlet/permisosadjuntos?e4596bb84d6b19c720bf2a39d6fad407,INS,8731238,P,20241210120146,, HTTP/1.1" 200 116
181.212.40.185 - - [10/Dec/2024:12:09:37 -0300] "GET /cormun/servlet/hpexe_return? HTTP/1.1" 200 1037
181.212.40.185 - - [10/Dec/2024:12:09:37 -0300] "GET /cormun/servlet/trpermisosadjuntos?8731238,20241210120146,P, HTTP/1.1" 200 7095
190.171.142.42 - - [10/Dec/2024:12:09:37 -0300] "GET /cormun/servlet/permisogoce?6f528cf5e5ad4e8c88ec67681584eada2639b403dce59a4d730de9be7ca584c3c0b4b93090fe9decbdc04c4d75c6eedf29e4cc2e31de9f0cc55eb62876df7405,gx-no-cache=1733843401076 HTTP/1.1" 200 47
181.212.40.185 - - [10/Dec/2024:12:09:39 -0300] "POST /cormun/servlet/trpermisosadjuntos?e4596bb84d6b19c720bf2a39d6fad407,8731238,20241210120146,P,,gx-no-cache=1733843405179 HTTP/1.1" 200 90
181.212.40.185 - - [10/Dec/2024:12:09:39 -0300] "GET /cormun/servlet/hpexe_link HTTP/1.1" 200 983
181.212.40.185 - - [10/Dec/2024:12:09:39 -0300] "GET /cormun/servlet/trpermisosgoce HTTP/1.1" 200 18089
190.171.142.42 - - [10/Dec/2024:12:09:41 -0300] "POST /cormun/servlet/permisogoce?769627506e5b91dbccd0321e5a36718c,INS,0,,,,gx-no-cache=1733843404842 HTTP/1.1" 200 93
190.171.142.42 - - [10/Dec/2024:12:09:41 -0300] "GET /cormun/servlet/hpexe_return? HTTP/1.1" 200 1013
190.171.142.42 - - [10/Dec/2024:12:09:42 -0300] "GET /cormun/servlet/trpermisosgoce HTTP/1.1" 200 17970
181.212.40.185 - - [10/Dec/2024:12:09:42 -0300] "POST /cormun/servlet/trpermisosgoce?e4596bb84d6b19c720bf2a39d6fad407,gx-no-cache=1733843408029 HTTP/1.1" 200 15417
181.212.40.185 - - [10/Dec/2024:12:09:51 -0300] "GET /cormun/servlet/permisogoce?INS,0,,, HTTP/1.1" 200 7112
190.171.142.42 - - [10/Dec/2024:12:09:55 -0300] "GET /cormun/servlet/permisogoce?INS,0,,, HTTP/1.1" 200 6805
181.212.40.185 - - [10/Dec/2024:12:09:57 -0300] "GET /cormun/servlet/permisogoce?aa1d7e38f1b102969883e4c3d6a734d0c3529e153b939790532a3ed874c0af0abb4b67442d8e3d6b2b83633749277f81c025858bf9b2add7af7c4f966225ee5d,gx-no-cache=1733843423644 HTTP/1.1" 200 85
181.212.40.185 - - [10/Dec/2024:12:09:59 -0300] "GET /cormun/static/menuarrow.gif HTTP/1.1" 404 1015
190.171.142.42 - - [10/Dec/2024:12:10:02 -0300] "GET /cormun/servlet/permisogoce?6f528cf5e5ad4e8c88ec67681584eada0c6608e801e2fa264a0a400a1a7c449c9c3da954ea7df0261d44c4fd8c0cab96d319c1e9fa082bea215e5750d538e957,gx-no-cache=1733843425988 HTTP/1.1" 200 83
181.212.40.185 - - [10/Dec/2024:12:10:04 -0300] "GET /cormun/servlet/permisogoce?aa1d7e38f1b102969883e4c3d6a734d05f030815c38925fbd86ef9e9c43d9a772bd9df011e46d685d62a63f376e92fba9ea14442640780acb57715f7289772f1,gx-no-cache=1733843430260 HTTP/1.1" 200 48
181.212.40.185 - - [10/Dec/2024:12:10:07 -0300] "POST /cormun/servlet/permisogoce?e4596bb84d6b19c720bf2a39d6fad407,INS,0,,,,gx-no-cache=1733843433018 HTTP/1.1" 200 93
181.212.40.185 - - [10/Dec/2024:12:10:07 -0300] "GET /cormun/servlet/hpexe_return? HTTP/1.1" 200 1031
181.212.40.185 - - [10/Dec/2024:12:10:07 -0300] "GET /cormun/servlet/trpermisosgoce?gx-no-cache=1733843408029 HTTP/1.1" 200 18077
181.212.40.185 - - [10/Dec/2024:12:10:09 -0300] "GET /cormun/servlet/trpermisosadjuntos?8731238,20241210121030,P, HTTP/1.1" 200 6568
190.171.142.42 - - [10/Dec/2024:12:10:10 -0300] "GET /cormun/servlet/permisogoce?6f528cf5e5ad4e8c88ec67681584eada0bf642b196ff55447e2986131e7ba9c69b6a0e305e0a187116066cbbd9d8f62c29e4cc2e31de9f0cc55eb62876df7405,gx-no-cache=1733843433357 HTTP/1.1" 200 47
181.212.40.185 - - [10/Dec/2024:12:10:11 -0300] "GET /cormun/servlet/permisosadjuntos?INS,8731238,P,20241210121030,, HTTP/1.1" 200 5867
181.212.40.185 - - [10/Dec/2024:12:10:11 -0300] "GET /cormun/static/about:blank HTTP/1.1" 404 1011
190.171.142.42 - - [10/Dec/2024:12:10:14 -0300] "POST /cormun/servlet/permisogoce?769627506e5b91dbccd0321e5a36718c,INS,0,,,,gx-no-cache=1733843437804 HTTP/1.1" 200 93
190.171.142.42 - - [10/Dec/2024:12:10:14 -0300] "GET /cormun/servlet/hpexe_return? HTTP/1.1" 200 1013
190.171.142.42 - - [10/Dec/2024:12:10:15 -0300] "GET /cormun/servlet/trpermisosgoce HTTP/1.1" 200 17963
181.212.40.185 - - [10/Dec/2024:12:10:21 -0300] "POST /cormun/servlet/permisosadjuntos?e4596bb84d6b19c720bf2a39d6fad407,INS,8731238,P,20241210121030,, HTTP/1.1" 200 116
181.212.40.185 - - [10/Dec/2024:12:10:21 -0300] "GET /cormun/servlet/hpexe_return? HTTP/1.1" 200 1036
181.212.40.185 - - [10/Dec/2024:12:10:21 -0300] "GET /cormun/servlet/trpermisosadjuntos?8731238,20241210121030,P, HTTP/1.1" 200 7080
190.171.142.42 - - [10/Dec/2024:12:10:30 -0300] "GET /cormun/servlet/permisogoce?INS,0,,, HTTP/1.1" 200 6804
181.212.40.185 - - [10/Dec/2024:12:10:30 -0300] "POST /cormun/servlet/trpermisosadjuntos?e4596bb84d6b19c720bf2a39d6fad407,8731238,20241210121030,P,,gx-no-cache=1733843456467 HTTP/1.1" 200 90
181.212.40.185 - - [10/Dec/2024:12:10:30 -0300] "GET /cormun/servlet/hpexe_link HTTP/1.1" 200 1003
181.212.40.185 - - [10/Dec/2024:12:10:30 -0300] "GET /cormun/servlet/trpermisosgoce?gx-no-cache=1733843408029 HTTP/1.1" 200 18173
181.212.40.185 - - [10/Dec/2024:12:10:33 -0300] "POST /cormun/servlet/trpermisosgoce?e4596bb84d6b19c720bf2a39d6fad407,gx-no-cache=1733843408029,gx-no-cache=1733843459493 HTTP/1.1" 200 15472
190.171.142.42 - - [10/Dec/2024:12:10:37 -0300] "GET /cormun/servlet/permisogoce?6f528cf5e5ad4e8c88ec67681584eada2dc3d5d91f6e0b3c1a8e9a89470423219c3da954ea7df0261d44c4fd8c0cab96d319c1e9fa082bea215e5750d538e957,gx-no-cache=1733843460353 HTTP/1.1" 200 79
181.212.40.185 - - [10/Dec/2024:12:10:40 -0300] "GET /cormun/servlet/permisogoce?INS,0,,, HTTP/1.1" 200 7135
190.171.142.42 - - [10/Dec/2024:12:10:48 -0300] "GET /cormun/servlet/permisogoce?6f528cf5e5ad4e8c88ec67681584eada3a9d9a29e0dcd4b082ec28739a1d946344a6d20bceb4f3e404c496c7e683746929e4cc2e31de9f0cc55eb62876df7405,gx-no-cache=1733843471742 HTTP/1.1" 200 47
190.171.142.42 - - [10/Dec/2024:12:10:51 -0300] "POST /cormun/servlet/permisogoce?769627506e5b91dbccd0321e5a36718c,INS,0,,,,gx-no-cache=1733843474400 HTTP/1.1" 200 93
190.171.142.42 - - [10/Dec/2024:12:10:51 -0300] "GET /cormun/servlet/hpexe_return? HTTP/1.1" 200 1013
190.171.142.42 - - [10/Dec/2024:12:10:51 -0300] "GET /cormun/servlet/trpermisosgoce HTTP/1.1" 200 17953
190.171.142.42 - - [10/Dec/2024:12:11:10 -0300] "GET /cormun/servlet/permisogoce?INS,0,,, HTTP/1.1" 200 6804
181.212.40.185 - - [10/Dec/2024:12:11:17 -0300] "GET /cormun/servlet/permisogoce?aa1d7e38f1b102969883e4c3d6a734d0c3529e153b939790532a3ed874c0af0abb4b67442d8e3d6b2b83633749277f81c025858bf9b2add7af7c4f966225ee5d,gx-no-cache=1733843503730 HTTP/1.1" 200 85
190.171.142.42 - - [10/Dec/2024:12:11:20 -0300] "GET /cormun/servlet/permisogoce?6f528cf5e5ad4e8c88ec67681584eada1d705ace7a1213bd325faaddc204cd0d9c3da954ea7df0261d44c4fd8c0cab96d319c1e9fa082bea215e5750d538e957,gx-no-cache=1733843503773 HTTP/1.1" 200 74
181.212.40.185 - - [10/Dec/2024:12:11:30 -0300] "GET /cormun/servlet/permisogoce?aa1d7e38f1b102969883e4c3d6a734d05f030815c38925fbd86ef9e9c43d9a7790256fc128eb76847a308bb85da5412b9ea14442640780acb57715f7289772f1,gx-no-cache=1733843516507 HTTP/1.1" 200 49
190.171.142.42 - - [10/Dec/2024:12:11:33 -0300] "GET /cormun/servlet/permisogoce?6f528cf5e5ad4e8c88ec67681584eada4870e89e67cc3a3093f444463874ac52681983d9024072c637bc1945def59e4e29e4cc2e31de9f0cc55eb62876df7405,gx-no-cache=1733843516665 HTTP/1.1" 200 48
190.171.142.42 - - [10/Dec/2024:12:11:37 -0300] "POST /cormun/servlet/permisogoce?769627506e5b91dbccd0321e5a36718c,INS,0,,,,gx-no-cache=1733843520015 HTTP/1.1" 200 93
190.171.142.42 - - [10/Dec/2024:12:11:37 -0300] "GET /cormun/servlet/hpexe_return? HTTP/1.1" 200 1013
190.171.142.42 - - [10/Dec/2024:12:11:37 -0300] "GET /cormun/servlet/trpermisosgoce HTTP/1.1" 200 17933
190.171.143.106 - - [10/Dec/2024:12:11:45 -0300] "POST /cormun/servlet/trlicencias?fd0a93097baac1c057fbe75d9221f5e2,,gx-no-cache=1733843531171 HTTP/1.1" 200 101
190.171.143.106 - - [10/Dec/2024:12:11:45 -0300] "GET /cormun/Licencias-9171.xls HTTP/1.1" 200 15360
20.40.115.30 - - [10/Dec/2024:12:11:45 -0300] "GET /cormun/Licencias-9171.xls HTTP/1.1" 200 15360
190.171.142.42 - - [10/Dec/2024:12:11:57 -0300] "GET /cormun/servlet/permisogoce?INS,0,,, HTTP/1.1" 200 6804
190.171.142.42 - - [10/Dec/2024:12:12:06 -0300] "GET /cormun/servlet/permisogoce?6f528cf5e5ad4e8c88ec67681584eadafac664bfbb5dc6b5d6898a73846a94809c3da954ea7df0261d44c4fd8c0cab96d319c1e9fa082bea215e5750d538e957,gx-no-cache=1733843549618 HTTP/1.1" 200 82
190.171.142.42 - - [10/Dec/2024:12:12:17 -0300] "GET /cormun/servlet/permisogoce?6f528cf5e5ad4e8c88ec67681584eada237527b146822bcbf4fa21cdf4b7369ce3eb9747f162ff2161a9e9c59a8edc8829e4cc2e31de9f0cc55eb62876df7405,gx-no-cache=1733843560861 HTTP/1.1" 200 48
190.171.142.42 - - [10/Dec/2024:12:12:20 -0300] "POST /cormun/servlet/permisogoce?769627506e5b91dbccd0321e5a36718c,INS,0,,,,gx-no-cache=1733843563481 HTTP/1.1" 200 93
190.171.142.42 - - [10/Dec/2024:12:12:20 -0300] "GET /cormun/servlet/hpexe_return? HTTP/1.1" 200 1013
190.171.142.42 - - [10/Dec/2024:12:12:20 -0300] "GET /cormun/servlet/trpermisosgoce HTTP/1.1" 200 17930
190.171.152.138 - - [10/Dec/2024:12:12:21 -0300] "GET /cormun/servlet/hlogin HTTP/1.1" 200 1718
181.212.40.185 - - [10/Dec/2024:12:12:23 -0300] "POST /cormun/servlet/permisogoce?e4596bb84d6b19c720bf2a39d6fad407,INS,0,,,,gx-no-cache=1733843568793 HTTP/1.1" 200 93
181.212.40.185 - - [10/Dec/2024:12:12:23 -0300] "GET /cormun/servlet/hpexe_return? HTTP/1.1" 200 1031
181.212.40.185 - - [10/Dec/2024:12:12:23 -0300] "GET /cormun/servlet/trpermisosgoce?gx-no-cache=1733843408029 HTTP/1.1" 200 18102
181.212.40.185 - - [10/Dec/2024:12:12:25 -0300] "GET /cormun/servlet/trpermisosadjuntos?8731238,20241210121119,P, HTTP/1.1" 200 6569
181.212.40.185 - - [10/Dec/2024:12:12:26 -0300] "GET /cormun/servlet/permisosadjuntos?INS,8731238,P,20241210121119,, HTTP/1.1" 200 5870
181.212.40.185 - - [10/Dec/2024:12:12:26 -0300] "GET /cormun/static/about:blank HTTP/1.1" 404 1011
190.171.152.138 - - [10/Dec/2024:12:12:34 -0300] "POST /cormun/servlet/hlogin?1ac8dfa141537e9bce1486ab6f41625f,gx-no-cache=1733843580830 HTTP/1.1" 200 90
190.171.152.138 - - [10/Dec/2024:12:12:34 -0300] "GET /cormun/servlet/hpexe_link HTTP/1.1" 200 950
190.171.152.138 - - [10/Dec/2024:12:12:35 -0300] "GET /cormun/servlet/hhome HTTP/1.1" 200 3869
181.212.40.185 - - [10/Dec/2024:12:12:35 -0300] "POST /cormun/servlet/permisosadjuntos?e4596bb84d6b19c720bf2a39d6fad407,INS,8731238,P,20241210121119,, HTTP/1.1" 200 116
181.212.40.185 - - [10/Dec/2024:12:12:36 -0300] "GET /cormun/servlet/hpexe_return? HTTP/1.1" 200 1036
181.212.40.185 - - [10/Dec/2024:12:12:36 -0300] "GET /cormun/servlet/trpermisosadjuntos?8731238,20241210121119,P, HTTP/1.1" 200 7093
190.171.152.138 - - [10/Dec/2024:12:12:39 -0300] "GET /cormun/servlet/trpermisosgoce? HTTP/1.1" 200 16918
181.212.40.185 - - [10/Dec/2024:12:12:39 -0300] "POST /cormun/servlet/trpermisosadjuntos?e4596bb84d6b19c720bf2a39d6fad407,8731238,20241210121119,P,,gx-no-cache=1733843585458 HTTP/1.1" 200 90
181.212.40.185 - - [10/Dec/2024:12:12:39 -0300] "GET /cormun/servlet/hpexe_link HTTP/1.1" 200 1003
181.212.40.185 - - [10/Dec/2024:12:12:39 -0300] "GET /cormun/servlet/trpermisosgoce?gx-no-cache=1733843408029 HTTP/1.1" 200 18091
190.171.142.42 - - [10/Dec/2024:12:12:40 -0300] "GET /cormun/servlet/permisogoce?INS,0,,, HTTP/1.1" 200 6805
190.171.152.138 - - [10/Dec/2024:12:12:45 -0300] "GET /cormun/servlet/trlicencias? HTTP/1.1" 200 10989
181.212.40.185 - - [10/Dec/2024:12:12:46 -0300] "POST /cormun/servlet/trpermisosgoce?e4596bb84d6b19c720bf2a39d6fad407,gx-no-cache=1733843408029,gx-no-cache=1733843592173 HTTP/1.1" 200 15451
190.171.142.42 - - [10/Dec/2024:12:12:49 -0300] "GET /cormun/servlet/permisogoce?6f528cf5e5ad4e8c88ec67681584eadadd4a17119f2d4e5b65543c95d5fa2d64d95a1dbddbed783a1bed331e975000c0d2d55333c3e45acc6ef40378c39c10ed,gx-no-cache=1733843593022 HTTP/1.1" 200 86
181.212.40.185 - - [10/Dec/2024:12:12:56 -0300] "GET /cormun/servlet/permisogoce?INS,0,,, HTTP/1.1" 200 7134
190.171.142.42 - - [10/Dec/2024:12:12:58 -0300] "GET /cormun/servlet/permisogoce?6f528cf5e5ad4e8c88ec67681584eada0a6afef5c3ee1887fbb69dbc4cf6a76d464b76de58897a0b2aa01e81646ab8f1413486537440bce1c7a444480357996a,gx-no-cache=1733843602017 HTTP/1.1" 200 48
181.212.40.185 - - [10/Dec/2024:12:13:01 -0300] "GET /cormun/servlet/permisogoce?aa1d7e38f1b102969883e4c3d6a734d0c3529e153b939790532a3ed874c0af0abb4b67442d8e3d6b2b83633749277f81c025858bf9b2add7af7c4f966225ee5d,gx-no-cache=1733843607941 HTTP/1.1" 200 85
190.171.142.42 - - [10/Dec/2024:12:13:04 -0300] "POST /cormun/servlet/permisogoce?769627506e5b91dbccd0321e5a36718c,INS,0,,,,gx-no-cache=1733843607163 HTTP/1.1" 200 93
190.171.142.42 - - [10/Dec/2024:12:13:04 -0300] "GET /cormun/servlet/hpexe_return? HTTP/1.1" 200 1013
190.171.142.42 - - [10/Dec/2024:12:13:04 -0300] "GET /cormun/servlet/trpermisosgoce HTTP/1.1" 200 17978
181.212.40.185 - - [10/Dec/2024:12:13:09 -0300] "GET /cormun/servlet/permisogoce?aa1d7e38f1b102969883e4c3d6a734d05f030815c38925fbd86ef9e9c43d9a775d4f91be028ef8d7c1793f74ff49e06d9ea14442640780acb57715f7289772f1,gx-no-cache=1733843615693 HTTP/1.1" 200 48
181.212.40.185 - - [10/Dec/2024:12:13:15 -0300] "POST /cormun/servlet/permisogoce?e4596bb84d6b19c720bf2a39d6fad407,INS,0,,,,gx-no-cache=1733843620898 HTTP/1.1" 200 93
181.212.40.185 - - [10/Dec/2024:12:13:15 -0300] "GET /cormun/servlet/hpexe_return? HTTP/1.1" 200 1031
181.212.40.185 - - [10/Dec/2024:12:13:15 -0300] "GET /cormun/servlet/trpermisosgoce?gx-no-cache=1733843408029 HTTP/1.1" 200 18076
190.171.142.42 - - [10/Dec/2024:12:13:16 -0300] "GET /cormun/servlet/permisogoce?INS,0,,, HTTP/1.1" 200 6805
181.212.40.185 - - [10/Dec/2024:12:13:18 -0300] "GET /cormun/servlet/trpermisosadjuntos?8731238,20241210121335,P, HTTP/1.1" 200 6568
181.212.40.185 - - [10/Dec/2024:12:13:20 -0300] "GET /cormun/servlet/permisosadjuntos?INS,8731238,P,20241210121335,, HTTP/1.1" 200 5868
181.212.40.185 - - [10/Dec/2024:12:13:20 -0300] "GET /cormun/static/about:blank HTTP/1.1" 404 1011
190.171.142.42 - - [10/Dec/2024:12:13:24 -0300] "GET /cormun/servlet/permisogoce?6f528cf5e5ad4e8c88ec67681584eada55683766442a7cda47fa7070d1b01e319c3da954ea7df0261d44c4fd8c0cab96d319c1e9fa082bea215e5750d538e957,gx-no-cache=1733843627873 HTTP/1.1" 200 87
181.212.40.185 - - [10/Dec/2024:12:13:28 -0300] "POST /cormun/servlet/permisosadjuntos?e4596bb84d6b19c720bf2a39d6fad407,INS,8731238,P,20241210121335,, HTTP/1.1" 200 116
181.212.40.185 - - [10/Dec/2024:12:13:28 -0300] "GET /cormun/servlet/hpexe_return? HTTP/1.1" 200 1035
181.212.40.185 - - [10/Dec/2024:12:13:28 -0300] "GET /cormun/servlet/trpermisosadjuntos?8731238,20241210121335,P, HTTP/1.1" 200 7091
181.212.40.185 - - [10/Dec/2024:12:13:30 -0300] "POST /cormun/servlet/trpermisosadjuntos?e4596bb84d6b19c720bf2a39d6fad407,8731238,20241210121335,P,,gx-no-cache=1733843636595 HTTP/1.1" 200 90
181.212.40.185 - - [10/Dec/2024:12:13:30 -0300] "GET /cormun/servlet/hpexe_link HTTP/1.1" 200 1003
181.212.40.185 - - [10/Dec/2024:12:13:30 -0300] "GET /cormun/servlet/trpermisosgoce?gx-no-cache=1733843408029 HTTP/1.1" 200 18049
190.171.142.42 - - [10/Dec/2024:12:13:34 -0300] "GET /cormun/servlet/permisogoce?6f528cf5e5ad4e8c88ec67681584eadac4dfa2d1f92c7a93c4b677e1aaa1d8cffc1afebe1a9720c14a1a48209fcbb2f829e4cc2e31de9f0cc55eb62876df7405,gx-no-cache=1733843637832 HTTP/1.1" 200 49
181.212.40.185 - - [10/Dec/2024:12:13:34 -0300] "POST /cormun/servlet/trpermisosgoce?e4596bb84d6b19c720bf2a39d6fad407,gx-no-cache=1733843408029,gx-no-cache=1733843640541 HTTP/1.1" 200 15399
190.171.152.138 - - [10/Dec/2024:12:13:36 -0300] "GET /cormun/servlet/trpermisosgoce? HTTP/1.1" 200 16913
190.171.142.42 - - [10/Dec/2024:12:13:53 -0300] "POST /cormun/servlet/permisogoce?769627506e5b91dbccd0321e5a36718c,INS,0,,,,gx-no-cache=1733843656702 HTTP/1.1" 200 93
190.171.142.42 - - [10/Dec/2024:12:13:53 -0300] "GET /cormun/servlet/hpexe_return? HTTP/1.1" 200 1013
190.171.142.42 - - [10/Dec/2024:12:13:54 -0300] "GET /cormun/servlet/trpermisosgoce HTTP/1.1" 200 18031
190.171.142.42 - - [10/Dec/2024:12:13:58 -0300] "GET /cormun/servlet/permisogoce?INS,0,,, HTTP/1.1" 200 6805
181.212.40.185 - - [10/Dec/2024:12:14:04 -0300] "GET /cormun/servlet/permisogoce?INS,0,,, HTTP/1.1" 200 7135
190.171.142.42 - - [10/Dec/2024:12:14:08 -0300] "GET /cormun/servlet/permisogoce?6f528cf5e5ad4e8c88ec67681584eada74c516059ab5d438dcd51203011b33529c3da954ea7df0261d44c4fd8c0cab96d319c1e9fa082bea215e5750d538e957,gx-no-cache=1733843671698 HTTP/1.1" 200 92
190.171.152.138 - - [10/Dec/2024:12:14:13 -0300] "GET /cormun/servlet/hlogin HTTP/1.1" 200 1739
190.171.142.42 - - [10/Dec/2024:12:14:14 -0300] "GET /cormun/servlet/permisogoce?6f528cf5e5ad4e8c88ec67681584eadaa3f4d03be6cc056a5298a769b0ccb6268f86200fb7e77b3138e09424e0c3459129e4cc2e31de9f0cc55eb62876df7405,gx-no-cache=1733843677930 HTTP/1.1" 200 47
190.171.142.42 - - [10/Dec/2024:12:14:17 -0300] "POST /cormun/servlet/permisogoce?769627506e5b91dbccd0321e5a36718c,INS,0,,,,gx-no-cache=1733843680323 HTTP/1.1" 200 93
190.171.142.42 - - [10/Dec/2024:12:14:17 -0300] "GET /cormun/servlet/hpexe_return? HTTP/1.1" 200 1013
190.171.142.42 - - [10/Dec/2024:12:14:17 -0300] "GET /cormun/servlet/trpermisosgoce HTTP/1.1" 200 18042
181.212.40.185 - - [10/Dec/2024:12:14:35 -0300] "GET /cormun/servlet/permisogoce?aa1d7e38f1b102969883e4c3d6a734d0c7b850e5c64e4e7c42f134897b8be77b5c7753240b69ef46c0686023d8f12caf2b7ce4160a43c1ca21472199a597301d,gx-no-cache=1733843701491 HTTP/1.1" 200 91
190.171.142.42 - - [10/Dec/2024:12:14:40 -0300] "GET /cormun/servlet/permisogoce?INS,0,,, HTTP/1.1" 200 6805
190.171.142.42 - - [10/Dec/2024:12:14:49 -0300] "GET /cormun/servlet/permisogoce?6f528cf5e5ad4e8c88ec67681584eada89103869472c218c01c74f4f9a3d61cb9c3da954ea7df0261d44c4fd8c0cab96d319c1e9fa082bea215e5750d538e957,gx-no-cache=1733843712915 HTTP/1.1" 200 76
181.212.40.185 - - [10/Dec/2024:12:14:49 -0300] "GET /cormun/servlet/permisogoce?aa1d7e38f1b102969883e4c3d6a734d0e07d0c52fb6b6ef21e420ea92c61293ee89156cd22c395fcf5d2882798ccdbcfdacfd5fec47a78d4974f927260b75ce3,gx-no-cache=1733843715805 HTTP/1.1" 200 49
190.171.142.42 - - [10/Dec/2024:12:14:57 -0300] "GET /cormun/servlet/permisogoce?6f528cf5e5ad4e8c88ec67681584eada61be53a3158ba826ae63098ae6d10308ca8feb2d6e4c01727eb11d8da6e9cebe29e4cc2e31de9f0cc55eb62876df7405,gx-no-cache=1733843720477 HTTP/1.1" 200 49
181.212.40.185 - - [10/Dec/2024:12:15:02 -0300] "POST /cormun/servlet/permisogoce?e4596bb84d6b19c720bf2a39d6fad407,INS,0,,,,gx-no-cache=1733843727809 HTTP/1.1" 200 93
181.212.40.185 - - [10/Dec/2024:12:15:02 -0300] "GET /cormun/servlet/hpexe_return? HTTP/1.1" 200 1031
181.212.40.185 - - [10/Dec/2024:12:15:02 -0300] "GET /cormun/servlet/trpermisosgoce?gx-no-cache=1733843408029 HTTP/1.1" 200 18086
181.212.40.185 - - [10/Dec/2024:12:15:07 -0300] "GET /cormun/servlet/trpermisosadjuntos?18648216,20241210121443,P, HTTP/1.1" 200 6574
190.171.142.42 - - [10/Dec/2024:12:15:07 -0300] "POST /cormun/servlet/permisogoce?769627506e5b91dbccd0321e5a36718c,INS,0,,,,gx-no-cache=1733843730487 HTTP/1.1" 200 93
190.171.142.42 - - [10/Dec/2024:12:15:07 -0300] "GET /cormun/servlet/hpexe_return? HTTP/1.1" 200 1013
190.171.142.42 - - [10/Dec/2024:12:15:07 -0300] "GET /cormun/servlet/trpermisosgoce HTTP/1.1" 200 18050
181.212.40.185 - - [10/Dec/2024:12:15:09 -0300] "GET /cormun/servlet/permisosadjuntos?INS,18648216,P,20241210121443,, HTTP/1.1" 200 5879
181.212.40.185 - - [10/Dec/2024:12:15:09 -0300] "GET /cormun/static/about:blank HTTP/1.1" 404 1011
181.212.40.185 - - [10/Dec/2024:12:15:19 -0300] "POST /cormun/servlet/permisosadjuntos?e4596bb84d6b19c720bf2a39d6fad407,INS,18648216,P,20241210121443,, HTTP/1.1" 200 116
181.212.40.185 - - [10/Dec/2024:12:15:19 -0300] "GET /cormun/servlet/hpexe_return? HTTP/1.1" 200 1038
190.171.142.42 - - [10/Dec/2024:12:15:19 -0300] "GET /cormun/servlet/permisogoce?INS,0,,, HTTP/1.1" 200 6805
181.212.40.185 - - [10/Dec/2024:12:15:19 -0300] "GET /cormun/servlet/trpermisosadjuntos?18648216,20241210121443,P, HTTP/1.1" 200 7081
181.212.40.185 - - [10/Dec/2024:12:15:22 -0300] "POST /cormun/servlet/trpermisosadjuntos?e4596bb84d6b19c720bf2a39d6fad407,18648216,20241210121443,P,,gx-no-cache=1733843748114 HTTP/1.1" 200 90
181.212.40.185 - - [10/Dec/2024:12:15:22 -0300] "GET /cormun/servlet/hpexe_link HTTP/1.1" 200 1005
181.212.40.185 - - [10/Dec/2024:12:15:22 -0300] "GET /cormun/servlet/trpermisosgoce?gx-no-cache=1733843408029 HTTP/1.1" 200 18083
190.171.142.42 - - [10/Dec/2024:12:15:26 -0300] "GET /cormun/servlet/permisogoce?6f528cf5e5ad4e8c88ec67681584eadacab6993f1e918392dd1e51791009ae9d9c3da954ea7df0261d44c4fd8c0cab96d319c1e9fa082bea215e5750d538e957,gx-no-cache=1733843750070 HTTP/1.1" 200 78
181.212.40.185 - - [10/Dec/2024:12:15:29 -0300] "POST /cormun/servlet/trpermisosgoce?e4596bb84d6b19c720bf2a39d6fad407,gx-no-cache=1733843408029,gx-no-cache=1733843755181 HTTP/1.1" 200 15419
181.212.40.185 - - [10/Dec/2024:12:15:42 -0300] "GET /cormun/servlet/permisogoce?INS,0,,, HTTP/1.1" 200 7135
181.212.40.185 - - [10/Dec/2024:12:15:49 -0300] "GET /cormun/servlet/permisogoce?aa1d7e38f1b102969883e4c3d6a734d06b09d0dde4f4d2ecc46bf910dd2aae5c5c7753240b69ef46c0686023d8f12caf2b7ce4160a43c1ca21472199a597301d,gx-no-cache=1733843775733 HTTP/1.1" 200 81
181.212.40.185 - - [10/Dec/2024:12:15:56 -0300] "GET /cormun/servlet/permisogoce?aa1d7e38f1b102969883e4c3d6a734d0a0e9dcaf7d441370cf4fdf6170fcaf8ce5751d8630e61518c21a63083b2be0e9dacfd5fec47a78d4974f927260b75ce3,gx-no-cache=1733843782381 HTTP/1.1" 200 48
181.212.40.185 - - [10/Dec/2024:12:15:58 -0300] "POST /cormun/servlet/permisogoce?e4596bb84d6b19c720bf2a39d6fad407,INS,0,,,,gx-no-cache=1733843784466 HTTP/1.1" 200 93
181.212.40.185 - - [10/Dec/2024:12:15:58 -0300] "GET /cormun/servlet/hpexe_return? HTTP/1.1" 200 1031
181.212.40.185 - - [10/Dec/2024:12:15:59 -0300] "GET /cormun/servlet/trpermisosgoce?gx-no-cache=1733843408029 HTTP/1.1" 200 18078
181.212.40.185 - - [10/Dec/2024:12:16:00 -0300] "GET /cormun/servlet/trpermisosadjuntos?17271496,20241210121621,P, HTTP/1.1" 200 6566
181.212.40.185 - - [10/Dec/2024:12:16:01 -0300] "GET /cormun/servlet/permisosadjuntos?INS,17271496,P,20241210121621,, HTTP/1.1" 200 5867
181.212.40.185 - - [10/Dec/2024:12:16:01 -0300] "GET /cormun/static/about:blank HTTP/1.1" 404 1011
190.171.153.34 - - [10/Dec/2024:12:16:08 -0300] "GET /cormun/servlet/hlogin HTTP/1.1" 200 1719
190.171.153.34 - - [10/Dec/2024:12:16:08 -0300] "GET /cormun/servlet/hlogin HTTP/1.1" 200 1730
181.212.40.185 - - [10/Dec/2024:12:16:12 -0300] "POST /cormun/servlet/permisosadjuntos?e4596bb84d6b19c720bf2a39d6fad407,INS,17271496,P,20241210121621,, HTTP/1.1" 200 116
181.212.40.185 - - [10/Dec/2024:12:16:12 -0300] "GET /cormun/servlet/hpexe_return? HTTP/1.1" 200 1038
181.212.40.185 - - [10/Dec/2024:12:16:12 -0300] "GET /cormun/servlet/trpermisosadjuntos?17271496,20241210121621,P, HTTP/1.1" 200 7060
181.212.40.185 - - [10/Dec/2024:12:16:13 -0300] "POST /cormun/servlet/trpermisosadjuntos?e4596bb84d6b19c720bf2a39d6fad407,17271496,20241210121621,P,,gx-no-cache=1733843799906 HTTP/1.1" 200 90
181.212.40.185 - - [10/Dec/2024:12:16:13 -0300] "GET /cormun/servlet/hpexe_link HTTP/1.1" 200 1005
181.212.40.185 - - [10/Dec/2024:12:16:14 -0300] "GET /cormun/servlet/trpermisosgoce?gx-no-cache=1733843408029 HTTP/1.1" 200 18075
190.171.153.34 - - [10/Dec/2024:12:16:16 -0300] "POST /cormun/servlet/hlogin?ae3406a271ac7d67b1107ea241227e0c,gx-no-cache=1733843802356 HTTP/1.1" 200 90
190.171.153.34 - - [10/Dec/2024:12:16:16 -0300] "GET /cormun/servlet/hpexe_link HTTP/1.1" 200 949
190.171.153.34 - - [10/Dec/2024:12:16:16 -0300] "GET /cormun/servlet/hhome HTTP/1.1" 200 4363
181.212.40.185 - - [10/Dec/2024:12:16:17 -0300] "POST /cormun/servlet/trpermisosgoce?e4596bb84d6b19c720bf2a39d6fad407,gx-no-cache=1733843408029,gx-no-cache=1733843803267 HTTP/1.1" 200 15410
190.171.153.34 - - [10/Dec/2024:12:16:22 -0300] "GET /cormun/servlet/trlicencias? HTTP/1.1" 200 12208
190.171.142.42 - - [10/Dec/2024:12:16:29 -0300] "GET /cormun/servlet/permisogoce?6f528cf5e5ad4e8c88ec67681584eada645d2d58bda8850d5742ad6106c5a60a23cd73fd719b3a11639ef2d4697295f1dbb64f96c22a8615cfa6c343c250908990ade6c3adec877a8f2c360663bc21203f782957c0fbb7d26f6508871493a14b,gx-no-cache=1733843808017 HTTP/1.1" 200 81
52.167.144.24 - - [10/Dec/2024:12:16:45 -0300] "GET /cormun/servlet/hlogin HTTP/1.1" 200 1715
190.171.142.42 - - [10/Dec/2024:12:17:14 -0300] "GET /cormun/servlet/permisogoce?6f528cf5e5ad4e8c88ec67681584eada1fb4724eeebc1513092c51dda69d8086dfac2feae544245192979ce67c718e4429e4cc2e31de9f0cc55eb62876df7405,gx-no-cache=1733843857763 HTTP/1.1" 200 47
190.171.142.42 - - [10/Dec/2024:12:17:17 -0300] "POST /cormun/servlet/permisogoce?769627506e5b91dbccd0321e5a36718c,INS,0,,,,gx-no-cache=1733843860303 HTTP/1.1" 200 93
190.171.142.42 - - [10/Dec/2024:12:17:17 -0300] "GET /cormun/servlet/hpexe_return? HTTP/1.1" 200 1013
190.171.142.42 - - [10/Dec/2024:12:17:17 -0300] "GET /cormun/servlet/trpermisosgoce HTTP/1.1" 200 18055
190.171.153.26 - - [10/Dec/2024:12:17:35 -0300] "POST /cormun/servlet/trpermisosgoce?07385330986ee7fe5846e0a641c65801,gx-no-cache=1733847429182 HTTP/1.1" 440 972
190.171.153.26 - - [10/Dec/2024:12:17:36 -0300] "GET /cormun/servlet/trpermisosgoce HTTP/1.1" 200 6026
190.171.153.26 - - [10/Dec/2024:12:17:36 -0300] "GET /cormun/servlet/hlogin HTTP/1.1" 200 1738
190.171.142.42 - - [10/Dec/2024:12:17:37 -0300] "GET /cormun/servlet/permisogoce?INS,0,,, HTTP/1.1" 200 6805
181.212.40.185 - - [10/Dec/2024:12:17:39 -0300] "GET /cormun/servlet/permisogoce?INS,0,,, HTTP/1.1" 200 7134
190.171.153.26 - - [10/Dec/2024:12:17:43 -0300] "POST /cormun/servlet/hlogin?26c130dc2a8457b95c82ed519cc8f20e,gx-no-cache=1733847436988 HTTP/1.1" 200 90
190.171.153.26 - - [10/Dec/2024:12:17:43 -0300] "GET /cormun/servlet/hpexe_link HTTP/1.1" 200 955
190.171.153.26 - - [10/Dec/2024:12:17:43 -0300] "GET /cormun/servlet/trpermisosgoce HTTP/1.1" 200 13206
190.171.153.26 - - [10/Dec/2024:12:17:45 -0300] "GET /cormun/servlet/trpermisosgoce? HTTP/1.1" 200 13159
190.171.142.42 - - [10/Dec/2024:12:17:47 -0300] "GET /cormun/servlet/permisogoce?6f528cf5e5ad4e8c88ec67681584eada732311ede0d8c489bf8272a974f6ba0e9c3da954ea7df0261d44c4fd8c0cab96d319c1e9fa082bea215e5750d538e957,gx-no-cache=1733843890718 HTTP/1.1" 200 83
190.171.153.26 - - [10/Dec/2024:12:17:50 -0300] "GET /cormun/servlet/trpermisosadjuntos?15105538,20241209152730,P, HTTP/1.1" 200 6286
190.171.153.26 - - [10/Dec/2024:12:17:52 -0300] "GET /cormun/servlet/permisosadjuntos?INS,15105538,P,20241209152730,, HTTP/1.1" 200 5610
190.171.153.26 - - [10/Dec/2024:12:17:52 -0300] "GET /cormun/static/about:blank HTTP/1.1" 404 1011
190.171.142.42 - - [10/Dec/2024:12:17:55 -0300] "GET /cormun/servlet/permisogoce?6f528cf5e5ad4e8c88ec67681584eada02c567e44f552c8f538ffd25f5f16583c5ace1942f1c76e69d081bfc22efdf1529e4cc2e31de9f0cc55eb62876df7405,gx-no-cache=1733843898823 HTTP/1.1" 200 48
190.171.142.42 - - [10/Dec/2024:12:17:59 -0300] "POST /cormun/servlet/permisogoce?769627506e5b91dbccd0321e5a36718c,INS,0,,,,gx-no-cache=1733843902325 HTTP/1.1" 200 93
190.171.142.42 - - [10/Dec/2024:12:17:59 -0300] "GET /cormun/servlet/hpexe_return? HTTP/1.1" 200 1013
190.171.142.42 - - [10/Dec/2024:12:17:59 -0300] "GET /cormun/servlet/trpermisosgoce HTTP/1.1" 200 18097
181.212.40.185 - - [10/Dec/2024:12:18:06 -0300] "GET /cormun/servlet/permisogoce?aa1d7e38f1b102969883e4c3d6a734d06b09d0dde4f4d2ecc46bf910dd2aae5c5c7753240b69ef46c0686023d8f12caf2b7ce4160a43c1ca21472199a597301d,gx-no-cache=1733843912766 HTTP/1.1" 200 80
190.171.153.26 - - [10/Dec/2024:12:18:09 -0300] "POST /cormun/servlet/permisosadjuntos?26c130dc2a8457b95c82ed519cc8f20e,INS,15105538,P,20241209152730,, HTTP/1.1" 200 116
190.171.153.26 - - [10/Dec/2024:12:18:09 -0300] "GET /cormun/servlet/hpexe_return? HTTP/1.1" 200 1036
190.171.153.26 - - [10/Dec/2024:12:18:09 -0300] "GET /cormun/servlet/trpermisosadjuntos?15105538,20241209152730,P, HTTP/1.1" 200 6764
190.171.153.26 - - [10/Dec/2024:12:18:13 -0300] "GET /cormun/servlet/trpermisosgoce? HTTP/1.1" 200 13213
181.212.40.185 - - [10/Dec/2024:12:18:14 -0300] "GET /cormun/servlet/permisogoce?aa1d7e38f1b102969883e4c3d6a734d0a0e9dcaf7d441370cf4fdf6170fcaf8c94ed4ab7fd08366a3f38f804f52bc93079f97f98b854beb70bc3e7ce65945b96,gx-no-cache=1733843920275 HTTP/1.1" 200 45
181.212.40.185 - - [10/Dec/2024:12:18:17 -0300] "POST /cormun/servlet/permisogoce?e4596bb84d6b19c720bf2a39d6fad407,INS,0,,,,gx-no-cache=1733843922867 HTTP/1.1" 200 93
181.212.40.185 - - [10/Dec/2024:12:18:17 -0300] "GET /cormun/servlet/hpexe_return? HTTP/1.1" 200 1031
181.212.40.185 - - [10/Dec/2024:12:18:17 -0300] "GET /cormun/servlet/trpermisosgoce?gx-no-cache=1733843408029 HTTP/1.1" 200 18149
190.171.153.26 - - [10/Dec/2024:12:18:19 -0300] "POST /cormun/servlet/trpermisosgoce?26c130dc2a8457b95c82ed519cc8f20e,,gx-no-cache=1733847473451 HTTP/1.1" 200 10346
190.171.153.26 - - [10/Dec/2024:12:18:20 -0300] "GET /cormun/static/Shared/jqueryui/images/ui-bg_highlight-soft_100_c6c2c8_1x100.png HTTP/1.1" 404 1117
190.171.153.26 - - [10/Dec/2024:12:18:20 -0300] "GET /cormun/static/Shared/jqueryui/images/ui-icons_82798d_256x240.png HTTP/1.1" 404 1089
190.171.153.26 - - [10/Dec/2024:12:18:20 -0300] "GET /cormun/static/Shared/jqueryui/images/ui-bg_flat_55_fafafa_40x100.png HTTP/1.1" 404 1097
190.171.153.26 - - [10/Dec/2024:12:18:20 -0300] "GET /cormun/static/Shared/jqueryui/images/ui-icons_8d78a5_256x240.png HTTP/1.1" 404 1089
181.212.40.185 - - [10/Dec/2024:12:18:20 -0300] "GET /cormun/servlet/trpermisosadjuntos?17271496,20241210121818,P, HTTP/1.1" 200 6567
181.212.40.185 - - [10/Dec/2024:12:18:21 -0300] "GET /cormun/servlet/permisosadjuntos?INS,17271496,P,20241210121818,, HTTP/1.1" 200 5866
181.212.40.185 - - [10/Dec/2024:12:18:21 -0300] "GET /cormun/static/about:blank HTTP/1.1" 404 1011
181.212.40.185 - - [10/Dec/2024:12:18:34 -0300] "POST /cormun/servlet/permisosadjuntos?e4596bb84d6b19c720bf2a39d6fad407,INS,17271496,P,20241210121818,, HTTP/1.1" 200 116
181.212.40.185 - - [10/Dec/2024:12:18:34 -0300] "GET /cormun/servlet/hpexe_return? HTTP/1.1" 200 1038
181.212.40.185 - - [10/Dec/2024:12:18:34 -0300] "GET /cormun/servlet/trpermisosadjuntos?17271496,20241210121818,P, HTTP/1.1" 200 7064
181.212.40.185 - - [10/Dec/2024:12:18:37 -0300] "POST /cormun/servlet/trpermisosadjuntos?e4596bb84d6b19c720bf2a39d6fad407,17271496,20241210121818,P,,gx-no-cache=1733843943322 HTTP/1.1" 200 90
181.212.40.185 - - [10/Dec/2024:12:18:37 -0300] "GET /cormun/servlet/hpexe_link HTTP/1.1" 200 1005
181.212.40.185 - - [10/Dec/2024:12:18:37 -0300] "GET /cormun/servlet/trpermisosgoce?gx-no-cache=1733843408029 HTTP/1.1" 200 18026
181.212.40.185 - - [10/Dec/2024:12:18:40 -0300] "GET /cormun/servlet/trpermisosadjuntos?17271496,20241210121818,P, HTTP/1.1" 200 7080
181.212.40.185 - - [10/Dec/2024:12:18:42 -0300] "POST /cormun/servlet/trpermisosadjuntos?e4596bb84d6b19c720bf2a39d6fad407,17271496,20241210121818,P,,gx-no-cache=1733843948946 HTTP/1.1" 200 90
181.212.40.185 - - [10/Dec/2024:12:18:42 -0300] "GET /cormun/servlet/hpexe_link HTTP/1.1" 200 1005
181.212.40.185 - - [10/Dec/2024:12:18:43 -0300] "GET /cormun/servlet/trpermisosgoce?gx-no-cache=1733843408029 HTTP/1.1" 200 17977
181.212.40.185 - - [10/Dec/2024:12:18:46 -0300] "POST /cormun/servlet/trpermisosgoce?e4596bb84d6b19c720bf2a39d6fad407,gx-no-cache=1733843408029,gx-no-cache=1733843952156 HTTP/1.1" 200 15361
190.171.142.42 - - [10/Dec/2024:12:18:59 -0300] "GET /cormun/servlet/permisogoce?INS,0,,, HTTP/1.1" 200 6805
181.212.40.185 - - [10/Dec/2024:12:19:05 -0300] "GET /cormun/servlet/permisogoce?INS,0,,, HTTP/1.1" 200 7135
190.171.142.42 - - [10/Dec/2024:12:19:07 -0300] "GET /cormun/servlet/permisogoce?6f528cf5e5ad4e8c88ec67681584eadacf888d71bb4713f34e1f744c2334f1e59c3da954ea7df0261d44c4fd8c0cab96d319c1e9fa082bea215e5750d538e957,gx-no-cache=1733843970466 HTTP/1.1" 200 67
181.212.40.185 - - [10/Dec/2024:12:19:12 -0300] "GET /cormun/servlet/permisogoce?aa1d7e38f1b102969883e4c3d6a734d0fb3e93bdf212c4b1077faf229c0d691b5c7753240b69ef46c0686023d8f12caf2b7ce4160a43c1ca21472199a597301d,gx-no-cache=1733843978323 HTTP/1.1" 200 81
190.171.142.42 - - [10/Dec/2024:12:19:17 -0300] "GET /cormun/servlet/permisogoce?6f528cf5e5ad4e8c88ec67681584eada946715b40b17ccbb86762e0538f0fda66a1c82a5adc3ca93cc04e697d24bba9f29e4cc2e31de9f0cc55eb62876df7405,gx-no-cache=1733843981029 HTTP/1.1" 200 48
190.171.142.42 - - [10/Dec/2024:12:19:21 -0300] "POST /cormun/servlet/permisogoce?769627506e5b91dbccd0321e5a36718c,INS,0,,,,gx-no-cache=1733843984319 HTTP/1.1" 200 93
190.171.142.42 - - [10/Dec/2024:12:19:21 -0300] "GET /cormun/servlet/hpexe_return? HTTP/1.1" 200 1013
190.171.142.42 - - [10/Dec/2024:12:19:21 -0300] "GET /cormun/servlet/trpermisosgoce HTTP/1.1" 200 18146
190.171.142.42 - - [10/Dec/2024:12:19:23 -0300] "GET /cormun/servlet/permisogoce?INS,0,,, HTTP/1.1" 200 6805
190.171.142.42 - - [10/Dec/2024:12:19:35 -0300] "GET /cormun/servlet/permisogoce?6f528cf5e5ad4e8c88ec67681584eadacf888d71bb4713f34e1f744c2334f1e59c3da954ea7df0261d44c4fd8c0cab96d319c1e9fa082bea215e5750d538e957,gx-no-cache=1733843999020 HTTP/1.1" 200 67
181.212.40.185 - - [10/Dec/2024:12:19:41 -0300] "GET /cormun/servlet/permisogoce?aa1d7e38f1b102969883e4c3d6a734d029b785eeb9f4b059bbe03a910e9187d4c3d5e1f9d4457d47588c103b9f72146379f97f98b854beb70bc3e7ce65945b96,gx-no-cache=1733844007754 HTTP/1.1" 200 47
190.171.142.42 - - [10/Dec/2024:12:19:42 -0300] "GET /cormun/servlet/permisogoce?6f528cf5e5ad4e8c88ec67681584eada946715b40b17ccbb86762e0538f0fda61653464dcfea1f87471522797699912629e4cc2e31de9f0cc55eb62876df7405,gx-no-cache=1733844005757 HTTP/1.1" 200 48
190.171.142.42 - - [10/Dec/2024:12:19:45 -0300] "POST /cormun/servlet/permisogoce?769627506e5b91dbccd0321e5a36718c,INS,0,,,,gx-no-cache=1733844007823 HTTP/1.1" 200 93
190.171.142.42 - - [10/Dec/2024:12:19:45 -0300] "GET /cormun/servlet/hpexe_return? HTTP/1.1" 200 1013
190.171.142.42 - - [10/Dec/2024:12:19:45 -0300] "GET /cormun/servlet/trpermisosgoce HTTP/1.1" 200 18053
181.212.40.185 - - [10/Dec/2024:12:19:45 -0300] "POST /cormun/servlet/permisogoce?e4596bb84d6b19c720bf2a39d6fad407,INS,0,,,,gx-no-cache=1733844011249 HTTP/1.1" 200 93
181.212.40.185 - - [10/Dec/2024:12:19:45 -0300] "GET /cormun/servlet/hpexe_return? HTTP/1.1" 200 1031
181.212.40.185 - - [10/Dec/2024:12:19:45 -0300] "GET /cormun/servlet/trpermisosgoce?gx-no-cache=1733843408029 HTTP/1.1" 200 18081
181.212.40.185 - - [10/Dec/2024:12:19:49 -0300] "GET /cormun/servlet/trpermisosadjuntos?13503827,20241210121944,P, HTTP/1.1" 200 6565
181.212.40.185 - - [10/Dec/2024:12:19:50 -0300] "GET /cormun/servlet/permisosadjuntos?INS,13503827,P,20241210121944,, HTTP/1.1" 200 5868
181.212.40.185 - - [10/Dec/2024:12:19:50 -0300] "GET /cormun/static/about:blank HTTP/1.1" 404 1011
181.212.40.185 - - [10/Dec/2024:12:19:59 -0300] "POST /cormun/servlet/permisosadjuntos?e4596bb84d6b19c720bf2a39d6fad407,INS,13503827,P,20241210121944,, HTTP/1.1" 200 116
181.212.40.185 - - [10/Dec/2024:12:19:59 -0300] "GET /cormun/servlet/hpexe_return? HTTP/1.1" 200 1038
181.212.40.185 - - [10/Dec/2024:12:19:59 -0300] "GET /cormun/servlet/trpermisosadjuntos?13503827,20241210121944,P, HTTP/1.1" 200 7064
181.212.40.185 - - [10/Dec/2024:12:20:02 -0300] "POST /cormun/servlet/trpermisosadjuntos?e4596bb84d6b19c720bf2a39d6fad407,13503827,20241210121944,P,,gx-no-cache=1733844027986 HTTP/1.1" 200 90
181.212.40.185 - - [10/Dec/2024:12:20:02 -0300] "GET /cormun/servlet/hpexe_link HTTP/1.1" 200 1004
181.212.40.185 - - [10/Dec/2024:12:20:02 -0300] "GET /cormun/servlet/trpermisosgoce?gx-no-cache=1733843408029 HTTP/1.1" 200 18051
181.212.40.185 - - [10/Dec/2024:12:20:05 -0300] "GET /cormun/servlet/trpermisosadjuntos?13503827,20241210121944,P, HTTP/1.1" 200 7079
181.212.40.185 - - [10/Dec/2024:12:20:08 -0300] "POST /cormun/servlet/trpermisosadjuntos?e4596bb84d6b19c720bf2a39d6fad407,13503827,20241210121944,P,,gx-no-cache=1733844034593 HTTP/1.1" 200 90
181.212.40.185 - - [10/Dec/2024:12:20:08 -0300] "GET /cormun/servlet/hpexe_link HTTP/1.1" 200 1004
181.212.40.185 - - [10/Dec/2024:12:20:08 -0300] "GET /cormun/servlet/trpermisosgoce?gx-no-cache=1733843408029 HTTP/1.1" 200 18063
181.212.40.185 - - [10/Dec/2024:12:20:10 -0300] "POST /cormun/servlet/trpermisosgoce?e4596bb84d6b19c720bf2a39d6fad407,gx-no-cache=1733843408029,gx-no-cache=1733844036227 HTTP/1.1" 200 15365
181.212.40.185 - - [10/Dec/2024:12:20:25 -0300] "GET /cormun/servlet/permisogoce?INS,0,,, HTTP/1.1" 200 7135
181.212.40.185 - - [10/Dec/2024:12:20:33 -0300] "GET /cormun/servlet/permisogoce?aa1d7e38f1b102969883e4c3d6a734d01f5eb0ce991a57196cb8250179f1af775c7753240b69ef46c0686023d8f12caf2b7ce4160a43c1ca21472199a597301d,gx-no-cache=1733844059021 HTTP/1.1" 200 82
181.212.40.185 - - [10/Dec/2024:12:20:41 -0300] "GET /cormun/servlet/permisogoce?aa1d7e38f1b102969883e4c3d6a734d02fdb5a0063c03b790c3e33cc24a0ebfccf4165b3269ab660d11c08ef5f0d2df179f97f98b854beb70bc3e7ce65945b96,gx-no-cache=1733844067057 HTTP/1.1" 200 48
181.212.40.185 - - [10/Dec/2024:12:20:48 -0300] "POST /cormun/servlet/permisogoce?e4596bb84d6b19c720bf2a39d6fad407,INS,0,,,,gx-no-cache=1733844074617 HTTP/1.1" 200 93
181.212.40.185 - - [10/Dec/2024:12:20:48 -0300] "GET /cormun/servlet/hpexe_return? HTTP/1.1" 200 1031
181.212.40.185 - - [10/Dec/2024:12:20:49 -0300] "GET /cormun/servlet/trpermisosgoce?gx-no-cache=1733843408029 HTTP/1.1" 200 18200
181.212.40.185 - - [10/Dec/2024:12:20:51 -0300] "GET /cormun/servlet/trpermisosadjuntos?16495519,20241210122105,P, HTTP/1.1" 200 6566
181.212.40.185 - - [10/Dec/2024:12:20:53 -0300] "GET /cormun/servlet/permisosadjuntos?INS,16495519,P,20241210122105,, HTTP/1.1" 200 5865
181.212.40.185 - - [10/Dec/2024:12:20:53 -0300] "GET /cormun/static/about:blank HTTP/1.1" 404 1011
190.171.153.26 - - [10/Dec/2024:12:21:00 -0300] "GET /cormun/servlet/trpermisosadjuntos?8266428,20241209152830,P, HTTP/1.1" 200 6288
190.171.153.26 - - [10/Dec/2024:12:21:02 -0300] "GET /cormun/servlet/permisosadjuntos?INS,8266428,P,20241209152830,, HTTP/1.1" 200 5611
190.171.153.26 - - [10/Dec/2024:12:21:03 -0300] "GET /cormun/static/about:blank HTTP/1.1" 404 1011
181.212.40.185 - - [10/Dec/2024:12:21:05 -0300] "POST /cormun/servlet/permisosadjuntos?e4596bb84d6b19c720bf2a39d6fad407,INS,16495519,P,20241210122105,, HTTP/1.1" 200 116
181.212.40.185 - - [10/Dec/2024:12:21:05 -0300] "GET /cormun/servlet/hpexe_return? HTTP/1.1" 200 1038
181.212.40.185 - - [10/Dec/2024:12:21:05 -0300] "GET /cormun/servlet/trpermisosadjuntos?16495519,20241210122105,P, HTTP/1.1" 200 7060
181.212.40.185 - - [10/Dec/2024:12:21:11 -0300] "POST /cormun/servlet/trpermisosadjuntos?e4596bb84d6b19c720bf2a39d6fad407,16495519,20241210122105,P,,gx-no-cache=1733844097258 HTTP/1.1" 200 90
181.212.40.185 - - [10/Dec/2024:12:21:11 -0300] "GET /cormun/servlet/hpexe_link HTTP/1.1" 200 1005
181.212.40.185 - - [10/Dec/2024:12:21:11 -0300] "GET /cormun/servlet/trpermisosgoce?gx-no-cache=1733843408029 HTTP/1.1" 200 18200
181.212.40.185 - - [10/Dec/2024:12:21:14 -0300] "POST /cormun/servlet/trpermisosgoce?e4596bb84d6b19c720bf2a39d6fad407,gx-no-cache=1733843408029,gx-no-cache=1733844099716 HTTP/1.1" 200 15420
190.171.153.26 - - [10/Dec/2024:12:21:14 -0300] "POST /cormun/servlet/permisosadjuntos?26c130dc2a8457b95c82ed519cc8f20e,INS,8266428,P,20241209152830,, HTTP/1.1" 200 116
190.171.153.26 - - [10/Dec/2024:12:21:14 -0300] "GET /cormun/servlet/hpexe_return? HTTP/1.1" 200 1035
190.171.153.26 - - [10/Dec/2024:12:21:14 -0300] "GET /cormun/servlet/trpermisosadjuntos?8266428,20241209152830,P, HTTP/1.1" 200 6767
190.171.153.26 - - [10/Dec/2024:12:21:20 -0300] "GET /cormun/servlet/trpermisosgoce? HTTP/1.1" 200 13169
190.171.153.26 - - [10/Dec/2024:12:21:26 -0300] "POST /cormun/servlet/trpermisosgoce?26c130dc2a8457b95c82ed519cc8f20e,,gx-no-cache=1733847659842 HTTP/1.1" 200 10335
190.171.153.26 - - [10/Dec/2024:12:25:36 -0300] "GET /cormun/servlet/trpermisosadjuntos?13096745,20241209115929,P, HTTP/1.1" 200 6292
190.171.153.26 - - [10/Dec/2024:12:25:39 -0300] "GET /cormun/servlet/permisosadjuntos?INS,13096745,P,20241209115929,, HTTP/1.1" 200 5618
190.171.153.26 - - [10/Dec/2024:12:25:39 -0300] "GET /cormun/static/about:blank HTTP/1.1" 404 1011
190.171.153.26 - - [10/Dec/2024:12:25:48 -0300] "POST /cormun/servlet/permisosadjuntos?26c130dc2a8457b95c82ed519cc8f20e,INS,13096745,P,20241209115929,, HTTP/1.1" 200 116
190.171.153.26 - - [10/Dec/2024:12:25:48 -0300] "GET /cormun/servlet/hpexe_return? HTTP/1.1" 200 1035
190.171.153.26 - - [10/Dec/2024:12:25:48 -0300] "GET /cormun/servlet/trpermisosadjuntos?13096745,20241209115929,P, HTTP/1.1" 200 6784
