201.186.225.191 - - [09/Dec/2024:14:15:57 -0300] "POST /cormun/servlet/hlogin?1288e50e50f22ca27964e6d433e27328,gx-no-cache=1733764581893 HTTP/1.1" 500 10
201.186.225.191 - - [09/Dec/2024:14:16:38 -0300] "GET /cormun/servlet/hlogin HTTP/1.1" 200 1721
201.186.225.191 - - [09/Dec/2024:14:17:06 -0300] "POST /cormun/servlet/hlogin?1288e50e50f22ca27964e6d433e27328,gx-no-cache=1733764651561 HTTP/1.1" 500 10
201.186.225.191 - - [09/Dec/2024:14:18:08 -0300] "GET /cormun/servlet/hlogin HTTP/1.1" 200 1721
201.186.225.191 - - [09/Dec/2024:14:19:13 -0300] "GET /cormun/servlet/hlogin HTTP/1.1" 200 1721
201.186.225.191 - - [09/Dec/2024:14:19:14 -0300] "GET /cormun/static/gxtimezone.js?85251 HTTP/1.1" 200 5781
201.186.225.191 - - [09/Dec/2024:14:19:14 -0300] "GET /cormun/static/gxcfg.js?2022112219184450 HTTP/1.1" 200 953
201.186.225.191 - - [09/Dec/2024:14:19:14 -0300] "GET /cormun/static/Resources/CormunLogin.png HTTP/1.1" 200 19132
201.186.225.191 - - [09/Dec/2024:14:19:14 -0300] "GET /cormun/static/messages.spa.js?85251 HTTP/1.1" 200 30736
201.186.225.191 - - [09/Dec/2024:14:19:14 -0300] "GET /cormun/static/Resources/Spanish/PXTools.css?1759030 HTTP/1.1" 200 100853
201.186.225.191 - - [09/Dec/2024:14:19:14 -0300] "GET /cormun/static/gxgral.js?85251 HTTP/1.1" 200 384558
201.186.225.191 - - [09/Dec/2024:14:19:14 -0300] "GET /cormun/static/hlogin.js?2022112219184458 HTTP/1.1" 200 2156
201.186.225.191 - - [09/Dec/2024:14:19:15 -0300] "GET /cormun/static/Resources/PXToolsLoginTop.png HTTP/1.1" 200 1337
201.186.225.191 - - [09/Dec/2024:14:19:15 -0300] "GET /cormun/static/Resources/PXToolsLoginBackground.png HTTP/1.1" 200 1164
201.186.225.191 - - [09/Dec/2024:14:19:15 -0300] "GET /cormun/static/Resources/PXToolsButtonLeft.png HTTP/1.1" 200 1310
201.186.225.191 - - [09/Dec/2024:14:19:15 -0300] "GET /cormun/static/Resources/PXToolsButtonRight.png HTTP/1.1" 200 1294
201.186.225.191 - - [09/Dec/2024:14:19:15 -0300] "GET /cormun/static/Resources/PXToolsButtonBackground.png HTTP/1.1" 200 1176
201.186.225.191 - - [09/Dec/2024:14:19:15 -0300] "GET /cormun/static/Resources/PXToolsLoginBottom.png HTTP/1.1" 200 1389
201.186.225.191 - - [09/Dec/2024:14:19:18 -0300] "GET /cormun/static/Resources/indicator.gif HTTP/1.1" 200 1553
201.186.225.191 - - [09/Dec/2024:14:19:19 -0300] "GET /cormun/servlet/hlogin HTTP/1.1" 200 1731
201.186.225.191 - - [09/Dec/2024:14:19:20 -0300] "GET /favicon.ico HTTP/1.1" 200 21630
201.186.225.191 - - [09/Dec/2024:14:19:37 -0300] "POST /cormun/servlet/hlogin?12b3c6f686a769fca535baa8783fc2ea,gx-no-cache=1733764802426 HTTP/1.1" 500 10
190.171.144.234 - - [09/Dec/2024:14:19:48 -0300] "GET /cormun/servlet/hlogin HTTP/1.1" 200 1716
190.171.144.234 - - [09/Dec/2024:14:19:57 -0300] "POST /cormun/servlet/hlogin?7dd382f3e8fb31760759c4ae14e921db,gx-no-cache=1733764825167 HTTP/1.1" 200 90
190.171.144.234 - - [09/Dec/2024:14:19:58 -0300] "GET /cormun/servlet/hpexe_link HTTP/1.1" 200 948
190.171.144.234 - - [09/Dec/2024:14:20:00 -0300] "GET /cormun/servlet/hhome HTTP/1.1" 200 3991
201.186.225.191 - - [09/Dec/2024:14:20:18 -0300] "GET /cormun/servlet/hlogin HTTP/1.1" 200 1721
201.186.225.191 - - [09/Dec/2024:14:20:26 -0300] "GET /cormun/servlet/hlogin HTTP/1.1" 200 1721
201.186.225.191 - - [09/Dec/2024:14:20:34 -0300] "POST /cormun/servlet/hlogin?1288e50e50f22ca27964e6d433e27328,gx-no-cache=1733764861765 HTTP/1.1" 200 90
201.186.225.191 - - [09/Dec/2024:14:20:34 -0300] "GET /cormun/servlet/hpexe_link HTTP/1.1" 200 952
201.186.225.191 - - [09/Dec/2024:14:20:35 -0300] "GET /cormun/servlet/hhome HTTP/1.1" 200 4190
190.171.143.90 - - [09/Dec/2024:14:20:44 -0300] "GET /cormun/servlet/hlogin HTTP/1.1" 200 1714
190.171.143.90 - - [09/Dec/2024:14:20:45 -0300] "GET /cormun/static/gxgral.js?85251 HTTP/1.1" 200 384558
190.171.143.90 - - [09/Dec/2024:14:20:45 -0300] "GET /cormun/servlet/hlogin HTTP/1.1" 200 1724
190.171.143.90 - - [09/Dec/2024:14:20:45 -0300] "GET /favicon.ico HTTP/1.1" 200 21630
190.171.143.90 - - [09/Dec/2024:14:20:53 -0300] "POST /cormun/servlet/hlogin?e7e4188ef1a2e3e66436546053ca29b8,gx-no-cache=1733764880326 HTTP/1.1" 200 90
190.171.143.90 - - [09/Dec/2024:14:20:53 -0300] "GET /cormun/servlet/hpexe_link HTTP/1.1" 200 944
190.171.143.90 - - [09/Dec/2024:14:20:53 -0300] "GET /cormun/servlet/hhome HTTP/1.1" 200 4323
190.171.143.90 - - [09/Dec/2024:14:20:53 -0300] "GET /cormun/static/Shared/jqueryui/jquery-ui.min.js HTTP/1.1" 200 240427
190.171.143.90 - - [09/Dec/2024:14:20:53 -0300] "GET /cormun/static/Shared/ext/ext-all.js HTTP/1.1" 200 1289687
190.171.143.90 - - [09/Dec/2024:14:20:54 -0300] "GET /cormun/static/Shared/jquery/jquery-1.10.2.min.js HTTP/1.1" 200 273199
190.171.144.234 - - [09/Dec/2024:14:21:19 -0300] "GET /cormun/servlet/hlogin HTTP/1.1" 200 1716
190.171.144.234 - - [09/Dec/2024:14:21:26 -0300] "POST /cormun/servlet/hlogin?7dd382f3e8fb31760759c4ae14e921db,gx-no-cache=1733764914671 HTTP/1.1" 200 90
190.171.144.234 - - [09/Dec/2024:14:21:26 -0300] "GET /cormun/servlet/hpexe_link HTTP/1.1" 200 953
190.95.15.15 - - [09/Dec/2024:14:21:37 -0300] "GET /cormun/servlet/permisogoce?INS,0,,, HTTP/1.1" 200 6839
190.95.15.15 - - [09/Dec/2024:14:21:37 -0300] "GET /cormun/servlet/permisogoce?INS,0,,, HTTP/1.1" 200 6839
190.171.143.90 - - [09/Dec/2024:14:21:38 -0300] "GET /cormun/servlet/trlicencias? HTTP/1.1" 200 13283
190.171.143.90 - - [09/Dec/2024:14:21:38 -0300] "GET /cormun/servlet/trlicencias? HTTP/1.1" 200 13283
190.171.143.90 - - [09/Dec/2024:14:21:38 -0300] "GET /cormun/servlet/trlicencias? HTTP/1.1" 200 13283
190.171.143.90 - - [09/Dec/2024:14:21:38 -0300] "GET /cormun/servlet/trlicencias? HTTP/1.1" 200 13283
201.186.225.191 - - [09/Dec/2024:14:21:38 -0300] "GET /cormun/servlet/trpermisosgoce? HTTP/1.1" 200 12309
190.171.143.90 - - [09/Dec/2024:14:21:38 -0300] "GET /cormun/static/Shared/ext/resources/css/ext-all.css?215870 HTTP/1.1" 200 416045
190.171.144.234 - - [09/Dec/2024:14:21:38 -0300] "GET /cormun/servlet/trpermisosgoce? HTTP/1.1" 200 14858
190.171.144.234 - - [09/Dec/2024:14:21:38 -0300] "GET /cormun/servlet/trpermisosgoce? HTTP/1.1" 200 14865
190.171.144.234 - - [09/Dec/2024:14:21:38 -0300] "GET /cormun/servlet/trpermisosgoce? HTTP/1.1" 200 14865
190.171.144.234 - - [09/Dec/2024:14:21:38 -0300] "GET /cormun/servlet/trpermisosgoce HTTP/1.1" 200 14857
190.171.144.234 - - [09/Dec/2024:14:21:38 -0300] "GET /cormun/servlet/trpermisosgoce? HTTP/1.1" 200 14865
201.186.225.191 - - [09/Dec/2024:14:21:38 -0300] "GET /cormun/static/gxcfg.js?2020121631564 HTTP/1.1" 200 953
190.171.144.234 - - [09/Dec/2024:14:21:38 -0300] "GET /cormun/servlet/hlogin HTTP/1.1" 200 1716
201.186.225.191 - - [09/Dec/2024:14:21:38 -0300] "GET /cormun/static/trpermisosgoce.js?2020121633681 HTTP/1.1" 200 35904
201.186.225.191 - - [09/Dec/2024:14:21:38 -0300] "GET /cormun//static/Resources/PXToolsGridDelete.png HTTP/1.1" 200 538
190.171.144.234 - - [09/Dec/2024:14:21:46 -0300] "POST /cormun/servlet/hlogin?7dd382f3e8fb31760759c4ae14e921db,gx-no-cache=1733764934409 HTTP/1.1" 200 90
190.171.144.234 - - [09/Dec/2024:14:21:46 -0300] "GET /cormun/servlet/hpexe_link HTTP/1.1" 200 953
190.171.144.234 - - [09/Dec/2024:14:21:46 -0300] "GET /cormun/servlet/trpermisosgoce HTTP/1.1" 200 14857
190.171.144.234 - - [09/Dec/2024:14:21:50 -0300] "GET /cormun/servlet/permisogoce?INS,0,,, HTTP/1.1" 200 6855
190.171.144.234 - - [09/Dec/2024:14:21:51 -0300] "GET /cormun/servlet/trpermisosgoce? HTTP/1.1" 200 14865
190.95.15.15 - - [09/Dec/2024:14:21:59 -0300] "GET /cormun/servlet/permisogoce?c20f92e460adfcd24ad51350ae9ea9fb2c0a389159b29423d3b1637ef5a5a09c4e7bc1bf674449198f8969a4044b01a97bd1866c98dac5acdf779badd3eb6b69,gx-no-cache=1733764946654 HTTP/1.1" 200 74
190.95.15.15 - - [09/Dec/2024:14:21:59 -0300] "GET /cormun/static/menuarrow.gif HTTP/1.1" 404 1015
190.171.144.234 - - [09/Dec/2024:14:22:03 -0300] "GET /cormun/servlet/permisogoce?6dd523a5ed45b6d389927458bb0d9c8eef978285ed6c3ad348703af23bf951eb8435639a2d9eab42a5e9dd3df71cc8839d189c888d716b0aa1bd1b0c56563187,gx-no-cache=1733764950883 HTTP/1.1" 200 77
190.171.144.234 - - [09/Dec/2024:14:22:03 -0300] "GET /cormun/static/menuarrow.gif HTTP/1.1" 404 1015
190.171.144.234 - - [09/Dec/2024:14:22:13 -0300] "GET /cormun/servlet/permisogoce?6dd523a5ed45b6d389927458bb0d9c8e1a5331eb113baf54fcdd53d4f045c7382761d75795701da0c95458db9229d2e41aa5d8da01288fa4ec2b899b4a572509,gx-no-cache=1733764961104 HTTP/1.1" 200 48
190.171.144.234 - - [09/Dec/2024:14:22:17 -0300] "POST /cormun/servlet/permisogoce?7dd382f3e8fb31760759c4ae14e921db,INS,0,,,,gx-no-cache=1733764965328 HTTP/1.1" 200 93
190.171.144.234 - - [09/Dec/2024:14:22:17 -0300] "GET /cormun/servlet/hpexe_return? HTTP/1.1" 200 1006
190.171.144.234 - - [09/Dec/2024:14:22:18 -0300] "GET /cormun/servlet/trpermisosgoce HTTP/1.1" 200 14860
190.95.15.15 - - [09/Dec/2024:14:22:42 -0300] "GET /cormun/servlet/permisogoce?c20f92e460adfcd24ad51350ae9ea9fb05fc1d232504c5b13a6cbf15bae3469a1342104de7223bfdbc157c730367f48fbd9df4066f4158f02acd933f4c39a6c7,gx-no-cache=1733764989689 HTTP/1.1" 200 48
190.95.15.15 - - [09/Dec/2024:14:23:08 -0300] "POST /cormun/servlet/permisogoce?740286d699fa590b7e0c091fff60a4eb,INS,0,,,,gx-no-cache=1733764991759 HTTP/1.1" 200 93
190.95.15.15 - - [09/Dec/2024:14:23:08 -0300] "GET /cormun/servlet/hpexe_return? HTTP/1.1" 200 1004
190.95.15.15 - - [09/Dec/2024:14:23:08 -0300] "GET /cormun/servlet/trpermisosgoce HTTP/1.1" 200 13756
201.186.225.191 - - [09/Dec/2024:14:23:17 -0300] "GET /cormun/static/menuarrow.gif HTTP/1.1" 404 1015
201.186.225.191 - - [09/Dec/2024:14:23:33 -0300] "POST /cormun/servlet/trpermisosgoce?1288e50e50f22ca27964e6d433e27328,,gx-no-cache=1733765039829 HTTP/1.1" 200 5907
201.186.225.191 - - [09/Dec/2024:14:23:46 -0300] "GET /cormun/servlet/hlogin HTTP/1.1" 200 1741
190.95.15.15 - - [09/Dec/2024:14:24:29 -0300] "GET /cormun/servlet/apermisogoceprn?17521154,P,20241209142140,PU HTTP/1.1" 200 1658
190.171.152.114 - - [09/Dec/2024:14:24:57 -0300] "GET /cormun/servlet/hlogin HTTP/1.1" 200 1722
190.171.141.138 - - [09/Dec/2024:14:25:00 -0300] "GET /cormun/servlet/hlogin HTTP/1.1" 200 1716
190.171.141.138 - - [09/Dec/2024:14:25:02 -0300] "POST /cormun/servlet/hlogin?df2ba2259af7b3965c46c84e88c45636,gx-no-cache=1733765130181 HTTP/1.1" 200 90
190.171.141.138 - - [09/Dec/2024:14:25:02 -0300] "GET /cormun/servlet/hpexe_link HTTP/1.1" 200 947
190.171.141.138 - - [09/Dec/2024:14:25:02 -0300] "GET /cormun/servlet/hhome HTTP/1.1" 200 4475
190.171.141.138 - - [09/Dec/2024:14:25:04 -0300] "GET /cormun/servlet/trlicencias? HTTP/1.1" 200 13972
190.171.152.114 - - [09/Dec/2024:14:25:36 -0300] "POST /cormun/servlet/hlogin?b3414934faba3f3c54210459dc7e0aa3,gx-no-cache=1733765164663 HTTP/1.1" 200 90
190.171.152.114 - - [09/Dec/2024:14:25:36 -0300] "GET /cormun/servlet/hpexe_link HTTP/1.1" 200 951
190.171.152.114 - - [09/Dec/2024:14:25:37 -0300] "GET /cormun/servlet/hhome HTTP/1.1" 200 4331
190.171.152.114 - - [09/Dec/2024:14:25:40 -0300] "GET /cormun/servlet/trpermisosgoce? HTTP/1.1" 200 15888
190.171.152.114 - - [09/Dec/2024:14:25:45 -0300] "GET /cormun/servlet/permisogoce?INS,0,,, HTTP/1.1" 200 7222
190.171.152.114 - - [09/Dec/2024:14:26:03 -0300] "GET /cormun/servlet/permisogoce?7db3b03f6b64a1c96ecaff44ff7271e4ed328a75742b2c4f34f280aa6bfe4b90e880ed44b5663fd945c170edd6e7156533d489bb7bd5babeb581c6d14aba1404,gx-no-cache=1733765191571 HTTP/1.1" 200 83
190.171.152.114 - - [09/Dec/2024:14:26:06 -0300] "GET /cormun/static/menuarrow.gif HTTP/1.1" 404 1015
190.171.152.114 - - [09/Dec/2024:14:26:13 -0300] "GET /cormun/servlet/permisogoce?7db3b03f6b64a1c96ecaff44ff7271e49c0645237c2f81be2359d632f6d59feccebcca5c5dc9fc13fc96bb7f4758c5698161b3190ce52e2460c21498760ce73d,gx-no-cache=1733765201630 HTTP/1.1" 200 48
190.171.152.114 - - [09/Dec/2024:14:26:16 -0300] "POST /cormun/servlet/permisogoce?b3414934faba3f3c54210459dc7e0aa3,INS,0,,,,gx-no-cache=1733765202961 HTTP/1.1" 200 93
190.171.152.114 - - [09/Dec/2024:14:26:16 -0300] "GET /cormun/servlet/hpexe_return? HTTP/1.1" 200 1011
190.171.152.114 - - [09/Dec/2024:14:26:16 -0300] "GET /cormun/servlet/trpermisosgoce HTTP/1.1" 200 16127
190.171.152.114 - - [09/Dec/2024:14:26:19 -0300] "GET /cormun/servlet/apermisogoceprn?15992594,P,20241209142626,PU HTTP/1.1" 200 1663
190.171.143.82 - - [09/Dec/2024:14:28:41 -0300] "GET /cormun/servlet/permisogoce?INS,0,,, HTTP/1.1" 200 6028
190.171.143.82 - - [09/Dec/2024:14:28:43 -0300] "GET /cormun/servlet/hlogin HTTP/1.1" 200 1746
190.171.143.82 - - [09/Dec/2024:14:28:54 -0300] "POST /cormun/servlet/hlogin?492ff08a5c2fa3ce6e59f38a18aee005,gx-no-cache=1733765362094 HTTP/1.1" 200 90
190.171.143.82 - - [09/Dec/2024:14:28:54 -0300] "GET /cormun/servlet/hpexe_link HTTP/1.1" 200 964
190.171.143.82 - - [09/Dec/2024:14:28:54 -0300] "GET /cormun/servlet/permisogoce?INS,0,,, HTTP/1.1" 200 7008
190.171.143.82 - - [09/Dec/2024:14:29:03 -0300] "GET /cormun/servlet/permisogoce?2ddefee0f6ec2955a4d2ac2c5afac14a394c4ada1e5bdad022804c1d4a215e68a468b307a37175ca5609e85ed28daa5ca97acaba539d506e2e071ecde6e6c851,gx-no-cache=1733765370614 HTTP/1.1" 200 73
190.171.143.82 - - [09/Dec/2024:14:29:12 -0300] "GET /cormun/servlet/permisogoce?2ddefee0f6ec2955a4d2ac2c5afac14a34898213da35066688241cf8f42449da9685cc1a0499481b520d54363105c9fd7eaecb0caf489868a1396b370341f38c,gx-no-cache=1733765379849 HTTP/1.1" 200 48
190.171.143.82 - - [09/Dec/2024:14:29:14 -0300] "POST /cormun/servlet/permisogoce?492ff08a5c2fa3ce6e59f38a18aee005,INS,0,,,,gx-no-cache=1733765381921 HTTP/1.1" 200 93
190.171.143.82 - - [09/Dec/2024:14:29:14 -0300] "GET /cormun/servlet/hpexe_return? HTTP/1.1" 200 1008
190.171.143.82 - - [09/Dec/2024:14:29:15 -0300] "GET /cormun/servlet/hhome HTTP/1.1" 200 4292
190.171.143.82 - - [09/Dec/2024:14:29:19 -0300] "GET /cormun/servlet/trpermisosgoce? HTTP/1.1" 200 15518
190.171.143.82 - - [09/Dec/2024:14:29:22 -0300] "GET /cormun/servlet/apermisogoceprn?16528432,P,20241209142936,PU HTTP/1.1" 200 1653
190.171.143.82 - - [09/Dec/2024:14:29:35 -0300] "GET /cormun/servlet/permisogoce?INS,0,,, HTTP/1.1" 200 7181
190.171.143.82 - - [09/Dec/2024:14:29:41 -0300] "GET /cormun/servlet/permisogoce?2ddefee0f6ec2955a4d2ac2c5afac14aedd9406333ead47dc93bdf1cb3621770a468b307a37175ca5609e85ed28daa5ca97acaba539d506e2e071ecde6e6c851,gx-no-cache=1733765409024 HTTP/1.1" 200 84
190.171.143.82 - - [09/Dec/2024:14:29:47 -0300] "GET /cormun/servlet/permisogoce?2ddefee0f6ec2955a4d2ac2c5afac14a8477e9d689cf624e6b817aeed68dcb339495c638d8ac31254f953f956120663f7eaecb0caf489868a1396b370341f38c,gx-no-cache=1733765414691 HTTP/1.1" 200 49
190.171.143.82 - - [09/Dec/2024:14:29:49 -0300] "POST /cormun/servlet/permisogoce?492ff08a5c2fa3ce6e59f38a18aee005,INS,0,,,,gx-no-cache=1733765417127 HTTP/1.1" 200 93
190.171.143.82 - - [09/Dec/2024:14:29:49 -0300] "GET /cormun/servlet/hpexe_return? HTTP/1.1" 200 1011
190.171.143.82 - - [09/Dec/2024:14:29:50 -0300] "GET /cormun/servlet/trpermisosgoce HTTP/1.1" 200 15759
190.171.143.82 - - [09/Dec/2024:14:29:54 -0300] "GET /cormun/servlet/apermisogoceprn?17991546,P,20241209143016,PU HTTP/1.1" 200 1652
190.171.143.82 - - [09/Dec/2024:14:30:06 -0300] "GET /cormun/servlet/trpermisosgoce? HTTP/1.1" 200 15753
190.171.143.82 - - [09/Dec/2024:14:30:09 -0300] "GET /cormun/servlet/permisogoce?INS,0,,, HTTP/1.1" 200 7181
190.171.143.82 - - [09/Dec/2024:14:30:15 -0300] "GET /cormun/servlet/permisogoce?2ddefee0f6ec2955a4d2ac2c5afac14a6f2d6bcde72a764f209d22c073c9ead2a468b307a37175ca5609e85ed28daa5ca97acaba539d506e2e071ecde6e6c851,gx-no-cache=1733765442672 HTTP/1.1" 200 226
190.171.143.82 - - [09/Dec/2024:14:30:15 -0300] "GET /cormun/static/Shared/jqueryui/images/ui-bg_flat_55_994d53_40x100.png HTTP/1.1" 404 1097
190.171.143.82 - - [09/Dec/2024:14:30:15 -0300] "GET /cormun/static/Shared/jqueryui/images/ui-icons_82798d_256x240.png HTTP/1.1" 404 1089
190.171.143.82 - - [09/Dec/2024:14:30:15 -0300] "GET /cormun/static/Shared/jqueryui/images/ui-bg_highlight-soft_100_c6c2c8_1x100.png HTTP/1.1" 404 1117
190.171.143.82 - - [09/Dec/2024:14:30:15 -0300] "GET /cormun/static/Shared/jqueryui/images/ui-icons_ebccce_256x240.png HTTP/1.1" 404 1089
190.171.143.82 - - [09/Dec/2024:14:30:23 -0300] "GET /cormun/servlet/permisogoce?2ddefee0f6ec2955a4d2ac2c5afac14a1476ac2fd3b0554d0249c48f79d52d0aa468b307a37175ca5609e85ed28daa5ca97acaba539d506e2e071ecde6e6c851,gx-no-cache=1733765451185 HTTP/1.1" 200 85
190.171.143.82 - - [09/Dec/2024:14:30:28 -0300] "GET /cormun/servlet/permisogoce?2ddefee0f6ec2955a4d2ac2c5afac14a46801a8367126224d3852f32135255ba99703b1df4836c625ba57cef6b5c343d7eaecb0caf489868a1396b370341f38c,gx-no-cache=1733765456200 HTTP/1.1" 200 49
190.171.143.82 - - [09/Dec/2024:14:30:30 -0300] "POST /cormun/servlet/permisogoce?492ff08a5c2fa3ce6e59f38a18aee005,INS,0,,,,gx-no-cache=1733765458127 HTTP/1.1" 200 93
190.171.143.82 - - [09/Dec/2024:14:30:30 -0300] "GET /cormun/servlet/hpexe_return? HTTP/1.1" 200 1011
190.171.143.82 - - [09/Dec/2024:14:30:31 -0300] "GET /cormun/servlet/trpermisosgoce HTTP/1.1" 200 15923
190.171.143.82 - - [09/Dec/2024:14:30:35 -0300] "GET /cormun/servlet/apermisogoceprn?17204627,P,20241209143050,PU HTTP/1.1" 200 1657
190.95.15.15 - - [09/Dec/2024:14:34:01 -0300] "POST /cormun/servlet/trpermisosgoce?740286d699fa590b7e0c091fff60a4eb,gx-no-cache=1733765668781 HTTP/1.1" 200 11051
190.95.15.15 - - [09/Dec/2024:14:34:01 -0300] "GET /cormun/static/Shared/jqueryui/images/ui-icons_82798d_256x240.png HTTP/1.1" 404 1089
190.95.15.15 - - [09/Dec/2024:14:34:01 -0300] "GET /cormun/static/Shared/jqueryui/images/ui-bg_highlight-soft_100_c6c2c8_1x100.png HTTP/1.1" 404 1117
190.95.15.15 - - [09/Dec/2024:14:34:01 -0300] "GET /cormun/static/Shared/jqueryui/images/ui-bg_flat_55_fafafa_40x100.png HTTP/1.1" 404 1097
190.95.15.15 - - [09/Dec/2024:14:34:01 -0300] "GET /cormun/static/Shared/jqueryui/images/ui-icons_8d78a5_256x240.png HTTP/1.1" 404 1089
190.95.15.15 - - [09/Dec/2024:14:34:08 -0300] "POST /cormun/servlet/trpermisosgoce?740286d699fa590b7e0c091fff60a4eb,gx-no-cache=1733765675747 HTTP/1.1" 200 11053
190.171.152.114 - - [09/Dec/2024:14:34:16 -0300] "GET /cormun/servlet/trlicencias? HTTP/1.1" 200 15630
190.171.152.114 - - [09/Dec/2024:14:34:22 -0300] "GET /cormun/servlet/alicenciaprn?19018686,L,20241205000000,PU HTTP/1.1" 200 1564
190.171.152.114 - - [09/Dec/2024:14:34:31 -0300] "GET /cormun/servlet/alicenciaprn?15800850,L,20241204000000,PU HTTP/1.1" 200 1547
152.32.156.95 - - [09/Dec/2024:14:39:22 -0300] "-" 400 -
152.32.156.95 - - [09/Dec/2024:14:39:33 -0300] "GET / HTTP/1.1" 200 11217
152.32.156.95 - - [09/Dec/2024:14:39:52 -0300] "GET /favicon.ico HTTP/1.1" 200 21630
152.32.156.95 - - [09/Dec/2024:14:39:52 -0300] "GET /robots.txt HTTP/1.1" 404 981
152.32.156.95 - - [09/Dec/2024:14:39:53 -0300] "GET /sitemap.xml HTTP/1.1" 404 983
152.32.156.95 - - [09/Dec/2024:14:39:54 -0300] "GET /config.json HTTP/1.1" 404 983
190.95.15.15 - - [09/Dec/2024:14:42:07 -0300] "GET /cormun/servlet/trpermisosadjuntos?17621025,20241205133506,P, HTTP/1.1" 200 6301
190.95.15.15 - - [09/Dec/2024:14:42:09 -0300] "GET /cormun/servlet/permisosadjuntos?INS,17621025,P,20241205133506,, HTTP/1.1" 200 5619
190.95.15.15 - - [09/Dec/2024:14:42:10 -0300] "GET /cormun/static/about:blank HTTP/1.1" 404 1011
190.171.153.26 - - [09/Dec/2024:14:42:10 -0300] "GET /cormun/servlet/trlicencias? HTTP/1.1" 200 7556
190.171.153.26 - - [09/Dec/2024:14:42:10 -0300] "GET /cormun/servlet/hlogin HTTP/1.1" 200 1739
190.171.153.26 - - [09/Dec/2024:14:42:16 -0300] "POST /cormun/servlet/hlogin?65676facc4277fc7f0da906f16ff4e4c,gx-no-cache=1733769710461 HTTP/1.1" 200 90
190.171.153.26 - - [09/Dec/2024:14:42:16 -0300] "GET /cormun/servlet/hpexe_link HTTP/1.1" 200 957
190.171.153.26 - - [09/Dec/2024:14:42:16 -0300] "GET /cormun/servlet/trlicencias HTTP/1.1" 200 10128
190.95.15.15 - - [09/Dec/2024:14:42:20 -0300] "POST /cormun/servlet/permisosadjuntos?740286d699fa590b7e0c091fff60a4eb,INS,17621025,P,20241205133506,, HTTP/1.1" 200 116
190.95.15.15 - - [09/Dec/2024:14:42:20 -0300] "GET /cormun/servlet/hpexe_return? HTTP/1.1" 200 1034
190.95.15.15 - - [09/Dec/2024:14:42:20 -0300] "GET /cormun/servlet/trpermisosadjuntos?17621025,20241205133506,P, HTTP/1.1" 200 6785
190.95.15.15 - - [09/Dec/2024:14:42:24 -0300] "GET /cormun/servlet/trpermisosgoce? HTTP/1.1" 200 13755
190.95.15.15 - - [09/Dec/2024:14:42:29 -0300] "GET /cormun/servlet/trpermisosadjuntos?12291312,20241205102446,P, HTTP/1.1" 200 6289
190.95.15.15 - - [09/Dec/2024:14:42:31 -0300] "GET /cormun/servlet/permisosadjuntos?INS,12291312,P,20241205102446,, HTTP/1.1" 200 5612
190.95.15.15 - - [09/Dec/2024:14:42:32 -0300] "GET /cormun/static/about:blank HTTP/1.1" 404 1011
190.95.15.15 - - [09/Dec/2024:14:42:40 -0300] "POST /cormun/servlet/permisosadjuntos?740286d699fa590b7e0c091fff60a4eb,INS,12291312,P,20241205102446,, HTTP/1.1" 200 116
190.95.15.15 - - [09/Dec/2024:14:42:40 -0300] "GET /cormun/servlet/hpexe_return? HTTP/1.1" 200 1032
190.95.15.15 - - [09/Dec/2024:14:42:40 -0300] "GET /cormun/servlet/trpermisosadjuntos?12291312,20241205102446,P, HTTP/1.1" 200 6773
190.95.15.15 - - [09/Dec/2024:14:42:42 -0300] "GET /cormun/servlet/trpermisosgoce? HTTP/1.1" 200 13769
190.95.15.15 - - [09/Dec/2024:14:42:48 -0300] "POST /cormun/servlet/trpermisosgoce?740286d699fa590b7e0c091fff60a4eb,,gx-no-cache=1733766195554 HTTP/1.1" 200 11073
190.95.15.15 - - [09/Dec/2024:14:42:48 -0300] "GET /cormun/static/Shared/jqueryui/images/ui-bg_highlight-soft_100_c6c2c8_1x100.png HTTP/1.1" 404 1117
190.95.15.15 - - [09/Dec/2024:14:42:48 -0300] "GET /cormun/static/Shared/jqueryui/images/ui-icons_82798d_256x240.png HTTP/1.1" 404 1089
190.95.15.15 - - [09/Dec/2024:14:42:48 -0300] "GET /cormun/static/Shared/jqueryui/images/ui-icons_8d78a5_256x240.png HTTP/1.1" 404 1089
190.95.15.15 - - [09/Dec/2024:14:42:48 -0300] "GET /cormun/static/Shared/jqueryui/images/ui-bg_flat_55_fafafa_40x100.png HTTP/1.1" 404 1097
190.95.15.15 - - [09/Dec/2024:14:42:50 -0300] "POST /cormun/servlet/trpermisosgoce?740286d699fa590b7e0c091fff60a4eb,,gx-no-cache=1733766197566 HTTP/1.1" 200 11042
190.95.15.15 - - [09/Dec/2024:14:43:00 -0300] "GET /cormun/servlet/hlogin HTTP/1.1" 200 1736
190.95.15.15 - - [09/Dec/2024:14:43:07 -0300] "POST /cormun/servlet/hlogin?740286d699fa590b7e0c091fff60a4eb,gx-no-cache=1733766214951 HTTP/1.1" 200 90
190.95.15.15 - - [09/Dec/2024:14:43:07 -0300] "GET /cormun/servlet/hpexe_link HTTP/1.1" 200 946
190.95.15.15 - - [09/Dec/2024:14:43:07 -0300] "GET /cormun/servlet/hhome HTTP/1.1" 200 4218
190.95.15.15 - - [09/Dec/2024:14:43:13 -0300] "GET /cormun/servlet/trautorizarpermisogoce? HTTP/1.1" 200 8155
190.95.15.15 - - [09/Dec/2024:14:43:15 -0300] "POST /cormun/servlet/trautorizarpermisogoce?740286d699fa590b7e0c091fff60a4eb,,gx-no-cache=1733766222908 HTTP/1.1" 200 5274
190.95.15.15 - - [09/Dec/2024:14:43:16 -0300] "POST /cormun/servlet/trautorizarpermisogoce?740286d699fa590b7e0c091fff60a4eb,,gx-no-cache=1733766223654 HTTP/1.1" 200 4522
190.95.15.15 - - [09/Dec/2024:14:44:26 -0300] "GET /cormun/servlet/trlicencias? HTTP/1.1" 200 12373
190.171.149.90 - - [09/Dec/2024:14:44:57 -0300] "GET /cormun/servlet/trpermisosgoce? HTTP/1.1" 200 6029
190.171.149.90 - - [09/Dec/2024:14:44:57 -0300] "GET /cormun/servlet/hlogin HTTP/1.1" 200 1740
190.171.143.106 - - [09/Dec/2024:14:48:22 -0300] "GET /cormun/servlet/hhome HTTP/1.1" 200 3317
190.171.143.106 - - [09/Dec/2024:14:48:22 -0300] "GET /cormun/servlet/hlogin HTTP/1.1" 200 1728
190.171.143.106 - - [09/Dec/2024:14:48:25 -0300] "POST /cormun/servlet/hlogin?6253c6bf4a506f68de668e2442a51a06,gx-no-cache=1733766532729 HTTP/1.1" 200 90
190.171.143.106 - - [09/Dec/2024:14:48:25 -0300] "GET /cormun/servlet/hpexe_link HTTP/1.1" 200 945
190.171.143.106 - - [09/Dec/2024:14:48:25 -0300] "GET /cormun/servlet/hhome HTTP/1.1" 200 4289
190.171.143.106 - - [09/Dec/2024:14:48:28 -0300] "GET /cormun/servlet/trlicencias? HTTP/1.1" 200 12696
190.171.143.106 - - [09/Dec/2024:14:48:48 -0300] "GET /cormun/servlet/hhome HTTP/1.1" 200 4289
190.171.143.106 - - [09/Dec/2024:14:48:50 -0300] "GET /cormun/servlet/hlogin HTTP/1.1" 200 1728
190.171.141.90 - - [09/Dec/2024:14:53:43 -0300] "GET /cormun/servlet/hlogin HTTP/1.1" 200 1724
190.171.141.90 - - [09/Dec/2024:14:53:49 -0300] "POST /cormun/servlet/hlogin?921c153765084aade83236149f9d5268,gx-no-cache=1733766859378 HTTP/1.1" 200 90
190.171.141.90 - - [09/Dec/2024:14:53:49 -0300] "GET /cormun/servlet/hpexe_link HTTP/1.1" 200 953
190.171.141.90 - - [09/Dec/2024:14:53:49 -0300] "GET /cormun/servlet/hhome HTTP/1.1" 200 3972
190.171.141.90 - - [09/Dec/2024:14:54:22 -0300] "GET /cormun/servlet/trlicencias? HTTP/1.1" 200 13863
190.171.141.90 - - [09/Dec/2024:14:54:25 -0300] "GET /cormun/static/menuarrow.gif HTTP/1.1" 404 1015
190.171.141.90 - - [09/Dec/2024:14:54:34 -0300] "POST /cormun/servlet/trlicencias?921c153765084aade83236149f9d5268,,gx-no-cache=1733766904723 HTTP/1.1" 200 4159
190.171.141.90 - - [09/Dec/2024:14:54:37 -0300] "POST /cormun/servlet/trlicencias?921c153765084aade83236149f9d5268,,gx-no-cache=1733766907248 HTTP/1.1" 200 4160
190.171.141.90 - - [09/Dec/2024:14:55:09 -0300] "POST /cormun/servlet/trlicencias?921c153765084aade83236149f9d5268,,gx-no-cache=1733766939131 HTTP/1.1" 200 8326
190.171.141.90 - - [09/Dec/2024:14:55:15 -0300] "POST /cormun/servlet/trlicencias?921c153765084aade83236149f9d5268,,gx-no-cache=1733766945362 HTTP/1.1" 200 5462
190.171.141.90 - - [09/Dec/2024:14:55:37 -0300] "GET /cormun/servlet/trlicencias? HTTP/1.1" 200 8089
190.171.141.90 - - [09/Dec/2024:14:56:13 -0300] "POST /cormun/servlet/trlicencias?921c153765084aade83236149f9d5268,,gx-no-cache=1733767003010 HTTP/1.1" 200 8325
190.171.141.90 - - [09/Dec/2024:14:56:36 -0300] "POST /cormun/servlet/trlicencias?921c153765084aade83236149f9d5268,,gx-no-cache=1733767026650 HTTP/1.1" 200 4157
190.171.141.90 - - [09/Dec/2024:14:56:48 -0300] "POST /cormun/servlet/trlicencias?921c153765084aade83236149f9d5268,,gx-no-cache=1733767038625 HTTP/1.1" 200 4159
190.171.141.90 - - [09/Dec/2024:14:57:10 -0300] "POST /cormun/servlet/trlicencias?921c153765084aade83236149f9d5268,,gx-no-cache=1733767059857 HTTP/1.1" 200 5404
190.171.141.90 - - [09/Dec/2024:14:57:31 -0300] "POST /cormun/servlet/trlicencias?921c153765084aade83236149f9d5268,,gx-no-cache=1733767081201 HTTP/1.1" 200 5999
190.171.141.90 - - [09/Dec/2024:14:58:16 -0300] "POST /cormun/servlet/trlicencias?921c153765084aade83236149f9d5268,,gx-no-cache=1733767126041 HTTP/1.1" 200 4160
190.171.141.90 - - [09/Dec/2024:14:58:39 -0300] "POST /cormun/servlet/trlicencias?921c153765084aade83236149f9d5268,,gx-no-cache=1733767149281 HTTP/1.1" 200 6241
190.171.141.90 - - [09/Dec/2024:14:59:01 -0300] "POST /cormun/servlet/trlicencias?921c153765084aade83236149f9d5268,,gx-no-cache=1733767171401 HTTP/1.1" 200 5953
190.171.141.90 - - [09/Dec/2024:14:59:32 -0300] "POST /cormun/servlet/trlicencias?921c153765084aade83236149f9d5268,,gx-no-cache=1733767202345 HTTP/1.1" 200 4157
190.171.141.90 - - [09/Dec/2024:15:01:02 -0300] "POST /cormun/servlet/trlicencias?921c153765084aade83236149f9d5268,,gx-no-cache=1733767292665 HTTP/1.1" 200 5701
190.171.141.90 - - [09/Dec/2024:15:01:31 -0300] "POST /cormun/servlet/trlicencias?921c153765084aade83236149f9d5268,,gx-no-cache=1733767321305 HTTP/1.1" 200 6683
154.213.187.52 - - [09/Dec/2024:15:01:50 -0300] "CONNECT google.com:443 HTTP/1.1" 400 -
190.171.141.90 - - [09/Dec/2024:15:02:19 -0300] "POST /cormun/servlet/trlicencias?921c153765084aade83236149f9d5268,,gx-no-cache=1733767369121 HTTP/1.1" 200 5983
190.171.141.90 - - [09/Dec/2024:15:02:44 -0300] "POST /cormun/servlet/trlicencias?921c153765084aade83236149f9d5268,,gx-no-cache=1733767394257 HTTP/1.1" 200 4161
190.171.141.90 - - [09/Dec/2024:15:02:51 -0300] "POST /cormun/servlet/trlicencias?921c153765084aade83236149f9d5268,,gx-no-cache=1733767401367 HTTP/1.1" 200 4161
62.122.232.234 - - [09/Dec/2024:15:03:28 -0300] "GET / HTTP/1.0" 200 11197
190.171.141.90 - - [09/Dec/2024:15:05:10 -0300] "POST /cormun/servlet/trlicencias?921c153765084aade83236149f9d5268,,gx-no-cache=1733767539993 HTTP/1.1" 200 4160
190.171.141.90 - - [09/Dec/2024:15:06:02 -0300] "POST /cormun/servlet/trlicencias?4bb49bec2f3bb6409a06f698aa4a6a9b,,gx-no-cache=1733767592623 HTTP/1.1" 440 972
190.171.141.90 - - [09/Dec/2024:15:06:03 -0300] "GET /cormun/servlet/trlicencias? HTTP/1.1" 200 6912
190.171.141.90 - - [09/Dec/2024:15:06:09 -0300] "POST /cormun/servlet/trlicencias?921c153765084aade83236149f9d5268,,gx-no-cache=1733767599634 HTTP/1.1" 200 4163
190.171.141.90 - - [09/Dec/2024:15:06:33 -0300] "POST /cormun/servlet/trlicencias?921c153765084aade83236149f9d5268,,gx-no-cache=1733767623266 HTTP/1.1" 200 4162
190.171.141.90 - - [09/Dec/2024:15:06:44 -0300] "POST /cormun/servlet/trlicencias?921c153765084aade83236149f9d5268,,gx-no-cache=1733767634201 HTTP/1.1" 200 4160
190.171.141.106 - - [09/Dec/2024:15:10:05 -0300] "GET /cormun/servlet/hlogin HTTP/1.1" 200 1718
190.171.141.106 - - [09/Dec/2024:15:10:09 -0300] "POST /cormun/servlet/hlogin?4abb5e58d173d98367eb312b900396b2,gx-no-cache=1733767836912 HTTP/1.1" 200 90
190.171.141.106 - - [09/Dec/2024:15:10:09 -0300] "GET /cormun/servlet/hpexe_link HTTP/1.1" 200 950
190.171.141.106 - - [09/Dec/2024:15:10:09 -0300] "GET /cormun/servlet/hhome HTTP/1.1" 200 4203
190.171.141.106 - - [09/Dec/2024:15:10:12 -0300] "GET /cormun/servlet/trlicencias? HTTP/1.1" 200 14919
190.171.141.90 - - [09/Dec/2024:15:10:15 -0300] "POST /cormun/servlet/trlicencias?921c153765084aade83236149f9d5268,,gx-no-cache=1733767845057 HTTP/1.1" 200 5701
190.171.141.106 - - [09/Dec/2024:15:10:35 -0300] "GET /cormun/servlet/trsolicitudot? HTTP/1.1" 200 7414
190.171.141.106 - - [09/Dec/2024:15:10:45 -0300] "GET /cormun/servlet/solicitudot?INS,0,0,false, HTTP/1.1" 200 16199
190.171.141.106 - - [09/Dec/2024:15:10:45 -0300] "GET /cormun/static/gxcfg.js?20221129840861 HTTP/1.1" 304 -
190.171.141.106 - - [09/Dec/2024:15:10:45 -0300] "GET /cormun/static/Resources/prompt.gif HTTP/1.1" 304 -
190.171.141.106 - - [09/Dec/2024:15:10:45 -0300] "GET /cormun/static/solicitudot.js?20221129840983 HTTP/1.1" 304 -
190.171.141.106 - - [09/Dec/2024:15:10:50 -0300] "POST /cormun/servlet/solicitudot?4abb5e58d173d98367eb312b900396b2,INS,0,0,false,,gx-no-cache=1733767877625 HTTP/1.1" 200 13183
190.171.141.106 - - [09/Dec/2024:15:10:50 -0300] "GET /cormun/static/Shared/jqueryui/images/ui-bg_highlight-soft_100_c6c2c8_1x100.png HTTP/1.1" 404 1117
190.171.141.106 - - [09/Dec/2024:15:10:50 -0300] "GET /cormun/static/Shared/jqueryui/images/ui-bg_flat_55_994d53_40x100.png HTTP/1.1" 404 1097
190.171.141.106 - - [09/Dec/2024:15:10:50 -0300] "GET /cormun/static/Shared/jqueryui/images/ui-icons_ebccce_256x240.png HTTP/1.1" 404 1089
190.171.141.106 - - [09/Dec/2024:15:10:50 -0300] "GET /cormun/static/Shared/jqueryui/images/ui-icons_82798d_256x240.png HTTP/1.1" 404 1089
190.171.141.90 - - [09/Dec/2024:15:10:59 -0300] "POST /cormun/servlet/trlicencias?921c153765084aade83236149f9d5268,,gx-no-cache=1733767888865 HTTP/1.1" 200 5936
190.171.141.90 - - [09/Dec/2024:15:11:23 -0300] "POST /cormun/servlet/trlicencias?921c153765084aade83236149f9d5268,,gx-no-cache=1733767913273 HTTP/1.1" 200 6503
190.171.141.90 - - [09/Dec/2024:15:11:52 -0300] "POST /cormun/servlet/trlicencias?921c153765084aade83236149f9d5268,,gx-no-cache=1733767942314 HTTP/1.1" 200 5404
190.171.141.106 - - [09/Dec/2024:15:11:54 -0300] "POST /cormun/servlet/solicitudot?gx-no-cache=1733767942188 HTTP/1.1" 200 4046
190.171.141.106 - - [09/Dec/2024:15:11:54 -0300] "POST /cormun/servlet/solicitudot?4abb5e58d173d98367eb312b900396b2,INS,0,0,false,,gx-no-cache=1733767942314 HTTP/1.1" 200 12947
190.171.141.106 - - [09/Dec/2024:15:11:57 -0300] "GET /cormun/servlet/solicitudot?1c488d24617c4dce7d88914a58fc96167cda4e08cdcdc1779251738184b8d4d70abd31dc1b30bab0b06a726516a8febe,gx-no-cache=1733767944827 HTTP/1.1" 200 30
190.171.141.106 - - [09/Dec/2024:15:12:34 -0300] "GET /cormun/servlet/solicitudot?1c488d24617c4dce7d88914a58fc9616420f02fd003d7deaa9fa11a436490e0157f381705ff2e46c4de28935dcb69a717d0b465013bf9b729aacf5741aa29e15,gx-no-cache=1733767982404 HTTP/1.1" 200 30
190.171.141.106 - - [09/Dec/2024:15:12:38 -0300] "GET /cormun/servlet/solicitudot?1c488d24617c4dce7d88914a58fc961659eab4bb9bad827623ed0a95efaad242,gx-no-cache=1733767985579 HTTP/1.1" 200 53
190.171.141.106 - - [09/Dec/2024:15:13:03 -0300] "POST /cormun/servlet/solicitudot?gx-no-cache=1733768010567 HTTP/1.1" 200 255
190.171.141.106 - - [09/Dec/2024:15:13:06 -0300] "GET /cormun/servlet/solicitudot?1c488d24617c4dce7d88914a58fc9616dd5f83aed1a6724ba4031c41d28b64b7b3bfb6a2e38b236f46fc47d6450d0fac1cc1c9867936b0977c68ca31a0cbd4ee9436a2364d31dee14a2b0b307aaed3b9984138bdb9c1aa12ffc7e551d7ec21d9336dfe14dcc26ad7d32f0f3ca3fc1628bb6bd3861eb63da53280318668c6f576dedec920ee8f3d6e74f26a9de1c37230ae4fcbf3f05786a035853b83ece505f03646490b494e4deda7b5bb8db325debb9659107a160a154f2c59dba15475240911d4ff9efc8d8771e98208ab08a8149cc241ede1cbde99ce168c5f9aae400155bf7515a5287efac67c023519cead6af3ab98e7f541473d3961f188cc7b064f0796a82f75f108ac72e1c113cf38602184ddcebfb3e283b51f743dff75c0bc86424f56456f701a7a4b902f1dfed43035ac004cddea14bf518201bdd2499a27fbcdbc07b22dd55fcc81b87eff73093191e3d34c86e7109c4411b1ba225f061320fd18059b032a63fc977dee657e21b57854a90e6f1b211071b5d543cc3af9410505,gx-no-cache=1733768014384 HTTP/1.1" 200 30
190.171.141.106 - - [09/Dec/2024:15:13:14 -0300] "POST /cormun/servlet/solicitudot?gx-no-cache=1733768021924 HTTP/1.1" 200 30
190.171.141.106 - - [09/Dec/2024:15:13:14 -0300] "POST /cormun/servlet/solicitudot?gx-no-cache=1733768021960 HTTP/1.1" 200 1481
190.171.141.106 - - [09/Dec/2024:15:13:14 -0300] "POST /cormun/servlet/solicitudot?gx-no-cache=1733768021992 HTTP/1.1" 200 38
190.171.141.106 - - [09/Dec/2024:15:13:55 -0300] "GET /cormun/servlet/solicitudot?1c488d24617c4dce7d88914a58fc9616e421a0762c721f76229c73c0a983a3027716882039113ac7757984f54f7f9ba9549183932170cae3f88257eec1b43a795cd86b4525c5630626e40f91e55bf69b2d70e21ab44df87913ef18345d1bad59b04d2862b38d0021b73961410df8c0aa,gx-no-cache=1733768062908 HTTP/1.1" 200 110
190.171.141.106 - - [09/Dec/2024:15:14:10 -0300] "POST /cormun/servlet/solicitudot?gx-no-cache=1733768078069 HTTP/1.1" 200 97
181.212.43.89 - - [09/Dec/2024:15:14:58 -0300] "GET /cormun/servlet/hlogin HTTP/1.1" 200 1726
181.212.43.89 - - [09/Dec/2024:15:15:01 -0300] "POST /cormun/servlet/hlogin?9832285907ee8d0ee1ad4b9e1c1bf48e,gx-no-cache=1733768125946 HTTP/1.1" 200 90
181.212.43.89 - - [09/Dec/2024:15:15:01 -0300] "GET /cormun/servlet/hpexe_link HTTP/1.1" 200 957
181.212.43.89 - - [09/Dec/2024:15:15:01 -0300] "GET /cormun/servlet/hhome HTTP/1.1" 200 4027
181.212.43.89 - - [09/Dec/2024:15:15:04 -0300] "GET /cormun/servlet/trlicencias? HTTP/1.1" 200 17490
181.212.43.89 - - [09/Dec/2024:15:15:16 -0300] "GET /cormun/servlet/hhome HTTP/1.1" 200 4026
190.171.141.90 - - [09/Dec/2024:15:15:58 -0300] "POST /cormun/servlet/trlicencias?921c153765084aade83236149f9d5268,,gx-no-cache=1733768188506 HTTP/1.1" 200 9705
190.171.141.90 - - [09/Dec/2024:15:16:06 -0300] "POST /cormun/servlet/trlicencias?921c153765084aade83236149f9d5268,,gx-no-cache=1733768196281 HTTP/1.1" 200 7809
190.171.152.138 - - [09/Dec/2024:15:16:42 -0300] "GET /cormun/servlet/hlogin HTTP/1.1" 200 1726
190.171.152.138 - - [09/Dec/2024:15:16:57 -0300] "POST /cormun/servlet/hlogin?1b4ddfcd97f61ff4009210600a02fb2e,gx-no-cache=1733768245045 HTTP/1.1" 200 90
190.171.152.138 - - [09/Dec/2024:15:16:57 -0300] "GET /cormun/servlet/hpexe_link HTTP/1.1" 200 955
190.171.152.138 - - [09/Dec/2024:15:16:58 -0300] "GET /cormun/servlet/hhome HTTP/1.1" 200 3874
190.171.152.138 - - [09/Dec/2024:15:17:03 -0300] "GET /cormun/servlet/trpermisosgoce? HTTP/1.1" 200 16796
190.171.152.138 - - [09/Dec/2024:15:17:09 -0300] "GET /cormun/servlet/trpermisosadjuntos?13719645,20241209104435,P, HTTP/1.1" 200 6207
190.171.152.138 - - [09/Dec/2024:15:17:12 -0300] "GET /cormun/servlet/permisosadjuntos?INS,13719645,P,20241209104435,, HTTP/1.1" 200 5527
190.171.152.138 - - [09/Dec/2024:15:17:13 -0300] "GET /cormun/static/about:blank HTTP/1.1" 404 1011
190.171.153.26 - - [09/Dec/2024:15:18:09 -0300] "GET /cormun/servlet/trpermisosgoce? HTTP/1.1" 200 6031
190.171.153.26 - - [09/Dec/2024:15:18:09 -0300] "GET /cormun/servlet/hlogin HTTP/1.1" 200 1742
190.171.152.138 - - [09/Dec/2024:15:18:21 -0300] "POST /cormun/servlet/permisosadjuntos?1b4ddfcd97f61ff4009210600a02fb2e,INS,13719645,P,20241209104435,, HTTP/1.1" 200 116
190.171.152.138 - - [09/Dec/2024:15:18:21 -0300] "GET /cormun/servlet/hpexe_return? HTTP/1.1" 200 1040
190.171.141.90 - - [09/Dec/2024:15:18:21 -0300] "POST /cormun/servlet/trlicencias?921c153765084aade83236149f9d5268,,gx-no-cache=1733768331411 HTTP/1.1" 200 7588
190.171.152.138 - - [09/Dec/2024:15:18:21 -0300] "GET /cormun/servlet/trpermisosadjuntos?13719645,20241209104435,P, HTTP/1.1" 200 6685
190.171.152.138 - - [09/Dec/2024:15:18:25 -0300] "POST /cormun/servlet/trpermisosadjuntos?1b4ddfcd97f61ff4009210600a02fb2e,13719645,20241209104435,P,,gx-no-cache=1733768332782 HTTP/1.1" 200 90
190.171.152.138 - - [09/Dec/2024:15:18:25 -0300] "GET /cormun/servlet/hpexe_link HTTP/1.1" 200 987
190.171.152.138 - - [09/Dec/2024:15:18:25 -0300] "GET /cormun/servlet/trpermisosgoce HTTP/1.1" 200 16793
190.171.152.138 - - [09/Dec/2024:15:18:28 -0300] "POST /cormun/servlet/trpermisosgoce?1b4ddfcd97f61ff4009210600a02fb2e,gx-no-cache=1733768335968 HTTP/1.1" 200 14101
190.171.152.138 - - [09/Dec/2024:15:18:28 -0300] "GET /cormun/static/Shared/jqueryui/images/ui-icons_82798d_256x240.png HTTP/1.1" 404 1089
190.171.152.138 - - [09/Dec/2024:15:18:28 -0300] "GET /cormun/static/Shared/jqueryui/images/ui-bg_highlight-soft_100_c6c2c8_1x100.png HTTP/1.1" 404 1117
190.171.152.138 - - [09/Dec/2024:15:18:28 -0300] "GET /cormun/static/Shared/jqueryui/images/ui-bg_flat_55_fafafa_40x100.png HTTP/1.1" 404 1097
190.171.152.138 - - [09/Dec/2024:15:18:28 -0300] "GET /cormun/static/Shared/jqueryui/images/ui-icons_8d78a5_256x240.png HTTP/1.1" 404 1089
190.171.152.138 - - [09/Dec/2024:15:18:39 -0300] "GET /cormun/servlet/hlogin HTTP/1.1" 200 1744
190.171.141.90 - - [09/Dec/2024:15:18:54 -0300] "GET /cormun/static/menuarrow.gif HTTP/1.1" 404 1015
190.171.152.138 - - [09/Dec/2024:15:18:55 -0300] "POST /cormun/servlet/hlogin?1b4ddfcd97f61ff4009210600a02fb2e,gx-no-cache=1733768362548 HTTP/1.1" 200 90
190.171.152.138 - - [09/Dec/2024:15:18:55 -0300] "GET /cormun/servlet/hpexe_link HTTP/1.1" 200 955
190.171.152.138 - - [09/Dec/2024:15:18:55 -0300] "GET /cormun/servlet/hhome HTTP/1.1" 200 4322
190.171.152.138 - - [09/Dec/2024:15:19:02 -0300] "GET /cormun/servlet/trautorizarpermisogoce? HTTP/1.1" 200 8005
190.171.141.90 - - [09/Dec/2024:15:19:03 -0300] "POST /cormun/servlet/trlicencias?921c153765084aade83236149f9d5268,,gx-no-cache=1733768373098 HTTP/1.1" 200 7240
190.171.141.90 - - [09/Dec/2024:15:19:11 -0300] "POST /cormun/servlet/trlicencias?921c153765084aade83236149f9d5268,,gx-no-cache=1733768381537 HTTP/1.1" 200 6656
190.171.152.138 - - [09/Dec/2024:15:19:26 -0300] "POST /cormun/servlet/trautorizarpermisogoce?1b4ddfcd97f61ff4009210600a02fb2e,,gx-no-cache=1733768393342 HTTP/1.1" 200 4524
190.171.152.138 - - [09/Dec/2024:15:19:39 -0300] "GET /cormun/servlet/hlogin HTTP/1.1" 200 1750
190.171.141.90 - - [09/Dec/2024:15:20:09 -0300] "POST /cormun/servlet/trlicencias?921c153765084aade83236149f9d5268,,gx-no-cache=1733768439137 HTTP/1.1" 200 5711
190.171.152.138 - - [09/Dec/2024:15:20:10 -0300] "POST /cormun/servlet/hlogin?1b4ddfcd97f61ff4009210600a02fb2e,gx-no-cache=1733768437461 HTTP/1.1" 200 90
190.171.152.138 - - [09/Dec/2024:15:20:10 -0300] "GET /cormun/servlet/hpexe_link HTTP/1.1" 200 955
190.171.152.138 - - [09/Dec/2024:15:20:10 -0300] "GET /cormun/servlet/hhome HTTP/1.1" 200 3874
190.171.152.138 - - [09/Dec/2024:15:20:12 -0300] "GET /cormun/servlet/trpermisosgoce? HTTP/1.1" 200 16729
190.171.152.138 - - [09/Dec/2024:15:20:36 -0300] "GET /cormun/servlet/hlogin HTTP/1.1" 200 1745
190.171.152.138 - - [09/Dec/2024:15:20:40 -0300] "GET /cormun/servlet/trpermisosgoce? HTTP/1.1" 200 6207
190.171.152.138 - - [09/Dec/2024:15:20:40 -0300] "GET /cormun/servlet/hlogin HTTP/1.1" 200 1745
190.95.15.15 - - [09/Dec/2024:15:21:35 -0300] "GET /cormun/servlet/trlicencias? HTTP/1.1" 200 7556
190.95.15.15 - - [09/Dec/2024:15:21:36 -0300] "GET /cormun/servlet/hlogin HTTP/1.1" 200 1732
190.95.15.15 - - [09/Dec/2024:15:21:45 -0300] "POST /cormun/servlet/hlogin?50e5b5694aa38dd0d365527f39242f57,gx-no-cache=1733768532650 HTTP/1.1" 200 90
190.95.15.15 - - [09/Dec/2024:15:21:45 -0300] "GET /cormun/servlet/hpexe_link HTTP/1.1" 200 947
190.95.15.15 - - [09/Dec/2024:15:21:45 -0300] "GET /cormun/servlet/hhome HTTP/1.1" 200 3970
190.95.15.15 - - [09/Dec/2024:15:21:48 -0300] "GET /cormun/servlet/trlicencias? HTTP/1.1" 200 12127
190.171.141.90 - - [09/Dec/2024:15:21:56 -0300] "POST /cormun/servlet/trlicencias?921c153765084aade83236149f9d5268,,gx-no-cache=1733768546514 HTTP/1.1" 200 5939
190.171.141.90 - - [09/Dec/2024:15:22:27 -0300] "POST /cormun/servlet/trlicencias?921c153765084aade83236149f9d5268,,gx-no-cache=1733768577058 HTTP/1.1" 200 4159
190.171.141.90 - - [09/Dec/2024:15:22:47 -0300] "POST /cormun/servlet/trlicencias?921c153765084aade83236149f9d5268,,gx-no-cache=1733768597090 HTTP/1.1" 200 4161
190.171.141.90 - - [09/Dec/2024:15:22:48 -0300] "POST /cormun/servlet/trlicencias?921c153765084aade83236149f9d5268,,gx-no-cache=1733768598682 HTTP/1.1" 200 4161
190.171.141.90 - - [09/Dec/2024:15:22:51 -0300] "POST /cormun/servlet/trlicencias?921c153765084aade83236149f9d5268,,gx-no-cache=1733768601138 HTTP/1.1" 200 4161
190.171.153.26 - - [09/Dec/2024:15:22:56 -0300] "POST /cormun/servlet/hlogin?56ce84c49f40e723cf9beaae4eaff44a,gx-no-cache=1733772149860 HTTP/1.1" 200 90
190.171.153.26 - - [09/Dec/2024:15:22:56 -0300] "GET /cormun/servlet/hpexe_link HTTP/1.1" 200 958
190.171.153.26 - - [09/Dec/2024:15:22:56 -0300] "GET /cormun/servlet/trpermisosgoce HTTP/1.1" 200 11833
190.171.153.26 - - [09/Dec/2024:15:22:59 -0300] "GET /cormun/servlet/trpermisosgoce? HTTP/1.1" 200 11832
190.171.153.26 - - [09/Dec/2024:15:23:01 -0300] "GET /cormun/servlet/permisogoce?INS,0,,, HTTP/1.1" 200 6837
190.171.141.90 - - [09/Dec/2024:15:23:27 -0300] "POST /cormun/servlet/trlicencias?921c153765084aade83236149f9d5268,,gx-no-cache=1733768630242 HTTP/1.1" 200 5691
190.171.153.26 - - [09/Dec/2024:15:23:28 -0300] "GET /cormun/servlet/permisogoce?cba4bf822e5edd346d918cea91f02043b5eb9542d2d2ba72ed152f5f0ae0ca64369b132d45adf3a53b607d3e025d37e6021b73b3b072ec7ed7a4edc51296667e,gx-no-cache=1733772182725 HTTP/1.1" 200 226
190.171.153.26 - - [09/Dec/2024:15:23:28 -0300] "GET /cormun/static/Shared/jqueryui/images/ui-bg_flat_55_994d53_40x100.png HTTP/1.1" 404 1097
190.171.153.26 - - [09/Dec/2024:15:23:28 -0300] "GET /cormun/static/Shared/jqueryui/images/ui-icons_ebccce_256x240.png HTTP/1.1" 404 1089
190.171.153.26 - - [09/Dec/2024:15:23:39 -0300] "GET /cormun/servlet/permisogoce?cba4bf822e5edd346d918cea91f02043b5eb9542d2d2ba72ed152f5f0ae0ca640cbfbfb5725bb1b822475caf58ee629a42f59bc65ed53c4c5f43bd5890fefac1,gx-no-cache=1733772193822 HTTP/1.1" 200 78
190.171.141.90 - - [09/Dec/2024:15:23:46 -0300] "POST /cormun/servlet/trlicencias?921c153765084aade83236149f9d5268,,gx-no-cache=1733768656025 HTTP/1.1" 200 5702
190.171.153.26 - - [09/Dec/2024:15:23:48 -0300] "GET /cormun/servlet/permisogoce?cba4bf822e5edd346d918cea91f02043527344db9e51c4d3a21a36118fd9b983116406581f8332745cb245105b15d7f00feb217a3d896b9806acaf4b4e7e9943,gx-no-cache=1733772202638 HTTP/1.1" 200 48
190.171.153.26 - - [09/Dec/2024:15:23:53 -0300] "POST /cormun/servlet/permisogoce?56ce84c49f40e723cf9beaae4eaff44a,INS,0,,,,gx-no-cache=1733772206793 HTTP/1.1" 200 93
190.171.153.26 - - [09/Dec/2024:15:23:53 -0300] "GET /cormun/servlet/hpexe_return? HTTP/1.1" 200 1011
190.171.153.26 - - [09/Dec/2024:15:23:53 -0300] "GET /cormun/servlet/trpermisosgoce HTTP/1.1" 200 12097
190.171.153.26 - - [09/Dec/2024:15:24:04 -0300] "GET /cormun/servlet/apermisogoceprn?13096745,P,20241209115929,PU HTTP/1.1" 200 1657
190.171.141.90 - - [09/Dec/2024:15:24:22 -0300] "POST /cormun/servlet/trlicencias?921c153765084aade83236149f9d5268,,gx-no-cache=1733768684825 HTTP/1.1" 200 5703
190.171.153.26 - - [09/Dec/2024:15:24:22 -0300] "GET /cormun/servlet/permisogoce?INS,0,,, HTTP/1.1" 200 6836
190.171.153.26 - - [09/Dec/2024:15:24:40 -0300] "GET /cormun/servlet/permisogoce?cba4bf822e5edd346d918cea91f02043910812cd9397a2cd54f06a975781415a0cbfbfb5725bb1b822475caf58ee629a42f59bc65ed53c4c5f43bd5890fefac1,gx-no-cache=1733772253967 HTTP/1.1" 200 80
190.171.141.90 - - [09/Dec/2024:15:24:44 -0300] "POST /cormun/servlet/trlicencias?921c153765084aade83236149f9d5268,,gx-no-cache=1733768714193 HTTP/1.1" 200 4160
190.171.153.26 - - [09/Dec/2024:15:24:48 -0300] "GET /cormun/servlet/permisogoce?cba4bf822e5edd346d918cea91f0204380602ef10780c3fe12faa0c4f4c6ef870db8c7ecd8c766aaa2744dedf1bfba400feb217a3d896b9806acaf4b4e7e9943,gx-no-cache=1733772262673 HTTP/1.1" 200 48
190.171.153.26 - - [09/Dec/2024:15:24:51 -0300] "POST /cormun/servlet/permisogoce?56ce84c49f40e723cf9beaae4eaff44a,INS,0,,,,gx-no-cache=1733772265071 HTTP/1.1" 200 93
190.171.153.26 - - [09/Dec/2024:15:24:51 -0300] "GET /cormun/servlet/hpexe_return? HTTP/1.1" 200 1011
190.171.153.26 - - [09/Dec/2024:15:24:51 -0300] "GET /cormun/servlet/trpermisosgoce HTTP/1.1" 200 12357
190.171.141.90 - - [09/Dec/2024:15:24:57 -0300] "POST /cormun/servlet/trlicencias?921c153765084aade83236149f9d5268,,gx-no-cache=1733768727530 HTTP/1.1" 200 4159
190.171.153.26 - - [09/Dec/2024:15:24:59 -0300] "GET /cormun/servlet/apermisogoceprn?13459669,P,20241209152503,PU HTTP/1.1" 200 1667
190.171.141.90 - - [09/Dec/2024:15:25:14 -0300] "POST /cormun/servlet/trlicencias?921c153765084aade83236149f9d5268,,gx-no-cache=1733768744489 HTTP/1.1" 200 5712
190.171.141.90 - - [09/Dec/2024:15:25:52 -0300] "POST /cormun/servlet/trlicencias?921c153765084aade83236149f9d5268,,gx-no-cache=1733768775714 HTTP/1.1" 200 8159
190.171.149.74 - - [09/Dec/2024:15:26:07 -0300] "GET /cormun/servlet/trlicencias? HTTP/1.1" 200 7551
190.171.149.74 - - [09/Dec/2024:15:26:07 -0300] "GET /cormun/servlet/hlogin HTTP/1.1" 200 1739
181.212.40.185 - - [09/Dec/2024:15:26:08 -0300] "GET /cormun/servlet/trsolicitudot? HTTP/1.1" 200 6329
181.212.40.185 - - [09/Dec/2024:15:26:08 -0300] "GET /cormun/static/gxcfg.js?20221129846531 HTTP/1.1" 200 953
181.212.40.185 - - [09/Dec/2024:15:26:08 -0300] "GET /cormun/static/trsolicitudot.js?202211298465651 HTTP/1.1" 200 54040
181.212.40.185 - - [09/Dec/2024:15:26:08 -0300] "GET /cormun/servlet/hlogin HTTP/1.1" 200 1741
190.171.141.90 - - [09/Dec/2024:15:26:13 -0300] "POST /cormun/servlet/trlicencias?921c153765084aade83236149f9d5268,,gx-no-cache=1733768793394 HTTP/1.1" 200 6634
190.171.149.74 - - [09/Dec/2024:15:26:14 -0300] "POST /cormun/servlet/hlogin?ed9182e54c1afd8f98208617d70dd695,gx-no-cache=1733768802093 HTTP/1.1" 200 90
190.171.149.74 - - [09/Dec/2024:15:26:14 -0300] "GET /cormun/servlet/hpexe_link HTTP/1.1" 200 957
190.171.149.74 - - [09/Dec/2024:15:26:15 -0300] "GET /cormun/servlet/trlicencias HTTP/1.1" 200 12993
190.171.153.26 - - [09/Dec/2024:15:26:49 -0300] "GET /cormun/servlet/permisogoce?INS,0,,, HTTP/1.1" 200 6836
190.171.141.90 - - [09/Dec/2024:15:27:04 -0300] "POST /cormun/servlet/trlicencias?921c153765084aade83236149f9d5268,,gx-no-cache=1733768852169 HTTP/1.1" 200 6629
190.171.153.26 - - [09/Dec/2024:15:27:08 -0300] "GET /cormun/servlet/permisogoce?cba4bf822e5edd346d918cea91f02043f19b87447e0c534e682a93dfb2080f480cbfbfb5725bb1b822475caf58ee629a42f59bc65ed53c4c5f43bd5890fefac1,gx-no-cache=1733772402207 HTTP/1.1" 200 79
190.171.153.26 - - [09/Dec/2024:15:27:14 -0300] "GET /cormun/servlet/permisogoce?cba4bf822e5edd346d918cea91f0204329f62246d6a22ef50717498116905c1942feff43d449f8d1d17901e5e75e57300feb217a3d896b9806acaf4b4e7e9943,gx-no-cache=1733772408798 HTTP/1.1" 200 129
190.171.153.26 - - [09/Dec/2024:15:27:19 -0300] "GET /cormun/servlet/permisogoce?cba4bf822e5edd346d918cea91f0204329f62246d6a22ef50717498116905c194e6422bf64815dc987b00afcf12ec701df5870bb763bfe9efa8634db85fadb35,gx-no-cache=1733772413565 HTTP/1.1" 200 47
190.171.153.26 - - [09/Dec/2024:15:27:22 -0300] "GET /cormun/servlet/permisogoce?cba4bf822e5edd346d918cea91f0204329f62246d6a22ef50717498116905c19fd25099313b31736d9e2b6df2f3187c62cd21fb77cb3a049c4e15609e2b4b4e7,gx-no-cache=1733772416957 HTTP/1.1" 200 47
190.171.153.26 - - [09/Dec/2024:15:27:26 -0300] "POST /cormun/servlet/permisogoce?56ce84c49f40e723cf9beaae4eaff44a,INS,0,,,,gx-no-cache=1733772419640 HTTP/1.1" 200 93
190.171.153.26 - - [09/Dec/2024:15:27:26 -0300] "GET /cormun/servlet/hpexe_return? HTTP/1.1" 200 1011
190.171.153.26 - - [09/Dec/2024:15:27:26 -0300] "GET /cormun/servlet/trpermisosgoce HTTP/1.1" 200 12565
190.171.153.26 - - [09/Dec/2024:15:27:30 -0300] "GET /cormun/servlet/apermisogoceprn?15105538,P,20241209152730,PU HTTP/1.1" 200 1653
190.171.141.90 - - [09/Dec/2024:15:27:38 -0300] "POST /cormun/servlet/trlicencias?921c153765084aade83236149f9d5268,,gx-no-cache=1733768888353 HTTP/1.1" 200 7137
190.171.153.26 - - [09/Dec/2024:15:27:48 -0300] "GET /cormun/servlet/permisogoce?INS,0,,, HTTP/1.1" 200 6836
190.171.153.26 - - [09/Dec/2024:15:27:57 -0300] "GET /cormun/servlet/permisogoce?cba4bf822e5edd346d918cea91f02043a117c0b6576eca86e72c2503fff454bb6a0da4add7a9641617365b2f2d0c485ce38a8f7db75640404e484793ea2129ea,gx-no-cache=1733772451264 HTTP/1.1" 200 80
190.171.153.26 - - [09/Dec/2024:15:28:04 -0300] "GET /cormun/servlet/permisogoce?cba4bf822e5edd346d918cea91f02043067eb11b4ac598cc41a9317079afcc71beac38de2d84712ef03e6bf567a31708285e94d9212314b7a79106e97eae68ad,gx-no-cache=1733772458634 HTTP/1.1" 200 46
190.171.153.26 - - [09/Dec/2024:15:28:06 -0300] "POST /cormun/servlet/permisogoce?56ce84c49f40e723cf9beaae4eaff44a,INS,0,,,,gx-no-cache=1733772460599 HTTP/1.1" 200 93
190.171.153.26 - - [09/Dec/2024:15:28:06 -0300] "GET /cormun/servlet/hpexe_return? HTTP/1.1" 200 1011
190.171.153.26 - - [09/Dec/2024:15:28:07 -0300] "GET /cormun/servlet/trpermisosgoce HTTP/1.1" 200 12785
190.171.153.26 - - [09/Dec/2024:15:28:11 -0300] "GET /cormun/servlet/apermisogoceprn?8266428,P,20241209152830,PU HTTP/1.1" 200 1658
