190.171.149.90 - - [21/Nov/2024:09:07:09 -0300] "GET /cormun/servlet/permisosadjuntos?INS,17136519,P,20241121080601,, HTTP/1.1" 200 5496
190.171.149.90 - - [21/Nov/2024:09:07:09 -0300] "GET /cormun/static/about:blank HTTP/1.1" 404 1011
190.171.152.138 - - [21/Nov/2024:09:09:07 -0300] "GET /cormun/servlet/hlogin HTTP/1.1" 200 1717
190.171.152.138 - - [21/Nov/2024:09:09:21 -0300] "POST /cormun/servlet/hlogin?1f86dd6dd5cc7dd529cf83c0b3d38ad1,gx-no-cache=1732190977476 HTTP/1.1" 200 90
190.171.152.138 - - [21/Nov/2024:09:09:21 -0300] "GET /cormun/servlet/hpexe_link HTTP/1.1" 200 948
190.171.152.138 - - [21/Nov/2024:09:09:22 -0300] "GET /cormun/servlet/hhome HTTP/1.1" 200 3866
190.171.152.138 - - [21/Nov/2024:09:09:26 -0300] "GET /cormun/servlet/trpermisosgoce? HTTP/1.1" 200 11751
190.171.152.138 - - [21/Nov/2024:09:09:32 -0300] "GET /cormun/servlet/permisogoce?INS,0,,, HTTP/1.1" 200 6730
190.171.152.138 - - [21/Nov/2024:09:09:53 -0300] "GET /cormun/servlet/prfichaempleado?,MD,,gxPopupLevel%3D0%3B HTTP/1.1" 200 9143
190.171.149.90 - - [21/Nov/2024:09:10:02 -0300] "POST /cormun/servlet/permisosadjuntos?49bcb9ff318cb43ec445a8517f5aa59a,INS,17136519,P,20241121080601,, HTTP/1.1" 200 116
190.171.149.90 - - [21/Nov/2024:09:10:02 -0300] "GET /cormun/servlet/hpexe_return? HTTP/1.1" 200 1030
190.171.149.90 - - [21/Nov/2024:09:10:02 -0300] "GET /cormun/servlet/trpermisosadjuntos?17136519,20241121080601,P, HTTP/1.1" 200 6649
190.171.149.90 - - [21/Nov/2024:09:10:04 -0300] "GET /cormun/servlet/trpermisosgoce? HTTP/1.1" 200 12821
190.171.152.138 - - [21/Nov/2024:09:10:05 -0300] "GET /cormun/servlet/permisogoce?b9001d5a87a099b240b27c2f45213efda20bd532d12030e04ec71a0c26fc9dd74a4dc734974636c0944af828b4a1f011860d05d17d3799a5e68f32e38aa19bac,gx-no-cache=1732191021014 HTTP/1.1" 200 83
190.171.149.90 - - [21/Nov/2024:09:10:07 -0300] "POST /cormun/servlet/trpermisosgoce?49bcb9ff318cb43ec445a8517f5aa59a,,gx-no-cache=1732190994593 HTTP/1.1" 200 10071
190.171.149.90 - - [21/Nov/2024:09:10:13 -0300] "POST /cormun/servlet/trpermisosgoce?49bcb9ff318cb43ec445a8517f5aa59a,,gx-no-cache=1732190999846 HTTP/1.1" 200 9778
190.171.149.90 - - [21/Nov/2024:09:10:13 -0300] "POST /cormun/servlet/trpermisosgoce?49bcb9ff318cb43ec445a8517f5aa59a,,gx-no-cache=1732191000099 HTTP/1.1" 200 9757
190.171.152.138 - - [21/Nov/2024:09:10:26 -0300] "GET /cormun/static/menuarrow.gif HTTP/1.1" 404 1015
190.171.149.90 - - [21/Nov/2024:09:10:27 -0300] "GET /cormun/servlet/trlicencias? HTTP/1.1" 200 10143
190.171.144.234 - - [21/Nov/2024:09:10:42 -0300] "GET /cormun/servlet/hlogin HTTP/1.1" 200 1710
190.171.144.234 - - [21/Nov/2024:09:10:42 -0300] "GET /cormun/servlet/hlogin HTTP/1.1" 200 1721
190.171.144.234 - - [21/Nov/2024:09:10:48 -0300] "POST /cormun/servlet/hlogin?7b78dccf889e4ec065b9eb2d3899de2a,gx-no-cache=1732191063723 HTTP/1.1" 200 90
190.171.144.234 - - [21/Nov/2024:09:10:48 -0300] "GET /cormun/servlet/hpexe_link HTTP/1.1" 200 941
190.171.144.234 - - [21/Nov/2024:09:10:49 -0300] "GET /cormun/servlet/hhome HTTP/1.1" 200 3988
190.171.144.234 - - [21/Nov/2024:09:10:54 -0300] "GET /cormun/servlet/trlicencias? HTTP/1.1" 200 10763
190.171.152.138 - - [21/Nov/2024:09:10:59 -0300] "GET /cormun/servlet/permisogoce?b9001d5a87a099b240b27c2f45213efd414bf44039a33b3cb6d23b633b73d214a59107281e14afcfbf0a0e068aee5398c99df452f86f19c2f5898c30650e8322,gx-no-cache=1732191074795 HTTP/1.1" 200 47
190.171.152.138 - - [21/Nov/2024:09:11:16 -0300] "POST /cormun/servlet/permisogoce?1f86dd6dd5cc7dd529cf83c0b3d38ad1,INS,0,,,,gx-no-cache=1732191090990 HTTP/1.1" 200 93
190.171.152.138 - - [21/Nov/2024:09:11:16 -0300] "GET /cormun/servlet/hpexe_return? HTTP/1.1" 200 1006
190.171.152.138 - - [21/Nov/2024:09:11:17 -0300] "GET /cormun/servlet/trpermisosgoce HTTP/1.1" 200 12095
190.171.152.138 - - [21/Nov/2024:09:11:38 -0300] "GET /cormun/servlet/apermisogoceprn?13803850,P,20241121090941,PU HTTP/1.1" 200 1658
190.171.144.234 - - [21/Nov/2024:09:12:13 -0300] "GET /cormun/servlet/hlogin HTTP/1.1" 200 1710
190.171.152.138 - - [21/Nov/2024:09:12:19 -0300] "GET /cormun/servlet/permisogoce?INS,0,,, HTTP/1.1" 200 6731
190.171.144.234 - - [21/Nov/2024:09:12:23 -0300] "POST /cormun/servlet/hlogin?7b78dccf889e4ec065b9eb2d3899de2a,gx-no-cache=1732191158121 HTTP/1.1" 200 90
190.171.144.234 - - [21/Nov/2024:09:12:23 -0300] "GET /cormun/servlet/hpexe_link HTTP/1.1" 200 945
190.171.144.234 - - [21/Nov/2024:09:12:23 -0300] "GET /cormun/servlet/trlicencias HTTP/1.1" 200 10762
190.171.152.138 - - [21/Nov/2024:09:12:34 -0300] "GET /cormun/servlet/permisogoce?b9001d5a87a099b240b27c2f45213efda20bd532d12030e04ec71a0c26fc9dd74a4dc734974636c0944af828b4a1f011860d05d17d3799a5e68f32e38aa19bac,gx-no-cache=1732191170428 HTTP/1.1" 200 85
190.171.144.234 - - [21/Nov/2024:09:12:51 -0300] "GET /cormun/servlet/trpermisosgoce? HTTP/1.1" 200 10386
190.171.144.234 - - [21/Nov/2024:09:12:51 -0300] "GET /cormun/static/gxcfg.js?2020121631564 HTTP/1.1" 200 953
190.171.144.234 - - [21/Nov/2024:09:12:51 -0300] "GET /cormun/static/trpermisosgoce.js?2020121633681 HTTP/1.1" 200 35904
190.171.144.234 - - [21/Nov/2024:09:12:51 -0300] "GET /cormun//static/Resources/PXToolsGridUpdate.png HTTP/1.1" 200 470
190.171.144.234 - - [21/Nov/2024:09:12:51 -0300] "GET /cormun//static/Resources/PXToolsGridDelete.png HTTP/1.1" 200 538
190.171.152.138 - - [21/Nov/2024:09:14:41 -0300] "GET /cormun/servlet/permisogoce?b9001d5a87a099b240b27c2f45213efd414bf44039a33b3cb6d23b633b73d2147357e9870732bca38676eaf4d93600fbc99df452f86f19c2f5898c30650e8322,gx-no-cache=1732191296883 HTTP/1.1" 200 48
190.171.152.138 - - [21/Nov/2024:09:15:05 -0300] "POST /cormun/servlet/permisogoce?1f86dd6dd5cc7dd529cf83c0b3d38ad1,INS,0,,,,gx-no-cache=1732191321157 HTTP/1.1" 200 93
190.171.152.138 - - [21/Nov/2024:09:15:05 -0300] "GET /cormun/servlet/hpexe_return? HTTP/1.1" 200 1006
190.171.152.138 - - [21/Nov/2024:09:15:06 -0300] "GET /cormun/servlet/trpermisosgoce HTTP/1.1" 200 12289
190.171.152.138 - - [21/Nov/2024:09:15:21 -0300] "GET /cormun/servlet/apermisogoceprn?13803850,P,20241121091228,PU HTTP/1.1" 200 1653
190.171.142.42 - - [21/Nov/2024:09:15:48 -0300] "GET /cormun/servlet/hlogin HTTP/1.1" 200 1735
190.171.152.138 - - [21/Nov/2024:09:16:03 -0300] "GET /cormun/servlet/permisogoce?INS,0,,, HTTP/1.1" 200 6731
190.171.152.138 - - [21/Nov/2024:09:16:12 -0300] "GET /cormun/servlet/permisogoce?b9001d5a87a099b240b27c2f45213efda20bd532d12030e04ec71a0c26fc9dd74a4dc734974636c0944af828b4a1f011860d05d17d3799a5e68f32e38aa19bac,gx-no-cache=1732191388197 HTTP/1.1" 200 83
190.171.152.138 - - [21/Nov/2024:09:16:34 -0300] "GET /cormun/servlet/permisogoce?b9001d5a87a099b240b27c2f45213efd414bf44039a33b3cb6d23b633b73d214796d57637d7178b260d2d3346f87be1bc99df452f86f19c2f5898c30650e8322,gx-no-cache=1732191410458 HTTP/1.1" 200 48
190.171.152.138 - - [21/Nov/2024:09:16:42 -0300] "POST /cormun/servlet/permisogoce?1f86dd6dd5cc7dd529cf83c0b3d38ad1,INS,0,,,,gx-no-cache=1732191417997 HTTP/1.1" 200 93
190.171.152.138 - - [21/Nov/2024:09:16:42 -0300] "GET /cormun/servlet/hpexe_return? HTTP/1.1" 200 1006
190.171.152.138 - - [21/Nov/2024:09:16:43 -0300] "GET /cormun/servlet/trpermisosgoce HTTP/1.1" 200 12479
190.171.152.138 - - [21/Nov/2024:09:16:51 -0300] "GET /cormun/servlet/apermisogoceprn?13803850,P,20241121091612,PU HTTP/1.1" 200 1656
190.171.143.82 - - [21/Nov/2024:09:17:02 -0300] "GET /cormun/servlet/permisogoce?INS,0,,, HTTP/1.1" 200 6032
190.171.143.82 - - [21/Nov/2024:09:17:04 -0300] "GET /cormun/servlet/hlogin HTTP/1.1" 200 1749
190.171.143.82 - - [21/Nov/2024:09:17:08 -0300] "POST /cormun/servlet/hlogin?93ee50aa72a38e4cfd6dc7a0c83e4be1,gx-no-cache=1732191445010 HTTP/1.1" 200 90
190.171.143.82 - - [21/Nov/2024:09:17:08 -0300] "GET /cormun/servlet/hpexe_link HTTP/1.1" 200 967
190.171.143.82 - - [21/Nov/2024:09:17:09 -0300] "GET /cormun/servlet/permisogoce?INS,0,,, HTTP/1.1" 200 7012
190.171.143.82 - - [21/Nov/2024:09:17:18 -0300] "GET /cormun/servlet/permisogoce?423b958235596971660154f46bd7688028ee6605faec17c58cd09cc0c488bc51b9fb64ff25d013d14dbc9307ba3625f0190522edb862c3ec8d3909a8f823bfea,gx-no-cache=1732191454157 HTTP/1.1" 200 77
190.171.143.82 - - [21/Nov/2024:09:17:26 -0300] "GET /cormun/servlet/permisogoce?423b958235596971660154f46bd76880336cbe8f961147ef9f4f109c972acafac2d45e33ccfe6f3fb33905ba0d634bd531b7ded7a280282b27d310689e15bad8,gx-no-cache=1732191462363 HTTP/1.1" 200 48
190.171.143.82 - - [21/Nov/2024:09:17:28 -0300] "POST /cormun/servlet/permisogoce?93ee50aa72a38e4cfd6dc7a0c83e4be1,INS,0,,,,gx-no-cache=1732191463604 HTTP/1.1" 200 93
190.171.143.82 - - [21/Nov/2024:09:17:28 -0300] "GET /cormun/servlet/hpexe_return? HTTP/1.1" 200 1010
190.171.143.82 - - [21/Nov/2024:09:17:28 -0300] "GET /cormun/servlet/hhome HTTP/1.1" 200 4296
190.171.143.82 - - [21/Nov/2024:09:17:37 -0300] "GET /cormun/servlet/trpermisosgoce? HTTP/1.1" 200 15322
190.171.143.82 - - [21/Nov/2024:09:17:40 -0300] "GET /cormun/servlet/apermisogoceprn?16528432,P,20241121091717,PU HTTP/1.1" 200 1651
190.171.152.138 - - [21/Nov/2024:09:17:57 -0300] "GET /cormun/servlet/permisogoce?INS,0,,, HTTP/1.1" 200 6731
190.171.152.138 - - [21/Nov/2024:09:18:12 -0300] "GET /cormun/servlet/permisogoce?b9001d5a87a099b240b27c2f45213efda20bd532d12030e04ec71a0c26fc9dd74a4dc734974636c0944af828b4a1f011860d05d17d3799a5e68f32e38aa19bac,gx-no-cache=1732191508085 HTTP/1.1" 200 83
190.171.152.138 - - [21/Nov/2024:09:18:26 -0300] "GET /cormun/servlet/permisogoce?b9001d5a87a099b240b27c2f45213efd414bf44039a33b3cb6d23b633b73d214281fab6ea3f927378ab8e3d940e1c29a33edca4a577d1547cfe363f39e857750,gx-no-cache=1732191522347 HTTP/1.1" 200 130
190.171.152.138 - - [21/Nov/2024:09:18:26 -0300] "GET /cormun/static/Shared/jqueryui/images/ui-bg_flat_55_994d53_40x100.png HTTP/1.1" 404 1097
190.171.152.138 - - [21/Nov/2024:09:18:26 -0300] "GET /cormun/static/Shared/jqueryui/images/ui-icons_82798d_256x240.png HTTP/1.1" 404 1089
190.171.152.138 - - [21/Nov/2024:09:18:26 -0300] "GET /cormun/static/Shared/jqueryui/images/ui-icons_ebccce_256x240.png HTTP/1.1" 404 1089
190.171.152.138 - - [21/Nov/2024:09:18:26 -0300] "GET /cormun/static/Shared/jqueryui/images/ui-bg_highlight-soft_100_c6c2c8_1x100.png HTTP/1.1" 404 1117
190.171.152.138 - - [21/Nov/2024:09:18:26 -0300] "POST /cormun/servlet/permisogoce?1f86dd6dd5cc7dd529cf83c0b3d38ad1,INS,0,,,,gx-no-cache=1732191522501 HTTP/1.1" 200 4491
190.171.152.138 - - [21/Nov/2024:09:18:35 -0300] "GET /cormun/servlet/permisogoce?b9001d5a87a099b240b27c2f45213efd414bf44039a33b3cb6d23b633b73d21441f087bd9f7a745e238a6d6e8d134c11c99df452f86f19c2f5898c30650e8322,gx-no-cache=1732191531491 HTTP/1.1" 200 48
190.171.152.138 - - [21/Nov/2024:09:20:52 -0300] "POST /cormun/servlet/permisogoce?1f86dd6dd5cc7dd529cf83c0b3d38ad1,INS,0,,,,gx-no-cache=1732191668236 HTTP/1.1" 200 93
190.171.152.138 - - [21/Nov/2024:09:20:52 -0300] "GET /cormun/servlet/hpexe_return? HTTP/1.1" 200 1006
190.171.152.138 - - [21/Nov/2024:09:20:53 -0300] "GET /cormun/servlet/trpermisosgoce HTTP/1.1" 200 12655
190.171.152.138 - - [21/Nov/2024:09:21:08 -0300] "GET /cormun/servlet/apermisogoceprn?13803850,P,20241121091805,PU HTTP/1.1" 200 1657
190.171.153.26 - - [21/Nov/2024:09:21:44 -0300] "POST /cormun/servlet/trlicencias?8fcd3642d7379e523ebeff23e87b513f,,gx-no-cache=1732195262387 HTTP/1.1" 200 6909
190.171.152.138 - - [21/Nov/2024:09:22:34 -0300] "GET /cormun/servlet/permisogoce?INS,0,,, HTTP/1.1" 200 6731
190.171.152.138 - - [21/Nov/2024:09:22:40 -0300] "GET /cormun/servlet/permisogoce?b9001d5a87a099b240b27c2f45213efda20bd532d12030e04ec71a0c26fc9dd74a4dc734974636c0944af828b4a1f011860d05d17d3799a5e68f32e38aa19bac,gx-no-cache=1732191776236 HTTP/1.1" 200 78
190.171.152.138 - - [21/Nov/2024:09:23:16 -0300] "GET /cormun/servlet/permisogoce?b9001d5a87a099b240b27c2f45213efd414bf44039a33b3cb6d23b633b73d214e8c01c3eeacbdef31f443f0409008801c99df452f86f19c2f5898c30650e8322,gx-no-cache=1732191812394 HTTP/1.1" 200 47
190.171.152.138 - - [21/Nov/2024:09:23:25 -0300] "POST /cormun/servlet/permisogoce?1f86dd6dd5cc7dd529cf83c0b3d38ad1,INS,0,,,,gx-no-cache=1732191820676 HTTP/1.1" 200 93
190.171.152.138 - - [21/Nov/2024:09:23:25 -0300] "GET /cormun/servlet/hpexe_return? HTTP/1.1" 200 1006
190.171.152.138 - - [21/Nov/2024:09:23:25 -0300] "GET /cormun/servlet/trpermisosgoce HTTP/1.1" 200 12835
190.171.142.42 - - [21/Nov/2024:09:23:44 -0300] "POST /cormun/servlet/hlogin?1b1261227f033edfe4da15c97174e0ae,gx-no-cache=1732191835515 HTTP/1.1" 200 90
190.171.142.42 - - [21/Nov/2024:09:23:44 -0300] "GET /cormun/servlet/hpexe_link HTTP/1.1" 200 953
190.171.142.42 - - [21/Nov/2024:09:23:44 -0300] "GET /cormun/servlet/trpermisosgoce HTTP/1.1" 200 16584
190.171.142.42 - - [21/Nov/2024:09:24:01 -0300] "GET /cormun/servlet/permisogoce?INS,0,,, HTTP/1.1" 200 6777
190.171.152.138 - - [21/Nov/2024:09:24:09 -0300] "GET /cormun/servlet/apermisogoceprn?13803850,P,20241121092243,PU HTTP/1.1" 200 1648
190.171.142.42 - - [21/Nov/2024:09:24:57 -0300] "GET /cormun/servlet/permisogoce?cd6bbd86eb8475d6cc3eda7f3d96556999c6f269caaae0e701ceedcbf3545a9bef3714161459db12c9b146ff5dccb35eb4c455155c383012e71b6f342a18e372,gx-no-cache=1732191911548 HTTP/1.1" 200 77
190.171.142.42 - - [21/Nov/2024:09:24:57 -0300] "GET /cormun/static/menuarrow.gif HTTP/1.1" 404 1015
190.171.142.42 - - [21/Nov/2024:09:25:02 -0300] "GET /cormun/servlet/permisogoce?cd6bbd86eb8475d6cc3eda7f3d9655693e8ed9da91261d7508f89969f8fc0de46c6e16da4a72f61f0aadc89b7db7b3e57d8c26e141961cecf16bd6aed3323444,gx-no-cache=1732191917500 HTTP/1.1" 200 48
190.171.142.42 - - [21/Nov/2024:09:25:05 -0300] "POST /cormun/servlet/permisogoce?1b1261227f033edfe4da15c97174e0ae,INS,0,,,,gx-no-cache=1732191919624 HTTP/1.1" 200 93
190.171.142.42 - - [21/Nov/2024:09:25:05 -0300] "GET /cormun/servlet/hpexe_return? HTTP/1.1" 200 1007
190.171.142.42 - - [21/Nov/2024:09:25:05 -0300] "GET /cormun/servlet/trpermisosgoce HTTP/1.1" 200 16775
190.171.142.42 - - [21/Nov/2024:09:25:08 -0300] "GET /cormun/servlet/permisogoce?INS,0,,, HTTP/1.1" 200 6777
190.171.142.42 - - [21/Nov/2024:09:25:15 -0300] "GET /cormun/servlet/permisogoce?cd6bbd86eb8475d6cc3eda7f3d96556999c6f269caaae0e701ceedcbf3545a9bef3714161459db12c9b146ff5dccb35eb4c455155c383012e71b6f342a18e372,gx-no-cache=1732191930326 HTTP/1.1" 200 77
190.171.152.138 - - [21/Nov/2024:09:26:56 -0300] "GET /cormun/servlet/hlogin HTTP/1.1" 200 1735
190.171.142.42 - - [21/Nov/2024:09:27:52 -0300] "GET /cormun/servlet/permisogoce?cd6bbd86eb8475d6cc3eda7f3d9655697a76c470e9b1e3e7210db6554b6650cdb703bce699fa85f244b26805443d217e1d0481b084ee53c10a2db70664043008dd5201814ce86315f33b96e429561bc1f6b64401a796bc661fd840f3d50eb908,gx-no-cache=1732192086580 HTTP/1.1" 200 80
190.171.142.42 - - [21/Nov/2024:09:28:01 -0300] "GET /cormun/servlet/permisogoce?cd6bbd86eb8475d6cc3eda7f3d965569968c808cfe7217e1810ea129a9e49e47558ca6e42bc8fb884ed7bb7d15d3af717d8c26e141961cecf16bd6aed3323444,gx-no-cache=1732192095694 HTTP/1.1" 200 47
190.171.142.42 - - [21/Nov/2024:09:28:03 -0300] "POST /cormun/servlet/permisogoce?1b1261227f033edfe4da15c97174e0ae,INS,0,,,,gx-no-cache=1732192097913 HTTP/1.1" 200 93
190.171.142.42 - - [21/Nov/2024:09:28:03 -0300] "GET /cormun/servlet/hpexe_return? HTTP/1.1" 200 1007
190.171.142.42 - - [21/Nov/2024:09:28:03 -0300] "GET /cormun/servlet/trpermisosgoce HTTP/1.1" 200 17016
185.91.127.77 - - [21/Nov/2024:09:33:51 -0300] "CONNECT toffy.lol:443 HTTP/1.1" 400 -
200.54.100.179 - - [21/Nov/2024:09:35:07 -0300] "GET /cormun/servlet/hlogin HTTP/1.1" 200 1718
200.54.100.179 - - [21/Nov/2024:09:35:10 -0300] "POST /cormun/servlet/hlogin?7e4bf2a98ca55ba5cf10098ad0d52697,gx-no-cache=1732192522738 HTTP/1.1" 200 90
200.54.100.179 - - [21/Nov/2024:09:35:10 -0300] "GET /cormun/servlet/hpexe_link HTTP/1.1" 200 949
200.54.100.179 - - [21/Nov/2024:09:35:10 -0300] "GET /cormun/servlet/hhome HTTP/1.1" 200 4321
200.54.100.179 - - [21/Nov/2024:09:35:10 -0300] "GET /cormun/static/gxcfg.js?20201215495537 HTTP/1.1" 200 953
200.54.100.179 - - [21/Nov/2024:09:35:10 -0300] "GET /cormun/static/hhome.js?20201215495544 HTTP/1.1" 200 777
200.54.100.179 - - [21/Nov/2024:09:35:15 -0300] "GET /cormun/servlet/trpermisosgoce? HTTP/1.1" 200 11373
200.54.100.179 - - [21/Nov/2024:09:35:15 -0300] "GET /cormun/static/gxui/gxui-all.css?120300 HTTP/1.1" 200 2179
200.54.100.179 - - [21/Nov/2024:09:35:15 -0300] "GET /cormun/static/calendar-system.css?85620 HTTP/1.1" 200 5572
200.54.100.179 - - [21/Nov/2024:09:35:15 -0300] "GET /cormun/static/gxcfg.js?2020121631564 HTTP/1.1" 200 953
200.54.100.179 - - [21/Nov/2024:09:35:15 -0300] "GET /cormun/static/calendar-setup.js?85251 HTTP/1.1" 200 2588
200.54.100.179 - - [21/Nov/2024:09:35:15 -0300] "GET /cormun/static/calendar-es.js?85251 HTTP/1.1" 200 1901
200.54.100.179 - - [21/Nov/2024:09:35:15 -0300] "GET /cormun/static/calendar.js?85251 HTTP/1.1" 200 26246
200.54.100.179 - - [21/Nov/2024:09:35:15 -0300] "GET /cormun/static/Resources/PXTools/calendar.png HTTP/1.1" 200 1306
200.54.100.179 - - [21/Nov/2024:09:35:15 -0300] "GET /cormun/static/gxdec.js?85251 HTTP/1.1" 200 19579
200.54.100.179 - - [21/Nov/2024:09:35:15 -0300] "GET /cormun/static/trpermisosgoce.js?2020121633681 HTTP/1.1" 200 35904
200.54.100.179 - - [21/Nov/2024:09:35:15 -0300] "GET /cormun/static/Shared/ext/resources/css/ext-all.css?215870 HTTP/1.1" 200 416045
200.54.100.179 - - [21/Nov/2024:09:35:15 -0300] "GET /cormun/static/Shared/ext/resources/themes/images/default/tools/tool-sprites.gif HTTP/1.1" 200 5434
200.54.100.179 - - [21/Nov/2024:09:35:15 -0300] "GET /cormun/static/Shared/ext/resources/themes/images/default/panel/bg-headersPanel.png HTTP/1.1" 200 255
200.54.100.179 - - [21/Nov/2024:09:35:19 -0300] "GET /cormun/servlet/permisogoce?INS,0,,, HTTP/1.1" 200 7209
200.54.100.179 - - [21/Nov/2024:09:35:19 -0300] "GET /cormun/static/gxcfg.js?20201215124560 HTTP/1.1" 200 953
200.54.100.179 - - [21/Nov/2024:09:35:19 -0300] "GET /cormun/static/Resources/prompt.gif HTTP/1.1" 200 902
200.54.100.179 - - [21/Nov/2024:09:35:19 -0300] "GET /cormun/static/permisogoce.js?20201215124939 HTTP/1.1" 200 27790
200.54.100.179 - - [21/Nov/2024:09:35:28 -0300] "GET /cormun/servlet/permisogoce?e6fb6f0244715a622c3a6514e617436209f28c3b1b7a76e506c2f167bbb7973f09195a7b51599e8af5500d3d7f4e2a4a6bc01618fd5dfc4e72715a189197bef9,gx-no-cache=1732192541358 HTTP/1.1" 200 82
200.54.100.179 - - [21/Nov/2024:09:35:30 -0300] "GET /cormun/static/menuarrow.gif HTTP/1.1" 404 1015
200.54.100.179 - - [21/Nov/2024:09:35:40 -0300] "GET /cormun/servlet/permisogoce?e6fb6f0244715a622c3a6514e61743626ffc621c53c0fb74102b8fb9e7a684514e4a752cf6b9d882278ec14c131e0de29e4e4417c65838a84bef04176c7ee95f,gx-no-cache=1732192553309 HTTP/1.1" 200 48
200.54.100.179 - - [21/Nov/2024:09:35:44 -0300] "POST /cormun/servlet/permisogoce?7e4bf2a98ca55ba5cf10098ad0d52697,INS,0,,,,gx-no-cache=1732192556343 HTTP/1.1" 200 93
200.54.100.179 - - [21/Nov/2024:09:35:44 -0300] "GET /cormun/servlet/hpexe_return? HTTP/1.1" 200 1007
200.54.100.179 - - [21/Nov/2024:09:35:44 -0300] "GET /cormun/static/hpexe_return.js?20221129846037 HTTP/1.1" 200 1633
200.54.100.179 - - [21/Nov/2024:09:35:44 -0300] "GET /cormun/static/gxcfg.js?20221129846035 HTTP/1.1" 200 953
200.54.100.179 - - [21/Nov/2024:09:35:44 -0300] "GET /cormun/servlet/trpermisosgoce HTTP/1.1" 200 11662
200.54.100.179 - - [21/Nov/2024:09:35:44 -0300] "GET /cormun//static/Resources/PXToolsGridUpdate.png HTTP/1.1" 200 470
200.54.100.179 - - [21/Nov/2024:09:35:47 -0300] "GET /cormun/servlet/apermisogoceprn?11372929,P,20241121093527,PU HTTP/1.1" 200 1653
66.249.66.19 - - [21/Nov/2024:09:36:03 -0300] "GET /robots.txt HTTP/1.1" 404 981
66.249.66.18 - - [21/Nov/2024:09:36:03 -0300] "GET /cormun/servlet/hlogin HTTP/1.1" 200 1721
190.171.141.106 - - [21/Nov/2024:09:44:07 -0300] "GET /cormun/servlet/trlicencias? HTTP/1.1" 200 7244
190.171.141.106 - - [21/Nov/2024:09:44:07 -0300] "GET /cormun/servlet/hlogin HTTP/1.1" 200 1737
190.171.141.106 - - [21/Nov/2024:09:44:07 -0300] "GET /cormun/servlet/trlicencias? HTTP/1.1" 200 7243
181.212.40.185 - - [21/Nov/2024:09:45:54 -0300] "GET /cormun/servlet/hlogin HTTP/1.1" 200 1725
181.212.40.185 - - [21/Nov/2024:09:45:54 -0300] "GET /cormun/servlet/hlogin HTTP/1.1" 200 1736
181.212.40.185 - - [21/Nov/2024:09:46:04 -0300] "POST /cormun/servlet/hlogin?ea359472d67570d3836abbe21d960968,gx-no-cache=1732193178766 HTTP/1.1" 200 90
181.212.40.185 - - [21/Nov/2024:09:46:04 -0300] "GET /cormun/servlet/hpexe_link HTTP/1.1" 200 954
181.212.40.185 - - [21/Nov/2024:09:46:04 -0300] "GET /cormun/servlet/hhome HTTP/1.1" 200 4233
181.212.40.185 - - [21/Nov/2024:09:46:07 -0300] "GET /cormun/servlet/trlicencias? HTTP/1.1" 200 19586
190.171.152.234 - - [21/Nov/2024:09:46:32 -0300] "GET /cormun/servlet/hlogin HTTP/1.1" 200 1717
190.171.152.234 - - [21/Nov/2024:09:46:32 -0300] "GET /cormun/servlet/hlogin HTTP/1.1" 200 1727
190.171.152.234 - - [21/Nov/2024:09:46:40 -0300] "POST /cormun/servlet/hlogin?50730318e729ec432900c8663f0cdec9,gx-no-cache=1732193216669 HTTP/1.1" 200 90
190.171.152.234 - - [21/Nov/2024:09:46:40 -0300] "GET /cormun/servlet/hpexe_link HTTP/1.1" 200 947
190.171.152.234 - - [21/Nov/2024:09:46:40 -0300] "GET /cormun/servlet/hhome HTTP/1.1" 200 4297
190.171.152.234 - - [21/Nov/2024:09:46:43 -0300] "GET /cormun/servlet/trlicencias? HTTP/1.1" 200 11133
190.171.153.26 - - [21/Nov/2024:09:46:57 -0300] "GET /cormun/servlet/hlogin HTTP/1.1" 200 1720
190.171.153.26 - - [21/Nov/2024:09:46:57 -0300] "GET /cormun/servlet/hlogin HTTP/1.1" 200 1730
190.171.153.26 - - [21/Nov/2024:09:46:58 -0300] "GET /favicon.ico HTTP/1.1" 200 21630
190.171.153.26 - - [21/Nov/2024:09:47:02 -0300] "POST /cormun/servlet/hlogin?3118fe040870655e72f39685d7206278,gx-no-cache=1732193236248 HTTP/1.1" 200 90
190.171.153.26 - - [21/Nov/2024:09:47:02 -0300] "GET /cormun/servlet/hpexe_link HTTP/1.1" 200 952
190.171.153.26 - - [21/Nov/2024:09:47:02 -0300] "GET /cormun/servlet/hhome HTTP/1.1" 200 4292
190.171.153.26 - - [21/Nov/2024:09:47:05 -0300] "GET /cormun/servlet/trlicencias? HTTP/1.1" 200 10271
190.171.149.90 - - [21/Nov/2024:09:51:47 -0300] "GET /cormun/servlet/trlicencias? HTTP/1.1" 200 7240
190.171.149.90 - - [21/Nov/2024:09:51:47 -0300] "GET /cormun/servlet/hlogin HTTP/1.1" 200 1733
14.188.16.206 - - [21/Nov/2024:09:56:16 -0300] "GET /boaform/admin/formLogin?username=ec8&psd=ec8 HTTP/1.0" 404 1007
190.171.142.26 - - [21/Nov/2024:10:03:31 -0300] "GET /cormun/servlet/hlogin HTTP/1.1" 200 1720
190.171.142.26 - - [21/Nov/2024:10:03:39 -0300] "POST /cormun/servlet/hlogin?5a547db92744fb2cc9b7e65ca0ff8292,gx-no-cache=1732194234914 HTTP/1.1" 200 90
190.171.142.26 - - [21/Nov/2024:10:03:39 -0300] "GET /cormun/servlet/hpexe_link HTTP/1.1" 200 951
190.171.142.26 - - [21/Nov/2024:10:03:39 -0300] "GET /cormun/servlet/hhome HTTP/1.1" 200 4293
190.171.142.26 - - [21/Nov/2024:10:03:57 -0300] "GET /cormun/servlet/trlicencias? HTTP/1.1" 200 14032
190.171.141.82 - - [21/Nov/2024:10:04:55 -0300] "GET /cormun/servlet/hlogin HTTP/1.1" 200 1723
190.171.141.82 - - [21/Nov/2024:10:04:56 -0300] "GET /cormun/servlet/hlogin HTTP/1.1" 200 1734
190.171.141.82 - - [21/Nov/2024:10:04:58 -0300] "POST /cormun/servlet/hlogin?aa2d2442f4fbbf58af5bfdd64b83d7d3,gx-no-cache=1732194313812 HTTP/1.1" 200 90
190.171.141.82 - - [21/Nov/2024:10:04:58 -0300] "GET /cormun/servlet/hpexe_link HTTP/1.1" 200 951
190.171.141.82 - - [21/Nov/2024:10:04:59 -0300] "GET /cormun/servlet/hhome HTTP/1.1" 200 4336
190.171.141.82 - - [21/Nov/2024:10:05:02 -0300] "GET /cormun/servlet/trlicencias? HTTP/1.1" 200 12974
190.171.143.106 - - [21/Nov/2024:10:09:12 -0300] "GET /cormun/servlet/hhome HTTP/1.1" 200 3317
190.171.143.106 - - [21/Nov/2024:10:09:12 -0300] "GET /cormun/servlet/hlogin HTTP/1.1" 200 1726
190.171.143.106 - - [21/Nov/2024:10:09:15 -0300] "POST /cormun/servlet/hlogin?5c8cdb800c1b7089c0cb4ae1a9c309b3,gx-no-cache=1732194570506 HTTP/1.1" 200 90
190.171.143.106 - - [21/Nov/2024:10:09:15 -0300] "GET /cormun/servlet/hpexe_link HTTP/1.1" 200 946
190.171.143.106 - - [21/Nov/2024:10:09:15 -0300] "GET /cormun/servlet/hhome HTTP/1.1" 200 4287
190.171.143.106 - - [21/Nov/2024:10:09:20 -0300] "GET /cormun/servlet/trlicencias? HTTP/1.1" 200 13418
190.171.143.106 - - [21/Nov/2024:10:09:24 -0300] "GET /cormun/servlet/licenciaspermisos?DSP,16792623,L,20241121000000, HTTP/1.1" 200 7409
190.171.143.106 - - [21/Nov/2024:10:09:24 -0300] "GET /cormun/static/gxcfg.js?202012153173 HTTP/1.1" 200 953
190.171.143.106 - - [21/Nov/2024:10:09:24 -0300] "GET /cormun/static/licenciaspermisos.js?2020121532136 HTTP/1.1" 200 38753
190.171.143.106 - - [21/Nov/2024:10:09:31 -0300] "POST /cormun/servlet/licenciaspermisos?5c8cdb800c1b7089c0cb4ae1a9c309b3,DSP,16792623,L,20241121000000,,gx-no-cache=1732194586090 HTTP/1.1" 200 93
190.171.143.106 - - [21/Nov/2024:10:09:31 -0300] "GET /cormun/servlet/hpexe_return? HTTP/1.1" 200 1024
190.171.143.106 - - [21/Nov/2024:10:09:31 -0300] "GET /cormun/servlet/trlicencias HTTP/1.1" 200 13421
181.212.40.185 - - [21/Nov/2024:10:16:20 -0300] "GET /cormun/servlet/trpermisosgoce? HTTP/1.1" 200 6033
181.212.40.185 - - [21/Nov/2024:10:16:20 -0300] "GET /cormun/servlet/hlogin HTTP/1.1" 200 1741
190.171.144.234 - - [21/Nov/2024:10:16:28 -0300] "GET /cormun/servlet/permisogoce?INS,0,,, HTTP/1.1" 200 6028
190.171.144.234 - - [21/Nov/2024:10:16:28 -0300] "GET /cormun/static/gxcfg.js?20201215124560 HTTP/1.1" 200 953
190.171.144.234 - - [21/Nov/2024:10:16:28 -0300] "GET /cormun/static/permisogoce.js?20201215124939 HTTP/1.1" 200 27790
190.171.144.234 - - [21/Nov/2024:10:16:28 -0300] "GET /cormun/servlet/hlogin HTTP/1.1" 200 1743
190.171.144.234 - - [21/Nov/2024:10:16:35 -0300] "POST /cormun/servlet/hlogin?adb113195fe5036984e1218e41770169,gx-no-cache=1732195010513 HTTP/1.1" 200 90
190.171.144.234 - - [21/Nov/2024:10:16:35 -0300] "GET /cormun/servlet/hpexe_link HTTP/1.1" 200 962
190.171.144.234 - - [21/Nov/2024:10:16:35 -0300] "GET /cormun/servlet/permisogoce?INS,0,,, HTTP/1.1" 200 6686
190.171.144.234 - - [21/Nov/2024:10:16:47 -0300] "GET /cormun/servlet/permisogoce?c20f9fbf5f347d59163cdb6542e2ea489708687b31d45cd9af1611890720db0c2ac153f70f0eb0e902b67712ca4149050d2ec915903335d88de357426f953ced,gx-no-cache=1732195022428 HTTP/1.1" 200 80
190.171.144.234 - - [21/Nov/2024:10:16:47 -0300] "GET /cormun/static/menuarrow.gif HTTP/1.1" 404 1015
181.212.40.185 - - [21/Nov/2024:10:16:59 -0300] "POST /cormun/servlet/hlogin?1a93d91ff52db10fbf34a54c71577ac9,gx-no-cache=1732195034108 HTTP/1.1" 200 90
181.212.40.185 - - [21/Nov/2024:10:16:59 -0300] "GET /cormun/servlet/hpexe_link HTTP/1.1" 200 955
181.212.40.185 - - [21/Nov/2024:10:16:59 -0300] "GET /cormun/servlet/trpermisosgoce HTTP/1.1" 200 19376
190.171.144.234 - - [21/Nov/2024:10:17:06 -0300] "GET /cormun/servlet/permisogoce?c20f9fbf5f347d59163cdb6542e2ea48eeac762d12d9c08cb3a214256e93b9657ab450a785693337ec9199c1ecb7ff4cd8af60f40d1992707decb5f97a5dbde2,gx-no-cache=1732195041304 HTTP/1.1" 200 48
190.171.144.234 - - [21/Nov/2024:10:17:14 -0300] "POST /cormun/servlet/permisogoce?adb113195fe5036984e1218e41770169,INS,0,,,,gx-no-cache=1732195048926 HTTP/1.1" 200 93
190.171.144.234 - - [21/Nov/2024:10:17:15 -0300] "GET /cormun/servlet/hpexe_return? HTTP/1.1" 200 1005
190.171.144.234 - - [21/Nov/2024:10:17:15 -0300] "GET /cormun/static/hpexe_return.js?20221129846037 HTTP/1.1" 200 1633
190.171.144.234 - - [21/Nov/2024:10:17:15 -0300] "GET /cormun/static/gxcfg.js?20221129846035 HTTP/1.1" 200 953
190.171.144.234 - - [21/Nov/2024:10:17:15 -0300] "GET /cormun/servlet/hhome HTTP/1.1" 200 3995
190.171.144.234 - - [21/Nov/2024:10:17:40 -0300] "GET /cormun/servlet/trpermisosgoce? HTTP/1.1" 200 10623
190.171.144.234 - - [21/Nov/2024:10:17:40 -0300] "GET /cormun/static/gxcfg.js?2020121631564 HTTP/1.1" 200 953
190.171.144.234 - - [21/Nov/2024:10:17:40 -0300] "GET /cormun/static/trpermisosgoce.js?2020121633681 HTTP/1.1" 200 35904
190.171.144.234 - - [21/Nov/2024:10:17:41 -0300] "GET /cormun//static/Resources/PXToolsGridUpdate.png HTTP/1.1" 200 470
190.171.144.234 - - [21/Nov/2024:10:17:41 -0300] "GET /cormun//static/Resources/PXToolsGridDelete.png HTTP/1.1" 200 538
181.212.40.185 - - [21/Nov/2024:10:17:44 -0300] "GET /cormun/servlet/trlicencias? HTTP/1.1" 200 19589
181.212.40.185 - - [21/Nov/2024:10:17:46 -0300] "GET /cormun/servlet/trpermisosgoce? HTTP/1.1" 200 19374
181.212.40.185 - - [21/Nov/2024:10:17:49 -0300] "GET /cormun/servlet/permisogoce?INS,0,,, HTTP/1.1" 200 7114
190.171.144.234 - - [21/Nov/2024:10:17:53 -0300] "GET /cormun/servlet/apermisogoceprn?16251956,P,20241121101644,PU HTTP/1.1" 200 1663
181.212.40.185 - - [21/Nov/2024:10:17:56 -0300] "GET /cormun/servlet/permisogoce?6f6243bbd55102544f0d30c7599402b6ce3a22b377726600a9deb9870693ad7c9488e847ab8c577340a8688279b08d2d154ca57b1925cfce58c97bbfec5d8208,gx-no-cache=1732195090936 HTTP/1.1" 200 80
181.212.40.185 - - [21/Nov/2024:10:17:57 -0300] "GET /cormun/static/menuarrow.gif HTTP/1.1" 404 1015
181.212.40.185 - - [21/Nov/2024:10:18:03 -0300] "GET /cormun/servlet/permisogoce?6f6243bbd55102544f0d30c7599402b6e4d292c26454bc10722c5dfce6614a631365076cc1c0aed8b0e53cbd8332e4338883fb25f1f3b1f293dd7f35e6f4ebd9,gx-no-cache=1732195098367 HTTP/1.1" 200 47
190.171.144.234 - - [21/Nov/2024:10:18:19 -0300] "GET /cormun/servlet/permisogoce?INS,0,,, HTTP/1.1" 200 6856
181.212.40.185 - - [21/Nov/2024:10:18:23 -0300] "POST /cormun/servlet/permisogoce?1a93d91ff52db10fbf34a54c71577ac9,INS,0,,,,gx-no-cache=1732195118157 HTTP/1.1" 200 93
181.212.40.185 - - [21/Nov/2024:10:18:24 -0300] "GET /cormun/servlet/hpexe_return? HTTP/1.1" 200 1008
181.212.40.185 - - [21/Nov/2024:10:18:24 -0300] "GET /cormun/servlet/trpermisosgoce HTTP/1.1" 200 19530
190.171.144.234 - - [21/Nov/2024:10:18:33 -0300] "GET /cormun/servlet/permisogoce?c20f9fbf5f347d59163cdb6542e2ea484bd28dc088750a1f00189f2af7645ec52ac153f70f0eb0e902b67712ca4149050d2ec915903335d88de357426f953ced,gx-no-cache=1732195128939 HTTP/1.1" 200 83
181.212.40.185 - - [21/Nov/2024:10:18:38 -0300] "GET /cormun/servlet/trpermisosadjuntos?15125965,20241121101758,P, HTTP/1.1" 200 6550
181.212.40.185 - - [21/Nov/2024:10:18:40 -0300] "GET /cormun/servlet/permisosadjuntos?INS,15125965,P,20241121101758,, HTTP/1.1" 200 5873
181.212.40.185 - - [21/Nov/2024:10:18:41 -0300] "GET /cormun/static/about:blank HTTP/1.1" 404 1011
190.171.153.34 - - [21/Nov/2024:10:18:41 -0300] "GET /cormun/servlet/hlogin HTTP/1.1" 200 1709
190.171.144.234 - - [21/Nov/2024:10:18:45 -0300] "GET /cormun/servlet/permisogoce?c20f9fbf5f347d59163cdb6542e2ea48351aa01f202b19219fc6a8d7623c843c7797546e067fcc7cbb341a4ed5b60ccbd8af60f40d1992707decb5f97a5dbde2,gx-no-cache=1732195140118 HTTP/1.1" 200 48
190.171.144.234 - - [21/Nov/2024:10:18:50 -0300] "POST /cormun/servlet/permisogoce?adb113195fe5036984e1218e41770169,INS,0,,,,gx-no-cache=1732195145134 HTTP/1.1" 200 93
190.171.144.234 - - [21/Nov/2024:10:18:50 -0300] "GET /cormun/servlet/hpexe_return? HTTP/1.1" 200 1007
190.171.144.234 - - [21/Nov/2024:10:18:50 -0300] "GET /cormun/servlet/trpermisosgoce HTTP/1.1" 200 10870
190.171.153.34 - - [21/Nov/2024:10:18:52 -0300] "POST /cormun/servlet/hlogin?916c3bde4dd068293b9b03dd7fe7179e,gx-no-cache=1732195147411 HTTP/1.1" 200 90
190.171.153.34 - - [21/Nov/2024:10:18:52 -0300] "GET /cormun/servlet/hpexe_link HTTP/1.1" 200 940
190.171.153.34 - - [21/Nov/2024:10:18:52 -0300] "GET /cormun/servlet/hhome HTTP/1.1" 200 4352
190.171.153.34 - - [21/Nov/2024:10:18:57 -0300] "GET /cormun/servlet/trlicencias? HTTP/1.1" 200 11755
190.171.144.234 - - [21/Nov/2024:10:19:00 -0300] "GET /cormun/servlet/apermisogoceprn?19017235,P,20241121101828,PU HTTP/1.1" 200 1656
190.171.144.234 - - [21/Nov/2024:10:19:28 -0300] "GET /cormun/servlet/permisogoce?INS,0,,, HTTP/1.1" 200 6856
181.212.40.185 - - [21/Nov/2024:10:19:28 -0300] "POST /cormun/servlet/permisosadjuntos?1a93d91ff52db10fbf34a54c71577ac9,INS,15125965,P,20241121101758,, HTTP/1.1" 200 116
181.212.40.185 - - [21/Nov/2024:10:19:28 -0300] "GET /cormun/servlet/hpexe_return? HTTP/1.1" 200 1036
181.212.40.185 - - [21/Nov/2024:10:19:28 -0300] "GET /cormun/servlet/trpermisosadjuntos?15125965,20241121101758,P, HTTP/1.1" 200 7081
181.212.40.185 - - [21/Nov/2024:10:19:33 -0300] "POST /cormun/servlet/trpermisosadjuntos?1a93d91ff52db10fbf34a54c71577ac9,15125965,20241121101758,P,,gx-no-cache=1732195188525 HTTP/1.1" 200 90
181.212.40.185 - - [21/Nov/2024:10:19:33 -0300] "GET /cormun/servlet/hpexe_link HTTP/1.1" 200 981
181.212.40.185 - - [21/Nov/2024:10:19:34 -0300] "GET /cormun/servlet/trpermisosgoce HTTP/1.1" 200 19526
190.171.144.234 - - [21/Nov/2024:10:19:41 -0300] "GET /cormun/servlet/permisogoce?c20f9fbf5f347d59163cdb6542e2ea48e4808e619bd91eaf799ea5c414b18d332ac153f70f0eb0e902b67712ca4149050d2ec915903335d88de357426f953ced,gx-no-cache=1732195196401 HTTP/1.1" 200 80
181.212.40.185 - - [21/Nov/2024:10:19:42 -0300] "GET /cormun/servlet/trpermisosadjuntos?15125965,20241121101758,P, HTTP/1.1" 200 7078
190.171.144.234 - - [21/Nov/2024:10:19:54 -0300] "GET /cormun/servlet/permisogoce?c20f9fbf5f347d59163cdb6542e2ea48971bdbed9ad0e9163f13333cf2bf83bbd69f79ad5ceef115e3b3644932193e0bd8af60f40d1992707decb5f97a5dbde2,gx-no-cache=1732195209133 HTTP/1.1" 200 47
181.212.40.185 - - [21/Nov/2024:10:19:54 -0300] "POST /cormun/servlet/trpermisosadjuntos?1a93d91ff52db10fbf34a54c71577ac9,15125965,20241121101758,P,,gx-no-cache=1732195209245 HTTP/1.1" 200 90
181.212.40.185 - - [21/Nov/2024:10:19:54 -0300] "GET /cormun/servlet/hpexe_link HTTP/1.1" 200 981
181.212.40.185 - - [21/Nov/2024:10:19:54 -0300] "GET /cormun/servlet/trpermisosgoce HTTP/1.1" 200 19526
181.212.40.185 - - [21/Nov/2024:10:19:58 -0300] "GET /cormun/servlet/trpermisosadjuntos?15125965,20241121101758,P, HTTP/1.1" 200 7077
190.171.144.234 - - [21/Nov/2024:10:19:58 -0300] "POST /cormun/servlet/permisogoce?adb113195fe5036984e1218e41770169,INS,0,,,,gx-no-cache=1732195212915 HTTP/1.1" 200 93
190.171.144.234 - - [21/Nov/2024:10:19:58 -0300] "GET /cormun/servlet/hpexe_return? HTTP/1.1" 200 1007
190.171.144.234 - - [21/Nov/2024:10:19:58 -0300] "GET /cormun/servlet/trpermisosgoce HTTP/1.1" 200 11082
181.212.40.185 - - [21/Nov/2024:10:20:01 -0300] "POST /cormun/servlet/trpermisosadjuntos?1a93d91ff52db10fbf34a54c71577ac9,15125965,20241121101758,P,,gx-no-cache=1732195215797 HTTP/1.1" 200 90
181.212.40.185 - - [21/Nov/2024:10:20:01 -0300] "GET /cormun/servlet/hpexe_link HTTP/1.1" 200 981
181.212.40.185 - - [21/Nov/2024:10:20:01 -0300] "GET /cormun/servlet/trpermisosgoce HTTP/1.1" 200 19526
181.212.40.185 - - [21/Nov/2024:10:20:04 -0300] "POST /cormun/servlet/trpermisosgoce?1a93d91ff52db10fbf34a54c71577ac9,gx-no-cache=1732195218399 HTTP/1.1" 200 16672
181.212.40.185 - - [21/Nov/2024:10:20:04 -0300] "GET /cormun/static/Shared/jqueryui/images/ui-icons_82798d_256x240.png HTTP/1.1" 404 1089
181.212.40.185 - - [21/Nov/2024:10:20:04 -0300] "GET /cormun/static/Shared/jqueryui/images/ui-bg_highlight-soft_100_c6c2c8_1x100.png HTTP/1.1" 404 1117
181.212.40.185 - - [21/Nov/2024:10:20:04 -0300] "GET /cormun/static/Shared/jqueryui/images/ui-icons_8d78a5_256x240.png HTTP/1.1" 404 1089
181.212.40.185 - - [21/Nov/2024:10:20:04 -0300] "GET /cormun/static/Shared/jqueryui/images/ui-bg_flat_55_fafafa_40x100.png HTTP/1.1" 404 1097
190.171.144.234 - - [21/Nov/2024:10:20:13 -0300] "GET /cormun/servlet/apermisogoceprn?14202567,P,20241121101937,PU HTTP/1.1" 200 1657
181.212.40.185 - - [21/Nov/2024:10:20:15 -0300] "GET /cormun/servlet/permisogoce?INS,0,,, HTTP/1.1" 200 7113
181.212.40.185 - - [21/Nov/2024:10:20:22 -0300] "GET /cormun/servlet/permisogoce?6f6243bbd55102544f0d30c7599402b6e7ed899afc4d770adc6a33a322bf38df9488e847ab8c577340a8688279b08d2d154ca57b1925cfce58c97bbfec5d8208,gx-no-cache=1732195237088 HTTP/1.1" 200 84
181.212.40.185 - - [21/Nov/2024:10:20:32 -0300] "GET /cormun/servlet/permisogoce?6f6243bbd55102544f0d30c7599402b66bd03b6ead821177db2556e5ef7f181ad56a44b2d5e6b2a8ddf801a0c8f83e075384b9c56e1e246e69997587b1a9fb9d,gx-no-cache=1732195247000 HTTP/1.1" 200 47
190.171.153.34 - - [21/Nov/2024:10:20:42 -0300] "GET /cormun/servlet/alicenciaprn?11889720,L,20241022000000,PU HTTP/1.1" 200 1552
190.171.153.34 - - [21/Nov/2024:10:20:42 -0300] "GET /cormun/servlet/alicenciaprn?11889720,L,20241022000000,PU HTTP/1.1" 200 1552
181.212.40.185 - - [21/Nov/2024:10:20:46 -0300] "POST /cormun/servlet/permisogoce?1a93d91ff52db10fbf34a54c71577ac9,INS,0,,,,gx-no-cache=1732195260356 HTTP/1.1" 200 93
181.212.40.185 - - [21/Nov/2024:10:20:46 -0300] "GET /cormun/servlet/hpexe_return? HTTP/1.1" 200 1030
181.212.40.185 - - [21/Nov/2024:10:20:46 -0300] "GET /cormun/servlet/trpermisosgoce?gx-no-cache=1732195218399 HTTP/1.1" 200 19538
181.212.40.185 - - [21/Nov/2024:10:20:50 -0300] "GET /cormun/servlet/trpermisosadjuntos?11365277,20241121102024,P, HTTP/1.1" 200 6565
190.171.153.34 - - [21/Nov/2024:10:20:53 -0300] "GET /cormun/servlet/alicenciaprn?16153027,L,20241028000000,PU HTTP/1.1" 200 1541
190.171.153.34 - - [21/Nov/2024:10:20:53 -0300] "GET /cormun/servlet/alicenciaprn?16153027,L,20241028000000,PU HTTP/1.1" 200 1543
190.171.144.234 - - [21/Nov/2024:10:21:05 -0300] "GET /cormun/servlet/permisogoce?INS,0,,, HTTP/1.1" 200 6855
190.171.144.234 - - [21/Nov/2024:10:21:15 -0300] "GET /cormun/servlet/permisogoce?c20f9fbf5f347d59163cdb6542e2ea4815b86ae9aa233b008fddcae4c4666a8f2ac153f70f0eb0e902b67712ca4149050d2ec915903335d88de357426f953ced,gx-no-cache=1732195290314 HTTP/1.1" 200 80
190.171.144.234 - - [21/Nov/2024:10:21:27 -0300] "GET /cormun/servlet/permisogoce?c20f9fbf5f347d59163cdb6542e2ea4894b2e3acc92cae67f2baef63a6bd927cacc51bf6e6799a8067aa3d4abafa6ea3d8af60f40d1992707decb5f97a5dbde2,gx-no-cache=1732195302371 HTTP/1.1" 200 48
181.212.40.185 - - [21/Nov/2024:10:21:28 -0300] "GET /cormun/servlet/permisosadjuntos?INS,11365277,P,20241121102024,, HTTP/1.1" 200 5867
181.212.40.185 - - [21/Nov/2024:10:21:29 -0300] "GET /cormun/static/about:blank HTTP/1.1" 404 1011
190.171.144.234 - - [21/Nov/2024:10:21:36 -0300] "POST /cormun/servlet/permisogoce?adb113195fe5036984e1218e41770169,INS,0,,,,gx-no-cache=1732195311149 HTTP/1.1" 200 93
190.171.144.234 - - [21/Nov/2024:10:21:36 -0300] "GET /cormun/servlet/hpexe_return? HTTP/1.1" 200 1007
190.171.144.234 - - [21/Nov/2024:10:21:36 -0300] "GET /cormun/servlet/trpermisosgoce HTTP/1.1" 200 11328
181.212.40.185 - - [21/Nov/2024:10:21:39 -0300] "POST /cormun/servlet/permisosadjuntos?1a93d91ff52db10fbf34a54c71577ac9,INS,11365277,P,20241121102024,, HTTP/1.1" 200 116
181.212.40.185 - - [21/Nov/2024:10:21:39 -0300] "GET /cormun/servlet/hpexe_return? HTTP/1.1" 200 1034
181.212.40.185 - - [21/Nov/2024:10:21:40 -0300] "GET /cormun/servlet/trpermisosadjuntos?11365277,20241121102024,P, HTTP/1.1" 200 7078
190.171.144.234 - - [21/Nov/2024:10:21:43 -0300] "GET /cormun/servlet/apermisogoceprn?18044222,P,20241121102113,PU HTTP/1.1" 200 1646
181.212.40.185 - - [21/Nov/2024:10:21:46 -0300] "POST /cormun/servlet/trpermisosadjuntos?1a93d91ff52db10fbf34a54c71577ac9,11365277,20241121102024,P,,gx-no-cache=1732195321493 HTTP/1.1" 200 90
181.212.40.185 - - [21/Nov/2024:10:21:46 -0300] "GET /cormun/servlet/hpexe_link HTTP/1.1" 200 1002
181.212.40.185 - - [21/Nov/2024:10:21:47 -0300] "GET /cormun/servlet/trpermisosgoce?gx-no-cache=1732195218399 HTTP/1.1" 200 19535
181.212.40.185 - - [21/Nov/2024:10:21:49 -0300] "POST /cormun/servlet/trpermisosgoce?1a93d91ff52db10fbf34a54c71577ac9,gx-no-cache=1732195218399,gx-no-cache=1732195324150 HTTP/1.1" 200 16683
181.212.40.185 - - [21/Nov/2024:10:22:01 -0300] "GET /cormun/servlet/permisogoce?INS,0,,, HTTP/1.1" 200 7136
190.171.144.234 - - [21/Nov/2024:10:22:05 -0300] "GET /cormun/servlet/permisogoce?INS,0,,, HTTP/1.1" 200 6855
181.212.40.185 - - [21/Nov/2024:10:22:07 -0300] "GET /cormun/servlet/permisogoce?6f6243bbd55102544f0d30c7599402b636e416384e1e229054bdc212a43e57c39488e847ab8c577340a8688279b08d2d154ca57b1925cfce58c97bbfec5d8208,gx-no-cache=1732195342015 HTTP/1.1" 200 81
181.212.40.185 - - [21/Nov/2024:10:22:14 -0300] "GET /cormun/servlet/permisogoce?6f6243bbd55102544f0d30c7599402b63dcda1ab55d947b93e5a83984fe2015fcfe4b0e10de489e27883ccc03eb5c86d8883fb25f1f3b1f293dd7f35e6f4ebd9,gx-no-cache=1732195348999 HTTP/1.1" 200 49
181.212.40.185 - - [21/Nov/2024:10:22:17 -0300] "POST /cormun/servlet/permisogoce?1a93d91ff52db10fbf34a54c71577ac9,INS,0,,,,gx-no-cache=1732195351628 HTTP/1.1" 200 93
181.212.40.185 - - [21/Nov/2024:10:22:17 -0300] "GET /cormun/servlet/hpexe_return? HTTP/1.1" 200 1030
181.212.40.185 - - [21/Nov/2024:10:22:17 -0300] "GET /cormun/servlet/trpermisosgoce?gx-no-cache=1732195218399 HTTP/1.1" 200 19439
190.171.144.234 - - [21/Nov/2024:10:22:19 -0300] "GET /cormun/servlet/permisogoce?c20f9fbf5f347d59163cdb6542e2ea483a4f24aa704b1b8d836b571afb982f622ac153f70f0eb0e902b67712ca4149050d2ec915903335d88de357426f953ced,gx-no-cache=1732195354589 HTTP/1.1" 200 84
181.212.40.185 - - [21/Nov/2024:10:22:20 -0300] "GET /cormun/servlet/trpermisosadjuntos?17505158,20241121102209,P, HTTP/1.1" 200 6567
181.212.40.185 - - [21/Nov/2024:10:22:21 -0300] "GET /cormun/servlet/permisosadjuntos?INS,17505158,P,20241121102209,, HTTP/1.1" 200 5865
181.212.40.185 - - [21/Nov/2024:10:22:21 -0300] "GET /cormun/static/about:blank HTTP/1.1" 404 1011
190.171.144.234 - - [21/Nov/2024:10:22:28 -0300] "GET /cormun/servlet/permisogoce?c20f9fbf5f347d59163cdb6542e2ea48ba61c237e88f0f3b67a01acb0898eb8f9033842108655cc8b00c15eefb7eae8bd8af60f40d1992707decb5f97a5dbde2,gx-no-cache=1732195364051 HTTP/1.1" 200 47
181.212.40.185 - - [21/Nov/2024:10:22:31 -0300] "POST /cormun/servlet/permisosadjuntos?1a93d91ff52db10fbf34a54c71577ac9,INS,17505158,P,20241121102209,, HTTP/1.1" 200 116
181.212.40.185 - - [21/Nov/2024:10:22:31 -0300] "GET /cormun/servlet/hpexe_return? HTTP/1.1" 200 1035
181.212.40.185 - - [21/Nov/2024:10:22:31 -0300] "GET /cormun/servlet/trpermisosadjuntos?17505158,20241121102209,P, HTTP/1.1" 200 7064
181.212.40.185 - - [21/Nov/2024:10:22:34 -0300] "POST /cormun/servlet/trpermisosadjuntos?1a93d91ff52db10fbf34a54c71577ac9,17505158,20241121102209,P,,gx-no-cache=1732195368797 HTTP/1.1" 200 90
181.212.40.185 - - [21/Nov/2024:10:22:34 -0300] "GET /cormun/servlet/hpexe_link HTTP/1.1" 200 1003
181.212.40.185 - - [21/Nov/2024:10:22:34 -0300] "GET /cormun/servlet/trpermisosgoce?gx-no-cache=1732195218399 HTTP/1.1" 200 19435
190.171.144.234 - - [21/Nov/2024:10:22:35 -0300] "POST /cormun/servlet/permisogoce?adb113195fe5036984e1218e41770169,INS,0,,,,gx-no-cache=1732195369877 HTTP/1.1" 200 93
190.171.144.234 - - [21/Nov/2024:10:22:35 -0300] "GET /cormun/servlet/hpexe_return? HTTP/1.1" 200 1007
190.171.144.234 - - [21/Nov/2024:10:22:35 -0300] "GET /cormun/servlet/trpermisosgoce HTTP/1.1" 200 11585
181.212.40.185 - - [21/Nov/2024:10:22:45 -0300] "GET /cormun/servlet/trpermisosadjuntos?17505158,20241121102209,P, HTTP/1.1" 200 7080
181.212.40.185 - - [21/Nov/2024:10:22:48 -0300] "POST /cormun/servlet/trpermisosadjuntos?1a93d91ff52db10fbf34a54c71577ac9,17505158,20241121102209,P,,gx-no-cache=1732195382741 HTTP/1.1" 200 90
181.212.40.185 - - [21/Nov/2024:10:22:48 -0300] "GET /cormun/servlet/hpexe_link HTTP/1.1" 200 1003
181.212.40.185 - - [21/Nov/2024:10:22:48 -0300] "GET /cormun/servlet/trpermisosgoce?gx-no-cache=1732195218399 HTTP/1.1" 200 19435
181.212.40.185 - - [21/Nov/2024:10:22:50 -0300] "POST /cormun/servlet/trpermisosgoce?1a93d91ff52db10fbf34a54c71577ac9,gx-no-cache=1732195218399,gx-no-cache=1732195385078 HTTP/1.1" 200 16620
190.171.144.234 - - [21/Nov/2024:10:22:51 -0300] "GET /cormun/servlet/apermisogoceprn?10286171,P,20241121102214,PU HTTP/1.1" 200 1666
181.212.40.185 - - [21/Nov/2024:10:23:02 -0300] "GET /cormun/servlet/permisogoce?INS,0,,, HTTP/1.1" 200 7136
190.171.144.234 - - [21/Nov/2024:10:23:06 -0300] "GET /cormun/servlet/permisogoce?INS,0,,, HTTP/1.1" 200 6855
181.212.40.185 - - [21/Nov/2024:10:23:09 -0300] "GET /cormun/servlet/permisogoce?6f6243bbd55102544f0d30c7599402b6b01d4739142f53761975d3b41caa71689488e847ab8c577340a8688279b08d2d154ca57b1925cfce58c97bbfec5d8208,gx-no-cache=1732195403661 HTTP/1.1" 200 85
190.171.144.234 - - [21/Nov/2024:10:23:17 -0300] "GET /cormun/servlet/permisogoce?c20f9fbf5f347d59163cdb6542e2ea486732c8d266eb7f4c35e41ef0cf2ad1252ac153f70f0eb0e902b67712ca4149050d2ec915903335d88de357426f953ced,gx-no-cache=1732195412481 HTTP/1.1" 200 88
181.212.40.185 - - [21/Nov/2024:10:23:19 -0300] "GET /cormun/servlet/permisogoce?6f6243bbd55102544f0d30c7599402b6e7df90160730f22270e54a24d14bdac75711baa73f47215103ddef2b6ed924918883fb25f1f3b1f293dd7f35e6f4ebd9,gx-no-cache=1732195414047 HTTP/1.1" 200 48
190.171.144.234 - - [21/Nov/2024:10:23:32 -0300] "GET /cormun/servlet/permisogoce?c20f9fbf5f347d59163cdb6542e2ea481944486026e9e684e70c5137947f4ab6507770b71dc99f7b88b8c37c1e3ec260d8af60f40d1992707decb5f97a5dbde2,gx-no-cache=1732195427259 HTTP/1.1" 200 47
190.171.144.234 - - [21/Nov/2024:10:23:37 -0300] "POST /cormun/servlet/permisogoce?adb113195fe5036984e1218e41770169,INS,0,,,,gx-no-cache=1732195432115 HTTP/1.1" 200 93
190.171.144.234 - - [21/Nov/2024:10:23:37 -0300] "GET /cormun/servlet/hpexe_return? HTTP/1.1" 200 1007
190.171.144.234 - - [21/Nov/2024:10:23:37 -0300] "GET /cormun/servlet/trpermisosgoce HTTP/1.1" 200 11818
181.212.40.185 - - [21/Nov/2024:10:23:51 -0300] "POST /cormun/servlet/permisogoce?1a93d91ff52db10fbf34a54c71577ac9,INS,0,,,,gx-no-cache=1732195445540 HTTP/1.1" 200 93
181.212.40.185 - - [21/Nov/2024:10:23:51 -0300] "GET /cormun/servlet/hpexe_return? HTTP/1.1" 200 1030
181.212.40.185 - - [21/Nov/2024:10:23:51 -0300] "GET /cormun/servlet/trpermisosgoce?gx-no-cache=1732195218399 HTTP/1.1" 200 19420
181.212.40.185 - - [21/Nov/2024:10:23:53 -0300] "GET /cormun/servlet/trpermisosadjuntos?20442072,20241121102311,P, HTTP/1.1" 200 6566
181.212.40.185 - - [21/Nov/2024:10:23:54 -0300] "GET /cormun/servlet/permisosadjuntos?INS,20442072,P,20241121102311,, HTTP/1.1" 200 5870
181.212.40.185 - - [21/Nov/2024:10:23:54 -0300] "GET /cormun/static/about:blank HTTP/1.1" 404 1011
181.212.40.185 - - [21/Nov/2024:10:24:03 -0300] "POST /cormun/servlet/permisosadjuntos?1a93d91ff52db10fbf34a54c71577ac9,INS,20442072,P,20241121102311,, HTTP/1.1" 200 116
181.212.40.185 - - [21/Nov/2024:10:24:03 -0300] "GET /cormun/servlet/hpexe_return? HTTP/1.1" 200 1036
181.212.40.185 - - [21/Nov/2024:10:24:03 -0300] "GET /cormun/servlet/trpermisosadjuntos?20442072,20241121102311,P, HTTP/1.1" 200 7075
181.212.40.185 - - [21/Nov/2024:10:24:05 -0300] "POST /cormun/servlet/trpermisosadjuntos?1a93d91ff52db10fbf34a54c71577ac9,20442072,20241121102311,P,,gx-no-cache=1732195459893 HTTP/1.1" 200 90
181.212.40.185 - - [21/Nov/2024:10:24:05 -0300] "GET /cormun/servlet/hpexe_link HTTP/1.1" 200 1003
181.212.40.185 - - [21/Nov/2024:10:24:05 -0300] "GET /cormun/servlet/trpermisosgoce?gx-no-cache=1732195218399 HTTP/1.1" 200 19417
190.171.144.234 - - [21/Nov/2024:10:24:07 -0300] "GET /cormun/servlet/apermisogoceprn?15993924,P,20241121102315,PU HTTP/1.1" 200 1660
181.212.40.185 - - [21/Nov/2024:10:24:09 -0300] "GET /cormun/servlet/trpermisosadjuntos?20442072,20241121102311,P, HTTP/1.1" 200 7092
181.212.40.185 - - [21/Nov/2024:10:24:11 -0300] "POST /cormun/servlet/trpermisosadjuntos?1a93d91ff52db10fbf34a54c71577ac9,20442072,20241121102311,P,,gx-no-cache=1732195465941 HTTP/1.1" 200 90
181.212.40.185 - - [21/Nov/2024:10:24:11 -0300] "GET /cormun/servlet/hpexe_link HTTP/1.1" 200 1003
181.212.40.185 - - [21/Nov/2024:10:24:11 -0300] "GET /cormun/servlet/trpermisosgoce?gx-no-cache=1732195218399 HTTP/1.1" 200 19417
181.212.40.185 - - [21/Nov/2024:10:24:14 -0300] "POST /cormun/servlet/trpermisosgoce?1a93d91ff52db10fbf34a54c71577ac9,gx-no-cache=1732195218399,gx-no-cache=1732195468831 HTTP/1.1" 200 16599
190.171.144.234 - - [21/Nov/2024:10:24:23 -0300] "GET /cormun/servlet/permisogoce?INS,0,,, HTTP/1.1" 200 6855
181.212.40.185 - - [21/Nov/2024:10:24:31 -0300] "GET /cormun/servlet/trpermisosgoce? HTTP/1.1" 200 19389
181.212.40.185 - - [21/Nov/2024:10:24:34 -0300] "GET /cormun/servlet/trautorizarpermisogoce? HTTP/1.1" 200 8667
181.212.40.185 - - [21/Nov/2024:10:24:36 -0300] "POST /cormun/servlet/trautorizarpermisogoce?1a93d91ff52db10fbf34a54c71577ac9,,gx-no-cache=1732195491181 HTTP/1.1" 200 5805
181.212.40.185 - - [21/Nov/2024:10:24:37 -0300] "POST /cormun/servlet/trautorizarpermisogoce?1a93d91ff52db10fbf34a54c71577ac9,,gx-no-cache=1732195491787 HTTP/1.1" 200 5587
181.212.40.185 - - [21/Nov/2024:10:24:37 -0300] "POST /cormun/servlet/trautorizarpermisogoce?1a93d91ff52db10fbf34a54c71577ac9,,gx-no-cache=1732195492348 HTTP/1.1" 200 5292
181.212.40.185 - - [21/Nov/2024:10:24:38 -0300] "POST /cormun/servlet/trautorizarpermisogoce?1a93d91ff52db10fbf34a54c71577ac9,,gx-no-cache=1732195492939 HTTP/1.1" 200 4532
190.171.144.234 - - [21/Nov/2024:10:24:40 -0300] "GET /cormun/servlet/permisogoce?c20f9fbf5f347d59163cdb6542e2ea486578e11f4db0b3d1131bafd3ffa2c2942ac153f70f0eb0e902b67712ca4149050d2ec915903335d88de357426f953ced,gx-no-cache=1732195495523 HTTP/1.1" 200 86
190.171.144.234 - - [21/Nov/2024:10:24:52 -0300] "GET /cormun/servlet/permisogoce?c20f9fbf5f347d59163cdb6542e2ea481ef6c3d6d2405b5c509a04b3b5240691e5bf8826b2332432adcc2f2c5959dc2bd8af60f40d1992707decb5f97a5dbde2,gx-no-cache=1732195507487 HTTP/1.1" 200 48
190.171.144.234 - - [21/Nov/2024:10:24:57 -0300] "POST /cormun/servlet/permisogoce?adb113195fe5036984e1218e41770169,INS,0,,,,gx-no-cache=1732195511967 HTTP/1.1" 200 93
190.171.144.234 - - [21/Nov/2024:10:24:57 -0300] "GET /cormun/servlet/hpexe_return? HTTP/1.1" 200 1007
190.171.144.234 - - [21/Nov/2024:10:24:57 -0300] "GET /cormun/servlet/trpermisosgoce HTTP/1.1" 200 12056
190.171.144.234 - - [21/Nov/2024:10:25:02 -0300] "GET /cormun/servlet/apermisogoceprn?19849725,P,20241121102432,PU HTTP/1.1" 200 1661
190.171.144.234 - - [21/Nov/2024:10:25:20 -0300] "GET /cormun/servlet/permisogoce?INS,0,,, HTTP/1.1" 200 6856
190.171.144.234 - - [21/Nov/2024:10:25:33 -0300] "GET /cormun/servlet/permisogoce?c20f9fbf5f347d59163cdb6542e2ea487d37d95f3baf65dcf8ce0f517845eb182ac153f70f0eb0e902b67712ca4149050d2ec915903335d88de357426f953ced,gx-no-cache=1732195548189 HTTP/1.1" 200 80
190.171.144.234 - - [21/Nov/2024:10:25:44 -0300] "GET /cormun/servlet/permisogoce?c20f9fbf5f347d59163cdb6542e2ea48df76a27df91dee8a812340edaaa5828ab859d25a4f114526d854cf9d6179096cd8af60f40d1992707decb5f97a5dbde2,gx-no-cache=1732195559261 HTTP/1.1" 200 48
