190.171.141.90 - - [19/Nov/2024:09:58:01 -0300] "GET /cormun/static/PXToolsJavascripts/pexe_popup.js HTTP/1.1" 200 15149
190.171.141.90 - - [19/Nov/2024:09:58:01 -0300] "GET /cormun/static/PXToolsJavascripts/PXToolsJavascriptsRender.js HTTP/1.1" 200 367
190.171.141.90 - - [19/Nov/2024:09:58:01 -0300] "GET /cormun/static/Resources/CormunMP2.png HTTP/1.1" 200 6878
190.171.141.90 - - [19/Nov/2024:09:58:01 -0300] "GET /cormun/static/Resources/ImgHome.png HTTP/1.1" 200 1364
190.171.141.90 - - [19/Nov/2024:09:58:01 -0300] "GET /cormun/static/Resources/ImgLogin.png HTTP/1.1" 200 1432
190.171.141.90 - - [19/Nov/2024:09:58:01 -0300] "GET /cormun/static/Resources/Llave.png HTTP/1.1" 200 1395
190.171.141.90 - - [19/Nov/2024:09:58:01 -0300] "GET /cormun/static/RunJS/RunJS.js HTTP/1.1" 200 288
190.171.141.90 - - [19/Nov/2024:09:58:01 -0300] "GET /cormun/static/Shared/ext/locale/ext-lang-en.js HTTP/1.1" 200 10940
190.171.141.90 - - [19/Nov/2024:09:58:01 -0300] "GET /cormun/static/hhome.js?20201215495544 HTTP/1.1" 200 777
190.171.141.90 - - [19/Nov/2024:09:58:01 -0300] "GET /cormun/static/Resources/PXToolsDataTitle.png HTTP/1.1" 200 1173
190.171.141.90 - - [19/Nov/2024:09:58:01 -0300] "GET /cormun/static/hwchdr01.js?2022112219251119 HTTP/1.1" 200 996
190.171.141.90 - - [19/Nov/2024:09:58:01 -0300] "GET /cormun/static/hpexe_recentlink.js?20201214471090 HTTP/1.1" 200 2144
190.171.141.90 - - [19/Nov/2024:09:58:01 -0300] "GET /cormun/static/hpexe_scripts.js?20201214471411 HTTP/1.1" 200 1544
190.171.141.90 - - [19/Nov/2024:09:58:01 -0300] "GET /cormun/static/hpexe_messagecontroller.js?202211298371222 HTTP/1.1" 200 870
190.171.141.90 - - [19/Nov/2024:09:58:01 -0300] "GET /cormun/static/hpexe_messagepopupcomponent.js?2020121447232 HTTP/1.1" 200 605
190.171.141.90 - - [19/Nov/2024:09:58:01 -0300] "GET /cormun/static/hpexe_messagegenexuscomponent.js?20221129836373 HTTP/1.1" 200 587
190.171.141.90 - - [19/Nov/2024:09:58:01 -0300] "GET /cormun/static/gxui/gxui-all.js HTTP/1.1" 200 107772
190.171.141.90 - - [19/Nov/2024:09:58:01 -0300] "GET /cormun/static/cmcontrolpreferences.js?20199141926336 HTTP/1.1" 200 1375
190.171.141.90 - - [19/Nov/2024:09:58:01 -0300] "GET /cormun/static/SmoothNavMenu/resources/ddsmoothmenu.js HTTP/1.1" 200 12712
190.171.141.90 - - [19/Nov/2024:09:58:02 -0300] "GET /cormun/static/SmoothNavMenu/resources/SmoothNavMenuRender.js HTTP/1.1" 200 5951
190.171.141.90 - - [19/Nov/2024:09:58:02 -0300] "GET /cormun/static/Shared/jquery/jquery-1.4.2.min.js HTTP/1.1" 200 72174
190.171.141.90 - - [19/Nov/2024:09:58:02 -0300] "GET /cormun/static/scaMessage/js/jquery.pnotify.min.js HTTP/1.1" 200 13038
190.171.141.90 - - [19/Nov/2024:09:58:02 -0300] "GET /cormun/static/scaMessage/scaMessageRender.js HTTP/1.1" 200 11977
190.171.141.90 - - [19/Nov/2024:09:58:02 -0300] "GET /cormun/static/hmpwkw03.js?20221129844354 HTTP/1.1" 200 3971
190.171.141.90 - - [19/Nov/2024:09:58:02 -0300] "GET /cormun/static/Shared/jquery/jquery-1.10.2.min.js HTTP/1.1" 200 273199
190.171.141.90 - - [19/Nov/2024:09:58:02 -0300] "GET /cormun/static/Shared/jqueryui/jquery-ui.min.js HTTP/1.1" 200 240427
190.171.141.90 - - [19/Nov/2024:09:58:02 -0300] "GET /cormun/static/Shared/ext/ext-all.js HTTP/1.1" 200 1289687
190.171.141.90 - - [19/Nov/2024:09:58:02 -0300] "GET /cormun/static/SmoothNavMenu/resources/images/down.gif HTTP/1.1" 200 854
190.171.141.90 - - [19/Nov/2024:09:58:11 -0300] "GET /cormun/servlet/trlicencias? HTTP/1.1" 200 12741
190.171.141.90 - - [19/Nov/2024:09:58:11 -0300] "GET /cormun/static/calendar.js?85251 HTTP/1.1" 200 26246
190.171.141.90 - - [19/Nov/2024:09:58:11 -0300] "GET /cormun/static/calendar-setup.js?85251 HTTP/1.1" 200 2588
190.171.141.90 - - [19/Nov/2024:09:58:11 -0300] "GET /cormun/static/calendar-es.js?85251 HTTP/1.1" 200 1901
190.171.141.90 - - [19/Nov/2024:09:58:11 -0300] "GET /cormun/static/gxcfg.js?202211298463625 HTTP/1.1" 200 953
190.171.141.90 - - [19/Nov/2024:09:58:11 -0300] "GET /cormun/static/Resources/PXTools/calendar.png HTTP/1.1" 200 1306
190.171.141.90 - - [19/Nov/2024:09:58:11 -0300] "GET /cormun/static/gxdec.js?85251 HTTP/1.1" 200 19579
190.171.141.90 - - [19/Nov/2024:09:58:11 -0300] "GET /cormun/static/trlicencias.js?202211298463889 HTTP/1.1" 200 41883
190.171.141.90 - - [19/Nov/2024:09:58:11 -0300] "GET /cormun/static/Resources/PXToolsDataSearch.png HTTP/1.1" 200 435
190.171.141.90 - - [19/Nov/2024:09:58:11 -0300] "GET /cormun/static/Resources/PXToolsGridFirstDisabled.gif HTTP/1.1" 200 100
190.171.141.90 - - [19/Nov/2024:09:58:11 -0300] "GET /cormun/static/Resources/PXToolsGridLastDisabled.gif HTTP/1.1" 200 98
190.171.141.90 - - [19/Nov/2024:09:58:11 -0300] "GET /cormun/static/Resources/PXToolsGridPage.gif HTTP/1.1" 200 725
190.171.141.90 - - [19/Nov/2024:09:58:11 -0300] "GET /cormun/static/Resources/PXToolsGridNextDisabled.gif HTTP/1.1" 200 90
190.171.141.90 - - [19/Nov/2024:09:58:11 -0300] "GET /cormun/static/Resources/PXToolsActionExcel.png HTTP/1.1" 200 727
190.171.141.90 - - [19/Nov/2024:09:58:11 -0300] "GET /cormun/static/Resources/PXToolsGridPreviousDisabled.gif HTTP/1.1" 200 90
190.171.141.90 - - [19/Nov/2024:09:58:11 -0300] "GET /cormun/static/Resources/PXToolsAddAllAction.png HTTP/1.1" 200 495
190.171.141.90 - - [19/Nov/2024:09:58:11 -0300] "GET /cormun/static/Resources/asc.gif HTTP/1.1" 200 67
190.171.141.90 - - [19/Nov/2024:09:58:11 -0300] "GET /cormun//static/Resources/PXTools/ActionInsert.png HTTP/1.1" 200 1482
190.171.141.90 - - [19/Nov/2024:09:58:11 -0300] "GET /cormun//static/Resources/PXToolsActionDisabled.gif HTTP/1.1" 200 53
190.171.141.90 - - [19/Nov/2024:09:58:11 -0300] "GET /cormun/static/Resources/desc.gif HTTP/1.1" 200 65
190.171.141.90 - - [19/Nov/2024:09:58:11 -0300] "GET /cormun//static/Resources/PXToolsActionPrint.png HTTP/1.1" 200 404
190.171.141.90 - - [19/Nov/2024:09:58:11 -0300] "GET /cormun//static/Resources/PXToolsGridDisplay.png HTTP/1.1" 200 525
190.171.141.90 - - [19/Nov/2024:09:58:11 -0300] "GET /cormun//static/Resources/PXToolsHeaderHelp.png HTTP/1.1" 200 1333
190.171.141.90 - - [19/Nov/2024:09:58:11 -0300] "GET /cormun//static/Resources/PXToolsHeaderFavorites.png HTTP/1.1" 200 1414
190.171.141.90 - - [19/Nov/2024:09:58:11 -0300] "GET /cormun/static/Shared/ext/resources/themes/images/default/panel/bg-headersPanel.png HTTP/1.1" 200 255
190.171.141.90 - - [19/Nov/2024:09:58:11 -0300] "GET /cormun/static/Shared/ext/resources/themes/images/default/tools/tool-sprites.gif HTTP/1.1" 200 5434
190.171.142.10 - - [19/Nov/2024:09:58:22 -0300] "GET /cormun/servlet/hlogin HTTP/1.1" 200 1723
190.171.142.10 - - [19/Nov/2024:09:58:22 -0300] "GET /cormun/servlet/hlogin HTTP/1.1" 200 1733
190.171.142.10 - - [19/Nov/2024:09:58:22 -0300] "GET /favicon.ico HTTP/1.1" 200 21630
190.171.142.10 - - [19/Nov/2024:09:58:26 -0300] "POST /cormun/servlet/hlogin?d0c7786f47f8ede7ad0dd0d90c19dfe6,gx-no-cache=1732021123984 HTTP/1.1" 200 90
190.171.142.10 - - [19/Nov/2024:09:58:26 -0300] "GET /cormun/servlet/hpexe_link HTTP/1.1" 200 953
190.171.142.10 - - [19/Nov/2024:09:58:26 -0300] "GET /cormun/servlet/hhome HTTP/1.1" 200 4211
190.171.142.10 - - [19/Nov/2024:09:58:26 -0300] "GET /cormun/static/gxcfg.js?20201215495537 HTTP/1.1" 200 953
190.171.142.10 - - [19/Nov/2024:09:58:27 -0300] "GET /cormun/static/hhome.js?20201215495544 HTTP/1.1" 200 777
190.171.142.10 - - [19/Nov/2024:09:58:27 -0300] "GET /cormun/static/Resources/Spanish/PXTools.css?14345360 HTTP/1.1" 200 100853
190.171.142.10 - - [19/Nov/2024:09:58:30 -0300] "GET /cormun/servlet/trlicencias? HTTP/1.1" 200 13750
190.171.141.106 - - [19/Nov/2024:09:59:05 -0300] "GET /cormun/servlet/hlogin HTTP/1.1" 200 1735
190.171.149.74 - - [19/Nov/2024:10:00:26 -0300] "GET /cormun/servlet/trlicencias? HTTP/1.1" 200 6043
190.171.149.74 - - [19/Nov/2024:10:00:26 -0300] "GET /cormun/servlet/hlogin HTTP/1.1" 200 1734
190.171.149.74 - - [19/Nov/2024:10:00:32 -0300] "POST /cormun/servlet/hlogin?af1f7b1ad1c26bf2826f352c2f682f72,gx-no-cache=1732021248609 HTTP/1.1" 200 90
190.171.149.74 - - [19/Nov/2024:10:00:32 -0300] "GET /cormun/servlet/hpexe_link HTTP/1.1" 200 952
190.171.149.74 - - [19/Nov/2024:10:00:32 -0300] "GET /cormun/servlet/trlicencias HTTP/1.1" 200 12679
190.171.149.74 - - [19/Nov/2024:10:00:37 -0300] "POST /cormun/servlet/trlicencias?af1f7b1ad1c26bf2826f352c2f682f72,gx-no-cache=1732021253915 HTTP/1.1" 200 10296
190.171.143.82 - - [19/Nov/2024:10:01:45 -0300] "GET /cormun/servlet/permisogoce?INS,0,,, HTTP/1.1" 200 6029
190.171.143.82 - - [19/Nov/2024:10:01:46 -0300] "GET /cormun/servlet/hlogin HTTP/1.1" 200 1745
190.171.143.82 - - [19/Nov/2024:10:01:49 -0300] "POST /cormun/servlet/hlogin?f7e77daa95021567a963673ab29d6a10,gx-no-cache=1732021326800 HTTP/1.1" 200 90
190.171.143.82 - - [19/Nov/2024:10:01:49 -0300] "GET /cormun/servlet/hpexe_link HTTP/1.1" 200 963
190.171.143.82 - - [19/Nov/2024:10:01:49 -0300] "GET /cormun/servlet/permisogoce?INS,0,,, HTTP/1.1" 200 7011
190.171.143.82 - - [19/Nov/2024:10:02:07 -0300] "GET /cormun/servlet/permisogoce?14f74c0a27af709cbb6e617fec63fafc660207a30b01ec92241c6aa76dc14a0857101e4377252ba1e891dbd738c7c90f341ef0adb3574e41a9bfdc246c35142f,gx-no-cache=1732021344476 HTTP/1.1" 200 86
190.171.143.82 - - [19/Nov/2024:10:02:13 -0300] "GET /cormun/servlet/permisogoce?14f74c0a27af709cbb6e617fec63fafc9d941b2046daf6a266cb08aec053fce89bf236139a6811480a5b22f8b4dd1d2cbecca0d0b3c1f135209bdd3ad2072da8,gx-no-cache=1732021350393 HTTP/1.1" 200 48
190.171.143.82 - - [19/Nov/2024:10:02:17 -0300] "POST /cormun/servlet/permisogoce?f7e77daa95021567a963673ab29d6a10,INS,0,,,,gx-no-cache=1732021352362 HTTP/1.1" 200 93
190.171.143.82 - - [19/Nov/2024:10:02:17 -0300] "GET /cormun/servlet/hpexe_return? HTTP/1.1" 200 1006
190.171.143.82 - - [19/Nov/2024:10:02:17 -0300] "GET /cormun/servlet/hhome HTTP/1.1" 200 4291
190.171.143.82 - - [19/Nov/2024:10:02:34 -0300] "GET /cormun/servlet/trpermisosgoce? HTTP/1.1" 200 14290
190.171.143.82 - - [19/Nov/2024:10:02:41 -0300] "GET /cormun/servlet/apermisogoceprn?10411509,P,20241119100202,PU HTTP/1.1" 200 1652
190.95.15.15 - - [19/Nov/2024:10:02:54 -0300] "GET /cormun/servlet/trlicencias? HTTP/1.1" 200 12917
190.95.15.15 - - [19/Nov/2024:10:03:27 -0300] "GET /cormun/servlet/trpermisosgoce? HTTP/1.1" 200 12517
190.95.15.15 - - [19/Nov/2024:10:03:32 -0300] "POST /cormun/servlet/trpermisosgoce?c45a37883e55f31d21a5148b2c72ab6e,,gx-no-cache=1732021430768 HTTP/1.1" 200 9693
190.95.15.15 - - [19/Nov/2024:10:03:33 -0300] "GET /cormun/static/Shared/jqueryui/images/ui-bg_highlight-soft_100_c6c2c8_1x100.png HTTP/1.1" 404 1117
190.95.15.15 - - [19/Nov/2024:10:03:33 -0300] "GET /cormun/static/Shared/jqueryui/images/ui-icons_82798d_256x240.png HTTP/1.1" 404 1089
190.95.15.15 - - [19/Nov/2024:10:03:33 -0300] "GET /cormun/static/Shared/jqueryui/images/ui-bg_flat_55_fafafa_40x100.png HTTP/1.1" 404 1097
190.95.15.15 - - [19/Nov/2024:10:03:33 -0300] "GET /cormun/static/Shared/jqueryui/images/ui-icons_8d78a5_256x240.png HTTP/1.1" 404 1089
190.95.15.15 - - [19/Nov/2024:10:03:37 -0300] "GET /cormun/servlet/trpermisosadjuntos?17391477,20241115125551,P, HTTP/1.1" 200 6290
190.95.15.15 - - [19/Nov/2024:10:03:39 -0300] "GET /cormun/servlet/permisosadjuntos?INS,17391477,P,20241115125551,, HTTP/1.1" 200 5610
190.95.15.15 - - [19/Nov/2024:10:03:39 -0300] "GET /cormun/static/about:blank HTTP/1.1" 404 1011
190.95.15.15 - - [19/Nov/2024:10:03:47 -0300] "POST /cormun/servlet/permisosadjuntos?c45a37883e55f31d21a5148b2c72ab6e,INS,17391477,P,20241115125551,, HTTP/1.1" 200 116
190.95.15.15 - - [19/Nov/2024:10:03:47 -0300] "GET /cormun/servlet/hpexe_return? HTTP/1.1" 200 1029
190.95.15.15 - - [19/Nov/2024:10:03:47 -0300] "GET /cormun/servlet/trpermisosadjuntos?17391477,20241115125551,P, HTTP/1.1" 200 6771
190.95.15.15 - - [19/Nov/2024:10:03:50 -0300] "GET /cormun/servlet/trpermisosgoce? HTTP/1.1" 200 12525
190.95.15.15 - - [19/Nov/2024:10:03:54 -0300] "GET /cormun/servlet/trpermisosadjuntos?18375077,20241118133311,P, HTTP/1.1" 200 6287
190.95.15.15 - - [19/Nov/2024:10:03:56 -0300] "GET /cormun/servlet/permisosadjuntos?INS,18375077,P,20241118133311,, HTTP/1.1" 200 5603
190.95.15.15 - - [19/Nov/2024:10:03:56 -0300] "GET /cormun/static/about:blank HTTP/1.1" 404 1011
190.95.15.15 - - [19/Nov/2024:10:04:04 -0300] "POST /cormun/servlet/permisosadjuntos?c45a37883e55f31d21a5148b2c72ab6e,INS,18375077,P,20241118133311,, HTTP/1.1" 200 116
190.95.15.15 - - [19/Nov/2024:10:04:04 -0300] "GET /cormun/servlet/hpexe_return? HTTP/1.1" 200 1030
190.95.15.15 - - [19/Nov/2024:10:04:04 -0300] "GET /cormun/servlet/trpermisosadjuntos?18375077,20241118133311,P, HTTP/1.1" 200 6767
190.95.15.15 - - [19/Nov/2024:10:04:07 -0300] "GET /cormun/servlet/trpermisosgoce? HTTP/1.1" 200 12531
200.54.100.179 - - [19/Nov/2024:10:12:29 -0300] "GET /cormun/servlet/trpermisosadjuntos?10488717,20241119085537,P, HTTP/1.1" 200 5445
200.54.100.179 - - [19/Nov/2024:10:12:29 -0300] "GET /cormun/static/gxcfg.js?2020121641683 HTTP/1.1" 200 953
200.54.100.179 - - [19/Nov/2024:10:12:29 -0300] "GET /cormun/static/trpermisosadjuntos.js?2020121642996 HTTP/1.1" 200 20158
200.54.100.179 - - [19/Nov/2024:10:12:30 -0300] "GET /cormun/servlet/hlogin HTTP/1.1" 200 1759
200.54.100.179 - - [19/Nov/2024:10:12:30 -0300] "GET /cormun/static/gxcfg.js?2022112219184450 HTTP/1.1" 200 953
200.54.100.179 - - [19/Nov/2024:10:12:30 -0300] "GET /cormun/static/hlogin.js?2022112219184458 HTTP/1.1" 200 2156
200.54.100.179 - - [19/Nov/2024:10:12:30 -0300] "GET /cormun/static/Resources/CormunLogin.png HTTP/1.1" 200 19132
200.54.100.179 - - [19/Nov/2024:10:12:30 -0300] "GET /cormun/static/Resources/Spanish/PXTools.css?1759030 HTTP/1.1" 200 100853
200.54.100.179 - - [19/Nov/2024:10:12:30 -0300] "GET /cormun/static/Resources/PXToolsLoginBackground.png HTTP/1.1" 200 1164
200.54.100.179 - - [19/Nov/2024:10:12:30 -0300] "GET /cormun/static/Resources/PXToolsLoginBottom.png HTTP/1.1" 200 1389
200.54.100.179 - - [19/Nov/2024:10:12:30 -0300] "GET /cormun/static/Resources/PXToolsLoginTop.png HTTP/1.1" 200 1337
200.54.100.179 - - [19/Nov/2024:10:12:33 -0300] "POST /cormun/servlet/hlogin?089829e83bf7257263b1ad7dbc7a3ad4,gx-no-cache=1732021970382 HTTP/1.1" 200 90
200.54.100.179 - - [19/Nov/2024:10:12:33 -0300] "GET /cormun/servlet/hpexe_link HTTP/1.1" 200 977
200.54.100.179 - - [19/Nov/2024:10:12:33 -0300] "GET /cormun/static/gxcfg.js?20221129847421 HTTP/1.1" 200 953
200.54.100.179 - - [19/Nov/2024:10:12:33 -0300] "GET /cormun/servlet/trpermisosadjuntos?10488717,20241119085537,P, HTTP/1.1" 200 6453
200.54.100.179 - - [19/Nov/2024:10:12:36 -0300] "GET /cormun/servlet/permisosadjuntos?INS,10488717,P,20241119085537,, HTTP/1.1" 200 5957
200.54.100.179 - - [19/Nov/2024:10:12:36 -0300] "GET /cormun/static/permisosadjuntos.js?20201215134285 HTTP/1.1" 200 8724
200.54.100.179 - - [19/Nov/2024:10:12:36 -0300] "GET /cormun/static/gxcfg.js?20201215134212 HTTP/1.1" 200 953
200.54.100.179 - - [19/Nov/2024:10:12:36 -0300] "GET /cormun/static/about:blank HTTP/1.1" 404 1011
200.54.100.179 - - [19/Nov/2024:10:12:44 -0300] "POST /cormun/servlet/permisosadjuntos?089829e83bf7257263b1ad7dbc7a3ad4,INS,10488717,P,20241119085537,, HTTP/1.1" 200 116
200.54.100.179 - - [19/Nov/2024:10:12:44 -0300] "GET /cormun/servlet/hpexe_return? HTTP/1.1" 200 1031
200.54.100.179 - - [19/Nov/2024:10:12:44 -0300] "GET /cormun/static/gxcfg.js?20221129846035 HTTP/1.1" 200 953
200.54.100.179 - - [19/Nov/2024:10:12:44 -0300] "GET /cormun/static/hpexe_return.js?20221129846037 HTTP/1.1" 200 1633
200.54.100.179 - - [19/Nov/2024:10:12:44 -0300] "GET /cormun/servlet/trpermisosadjuntos?10488717,20241119085537,P, HTTP/1.1" 200 7049
200.54.100.179 - - [19/Nov/2024:10:12:51 -0300] "GET /cormun/servlet/trpermisosgoce? HTTP/1.1" 200 11191
200.54.100.179 - - [19/Nov/2024:10:12:52 -0300] "GET /cormun/static/gxcfg.js?2020121631564 HTTP/1.1" 200 953
200.54.100.179 - - [19/Nov/2024:10:12:52 -0300] "GET /cormun/static/trpermisosgoce.js?2020121633681 HTTP/1.1" 200 35904
200.54.100.179 - - [19/Nov/2024:10:12:52 -0300] "GET /cormun//static/Resources/PXToolsGridUpdate.png HTTP/1.1" 200 470
200.54.100.179 - - [19/Nov/2024:10:12:55 -0300] "POST /cormun/servlet/trpermisosgoce?089829e83bf7257263b1ad7dbc7a3ad4,,gx-no-cache=1732021992062 HTTP/1.1" 200 8399
200.54.100.179 - - [19/Nov/2024:10:12:55 -0300] "GET /cormun/static/Shared/jqueryui/images/ui-icons_82798d_256x240.png HTTP/1.1" 404 1089
200.54.100.179 - - [19/Nov/2024:10:12:55 -0300] "GET /cormun/static/Shared/jqueryui/images/ui-bg_highlight-soft_100_c6c2c8_1x100.png HTTP/1.1" 404 1117
200.54.100.179 - - [19/Nov/2024:10:12:55 -0300] "GET /cormun/static/Shared/jqueryui/images/ui-icons_8d78a5_256x240.png HTTP/1.1" 404 1089
200.54.100.179 - - [19/Nov/2024:10:12:55 -0300] "GET /cormun/static/Shared/jqueryui/images/ui-bg_flat_55_fafafa_40x100.png HTTP/1.1" 404 1097
190.95.15.15 - - [19/Nov/2024:10:15:04 -0300] "GET /cormun/servlet/trpermisosadjuntos?17477487,20241119093858,P, HTTP/1.1" 200 6290
190.95.15.15 - - [19/Nov/2024:10:15:05 -0300] "GET /cormun/servlet/permisosadjuntos?INS,17477487,P,20241119093858,, HTTP/1.1" 200 5611
190.95.15.15 - - [19/Nov/2024:10:15:06 -0300] "GET /cormun/static/about:blank HTTP/1.1" 404 1011
190.95.15.15 - - [19/Nov/2024:10:15:14 -0300] "POST /cormun/servlet/permisosadjuntos?c45a37883e55f31d21a5148b2c72ab6e,INS,17477487,P,20241119093858,, HTTP/1.1" 200 116
190.95.15.15 - - [19/Nov/2024:10:15:14 -0300] "GET /cormun/servlet/hpexe_return? HTTP/1.1" 200 1030
190.95.15.15 - - [19/Nov/2024:10:15:15 -0300] "GET /cormun/servlet/trpermisosadjuntos?17477487,20241119093858,P, HTTP/1.1" 200 6775
190.95.15.15 - - [19/Nov/2024:10:15:17 -0300] "GET /cormun/servlet/trpermisosgoce? HTTP/1.1" 200 12518
190.95.15.15 - - [19/Nov/2024:10:15:20 -0300] "POST /cormun/servlet/trpermisosgoce?c45a37883e55f31d21a5148b2c72ab6e,,gx-no-cache=1732022137986 HTTP/1.1" 200 9701
190.95.15.15 - - [19/Nov/2024:10:15:20 -0300] "GET /cormun/static/Shared/jqueryui/images/ui-bg_highlight-soft_100_c6c2c8_1x100.png HTTP/1.1" 404 1117
190.95.15.15 - - [19/Nov/2024:10:15:20 -0300] "GET /cormun/static/Shared/jqueryui/images/ui-icons_82798d_256x240.png HTTP/1.1" 404 1089
190.95.15.15 - - [19/Nov/2024:10:15:20 -0300] "GET /cormun/static/Shared/jqueryui/images/ui-bg_flat_55_fafafa_40x100.png HTTP/1.1" 404 1097
190.95.15.15 - - [19/Nov/2024:10:15:20 -0300] "GET /cormun/static/Shared/jqueryui/images/ui-icons_8d78a5_256x240.png HTTP/1.1" 404 1089
190.95.15.15 - - [19/Nov/2024:10:15:22 -0300] "POST /cormun/servlet/trpermisosgoce?c45a37883e55f31d21a5148b2c72ab6e,,gx-no-cache=1732022140061 HTTP/1.1" 200 9688
190.95.15.15 - - [19/Nov/2024:10:15:23 -0300] "POST /cormun/servlet/trpermisosgoce?c45a37883e55f31d21a5148b2c72ab6e,,gx-no-cache=1732022141540 HTTP/1.1" 200 9656
190.95.15.15 - - [19/Nov/2024:10:15:37 -0300] "GET /cormun/servlet/hlogin HTTP/1.1" 200 1729
190.95.15.15 - - [19/Nov/2024:10:15:48 -0300] "POST /cormun/servlet/hlogin?c45a37883e55f31d21a5148b2c72ab6e,gx-no-cache=1732022166824 HTTP/1.1" 200 90
190.95.15.15 - - [19/Nov/2024:10:15:48 -0300] "GET /cormun/servlet/hpexe_link HTTP/1.1" 200 943
190.95.15.15 - - [19/Nov/2024:10:15:49 -0300] "GET /cormun/servlet/hhome HTTP/1.1" 200 4215
190.95.15.15 - - [19/Nov/2024:10:15:56 -0300] "GET /cormun/servlet/trautorizarpermisogoce? HTTP/1.1" 200 8431
190.95.15.15 - - [19/Nov/2024:10:15:58 -0300] "POST /cormun/servlet/trautorizarpermisogoce?c45a37883e55f31d21a5148b2c72ab6e,,gx-no-cache=1732022176717 HTTP/1.1" 200 5551
190.95.15.15 - - [19/Nov/2024:10:15:59 -0300] "POST /cormun/servlet/trautorizarpermisogoce?c45a37883e55f31d21a5148b2c72ab6e,,gx-no-cache=1732022177476 HTTP/1.1" 200 5277
190.95.15.15 - - [19/Nov/2024:10:16:00 -0300] "POST /cormun/servlet/trautorizarpermisogoce?c45a37883e55f31d21a5148b2c72ab6e,,gx-no-cache=1732022178118 HTTP/1.1" 200 4520
190.95.15.15 - - [19/Nov/2024:10:16:31 -0300] "GET /cormun/servlet/hlogin HTTP/1.1" 200 1734
190.171.149.74 - - [19/Nov/2024:10:16:38 -0300] "POST /cormun/servlet/trlicencias?af1f7b1ad1c26bf2826f352c2f682f72,gx-no-cache=1732022214366 HTTP/1.1" 200 10296
190.171.149.74 - - [19/Nov/2024:10:16:39 -0300] "POST /cormun/servlet/trlicencias?af1f7b1ad1c26bf2826f352c2f682f72,gx-no-cache=1732022215289 HTTP/1.1" 200 10296
190.95.15.15 - - [19/Nov/2024:10:16:44 -0300] "POST /cormun/servlet/hlogin?c45a37883e55f31d21a5148b2c72ab6e,gx-no-cache=1732022222452 HTTP/1.1" 200 90
190.95.15.15 - - [19/Nov/2024:10:16:44 -0300] "GET /cormun/servlet/hpexe_link HTTP/1.1" 200 943
190.95.15.15 - - [19/Nov/2024:10:16:44 -0300] "GET /cormun/servlet/hhome HTTP/1.1" 200 3965
200.54.103.162 - - [19/Nov/2024:10:17:20 -0300] "GET /cormun/servlet/hhome HTTP/1.1" 200 3318
200.54.103.162 - - [19/Nov/2024:10:17:20 -0300] "GET /cormun/servlet/hlogin HTTP/1.1" 200 1727
200.54.103.162 - - [19/Nov/2024:10:17:22 -0300] "POST /cormun/servlet/hlogin?2e587bbdf2821b8c26b3314549c214fe,gx-no-cache=1732022260271 HTTP/1.1" 200 90
200.54.103.162 - - [19/Nov/2024:10:17:22 -0300] "GET /cormun/servlet/hpexe_link HTTP/1.1" 200 947
200.54.103.162 - - [19/Nov/2024:10:17:22 -0300] "GET /cormun/servlet/hhome HTTP/1.1" 200 4337
200.54.103.162 - - [19/Nov/2024:10:17:25 -0300] "GET /cormun/servlet/trcontratounov2? HTTP/1.1" 200 17818
200.54.103.162 - - [19/Nov/2024:10:17:30 -0300] "POST /cormun/servlet/trcontratounov2?2e587bbdf2821b8c26b3314549c214fe,,gx-no-cache=1732022267504 HTTP/1.1" 200 18086
10.40.40.2 - - [19/Nov/2024:10:17:43 -0300] "POST /cormun/servlet/hlogin?f1be1d0e69958a8e2eeada4fb6c1206a,gx-no-cache=1732022367371 HTTP/1.1" 440 972
10.40.40.2 - - [19/Nov/2024:10:17:45 -0300] "GET /cormun/servlet/hlogin HTTP/1.1" 200 1726
10.40.40.2 - - [19/Nov/2024:10:19:14 -0300] "POST /cormun/servlet/hlogin?2afcd3fb697618ad8ee28dc967d038aa,gx-no-cache=1732022457906 HTTP/1.1" 200 90
10.40.40.2 - - [19/Nov/2024:10:19:14 -0300] "GET /cormun/servlet/hpexe_link HTTP/1.1" 200 946
10.40.40.2 - - [19/Nov/2024:10:19:25 -0300] "GET /cormun/servlet/hhome HTTP/1.1" 200 3815
190.171.143.82 - - [19/Nov/2024:10:20:14 -0300] "GET /cormun/servlet/permisogoce?INS,0,,, HTTP/1.1" 200 7182
190.171.143.82 - - [19/Nov/2024:10:20:26 -0300] "GET /cormun/servlet/permisogoce?14f74c0a27af709cbb6e617fec63fafc85669c3494d5adbe4dc39a03138fed3857101e4377252ba1e891dbd738c7c90f341ef0adb3574e41a9bfdc246c35142f,gx-no-cache=1732022443926 HTTP/1.1" 200 81
10.40.40.2 - - [19/Nov/2024:10:20:26 -0300] "GET /cormun/servlet/trsolicitudgral? HTTP/1.1" 200 18812
190.171.143.82 - - [19/Nov/2024:10:20:31 -0300] "GET /cormun/servlet/permisogoce?14f74c0a27af709cbb6e617fec63fafcf9b7057bc542ec6557bb6d2823f83a245c6786a2291e24ce018bb12e0fd6b394becca0d0b3c1f135209bdd3ad2072da8,gx-no-cache=1732022449000 HTTP/1.1" 200 48
190.171.143.82 - - [19/Nov/2024:10:20:33 -0300] "POST /cormun/servlet/permisogoce?f7e77daa95021567a963673ab29d6a10,INS,0,,,,gx-no-cache=1732022450553 HTTP/1.1" 200 93
190.171.143.82 - - [19/Nov/2024:10:20:33 -0300] "GET /cormun/servlet/hpexe_return? HTTP/1.1" 200 1009
190.171.143.82 - - [19/Nov/2024:10:20:33 -0300] "GET /cormun/servlet/trpermisosgoce HTTP/1.1" 200 14501
190.171.143.82 - - [19/Nov/2024:10:20:36 -0300] "GET /cormun/servlet/apermisogoceprn?15126226,P,20241119102027,PU HTTP/1.1" 200 1663
200.54.107.2 - - [19/Nov/2024:10:21:34 -0300] "POST /cormun/servlet/solicitudot?gx-no-cache=1732022511196 HTTP/1.1" 200 4046
200.54.107.2 - - [19/Nov/2024:10:21:34 -0300] "POST /cormun/servlet/solicitudot?be82c78475964a0ac2c8beed13b72621,INS,0,0,false,,gx-no-cache=1732022511326 HTTP/1.1" 200 12896
200.54.107.2 - - [19/Nov/2024:10:21:36 -0300] "GET /cormun/servlet/solicitudot?f2ce65c18390b4959b407c2d6081e269c42241c09f0c3f2266ad5c0437f92e1b748950b8c11b4622a219d5cbf6137f25,gx-no-cache=1732022513807 HTTP/1.1" 200 30
190.171.149.74 - - [19/Nov/2024:10:21:42 -0300] "POST /cormun/servlet/trlicencias?af1f7b1ad1c26bf2826f352c2f682f72,gx-no-cache=1732022518813 HTTP/1.1" 200 10296
190.171.149.74 - - [19/Nov/2024:10:21:43 -0300] "POST /cormun/servlet/trlicencias?af1f7b1ad1c26bf2826f352c2f682f72,gx-no-cache=1732022519697 HTTP/1.1" 200 10297
190.171.149.74 - - [19/Nov/2024:10:22:35 -0300] "POST /cormun/servlet/trlicencias?af1f7b1ad1c26bf2826f352c2f682f72,gx-no-cache=1732022571339 HTTP/1.1" 200 10296
190.171.152.138 - - [19/Nov/2024:10:25:38 -0300] "GET /cormun/servlet/hlogin HTTP/1.1" 200 1724
190.171.152.114 - - [19/Nov/2024:10:25:49 -0300] "GET /cormun/servlet/trlicencias? HTTP/1.1" 200 6052
190.171.152.114 - - [19/Nov/2024:10:25:49 -0300] "GET /cormun/servlet/hlogin HTTP/1.1" 200 1741
190.171.152.138 - - [19/Nov/2024:10:25:51 -0300] "POST /cormun/servlet/hlogin?a4e0bceb5211011d5f91ce3ef1f849a8,gx-no-cache=1732022768412 HTTP/1.1" 200 90
190.171.152.138 - - [19/Nov/2024:10:25:51 -0300] "GET /cormun/servlet/hpexe_link HTTP/1.1" 200 953
190.171.152.138 - - [19/Nov/2024:10:25:51 -0300] "GET /cormun/servlet/hhome HTTP/1.1" 200 3873
190.171.152.138 - - [19/Nov/2024:10:26:00 -0300] "GET /cormun/servlet/trpermisosgoce? HTTP/1.1" 200 12395
190.171.152.114 - - [19/Nov/2024:10:26:04 -0300] "POST /cormun/servlet/hlogin?b56082c67f2d8ba612cccf94150cf789,gx-no-cache=1732022781702 HTTP/1.1" 200 90
190.171.152.114 - - [19/Nov/2024:10:26:04 -0300] "GET /cormun/servlet/hpexe_link HTTP/1.1" 200 959
190.171.152.114 - - [19/Nov/2024:10:26:04 -0300] "GET /cormun/servlet/trlicencias HTTP/1.1" 200 15890
190.171.152.114 - - [19/Nov/2024:10:26:28 -0300] "GET /cormun/servlet/alicenciaprn?13509546,L,20241113000000,PU HTTP/1.1" 200 1547
190.171.152.138 - - [19/Nov/2024:10:26:37 -0300] "GET /cormun/servlet/permisogoce?UPD,16981270,P,20241119075604, HTTP/1.1" 200 6784
190.171.152.138 - - [19/Nov/2024:10:26:37 -0300] "GET /cormun/servlet/permisogoce?afdbc52a923b455a9fce23b96d4e291765ab374bd749e40d6d21472acf027da155a65c00e67e4e9c6213bde06c81a399ddcb5c40d1e7206bab8fdb1fd47bf77df4d491e7b4e3923a3baf9a3a774f9a00,gx-no-cache=1732022815216 HTTP/1.1" 200 72
190.171.152.138 - - [19/Nov/2024:10:26:42 -0300] "GET /cormun/static/menuarrow.gif HTTP/1.1" 404 1015
190.171.149.74 - - [19/Nov/2024:10:26:46 -0300] "POST /cormun/servlet/trlicencias?af1f7b1ad1c26bf2826f352c2f682f72,gx-no-cache=1732022822258 HTTP/1.1" 200 10296
190.171.152.138 - - [19/Nov/2024:10:26:46 -0300] "GET /cormun/servlet/permisogoce?afdbc52a923b455a9fce23b96d4e2917397c4236b25ac65b3422465900a3d67b606f3059cb55d8aa5d2454196930f5c5dc5bce7a7a85ad6f92a6fab063cdb718,gx-no-cache=1732022824084 HTTP/1.1" 200 48
190.171.152.138 - - [19/Nov/2024:10:26:54 -0300] "POST /cormun/servlet/permisogoce?a4e0bceb5211011d5f91ce3ef1f849a8,UPD,16981270,P,20241119075604,,gx-no-cache=1732022831677 HTTP/1.1" 200 93
190.171.152.138 - - [19/Nov/2024:10:26:54 -0300] "GET /cormun/servlet/hpexe_return? HTTP/1.1" 200 1029
190.171.152.138 - - [19/Nov/2024:10:26:55 -0300] "GET /cormun/servlet/trpermisosgoce HTTP/1.1" 200 12390
190.171.152.138 - - [19/Nov/2024:10:27:00 -0300] "GET /cormun/servlet/apermisogoceprn?16981270,P,20241119075604,PU HTTP/1.1" 200 1650
190.171.149.74 - - [19/Nov/2024:10:27:56 -0300] "GET /cormun/servlet/trlicencias? HTTP/1.1" 200 12677
190.171.149.74 - - [19/Nov/2024:10:28:01 -0300] "POST /cormun/servlet/trlicencias?af1f7b1ad1c26bf2826f352c2f682f72,,gx-no-cache=1732022897588 HTTP/1.1" 200 10297
190.171.149.74 - - [19/Nov/2024:10:28:02 -0300] "POST /cormun/servlet/trlicencias?af1f7b1ad1c26bf2826f352c2f682f72,,gx-no-cache=1732022898546 HTTP/1.1" 200 10298
190.171.152.138 - - [19/Nov/2024:10:28:28 -0300] "GET /cormun/servlet/hlogin HTTP/1.1" 200 1742
190.171.149.74 - - [19/Nov/2024:10:30:17 -0300] "POST /cormun/servlet/trlicencias?af1f7b1ad1c26bf2826f352c2f682f72,,gx-no-cache=1732023033794 HTTP/1.1" 200 10297
190.171.149.74 - - [19/Nov/2024:10:30:18 -0300] "POST /cormun/servlet/trlicencias?af1f7b1ad1c26bf2826f352c2f682f72,,gx-no-cache=1732023034834 HTTP/1.1" 200 10296
190.171.141.98 - - [19/Nov/2024:10:30:42 -0300] "GET /cormun/servlet/hlogin HTTP/1.1" 200 1717
190.171.141.98 - - [19/Nov/2024:10:30:50 -0300] "POST /cormun/servlet/hlogin?81f72c879a1f454d052203c456dca2b3,gx-no-cache=1732023067006 HTTP/1.1" 200 90
190.171.141.98 - - [19/Nov/2024:10:30:50 -0300] "GET /cormun/servlet/hpexe_link HTTP/1.1" 200 945
190.171.141.98 - - [19/Nov/2024:10:30:50 -0300] "GET /cormun/servlet/hhome HTTP/1.1" 200 4166
190.171.141.98 - - [19/Nov/2024:10:30:53 -0300] "GET /cormun/servlet/trlicencias? HTTP/1.1" 200 13397
190.171.152.114 - - [19/Nov/2024:10:32:08 -0300] "GET /cormun/servlet/trpermisosgoce? HTTP/1.1" 200 14178
190.171.152.114 - - [19/Nov/2024:10:32:16 -0300] "GET /cormun/servlet/trpermisosadjuntos?9217650,20241115072832,P, HTTP/1.1" 200 6647
190.171.152.114 - - [19/Nov/2024:10:32:18 -0300] "GET /cormun/servlet/permisosadjuntos?INS,9217650,P,20241115072832,, HTTP/1.1" 200 5974
190.171.152.114 - - [19/Nov/2024:10:32:18 -0300] "GET /cormun/static/about:blank HTTP/1.1" 404 1011
190.171.152.114 - - [19/Nov/2024:10:32:28 -0300] "POST /cormun/servlet/permisosadjuntos?b56082c67f2d8ba612cccf94150cf789,INS,9217650,P,20241115072832,, HTTP/1.1" 200 116
190.171.152.114 - - [19/Nov/2024:10:32:28 -0300] "GET /cormun/servlet/hpexe_return? HTTP/1.1" 200 1041
190.171.152.114 - - [19/Nov/2024:10:32:28 -0300] "GET /cormun/servlet/trpermisosadjuntos?9217650,20241115072832,P, HTTP/1.1" 200 7160
190.171.152.114 - - [19/Nov/2024:10:32:31 -0300] "GET /cormun/servlet/trpermisosgoce? HTTP/1.1" 200 14192
190.171.152.114 - - [19/Nov/2024:10:32:35 -0300] "POST /cormun/servlet/trpermisosgoce?b56082c67f2d8ba612cccf94150cf789,,gx-no-cache=1732023173020 HTTP/1.1" 200 11466
190.171.152.114 - - [19/Nov/2024:10:32:35 -0300] "GET /cormun/static/Shared/jqueryui/images/ui-icons_82798d_256x240.png HTTP/1.1" 404 1089
190.171.152.114 - - [19/Nov/2024:10:32:35 -0300] "GET /cormun/static/Shared/jqueryui/images/ui-bg_highlight-soft_100_c6c2c8_1x100.png HTTP/1.1" 404 1117
190.171.152.114 - - [19/Nov/2024:10:32:35 -0300] "GET /cormun/static/Shared/jqueryui/images/ui-bg_flat_55_fafafa_40x100.png HTTP/1.1" 404 1097
190.171.152.114 - - [19/Nov/2024:10:32:35 -0300] "GET /cormun/static/Shared/jqueryui/images/ui-icons_8d78a5_256x240.png HTTP/1.1" 404 1089
190.171.152.114 - - [19/Nov/2024:10:32:38 -0300] "GET /cormun/servlet/trpermisosadjuntos?19590652,20241114100408,P, HTTP/1.1" 200 6651
190.171.152.114 - - [19/Nov/2024:10:32:40 -0300] "GET /cormun/servlet/permisosadjuntos?INS,19590652,P,20241114100408,, HTTP/1.1" 200 5976
190.171.152.114 - - [19/Nov/2024:10:32:40 -0300] "GET /cormun/static/about:blank HTTP/1.1" 404 1011
190.171.152.114 - - [19/Nov/2024:10:32:51 -0300] "POST /cormun/servlet/permisosadjuntos?b56082c67f2d8ba612cccf94150cf789,INS,19590652,P,20241114100408,, HTTP/1.1" 200 116
190.171.152.114 - - [19/Nov/2024:10:32:51 -0300] "GET /cormun/servlet/hpexe_return? HTTP/1.1" 200 1041
190.171.152.114 - - [19/Nov/2024:10:32:51 -0300] "GET /cormun/servlet/trpermisosadjuntos?19590652,20241114100408,P, HTTP/1.1" 200 7170
10.40.40.2 - - [19/Nov/2024:10:33:03 -0300] "POST /cormun/servlet/trsolicitudgral?2afcd3fb697618ad8ee28dc967d038aa,,gx-no-cache=1732023286697 HTTP/1.1" 200 10650
10.40.40.2 - - [19/Nov/2024:10:33:03 -0300] "GET /cormun/static/Shared/jqueryui/images/ui-bg_highlight-soft_100_c6c2c8_1x100.png HTTP/1.1" 404 1117
10.40.40.2 - - [19/Nov/2024:10:33:03 -0300] "GET /cormun/static/Shared/jqueryui/images/ui-icons_8d78a5_256x240.png HTTP/1.1" 404 1089
10.40.40.2 - - [19/Nov/2024:10:33:03 -0300] "GET /cormun/static/Shared/jqueryui/images/ui-bg_flat_55_fafafa_40x100.png HTTP/1.1" 404 1097
10.40.40.2 - - [19/Nov/2024:10:33:03 -0300] "GET /cormun/static/Shared/jqueryui/images/ui-icons_82798d_256x240.png HTTP/1.1" 404 1089
190.171.152.114 - - [19/Nov/2024:10:33:06 -0300] "GET /cormun/servlet/trpermisosgoce? HTTP/1.1" 200 14192
190.171.152.114 - - [19/Nov/2024:10:33:11 -0300] "GET /cormun/servlet/trpermisosadjuntos?19590652,20241114100408,P, HTTP/1.1" 200 7166
190.171.141.98 - - [19/Nov/2024:10:33:11 -0300] "GET /cormun/servlet/hlogin HTTP/1.1" 200 1730
190.171.152.114 - - [19/Nov/2024:10:33:15 -0300] "GET /cormun/servlet/trpermisosgoce? HTTP/1.1" 200 14192
190.171.152.114 - - [19/Nov/2024:10:33:24 -0300] "GET /cormun/servlet/trpermisosadjuntos?19590652,20241114100408,P, HTTP/1.1" 200 7166
190.171.152.114 - - [19/Nov/2024:10:33:30 -0300] "GET /cormun/servlet/trpermisosgoce? HTTP/1.1" 200 14192
190.171.152.114 - - [19/Nov/2024:10:33:34 -0300] "POST /cormun/servlet/trpermisosgoce?b56082c67f2d8ba612cccf94150cf789,,gx-no-cache=1732023231747 HTTP/1.1" 200 11454
10.40.40.2 - - [19/Nov/2024:10:33:59 -0300] "GET /cormun/servlet/solicitudgral?UPD,2024,21864, HTTP/1.1" 200 13283
10.40.40.2 - - [19/Nov/2024:10:35:23 -0300] "GET /cormun/static/gxcfg.js?20199142226225 HTTP/1.1" 200 953
10.40.40.2 - - [19/Nov/2024:10:35:23 -0300] "GET /cormun/static/solicitudgral.js?20199142226232 HTTP/1.1" 200 41397
10.40.40.2 - - [19/Nov/2024:10:35:24 -0300] "POST /cormun/servlet/solicitudgral?gx-no-cache=1732023427842 HTTP/1.1" 200 4654
10.40.40.2 - - [19/Nov/2024:10:35:24 -0300] "GET /cormun/servlet/solicitudgral?16b877a722cd8b726abfef538abbc2f77bbc7f553c2059bc47a72a3d75818101cd807c08c2c8210db4a3569d699ea8d776838c562eb83d9e49c97cfaaaf114354b04e41ffffc189b07b07ceb0049fc1441a7d9faf8f00181dfdb50cc3df5905122a4d77866da70045a131597b9ab4003a2724e2454d0be259821352ee9a1eabd9cb4f666dc9fef676372a4479b3d7950376c905edc8187a046dad9855a9046c0e9fd873c10b636af751ec19f99184b0d124478a4e35d45bab3124500941b49c21a5a49fea7c5c4fd3b9f44f105dafa61576f5563953497f6d6bde94b887d5ca8a677e3de601741a8472b3c028623e70f27b5efbad4e105c28951e0a8c5176ae2e156dcd36d08e0ab8e209f2d1da22e6d326590cc20160c404881f4957357d67c62ea593fbb651b9c9c282edc4768bff8e64f1aaea5592736a6f9171aab0825ae64cdd24030435e91de571c10c1f9742d,gx-no-cache=1732023427961 HTTP/1.1" 200 297
190.171.141.106 - - [19/Nov/2024:10:35:28 -0300] "GET /cormun/servlet/trlicencias? HTTP/1.1" 200 6051
190.171.141.106 - - [19/Nov/2024:10:35:30 -0300] "GET /cormun/servlet/hlogin HTTP/1.1" 200 1737
201.186.225.191 - - [19/Nov/2024:10:36:33 -0300] "GET /cormun/servlet/hlogin HTTP/1.1" 200 1735
201.186.225.191 - - [19/Nov/2024:10:36:38 -0300] "GET /cormun/servlet/hlogin HTTP/1.1" 200 1719
10.40.40.2 - - [19/Nov/2024:10:37:56 -0300] "GET /cormun/servlet/trsolicitudgral? HTTP/1.1" 200 13720
181.212.43.89 - - [19/Nov/2024:10:39:16 -0300] "GET /cormun/servlet/hlogin HTTP/1.1" 200 1719
181.212.43.89 - - [19/Nov/2024:10:39:19 -0300] "POST /cormun/servlet/hlogin?779a74979f32bee236244817fc124735,gx-no-cache=1732023576537 HTTP/1.1" 200 90
181.212.43.89 - - [19/Nov/2024:10:39:19 -0300] "GET /cormun/servlet/hpexe_link HTTP/1.1" 200 950
181.212.43.89 - - [19/Nov/2024:10:39:19 -0300] "GET /cormun/servlet/hhome HTTP/1.1" 200 4018
181.212.43.89 - - [19/Nov/2024:10:39:23 -0300] "GET /cormun/servlet/trlicencias? HTTP/1.1" 200 17655
190.171.149.74 - - [19/Nov/2024:10:39:28 -0300] "POST /cormun/servlet/trlicencias?af1f7b1ad1c26bf2826f352c2f682f72,,gx-no-cache=1732023584739 HTTP/1.1" 200 10298
190.171.149.74 - - [19/Nov/2024:10:39:29 -0300] "POST /cormun/servlet/trlicencias?af1f7b1ad1c26bf2826f352c2f682f72,,gx-no-cache=1732023585707 HTTP/1.1" 200 10298
10.40.40.2 - - [19/Nov/2024:10:40:05 -0300] "POST /cormun/servlet/trsolicitudgral?2afcd3fb697618ad8ee28dc967d038aa,,gx-no-cache=1732023709190 HTTP/1.1" 200 8891
200.54.107.2 - - [19/Nov/2024:10:41:02 -0300] "GET /cormun/servlet/solicitudot?f2ce65c18390b4959b407c2d6081e2695b229de7aa7ea38ad12f851337be0fa0d4295ccdc5e3bafb109c665098f7cb56dbfb738e70d73aebe867c8064ec30027,gx-no-cache=1732023678934 HTTP/1.1" 200 30
200.54.107.2 - - [19/Nov/2024:10:41:05 -0300] "GET /cormun/servlet/solicitudot?f2ce65c18390b4959b407c2d6081e269ae0f9778a36ddf4510bcd37aafa78d7f,gx-no-cache=1732023681910 HTTP/1.1" 200 53
200.54.107.2 - - [19/Nov/2024:10:41:20 -0300] "POST /cormun/servlet/solicitudot?be82c78475964a0ac2c8beed13b72621,INS,0,0,false,,gx-no-cache=1732023697572 HTTP/1.1" 200 13095
200.54.107.2 - - [19/Nov/2024:10:41:20 -0300] "GET /cormun/static/Shared/jqueryui/images/ui-bg_highlight-soft_100_c6c2c8_1x100.png HTTP/1.1" 404 1117
200.54.107.2 - - [19/Nov/2024:10:41:20 -0300] "GET /cormun/static/Shared/jqueryui/images/ui-bg_flat_55_fafafa_40x100.png HTTP/1.1" 404 1097
200.54.107.2 - - [19/Nov/2024:10:41:20 -0300] "GET /cormun/static/Shared/jqueryui/images/ui-icons_82798d_256x240.png HTTP/1.1" 404 1089
200.54.107.2 - - [19/Nov/2024:10:41:20 -0300] "GET /cormun/static/Shared/jqueryui/images/ui-icons_8d78a5_256x240.png HTTP/1.1" 404 1089
200.54.107.2 - - [19/Nov/2024:10:41:25 -0300] "POST /cormun/servlet/solicitudot?gx-no-cache=1732023702273 HTTP/1.1" 200 255
200.54.107.2 - - [19/Nov/2024:10:41:27 -0300] "GET /cormun/servlet/solicitudot?f2ce65c18390b4959b407c2d6081e2690f57378e48fbbdf158cda8ce093fe0290e6379c639fa1d66e1abddd295cc5cff0747fb8463bac10fd4fc17c4ffe21100f71dfc33e1e7ac9e706de4ded10226fde557929dff5ca82998b219c4c4e8f2f26e4de608d7738f13116ded6af4f3916d6482a1e98b404fe6df6695ceab084d27850962749ab1dc156a390429c4c11c9a5522853775cd9fb615a0b0b833a89e4181a74665b4b0c2e4c4a35a586944b11fcc3d400e4a3e1be0747e7a421d380856e8a8a2685f8ab1d811a7627a55f81b2b269f589efa6a0e2dd9ceaee156acd8ec276ddf93e03921adda66786140563e642c9993239c7f38ca0fe18efa03049aed4f7ec73c4f9b4af274bad1134b87778cdd304dec06b0655577cc2279b98ebd7e103db4bdcfac22b9c88182e52db6dd7d85148c7b9c0f6557e2585f6c72644388a5057b4fc2ea289db1d8b35877b3df6aec43a7bf1f353e16f2768ab8649d36baa69207956ddd521d1e2bc14ececf84508f168ad0b9e4ea20aed9736a409fe590,gx-no-cache=1732023704898 HTTP/1.1" 200 30
200.54.107.2 - - [19/Nov/2024:10:41:31 -0300] "POST /cormun/servlet/solicitudot?gx-no-cache=1732023708206 HTTP/1.1" 200 30
200.54.107.2 - - [19/Nov/2024:10:41:31 -0300] "POST /cormun/servlet/solicitudot?gx-no-cache=1732023708255 HTTP/1.1" 200 1479
200.54.107.2 - - [19/Nov/2024:10:41:31 -0300] "POST /cormun/servlet/solicitudot?gx-no-cache=1732023708289 HTTP/1.1" 200 38
200.54.107.2 - - [19/Nov/2024:10:41:53 -0300] "POST /cormun/servlet/solicitudot?gx-no-cache=1732023730211 HTTP/1.1" 200 1479
200.54.107.2 - - [19/Nov/2024:10:41:53 -0300] "POST /cormun/servlet/solicitudot?gx-no-cache=1732023730258 HTTP/1.1" 200 38
181.212.43.89 - - [19/Nov/2024:10:42:12 -0300] "GET /cormun/servlet/trpermisosgoce? HTTP/1.1" 200 16884
200.54.107.2 - - [19/Nov/2024:10:42:16 -0300] "GET /cormun/servlet/solicitudot?f2ce65c18390b4959b407c2d6081e269f992ea750c9f4af32f1477276ad02b9905dbf57be0b224a861d6107d2de9e3cda24491010d121fe15c86e145c93650b617047e23e6aa9d6ebda1fe68221185d26bb8ffc04922b377fa5cc841a56db5668b68b1396446a5c2554e3809f0320b7b,gx-no-cache=1732023753294 HTTP/1.1" 200 110
200.54.107.2 - - [19/Nov/2024:10:42:16 -0300] "POST /cormun/servlet/solicitudot?gx-no-cache=1732023753332 HTTP/1.1" 200 97
181.212.43.89 - - [19/Nov/2024:10:42:17 -0300] "GET /cormun/servlet/permisogoce?INS,0,,, HTTP/1.1" 200 6884
10.40.40.2 - - [19/Nov/2024:10:42:27 -0300] "POST /cormun/servlet/trsolicitudgral?2afcd3fb697618ad8ee28dc967d038aa,,gx-no-cache=1732023850750 HTTP/1.1" 200 6672
200.54.107.2 - - [19/Nov/2024:10:42:28 -0300] "GET /cormun/servlet/solicitudot?f2ce65c18390b4959b407c2d6081e269b1aa8245d6d45c2003ca83b2820b8e1db0a924be34a662b584d73420f2a1dc4e4b624511045ecd3bf433ebbd2949acff49fafc9740f28f3924cedcadeddb7c3ceb37e0ed06ab6b31cf14464dcd6efce592d69b3efe3f1939023c5a812db67a1e,gx-no-cache=1732023765303 HTTP/1.1" 200 29
200.54.107.2 - - [19/Nov/2024:10:42:28 -0300] "GET /cormun/static/menuarrow.gif HTTP/1.1" 404 1015
181.212.43.89 - - [19/Nov/2024:10:42:28 -0300] "GET /cormun/servlet/permisogoce?73021e2409db1a3f5da2bab237eecbd4b227d46f87b2ba6869899652695636392f10dd196fd71021f085571089388b0541dbb69ec98a17c009dc1bfa2319d5d3,gx-no-cache=1732023765833 HTTP/1.1" 200 79
10.40.40.2 - - [19/Nov/2024:10:42:30 -0300] "GET /cormun/servlet/trautorizarot? HTTP/1.1" 200 18218
200.54.107.2 - - [19/Nov/2024:10:42:33 -0300] "GET /cormun/servlet/solicitudot?f2ce65c18390b4959b407c2d6081e26921ff39b7c8a266dbe449d95fc1c8576e3018df5cd396401af08d3c1d5a8bcebc,gx-no-cache=1732023770846 HTTP/1.1" 200 30
181.212.43.89 - - [19/Nov/2024:10:42:38 -0300] "GET /cormun/static/menuarrow.gif HTTP/1.1" 404 1015
200.54.107.2 - - [19/Nov/2024:10:42:41 -0300] "POST /cormun/servlet/solicitudot?gx-no-cache=1732023778214 HTTP/1.1" 200 30
181.212.43.89 - - [19/Nov/2024:10:42:43 -0300] "GET /cormun/servlet/permisogoce?73021e2409db1a3f5da2bab237eecbd44ff302481ada0e75e7b874318ef41ae3d56abd6d7917c1a14d13f9059b994e7af2030c2f2e767358d9adb71b37586bbf,gx-no-cache=1732023780496 HTTP/1.1" 200 47
181.212.43.89 - - [19/Nov/2024:10:42:46 -0300] "POST /cormun/servlet/permisogoce?779a74979f32bee236244817fc124735,INS,0,,,,gx-no-cache=1732023782759 HTTP/1.1" 200 93
181.212.43.89 - - [19/Nov/2024:10:42:46 -0300] "GET /cormun/servlet/hpexe_return? HTTP/1.1" 200 1008
181.212.43.89 - - [19/Nov/2024:10:42:46 -0300] "GET /cormun/servlet/trpermisosgoce HTTP/1.1" 200 17166
10.40.40.2 - - [19/Nov/2024:10:42:51 -0300] "GET /cormun/static/gxui/gxui-all.css?120300 HTTP/1.1" 200 2179
10.40.40.2 - - [19/Nov/2024:10:42:51 -0300] "GET /cormun/static/gxcfg.js?202012169508 HTTP/1.1" 200 953
10.40.40.2 - - [19/Nov/2024:10:42:51 -0300] "GET /cormun/static/calendar-system.css?85620 HTTP/1.1" 200 5572
10.40.40.2 - - [19/Nov/2024:10:42:51 -0300] "GET /cormun/static/trautorizarot.js?2020121695965 HTTP/1.1" 200 53844
10.40.40.2 - - [19/Nov/2024:10:42:51 -0300] "GET /cormun/static/Shared/ext/resources/css/ext-all.css?215870 HTTP/1.1" 200 416045
10.40.40.2 - - [19/Nov/2024:10:42:51 -0300] "GET /cormun//static/Resources/PXToolsDataSearchRemember.gif HTTP/1.1" 200 1153
181.212.43.89 - - [19/Nov/2024:10:42:54 -0300] "GET /cormun/servlet/trpermisosadjuntos?8598361,20241119104229,P, HTTP/1.1" 200 6340
181.212.43.89 - - [19/Nov/2024:10:42:55 -0300] "GET /cormun/servlet/permisosadjuntos?INS,8598361,P,20241119104229,, HTTP/1.1" 200 5656
181.212.43.89 - - [19/Nov/2024:10:42:55 -0300] "GET /cormun/static/about:blank HTTP/1.1" 404 1011
10.40.40.2 - - [19/Nov/2024:10:42:59 -0300] "POST /cormun/servlet/trautorizarot?2afcd3fb697618ad8ee28dc967d038aa,,gx-no-cache=1732023882502 HTTP/1.1" 200 5352
10.40.40.2 - - [19/Nov/2024:10:43:01 -0300] "GET /cormun/servlet/trsolicitudgral? HTTP/1.1" 200 9695
200.54.107.2 - - [19/Nov/2024:10:43:02 -0300] "POST /cormun/servlet/solicitudot?be82c78475964a0ac2c8beed13b72621,INS,0,0,false,,gx-no-cache=1732023799201 HTTP/1.1" 200 93
200.54.107.2 - - [19/Nov/2024:10:43:02 -0300] "GET /cormun/servlet/hpexe_return? HTTP/1.1" 200 1005
200.54.107.2 - - [19/Nov/2024:10:43:02 -0300] "GET /cormun/servlet/trsolicitudot HTTP/1.1" 200 8955
10.40.40.2 - - [19/Nov/2024:10:43:05 -0300] "POST /cormun/servlet/trsolicitudgral?2afcd3fb697618ad8ee28dc967d038aa,,gx-no-cache=1732023888901 HTTP/1.1" 200 15669
200.54.107.2 - - [19/Nov/2024:10:43:12 -0300] "GET /cormun/servlet/trautorizarsolicitud? HTTP/1.1" 200 23536
181.212.43.89 - - [19/Nov/2024:10:43:13 -0300] "POST /cormun/servlet/permisosadjuntos?779a74979f32bee236244817fc124735,INS,8598361,P,20241119104229,, HTTP/1.1" 200 116
181.212.43.89 - - [19/Nov/2024:10:43:13 -0300] "GET /cormun/servlet/hpexe_return? HTTP/1.1" 200 1035
181.212.43.89 - - [19/Nov/2024:10:43:13 -0300] "GET /cormun/servlet/trpermisosadjuntos?8598361,20241119104229,P, HTTP/1.1" 200 6841
181.212.43.89 - - [19/Nov/2024:10:43:15 -0300] "POST /cormun/servlet/trpermisosadjuntos?779a74979f32bee236244817fc124735,8598361,20241119104229,P,,gx-no-cache=1732023812851 HTTP/1.1" 200 90
181.212.43.89 - - [19/Nov/2024:10:43:15 -0300] "GET /cormun/servlet/hpexe_link HTTP/1.1" 200 980
181.212.43.89 - - [19/Nov/2024:10:43:15 -0300] "GET /cormun/servlet/trpermisosgoce HTTP/1.1" 200 17163
181.212.43.89 - - [19/Nov/2024:10:43:18 -0300] "POST /cormun/servlet/trpermisosgoce?779a74979f32bee236244817fc124735,gx-no-cache=1732023814953 HTTP/1.1" 200 14406
181.212.43.89 - - [19/Nov/2024:10:43:18 -0300] "GET /cormun/static/Shared/jqueryui/images/ui-bg_highlight-soft_100_c6c2c8_1x100.png HTTP/1.1" 404 1117
181.212.43.89 - - [19/Nov/2024:10:43:18 -0300] "GET /cormun/static/Shared/jqueryui/images/ui-icons_82798d_256x240.png HTTP/1.1" 404 1089
181.212.43.89 - - [19/Nov/2024:10:43:18 -0300] "GET /cormun/static/Shared/jqueryui/images/ui-bg_flat_55_fafafa_40x100.png HTTP/1.1" 404 1097
181.212.43.89 - - [19/Nov/2024:10:43:18 -0300] "GET /cormun/static/Shared/jqueryui/images/ui-icons_8d78a5_256x240.png HTTP/1.1" 404 1089
181.212.43.89 - - [19/Nov/2024:10:43:27 -0300] "GET /cormun/servlet/permisogoce?INS,0,,, HTTP/1.1" 200 6883
181.212.43.89 - - [19/Nov/2024:10:43:32 -0300] "GET /cormun/servlet/permisogoce?73021e2409db1a3f5da2bab237eecbd4d836e5377e4d54d2262dacc50b1c11d42f10dd196fd71021f085571089388b0541dbb69ec98a17c009dc1bfa2319d5d3,gx-no-cache=1732023829631 HTTP/1.1" 200 82
181.212.43.89 - - [19/Nov/2024:10:43:39 -0300] "GET /cormun/servlet/permisogoce?73021e2409db1a3f5da2bab237eecbd497cb339d2e40d5cb1b4f9c1c28cb60613de9b967fd60e84177624780103ad792f2030c2f2e767358d9adb71b37586bbf,gx-no-cache=1732023836408 HTTP/1.1" 200 124
181.212.43.89 - - [19/Nov/2024:10:43:39 -0300] "GET /cormun/static/Shared/jqueryui/images/ui-bg_flat_55_994d53_40x100.png HTTP/1.1" 404 1097
181.212.43.89 - - [19/Nov/2024:10:43:39 -0300] "GET /cormun/static/Shared/jqueryui/images/ui-icons_ebccce_256x240.png HTTP/1.1" 404 1089
181.212.43.89 - - [19/Nov/2024:10:43:47 -0300] "POST /cormun/servlet/permisogoce?779a74979f32bee236244817fc124735,INS,0,,,,gx-no-cache=1732023844477 HTTP/1.1" 200 4486
200.54.107.2 - - [19/Nov/2024:10:43:47 -0300] "POST /cormun/servlet/trautorizarsolicitud?be82c78475964a0ac2c8beed13b72621,,gx-no-cache=1732023844589 HTTP/1.1" 200 20956
200.54.107.2 - - [19/Nov/2024:10:43:48 -0300] "GET /cormun/static/Shared/jqueryui/images/ui-bg_highlight-soft_100_c6c2c8_1x100.png HTTP/1.1" 404 1117
200.54.107.2 - - [19/Nov/2024:10:43:48 -0300] "GET /cormun/static/Shared/jqueryui/images/ui-icons_82798d_256x240.png HTTP/1.1" 404 1089
200.54.107.2 - - [19/Nov/2024:10:43:48 -0300] "GET /cormun/static/Shared/jqueryui/images/ui-bg_flat_55_fafafa_40x100.png HTTP/1.1" 404 1097
200.54.107.2 - - [19/Nov/2024:10:43:48 -0300] "GET /cormun/static/Shared/jqueryui/images/ui-icons_8d78a5_256x240.png HTTP/1.1" 404 1089
181.212.43.89 - - [19/Nov/2024:10:43:52 -0300] "POST /cormun/servlet/permisogoce?779a74979f32bee236244817fc124735,INS,0,,,,gx-no-cache=1732023849219 HTTP/1.1" 200 93
181.212.43.89 - - [19/Nov/2024:10:43:52 -0300] "GET /cormun/servlet/hpexe_return? HTTP/1.1" 200 1029
181.212.43.89 - - [19/Nov/2024:10:43:52 -0300] "GET /cormun/servlet/trpermisosgoce?gx-no-cache=1732023814953 HTTP/1.1" 200 17097
200.54.107.2 - - [19/Nov/2024:10:43:58 -0300] "POST /cormun/servlet/trautorizarsolicitud?be82c78475964a0ac2c8beed13b72621,,gx-no-cache=1732023854700 HTTP/1.1" 200 20956
181.212.43.89 - - [19/Nov/2024:10:44:01 -0300] "GET /cormun/servlet/permisogoce?INS,0,,, HTTP/1.1" 200 6905
181.212.43.89 - - [19/Nov/2024:10:44:09 -0300] "GET /cormun/servlet/permisogoce?73021e2409db1a3f5da2bab237eecbd4fb1d3127e08dbd170b776c07d0fbb2b02f10dd196fd71021f085571089388b0541dbb69ec98a17c009dc1bfa2319d5d3,gx-no-cache=1732023866600 HTTP/1.1" 200 83
200.54.107.2 - - [19/Nov/2024:10:44:10 -0300] "GET /cormun/servlet/hlogin HTTP/1.1" 200 1717
181.212.43.89 - - [19/Nov/2024:10:44:17 -0300] "GET /cormun/servlet/permisogoce?73021e2409db1a3f5da2bab237eecbd49213a15e771131c76609c1dd3faed6a606834db718448d6006c2a4750bfdf08bf2030c2f2e767358d9adb71b37586bbf,gx-no-cache=1732023874200 HTTP/1.1" 200 47
200.54.107.2 - - [19/Nov/2024:10:44:17 -0300] "POST /cormun/servlet/hlogin?be82c78475964a0ac2c8beed13b72621,gx-no-cache=1732023874127 HTTP/1.1" 200 90
200.54.107.2 - - [19/Nov/2024:10:44:17 -0300] "GET /cormun/servlet/hpexe_link HTTP/1.1" 200 960
200.54.107.2 - - [19/Nov/2024:10:44:17 -0300] "GET /cormun/servlet/trautorizarsolicitud? HTTP/1.1" 200 23537
181.212.43.89 - - [19/Nov/2024:10:44:19 -0300] "POST /cormun/servlet/permisogoce?779a74979f32bee236244817fc124735,INS,0,,,,gx-no-cache=1732023876424 HTTP/1.1" 200 93
181.212.43.89 - - [19/Nov/2024:10:44:19 -0300] "GET /cormun/servlet/hpexe_return? HTTP/1.1" 200 1029
181.212.43.89 - - [19/Nov/2024:10:44:19 -0300] "GET /cormun/servlet/trpermisosgoce?gx-no-cache=1732023814953 HTTP/1.1" 200 17412
181.212.43.89 - - [19/Nov/2024:10:44:30 -0300] "GET /cormun/servlet/trpermisosadjuntos?5955876,20241119104414,P, HTTP/1.1" 200 6364
181.212.43.89 - - [19/Nov/2024:10:44:32 -0300] "GET /cormun/servlet/permisosadjuntos?INS,5955876,P,20241119104414,, HTTP/1.1" 200 5656
181.212.43.89 - - [19/Nov/2024:10:44:32 -0300] "GET /cormun/static/about:blank HTTP/1.1" 404 1011
200.54.107.2 - - [19/Nov/2024:10:44:33 -0300] "POST /cormun/servlet/trautorizarsolicitud?be82c78475964a0ac2c8beed13b72621,,gx-no-cache=1732023889892 HTTP/1.1" 200 6451
181.212.43.89 - - [19/Nov/2024:10:44:42 -0300] "POST /cormun/servlet/permisosadjuntos?779a74979f32bee236244817fc124735,INS,5955876,P,20241119104414,, HTTP/1.1" 200 116
181.212.43.89 - - [19/Nov/2024:10:44:42 -0300] "GET /cormun/servlet/hpexe_return? HTTP/1.1" 200 1037
181.212.43.89 - - [19/Nov/2024:10:44:42 -0300] "GET /cormun/servlet/trpermisosadjuntos?5955876,20241119104414,P, HTTP/1.1" 200 6837
181.212.43.89 - - [19/Nov/2024:10:44:46 -0300] "POST /cormun/servlet/trpermisosadjuntos?779a74979f32bee236244817fc124735,5955876,20241119104414,P,,gx-no-cache=1732023903617 HTTP/1.1" 200 90
181.212.43.89 - - [19/Nov/2024:10:44:46 -0300] "GET /cormun/servlet/hpexe_link HTTP/1.1" 200 1003
181.212.43.89 - - [19/Nov/2024:10:44:46 -0300] "GET /cormun/servlet/trpermisosgoce?gx-no-cache=1732023814953 HTTP/1.1" 200 17409
200.54.107.2 - - [19/Nov/2024:10:44:49 -0300] "POST /cormun/servlet/trautorizarsolicitud?be82c78475964a0ac2c8beed13b72621,,gx-no-cache=1732023906192 HTTP/1.1" 200 6483
200.54.107.2 - - [19/Nov/2024:10:44:49 -0300] "GET /cormun/static/Shared/jqueryui/images/ui-bg_highlight-soft_100_c6c2c8_1x100.png HTTP/1.1" 404 1117
200.54.107.2 - - [19/Nov/2024:10:44:49 -0300] "GET /cormun/static/Shared/jqueryui/images/ui-icons_82798d_256x240.png HTTP/1.1" 404 1089
200.54.107.2 - - [19/Nov/2024:10:44:49 -0300] "GET /cormun/static/Shared/jqueryui/images/ui-bg_flat_55_fafafa_40x100.png HTTP/1.1" 404 1097
200.54.107.2 - - [19/Nov/2024:10:44:49 -0300] "GET /cormun/static/Shared/jqueryui/images/ui-icons_8d78a5_256x240.png HTTP/1.1" 404 1089
