190.171.143.82 - - [18/Nov/2024:08:33:52 -0300] "POST /cormun/servlet/trpermisosgoce?870a5e4ad183780c9a18c57709d7c5de,,gx-no-cache=1731929657407 HTTP/1.1" 200 4495
190.171.143.82 - - [18/Nov/2024:08:33:56 -0300] "POST /cormun/servlet/trpermisosgoce?870a5e4ad183780c9a18c57709d7c5de,,gx-no-cache=1731929660575 HTTP/1.1" 200 6322
181.212.40.185 - - [18/Nov/2024:08:34:02 -0300] "GET /cormun/servlet/trpermisosgoce? HTTP/1.1" 200 6030
181.212.40.185 - - [18/Nov/2024:08:34:02 -0300] "GET /cormun/servlet/hlogin HTTP/1.1" 200 1740
190.95.15.15 - - [18/Nov/2024:08:34:02 -0300] "POST /cormun/servlet/hlogin?bb53f60da87c24f7279c286356ec9b09,gx-no-cache=1731929661690 HTTP/1.1" 200 90
190.95.15.15 - - [18/Nov/2024:08:34:02 -0300] "GET /cormun/servlet/hpexe_link HTTP/1.1" 200 952
190.95.15.15 - - [18/Nov/2024:08:34:02 -0300] "GET /cormun/servlet/hhome HTTP/1.1" 200 3973
190.95.15.15 - - [18/Nov/2024:08:34:04 -0300] "GET /cormun/servlet/trlicencias? HTTP/1.1" 200 12353
190.171.143.82 - - [18/Nov/2024:08:34:35 -0300] "POST /cormun/servlet/trpermisosgoce?870a5e4ad183780c9a18c57709d7c5de,,gx-no-cache=1731929700110 HTTP/1.1" 200 5757
181.212.43.89 - - [18/Nov/2024:08:34:54 -0300] "GET /cormun/servlet/trpermisosgoce? HTTP/1.1" 200 6037
181.212.43.89 - - [18/Nov/2024:08:34:54 -0300] "GET /cormun/servlet/hlogin HTTP/1.1" 200 1742
181.212.43.89 - - [18/Nov/2024:08:34:58 -0300] "POST /cormun/servlet/hlogin?f695c355d9c8e0626df6d6691d5b47a8,gx-no-cache=1731929716778 HTTP/1.1" 200 90
181.212.43.89 - - [18/Nov/2024:08:34:58 -0300] "GET /cormun/servlet/hpexe_link HTTP/1.1" 200 959
181.212.43.89 - - [18/Nov/2024:08:34:58 -0300] "GET /cormun/servlet/trpermisosgoce HTTP/1.1" 200 15952
181.212.43.89 - - [18/Nov/2024:08:35:09 -0300] "GET /cormun/servlet/permisogoce?INS,0,,, HTTP/1.1" 200 6885
181.212.40.185 - - [18/Nov/2024:08:35:12 -0300] "POST /cormun/servlet/hlogin?75ede0e362ca33ad6857a0bba92ee5de,gx-no-cache=1731929731525 HTTP/1.1" 200 90
181.212.40.185 - - [18/Nov/2024:08:35:12 -0300] "GET /cormun/servlet/hpexe_link HTTP/1.1" 200 959
181.212.40.185 - - [18/Nov/2024:08:35:13 -0300] "GET /cormun/servlet/trpermisosgoce HTTP/1.1" 200 18969
181.212.43.89 - - [18/Nov/2024:08:35:14 -0300] "GET /cormun/servlet/permisogoce?724ab183bdcfb564cdcfce91129ccc9edcc47e8f28f8a85a9659653c4b4a149fa047314c1099036756810aa804a7db4f674d89d62930033954aaa401fdd94c39,gx-no-cache=1731929733333 HTTP/1.1" 200 88
181.212.43.89 - - [18/Nov/2024:08:35:17 -0300] "GET /cormun/static/menuarrow.gif HTTP/1.1" 404 1015
181.212.43.89 - - [18/Nov/2024:08:35:21 -0300] "GET /cormun/servlet/permisogoce?724ab183bdcfb564cdcfce91129ccc9e1d2b0b01b0dc6327579ad2821020bdf35ab60b4b916220c96bda245bc9805dedb9b73d4aee15d85cb71cc29417b411b7,gx-no-cache=1731929740733 HTTP/1.1" 200 49
181.212.43.89 - - [18/Nov/2024:08:35:26 -0300] "POST /cormun/servlet/permisogoce?f695c355d9c8e0626df6d6691d5b47a8,INS,0,,,,gx-no-cache=1731929743618 HTTP/1.1" 200 93
181.212.43.89 - - [18/Nov/2024:08:35:26 -0300] "GET /cormun/servlet/hpexe_return? HTTP/1.1" 200 1012
181.212.43.89 - - [18/Nov/2024:08:35:26 -0300] "GET /cormun/servlet/trpermisosgoce HTTP/1.1" 200 16260
190.171.143.82 - - [18/Nov/2024:08:35:31 -0300] "POST /cormun/servlet/trpermisosgoce?870a5e4ad183780c9a18c57709d7c5de,,gx-no-cache=1731929755830 HTTP/1.1" 200 5560
52.167.144.203 - - [18/Nov/2024:08:35:35 -0300] "GET /cormun/servlet/hlogin HTTP/1.1" 200 1717
190.171.153.26 - - [18/Nov/2024:08:35:36 -0300] "GET /cormun/servlet/trpermisosgoce? HTTP/1.1" 200 13546
181.212.43.89 - - [18/Nov/2024:08:35:36 -0300] "GET /cormun/servlet/trpermisosadjuntos?7727562,20241118083524,P, HTTP/1.1" 200 6347
181.212.43.89 - - [18/Nov/2024:08:35:38 -0300] "GET /cormun/servlet/permisosadjuntos?INS,7727562,P,20241118083524,, HTTP/1.1" 200 5662
181.212.43.89 - - [18/Nov/2024:08:35:38 -0300] "GET /cormun/static/about:blank HTTP/1.1" 404 1011
190.171.153.26 - - [18/Nov/2024:08:35:41 -0300] "GET /cormun/servlet/trpermisosadjuntos?12778046,20241115091135,P, HTTP/1.1" 200 6303
190.171.153.26 - - [18/Nov/2024:08:35:43 -0300] "GET /cormun/servlet/permisosadjuntos?INS,12778046,P,20241115091135,, HTTP/1.1" 200 5626
190.171.153.26 - - [18/Nov/2024:08:35:43 -0300] "GET /cormun/static/about:blank HTTP/1.1" 404 1011
190.171.143.82 - - [18/Nov/2024:08:35:47 -0300] "POST /cormun/servlet/trpermisosgoce?870a5e4ad183780c9a18c57709d7c5de,,gx-no-cache=1731929771502 HTTP/1.1" 200 5918
190.171.153.26 - - [18/Nov/2024:08:35:56 -0300] "POST /cormun/servlet/permisosadjuntos?bb29a0c63f2ea221ea3b57c42a105d54,INS,12778046,P,20241115091135,, HTTP/1.1" 200 116
190.171.153.26 - - [18/Nov/2024:08:35:56 -0300] "GET /cormun/servlet/hpexe_return? HTTP/1.1" 200 1036
190.171.153.26 - - [18/Nov/2024:08:35:56 -0300] "GET /cormun/servlet/trpermisosadjuntos?12778046,20241115091135,P, HTTP/1.1" 200 6777
181.212.40.185 - - [18/Nov/2024:08:35:59 -0300] "GET /cormun/servlet/permisogoce?INS,0,,, HTTP/1.1" 200 7085
190.171.153.26 - - [18/Nov/2024:08:35:59 -0300] "GET /cormun/servlet/trpermisosgoce? HTTP/1.1" 200 13560
181.212.43.89 - - [18/Nov/2024:08:36:00 -0300] "POST /cormun/servlet/permisosadjuntos?f695c355d9c8e0626df6d6691d5b47a8,INS,7727562,P,20241118083524,, HTTP/1.1" 200 116
181.212.43.89 - - [18/Nov/2024:08:36:00 -0300] "GET /cormun/servlet/hpexe_return? HTTP/1.1" 200 1040
181.212.43.89 - - [18/Nov/2024:08:36:00 -0300] "GET /cormun/servlet/trpermisosadjuntos?7727562,20241118083524,P, HTTP/1.1" 200 6841
104.28.63.199 - - [18/Nov/2024:08:36:00 -0300] "ü=â1G\¾î€…±Ùýð‘Óñ~ÿ#wȤ¢aE1 )˜(<Ö¡/Ô§Š#Ž2£óÆx)«K‘¦€åƼR*ÊÊÀ,À+Ì©À0À/̨À " 400 -
104.28.63.201 - - [18/Nov/2024:08:36:01 -0300] "GET /cormun/servlet/hlogin HTTP/1.1" 200 1747
190.171.153.26 - - [18/Nov/2024:08:36:02 -0300] "POST /cormun/servlet/trpermisosgoce?bb29a0c63f2ea221ea3b57c42a105d54,,gx-no-cache=1731933323396 HTTP/1.1" 200 10819
190.171.153.26 - - [18/Nov/2024:08:36:03 -0300] "GET /cormun/static/Shared/jqueryui/images/ui-bg_highlight-soft_100_c6c2c8_1x100.png HTTP/1.1" 404 1117
190.171.153.26 - - [18/Nov/2024:08:36:03 -0300] "GET /cormun/static/Shared/jqueryui/images/ui-icons_82798d_256x240.png HTTP/1.1" 404 1089
190.171.153.26 - - [18/Nov/2024:08:36:03 -0300] "GET /cormun/static/Shared/jqueryui/images/ui-bg_flat_55_fafafa_40x100.png HTTP/1.1" 404 1097
190.171.153.26 - - [18/Nov/2024:08:36:03 -0300] "GET /cormun/static/Shared/jqueryui/images/ui-icons_8d78a5_256x240.png HTTP/1.1" 404 1089
181.212.43.89 - - [18/Nov/2024:08:36:03 -0300] "POST /cormun/servlet/trpermisosadjuntos?f695c355d9c8e0626df6d6691d5b47a8,7727562,20241118083524,P,,gx-no-cache=1731929781884 HTTP/1.1" 200 90
181.212.43.89 - - [18/Nov/2024:08:36:03 -0300] "GET /cormun/servlet/hpexe_link HTTP/1.1" 200 984
181.212.43.89 - - [18/Nov/2024:08:36:03 -0300] "GET /cormun/servlet/trpermisosgoce HTTP/1.1" 200 16257
181.212.43.89 - - [18/Nov/2024:08:36:06 -0300] "POST /cormun/servlet/trpermisosgoce?f695c355d9c8e0626df6d6691d5b47a8,gx-no-cache=1731929784974 HTTP/1.1" 200 13372
181.212.43.89 - - [18/Nov/2024:08:36:06 -0300] "GET /cormun/static/Shared/jqueryui/images/ui-icons_82798d_256x240.png HTTP/1.1" 404 1089
181.212.43.89 - - [18/Nov/2024:08:36:06 -0300] "GET /cormun/static/Shared/jqueryui/images/ui-bg_highlight-soft_100_c6c2c8_1x100.png HTTP/1.1" 404 1117
181.212.43.89 - - [18/Nov/2024:08:36:06 -0300] "GET /cormun/static/Shared/jqueryui/images/ui-bg_flat_55_fafafa_40x100.png HTTP/1.1" 404 1097
181.212.43.89 - - [18/Nov/2024:08:36:06 -0300] "GET /cormun/static/Shared/jqueryui/images/ui-icons_8d78a5_256x240.png HTTP/1.1" 404 1089
190.171.143.82 - - [18/Nov/2024:08:36:07 -0300] "POST /cormun/servlet/trpermisosgoce?870a5e4ad183780c9a18c57709d7c5de,,gx-no-cache=1731929792110 HTTP/1.1" 200 5728
181.212.40.185 - - [18/Nov/2024:08:36:08 -0300] "GET /cormun/servlet/permisogoce?e448a03ce8c0d5e448124d315ff9d0da27711945d8d34a4efd64b565a28c78c180f0234c8f2f6f6b2ec8dceae0b1557c8a8ca1ad60b224f0774d12bcf77898e4,gx-no-cache=1731929786842 HTTP/1.1" 200 80
181.212.40.185 - - [18/Nov/2024:08:36:09 -0300] "GET /cormun/static/menuarrow.gif HTTP/1.1" 404 1015
181.212.43.89 - - [18/Nov/2024:08:36:10 -0300] "GET /cormun/servlet/permisogoce?INS,0,,, HTTP/1.1" 200 6886
181.212.40.185 - - [18/Nov/2024:08:36:13 -0300] "GET /cormun/servlet/permisogoce?e448a03ce8c0d5e448124d315ff9d0dabadd2bf0785dcdbe1a536e716e491483e474ec14d92397a4099b12cc12964c86d61522a60aff7c12d08add433ed1c2dd,gx-no-cache=1731929792615 HTTP/1.1" 200 49
181.212.43.89 - - [18/Nov/2024:08:36:16 -0300] "GET /cormun/servlet/permisogoce?724ab183bdcfb564cdcfce91129ccc9e43c9a8a971a41dd87ee94226dcb7524bfc20c0ac9f66e47d1329b363d3b44c6f40df15b3eb9a6ce70eb4daab8d921b68,gx-no-cache=1731929794885 HTTP/1.1" 200 226
181.212.43.89 - - [18/Nov/2024:08:36:16 -0300] "GET /cormun/static/Shared/jqueryui/images/ui-icons_ebccce_256x240.png HTTP/1.1" 404 1089
181.212.43.89 - - [18/Nov/2024:08:36:16 -0300] "GET /cormun/static/Shared/jqueryui/images/ui-bg_flat_55_994d53_40x100.png HTTP/1.1" 404 1097
190.171.143.82 - - [18/Nov/2024:08:36:24 -0300] "POST /cormun/servlet/trpermisosgoce?870a5e4ad183780c9a18c57709d7c5de,,gx-no-cache=1731929809142 HTTP/1.1" 200 5938
181.212.40.185 - - [18/Nov/2024:08:36:28 -0300] "POST /cormun/servlet/permisogoce?75ede0e362ca33ad6857a0bba92ee5de,INS,0,,,,gx-no-cache=1731929806454 HTTP/1.1" 200 93
181.212.40.185 - - [18/Nov/2024:08:36:28 -0300] "GET /cormun/servlet/hpexe_return? HTTP/1.1" 200 1012
181.212.40.185 - - [18/Nov/2024:08:36:28 -0300] "GET /cormun/servlet/trpermisosgoce HTTP/1.1" 200 19145
181.212.43.89 - - [18/Nov/2024:08:36:29 -0300] "POST /cormun/servlet/permisogoce?f695c355d9c8e0626df6d6691d5b47a8,INS,0,,,,gx-no-cache=1731929807797 HTTP/1.1" 200 4526
181.212.40.185 - - [18/Nov/2024:08:36:31 -0300] "GET /cormun/servlet/trpermisosadjuntos?11366238,20241118083613,P, HTTP/1.1" 200 6531
181.212.40.185 - - [18/Nov/2024:08:36:32 -0300] "GET /cormun/servlet/permisosadjuntos?INS,11366238,P,20241118083613,, HTTP/1.1" 200 5854
181.212.40.185 - - [18/Nov/2024:08:36:32 -0300] "GET /cormun/static/about:blank HTTP/1.1" 404 1011
181.212.43.89 - - [18/Nov/2024:08:36:39 -0300] "GET /cormun/servlet/permisogoce?724ab183bdcfb564cdcfce91129ccc9ec5bf828e76ec3bbfe614bd385f70f01c8c241e276ec7bc852fd243daa6f1b10e4af2978b1e8a61ae8e4d258a0e51b861e9b3666688c7737cce28a169f5b523f4e854874e6d9f34d39c072913b9954f743baed47c938609e00d3145d807642d8f4af2978b1e8a61ae8e4d258a0e51b861e9b3666688c7737cce28a169f5b523f471ea1d90d466b6d430ecdfe9ecfc315201a279067ede7f3e973fdebc01107d8dd489319b8dd01b39eb16b2177a4e0c4aaccd16f6ea529cae722d84fd8b7efa16c2e440f6b6333e93950b77290d8dff09,gx-no-cache=1731929818661 HTTP/1.1" 200 88
181.212.40.185 - - [18/Nov/2024:08:36:39 -0300] "POST /cormun/servlet/permisosadjuntos?75ede0e362ca33ad6857a0bba92ee5de,INS,11366238,P,20241118083613,, HTTP/1.1" 200 116
181.212.40.185 - - [18/Nov/2024:08:36:39 -0300] "GET /cormun/servlet/hpexe_return? HTTP/1.1" 200 1040
181.212.40.185 - - [18/Nov/2024:08:36:40 -0300] "GET /cormun/servlet/trpermisosadjuntos?11366238,20241118083613,P, HTTP/1.1" 200 7070
181.212.43.89 - - [18/Nov/2024:08:36:47 -0300] "GET /cormun/servlet/permisogoce?724ab183bdcfb564cdcfce91129ccc9e676ece84cc96fb1dc48a43444f510ffadc7ea393261e9f1fff1b3c2145bc8e213441931783b8b5605b3442c0ea53d3d0,gx-no-cache=1731929825925 HTTP/1.1" 200 48
181.212.40.185 - - [18/Nov/2024:08:36:50 -0300] "POST /cormun/servlet/trpermisosadjuntos?75ede0e362ca33ad6857a0bba92ee5de,11366238,20241118083613,P,,gx-no-cache=1731929829526 HTTP/1.1" 200 90
181.212.40.185 - - [18/Nov/2024:08:36:50 -0300] "GET /cormun/servlet/hpexe_link HTTP/1.1" 200 985
181.212.40.185 - - [18/Nov/2024:08:36:50 -0300] "GET /cormun/servlet/trpermisosgoce HTTP/1.1" 200 19142
181.212.43.89 - - [18/Nov/2024:08:36:51 -0300] "POST /cormun/servlet/permisogoce?f695c355d9c8e0626df6d6691d5b47a8,INS,0,,,,gx-no-cache=1731929829648 HTTP/1.1" 200 93
181.212.43.89 - - [18/Nov/2024:08:36:51 -0300] "GET /cormun/servlet/hpexe_return? HTTP/1.1" 200 1034
181.212.43.89 - - [18/Nov/2024:08:36:51 -0300] "GET /cormun/servlet/trpermisosgoce?gx-no-cache=1731929784974 HTTP/1.1" 200 16397
181.212.40.185 - - [18/Nov/2024:08:36:53 -0300] "POST /cormun/servlet/trpermisosgoce?75ede0e362ca33ad6857a0bba92ee5de,gx-no-cache=1731929831424 HTTP/1.1" 200 16253
181.212.40.185 - - [18/Nov/2024:08:36:53 -0300] "GET /cormun/static/Shared/jqueryui/images/ui-icons_82798d_256x240.png HTTP/1.1" 404 1089
181.212.40.185 - - [18/Nov/2024:08:36:53 -0300] "GET /cormun/static/Shared/jqueryui/images/ui-bg_highlight-soft_100_c6c2c8_1x100.png HTTP/1.1" 404 1117
181.212.40.185 - - [18/Nov/2024:08:36:53 -0300] "GET /cormun/static/Shared/jqueryui/images/ui-bg_flat_55_fafafa_40x100.png HTTP/1.1" 404 1097
181.212.40.185 - - [18/Nov/2024:08:36:53 -0300] "GET /cormun/static/Shared/jqueryui/images/ui-icons_8d78a5_256x240.png HTTP/1.1" 404 1089
181.212.40.185 - - [18/Nov/2024:08:36:56 -0300] "GET /cormun/servlet/permisogoce?INS,0,,, HTTP/1.1" 200 7085
181.212.43.89 - - [18/Nov/2024:08:37:00 -0300] "GET /cormun/servlet/trpermisosadjuntos?24957099,20241118083625,P, HTTP/1.1" 200 6374
181.212.40.185 - - [18/Nov/2024:08:37:02 -0300] "GET /cormun/servlet/permisogoce?e448a03ce8c0d5e448124d315ff9d0da0208b45d88cf1fe159d23ac3d61b4d8080f0234c8f2f6f6b2ec8dceae0b1557c8a8ca1ad60b224f0774d12bcf77898e4,gx-no-cache=1731929840930 HTTP/1.1" 200 74
181.212.43.89 - - [18/Nov/2024:08:37:02 -0300] "GET /cormun/servlet/permisosadjuntos?INS,24957099,P,20241118083625,, HTTP/1.1" 200 5669
181.212.43.89 - - [18/Nov/2024:08:37:02 -0300] "GET /cormun/static/about:blank HTTP/1.1" 404 1011
181.212.40.185 - - [18/Nov/2024:08:37:07 -0300] "GET /cormun/servlet/permisogoce?e448a03ce8c0d5e448124d315ff9d0dab81155290112375524e29449c8d3370d9e6dcf3594e4291dab9196868bac12878485bffdce6fa04b61ca0543266cbb9c,gx-no-cache=1731929846505 HTTP/1.1" 200 47
181.212.40.185 - - [18/Nov/2024:08:37:16 -0300] "POST /cormun/servlet/permisogoce?75ede0e362ca33ad6857a0bba92ee5de,INS,0,,,,gx-no-cache=1731929855133 HTTP/1.1" 200 93
181.212.40.185 - - [18/Nov/2024:08:37:16 -0300] "GET /cormun/servlet/hpexe_return? HTTP/1.1" 200 1033
181.212.40.185 - - [18/Nov/2024:08:37:16 -0300] "GET /cormun/servlet/trpermisosgoce?gx-no-cache=1731929831424 HTTP/1.1" 200 19071
181.212.43.89 - - [18/Nov/2024:08:37:18 -0300] "POST /cormun/servlet/permisosadjuntos?f695c355d9c8e0626df6d6691d5b47a8,INS,24957099,P,20241118083625,, HTTP/1.1" 200 116
181.212.43.89 - - [18/Nov/2024:08:37:18 -0300] "GET /cormun/servlet/hpexe_return? HTTP/1.1" 200 1041
181.212.43.89 - - [18/Nov/2024:08:37:19 -0300] "GET /cormun/servlet/trpermisosadjuntos?24957099,20241118083625,P, HTTP/1.1" 200 6859
181.212.43.89 - - [18/Nov/2024:08:37:21 -0300] "POST /cormun/servlet/trpermisosadjuntos?f695c355d9c8e0626df6d6691d5b47a8,24957099,20241118083625,P,,gx-no-cache=1731929860074 HTTP/1.1" 200 90
181.212.43.89 - - [18/Nov/2024:08:37:21 -0300] "GET /cormun/servlet/hpexe_link HTTP/1.1" 200 1008
181.212.43.89 - - [18/Nov/2024:08:37:21 -0300] "GET /cormun/servlet/trpermisosgoce?gx-no-cache=1731929784974 HTTP/1.1" 200 16394
181.212.43.89 - - [18/Nov/2024:08:37:24 -0300] "POST /cormun/servlet/trpermisosgoce?f695c355d9c8e0626df6d6691d5b47a8,gx-no-cache=1731929784974,gx-no-cache=1731929863084 HTTP/1.1" 200 13527
181.212.43.89 - - [18/Nov/2024:08:37:39 -0300] "GET /cormun/servlet/permisogoce?INS,0,,, HTTP/1.1" 200 6912
181.212.40.185 - - [18/Nov/2024:08:37:45 -0300] "GET /cormun/servlet/trpermisosadjuntos?20660864,20241118083710,P, HTTP/1.1" 200 6555
181.212.40.185 - - [18/Nov/2024:08:37:47 -0300] "GET /cormun/servlet/permisosadjuntos?INS,20660864,P,20241118083710,, HTTP/1.1" 200 5855
181.212.40.185 - - [18/Nov/2024:08:37:47 -0300] "GET /cormun/static/about:blank HTTP/1.1" 404 1011
181.212.43.89 - - [18/Nov/2024:08:37:50 -0300] "GET /cormun/servlet/permisogoce?724ab183bdcfb564cdcfce91129ccc9e53d3f8534ece285f3d6c7d5cc997c062fc20c0ac9f66e47d1329b363d3b44c6f40df15b3eb9a6ce70eb4daab8d921b68,gx-no-cache=1731929889349 HTTP/1.1" 200 89
181.212.43.89 - - [18/Nov/2024:08:37:57 -0300] "GET /cormun/servlet/permisogoce?724ab183bdcfb564cdcfce91129ccc9ed8b1edfd0f6ac859ddbebccbd09a428909bf534cc03f2fefc01eddcd03fa5cbd3441931783b8b5605b3442c0ea53d3d0,gx-no-cache=1731929895925 HTTP/1.1" 200 48
181.212.40.185 - - [18/Nov/2024:08:37:58 -0300] "POST /cormun/servlet/permisosadjuntos?75ede0e362ca33ad6857a0bba92ee5de,INS,20660864,P,20241118083710,, HTTP/1.1" 200 116
181.212.40.185 - - [18/Nov/2024:08:37:58 -0300] "GET /cormun/servlet/hpexe_return? HTTP/1.1" 200 1039
181.212.40.185 - - [18/Nov/2024:08:37:58 -0300] "GET /cormun/servlet/trpermisosadjuntos?20660864,20241118083710,P, HTTP/1.1" 200 7061
181.212.43.89 - - [18/Nov/2024:08:37:59 -0300] "POST /cormun/servlet/permisogoce?f695c355d9c8e0626df6d6691d5b47a8,INS,0,,,,gx-no-cache=1731929898242 HTTP/1.1" 200 93
181.212.43.89 - - [18/Nov/2024:08:37:59 -0300] "GET /cormun/servlet/hpexe_return? HTTP/1.1" 200 1034
181.212.43.89 - - [18/Nov/2024:08:37:59 -0300] "GET /cormun/servlet/trpermisosgoce?gx-no-cache=1731929784974 HTTP/1.1" 200 16661
181.212.43.89 - - [18/Nov/2024:08:38:08 -0300] "GET /cormun/servlet/trpermisosadjuntos?19603804,20241118083754,P, HTTP/1.1" 200 6371
181.212.43.89 - - [18/Nov/2024:08:38:09 -0300] "GET /cormun/servlet/permisosadjuntos?INS,19603804,P,20241118083754,, HTTP/1.1" 200 5661
181.212.43.89 - - [18/Nov/2024:08:38:10 -0300] "GET /cormun/static/about:blank HTTP/1.1" 404 1011
181.212.43.89 - - [18/Nov/2024:08:38:20 -0300] "POST /cormun/servlet/permisosadjuntos?f695c355d9c8e0626df6d6691d5b47a8,INS,19603804,P,20241118083754,, HTTP/1.1" 200 116
181.212.43.89 - - [18/Nov/2024:08:38:20 -0300] "GET /cormun/servlet/hpexe_return? HTTP/1.1" 200 1041
181.212.43.89 - - [18/Nov/2024:08:38:20 -0300] "GET /cormun/servlet/trpermisosadjuntos?19603804,20241118083754,P, HTTP/1.1" 200 6849
181.212.43.89 - - [18/Nov/2024:08:38:22 -0300] "POST /cormun/servlet/trpermisosadjuntos?f695c355d9c8e0626df6d6691d5b47a8,19603804,20241118083754,P,,gx-no-cache=1731929921749 HTTP/1.1" 200 90
181.212.43.89 - - [18/Nov/2024:08:38:22 -0300] "GET /cormun/servlet/hpexe_link HTTP/1.1" 200 1008
181.212.43.89 - - [18/Nov/2024:08:38:23 -0300] "GET /cormun/servlet/trpermisosgoce?gx-no-cache=1731929784974 HTTP/1.1" 200 16658
181.212.43.89 - - [18/Nov/2024:08:38:24 -0300] "POST /cormun/servlet/trpermisosgoce?f695c355d9c8e0626df6d6691d5b47a8,gx-no-cache=1731929784974,gx-no-cache=1731929923473 HTTP/1.1" 200 13751
181.212.43.89 - - [18/Nov/2024:08:38:28 -0300] "GET /cormun/servlet/permisogoce?INS,0,,, HTTP/1.1" 200 6910
181.212.43.89 - - [18/Nov/2024:08:38:33 -0300] "GET /cormun/servlet/permisogoce?724ab183bdcfb564cdcfce91129ccc9e53d3f8534ece285f3d6c7d5cc997c062fc20c0ac9f66e47d1329b363d3b44c6f40df15b3eb9a6ce70eb4daab8d921b68,gx-no-cache=1731929932093 HTTP/1.1" 200 86
181.212.43.89 - - [18/Nov/2024:08:38:40 -0300] "GET /cormun/servlet/permisogoce?724ab183bdcfb564cdcfce91129ccc9ed8b1edfd0f6ac859ddbebccbd09a4289fdb15cefdbde496283f83ecd9736a5c93441931783b8b5605b3442c0ea53d3d0,gx-no-cache=1731929938893 HTTP/1.1" 200 47
181.212.43.89 - - [18/Nov/2024:08:38:42 -0300] "POST /cormun/servlet/permisogoce?f695c355d9c8e0626df6d6691d5b47a8,INS,0,,,,gx-no-cache=1731929940977 HTTP/1.1" 200 93
181.212.43.89 - - [18/Nov/2024:08:38:42 -0300] "GET /cormun/servlet/hpexe_return? HTTP/1.1" 200 1034
181.212.43.89 - - [18/Nov/2024:08:38:42 -0300] "GET /cormun/servlet/trpermisosgoce?gx-no-cache=1731929784974 HTTP/1.1" 200 16786
190.171.153.26 - - [18/Nov/2024:08:38:43 -0300] "GET /cormun/servlet/trpermisosadjuntos?19203342,20241115090835,P, HTTP/1.1" 200 6287
190.171.153.26 - - [18/Nov/2024:08:38:45 -0300] "GET /cormun/servlet/permisosadjuntos?INS,19203342,P,20241115090835,, HTTP/1.1" 200 5606
190.171.153.26 - - [18/Nov/2024:08:38:48 -0300] "GET /cormun/static/about:blank HTTP/1.1" 404 1011
181.212.43.89 - - [18/Nov/2024:08:38:51 -0300] "GET /cormun/servlet/trpermisosadjuntos?19603804,20241118083843,P, HTTP/1.1" 200 6372
181.212.43.89 - - [18/Nov/2024:08:38:52 -0300] "GET /cormun/servlet/permisosadjuntos?INS,19603804,P,20241118083843,, HTTP/1.1" 200 5661
181.212.43.89 - - [18/Nov/2024:08:38:52 -0300] "GET /cormun/static/about:blank HTTP/1.1" 404 1011
190.171.153.26 - - [18/Nov/2024:08:38:55 -0300] "POST /cormun/servlet/permisosadjuntos?bb29a0c63f2ea221ea3b57c42a105d54,INS,19203342,P,20241115090835,, HTTP/1.1" 200 116
190.171.153.26 - - [18/Nov/2024:08:38:55 -0300] "GET /cormun/servlet/hpexe_return? HTTP/1.1" 200 1035
190.171.153.26 - - [18/Nov/2024:08:38:55 -0300] "GET /cormun/servlet/trpermisosadjuntos?19203342,20241115090835,P, HTTP/1.1" 200 6761
190.171.153.26 - - [18/Nov/2024:08:38:57 -0300] "GET /cormun/servlet/trpermisosgoce? HTTP/1.1" 200 13541
190.171.153.26 - - [18/Nov/2024:08:39:01 -0300] "POST /cormun/servlet/trpermisosgoce?bb29a0c63f2ea221ea3b57c42a105d54,,gx-no-cache=1731933501659 HTTP/1.1" 200 10786
181.212.43.89 - - [18/Nov/2024:08:39:04 -0300] "POST /cormun/servlet/permisosadjuntos?f695c355d9c8e0626df6d6691d5b47a8,INS,19603804,P,20241118083843,, HTTP/1.1" 200 116
181.212.43.89 - - [18/Nov/2024:08:39:04 -0300] "GET /cormun/servlet/hpexe_return? HTTP/1.1" 200 1041
181.212.43.89 - - [18/Nov/2024:08:39:04 -0300] "GET /cormun/servlet/trpermisosadjuntos?19603804,20241118083843,P, HTTP/1.1" 200 6848
181.212.43.89 - - [18/Nov/2024:08:39:07 -0300] "POST /cormun/servlet/trpermisosadjuntos?f695c355d9c8e0626df6d6691d5b47a8,19603804,20241118083843,P,,gx-no-cache=1731929965798 HTTP/1.1" 200 90
181.212.43.89 - - [18/Nov/2024:08:39:07 -0300] "GET /cormun/servlet/hpexe_link HTTP/1.1" 200 1008
181.212.43.89 - - [18/Nov/2024:08:39:07 -0300] "GET /cormun/servlet/trpermisosgoce?gx-no-cache=1731929784974 HTTP/1.1" 200 16783
181.212.43.89 - - [18/Nov/2024:08:39:09 -0300] "POST /cormun/servlet/trpermisosgoce?f695c355d9c8e0626df6d6691d5b47a8,gx-no-cache=1731929784974,gx-no-cache=1731929968307 HTTP/1.1" 200 13895
181.212.40.185 - - [18/Nov/2024:08:39:16 -0300] "POST /cormun/servlet/trpermisosadjuntos?75ede0e362ca33ad6857a0bba92ee5de,20660864,20241118083710,P,,gx-no-cache=1731929975678 HTTP/1.1" 200 90
181.212.40.185 - - [18/Nov/2024:08:39:16 -0300] "GET /cormun/servlet/hpexe_link HTTP/1.1" 200 1005
181.212.40.185 - - [18/Nov/2024:08:39:17 -0300] "GET /cormun/servlet/trpermisosgoce?gx-no-cache=1731929831424 HTTP/1.1" 200 19068
181.212.40.185 - - [18/Nov/2024:08:39:19 -0300] "GET /cormun/servlet/trpermisosadjuntos?20660864,20241118083710,P, HTTP/1.1" 200 7078
181.212.40.185 - - [18/Nov/2024:08:39:22 -0300] "POST /cormun/servlet/trpermisosadjuntos?75ede0e362ca33ad6857a0bba92ee5de,20660864,20241118083710,P,,gx-no-cache=1731929981381 HTTP/1.1" 200 90
181.212.40.185 - - [18/Nov/2024:08:39:22 -0300] "GET /cormun/servlet/hpexe_link HTTP/1.1" 200 1005
181.212.40.185 - - [18/Nov/2024:08:39:22 -0300] "GET /cormun/servlet/trpermisosgoce?gx-no-cache=1731929831424 HTTP/1.1" 200 19068
181.212.40.185 - - [18/Nov/2024:08:39:24 -0300] "POST /cormun/servlet/trpermisosgoce?75ede0e362ca33ad6857a0bba92ee5de,gx-no-cache=1731929831424,gx-no-cache=1731929983528 HTTP/1.1" 200 16226
181.212.40.185 - - [18/Nov/2024:08:39:27 -0300] "GET /cormun/servlet/permisogoce?INS,0,,, HTTP/1.1" 200 7121
181.212.40.185 - - [18/Nov/2024:08:39:37 -0300] "GET /cormun/servlet/permisogoce?e448a03ce8c0d5e448124d315ff9d0da76af42faaced8064e572662f4d4b120380f0234c8f2f6f6b2ec8dceae0b1557c8a8ca1ad60b224f0774d12bcf77898e4,gx-no-cache=1731929996150 HTTP/1.1" 200 226
181.212.40.185 - - [18/Nov/2024:08:39:37 -0300] "GET /cormun/static/Shared/jqueryui/images/ui-bg_flat_55_994d53_40x100.png HTTP/1.1" 404 1097
181.212.40.185 - - [18/Nov/2024:08:39:37 -0300] "GET /cormun/static/Shared/jqueryui/images/ui-icons_ebccce_256x240.png HTTP/1.1" 404 1089
181.212.40.185 - - [18/Nov/2024:08:39:45 -0300] "GET /cormun/servlet/permisogoce?e448a03ce8c0d5e448124d315ff9d0da680ac84edf35d24dd837c502eddaf78a80f0234c8f2f6f6b2ec8dceae0b1557c8a8ca1ad60b224f0774d12bcf77898e4,gx-no-cache=1731930004216 HTTP/1.1" 200 77
181.212.40.185 - - [18/Nov/2024:08:39:52 -0300] "GET /cormun/servlet/permisogoce?e448a03ce8c0d5e448124d315ff9d0da035faa57d4e9f94a6b41d4c5c08eefa315be7f422bb8cc4ffe7140e2a54c71228485bffdce6fa04b61ca0543266cbb9c,gx-no-cache=1731930011351 HTTP/1.1" 200 48
181.212.40.185 - - [18/Nov/2024:08:40:00 -0300] "POST /cormun/servlet/permisogoce?75ede0e362ca33ad6857a0bba92ee5de,INS,0,,,,gx-no-cache=1731930018709 HTTP/1.1" 200 93
181.212.40.185 - - [18/Nov/2024:08:40:00 -0300] "GET /cormun/servlet/hpexe_return? HTTP/1.1" 200 1033
181.212.40.185 - - [18/Nov/2024:08:40:00 -0300] "GET /cormun/servlet/trpermisosgoce?gx-no-cache=1731929831424 HTTP/1.1" 200 19039
190.171.143.82 - - [18/Nov/2024:08:40:04 -0300] "POST /cormun/servlet/trpermisosgoce?870a5e4ad183780c9a18c57709d7c5de,,gx-no-cache=1731930028870 HTTP/1.1" 200 6131
181.212.40.185 - - [18/Nov/2024:08:40:16 -0300] "GET /cormun/servlet/trpermisosadjuntos?16380337,20241118083942,P, HTTP/1.1" 200 6551
181.212.40.185 - - [18/Nov/2024:08:40:18 -0300] "GET /cormun/servlet/permisosadjuntos?INS,16380337,P,20241118083942,, HTTP/1.1" 200 5854
181.212.40.185 - - [18/Nov/2024:08:40:18 -0300] "GET /cormun/static/about:blank HTTP/1.1" 404 1011
190.171.143.82 - - [18/Nov/2024:08:40:20 -0300] "POST /cormun/servlet/trpermisosgoce?870a5e4ad183780c9a18c57709d7c5de,,gx-no-cache=1731930045342 HTTP/1.1" 200 6107
181.212.40.185 - - [18/Nov/2024:08:40:38 -0300] "POST /cormun/servlet/permisosadjuntos?75ede0e362ca33ad6857a0bba92ee5de,INS,16380337,P,20241118083942,, HTTP/1.1" 200 116
181.212.40.185 - - [18/Nov/2024:08:40:39 -0300] "GET /cormun/servlet/hpexe_return? HTTP/1.1" 200 1040
181.212.40.185 - - [18/Nov/2024:08:40:39 -0300] "GET /cormun/servlet/trpermisosadjuntos?16380337,20241118083942,P, HTTP/1.1" 200 6534
181.212.40.185 - - [18/Nov/2024:08:40:40 -0300] "GET /cormun/servlet/permisosadjuntos?INS,16380337,P,20241118083942,, HTTP/1.1" 200 5853
181.212.40.185 - - [18/Nov/2024:08:40:41 -0300] "GET /cormun/static/about:blank HTTP/1.1" 404 1011
190.171.143.82 - - [18/Nov/2024:08:40:42 -0300] "POST /cormun/servlet/trpermisosgoce?870a5e4ad183780c9a18c57709d7c5de,,gx-no-cache=1731930066638 HTTP/1.1" 200 6120
10.40.40.2 - - [18/Nov/2024:08:41:10 -0300] "POST /cormun/servlet/trsolicitudgral?7581a88c404525e0684a9a3f3be88242,,gx-no-cache=1731930175043 HTTP/1.1" 440 972
181.212.40.185 - - [18/Nov/2024:08:41:11 -0300] "POST /cormun/servlet/permisosadjuntos?75ede0e362ca33ad6857a0bba92ee5de,INS,16380337,P,20241118083942,, HTTP/1.1" 200 116
181.212.40.185 - - [18/Nov/2024:08:41:11 -0300] "GET /cormun/servlet/hpexe_return? HTTP/1.1" 200 1040
10.40.40.2 - - [18/Nov/2024:08:41:11 -0300] "GET /cormun/servlet/trsolicitudgral? HTTP/1.1" 500 10
181.212.40.185 - - [18/Nov/2024:08:41:11 -0300] "GET /cormun/servlet/trpermisosadjuntos?16380337,20241118083942,P, HTTP/1.1" 200 7077
190.171.143.82 - - [18/Nov/2024:08:41:13 -0300] "POST /cormun/servlet/trpermisosgoce?870a5e4ad183780c9a18c57709d7c5de,,gx-no-cache=1731930098367 HTTP/1.1" 200 6134
181.212.40.185 - - [18/Nov/2024:08:41:15 -0300] "POST /cormun/servlet/trpermisosadjuntos?75ede0e362ca33ad6857a0bba92ee5de,16380337,20241118083942,P,,gx-no-cache=1731930093862 HTTP/1.1" 200 90
181.212.40.185 - - [18/Nov/2024:08:41:15 -0300] "GET /cormun/servlet/hpexe_link HTTP/1.1" 200 1004
181.212.40.185 - - [18/Nov/2024:08:41:15 -0300] "GET /cormun/servlet/trpermisosgoce?gx-no-cache=1731929831424 HTTP/1.1" 200 19035
10.40.40.2 - - [18/Nov/2024:08:41:16 -0300] "GET /cormun/servlet/hlogin HTTP/1.1" 200 1714
10.40.40.2 - - [18/Nov/2024:08:41:19 -0300] "POST /cormun/servlet/hlogin?0243fe928ba37392f76921cc26a9012f,gx-no-cache=1731930184062 HTTP/1.1" 200 90
10.40.40.2 - - [18/Nov/2024:08:41:19 -0300] "GET /cormun/servlet/hpexe_link HTTP/1.1" 200 945
10.40.40.2 - - [18/Nov/2024:08:41:19 -0300] "GET /cormun/servlet/hhome HTTP/1.1" 200 3812
10.40.40.2 - - [18/Nov/2024:08:41:26 -0300] "GET /cormun/servlet/trsolicitudgral? HTTP/1.1" 200 24847
181.212.40.185 - - [18/Nov/2024:08:41:27 -0300] "POST /cormun/servlet/trpermisosgoce?75ede0e362ca33ad6857a0bba92ee5de,gx-no-cache=1731929831424,gx-no-cache=1731930106352 HTTP/1.1" 200 16232
181.212.40.185 - - [18/Nov/2024:08:41:29 -0300] "GET /cormun/servlet/permisogoce?INS,0,,, HTTP/1.1" 200 7120
10.40.40.2 - - [18/Nov/2024:08:41:33 -0300] "POST /cormun/servlet/trsolicitudgral?0243fe928ba37392f76921cc26a9012f,,gx-no-cache=1731930197836 HTTP/1.1" 200 21524
10.40.40.2 - - [18/Nov/2024:08:41:33 -0300] "GET /cormun/static/Shared/jqueryui/images/ui-icons_82798d_256x240.png HTTP/1.1" 404 1089
10.40.40.2 - - [18/Nov/2024:08:41:33 -0300] "GET /cormun/static/Shared/jqueryui/images/ui-bg_highlight-soft_100_c6c2c8_1x100.png HTTP/1.1" 404 1117
10.40.40.2 - - [18/Nov/2024:08:41:33 -0300] "GET /cormun/static/Shared/jqueryui/images/ui-icons_8d78a5_256x240.png HTTP/1.1" 404 1089
10.40.40.2 - - [18/Nov/2024:08:41:33 -0300] "GET /cormun/static/Shared/jqueryui/images/ui-bg_flat_55_fafafa_40x100.png HTTP/1.1" 404 1097
181.212.40.185 - - [18/Nov/2024:08:41:43 -0300] "GET /cormun/servlet/permisogoce?e448a03ce8c0d5e448124d315ff9d0daa98416d1cf2c3466738ada36e1afb06680f0234c8f2f6f6b2ec8dceae0b1557c8a8ca1ad60b224f0774d12bcf77898e4,gx-no-cache=1731930122457 HTTP/1.1" 200 93
190.171.143.82 - - [18/Nov/2024:08:41:52 -0300] "POST /cormun/servlet/trpermisosgoce?870a5e4ad183780c9a18c57709d7c5de,,gx-no-cache=1731930136894 HTTP/1.1" 200 6283
10.40.40.2 - - [18/Nov/2024:08:41:56 -0300] "POST /cormun/servlet/trsolicitudgral?0243fe928ba37392f76921cc26a9012f,,gx-no-cache=1731930220929 HTTP/1.1" 200 21068
181.212.40.185 - - [18/Nov/2024:08:42:01 -0300] "GET /cormun/servlet/permisogoce?e448a03ce8c0d5e448124d315ff9d0dabfef02452378388da2f901cecb51f08b3561a75a83e7a138973d0332f9e91707d61522a60aff7c12d08add433ed1c2dd,gx-no-cache=1731930140273 HTTP/1.1" 200 48
190.171.143.82 - - [18/Nov/2024:08:42:17 -0300] "POST /cormun/servlet/trpermisosgoce?870a5e4ad183780c9a18c57709d7c5de,,gx-no-cache=1731930161638 HTTP/1.1" 200 5933
181.212.40.185 - - [18/Nov/2024:08:42:19 -0300] "POST /cormun/servlet/permisogoce?75ede0e362ca33ad6857a0bba92ee5de,INS,0,,,,gx-no-cache=1731930157717 HTTP/1.1" 200 93
181.212.40.185 - - [18/Nov/2024:08:42:19 -0300] "GET /cormun/servlet/hpexe_return? HTTP/1.1" 200 1033
181.212.40.185 - - [18/Nov/2024:08:42:19 -0300] "GET /cormun/servlet/trpermisosgoce?gx-no-cache=1731929831424 HTTP/1.1" 200 19158
181.212.40.185 - - [18/Nov/2024:08:42:26 -0300] "GET /cormun/servlet/trpermisosadjuntos?14026965,20241118084144,P, HTTP/1.1" 200 6565
181.212.40.185 - - [18/Nov/2024:08:42:28 -0300] "GET /cormun/servlet/permisosadjuntos?INS,14026965,P,20241118084144,, HTTP/1.1" 200 5870
181.212.40.185 - - [18/Nov/2024:08:42:28 -0300] "GET /cormun/static/about:blank HTTP/1.1" 404 1011
190.171.143.82 - - [18/Nov/2024:08:42:34 -0300] "POST /cormun/servlet/trpermisosgoce?870a5e4ad183780c9a18c57709d7c5de,,gx-no-cache=1731930179446 HTTP/1.1" 200 6286
10.40.40.2 - - [18/Nov/2024:08:42:36 -0300] "POST /cormun/servlet/trsolicitudgral?0243fe928ba37392f76921cc26a9012f,,gx-no-cache=1731930261145 HTTP/1.1" 200 20658
200.54.103.162 - - [18/Nov/2024:08:42:42 -0300] "GET /cormun/servlet/hhome HTTP/1.1" 200 3325
200.54.103.162 - - [18/Nov/2024:08:42:42 -0300] "GET /cormun/servlet/hlogin HTTP/1.1" 200 1736
200.54.103.162 - - [18/Nov/2024:08:42:44 -0300] "POST /cormun/servlet/hlogin?bf9bb72fcf2b749a0dea3768074a74ff,gx-no-cache=1731930183686 HTTP/1.1" 200 90
200.54.103.162 - - [18/Nov/2024:08:42:44 -0300] "GET /cormun/servlet/hpexe_link HTTP/1.1" 200 954
200.54.103.162 - - [18/Nov/2024:08:42:44 -0300] "GET /cormun/servlet/hhome HTTP/1.1" 200 4346
200.54.103.162 - - [18/Nov/2024:08:42:46 -0300] "GET /cormun/servlet/trlicencias? HTTP/1.1" 200 12572
181.212.43.89 - - [18/Nov/2024:08:42:57 -0300] "GET /cormun/servlet/trlicencias HTTP/1.1" 200 6038
181.212.43.89 - - [18/Nov/2024:08:42:57 -0300] "GET /cormun/servlet/hlogin HTTP/1.1" 200 1737
181.212.43.89 - - [18/Nov/2024:08:42:57 -0300] "GET /cormun/servlet/trlicencias HTTP/1.1" 200 6048
10.40.40.2 - - [18/Nov/2024:08:42:59 -0300] "POST /cormun/servlet/trsolicitudgral?0243fe928ba37392f76921cc26a9012f,,gx-no-cache=1731930284249 HTTP/1.1" 200 20249
181.212.43.89 - - [18/Nov/2024:08:43:01 -0300] "POST /cormun/servlet/hlogin?149070b3b9daa17c7ed78555e86529d8,gx-no-cache=1731930197671 HTTP/1.1" 200 90
181.212.43.89 - - [18/Nov/2024:08:43:01 -0300] "GET /cormun/servlet/hpexe_link HTTP/1.1" 200 957
181.212.43.89 - - [18/Nov/2024:08:43:01 -0300] "GET /cormun/servlet/trlicencias HTTP/1.1" 200 16661
190.171.143.82 - - [18/Nov/2024:08:43:02 -0300] "POST /cormun/servlet/trpermisosgoce?870a5e4ad183780c9a18c57709d7c5de,,gx-no-cache=1731930206670 HTTP/1.1" 200 6308
181.212.43.89 - - [18/Nov/2024:08:43:13 -0300] "POST /cormun/servlet/trlicencias?149070b3b9daa17c7ed78555e86529d8,gx-no-cache=1731930209345 HTTP/1.1" 200 14697
190.171.143.82 - - [18/Nov/2024:08:43:27 -0300] "POST /cormun/servlet/trpermisosgoce?870a5e4ad183780c9a18c57709d7c5de,,gx-no-cache=1731930232151 HTTP/1.1" 200 5732
190.171.143.82 - - [18/Nov/2024:08:43:43 -0300] "POST /cormun/servlet/trpermisosgoce?870a5e4ad183780c9a18c57709d7c5de,,gx-no-cache=1731930248486 HTTP/1.1" 200 5723
190.171.143.82 - - [18/Nov/2024:08:44:04 -0300] "POST /cormun/servlet/trpermisosgoce?870a5e4ad183780c9a18c57709d7c5de,,gx-no-cache=1731930268758 HTTP/1.1" 200 6323
190.171.149.74 - - [18/Nov/2024:08:44:16 -0300] "GET /cormun/servlet/trlicencias? HTTP/1.1" 200 12352
10.40.40.2 - - [18/Nov/2024:08:44:19 -0300] "POST /cormun/servlet/trsolicitudgral?0243fe928ba37392f76921cc26a9012f,,gx-no-cache=1731930364417 HTTP/1.1" 200 19281
190.171.143.82 - - [18/Nov/2024:08:44:27 -0300] "POST /cormun/servlet/trpermisosgoce?870a5e4ad183780c9a18c57709d7c5de,,gx-no-cache=1731930292181 HTTP/1.1" 200 6312
190.171.149.74 - - [18/Nov/2024:08:44:32 -0300] "POST /cormun/servlet/trlicencias?1f13a462c397746aef74be831d7893ba,,gx-no-cache=1731930290948 HTTP/1.1" 200 10030
10.40.40.2 - - [18/Nov/2024:08:44:53 -0300] "POST /cormun/servlet/trsolicitudgral?0243fe928ba37392f76921cc26a9012f,,gx-no-cache=1731930397896 HTTP/1.1" 200 18838
190.171.143.82 - - [18/Nov/2024:08:45:09 -0300] "POST /cormun/servlet/trpermisosgoce?870a5e4ad183780c9a18c57709d7c5de,,gx-no-cache=1731930333573 HTTP/1.1" 200 5765
190.171.144.234 - - [18/Nov/2024:08:48:47 -0300] "GET /cormun/servlet/hlogin HTTP/1.1" 200 1720
190.171.144.234 - - [18/Nov/2024:08:48:47 -0300] "GET /cormun/servlet/hlogin HTTP/1.1" 200 1730
190.171.144.234 - - [18/Nov/2024:08:48:47 -0300] "GET /favicon.ico HTTP/1.1" 200 21630
190.171.144.234 - - [18/Nov/2024:08:48:59 -0300] "POST /cormun/servlet/hlogin?4798542b3371eed7db603846fcdc4fa2,gx-no-cache=1731930558348 HTTP/1.1" 200 90
190.171.144.234 - - [18/Nov/2024:08:48:59 -0300] "GET /cormun/servlet/hpexe_link HTTP/1.1" 200 953
190.171.144.234 - - [18/Nov/2024:08:49:00 -0300] "GET /cormun/servlet/hhome HTTP/1.1" 200 3996
190.171.144.234 - - [18/Nov/2024:08:49:04 -0300] "GET /cormun/servlet/trlicencias? HTTP/1.1" 200 11318
154.213.184.18 - - [18/Nov/2024:08:49:59 -0300] "CONNECT example.com:443 HTTP/1.1" 400 -
181.212.40.185 - - [18/Nov/2024:08:51:44 -0300] "POST /cormun/servlet/permisosadjuntos?75ede0e362ca33ad6857a0bba92ee5de,INS,14026965,P,20241118084144,, HTTP/1.1" 200 116
181.212.40.185 - - [18/Nov/2024:08:51:44 -0300] "GET /cormun/servlet/hpexe_return? HTTP/1.1" 200 1040
181.212.40.185 - - [18/Nov/2024:08:51:45 -0300] "GET /cormun/servlet/trpermisosadjuntos?14026965,20241118084144,P, HTTP/1.1" 200 7092
181.212.40.185 - - [18/Nov/2024:08:51:54 -0300] "POST /cormun/servlet/trpermisosadjuntos?75ede0e362ca33ad6857a0bba92ee5de,14026965,20241118084144,P,,gx-no-cache=1731930733485 HTTP/1.1" 200 90
181.212.40.185 - - [18/Nov/2024:08:51:54 -0300] "GET /cormun/servlet/hpexe_link HTTP/1.1" 200 1005
181.212.40.185 - - [18/Nov/2024:08:51:54 -0300] "GET /cormun/servlet/trpermisosgoce?gx-no-cache=1731929831424 HTTP/1.1" 200 19155
181.212.40.185 - - [18/Nov/2024:08:51:57 -0300] "POST /cormun/servlet/trpermisosgoce?75ede0e362ca33ad6857a0bba92ee5de,gx-no-cache=1731929831424,gx-no-cache=1731930736119 HTTP/1.1" 200 16297
181.212.40.185 - - [18/Nov/2024:08:51:57 -0300] "GET /cormun/static/Shared/jqueryui/images/ui-bg_highlight-soft_100_c6c2c8_1x100.png HTTP/1.1" 404 1117
181.212.40.185 - - [18/Nov/2024:08:51:57 -0300] "GET /cormun/static/Shared/jqueryui/images/ui-icons_82798d_256x240.png HTTP/1.1" 404 1089
181.212.40.185 - - [18/Nov/2024:08:51:57 -0300] "GET /cormun/static/Shared/jqueryui/images/ui-icons_8d78a5_256x240.png HTTP/1.1" 404 1089
181.212.40.185 - - [18/Nov/2024:08:51:57 -0300] "GET /cormun/static/Shared/jqueryui/images/ui-bg_flat_55_fafafa_40x100.png HTTP/1.1" 404 1097
181.212.40.185 - - [18/Nov/2024:08:51:59 -0300] "GET /cormun/servlet/permisogoce?INS,0,,, HTTP/1.1" 200 7120
186.103.157.42 - - [18/Nov/2024:08:52:16 -0300] "GET /cormun/servlet/hlogin HTTP/1.1" 200 1719
186.103.157.42 - - [18/Nov/2024:08:52:16 -0300] "GET /cormun/servlet/hlogin HTTP/1.1" 200 1730
186.103.157.42 - - [18/Nov/2024:08:52:20 -0300] "POST /cormun/servlet/hlogin?af43946bfd1d062213b29250a203ed74,gx-no-cache=1731930870283 HTTP/1.1" 200 90
186.103.157.42 - - [18/Nov/2024:08:52:20 -0300] "GET /cormun/servlet/hpexe_link HTTP/1.1" 200 949
186.103.157.42 - - [18/Nov/2024:08:52:20 -0300] "GET /cormun/servlet/hhome HTTP/1.1" 200 4377
186.103.157.42 - - [18/Nov/2024:08:52:23 -0300] "GET /cormun/servlet/trlicencias? HTTP/1.1" 200 10868
200.54.107.2 - - [18/Nov/2024:08:52:45 -0300] "GET /cormun/servlet/hlogin HTTP/1.1" 200 1716
200.54.107.2 - - [18/Nov/2024:08:52:46 -0300] "GET /cormun/servlet/hlogin HTTP/1.1" 200 1726
200.54.107.2 - - [18/Nov/2024:08:52:50 -0300] "POST /cormun/servlet/hlogin?096549f6a02ba7d5aa8fc0f8473e35d0,gx-no-cache=1731930788944 HTTP/1.1" 200 90
200.54.107.2 - - [18/Nov/2024:08:52:50 -0300] "GET /cormun/servlet/hpexe_link HTTP/1.1" 200 943
200.54.107.2 - - [18/Nov/2024:08:52:50 -0300] "GET /cormun/servlet/hhome HTTP/1.1" 200 4345
200.54.107.2 - - [18/Nov/2024:08:52:55 -0300] "GET /cormun/servlet/trlicencias? HTTP/1.1" 200 10876
200.54.107.2 - - [18/Nov/2024:08:52:55 -0300] "GET /cormun/static/Resources/asc.gif HTTP/1.1" 200 67
200.54.100.179 - - [18/Nov/2024:08:53:08 -0300] "GET /cormun/servlet/hlogin HTTP/1.1" 200 1725
200.54.100.179 - - [18/Nov/2024:08:53:08 -0300] "GET /cormun/static/gxtimezone.js?85251 HTTP/1.1" 200 5781
200.54.100.179 - - [18/Nov/2024:08:53:08 -0300] "GET /cormun/static/gxcfg.js?2022112219184450 HTTP/1.1" 200 953
200.54.100.179 - - [18/Nov/2024:08:53:08 -0300] "GET /cormun/static/Resources/CormunLogin.png HTTP/1.1" 200 19132
200.54.100.179 - - [18/Nov/2024:08:53:08 -0300] "GET /cormun/static/messages.spa.js?85251 HTTP/1.1" 200 30736
200.54.100.179 - - [18/Nov/2024:08:53:08 -0300] "GET /cormun/static/Resources/Spanish/PXTools.css?1759030 HTTP/1.1" 200 100853
200.54.100.179 - - [18/Nov/2024:08:53:08 -0300] "GET /cormun/static/hlogin.js?2022112219184458 HTTP/1.1" 200 2156
200.54.100.179 - - [18/Nov/2024:08:53:08 -0300] "GET /cormun/static/gxgral.js?85251 HTTP/1.1" 200 384558
200.54.100.179 - - [18/Nov/2024:08:53:08 -0300] "GET /cormun/static/Resources/PXToolsLoginTop.png HTTP/1.1" 200 1337
200.54.100.179 - - [18/Nov/2024:08:53:08 -0300] "GET /cormun/static/Resources/PXToolsLoginBackground.png HTTP/1.1" 200 1164
200.54.100.179 - - [18/Nov/2024:08:53:09 -0300] "GET /cormun/static/Resources/PXToolsButtonRight.png HTTP/1.1" 200 1294
200.54.100.179 - - [18/Nov/2024:08:53:09 -0300] "GET /cormun/static/Resources/PXToolsButtonBackground.png HTTP/1.1" 200 1176
200.54.100.179 - - [18/Nov/2024:08:53:09 -0300] "GET /cormun/static/Resources/PXToolsButtonLeft.png HTTP/1.1" 200 1310
200.54.100.179 - - [18/Nov/2024:08:53:09 -0300] "GET /cormun/static/Resources/PXToolsLoginBottom.png HTTP/1.1" 200 1389
200.54.100.179 - - [18/Nov/2024:08:53:10 -0300] "GET /cormun/servlet/hlogin HTTP/1.1" 200 1735
200.54.100.179 - - [18/Nov/2024:08:53:10 -0300] "GET /cormun/static/Resources/indicator.gif HTTP/1.1" 200 1553
190.171.141.138 - - [18/Nov/2024:08:53:17 -0300] "GET /cormun/servlet/hlogin HTTP/1.1" 200 1715
200.54.100.179 - - [18/Nov/2024:08:53:19 -0300] "POST /cormun/servlet/hlogin?4903a8c2ae0efa70d529a1bc9dba8b56,gx-no-cache=1731930817845 HTTP/1.1" 200 90
200.54.100.179 - - [18/Nov/2024:08:53:19 -0300] "GET /cormun/servlet/hpexe_link HTTP/1.1" 200 955
200.54.100.179 - - [18/Nov/2024:08:53:19 -0300] "GET /cormun/static/gxcfg.js?20221129847421 HTTP/1.1" 200 953
200.54.100.179 - - [18/Nov/2024:08:53:19 -0300] "GET /cormun/static/hpexe_link.js?20221129847423 HTTP/1.1" 200 625
200.54.100.179 - - [18/Nov/2024:08:53:19 -0300] "GET /cormun/static/Resources/Spanish/PXTools.css?8354383 HTTP/1.1" 200 100853
200.54.100.179 - - [18/Nov/2024:08:53:19 -0300] "GET /cormun/servlet/hhome HTTP/1.1" 200 4326
200.54.100.179 - - [18/Nov/2024:08:53:19 -0300] "GET /cormun/static/Shared/jqueryui/jquery-ui.min.css?1345370 HTTP/1.1" 200 30288
200.54.100.179 - - [18/Nov/2024:08:53:19 -0300] "GET /cormun/static/SmoothNavMenu/resources/ddsmoothmenu.css?1112540 HTTP/1.1" 200 2223
200.54.100.179 - - [18/Nov/2024:08:53:19 -0300] "GET /cormun/static/SmoothNavMenu/resources/ddsmoothmenu-v.css?1112540 HTTP/1.1" 200 1188
200.54.100.179 - - [18/Nov/2024:08:53:19 -0300] "GET /cormun/static/scaMessage/css/jquery.pnotify.default.css?1816380 HTTP/1.1" 200 1707
200.54.100.179 - - [18/Nov/2024:08:53:19 -0300] "GET /cormun/static/gxcfg.js?20201215495537 HTTP/1.1" 200 953
200.54.100.179 - - [18/Nov/2024:08:53:19 -0300] "GET /cormun/static/Resources/Spanish/PXTools.css?14345360 HTTP/1.1" 200 100853
200.54.100.179 - - [18/Nov/2024:08:53:19 -0300] "GET /cormun/static/PXToolsJavascripts/pexe_autoreload.js HTTP/1.1" 200 1762
200.54.100.179 - - [18/Nov/2024:08:53:19 -0300] "GET /cormun/static/PXToolsJavascripts/pexe_griddivfix.js HTTP/1.1" 200 6946
200.54.100.179 - - [18/Nov/2024:08:53:19 -0300] "GET /cormun/static/PXToolsJavascripts/pexe_grid.js HTTP/1.1" 200 7559
200.54.100.179 - - [18/Nov/2024:08:53:19 -0300] "GET /cormun/static/PXToolsJavascripts/pexe_link.js HTTP/1.1" 200 5671
200.54.100.179 - - [18/Nov/2024:08:53:19 -0300] "GET /cormun/static/PXToolsJavascripts/pexe_cookies.js HTTP/1.1" 200 792
200.54.100.179 - - [18/Nov/2024:08:53:19 -0300] "GET /cormun/static/PXToolsJavascripts/pexe_windows.js HTTP/1.1" 200 15249
200.54.100.179 - - [18/Nov/2024:08:53:19 -0300] "GET /cormun/static/PXToolsJavascripts/pexe_menudivfix.js HTTP/1.1" 200 333
200.54.100.179 - - [18/Nov/2024:08:53:19 -0300] "GET /cormun/static/PXToolsJavascripts/pexe_menus.js HTTP/1.1" 200 1286
200.54.100.179 - - [18/Nov/2024:08:53:19 -0300] "GET /cormun/static/PXToolsJavascripts/pexe_oav.js HTTP/1.1" 200 645
200.54.100.179 - - [18/Nov/2024:08:53:19 -0300] "GET /cormun/static/PXToolsJavascripts/pexe_layers.js HTTP/1.1" 200 4114
200.54.100.179 - - [18/Nov/2024:08:53:19 -0300] "GET /cormun/static/PXToolsJavascripts/pexe_oavdivfix.js HTTP/1.1" 200 639
200.54.100.179 - - [18/Nov/2024:08:53:19 -0300] "GET /cormun/static/PXToolsJavascripts/pexe_picture.js HTTP/1.1" 200 689
200.54.100.179 - - [18/Nov/2024:08:53:19 -0300] "GET /cormun/static/PXToolsJavascripts/pexe_tabdivfix.js HTTP/1.1" 200 898
200.54.100.179 - - [18/Nov/2024:08:53:19 -0300] "GET /cormun/static/PXToolsJavascripts/pexe_scrolldiv.js HTTP/1.1" 200 4138
200.54.100.179 - - [18/Nov/2024:08:53:19 -0300] "GET /cormun/static/PXToolsJavascripts/pexe_upload.js HTTP/1.1" 200 1423
200.54.100.179 - - [18/Nov/2024:08:53:19 -0300] "GET /cormun/static/PXToolsJavascripts/pexe_popup.js HTTP/1.1" 200 15149
200.54.100.179 - - [18/Nov/2024:08:53:19 -0300] "GET /cormun/static/PXToolsJavascripts/pexe_tabs.js HTTP/1.1" 200 3748
200.54.100.179 - - [18/Nov/2024:08:53:19 -0300] "GET /cormun/static/PXToolsJavascripts/PXToolsJavascriptsRender.js HTTP/1.1" 200 367
200.54.100.179 - - [18/Nov/2024:08:53:19 -0300] "GET /cormun/static/Resources/CormunMP2.png HTTP/1.1" 200 6878
200.54.100.179 - - [18/Nov/2024:08:53:19 -0300] "GET /cormun/static/Resources/ImgHome.png HTTP/1.1" 200 1364
200.54.100.179 - - [18/Nov/2024:08:53:19 -0300] "GET /cormun/static/Resources/Llave.png HTTP/1.1" 200 1395
200.54.100.179 - - [18/Nov/2024:08:53:19 -0300] "GET /cormun/static/Resources/ImgLogin.png HTTP/1.1" 200 1432
200.54.100.179 - - [18/Nov/2024:08:53:19 -0300] "GET /cormun/static/hhome.js?20201215495544 HTTP/1.1" 200 777
200.54.100.179 - - [18/Nov/2024:08:53:19 -0300] "GET /cormun/static/hwchdr01.js?2022112219251119 HTTP/1.1" 200 996
200.54.100.179 - - [18/Nov/2024:08:53:19 -0300] "GET /cormun/static/Shared/ext/locale/ext-lang-en.js HTTP/1.1" 200 10940
200.54.100.179 - - [18/Nov/2024:08:53:19 -0300] "GET /cormun/static/RunJS/RunJS.js HTTP/1.1" 200 288
200.54.100.179 - - [18/Nov/2024:08:53:19 -0300] "GET /cormun/static/hpexe_recentlink.js?20201214471090 HTTP/1.1" 200 2144
200.54.100.179 - - [18/Nov/2024:08:53:19 -0300] "GET /cormun/static/hpexe_scripts.js?20201214471411 HTTP/1.1" 200 1544
200.54.100.179 - - [18/Nov/2024:08:53:19 -0300] "GET /cormun/static/gxui/gxui-all.js HTTP/1.1" 200 107772
200.54.100.179 - - [18/Nov/2024:08:53:19 -0300] "GET /cormun/static/hpexe_messagecontroller.js?202211298371222 HTTP/1.1" 200 870
200.54.100.179 - - [18/Nov/2024:08:53:19 -0300] "GET /cormun/static/hpexe_messagepopupcomponent.js?2020121447232 HTTP/1.1" 200 605
200.54.100.179 - - [18/Nov/2024:08:53:19 -0300] "GET /cormun/static/Resources/PXToolsDataTitle.png HTTP/1.1" 200 1173
200.54.100.179 - - [18/Nov/2024:08:53:19 -0300] "GET /cormun/static/hpexe_messagegenexuscomponent.js?20221129836373 HTTP/1.1" 200 587
200.54.100.179 - - [18/Nov/2024:08:53:19 -0300] "GET /cormun/static/cmcontrolpreferences.js?20199141926336 HTTP/1.1" 200 1375
200.54.100.179 - - [18/Nov/2024:08:53:19 -0300] "GET /cormun/static/SmoothNavMenu/resources/ddsmoothmenu.js HTTP/1.1" 200 12712
200.54.100.179 - - [18/Nov/2024:08:53:19 -0300] "GET /cormun/static/SmoothNavMenu/resources/SmoothNavMenuRender.js HTTP/1.1" 200 5951
200.54.100.179 - - [18/Nov/2024:08:53:19 -0300] "GET /cormun/static/Shared/jquery/jquery-1.4.2.min.js HTTP/1.1" 200 72174
200.54.100.179 - - [18/Nov/2024:08:53:19 -0300] "GET /cormun/static/scaMessage/js/jquery.pnotify.min.js HTTP/1.1" 200 13038
200.54.100.179 - - [18/Nov/2024:08:53:19 -0300] "GET /cormun/static/scaMessage/scaMessageRender.js HTTP/1.1" 200 11977
200.54.100.179 - - [18/Nov/2024:08:53:19 -0300] "GET /cormun/static/Shared/jquery/jquery-1.10.2.min.js HTTP/1.1" 200 273199
200.54.100.179 - - [18/Nov/2024:08:53:19 -0300] "GET /cormun/static/hmpwkw03.js?20221129844354 HTTP/1.1" 200 3971
200.54.100.179 - - [18/Nov/2024:08:53:19 -0300] "GET /cormun/static/Shared/ext/ext-all.js HTTP/1.1" 200 1289687
190.171.144.234 - - [18/Nov/2024:08:53:19 -0300] "GET /cormun/servlet/licenciaspermisos?DSP,20028215,L,20241112000000, HTTP/1.1" 200 7107
200.54.100.179 - - [18/Nov/2024:08:53:19 -0300] "GET /cormun/static/Shared/jqueryui/jquery-ui.min.js HTTP/1.1" 200 240427
200.54.100.179 - - [18/Nov/2024:08:53:19 -0300] "GET /cormun/static/SmoothNavMenu/resources/images/right.gif HTTP/1.1" 200 860
200.54.100.179 - - [18/Nov/2024:08:53:19 -0300] "GET /cormun/static/SmoothNavMenu/resources/images/down.gif HTTP/1.1" 200 854
190.171.141.138 - - [18/Nov/2024:08:53:20 -0300] "POST /cormun/servlet/hlogin?5abe0b0d1339f6afef20d88313508e3c,gx-no-cache=1731930818856 HTTP/1.1" 200 90
190.171.141.138 - - [18/Nov/2024:08:53:20 -0300] "GET /cormun/servlet/hpexe_link HTTP/1.1" 200 947
190.171.141.138 - - [18/Nov/2024:08:53:20 -0300] "GET /cormun/servlet/hhome HTTP/1.1" 200 4471
190.171.141.138 - - [18/Nov/2024:08:53:20 -0300] "GET /cormun/static/Resources/ImgHome.png HTTP/1.1" 304 -
190.171.141.138 - - [18/Nov/2024:08:53:20 -0300] "GET /cormun/static/Resources/Llave.png HTTP/1.1" 304 -
190.171.141.138 - - [18/Nov/2024:08:53:20 -0300] "GET /cormun/static/Resources/ImgLogin.png HTTP/1.1" 304 -
190.171.141.138 - - [18/Nov/2024:08:53:20 -0300] "GET /cormun/static/Resources/PXToolsDataTitle.png HTTP/1.1" 304 -
200.54.100.179 - - [18/Nov/2024:08:53:22 -0300] "GET /cormun/servlet/trlicencias? HTTP/1.1" 200 10084
200.54.100.179 - - [18/Nov/2024:08:53:22 -0300] "GET /cormun/static/gxui/gxui-all.css?120300 HTTP/1.1" 200 2179
200.54.100.179 - - [18/Nov/2024:08:53:22 -0300] "GET /cormun/static/gxcfg.js?202211298463625 HTTP/1.1" 200 953
200.54.100.179 - - [18/Nov/2024:08:53:22 -0300] "GET /cormun/static/calendar-setup.js?85251 HTTP/1.1" 200 2588
200.54.100.179 - - [18/Nov/2024:08:53:22 -0300] "GET /cormun/static/calendar.js?85251 HTTP/1.1" 200 26246
200.54.100.179 - - [18/Nov/2024:08:53:22 -0300] "GET /cormun/static/calendar-system.css?85620 HTTP/1.1" 200 5572
200.54.100.179 - - [18/Nov/2024:08:53:22 -0300] "GET /cormun/static/calendar-es.js?85251 HTTP/1.1" 200 1901
200.54.100.179 - - [18/Nov/2024:08:53:22 -0300] "GET /cormun/static/Resources/PXTools/calendar.png HTTP/1.1" 200 1306
200.54.100.179 - - [18/Nov/2024:08:53:22 -0300] "GET /cormun/static/gxdec.js?85251 HTTP/1.1" 200 19579
200.54.100.179 - - [18/Nov/2024:08:53:22 -0300] "GET /cormun/static/trlicencias.js?202211298463889 HTTP/1.1" 200 41883
200.54.100.179 - - [18/Nov/2024:08:53:22 -0300] "GET /cormun/static/Resources/PXToolsDataSearch.png HTTP/1.1" 200 435
200.54.100.179 - - [18/Nov/2024:08:53:22 -0300] "GET /cormun/static/Resources/PXToolsGridFirstDisabled.gif HTTP/1.1" 200 100
200.54.100.179 - - [18/Nov/2024:08:53:22 -0300] "GET /cormun/static/Resources/PXToolsGridPreviousDisabled.gif HTTP/1.1" 200 90
200.54.100.179 - - [18/Nov/2024:08:53:22 -0300] "GET /cormun/static/Shared/ext/resources/css/ext-all.css?215870 HTTP/1.1" 200 416045
200.54.100.179 - - [18/Nov/2024:08:53:22 -0300] "GET /cormun/static/Resources/PXToolsGridNextDisabled.gif HTTP/1.1" 200 90
200.54.100.179 - - [18/Nov/2024:08:53:22 -0300] "GET /cormun/static/Resources/PXToolsGridLastDisabled.gif HTTP/1.1" 200 98
200.54.100.179 - - [18/Nov/2024:08:53:22 -0300] "GET /cormun/static/Resources/PXToolsGridPage.gif HTTP/1.1" 200 725
200.54.100.179 - - [18/Nov/2024:08:53:22 -0300] "GET /cormun/static/Resources/PXToolsActionExcel.png HTTP/1.1" 200 727
200.54.100.179 - - [18/Nov/2024:08:53:22 -0300] "GET /cormun/static/Resources/PXToolsAddAllAction.png HTTP/1.1" 200 495
200.54.100.179 - - [18/Nov/2024:08:53:22 -0300] "GET /cormun//static/Resources/PXToolsActionDisabled.gif HTTP/1.1" 200 53
