190.171.143.106 - - [12/Nov/2024:16:29:16 -0300] "POST /cormun/servlet/solicitudot?2e224db83401e3ca9211c9e2c52430ec,INS,0,0,false,,gx-no-cache=1731439665131 HTTP/1.1" 200 13128
190.171.143.106 - - [12/Nov/2024:16:29:16 -0300] "GET /cormun/servlet/solicitudot?18604895f95273a9700716ea30d973df67a41814df7a5d03bd15870173e05c367fca3bb6cadf21416ab4db19a4018fae,gx-no-cache=1731439665214 HTTP/1.1" 200 30
190.171.143.106 - - [12/Nov/2024:16:29:24 -0300] "GET /cormun/servlet/solicitudot?18604895f95273a9700716ea30d973df2b12253f0a7a98e3591486a1257bda27171b13c9bc33a019b2128f48353ffb4ba545feb483e47b54db4b32821a77607c,gx-no-cache=1731439673088 HTTP/1.1" 200 30
190.171.143.106 - - [12/Nov/2024:16:29:24 -0300] "GET /cormun/servlet/solicitudot?18604895f95273a9700716ea30d973dfa076a833498b17e02344c17e2ad0a6b85c041c56d8783596b1426a440eb40f25dc39c117ec0be16435c94333a6edfc77,gx-no-cache=1731439673102 HTTP/1.1" 200 53
190.171.143.106 - - [12/Nov/2024:16:29:24 -0300] "POST /cormun/servlet/solicitudot?gx-no-cache=1731439673124 HTTP/1.1" 200 297
190.171.143.106 - - [12/Nov/2024:16:29:24 -0300] "GET /cormun/servlet/solicitudot?18604895f95273a9700716ea30d973df7f0b75cb573fa88e2fb460fbb93cd630f02e59dcf077e35eb4e7f0886e5b77d655f52150d48cc91609d28882e80b3544868ec6f7246a0766ca3f789c7de4dbd0341eecdef6f11682bb05dad60e35bfed6343685eb65ccf1a64b4b7ed41a10c744a0f9f04a42da5d74f729e4300ac7daacd3f3e2eaf7c1fe8ba0156d4c1c34ea6bb6762f0aebbb746abdb44d7a38a6d66326a47f94dfce6d4805308d192df53a48fa68e2372972c1098e820197bdd5f48774301d346467cbff8feacc48adabab1e0309a3d1586439d64e24afe3242c0ef78725d157bee57d456d1726fcb5ec1f3f33d682c8d2d6294d335549afa7d21d86c79fdc8dcbbbf44b4d98d3df8b246114902fc2f71643415429f031a0f9d32242c029155aa32dd4f4c2f2c3286d4eaa0fff7720ddfb72adc6ed494ba5d6c5cdb08037165e957a07f64fa2c1ca8c1a4304948b3050351ef393fd303bb7d43f1dbb746b2b077ba933cd1b5159b5b09bf8b38429de3a9adb4876f23a207cdcd0d1728ca9cecc41ef28b33e9d4fa52b135be,gx-no-cache=1731439673143 HTTP/1.1" 200 30
190.171.143.106 - - [12/Nov/2024:16:29:24 -0300] "POST /cormun/servlet/solicitudot?gx-no-cache=1731439673158 HTTP/1.1" 200 30
190.171.143.106 - - [12/Nov/2024:16:29:24 -0300] "POST /cormun/servlet/solicitudot?gx-no-cache=1731439673176 HTTP/1.1" 200 1479
190.171.143.106 - - [12/Nov/2024:16:29:24 -0300] "POST /cormun/servlet/solicitudot?gx-no-cache=1731439673206 HTTP/1.1" 200 38
190.171.143.106 - - [12/Nov/2024:16:29:24 -0300] "GET /cormun/servlet/solicitudot?18604895f95273a9700716ea30d973dfda63104df93a707681ca5c62c627d72f9094b9c08397839ac1a8682ad28e28fd2e2d64c51e7c2c3f2004517b7c086299cd9be5db88076bb0d4103107f667f8bd0ba8690aeab45c30bb20797878031703821e746adb056213ec7ebc01056f00ab,gx-no-cache=1731439673226 HTTP/1.1" 200 110
190.171.143.106 - - [12/Nov/2024:16:29:24 -0300] "POST /cormun/servlet/solicitudot?gx-no-cache=1731439673250 HTTP/1.1" 200 64
190.171.143.106 - - [12/Nov/2024:16:29:24 -0300] "GET /cormun/servlet/solicitudot?18604895f95273a9700716ea30d973dfed76a402b98a01347e1644f87a436c04,gx-no-cache=1731439673279 HTTP/1.1" 200 30
190.171.143.106 - - [12/Nov/2024:16:29:24 -0300] "POST /cormun/servlet/solicitudot?gx-no-cache=1731439673295 HTTP/1.1" 200 30
190.171.143.106 - - [12/Nov/2024:16:29:24 -0300] "POST /cormun/servlet/solicitudot?gx-no-cache=1731439673592 HTTP/1.1" 200 30
190.171.143.106 - - [12/Nov/2024:16:29:24 -0300] "POST /cormun/servlet/solicitudot?gx-no-cache=1731439673607 HTTP/1.1" 200 1479
190.171.143.106 - - [12/Nov/2024:16:29:24 -0300] "POST /cormun/servlet/solicitudot?gx-no-cache=1731439673623 HTTP/1.1" 200 38
190.171.143.106 - - [12/Nov/2024:16:29:24 -0300] "GET /cormun/servlet/solicitudot?18604895f95273a9700716ea30d973dfda63104df93a707681ca5c62c627d72f9094b9c08397839ac1a8682ad28e28fd2e2d64c51e7c2c3f2004517b7c086299cd9be5db88076bb0d4103107f667f8bd0ba8690aeab45c30bb20797878031703821e746adb056213ec7ebc01056f00ab,gx-no-cache=1731439673636 HTTP/1.1" 200 110
190.171.143.106 - - [12/Nov/2024:16:29:24 -0300] "POST /cormun/servlet/solicitudot?gx-no-cache=1731439673650 HTTP/1.1" 200 64
190.171.143.106 - - [12/Nov/2024:16:29:24 -0300] "GET /cormun/servlet/solicitudot?18604895f95273a9700716ea30d973dfed76a402b98a01347e1644f87a436c04,gx-no-cache=1731439673668 HTTP/1.1" 200 30
190.171.143.106 - - [12/Nov/2024:16:29:24 -0300] "POST /cormun/servlet/solicitudot?gx-no-cache=1731439673682 HTTP/1.1" 200 30
190.171.143.106 - - [12/Nov/2024:16:29:32 -0300] "POST /cormun/servlet/solicitudot?gx-no-cache=1731439681077 HTTP/1.1" 200 30
190.171.143.106 - - [12/Nov/2024:16:29:32 -0300] "POST /cormun/servlet/solicitudot?gx-no-cache=1731439681095 HTTP/1.1" 200 1479
190.171.143.106 - - [12/Nov/2024:16:29:32 -0300] "POST /cormun/servlet/solicitudot?gx-no-cache=1731439681116 HTTP/1.1" 200 38
190.171.143.106 - - [12/Nov/2024:16:29:32 -0300] "GET /cormun/servlet/solicitudot?18604895f95273a9700716ea30d973dfda63104df93a707681ca5c62c627d72f9094b9c08397839ac1a8682ad28e28fd2e2d64c51e7c2c3f2004517b7c086299cd9be5db88076bb0d4103107f667f8bd0ba8690aeab45c30bb20797878031703821e746adb056213ec7ebc01056f00ab,gx-no-cache=1731439681131 HTTP/1.1" 200 110
190.171.143.106 - - [12/Nov/2024:16:29:32 -0300] "POST /cormun/servlet/solicitudot?gx-no-cache=1731439681148 HTTP/1.1" 200 64
190.171.143.106 - - [12/Nov/2024:16:29:32 -0300] "GET /cormun/servlet/solicitudot?18604895f95273a9700716ea30d973dfed76a402b98a01347e1644f87a436c04,gx-no-cache=1731439681177 HTTP/1.1" 200 30
190.171.143.106 - - [12/Nov/2024:16:29:32 -0300] "POST /cormun/servlet/solicitudot?gx-no-cache=1731439681204 HTTP/1.1" 200 30
190.171.143.106 - - [12/Nov/2024:16:29:49 -0300] "POST /cormun/servlet/solicitudot?gx-no-cache=1731439698869 HTTP/1.1" 200 240
190.171.143.106 - - [12/Nov/2024:16:29:52 -0300] "GET /cormun/servlet/solicitudot?18604895f95273a9700716ea30d973df7f0b75cb573fa88e2fb460fbb93cd6301958df70b880158f081a77a5fa88c53c55f52150d48cc91609d28882e80b3544868ec6f7246a0766ca3f789c7de4dbd0341eecdef6f11682bb05dad60e35bfed6343685eb65ccf1a64b4b7ed41a10c744a0f9f04a42da5d74f729e4300ac7daacd3f3e2eaf7c1fe8ba0156d4c1c34ea6bb6762f0aebbb746abdb44d7a38a6d66326a47f94dfce6d4805308d192df53a48fa68e2372972c1098e820197bdd5f48774301d346467cbff8feacc48adabab1e0309a3d1586439d64e24afe3242c0ef78725d157bee57d456d1726fcb5ec1f36aa98f2c6fcb2b1c497bc7ea4a16f1886c79fdc8dcbbbf44b4d98d3df8b246114902fc2f71643415429f031a0f9d32242c029155aa32dd4f4c2f2c3286d4eaa0fff7720ddfb72adc6ed494ba5d6c5cdbda14431dbdae57f243719f56f4030154cd2bb0e29831d20d4732ff36480f5e2b3269848e8ae20d670a1bb893b046fe69894d8e6f374e50fe9000fa869804dcc1,gx-no-cache=1731439701053 HTTP/1.1" 200 30
190.171.143.106 - - [12/Nov/2024:16:29:57 -0300] "POST /cormun/servlet/solicitudot?gx-no-cache=1731439706405 HTTP/1.1" 200 30
190.171.143.106 - - [12/Nov/2024:16:30:10 -0300] "POST /cormun/servlet/solicitudot?gx-no-cache=1731439719688 HTTP/1.1" 200 30
190.171.143.106 - - [12/Nov/2024:16:30:17 -0300] "GET /cormun/servlet/prlicenciaspermisos?20033774,L,,MD,,gxPopupLevel%3D0%3B HTTP/1.1" 200 5530
190.171.142.26 - - [12/Nov/2024:16:30:18 -0300] "POST /cormun/servlet/trlicencias?dcae130663043f668f7a6f01966f8aef,,gx-no-cache=1731439726582 HTTP/1.1" 200 18531
190.171.143.106 - - [12/Nov/2024:16:30:19 -0300] "POST /cormun/servlet/solicitudot?gx-no-cache=1731439728215 HTTP/1.1" 200 1484
190.171.143.106 - - [12/Nov/2024:16:30:21 -0300] "GET /cormun/servlet/prlicenciaspermisos?20033774,L,,MD,,gxPopupLevel%3D0%3B HTTP/1.1" 200 5530
190.171.143.106 - - [12/Nov/2024:16:30:24 -0300] "POST /cormun/servlet/solicitudot?gx-no-cache=1731439733688 HTTP/1.1" 200 41
190.171.142.26 - - [12/Nov/2024:16:30:33 -0300] "POST /cormun/servlet/trlicencias?dcae130663043f668f7a6f01966f8aef,,gx-no-cache=1731439742671 HTTP/1.1" 200 6678
190.171.143.82 - - [12/Nov/2024:16:31:31 -0300] "GET /cormun/servlet/permisogoce?d9a5e7b74e35c384c3f8a0784bed1c68e4e5a6dc3b03d6afd7db21e946f896496ec5b095f7c9858a84a1868f8ed34c9ffe199b1267137b95e0e931d3dcd79cf19182fe63e618487e54a3f485be41802c7618eb595f8f306214a71f2d6a09405dfa194f4335b692a6a7dd2a343ca87e63,gx-no-cache=1731439800483 HTTP/1.1" 200 81
190.171.143.82 - - [12/Nov/2024:16:31:44 -0300] "GET /cormun/servlet/permisogoce?d9a5e7b74e35c384c3f8a0784bed1c68c2922830569bcf181f4333607ddf1eba0e9c62a239ed0a19075780649ab8c46d65761f1fb0164f0020e55cb62b8265e7005b895e25d821758a74203af996b203a3125581ee2d4c572dedc8a1e084e317,gx-no-cache=1731439813274 HTTP/1.1" 200 81
190.171.143.106 - - [12/Nov/2024:16:31:48 -0300] "POST /cormun/servlet/solicitudot?gx-no-cache=1731439817044 HTTP/1.1" 200 255
190.171.143.106 - - [12/Nov/2024:16:31:50 -0300] "POST /cormun/servlet/solicitudot?gx-no-cache=1731439819324 HTTP/1.1" 200 240
190.171.143.82 - - [12/Nov/2024:16:31:50 -0300] "GET /cormun/servlet/permisogoce?d9a5e7b74e35c384c3f8a0784bed1c68dc418c577576c3396cff2f56c03a3f64b8a98744d9404560c049ee4e145716acde524abeaaca52b82956cef4334287234df43d219f976bb482c4284dd880303efc204f4b582a2e2d894fe01d1871f8dca421dfb9b756208e52c388730dbda900,gx-no-cache=1731439819361 HTTP/1.1" 200 90
190.171.142.26 - - [12/Nov/2024:16:31:52 -0300] "POST /cormun/servlet/trlicencias?dcae130663043f668f7a6f01966f8aef,,gx-no-cache=1731439821278 HTTP/1.1" 200 18531
190.171.143.106 - - [12/Nov/2024:16:31:53 -0300] "GET /cormun/servlet/solicitudot?18604895f95273a9700716ea30d973df7f0b75cb573fa88e2fb460fbb93cd6301958df70b880158f081a77a5fa88c53c55f52150d48cc91609d28882e80b3544868ec6f7246a0766ca3f789c7de4dbd0341eecdef6f11682bb05dad60e35bfed6343685eb65ccf1a64b4b7ed41a10c744a0f9f04a42da5d74f729e4300ac7daacd3f3e2eaf7c1fe8ba0156d4c1c34ea6bb6762f0aebbb746abdb44d7a38a6d66326a47f94dfce6d4805308d192df53a48fa68e2372972c1098e820197bdd5f48774301d346467cbff8feacc48adabab1e0309a3d1586439d64e24afe3242c0ef78725d157bee57d456d1726fcb5ec1f36aa98f2c6fcb2b1c497bc7ea4a16f1886c79fdc8dcbbbf44b4d98d3df8b246114902fc2f71643415429f031a0f9d32242c029155aa32dd4f4c2f2c3286d4eaa0fff7720ddfb72adc6ed494ba5d6c5cdbda14431dbdae57f243719f56f4030154cd2bb0e29831d20d4732ff36480f5e2b3269848e8ae20d670a1bb893b046fe69894d8e6f374e50fe9000fa869804dcc1,gx-no-cache=1731439822320 HTTP/1.1" 200 30
190.171.143.82 - - [12/Nov/2024:16:31:57 -0300] "GET /cormun/servlet/permisogoce?d9a5e7b74e35c384c3f8a0784bed1c68aa72b6092fb9d85c8889cf7fef6ed8cb52df691583d2843ac1824a199fd5dca016d976938a1a8f997d02be41cd1c7aa592316f2d07cb0701c0d0097d020031b01130078920a9259963fbea4993e7609dd7fe860022883e2fb40f4286f47369f77a11644ecc0aa10189fa1556ed3b979a,gx-no-cache=1731439825737 HTTP/1.1" 200 79
190.171.143.106 - - [12/Nov/2024:16:32:08 -0300] "POST /cormun/servlet/solicitudot?gx-no-cache=1731439836977 HTTP/1.1" 200 30
190.171.143.106 - - [12/Nov/2024:16:32:08 -0300] "POST /cormun/servlet/solicitudot?gx-no-cache=1731439837010 HTTP/1.1" 200 1484
190.171.143.106 - - [12/Nov/2024:16:32:08 -0300] "POST /cormun/servlet/solicitudot?gx-no-cache=1731439837066 HTTP/1.1" 200 41
190.171.143.106 - - [12/Nov/2024:16:32:08 -0300] "GET /cormun/servlet/solicitudot?18604895f95273a9700716ea30d973dfda63104df93a707681ca5c62c627d72f9094b9c08397839ac1a8682ad28e28fd2e2d64c51e7c2c3f2004517b7c086299cd9be5db88076bb0d4103107f667f8bd0ba8690aeab45c30bb20797878031703821e746adb056213ec7ebc01056f00ab,gx-no-cache=1731439837087 HTTP/1.1" 200 110
190.171.143.106 - - [12/Nov/2024:16:32:24 -0300] "POST /cormun/servlet/solicitudot?gx-no-cache=1731439853174 HTTP/1.1" 200 97
190.171.143.82 - - [12/Nov/2024:16:32:31 -0300] "GET /cormun/servlet/permisogoce?d9a5e7b74e35c384c3f8a0784bed1c68cf4e9e59c8d2a6dfe34810b79e52cf2682ae9cb01de876e86410ef4fb74161817b157f9d8fe0418abd0063c9c57027b02c32e9549451b7a02da9f133f55687a382fc4d62ddf152e050737aa686775706,gx-no-cache=1731439860499 HTTP/1.1" 200 85
190.171.143.82 - - [12/Nov/2024:16:32:37 -0300] "GET /cormun/servlet/permisogoce?d9a5e7b74e35c384c3f8a0784bed1c68a84432d2380cbbb9fad62446278d251670b89e11b0734f89f55a7b29e1c2224e1d81dc74140b1196195e5b34e1ad3c4eeeed2d73c88a20315a3d5ae158a12344c7d1c4e5d10180729d539635e936b94926a46de0c761eed45903d5fe741496db5129b3ba1aba64057ebfde9fecf15c50,gx-no-cache=1731439866121 HTTP/1.1" 200 81
190.171.143.82 - - [12/Nov/2024:16:32:48 -0300] "GET /cormun/servlet/trpermisosgoce? HTTP/1.1" 200 14967
190.171.143.106 - - [12/Nov/2024:16:33:04 -0300] "GET /cormun/servlet/solicitudot?18604895f95273a9700716ea30d973dfda63104df93a707681ca5c62c627d72f9094b9c08397839ac1a8682ad28e28fd2e2d64c51e7c2c3f2004517b7c086299cd9be5db88076bb0d4103107f667f8bd0ba8690aeab45c30bb20797878031703821e746adb056213ec7ebc01056f00ab,gx-no-cache=1731439893260 HTTP/1.1" 200 110
190.171.143.106 - - [12/Nov/2024:16:33:04 -0300] "GET /cormun/static/menuarrow.gif HTTP/1.1" 404 1015
190.171.143.106 - - [12/Nov/2024:16:33:07 -0300] "GET /cormun/servlet/solicitudot?18604895f95273a9700716ea30d973dfda63104df93a707681ca5c62c627d72f9094b9c08397839ac1a8682ad28e28fd2e2d64c51e7c2c3f2004517b7c086299cd9be5db88076bb0d4103107f667f8bd0ba8690aeab45c30bb20797878031703821e746adb056213ec7ebc01056f00ab,gx-no-cache=1731439896920 HTTP/1.1" 200 110
190.171.143.106 - - [12/Nov/2024:16:34:07 -0300] "POST /cormun/servlet/solicitudot?gx-no-cache=1731439956413 HTTP/1.1" 200 1484
190.171.143.82 - - [12/Nov/2024:16:34:08 -0300] "GET /cormun/servlet/trcargahoraria? HTTP/1.1" 200 6692
190.171.143.82 - - [12/Nov/2024:16:34:08 -0300] "GET /cormun/static/gxcfg.js?202012113392337 HTTP/1.1" 200 953
190.171.143.82 - - [12/Nov/2024:16:34:08 -0300] "GET /cormun/static/trcargahoraria.js?202012113392783 HTTP/1.1" 200 28768
190.171.143.82 - - [12/Nov/2024:16:34:11 -0300] "GET /cormun/servlet/trreportecargahoraria? HTTP/1.1" 200 6865
190.171.143.82 - - [12/Nov/2024:16:34:11 -0300] "GET /cormun/static/gxcfg.js?202211298504121 HTTP/1.1" 200 953
190.171.143.82 - - [12/Nov/2024:16:34:11 -0300] "GET /cormun/static/trreportecargahoraria.js?20221129850435 HTTP/1.1" 200 29376
190.171.143.106 - - [12/Nov/2024:16:34:11 -0300] "GET /cormun/servlet/solicitudot?18604895f95273a9700716ea30d973dfda63104df93a707681ca5c62c627d72f9094b9c08397839ac1a8682ad28e28fd2e2d64c51e7c2c3f2004517b7c086299cd9be5db88076bb0d4103107f667f8bd0ba8690aeab45c30bb20797878031703821e746adb056213ec7ebc01056f00ab,gx-no-cache=1731439960423 HTTP/1.1" 200 110
190.171.143.82 - - [12/Nov/2024:16:34:14 -0300] "GET /cormun/servlet/trcontratosolicitud? HTTP/1.1" 200 15043
190.171.143.82 - - [12/Nov/2024:16:34:14 -0300] "GET /cormun/static/gxcfg.js?202211298514361 HTTP/1.1" 200 953
190.171.143.82 - - [12/Nov/2024:16:34:14 -0300] "GET /cormun/static/trcontratosolicitud.js?202211298514531 HTTP/1.1" 200 28237
190.171.143.82 - - [12/Nov/2024:16:34:14 -0300] "GET /cormun//static/Resources/PXToolsGridNew.png HTTP/1.1" 200 427
190.171.143.106 - - [12/Nov/2024:16:34:28 -0300] "POST /cormun/servlet/solicitudot?gx-no-cache=1731439977605 HTTP/1.1" 200 72
190.171.143.106 - - [12/Nov/2024:16:34:28 -0300] "GET /cormun/servlet/solicitudot?18604895f95273a9700716ea30d973dfbb03be4345a6ad0363296dcd3fe0f9760d13eb7bf6665ac8d7a02f78afa652f0,gx-no-cache=1731439977624 HTTP/1.1" 200 134
190.171.143.106 - - [12/Nov/2024:16:34:28 -0300] "POST /cormun/servlet/solicitudot?gx-no-cache=1731439977642 HTTP/1.1" 200 34
190.171.143.106 - - [12/Nov/2024:16:34:28 -0300] "POST /cormun/servlet/solicitudot?2e224db83401e3ca9211c9e2c52430ec,INS,0,0,false,,gx-no-cache=1731439977658 HTTP/1.1" 200 13443
149.202.132.200 - - [12/Nov/2024:16:34:45 -0300] "§£±Ð¶¦Âcà‚­OòÞû!K­{¦£:/>3©Ò2þ'ö¾ å1Bý³3È2уֿfáó3ýï6“úãފ3gÀžÀ¢ž9kÀŸÀ£ŸE¾ˆÄšÀÀ À#À¬À®À+À" 400 -
149.202.132.194 - - [12/Nov/2024:16:34:46 -0300] "GET /favicon.ico HTTP/1.1" 200 21630
190.171.143.106 - - [12/Nov/2024:16:35:25 -0300] "POST /cormun/servlet/solicitudot?gx-no-cache=1731440033965 HTTP/1.1" 200 256
190.171.143.106 - - [12/Nov/2024:16:35:27 -0300] "POST /cormun/servlet/solicitudot?gx-no-cache=1731440036413 HTTP/1.1" 200 242
190.171.143.106 - - [12/Nov/2024:16:35:30 -0300] "GET /cormun/servlet/solicitudot?18604895f95273a9700716ea30d973df7f0b75cb573fa88e2fb460fbb93cd6301958df70b880158f081a77a5fa88c53c55f52150d48cc91609d28882e80b3544868ec6f7246a0766ca3f789c7de4dbd0341eecdef6f11682bb05dad60e35bfed6343685eb65ccf1a64b4b7ed41a10c744a0f9f04a42da5d74f729e4300ac7daacd3f3e2eaf7c1fe8ba0156d4c1c34ea6bb6762f0aebbb746abdb44d7a38a6d66326a47f94dfce6d4805308d192df53a48fa68e2372972c1098e820197bdd5f48774301d346467cbff8feacc48adabab1e0309a3d1586439d64e24afe3242c0ef78725d157bee57d456d1726fcb5ec1f36aa98f2c6fcb2b1c497bc7ea4a16f1886c79fdc8dcbbbf44b4d98d3df8b246114902fc2f71643415429f031a0f9d32242c029155aa32dd4f4c2f2c3286d4eaa0fff7720ddfb72adc6ed494ba5d6c5cdbda14431dbdae57f243719f56f4030154cd2bb0e29831d20d4732ff36480f5e2b3269848e8ae20d670a1bb893b046fe69894d8e6f374e50fe9000fa869804dcc1,gx-no-cache=1731440039273 HTTP/1.1" 200 30
190.171.143.106 - - [12/Nov/2024:16:35:38 -0300] "GET /cormun/servlet/prlicenciaspermisos?20033774,L,,MD,,gxPopupLevel%3D0%3B HTTP/1.1" 200 5530
190.171.143.106 - - [12/Nov/2024:16:35:43 -0300] "POST /cormun/servlet/solicitudot?gx-no-cache=1731440052086 HTTP/1.1" 200 30
190.171.143.106 - - [12/Nov/2024:16:35:43 -0300] "POST /cormun/servlet/solicitudot?gx-no-cache=1731440052105 HTTP/1.1" 200 1484
190.171.143.106 - - [12/Nov/2024:16:35:45 -0300] "POST /cormun/servlet/solicitudot?gx-no-cache=1731440054250 HTTP/1.1" 200 41
190.171.149.74 - - [12/Nov/2024:16:35:49 -0300] "GET /cormun/servlet/trlicencias? HTTP/1.1" 200 12613
190.171.143.82 - - [12/Nov/2024:16:36:07 -0300] "GET /cormun/servlet/solicitudotcontratos?INS,2019,0,21125297,9,2,2024,4770,SUBVGENERAL,202410,38,*, HTTP/1.1" 200 10078
190.171.143.82 - - [12/Nov/2024:16:36:07 -0300] "GET /cormun/static/gxcfg.js?20201215314017 HTTP/1.1" 200 953
190.171.143.82 - - [12/Nov/2024:16:36:07 -0300] "GET /cormun/static/solicitudotcontratos.js?20201215314661 HTTP/1.1" 200 43204
190.171.143.82 - - [12/Nov/2024:16:36:08 -0300] "GET /cormun/servlet/solicitudotcontratos?3a6b8f9f0d619afeab50728aff95b7395ec77dd02ccd2119f886233cd0f90acfad4d8840f66b6fd11babe09731df4544,gx-no-cache=1731440076858 HTTP/1.1" 200 30
190.171.143.82 - - [12/Nov/2024:16:36:08 -0300] "GET /cormun/servlet/solicitudotcontratos?3a6b8f9f0d619afeab50728aff95b739228e7c8037f0688ba780345201e56ef3ad4d8840f66b6fd11babe09731df4544,gx-no-cache=1731440076879 HTTP/1.1" 200 111
190.171.143.82 - - [12/Nov/2024:16:36:08 -0300] "GET /cormun/static/Shared/jqueryui/images/ui-bg_highlight-soft_100_c6c2c8_1x100.png HTTP/1.1" 404 1117
190.171.143.82 - - [12/Nov/2024:16:36:08 -0300] "GET /cormun/static/Shared/jqueryui/images/ui-icons_82798d_256x240.png HTTP/1.1" 404 1089
190.171.143.82 - - [12/Nov/2024:16:36:08 -0300] "GET /cormun/static/Shared/jqueryui/images/ui-bg_flat_55_994d53_40x100.png HTTP/1.1" 404 1097
190.171.143.82 - - [12/Nov/2024:16:36:08 -0300] "GET /cormun/static/Shared/jqueryui/images/ui-icons_ebccce_256x240.png HTTP/1.1" 404 1089
190.171.143.82 - - [12/Nov/2024:16:36:08 -0300] "GET /cormun/servlet/solicitudotcontratos?3a6b8f9f0d619afeab50728aff95b739a29b202ce08d3ac5c8858f3342d67ddb04c94c5b8095bede7a1028bbef6e8e6b76762187b673d04a343597e7a1070de74b13a88457a6d7593e773cbf09807bb3b709c67c21cb33a3d3227f1febe224a3,gx-no-cache=1731440076965 HTTP/1.1" 200 111
190.171.143.82 - - [12/Nov/2024:16:36:08 -0300] "GET /cormun/servlet/solicitudotcontratos?3a6b8f9f0d619afeab50728aff95b739944ae54b2fb57e08febdaed5db7cc66577585e5ae743e8a2196928e947a2ec22,gx-no-cache=1731440077000 HTTP/1.1" 200 30
190.171.143.82 - - [12/Nov/2024:16:36:08 -0300] "GET /cormun/servlet/solicitudotcontratos?3a6b8f9f0d619afeab50728aff95b739299e35f4fa84776531d9de87321f36bc9f0d62e83ebc5e5d59166dffb278308076762187b673d04a343597e7a1070de729c11d2ff57ac7e50e7c6a385b2452026aa9d200a343b0c27f3d879a5102b84fa421dfb9b756208e52c388730dbda900,gx-no-cache=1731440077016 HTTP/1.1" 200 30
190.171.143.82 - - [12/Nov/2024:16:36:08 -0300] "GET /cormun/servlet/solicitudotcontratos?3a6b8f9f0d619afeab50728aff95b739fa95b33a49c28877465acc062650fbf95136cd194ed318e044d830154c32411876762187b673d04a343597e7a1070de71bb18eaf0be344c594bc4aad225a8a1af85b31a6bad5ce194a7c9ac91f56cf297ef3498058dc286b7b2576a73a138b80,gx-no-cache=1731440077032 HTTP/1.1" 200 110
190.171.143.82 - - [12/Nov/2024:16:36:08 -0300] "POST /cormun/servlet/solicitudotcontratos?gx-no-cache=1731440077050 HTTP/1.1" 200 83
190.171.143.82 - - [12/Nov/2024:16:36:08 -0300] "GET /cormun/servlet/solicitudotcontratos?3a6b8f9f0d619afeab50728aff95b7399b57666819f447977f72385f3f6c65b584bb1573a67fa4fbed8e3b73ec9bf2ece92346732f169251ed3859367ccfbec19ea74e9eab7b3361a2a9d93423c884d81a358c1bacb4d4866521d9308532bde8f2871954c87373b02c17d59d94c198f5deb092940137a3fd9aaa679713503dc6d3c97a36fd10444ed05a4da1393429c7e14b5e4989f939cabb857fc1239dc45a46cd43558effcad30bbadf46aeef66ce,gx-no-cache=1731440077069 HTTP/1.1" 200 84
190.171.143.82 - - [12/Nov/2024:16:36:27 -0300] "POST /cormun/servlet/solicitudotcontratos?fa9d468e5170c40f1ceaf31a508203fd,INS,2019,0,21125297,9,2,2024,4770,SUBVGENERAL,202410,38,*,,gx-no-cache=1731440095808 HTTP/1.1" 200 90
190.171.143.82 - - [12/Nov/2024:16:36:27 -0300] "GET /cormun/servlet/hpexe_link HTTP/1.1" 200 1011
190.171.143.82 - - [12/Nov/2024:16:36:27 -0300] "GET /cormun/servlet/trcontratosolicitud HTTP/1.1" 200 15044
190.171.143.106 - - [12/Nov/2024:16:36:30 -0300] "GET /cormun/servlet/solicitudot?18604895f95273a9700716ea30d973dfda63104df93a707681ca5c62c627d72f9094b9c08397839ac1a8682ad28e28fd2e2d64c51e7c2c3f2004517b7c086299cd9be5db88076bb0d4103107f667f8bd0ba8690aeab45c30bb20797878031703821e746adb056213ec7ebc01056f00ab,gx-no-cache=1731440099149 HTTP/1.1" 200 110
190.171.143.106 - - [12/Nov/2024:16:36:30 -0300] "POST /cormun/servlet/solicitudot?gx-no-cache=1731440099184 HTTP/1.1" 200 72
190.171.143.106 - - [12/Nov/2024:16:36:30 -0300] "GET /cormun/servlet/solicitudot?18604895f95273a9700716ea30d973df2a6b40d62c405b46fde7fe8367b59c68a6c5e8ee56ea36dbca7dbe157a3e009d,gx-no-cache=1731440099202 HTTP/1.1" 200 30
190.171.143.106 - - [12/Nov/2024:16:36:30 -0300] "POST /cormun/servlet/solicitudot?gx-no-cache=1731440099216 HTTP/1.1" 200 34
190.171.143.106 - - [12/Nov/2024:16:36:30 -0300] "POST /cormun/servlet/solicitudot?2e224db83401e3ca9211c9e2c52430ec,INS,0,0,false,,gx-no-cache=1731440099233 HTTP/1.1" 200 93
190.171.143.106 - - [12/Nov/2024:16:36:30 -0300] "GET /cormun/servlet/hpexe_return? HTTP/1.1" 200 1000
190.171.143.106 - - [12/Nov/2024:16:36:30 -0300] "GET /cormun/servlet/trsolicitudot HTTP/1.1" 200 8938
190.171.143.106 - - [12/Nov/2024:16:36:40 -0300] "POST /cormun/servlet/trsolicitudot?2e224db83401e3ca9211c9e2c52430ec,gx-no-cache=1731440109577 HTTP/1.1" 200 107
190.171.143.106 - - [12/Nov/2024:16:36:40 -0300] "GET /cormun/servlet/trsolicitudadjuntos?2024,21879, HTTP/1.1" 200 6389
190.171.143.106 - - [12/Nov/2024:16:36:40 -0300] "GET /cormun/static/gxcfg.js?20201215574222 HTTP/1.1" 200 953
190.171.143.106 - - [12/Nov/2024:16:36:40 -0300] "GET /cormun/static/trsolicitudadjuntos.js?20201215574932 HTTP/1.1" 200 17921
190.171.143.106 - - [12/Nov/2024:16:36:43 -0300] "GET /cormun/servlet/solicitudotadjuntos?INS,2024,21879,,1, HTTP/1.1" 200 6336
190.171.143.106 - - [12/Nov/2024:16:36:43 -0300] "GET /cormun/static/gxcfg.js?202211298385187 HTTP/1.1" 200 953
190.171.143.106 - - [12/Nov/2024:16:36:43 -0300] "GET /cormun/static/solicitudotadjuntos.js?202211298385196 HTTP/1.1" 200 11771
190.171.143.106 - - [12/Nov/2024:16:36:43 -0300] "GET /cormun/static/about:blank HTTP/1.1" 404 1011
190.171.143.106 - - [12/Nov/2024:16:36:44 -0300] "GET /cormun/servlet/solicitudotadjuntos?18604895f95273a9700716ea30d973df6bfbddfc9277cee8f68e535ea64dd558d96f12d6ce242ec6cdb4fe2bc51495a6,gx-no-cache=1731440113393 HTTP/1.1" 200 30
190.171.143.106 - - [12/Nov/2024:16:36:44 -0300] "POST /cormun/servlet/solicitudotadjuntos?2e224db83401e3ca9211c9e2c52430ec,INS,2024,21879,,1,,gx-no-cache=1731440113416 HTTP/1.1" 200 4178
190.171.143.106 - - [12/Nov/2024:16:36:46 -0300] "POST /cormun/servlet/solicitudotadjuntos?gx-no-cache=1731440115750 HTTP/1.1" 200 26
190.171.143.82 - - [12/Nov/2024:16:36:49 -0300] "GET /cormun/servlet/trcontratoobservaciondir? HTTP/1.1" 200 8240
190.171.143.82 - - [12/Nov/2024:16:36:49 -0300] "GET /cormun/static/gxcfg.js?20221129848537 HTTP/1.1" 200 953
190.171.143.82 - - [12/Nov/2024:16:36:49 -0300] "GET /cormun/static/trcontratoobservaciondir.js?20221129848696 HTTP/1.1" 200 27185
190.171.142.26 - - [12/Nov/2024:16:37:06 -0300] "POST /cormun/servlet/trlicencias?dcae130663043f668f7a6f01966f8aef,,gx-no-cache=1731440135096 HTTP/1.1" 200 6439
190.171.143.106 - - [12/Nov/2024:16:37:20 -0300] "GET /cormun/servlet/solicitudotadjuntos?18604895f95273a9700716ea30d973df8e23a09d9d34a090d402ead514d1a168,gx-no-cache=1731440149101 HTTP/1.1" 200 30
190.171.143.106 - - [12/Nov/2024:16:37:20 -0300] "GET /cormun/servlet/solicitudotadjuntos?18604895f95273a9700716ea30d973df8e23a09d9d34a090d402ead514d1a168,gx-no-cache=1731440149138 HTTP/1.1" 200 30
190.171.143.106 - - [12/Nov/2024:16:37:20 -0300] "POST /cormun/servlet/solicitudotadjuntos?2e224db83401e3ca9211c9e2c52430ec,INS,2024,21879,,1, HTTP/1.1" 200 116
190.171.143.106 - - [12/Nov/2024:16:37:20 -0300] "GET /cormun/servlet/hpexe_return? HTTP/1.1" 200 1018
190.171.143.106 - - [12/Nov/2024:16:37:20 -0300] "GET /cormun/servlet/trsolicitudadjuntos?2024,21879, HTTP/1.1" 200 9420
190.171.143.106 - - [12/Nov/2024:16:37:23 -0300] "GET /cormun/servlet/solicitudotadjuntos?INS,2024,21879,,1, HTTP/1.1" 200 6336
190.171.143.106 - - [12/Nov/2024:16:37:23 -0300] "GET /cormun/static/about:blank HTTP/1.1" 404 1011
190.171.143.106 - - [12/Nov/2024:16:37:23 -0300] "GET /cormun/servlet/solicitudotadjuntos?18604895f95273a9700716ea30d973df6bfbddfc9277cee8f68e535ea64dd558d96f12d6ce242ec6cdb4fe2bc51495a6,gx-no-cache=1731440152892 HTTP/1.1" 200 30
190.171.143.106 - - [12/Nov/2024:16:37:23 -0300] "POST /cormun/servlet/solicitudotadjuntos?2e224db83401e3ca9211c9e2c52430ec,INS,2024,21879,,1,,gx-no-cache=1731440152912 HTTP/1.1" 200 4178
190.171.143.106 - - [12/Nov/2024:16:37:26 -0300] "POST /cormun/servlet/solicitudotadjuntos?gx-no-cache=1731440155725 HTTP/1.1" 200 26
190.171.143.82 - - [12/Nov/2024:16:37:27 -0300] "GET /cormun/servlet/contratoobservaciondir?UPD,201709,1487,17279322,F-19, HTTP/1.1" 200 6355
190.171.143.82 - - [12/Nov/2024:16:37:27 -0300] "GET /cormun/static/gxcfg.js?20201215103626 HTTP/1.1" 200 953
190.171.143.82 - - [12/Nov/2024:16:37:27 -0300] "GET /cormun/static/contratoobservaciondir.js?2020121510382 HTTP/1.1" 200 15476
190.171.143.82 - - [12/Nov/2024:16:37:35 -0300] "POST /cormun/servlet/contratoobservaciondir?fa9d468e5170c40f1ceaf31a508203fd,UPD,201709,1487,17279322,F-19,,gx-no-cache=1731440164497 HTTP/1.1" 200 93
190.171.143.82 - - [12/Nov/2024:16:37:35 -0300] "GET /cormun/servlet/hpexe_return? HTTP/1.1" 200 1036
190.171.143.82 - - [12/Nov/2024:16:37:35 -0300] "GET /cormun/servlet/trcontratoobservaciondir HTTP/1.1" 200 8244
190.171.143.106 - - [12/Nov/2024:16:37:37 -0300] "GET /cormun/servlet/solicitudotadjuntos?18604895f95273a9700716ea30d973df8e23a09d9d34a090d402ead514d1a168,gx-no-cache=1731440166533 HTTP/1.1" 200 30
190.171.143.106 - - [12/Nov/2024:16:37:37 -0300] "GET /cormun/servlet/solicitudotadjuntos?18604895f95273a9700716ea30d973df8e23a09d9d34a090d402ead514d1a168,gx-no-cache=1731440166543 HTTP/1.1" 200 30
190.171.143.106 - - [12/Nov/2024:16:37:37 -0300] "POST /cormun/servlet/solicitudotadjuntos?2e224db83401e3ca9211c9e2c52430ec,INS,2024,21879,,1, HTTP/1.1" 200 116
190.171.143.106 - - [12/Nov/2024:16:37:37 -0300] "GET /cormun/servlet/hpexe_return? HTTP/1.1" 200 1018
190.171.143.106 - - [12/Nov/2024:16:37:37 -0300] "GET /cormun/servlet/trsolicitudadjuntos?2024,21879, HTTP/1.1" 200 9676
190.171.143.106 - - [12/Nov/2024:16:37:41 -0300] "GET /cormun/servlet/solicitudotadjuntos?INS,2024,21879,,1, HTTP/1.1" 200 6337
190.171.143.106 - - [12/Nov/2024:16:37:41 -0300] "GET /cormun/static/about:blank HTTP/1.1" 404 1011
190.171.143.106 - - [12/Nov/2024:16:37:42 -0300] "GET /cormun/servlet/solicitudotadjuntos?18604895f95273a9700716ea30d973df6bfbddfc9277cee8f68e535ea64dd558d96f12d6ce242ec6cdb4fe2bc51495a6,gx-no-cache=1731440171304 HTTP/1.1" 200 30
190.171.143.106 - - [12/Nov/2024:16:37:42 -0300] "POST /cormun/servlet/solicitudotadjuntos?2e224db83401e3ca9211c9e2c52430ec,INS,2024,21879,,1,,gx-no-cache=1731440171324 HTTP/1.1" 200 4179
190.171.143.106 - - [12/Nov/2024:16:37:45 -0300] "POST /cormun/servlet/solicitudotadjuntos?gx-no-cache=1731440174581 HTTP/1.1" 200 26
190.171.143.82 - - [12/Nov/2024:16:37:46 -0300] "GET /cormun/servlet/trvisualizadoreventos? HTTP/1.1" 200 7065
190.171.143.82 - - [12/Nov/2024:16:37:46 -0300] "GET /cormun/static/gxcfg.js?202211298474834 HTTP/1.1" 200 953
190.171.143.82 - - [12/Nov/2024:16:37:46 -0300] "GET /cormun/static/Resources/PXToolsActionPrint.png HTTP/1.1" 200 404
190.171.143.82 - - [12/Nov/2024:16:37:46 -0300] "GET /cormun/static/trvisualizadoreventos.js?202211298474971 HTTP/1.1" 200 19318
190.171.143.106 - - [12/Nov/2024:16:37:51 -0300] "GET /cormun/servlet/solicitudotadjuntos?18604895f95273a9700716ea30d973df8e23a09d9d34a090d402ead514d1a168,gx-no-cache=1731440180813 HTTP/1.1" 200 30
190.171.143.106 - - [12/Nov/2024:16:37:51 -0300] "GET /cormun/servlet/solicitudotadjuntos?18604895f95273a9700716ea30d973df8e23a09d9d34a090d402ead514d1a168,gx-no-cache=1731440180823 HTTP/1.1" 200 30
190.171.143.106 - - [12/Nov/2024:16:37:51 -0300] "POST /cormun/servlet/solicitudotadjuntos?2e224db83401e3ca9211c9e2c52430ec,INS,2024,21879,,1, HTTP/1.1" 200 116
190.171.143.106 - - [12/Nov/2024:16:37:52 -0300] "GET /cormun/servlet/hpexe_return? HTTP/1.1" 200 1018
190.171.143.106 - - [12/Nov/2024:16:37:52 -0300] "GET /cormun/servlet/trsolicitudadjuntos?2024,21879, HTTP/1.1" 200 9930
190.171.143.82 - - [12/Nov/2024:16:37:54 -0300] "POST /cormun/servlet/trvisualizadoreventos?fa9d468e5170c40f1ceaf31a508203fd,,gx-no-cache=1731440183096 HTTP/1.1" 200 4289
190.171.143.106 - - [12/Nov/2024:16:37:55 -0300] "GET /cormun/servlet/solicitudotadjuntos?INS,2024,21879,,1, HTTP/1.1" 200 6337
190.171.143.106 - - [12/Nov/2024:16:37:55 -0300] "GET /cormun/static/about:blank HTTP/1.1" 404 1011
190.171.143.106 - - [12/Nov/2024:16:37:56 -0300] "GET /cormun/servlet/solicitudotadjuntos?18604895f95273a9700716ea30d973df6bfbddfc9277cee8f68e535ea64dd558d96f12d6ce242ec6cdb4fe2bc51495a6,gx-no-cache=1731440185408 HTTP/1.1" 200 30
190.171.143.106 - - [12/Nov/2024:16:37:56 -0300] "POST /cormun/servlet/solicitudotadjuntos?2e224db83401e3ca9211c9e2c52430ec,INS,2024,21879,,1,,gx-no-cache=1731440185425 HTTP/1.1" 200 4179
190.171.143.82 - - [12/Nov/2024:16:37:56 -0300] "GET /cormun/static/menuarrow.gif HTTP/1.1" 404 1015
190.171.143.106 - - [12/Nov/2024:16:37:59 -0300] "POST /cormun/servlet/solicitudotadjuntos?gx-no-cache=1731440188477 HTTP/1.1" 200 26
190.171.143.82 - - [12/Nov/2024:16:38:03 -0300] "POST /cormun/servlet/trvisualizadoreventos?fa9d468e5170c40f1ceaf31a508203fd,,gx-no-cache=1731440192215 HTTP/1.1" 200 4301
190.171.143.106 - - [12/Nov/2024:16:38:06 -0300] "GET /cormun/servlet/solicitudotadjuntos?18604895f95273a9700716ea30d973df8e23a09d9d34a090d402ead514d1a168,gx-no-cache=1731440195381 HTTP/1.1" 200 30
190.171.143.106 - - [12/Nov/2024:16:38:06 -0300] "GET /cormun/servlet/solicitudotadjuntos?18604895f95273a9700716ea30d973df8e23a09d9d34a090d402ead514d1a168,gx-no-cache=1731440195391 HTTP/1.1" 200 30
190.171.143.106 - - [12/Nov/2024:16:38:06 -0300] "POST /cormun/servlet/solicitudotadjuntos?2e224db83401e3ca9211c9e2c52430ec,INS,2024,21879,,1, HTTP/1.1" 200 116
190.171.143.106 - - [12/Nov/2024:16:38:06 -0300] "GET /cormun/servlet/hpexe_return? HTTP/1.1" 200 1018
190.171.143.106 - - [12/Nov/2024:16:38:06 -0300] "GET /cormun/servlet/trsolicitudadjuntos?2024,21879, HTTP/1.1" 200 10178
190.171.143.106 - - [12/Nov/2024:16:38:10 -0300] "GET /cormun/servlet/solicitudotadjuntos?INS,2024,21879,,1, HTTP/1.1" 200 6337
190.171.143.106 - - [12/Nov/2024:16:38:11 -0300] "GET /cormun/static/about:blank HTTP/1.1" 404 1011
190.171.143.106 - - [12/Nov/2024:16:38:11 -0300] "GET /cormun/servlet/solicitudotadjuntos?18604895f95273a9700716ea30d973df6bfbddfc9277cee8f68e535ea64dd558d96f12d6ce242ec6cdb4fe2bc51495a6,gx-no-cache=1731440200476 HTTP/1.1" 200 30
190.171.143.106 - - [12/Nov/2024:16:38:11 -0300] "POST /cormun/servlet/solicitudotadjuntos?2e224db83401e3ca9211c9e2c52430ec,INS,2024,21879,,1,,gx-no-cache=1731440200496 HTTP/1.1" 200 4179
190.171.143.106 - - [12/Nov/2024:16:38:14 -0300] "POST /cormun/servlet/solicitudotadjuntos?gx-no-cache=1731440203093 HTTP/1.1" 200 26
190.171.143.106 - - [12/Nov/2024:16:38:19 -0300] "GET /cormun/servlet/solicitudotadjuntos?18604895f95273a9700716ea30d973df8e23a09d9d34a090d402ead514d1a168,gx-no-cache=1731440208781 HTTP/1.1" 200 30
190.171.143.106 - - [12/Nov/2024:16:38:19 -0300] "GET /cormun/servlet/solicitudotadjuntos?18604895f95273a9700716ea30d973df8e23a09d9d34a090d402ead514d1a168,gx-no-cache=1731440208791 HTTP/1.1" 200 30
190.171.143.106 - - [12/Nov/2024:16:38:19 -0300] "POST /cormun/servlet/solicitudotadjuntos?2e224db83401e3ca9211c9e2c52430ec,INS,2024,21879,,1, HTTP/1.1" 200 116
190.171.143.106 - - [12/Nov/2024:16:38:19 -0300] "GET /cormun/servlet/hpexe_return? HTTP/1.1" 200 1018
190.171.143.106 - - [12/Nov/2024:16:38:20 -0300] "GET /cormun/servlet/trsolicitudadjuntos?2024,21879, HTTP/1.1" 200 10435
190.171.143.106 - - [12/Nov/2024:16:38:22 -0300] "GET /cormun/servlet/solicitudotadjuntos?INS,2024,21879,,1, HTTP/1.1" 200 6337
190.171.143.106 - - [12/Nov/2024:16:38:22 -0300] "GET /cormun/static/about:blank HTTP/1.1" 404 1011
190.171.143.106 - - [12/Nov/2024:16:38:23 -0300] "GET /cormun/servlet/solicitudotadjuntos?18604895f95273a9700716ea30d973df6bfbddfc9277cee8f68e535ea64dd558d96f12d6ce242ec6cdb4fe2bc51495a6,gx-no-cache=1731440212091 HTTP/1.1" 200 30
190.171.143.106 - - [12/Nov/2024:16:38:23 -0300] "POST /cormun/servlet/solicitudotadjuntos?2e224db83401e3ca9211c9e2c52430ec,INS,2024,21879,,1,,gx-no-cache=1731440212113 HTTP/1.1" 200 4179
190.171.143.106 - - [12/Nov/2024:16:38:25 -0300] "POST /cormun/servlet/solicitudotadjuntos?gx-no-cache=1731440214445 HTTP/1.1" 200 26
190.171.143.82 - - [12/Nov/2024:16:38:29 -0300] "GET /cormun/servlet/trlicencias? HTTP/1.1" 200 11148
190.171.143.106 - - [12/Nov/2024:16:38:29 -0300] "GET /cormun/servlet/solicitudotadjuntos?18604895f95273a9700716ea30d973df8e23a09d9d34a090d402ead514d1a168,gx-no-cache=1731440218942 HTTP/1.1" 200 30
190.171.143.106 - - [12/Nov/2024:16:38:30 -0300] "GET /cormun/servlet/solicitudotadjuntos?18604895f95273a9700716ea30d973df8e23a09d9d34a090d402ead514d1a168,gx-no-cache=1731440218951 HTTP/1.1" 200 30
190.171.143.106 - - [12/Nov/2024:16:38:30 -0300] "POST /cormun/servlet/solicitudotadjuntos?2e224db83401e3ca9211c9e2c52430ec,INS,2024,21879,,1, HTTP/1.1" 200 116
190.171.143.106 - - [12/Nov/2024:16:38:30 -0300] "GET /cormun/servlet/hpexe_return? HTTP/1.1" 200 1018
190.171.143.106 - - [12/Nov/2024:16:38:30 -0300] "GET /cormun/servlet/trsolicitudadjuntos?2024,21879, HTTP/1.1" 200 10592
190.171.143.106 - - [12/Nov/2024:16:38:32 -0300] "GET /cormun/servlet/solicitudotadjuntos?INS,2024,21879,,2, HTTP/1.1" 200 6334
190.171.143.106 - - [12/Nov/2024:16:38:32 -0300] "GET /cormun/static/about:blank HTTP/1.1" 404 1011
190.171.143.106 - - [12/Nov/2024:16:38:33 -0300] "GET /cormun/servlet/solicitudotadjuntos?18604895f95273a9700716ea30d973df6bfbddfc9277cee8f68e535ea64dd558d96f12d6ce242ec6cdb4fe2bc51495a6,gx-no-cache=1731440221991 HTTP/1.1" 200 30
190.171.143.106 - - [12/Nov/2024:16:38:33 -0300] "POST /cormun/servlet/solicitudotadjuntos?2e224db83401e3ca9211c9e2c52430ec,INS,2024,21879,,2,,gx-no-cache=1731440222011 HTTP/1.1" 200 4318
190.171.143.106 - - [12/Nov/2024:16:38:36 -0300] "POST /cormun/servlet/solicitudotadjuntos?gx-no-cache=1731440224973 HTTP/1.1" 200 26
190.171.149.74 - - [12/Nov/2024:16:38:39 -0300] "GET /cormun/servlet/trpermisosgoce? HTTP/1.1" 200 14885
190.171.143.106 - - [12/Nov/2024:16:38:40 -0300] "GET /cormun/servlet/solicitudotadjuntos?18604895f95273a9700716ea30d973df8e23a09d9d34a090d402ead514d1a168,gx-no-cache=1731440229726 HTTP/1.1" 200 30
190.171.143.106 - - [12/Nov/2024:16:38:40 -0300] "GET /cormun/servlet/solicitudotadjuntos?18604895f95273a9700716ea30d973df8e23a09d9d34a090d402ead514d1a168,gx-no-cache=1731440229735 HTTP/1.1" 200 30
190.171.143.106 - - [12/Nov/2024:16:38:40 -0300] "POST /cormun/servlet/solicitudotadjuntos?2e224db83401e3ca9211c9e2c52430ec,INS,2024,21879,,2, HTTP/1.1" 200 116
190.171.143.106 - - [12/Nov/2024:16:38:40 -0300] "GET /cormun/servlet/hpexe_return? HTTP/1.1" 200 1018
190.171.143.106 - - [12/Nov/2024:16:38:41 -0300] "GET /cormun/servlet/trsolicitudadjuntos?2024,21879, HTTP/1.1" 200 10756
190.171.152.114 - - [12/Nov/2024:16:39:03 -0300] "GET /cormun/servlet/hlogin HTTP/1.1" 200 1716
190.171.143.106 - - [12/Nov/2024:16:39:27 -0300] "GET /cormun/servlet/trsolicitudot? HTTP/1.1" 200 8943
190.171.143.106 - - [12/Nov/2024:16:39:32 -0300] "POST /cormun/servlet/trsolicitudot?2e224db83401e3ca9211c9e2c52430ec,,gx-no-cache=1731440281008 HTTP/1.1" 200 4875
190.171.143.106 - - [12/Nov/2024:16:39:32 -0300] "GET /cormun/static/Shared/jqueryui/images/ui-bg_highlight-soft_100_c6c2c8_1x100.png HTTP/1.1" 404 1117
190.171.143.106 - - [12/Nov/2024:16:39:32 -0300] "GET /cormun/static/Shared/jqueryui/images/ui-icons_82798d_256x240.png HTTP/1.1" 404 1089
190.171.143.106 - - [12/Nov/2024:16:39:32 -0300] "GET /cormun/static/Shared/jqueryui/images/ui-icons_8d78a5_256x240.png HTTP/1.1" 404 1089
190.171.143.106 - - [12/Nov/2024:16:39:32 -0300] "GET /cormun/static/Shared/jqueryui/images/ui-bg_flat_55_fafafa_40x100.png HTTP/1.1" 404 1097
190.171.143.106 - - [12/Nov/2024:16:39:32 -0300] "POST /cormun/servlet/trsolicitudot?2e224db83401e3ca9211c9e2c52430ec,,gx-no-cache=1731440281145 HTTP/1.1" 200 4619
190.171.143.106 - - [12/Nov/2024:16:39:53 -0300] "GET /cormun/servlet/trautorizarsolicitud? HTTP/1.1" 200 8825
190.171.143.106 - - [12/Nov/2024:16:39:53 -0300] "GET /cormun/static/gxcfg.js?202211298474254 HTTP/1.1" 200 953
190.171.143.106 - - [12/Nov/2024:16:39:53 -0300] "GET /cormun/static/trautorizarsolicitud.js?202211298474588 HTTP/1.1" 200 53909
190.171.143.106 - - [12/Nov/2024:16:40:04 -0300] "POST /cormun/servlet/trautorizarsolicitud?2e224db83401e3ca9211c9e2c52430ec,,gx-no-cache=1731440313184 HTTP/1.1" 200 4790
190.171.143.106 - - [12/Nov/2024:16:40:04 -0300] "POST /cormun/servlet/trautorizarsolicitud?2e224db83401e3ca9211c9e2c52430ec,,gx-no-cache=1731440313267 HTTP/1.1" 200 4535
190.171.143.106 - - [12/Nov/2024:16:41:18 -0300] "GET /cormun/servlet/trvisualizadoreventos? HTTP/1.1" 200 7053
190.171.143.106 - - [12/Nov/2024:16:41:18 -0300] "GET /cormun/static/gxcfg.js?202211298474834 HTTP/1.1" 200 953
190.171.143.106 - - [12/Nov/2024:16:41:18 -0300] "GET /cormun/static/Resources/PXToolsActionPrint.png HTTP/1.1" 200 404
190.171.143.106 - - [12/Nov/2024:16:41:18 -0300] "GET /cormun/static/trvisualizadoreventos.js?202211298474971 HTTP/1.1" 200 19318
190.171.143.106 - - [12/Nov/2024:16:41:34 -0300] "GET /cormun/servlet/trsolicitudcuentarbd? HTTP/1.1" 200 7036
190.171.143.106 - - [12/Nov/2024:16:41:34 -0300] "GET /cormun/static/gxcfg.js?201991422574133 HTTP/1.1" 200 953
190.171.143.106 - - [12/Nov/2024:16:41:34 -0300] "GET /cormun/static/trsolicitudcuentarbd.js?201991422574613 HTTP/1.1" 200 29350
190.171.143.106 - - [12/Nov/2024:16:41:35 -0300] "GET /cormun/static/Resources/Spanish/PXTools.css?2294816 HTTP/1.1" 200 100853
190.171.152.114 - - [12/Nov/2024:16:42:28 -0300] "POST /cormun/servlet/hlogin?2d90a324a543a3722df47f2a535edfc2,gx-no-cache=1731440457040 HTTP/1.1" 200 90
190.171.152.114 - - [12/Nov/2024:16:42:28 -0300] "GET /cormun/servlet/hpexe_link HTTP/1.1" 200 948
190.171.152.114 - - [12/Nov/2024:16:42:28 -0300] "GET /cormun/servlet/hhome HTTP/1.1" 200 4325
190.171.152.114 - - [12/Nov/2024:16:42:28 -0300] "GET /cormun/static/gxcfg.js?20201215495537 HTTP/1.1" 200 953
190.171.152.114 - - [12/Nov/2024:16:42:28 -0300] "GET /cormun/static/hhome.js?20201215495544 HTTP/1.1" 200 777
190.171.149.82 - - [12/Nov/2024:16:42:30 -0300] "GET /cormun/servlet/hlogin HTTP/1.1" 200 1712
190.171.149.82 - - [12/Nov/2024:16:42:31 -0300] "GET /favicon.ico HTTP/1.1" 200 21630
190.171.152.114 - - [12/Nov/2024:16:42:32 -0300] "GET /cormun/servlet/trlicencias? HTTP/1.1" 200 14559
190.171.149.82 - - [12/Nov/2024:16:42:33 -0300] "POST /cormun/servlet/hlogin?f286c4a8a0ac80a635d7893602020699,gx-no-cache=1731440462277 HTTP/1.1" 200 90
190.171.149.82 - - [12/Nov/2024:16:42:33 -0300] "GET /cormun/servlet/hpexe_link HTTP/1.1" 200 949
190.171.149.82 - - [12/Nov/2024:16:42:33 -0300] "GET /cormun/servlet/trlicencias HTTP/1.1" 200 10345
190.171.149.82 - - [12/Nov/2024:16:42:36 -0300] "GET /cormun/servlet/trpermisosgoce? HTTP/1.1" 200 16076
190.171.149.82 - - [12/Nov/2024:16:42:36 -0300] "GET /cormun/static/gxcfg.js?2020121631564 HTTP/1.1" 200 953
190.171.149.82 - - [12/Nov/2024:16:42:36 -0300] "GET /cormun/static/trpermisosgoce.js?2020121633681 HTTP/1.1" 200 35904
190.171.149.82 - - [12/Nov/2024:16:42:36 -0300] "GET /cormun//static/Resources/PXToolsGridUpdate.png HTTP/1.1" 200 470
190.171.149.82 - - [12/Nov/2024:16:42:36 -0300] "GET /cormun//static/Resources/PXToolsGridDelete.png HTTP/1.1" 200 538
190.171.149.82 - - [12/Nov/2024:16:42:40 -0300] "GET /cormun/servlet/permisogoce?INS,0,,, HTTP/1.1" 200 6793
190.171.149.82 - - [12/Nov/2024:16:42:40 -0300] "GET /cormun/static/gxcfg.js?20201215124560 HTTP/1.1" 200 953
190.171.149.82 - - [12/Nov/2024:16:42:40 -0300] "GET /cormun/static/Resources/prompt.gif HTTP/1.1" 200 902
190.171.149.82 - - [12/Nov/2024:16:42:40 -0300] "GET /cormun/static/permisogoce.js?20201215124939 HTTP/1.1" 200 27790
190.171.149.82 - - [12/Nov/2024:16:42:48 -0300] "GET /cormun/servlet/permisogoce?fc66c51f7918f3121195b7d2a8421c2cc628a306d63bbc0c3898f26e2b7c10e485ebdfe2e2a89b12c29406f057cdfcc747035ec74de06c535dbb0b83d7e7a7c2,gx-no-cache=1731440476889 HTTP/1.1" 200 78
154.213.184.43 - - [12/Nov/2024:16:43:24 -0300] "GET / HTTP/1.1" 200 11217
52.167.144.211 - - [12/Nov/2024:16:43:35 -0300] "GET /cormun/servlet/hlogin HTTP/1.1" 200 1714
190.95.15.15 - - [12/Nov/2024:16:43:44 -0300] "GET /cormun/servlet/trlicencias? HTTP/1.1" 200 6048
190.95.15.15 - - [12/Nov/2024:16:43:44 -0300] "GET /cormun/servlet/hlogin HTTP/1.1" 200 1733
190.95.15.15 - - [12/Nov/2024:16:43:52 -0300] "POST /cormun/servlet/hlogin?cd30637a14fa67c1d31fb79b67a97698,gx-no-cache=1731440541021 HTTP/1.1" 200 90
190.95.15.15 - - [12/Nov/2024:16:43:52 -0300] "GET /cormun/servlet/hpexe_link HTTP/1.1" 200 951
190.95.15.15 - - [12/Nov/2024:16:43:52 -0300] "GET /cormun/servlet/trlicencias HTTP/1.1" 200 12657
190.171.142.26 - - [12/Nov/2024:16:44:10 -0300] "POST /cormun/servlet/trlicencias?dcae130663043f668f7a6f01966f8aef,,gx-no-cache=1731440559845 HTTP/1.1" 200 6923
201.186.225.191 - - [12/Nov/2024:16:44:42 -0300] "GET /cormun/servlet/hlogin HTTP/1.1" 200 1722
201.186.225.191 - - [12/Nov/2024:16:44:42 -0300] "GET /favicon.ico HTTP/1.1" 200 21630
181.212.40.185 - - [12/Nov/2024:16:45:06 -0300] "GET /cormun/servlet/trpermisosgoce? HTTP/1.1" 200 6030
181.212.40.185 - - [12/Nov/2024:16:45:07 -0300] "GET /cormun/servlet/hlogin HTTP/1.1" 200 1738
181.212.40.185 - - [12/Nov/2024:16:45:17 -0300] "POST /cormun/servlet/hlogin?69d03d8e831d0a960e6e052c1ee30e1d,gx-no-cache=1731440626573 HTTP/1.1" 200 90
181.212.40.185 - - [12/Nov/2024:16:45:17 -0300] "GET /cormun/servlet/hpexe_link HTTP/1.1" 200 955
181.212.40.185 - - [12/Nov/2024:16:45:17 -0300] "GET /cormun/servlet/trpermisosgoce HTTP/1.1" 200 18764
181.212.40.185 - - [12/Nov/2024:16:45:23 -0300] "GET /cormun/servlet/trautorizarpermisogoce? HTTP/1.1" 200 7044
181.212.40.185 - - [12/Nov/2024:16:45:26 -0300] "GET /cormun/servlet/trpermisosgoce? HTTP/1.1" 200 18763
181.212.40.185 - - [12/Nov/2024:16:45:28 -0300] "GET /cormun/static/menuarrow.gif HTTP/1.1" 404 1015
181.212.40.185 - - [12/Nov/2024:16:45:35 -0300] "POST /cormun/servlet/trpermisosgoce?69d03d8e831d0a960e6e052c1ee30e1d,,gx-no-cache=1731440644720 HTTP/1.1" 200 15930
181.212.40.185 - - [12/Nov/2024:16:45:38 -0300] "POST /cormun/servlet/trpermisosgoce?69d03d8e831d0a960e6e052c1ee30e1d,,gx-no-cache=1731440647767 HTTP/1.1" 200 104
181.212.40.185 - - [12/Nov/2024:16:45:38 -0300] "GET /cormun/PermisosGoce-4636.xls HTTP/1.1" 200 101888
181.212.43.89 - - [12/Nov/2024:16:45:58 -0300] "GET /cormun/servlet/hlogin HTTP/1.1" 200 1719
181.212.43.89 - - [12/Nov/2024:16:46:03 -0300] "POST /cormun/servlet/hlogin?33916599671f6fccc08a8e732197a326,gx-no-cache=1731440671932 HTTP/1.1" 200 90
181.212.43.89 - - [12/Nov/2024:16:46:03 -0300] "GET /cormun/servlet/hpexe_link HTTP/1.1" 200 949
181.212.43.89 - - [12/Nov/2024:16:46:03 -0300] "GET /cormun/servlet/hhome HTTP/1.1" 200 4020
181.212.43.89 - - [12/Nov/2024:16:46:07 -0300] "GET /cormun/servlet/trlicencias? HTTP/1.1" 200 16284
190.171.153.26 - - [12/Nov/2024:16:47:57 -0300] "GET /cormun/servlet/hlogin HTTP/1.1" 200 1717
190.171.153.26 - - [12/Nov/2024:16:47:57 -0300] "GET /cormun/servlet/hlogin HTTP/1.1" 200 1728
190.171.153.26 - - [12/Nov/2024:16:48:04 -0300] "POST /cormun/servlet/hlogin?5e5629e8d8afff428c1e59b58a3249f3,gx-no-cache=1731444331998 HTTP/1.1" 200 90
190.171.153.26 - - [12/Nov/2024:16:48:04 -0300] "GET /cormun/servlet/hpexe_link HTTP/1.1" 200 948
190.171.153.26 - - [12/Nov/2024:16:48:04 -0300] "GET /cormun/servlet/hhome HTTP/1.1" 200 3967
190.171.153.26 - - [12/Nov/2024:16:48:06 -0300] "GET /cormun/servlet/trpermisosgoce? HTTP/1.1" 200 12929
190.171.153.26 - - [12/Nov/2024:16:48:09 -0300] "GET /cormun/servlet/permisogoce?INS,0,,, HTTP/1.1" 200 6831
190.171.153.26 - - [12/Nov/2024:16:48:29 -0300] "GET /cormun/servlet/permisogoce?259a39a60f6ebfb308557833100a1e3320d9ee73ec394d4b1e6a447e052975c8d1846cbd6f96e6adaceee10141b5f0df48b41d4f976e610103255bd0df4a793f,gx-no-cache=1731444357704 HTTP/1.1" 200 82
190.171.153.26 - - [12/Nov/2024:16:48:31 -0300] "GET /cormun/static/menuarrow.gif HTTP/1.1" 404 1015
190.171.153.26 - - [12/Nov/2024:16:48:37 -0300] "GET /cormun/servlet/permisogoce?259a39a60f6ebfb308557833100a1e33d3d71cb91739f84f613656549a4b3e4dfd016479de74803d4525a4aca5c1829dc12bc84a43e589c22c7b043228b6922a,gx-no-cache=1731444365271 HTTP/1.1" 200 47
190.171.153.26 - - [12/Nov/2024:16:48:39 -0300] "POST /cormun/servlet/permisogoce?5e5629e8d8afff428c1e59b58a3249f3,INS,0,,,,gx-no-cache=1731444367314 HTTP/1.1" 200 93
190.171.153.26 - - [12/Nov/2024:16:48:39 -0300] "GET /cormun/servlet/hpexe_return? HTTP/1.1" 200 1007
190.171.153.26 - - [12/Nov/2024:16:48:39 -0300] "GET /cormun/servlet/trpermisosgoce HTTP/1.1" 200 13243
190.171.153.26 - - [12/Nov/2024:16:48:42 -0300] "GET /cormun/servlet/apermisogoceprn?17134713,P,20241112164638,PU HTTP/1.1" 200 1658
190.171.153.26 - - [12/Nov/2024:16:48:59 -0300] "GET /cormun/servlet/permisogoce?INS,0,,, HTTP/1.1" 200 6831
190.171.153.26 - - [12/Nov/2024:16:49:16 -0300] "GET /cormun/servlet/permisogoce?259a39a60f6ebfb308557833100a1e33993830587b28a8c49d8f82d0d5bd454cd1846cbd6f96e6adaceee10141b5f0df48b41d4f976e610103255bd0df4a793f,gx-no-cache=1731444404935 HTTP/1.1" 200 79
201.186.225.191 - - [12/Nov/2024:16:49:17 -0300] "POST /cormun/servlet/hlogin?80059581786db2cba1f5680f9ce2b604,gx-no-cache=1731440867901 HTTP/1.1" 200 90
201.186.225.191 - - [12/Nov/2024:16:49:17 -0300] "GET /cormun/servlet/hpexe_link HTTP/1.1" 200 953
201.186.225.191 - - [12/Nov/2024:16:49:18 -0300] "GET /cormun/static/gxcfg.js?20221129847421 HTTP/1.1" 200 953
201.186.225.191 - - [12/Nov/2024:16:49:18 -0300] "GET /cormun/static/hpexe_link.js?20221129847423 HTTP/1.1" 200 625
201.186.225.191 - - [12/Nov/2024:16:49:18 -0300] "GET /cormun/static/Resources/Spanish/PXTools.css?8354383 HTTP/1.1" 200 100853
201.186.225.191 - - [12/Nov/2024:16:49:18 -0300] "GET /cormun/servlet/hhome HTTP/1.1" 200 4188
201.186.225.191 - - [12/Nov/2024:16:49:18 -0300] "GET /cormun/static/Shared/jqueryui/jquery-ui.min.css?1345370 HTTP/1.1" 200 30288
201.186.225.191 - - [12/Nov/2024:16:49:18 -0300] "GET /cormun/static/SmoothNavMenu/resources/ddsmoothmenu.css?1112540 HTTP/1.1" 200 2223
201.186.225.191 - - [12/Nov/2024:16:49:18 -0300] "GET /cormun/static/SmoothNavMenu/resources/ddsmoothmenu-v.css?1112540 HTTP/1.1" 200 1188
201.186.225.191 - - [12/Nov/2024:16:49:18 -0300] "GET /cormun/static/scaMessage/css/jquery.pnotify.default.css?1816380 HTTP/1.1" 200 1707
201.186.225.191 - - [12/Nov/2024:16:49:18 -0300] "GET /cormun/static/PXToolsJavascripts/pexe_autoreload.js HTTP/1.1" 200 1762
201.186.225.191 - - [12/Nov/2024:16:49:18 -0300] "GET /cormun/static/gxcfg.js?20201215495537 HTTP/1.1" 200 953
201.186.225.191 - - [12/Nov/2024:16:49:18 -0300] "GET /cormun/static/PXToolsJavascripts/pexe_cookies.js HTTP/1.1" 200 792
201.186.225.191 - - [12/Nov/2024:16:49:18 -0300] "GET /cormun/static/Resources/Spanish/PXTools.css?14345360 HTTP/1.1" 200 100853
201.186.225.191 - - [12/Nov/2024:16:49:18 -0300] "GET /cormun/static/PXToolsJavascripts/pexe_griddivfix.js HTTP/1.1" 200 6946
201.186.225.191 - - [12/Nov/2024:16:49:18 -0300] "GET /cormun/static/PXToolsJavascripts/pexe_windows.js HTTP/1.1" 200 15249
201.186.225.191 - - [12/Nov/2024:16:49:18 -0300] "GET /cormun/static/PXToolsJavascripts/pexe_link.js HTTP/1.1" 200 5671
201.186.225.191 - - [12/Nov/2024:16:49:18 -0300] "GET /cormun/static/PXToolsJavascripts/pexe_menudivfix.js HTTP/1.1" 200 333
201.186.225.191 - - [12/Nov/2024:16:49:18 -0300] "GET /cormun/static/PXToolsJavascripts/pexe_grid.js HTTP/1.1" 200 7559
201.186.225.191 - - [12/Nov/2024:16:49:18 -0300] "GET /cormun/static/PXToolsJavascripts/pexe_menus.js HTTP/1.1" 200 1286
201.186.225.191 - - [12/Nov/2024:16:49:18 -0300] "GET /cormun/static/PXToolsJavascripts/pexe_layers.js HTTP/1.1" 200 4114
201.186.225.191 - - [12/Nov/2024:16:49:18 -0300] "GET /cormun/static/PXToolsJavascripts/pexe_oav.js HTTP/1.1" 200 645
201.186.225.191 - - [12/Nov/2024:16:49:18 -0300] "GET /cormun/static/PXToolsJavascripts/pexe_oavdivfix.js HTTP/1.1" 200 639
201.186.225.191 - - [12/Nov/2024:16:49:18 -0300] "GET /cormun/static/PXToolsJavascripts/pexe_picture.js HTTP/1.1" 200 689
201.186.225.191 - - [12/Nov/2024:16:49:18 -0300] "GET /cormun/static/PXToolsJavascripts/pexe_scrolldiv.js HTTP/1.1" 200 4138
201.186.225.191 - - [12/Nov/2024:16:49:18 -0300] "GET /cormun/static/PXToolsJavascripts/pexe_popup.js HTTP/1.1" 200 15149
201.186.225.191 - - [12/Nov/2024:16:49:18 -0300] "GET /cormun/static/PXToolsJavascripts/pexe_tabdivfix.js HTTP/1.1" 200 898
201.186.225.191 - - [12/Nov/2024:16:49:18 -0300] "GET /cormun/static/PXToolsJavascripts/pexe_tabs.js HTTP/1.1" 200 3748
