190.171.144.234 - - [12/Nov/2024:15:37:18 -0300] "GET /cormun/servlet/permisogoce?2e61d7806e8f8ac6d5dea6b47a507d54c86429eb550e24de68e11c96bc323ca66644567e28b798de92afdd44dff8dd628a05974b1620b93e9f6814458e96eda505daca2256938b3d86d3f7abca94b5c13078f955de244f5af04d93b866fa8880a2642d8262895f912d12a1219dbf4049,gx-no-cache=1731436547420 HTTP/1.1" 200 84
190.171.143.82 - - [12/Nov/2024:15:37:19 -0300] "GET /cormun/servlet/permisogoce?ea551a5cfbbdb2116cb013d6ae8380448d4729f3a4a2d748af1ba1a839858b0e0e3d06cb286f63170f188a7d72c52788656049c74567093a3e9086a533c53cec,gx-no-cache=1731436548095 HTTP/1.1" 200 81
190.171.141.138 - - [12/Nov/2024:15:37:22 -0300] "POST /cormun/servlet/trlicencias?32e0134820855df4e660f08b40b37aad,,gx-no-cache=1731436551939 HTTP/1.1" 200 11200
190.171.144.234 - - [12/Nov/2024:15:37:23 -0300] "GET /cormun/servlet/permisogoce?2e61d7806e8f8ac6d5dea6b47a507d5487004a68312dbcd11e5009479d61e41d393e99ccd5964b85bb970d6eafb3c5a72ba768e1a578f34438b1c1632a1536c5,gx-no-cache=1731436552921 HTTP/1.1" 200 48
190.171.143.82 - - [12/Nov/2024:15:37:24 -0300] "POST /cormun/servlet/permisogoce?4ed5f091a6f25226e0f6c17b11f82612,INS,0,,,,gx-no-cache=1731436553067 HTTP/1.1" 200 93
190.171.143.82 - - [12/Nov/2024:15:37:24 -0300] "GET /cormun/servlet/hpexe_return? HTTP/1.1" 200 1031
190.171.143.82 - - [12/Nov/2024:15:37:24 -0300] "GET /cormun/servlet/trpermisosgoce?gx-no-cache=1731436349813 HTTP/1.1" 200 8957
190.171.141.138 - - [12/Nov/2024:15:37:26 -0300] "POST /cormun/servlet/trlicencias?32e0134820855df4e660f08b40b37aad,,gx-no-cache=1731436555355 HTTP/1.1" 200 11201
190.171.141.138 - - [12/Nov/2024:15:37:27 -0300] "POST /cormun/servlet/trlicencias?32e0134820855df4e660f08b40b37aad,,gx-no-cache=1731436556379 HTTP/1.1" 200 11200
190.171.141.138 - - [12/Nov/2024:15:37:28 -0300] "GET /cormun/static/menuarrow.gif HTTP/1.1" 404 1015
190.171.141.138 - - [12/Nov/2024:15:37:30 -0300] "POST /cormun/servlet/trlicencias?32e0134820855df4e660f08b40b37aad,,gx-no-cache=1731436559986 HTTP/1.1" 200 11200
190.171.141.138 - - [12/Nov/2024:15:37:31 -0300] "POST /cormun/servlet/trlicencias?32e0134820855df4e660f08b40b37aad,,gx-no-cache=1731436561058 HTTP/1.1" 200 11201
190.171.141.138 - - [12/Nov/2024:15:37:38 -0300] "GET /cormun/servlet/trpermisosgoce? HTTP/1.1" 200 13323
190.171.143.82 - - [12/Nov/2024:15:38:05 -0300] "GET /cormun/servlet/permisogoce?INS,0,,, HTTP/1.1" 200 7207
190.171.143.82 - - [12/Nov/2024:15:38:15 -0300] "GET /cormun/servlet/permisogoce?ea551a5cfbbdb2116cb013d6ae838044a40cae954822a799254af688a0d91e434c9ed0532b7eed89ece4a93a652036df32df7f611df438b5ee5edbd204371ba4,gx-no-cache=1731436604393 HTTP/1.1" 200 84
190.171.141.138 - - [12/Nov/2024:15:38:16 -0300] "GET /cormun/servlet/hlogin HTTP/1.1" 200 1720
190.171.141.138 - - [12/Nov/2024:15:38:20 -0300] "POST /cormun/servlet/hlogin?66fb04182b695ee9ce2391c1561bd1fd,gx-no-cache=1731436609381 HTTP/1.1" 200 90
190.171.141.138 - - [12/Nov/2024:15:38:20 -0300] "GET /cormun/servlet/hpexe_link HTTP/1.1" 200 948
190.171.141.138 - - [12/Nov/2024:15:38:20 -0300] "GET /cormun/servlet/hhome HTTP/1.1" 200 4475
190.171.141.138 - - [12/Nov/2024:15:38:26 -0300] "GET /cormun/servlet/trlicencias? HTTP/1.1" 200 13592
190.171.143.82 - - [12/Nov/2024:15:38:26 -0300] "GET /cormun/servlet/permisogoce?ea551a5cfbbdb2116cb013d6ae8380448156be7b4f5eba712fa945eed624d00bbb9470332e2070455e59b7e5580c059eee27119caccaabc2012377108290604863eb16d5706bfe1eedbcffe250b6df0b69e20d3c92cc901a0e4e3268e072c17ae7137361c2b5921f0db22be3b20ed100,gx-no-cache=1731436615574 HTTP/1.1" 200 83
190.171.144.234 - - [12/Nov/2024:15:38:32 -0300] "GET /cormun/servlet/permisogoce?2e61d7806e8f8ac6d5dea6b47a507d54c86429eb550e24de68e11c96bc323ca66644567e28b798de92afdd44dff8dd628a05974b1620b93e9f6814458e96eda505daca2256938b3d86d3f7abca94b5c13078f955de244f5af04d93b866fa8880a2642d8262895f912d12a1219dbf4049,gx-no-cache=1731436621862 HTTP/1.1" 200 84
190.171.144.234 - - [12/Nov/2024:15:38:33 -0300] "POST /cormun/servlet/permisogoce?613c300374caa5139d4033e316402eaa,INS,0,,,,gx-no-cache=1731436621937 HTTP/1.1" 200 93
190.171.144.234 - - [12/Nov/2024:15:38:33 -0300] "GET /cormun/servlet/hpexe_return? HTTP/1.1" 200 1007
190.171.144.234 - - [12/Nov/2024:15:38:33 -0300] "GET /cormun/servlet/trpermisosgoce HTTP/1.1" 200 13928
190.171.143.82 - - [12/Nov/2024:15:38:35 -0300] "GET /cormun/servlet/permisogoce?ea551a5cfbbdb2116cb013d6ae838044fe9fa8e9d4bbe6795acf86717b243bde66aa5607bc6c60e1d90d40399317bbe8289ce017ae743a47e025f63cdeb6e96d2b1fe161020e511301e8d16f0ae91a481b2d5b3c1860132df8af2ad56dbd96d64276756ff874a96165105a8c6345237d,gx-no-cache=1731436624165 HTTP/1.1" 200 84
190.171.144.234 - - [12/Nov/2024:15:38:41 -0300] "GET /cormun/servlet/apermisogoceprn?15113789,P,20241112153512,PU HTTP/1.1" 200 1655
190.171.143.82 - - [12/Nov/2024:15:38:43 -0300] "GET /cormun/servlet/permisogoce?ea551a5cfbbdb2116cb013d6ae838044041538f4e709cef0db1cbe3e6a91c49315ff507f0ddfdf23027f08efd5a99aaa615e3249a0afce27dd6db8be332745dea7c2dc4731a82bbdebb466488398ed0da9fb17527e677e2781c2aec7ad4546b792f9d7030c157079bbf549a8b585b3a1,gx-no-cache=1731436632726 HTTP/1.1" 200 80
190.171.143.82 - - [12/Nov/2024:15:38:50 -0300] "GET /cormun/servlet/permisogoce?ea551a5cfbbdb2116cb013d6ae8380447e84cb4b616e3476acd55ed7a38e19a9e37ccf00ac121f2b7f7fe16323fa79523d936761d8490735362ac20434106b8e8c65f1812e1705c289fb38177b0210e06f3fa536af531361ed78754b7e6417661587743aa68be97f6920fda04783df56,gx-no-cache=1731436638869 HTTP/1.1" 200 85
190.171.141.138 - - [12/Nov/2024:15:39:06 -0300] "POST /cormun/servlet/trlicencias?66fb04182b695ee9ce2391c1561bd1fd,,gx-no-cache=1731436655223 HTTP/1.1" 200 4448
190.171.141.138 - - [12/Nov/2024:15:39:12 -0300] "GET /cormun/servlet/trlicencias? HTTP/1.1" 200 7435
190.171.141.138 - - [12/Nov/2024:15:39:18 -0300] "GET /cormun/servlet/trlicencias? HTTP/1.1" 200 7435
190.171.141.138 - - [12/Nov/2024:15:39:23 -0300] "POST /cormun/servlet/trlicencias?66fb04182b695ee9ce2391c1561bd1fd,,gx-no-cache=1731436672558 HTTP/1.1" 200 11205
190.171.143.82 - - [12/Nov/2024:15:39:37 -0300] "GET /cormun/servlet/permisogoce?ea551a5cfbbdb2116cb013d6ae83804490fb4ecc0087cc433769bf83154ee2bf69cb832baa2447dbc065f7af6652101958f02df4564c818fabb4fb717804f5169002416a39ce205a452bb3e8d7b2446187f470928223c7c79de0cd32cc8d7396bf292b6db9d8ee9e798b5c53755f1e7fca091c1f8055a067c31d502863f3a8c0,gx-no-cache=1731436686492 HTTP/1.1" 200 85
190.171.143.82 - - [12/Nov/2024:15:39:48 -0300] "GET /cormun/servlet/permisogoce?ea551a5cfbbdb2116cb013d6ae8380447ff0a08cf9f0c610480b23f7014bd9d467b0a7e27e984aca2ef2dbd5c2344f7700f6ef4bab72abc19c309af26d72e22d2e75b7d7939d5cfc9a65d823a7a02363379ebb670b9447ca7f07f43eda070ec69bda826b073a433b9a4c9f4c1ee42a7d,gx-no-cache=1731436696925 HTTP/1.1" 200 86
190.171.143.82 - - [12/Nov/2024:15:39:58 -0300] "GET /cormun/servlet/permisogoce?ea551a5cfbbdb2116cb013d6ae838044ce34fbd37016f9058eaf1eeb1d7bd76dd48c81a61a5a477e8724abd2c5c6764a3603c5040dc18cb8d99ee9659d71911ecaabb50ad7695572abe296d5c7e7b2c4424abf50103f641460b15365fe2e8e1d3775b9337be32ea2b21bd0052bc3b7e8,gx-no-cache=1731436707244 HTTP/1.1" 200 82
190.171.143.82 - - [12/Nov/2024:15:40:04 -0300] "GET /cormun/servlet/permisogoce?ea551a5cfbbdb2116cb013d6ae838044172a637cb24c4ed16980c2f434fe7e8e37d69d85eeb3e5629176dcce4e620e42540d0ea4709ea1f3927f6bbb74ee85d2c28633b6789ff2ce431f65bc1ad622812e04f0b0394ed93dfed79ad54e128887af3a3d4c9870922bb761dee5219efbe8,gx-no-cache=1731436713620 HTTP/1.1" 200 87
190.171.143.82 - - [12/Nov/2024:15:40:12 -0300] "GET /cormun/servlet/permisogoce?ea551a5cfbbdb2116cb013d6ae83804499ca16e30a224fe69c18a7c5576aaffd6947c21158c64936b0aa346597c61b2023ec24eeba545d6d355b702ba923850a40f7481cb22ba24c436eff0678efdbc01ba2557f263b805e005cb214d4932d9b89488755dbb6f53f41b243e43a87589e,gx-no-cache=1731436721189 HTTP/1.1" 200 81
190.171.143.82 - - [12/Nov/2024:15:40:18 -0300] "GET /cormun/servlet/permisogoce?ea551a5cfbbdb2116cb013d6ae83804408c7a3af5739087207c14b2054e7b10138f96ade229a5486af8ad296da7147d7d83518867cabe4ede929c3d0091ad70ef0061867d183a5878dd117fee6f9b47583f9a43ac5b18d82271cb3fc9ce5d707,gx-no-cache=1731436727347 HTTP/1.1" 200 84
190.171.143.82 - - [12/Nov/2024:15:40:24 -0300] "GET /cormun/servlet/permisogoce?ea551a5cfbbdb2116cb013d6ae83804407d849579a4d23b7a3f3a8bd1c40fc3e024ed883bd3ecc95284ec6f780473c07385fab0ed287cd0a1460c1b4d0e9bd59e14b609728062964c3970d5e66ea47ac7b69f50696378c6b228c0132632190e30589a66e36a1ed321d283e27cc09a201,gx-no-cache=1731436733076 HTTP/1.1" 200 79
190.171.143.82 - - [12/Nov/2024:15:40:31 -0300] "GET /cormun/servlet/permisogoce?ea551a5cfbbdb2116cb013d6ae8380444ce92d5c5038aefef99d6d5c5d90c1fb968e7a078dc4d8d68eab332cec7a826ce4cb3d939ebd6cd89031814121b8a2469f062f48c039a6bbecd51b3de5ceb7075fde5c4069a1b28e943104775a3dfca5ca091c1f8055a067c31d502863f3a8c0,gx-no-cache=1731436740164 HTTP/1.1" 200 86
190.171.143.82 - - [12/Nov/2024:15:40:38 -0300] "GET /cormun/servlet/permisogoce?ea551a5cfbbdb2116cb013d6ae83804430d8623a6b98b573b0d1b64f22890c80a5d70089a9fb5e8ff062be8acd29ecab687a3c69dbcbdacbf5c6d9ff393ecfd8fac6e19ad7cb0fdc2caf96a2160934bf9075225bb39e76ce5052f70320e2bf2d237965c622afd588cd20381539597d40,gx-no-cache=1731436746780 HTTP/1.1" 200 81
190.171.143.82 - - [12/Nov/2024:15:40:46 -0300] "GET /cormun/servlet/permisogoce?ea551a5cfbbdb2116cb013d6ae838044763e2824553a0c62393cc90551174ca4465417061b27b0cbcd605f63e443edcc3e67284a41fbaf404068e027fae6ab98fa424e83e6eb314590fc4e33297c0d032c7d03279c5f17b13e1e90182118a0642ed49ff2479dcd8e6622ce0f2bd97c17,gx-no-cache=1731436754964 HTTP/1.1" 200 82
190.171.143.82 - - [12/Nov/2024:15:40:52 -0300] "GET /cormun/servlet/permisogoce?ea551a5cfbbdb2116cb013d6ae838044b5dccee472255946311068a57c3d4d6be3c7abbd1485a955bc73907f016f444e2b324c0203a822d3e35105f824622785e46e0d1916142b11af2a41343481b7fbf2683adf2739107171164927538431588337f7cc9c36a7a05f88575ebf90443d,gx-no-cache=1731436761325 HTTP/1.1" 200 80
190.171.143.82 - - [12/Nov/2024:15:41:00 -0300] "GET /cormun/servlet/permisogoce?ea551a5cfbbdb2116cb013d6ae83804476aa4298613e001b613d10be5a9af3ecf18836ae6403f602cd8af6ce280234fb252d32a8afac743b3a69396bdb2c4b97e6be7c0b387e8bd5e568ecf20498e55a34ac9082a307270d1516c0c8fc53ca6e,gx-no-cache=1731436769468 HTTP/1.1" 200 78
190.171.143.82 - - [12/Nov/2024:15:41:08 -0300] "GET /cormun/servlet/permisogoce?ea551a5cfbbdb2116cb013d6ae838044e161fd0c5ba308d2f9fb0a01ac22129821e8a031edb19dc86464ef9f20a798edd513f9644e64c93a2f255761714b6fa5bed8ab222046e8368f95a2e29201d5d1a3c7fd7310258a793c031848e40a9654,gx-no-cache=1731436777716 HTTP/1.1" 200 86
190.171.143.82 - - [12/Nov/2024:15:41:18 -0300] "GET /cormun/servlet/permisogoce?ea551a5cfbbdb2116cb013d6ae8380449187c422254cb2c975946fe72a2bd83e19653863c5ef1ce53a1be132fca2ec22ae99d0760fbc98fe509ae17fd1b754d2ac50e09f33d5adb8afda1696f4d091a663f4d7658fb5224c404d1326fe0584bae067c2780dee98f94df23dc69211a953,gx-no-cache=1731436787108 HTTP/1.1" 200 77
190.171.143.82 - - [12/Nov/2024:15:42:42 -0300] "GET /cormun/servlet/permisogoce?ea551a5cfbbdb2116cb013d6ae838044d8a6e00f2fee673654bf59b41f6adbcdbe67366cd233698145f8dc77bf0ef49ae97f8437b357e840a25983b74128e1b881b321e20e5d2ab84540116c8abdbb9be5620067387dcdfe78087b8e278b97ebca091c1f8055a067c31d502863f3a8c0,gx-no-cache=1731436871452 HTTP/1.1" 200 81
190.171.143.82 - - [12/Nov/2024:15:42:48 -0300] "GET /cormun/servlet/permisogoce?ea551a5cfbbdb2116cb013d6ae838044af6a4b3cbafb6f7d74a2182c7a6b7e922613d81cf2f51d8dd4750571a7b088f15b71c61bcd7a9077284bd316eb1fe159a83a4fab1c4aac680956ad882210b8acb20f843dfa1ec74d76ca702aa1923d76a6ce1a0fd2a6fb5a642f0a339b0435f1,gx-no-cache=1731436877763 HTTP/1.1" 200 78
190.171.141.138 - - [12/Nov/2024:15:42:53 -0300] "GET /cormun/servlet/trlicencias? HTTP/1.1" 200 13589
190.171.143.82 - - [12/Nov/2024:15:42:56 -0300] "GET /cormun/servlet/permisogoce?ea551a5cfbbdb2116cb013d6ae838044b13217502ffc258288a4c257d1ff074771652a7c2d54a63f954d7405e270d5300a4afa320eae277da847c77061208972998b4eaca082e5bbd0846103d14fc1dded2e61fe9873aeb547f66a8fe8534a3e,gx-no-cache=1731436884780 HTTP/1.1" 200 84
190.171.141.138 - - [12/Nov/2024:15:42:57 -0300] "POST /cormun/servlet/trlicencias?32e0134820855df4e660f08b40b37aad,,gx-no-cache=1731436886731 HTTP/1.1" 200 4451
190.171.141.138 - - [12/Nov/2024:15:42:59 -0300] "GET /cormun/static/menuarrow.gif HTTP/1.1" 404 1015
190.171.141.138 - - [12/Nov/2024:15:43:02 -0300] "POST /cormun/servlet/trlicencias?32e0134820855df4e660f08b40b37aad,,gx-no-cache=1731436891394 HTTP/1.1" 200 5982
190.171.143.82 - - [12/Nov/2024:15:43:02 -0300] "GET /cormun/servlet/permisogoce?ea551a5cfbbdb2116cb013d6ae8380443b7fdf4186e2d27f5ca801f0473746709f28ed16b273bb7fda79add952564558a61b7c03913840c165ef2b3283008a39c5c71f190c2a2d6cf760deaeaa7e800881ce5b702241bb55d8f1948b0baec01c9bda826b073a433b9a4c9f4c1ee42a7d,gx-no-cache=1731436890802 HTTP/1.1" 200 83
190.171.143.82 - - [12/Nov/2024:15:43:08 -0300] "GET /cormun/servlet/permisogoce?ea551a5cfbbdb2116cb013d6ae8380440a090e29472851c16e4014d7f6b3d26d49fa97e6724d792bb6606c8e16a988469111a225f7c07c178718f10c077f8f13e2130d02de54fa54b77db30fb64296148bc3ffd8eed62a948a90ecc801af9e5fdd7cf44f486671e2a1ce5f0dcbf0ea5b,gx-no-cache=1731436896788 HTTP/1.1" 200 81
190.171.143.82 - - [12/Nov/2024:15:43:13 -0300] "GET /cormun/servlet/permisogoce?ea551a5cfbbdb2116cb013d6ae838044c8cb53a0dac44e4621cd3602a7881b425e287e645ef6ef214f1123ca25dacec4503c3f9b30b5bc2bf0d195fb71a9fef41c2063c618a6d51972f95e518d119bbd9812cccf4acb5a342169f4ab3889cdc08695ca8992ba2a03f2e21daea81019f0,gx-no-cache=1731436902620 HTTP/1.1" 200 78
190.171.143.82 - - [12/Nov/2024:15:43:34 -0300] "GET /cormun/servlet/permisogoce?ea551a5cfbbdb2116cb013d6ae83804418f6a7f99fc66c9bf07bfc725e1d14bc0838620f42e6f5a6eb0443e643c10c7f2b89dddfc4ad24ba326490a3c43d9ffdf45685b18166295c6e78da795313cac4e85f20da488f86c80c13c4c3bfd89e4f,gx-no-cache=1731436923033 HTTP/1.1" 200 91
190.171.143.82 - - [12/Nov/2024:15:43:39 -0300] "GET /cormun/servlet/permisogoce?ea551a5cfbbdb2116cb013d6ae8380448e6faedd3253a2c52a3649247bd12402b4a5334a15c427304db2565509a9b5d55bd20cb0b15ddd1480482151ed537735c2fef2b6dc16a8ae7a689bb709454d846d9ea333f563664a37aa899ab102ceb7c66bebc774b46163103048367ae151b1a8e77c56244044b9760236a6cef84800,gx-no-cache=1731436928188 HTTP/1.1" 200 89
190.171.143.82 - - [12/Nov/2024:15:43:45 -0300] "GET /cormun/servlet/permisogoce?ea551a5cfbbdb2116cb013d6ae8380448efb86cd776911883f1b29ac9b276b0a91e734a5dfe7a5251850d2a6d38bc395a5f262a1910f9e5a967bdf143bee7d284a2c657d033083bc4cbfca9c2a263127452c3750cc7b6d7321aa1378700b6af1b0a389b20e74d7eac79677fe751d1ff72ed49ff2479dcd8e6622ce0f2bd97c17,gx-no-cache=1731436933745 HTTP/1.1" 200 82
200.54.107.2 - - [12/Nov/2024:15:43:56 -0300] "GET /cormun/servlet/hlogin HTTP/1.1" 200 1716
190.171.143.82 - - [12/Nov/2024:15:44:00 -0300] "GET /cormun/servlet/trpermisosgoce? HTTP/1.1" 200 8960
200.54.107.2 - - [12/Nov/2024:15:44:00 -0300] "GET /cormun/servlet/hlogin HTTP/1.1" 200 1727
200.54.107.2 - - [12/Nov/2024:15:44:04 -0300] "POST /cormun/servlet/hlogin?c1e0c70a3802b68f273ffbccdbb79d12,gx-no-cache=1731436953653 HTTP/1.1" 200 90
200.54.107.2 - - [12/Nov/2024:15:44:04 -0300] "GET /cormun/servlet/hpexe_link HTTP/1.1" 200 949
200.54.107.2 - - [12/Nov/2024:15:44:04 -0300] "GET /cormun/servlet/hhome HTTP/1.1" 200 4350
190.171.143.82 - - [12/Nov/2024:15:44:05 -0300] "POST /cormun/servlet/trpermisosgoce?4ed5f091a6f25226e0f6c17b11f82612,,gx-no-cache=1731436954220 HTTP/1.1" 200 15837
200.54.107.2 - - [12/Nov/2024:15:44:08 -0300] "GET /cormun/servlet/trlicencias? HTTP/1.1" 200 12891
200.54.107.2 - - [12/Nov/2024:15:44:14 -0300] "GET /cormun/servlet/trlicenciaspermisosadjuntos?14284689,20241112000000,L, HTTP/1.1" 200 6712
200.54.107.2 - - [12/Nov/2024:15:44:14 -0300] "GET /cormun/static/gxui/gxui-all.css?110300 HTTP/1.1" 200 2179
200.54.107.2 - - [12/Nov/2024:15:44:14 -0300] "GET /cormun/static/calendar-system.css?75620 HTTP/1.1" 200 5572
200.54.107.2 - - [12/Nov/2024:15:44:14 -0300] "GET /cormun/static/gxcfg.js?201991422445549 HTTP/1.1" 200 953
200.54.107.2 - - [12/Nov/2024:15:44:14 -0300] "GET /cormun/static/trlicenciaspermisosadjuntos.js?20199142244593 HTTP/1.1" 200 21036
200.54.107.2 - - [12/Nov/2024:15:44:14 -0300] "GET /cormun/static/Resources/Spanish/PXTools.css?2294816 HTTP/1.1" 200 100853
200.54.107.2 - - [12/Nov/2024:15:44:15 -0300] "GET /cormun/static/Shared/ext/resources/css/ext-all.css?205870 HTTP/1.1" 200 416045
200.54.107.2 - - [12/Nov/2024:15:44:18 -0300] "GET /cormun/servlet/licenciaspermisosadjuntos?INS,14284689,L,20241112000000,, HTTP/1.1" 200 6004
190.171.143.82 - - [12/Nov/2024:15:44:18 -0300] "GET /cormun/servlet/permisogoce?INS,0,,, HTTP/1.1" 200 7184
200.54.107.2 - - [12/Nov/2024:15:44:18 -0300] "GET /cormun/static/gxcfg.js?20201215114875 HTTP/1.1" 200 953
200.54.107.2 - - [12/Nov/2024:15:44:18 -0300] "GET /cormun/static/licenciaspermisosadjuntos.js?20201215114932 HTTP/1.1" 200 8760
200.54.107.2 - - [12/Nov/2024:15:44:18 -0300] "GET /cormun/static/about:blank HTTP/1.1" 404 1011
190.171.143.82 - - [12/Nov/2024:15:44:22 -0300] "GET /cormun/servlet/permisogoce?ea551a5cfbbdb2116cb013d6ae8380448e6faedd3253a2c52a3649247bd124020e3d06cb286f63170f188a7d72c52788656049c74567093a3e9086a533c53cec,gx-no-cache=1731436971419 HTTP/1.1" 200 89
190.171.143.82 - - [12/Nov/2024:15:44:27 -0300] "GET /cormun/servlet/permisogoce?ea551a5cfbbdb2116cb013d6ae8380448efb86cd776911883f1b29ac9b276b0a91e734a5dfe7a5251850d2a6d38bc395a5f262a1910f9e5a967bdf143bee7d284a2c657d033083bc4cbfca9c2a263127452c3750cc7b6d7321aa1378700b6af1b0a389b20e74d7eac79677fe751d1ff72ed49ff2479dcd8e6622ce0f2bd97c17,gx-no-cache=1731436975990 HTTP/1.1" 200 82
200.54.107.2 - - [12/Nov/2024:15:44:31 -0300] "POST /cormun/servlet/licenciaspermisosadjuntos?c1e0c70a3802b68f273ffbccdbb79d12,INS,14284689,L,20241112000000,, HTTP/1.1" 200 116
200.54.107.2 - - [12/Nov/2024:15:44:31 -0300] "GET /cormun/servlet/hpexe_return? HTTP/1.1" 200 1040
200.54.107.2 - - [12/Nov/2024:15:44:32 -0300] "GET /cormun/servlet/trlicenciaspermisosadjuntos?14284689,20241112000000,L, HTTP/1.1" 200 7249
200.54.107.2 - - [12/Nov/2024:15:44:36 -0300] "GET /cormun/servlet/trlicencias? HTTP/1.1" 200 12889
20.171.206.34 - - [12/Nov/2024:15:44:46 -0300] "GET /robots.txt HTTP/1.1" 404 981
190.171.143.82 - - [12/Nov/2024:15:45:08 -0300] "GET /cormun/servlet/permisogoce?ea551a5cfbbdb2116cb013d6ae8380447ad9f8cc1a1ceea4e4cf503e048ecd7da019a61346e319255d7d3d0ba2c39ae500f8549b13623b45e1d32c2d5eb8305c133098f7de5e1c7e5bbc6dec4c29da56c4b18dee28118162544cd5c0ced0f7140343e3e6b741aca3bbdeee24165057e4,gx-no-cache=1731437017045 HTTP/1.1" 200 65
190.171.143.82 - - [12/Nov/2024:15:45:20 -0300] "GET /cormun/servlet/permisogoce?ea551a5cfbbdb2116cb013d6ae83804490fb4ecc0087cc433769bf83154ee2bfc3c8218ee5b8e3cfa11286d782b786a0480924f2328630833949107c396f627e6bbaa7977623a962fa0ad100baa368dbfaeda0049fbd350f4e8e461bb78b7623,gx-no-cache=1731437028861 HTTP/1.1" 200 85
190.171.143.82 - - [12/Nov/2024:15:45:25 -0300] "GET /cormun/servlet/permisogoce?ea551a5cfbbdb2116cb013d6ae8380448d4729f3a4a2d748af1ba1a839858b0e67b0a7e27e984aca2ef2dbd5c2344f7700f6ef4bab72abc19c309af26d72e22d2e75b7d7939d5cfc9a65d823a7a02363379ebb670b9447ca7f07f43eda070ec69bda826b073a433b9a4c9f4c1ee42a7d,gx-no-cache=1731437033998 HTTP/1.1" 200 81
190.171.143.82 - - [12/Nov/2024:15:45:29 -0300] "GET /cormun/servlet/permisogoce?ea551a5cfbbdb2116cb013d6ae8380447ff0a08cf9f0c610480b23f7014bd9d4c223a5cb0ccedb1f948a517508c4a4f0dfd8ecbdaba8aa7ef6107f2eec949948680813e5ddf06936fe99600253db782d993f7915cc3bf0e22648caad60006a5e72abf262401c368f0d92ffe3119026d1,gx-no-cache=1731437038164 HTTP/1.1" 200 86
190.171.143.82 - - [12/Nov/2024:15:45:34 -0300] "GET /cormun/servlet/permisogoce?ea551a5cfbbdb2116cb013d6ae8380442d2fd43ea71f7a372b16c077e43da478d48c81a61a5a477e8724abd2c5c6764a3603c5040dc18cb8d99ee9659d71911ecaabb50ad7695572abe296d5c7e7b2c4424abf50103f641460b15365fe2e8e1d3775b9337be32ea2b21bd0052bc3b7e8,gx-no-cache=1731437043660 HTTP/1.1" 200 86
190.171.143.106 - - [12/Nov/2024:15:45:40 -0300] "GET /cormun/servlet/hhome HTTP/1.1" 200 3324
190.171.143.82 - - [12/Nov/2024:15:45:40 -0300] "GET /cormun/servlet/permisogoce?ea551a5cfbbdb2116cb013d6ae83804407f6f726b9d31d6d8df1d4cecf72c6319b7084d454e5b4c89ff322796c76f760fc8d64624c6ce44f09895a53a1edb0d121dd36ec26ee5db1c63c74f431c9cfad38063d2bf57b00b6f8cce577174e2521355cc22e078891a1f724066171cfe561,gx-no-cache=1731437049003 HTTP/1.1" 200 79
190.171.143.106 - - [12/Nov/2024:15:45:40 -0300] "GET /cormun/servlet/hlogin HTTP/1.1" 200 1734
190.171.143.106 - - [12/Nov/2024:15:45:45 -0300] "POST /cormun/servlet/hlogin?57db0b8065172b9071638c03d6262195,gx-no-cache=1731437054740 HTTP/1.1" 200 90
190.171.143.106 - - [12/Nov/2024:15:45:45 -0300] "GET /cormun/servlet/hpexe_link HTTP/1.1" 200 951
190.171.143.106 - - [12/Nov/2024:15:45:45 -0300] "GET /cormun/servlet/hhome HTTP/1.1" 200 4257
190.171.143.82 - - [12/Nov/2024:15:45:46 -0300] "GET /cormun/servlet/permisogoce?ea551a5cfbbdb2116cb013d6ae838044ffe7fd80f23377a25b146ab5dc5902343875ea0120deefd72abb0c72c13c63424115fd70347ceab7e9e1b19e8e6fa1f17f5b2ad266b8de0a6c51bb7c14e97515e5e8b1c75b26a76822bd867004e2bd7e3f881d0822c9e1ab11f103ddb00978e4,gx-no-cache=1731437054883 HTTP/1.1" 200 81
190.171.143.106 - - [12/Nov/2024:15:45:48 -0300] "GET /cormun/servlet/trlicencias? HTTP/1.1" 200 12643
190.171.143.82 - - [12/Nov/2024:15:45:51 -0300] "GET /cormun/servlet/permisogoce?ea551a5cfbbdb2116cb013d6ae838044d526ac67c191a46ad009690f61190cb5a8c2a0900d8051e23cbced27af5d965715a1cee4decebc1a45fd78c75c3410e71395f0d463447b8bc7bf55e6a354aefbcd90655b0b060e183d1594a9a43eec9a,gx-no-cache=1731437060772 HTTP/1.1" 200 82
190.171.143.82 - - [12/Nov/2024:15:45:56 -0300] "GET /cormun/servlet/permisogoce?ea551a5cfbbdb2116cb013d6ae8380447eeb24699b7ad5d9a00b75242f1726b51235da5b94347bd21d2aedb9b5a9033e7b8c5bfb0d921a82e496b268f7b31fdd9a829a6aee60e163aa2e2c8bd65056d61d5fe2f7944f8d3fae415dee21155d76a32e5814fcd98852aa25f3cdbd053991,gx-no-cache=1731437065459 HTTP/1.1" 200 84
190.171.143.106 - - [12/Nov/2024:15:46:02 -0300] "GET /cormun/servlet/trsolicitudot? HTTP/1.1" 200 7470
190.171.143.82 - - [12/Nov/2024:15:46:04 -0300] "GET /cormun/servlet/permisogoce?ea551a5cfbbdb2116cb013d6ae838044c1ca06f2ffd2ffe0706adf6c4fd71488a750f5fc564b1ee4ccb8ade30b0a6f369d9c32f376d83377b471fca5e90f6a904aa6a2164f7c3c85d841d6a60f0bef801663bf11a24d1fd583404b61c2675cbd,gx-no-cache=1731437073243 HTTP/1.1" 200 155
190.171.143.82 - - [12/Nov/2024:15:46:04 -0300] "GET /cormun/static/Shared/jqueryui/images/ui-bg_flat_55_994d53_40x100.png HTTP/1.1" 404 1097
190.171.143.82 - - [12/Nov/2024:15:46:04 -0300] "GET /cormun/static/Shared/jqueryui/images/ui-icons_82798d_256x240.png HTTP/1.1" 404 1089
190.171.143.82 - - [12/Nov/2024:15:46:04 -0300] "GET /cormun/static/Shared/jqueryui/images/ui-bg_highlight-soft_100_c6c2c8_1x100.png HTTP/1.1" 404 1117
190.171.143.82 - - [12/Nov/2024:15:46:04 -0300] "GET /cormun/static/Shared/jqueryui/images/ui-icons_ebccce_256x240.png HTTP/1.1" 404 1089
190.171.143.106 - - [12/Nov/2024:15:46:06 -0300] "GET /cormun/servlet/solicitudot?INS,0,0,false, HTTP/1.1" 200 16254
190.171.143.82 - - [12/Nov/2024:15:46:14 -0300] "GET /cormun/servlet/permisogoce?ea551a5cfbbdb2116cb013d6ae8380441ddfdfbbbbd950b726a8f204aae70129e50e797fecf0164fd9214f8fd1eeeb14b12c7746e1bfd00fec411f110ca9898f1b452e92ff3ee1ee5e9a3a3c79eef458121f9552b681e660c57104675eb9a53fe53953c393b9ff0d65aa620ea5b8052b,gx-no-cache=1731437083492 HTTP/1.1" 200 85
190.171.143.82 - - [12/Nov/2024:15:46:19 -0300] "GET /cormun/servlet/permisogoce?ea551a5cfbbdb2116cb013d6ae838044fb2ef24a76d4d90992631ee6522e4095081257acb14a8b499ac892e22694f2618c08eb5b09cb166824bd010a9dc235748a9d2391bdbd7538abfb738fb12ca7031736cf03b135fae1ce293625c98f0467ca717f4febfd4eb2d49514707503566f49ffd43619fe803c47d67487aef6ba39,gx-no-cache=1731437088563 HTTP/1.1" 200 81
190.171.143.82 - - [12/Nov/2024:15:46:27 -0300] "GET /cormun/servlet/permisogoce?ea551a5cfbbdb2116cb013d6ae838044c8cb53a0dac44e4621cd3602a7881b42433b2b1fc537bd8f06fcaf631b802260257b7d741d918f5e6be2f75be6a09771d083dfb6d631533741dd9f122bc2947c2d40c60626b23848c3325450b93e6c10955beee16917ef29b367ff12b1c340dc,gx-no-cache=1731437096059 HTTP/1.1" 200 78
190.171.143.82 - - [12/Nov/2024:15:46:41 -0300] "POST /cormun/servlet/permisogoce?4ed5f091a6f25226e0f6c17b11f82612,INS,0,,,,gx-no-cache=1731437109858 HTTP/1.1" 200 93
190.171.143.82 - - [12/Nov/2024:15:46:41 -0300] "GET /cormun/servlet/hpexe_return? HTTP/1.1" 200 1009
190.171.143.82 - - [12/Nov/2024:15:46:41 -0300] "GET /cormun/servlet/trpermisosgoce? HTTP/1.1" 200 18709
190.171.142.42 - - [12/Nov/2024:15:46:51 -0300] "GET /cormun/servlet/hlogin HTTP/1.1" 200 1713
190.171.142.42 - - [12/Nov/2024:15:46:51 -0300] "GET /cormun/servlet/hlogin HTTP/1.1" 200 1724
190.171.142.42 - - [12/Nov/2024:15:47:00 -0300] "POST /cormun/servlet/hlogin?dd13106d799608a7d526022a3c9777f1,gx-no-cache=1731437126899 HTTP/1.1" 200 90
190.171.142.42 - - [12/Nov/2024:15:47:00 -0300] "GET /cormun/servlet/hpexe_link HTTP/1.1" 200 945
190.171.142.42 - - [12/Nov/2024:15:47:00 -0300] "GET /cormun/servlet/hhome HTTP/1.1" 200 3904
190.171.142.42 - - [12/Nov/2024:15:47:07 -0300] "GET /cormun/servlet/trlicencias? HTTP/1.1" 200 13748
190.171.143.106 - - [12/Nov/2024:15:47:09 -0300] "POST /cormun/servlet/solicitudot?gx-no-cache=1731437138350 HTTP/1.1" 200 4039
190.171.143.106 - - [12/Nov/2024:15:47:09 -0300] "POST /cormun/servlet/solicitudot?57db0b8065172b9071638c03d6262195,INS,0,0,false,,gx-no-cache=1731437138471 HTTP/1.1" 200 12894
190.171.143.106 - - [12/Nov/2024:15:47:09 -0300] "GET /cormun/servlet/solicitudot?508e023a8d859b6903f19d45a3a627b24d6be287a63288673d07d912b848930a865d6a3e7fe27a15335287a1ac594d81,gx-no-cache=1731437138564 HTTP/1.1" 200 111
190.171.143.106 - - [12/Nov/2024:15:47:09 -0300] "GET /cormun/static/Shared/jqueryui/images/ui-icons_82798d_256x240.png HTTP/1.1" 404 1089
190.171.143.106 - - [12/Nov/2024:15:47:09 -0300] "GET /cormun/static/Shared/jqueryui/images/ui-bg_flat_55_994d53_40x100.png HTTP/1.1" 404 1097
190.171.143.106 - - [12/Nov/2024:15:47:09 -0300] "GET /cormun/static/Shared/jqueryui/images/ui-icons_ebccce_256x240.png HTTP/1.1" 404 1089
190.171.143.106 - - [12/Nov/2024:15:47:09 -0300] "GET /cormun/static/Shared/jqueryui/images/ui-bg_highlight-soft_100_c6c2c8_1x100.png HTTP/1.1" 404 1117
190.171.143.106 - - [12/Nov/2024:15:47:23 -0300] "POST /cormun/servlet/solicitudot?gx-no-cache=1731437152872 HTTP/1.1" 200 4042
190.171.143.106 - - [12/Nov/2024:15:47:24 -0300] "POST /cormun/servlet/solicitudot?57db0b8065172b9071638c03d6262195,INS,0,0,false,,gx-no-cache=1731437152993 HTTP/1.1" 200 12947
190.171.143.106 - - [12/Nov/2024:15:47:24 -0300] "GET /cormun/servlet/solicitudot?508e023a8d859b6903f19d45a3a627b207837faa951bbd0ffc9253fd436a81b9ddfbea45f7d61b22b4ce24212c1b68a1,gx-no-cache=1731437153094 HTTP/1.1" 200 30
200.54.107.2 - - [12/Nov/2024:15:47:24 -0300] "GET /cormun/servlet/trlicenciaspermisoslog?14284689,L,20241112000000, HTTP/1.1" 200 6571
200.54.107.2 - - [12/Nov/2024:15:47:24 -0300] "GET /cormun/static/gxcfg.js?201991422452353 HTTP/1.1" 200 953
200.54.107.2 - - [12/Nov/2024:15:47:24 -0300] "GET /cormun/static/trlicenciaspermisoslog.js?201991422452676 HTTP/1.1" 200 20074
200.54.107.2 - - [12/Nov/2024:15:47:28 -0300] "GET /cormun/servlet/trlicencias? HTTP/1.1" 200 12889
40.77.167.25 - - [12/Nov/2024:15:47:30 -0300] "GET /cormun/servlet/hlogin HTTP/1.1" 200 1718
190.171.142.42 - - [12/Nov/2024:15:47:47 -0300] "GET /cormun/static/menuarrow.gif HTTP/1.1" 404 1015
190.171.142.42 - - [12/Nov/2024:15:48:13 -0300] "POST /cormun/servlet/trlicencias?dd13106d799608a7d526022a3c9777f1,,gx-no-cache=1731437199991 HTTP/1.1" 200 6437
190.171.143.82 - - [12/Nov/2024:15:49:05 -0300] "GET /cormun/servlet/trlicencias? HTTP/1.1" 200 11155
190.171.143.106 - - [12/Nov/2024:15:49:47 -0300] "GET /cormun/servlet/solicitudot?508e023a8d859b6903f19d45a3a627b2dec1dea11fcf78d66068e625441011f0e3fddc3254ab87948aaaec6a23e085aaa4e68ae1e904b663986d0063db844e82,gx-no-cache=1731437296825 HTTP/1.1" 200 30
190.171.143.106 - - [12/Nov/2024:15:49:47 -0300] "GET /cormun/servlet/solicitudot?508e023a8d859b6903f19d45a3a627b2c1e172fa982f5b2f4b4ca6eaf4fb6401,gx-no-cache=1731437296847 HTTP/1.1" 200 53
190.171.143.106 - - [12/Nov/2024:15:49:47 -0300] "POST /cormun/servlet/solicitudot?gx-no-cache=1731437296872 HTTP/1.1" 200 297
190.171.143.106 - - [12/Nov/2024:15:49:47 -0300] "GET /cormun/servlet/solicitudot?508e023a8d859b6903f19d45a3a627b292c834d87ddcdc476996d7bdf245abc35e73c99eb42eb9f06b77a2a2525bf386081d9058cbb142dc0c86ebe7180eed043f587c3598c786fae147bbc7cd6be370220fb5045d253e6fe0fef9f716947bba69938f8619b1831824e0310398c029b9a3eb3f6745f811616f7bd7f5073a831244ca4c71d45eaa0898db8b8ff422b40c0609bebd04f521ee2926563f6f3e4984efebbd91eb8351fb8a4b94e32db0de5e383b052f788b25c843df9206af5f4be6b08570fb8d2ee4b0cf7e5c1fafc3088ff88e51ff3faed069789a317ef492a53cfb4b2bb6b939cf1d2b21cc37aacc5fc61226fbab02c0623ccdbb5d02cad300fe05b2de028b6935002c957b1bd5d00ad9872bf4ebf5e8b0b3d73f645c9c29dc9aa448827845727bbdb240ca034636ba49310b1ae31b1e15a657de8a041766e2a4ec73d8255afeb80afdc95e6c8a8ac1591380f14bd6707b9c10d8900fbbe555d53cc74193fd756248f7075698bc0ae723f63b9da19b0fdd8a4c888f224b12aeda863cbe3a3cae303b121f1437a92977fe,gx-no-cache=1731437296890 HTTP/1.1" 200 30
190.171.143.106 - - [12/Nov/2024:15:49:47 -0300] "POST /cormun/servlet/solicitudot?gx-no-cache=1731437296905 HTTP/1.1" 200 30
190.171.143.106 - - [12/Nov/2024:15:49:47 -0300] "POST /cormun/servlet/solicitudot?gx-no-cache=1731437296922 HTTP/1.1" 200 1479
190.171.143.106 - - [12/Nov/2024:15:49:47 -0300] "POST /cormun/servlet/solicitudot?gx-no-cache=1731437296945 HTTP/1.1" 200 38
190.171.143.106 - - [12/Nov/2024:15:49:47 -0300] "GET /cormun/servlet/solicitudot?508e023a8d859b6903f19d45a3a627b23dbac768f14203f1067d19f9c8ffba23eacd72c76a30f28d4f5e1a39a9ee4dfcfb49025c5fa137c384c9ab30c2b66a88876b8688d2f45fe540855b406f1a8d1317049934b41191f054197d6516f1481ee5950970490eb624cd431e392fdf7177,gx-no-cache=1731437296960 HTTP/1.1" 200 110
190.171.143.106 - - [12/Nov/2024:15:49:48 -0300] "POST /cormun/servlet/solicitudot?gx-no-cache=1731437296980 HTTP/1.1" 200 64
190.171.143.106 - - [12/Nov/2024:15:49:48 -0300] "GET /cormun/servlet/solicitudot?508e023a8d859b6903f19d45a3a627b2afeadfc95c8a22ab40fe0fa4e3f8d293926e94ffd50c67c255751321c679b0de0fd5374a28189029ed3e726f69efc08148653c15f9f624a8d12682c31a600b71378322bd1b8316d8273645a718dc85de58c65bf76e71fd8a97a6c23e6853a614,gx-no-cache=1731437297001 HTTP/1.1" 200 29
190.171.143.106 - - [12/Nov/2024:15:49:48 -0300] "GET /cormun/servlet/solicitudot?508e023a8d859b6903f19d45a3a627b2e4149e65cf51749f3a08eb28f4440296,gx-no-cache=1731437297016 HTTP/1.1" 200 30
190.171.143.106 - - [12/Nov/2024:15:49:48 -0300] "POST /cormun/servlet/solicitudot?gx-no-cache=1731437297042 HTTP/1.1" 200 30
190.171.143.106 - - [12/Nov/2024:15:49:48 -0300] "POST /cormun/servlet/solicitudot?gx-no-cache=1731437297351 HTTP/1.1" 200 30
190.171.143.106 - - [12/Nov/2024:15:49:48 -0300] "POST /cormun/servlet/solicitudot?gx-no-cache=1731437297375 HTTP/1.1" 200 1479
190.171.143.106 - - [12/Nov/2024:15:49:48 -0300] "POST /cormun/servlet/solicitudot?gx-no-cache=1731437297404 HTTP/1.1" 200 38
190.171.143.106 - - [12/Nov/2024:15:49:48 -0300] "GET /cormun/servlet/solicitudot?508e023a8d859b6903f19d45a3a627b23dbac768f14203f1067d19f9c8ffba23eacd72c76a30f28d4f5e1a39a9ee4dfcfb49025c5fa137c384c9ab30c2b66a88876b8688d2f45fe540855b406f1a8d1317049934b41191f054197d6516f1481ee5950970490eb624cd431e392fdf7177,gx-no-cache=1731437297425 HTTP/1.1" 200 110
190.171.143.106 - - [12/Nov/2024:15:49:48 -0300] "POST /cormun/servlet/solicitudot?gx-no-cache=1731437297450 HTTP/1.1" 200 64
190.171.143.106 - - [12/Nov/2024:15:49:48 -0300] "GET /cormun/servlet/solicitudot?508e023a8d859b6903f19d45a3a627b2e4149e65cf51749f3a08eb28f4440296,gx-no-cache=1731437297486 HTTP/1.1" 200 30
190.171.143.106 - - [12/Nov/2024:15:49:48 -0300] "POST /cormun/servlet/solicitudot?gx-no-cache=1731437297503 HTTP/1.1" 200 30
190.171.141.138 - - [12/Nov/2024:15:50:08 -0300] "GET /cormun/servlet/trlicencias? HTTP/1.1" 200 8850
190.171.143.106 - - [12/Nov/2024:15:50:12 -0300] "POST /cormun/servlet/solicitudot?gx-no-cache=1731437321589 HTTP/1.1" 200 255
190.171.141.138 - - [12/Nov/2024:15:50:13 -0300] "POST /cormun/servlet/trlicencias?32e0134820855df4e660f08b40b37aad,,gx-no-cache=1731437322420 HTTP/1.1" 200 17317
190.171.143.106 - - [12/Nov/2024:15:50:15 -0300] "GET /cormun/servlet/solicitudot?508e023a8d859b6903f19d45a3a627b292c834d87ddcdc476996d7bdf245abc30ac63b06cde6f8a62173fed665c59b90081d9058cbb142dc0c86ebe7180eed043f587c3598c786fae147bbc7cd6be370220fb5045d253e6fe0fef9f716947bba69938f8619b1831824e0310398c029b9a3eb3f6745f811616f7bd7f5073a831244ca4c71d45eaa0898db8b8ff422b40c0609bebd04f521ee2926563f6f3e4984efebbd91eb8351fb8a4b94e32db0de5e383b052f788b25c843df9206af5f4be6b08570fb8d2ee4b0cf7e5c1fafc3088ff88e51ff3faed069789a317ef492a53cfb4b2bb6b939cf1d2b21cc37aacc5fc60c872255ad22b0cf487c46971c42646d05b2de028b6935002c957b1bd5d00ad9f3304db5248868b4832ee1e46f97d7cc473df7cbf0448ec08048ed84c272350135a3c68002d77e76e69246938f6d939744d1cdc1d50b7473445526a286b13fc1da165f238d629945c9d6714efec39a4c06be5c2be039e30c715f0f18bc6a40c6e47f86ec223497f22aa90a8588eb2e51,gx-no-cache=1731437324182 HTTP/1.1" 200 30
190.171.143.106 - - [12/Nov/2024:15:50:35 -0300] "POST /cormun/servlet/solicitudot?gx-no-cache=1731437344037 HTTP/1.1" 200 30
190.171.143.106 - - [12/Nov/2024:15:50:36 -0300] "POST /cormun/servlet/solicitudot?gx-no-cache=1731437345672 HTTP/1.1" 200 1479
190.171.143.106 - - [12/Nov/2024:15:50:36 -0300] "POST /cormun/servlet/solicitudot?gx-no-cache=1731437345705 HTTP/1.1" 200 38
190.171.143.106 - - [12/Nov/2024:15:50:51 -0300] "GET /cormun/servlet/solicitudot?508e023a8d859b6903f19d45a3a627b23dbac768f14203f1067d19f9c8ffba23eacd72c76a30f28d4f5e1a39a9ee4dfcfb49025c5fa137c384c9ab30c2b66a88876b8688d2f45fe540855b406f1a8d1317049934b41191f054197d6516f1481ee5950970490eb624cd431e392fdf7177,gx-no-cache=1731437360728 HTTP/1.1" 200 110
190.171.143.82 - - [12/Nov/2024:15:50:55 -0300] "GET /cormun/servlet/trpermisosgoce? HTTP/1.1" 200 18704
190.171.143.106 - - [12/Nov/2024:15:50:58 -0300] "POST /cormun/servlet/solicitudot?gx-no-cache=1731437367878 HTTP/1.1" 200 97
190.95.15.15 - - [12/Nov/2024:15:52:46 -0300] "GET /cormun/servlet/trlicencias? HTTP/1.1" 200 12796
190.171.141.90 - - [12/Nov/2024:15:53:33 -0300] "GET /cormun/servlet/trlicencias? HTTP/1.1" 200 6065
190.171.141.90 - - [12/Nov/2024:15:53:33 -0300] "GET /cormun/servlet/hlogin HTTP/1.1" 200 1733
190.171.141.90 - - [12/Nov/2024:15:53:38 -0300] "POST /cormun/servlet/hlogin?9a6a69dc73747647a4966356589e9cc4,gx-no-cache=1731437530486 HTTP/1.1" 200 90
190.171.141.90 - - [12/Nov/2024:15:53:38 -0300] "GET /cormun/servlet/hpexe_link HTTP/1.1" 200 952
190.171.141.90 - - [12/Nov/2024:15:53:38 -0300] "GET /cormun/servlet/trlicencias HTTP/1.1" 200 13116
190.171.143.106 - - [12/Nov/2024:15:53:52 -0300] "POST /cormun/servlet/solicitudot?gx-no-cache=1731437541140 HTTP/1.1" 200 30
20.171.206.187 - - [12/Nov/2024:15:54:11 -0300] "GET /cormun/servlet/hlogin HTTP/1.1" 200 1710
190.171.143.106 - - [12/Nov/2024:15:54:30 -0300] "GET /cormun/servlet/prlicenciaspermisos?20033774,L,,MD,,gxPopupLevel%3D0%3B HTTP/1.1" 200 5503
190.171.143.106 - - [12/Nov/2024:15:54:30 -0300] "GET /cormun/static/gxcfg.js?2020121559567 HTTP/1.1" 200 953
190.171.143.106 - - [12/Nov/2024:15:54:30 -0300] "GET /cormun/static/prlicenciaspermisos.js?2020121559821 HTTP/1.1" 200 13379
190.171.143.106 - - [12/Nov/2024:15:54:33 -0300] "POST /cormun/servlet/solicitudot?gx-no-cache=1731437582150 HTTP/1.1" 200 1484
190.171.143.106 - - [12/Nov/2024:15:54:45 -0300] "GET /cormun/servlet/prsolicitudot?17837663,,,,,MD,,gxPopupLevel%3D0%3B HTTP/1.1" 200 5614
190.171.143.106 - - [12/Nov/2024:15:54:45 -0300] "GET /cormun/static/gxcfg.js?20201215593468 HTTP/1.1" 200 953
190.171.143.106 - - [12/Nov/2024:15:54:45 -0300] "GET /cormun/static/prsolicitudot.js?20201215593721 HTTP/1.1" 200 13680
190.171.143.106 - - [12/Nov/2024:15:54:48 -0300] "POST /cormun/servlet/solicitudot?gx-no-cache=1731437597473 HTTP/1.1" 200 41
190.171.143.106 - - [12/Nov/2024:15:54:48 -0300] "GET /cormun/servlet/solicitudot?508e023a8d859b6903f19d45a3a627b23dbac768f14203f1067d19f9c8ffba23eacd72c76a30f28d4f5e1a39a9ee4dfcfb49025c5fa137c384c9ab30c2b66a88876b8688d2f45fe540855b406f1a8d1317049934b41191f054197d6516f1481ee5950970490eb624cd431e392fdf7177,gx-no-cache=1731437597487 HTTP/1.1" 200 110
190.171.143.106 - - [12/Nov/2024:15:54:48 -0300] "POST /cormun/servlet/solicitudot?gx-no-cache=1731437597501 HTTP/1.1" 200 72
190.171.143.106 - - [12/Nov/2024:15:54:48 -0300] "GET /cormun/servlet/solicitudot?508e023a8d859b6903f19d45a3a627b22139e759fad9e2d2209e6580b5efd6e7,gx-no-cache=1731437597515 HTTP/1.1" 200 30
190.171.143.106 - - [12/Nov/2024:15:55:04 -0300] "GET /cormun/servlet/prpersonalsolicitud?17837663,,,,,MD,,gxPopupLevel%3D0%3B HTTP/1.1" 200 5627
190.171.143.106 - - [12/Nov/2024:15:55:04 -0300] "GET /cormun/static/gxui/gxui-all.css?110300 HTTP/1.1" 200 2179
190.171.143.106 - - [12/Nov/2024:15:55:04 -0300] "GET /cormun/static/calendar-system.css?75620 HTTP/1.1" 200 5572
190.171.143.106 - - [12/Nov/2024:15:55:04 -0300] "GET /cormun/static/gxcfg.js?20199142022523 HTTP/1.1" 200 953
190.171.143.106 - - [12/Nov/2024:15:55:04 -0300] "GET /cormun/static/prpersonalsolicitud.js?20199142022764 HTTP/1.1" 200 13873
190.171.143.106 - - [12/Nov/2024:15:55:04 -0300] "GET /cormun/static/Resources/Spanish/PXTools.css?19172979 HTTP/1.1" 200 100853
190.171.143.106 - - [12/Nov/2024:15:55:04 -0300] "GET /cormun/static/Shared/ext/resources/css/ext-all.css?205870 HTTP/1.1" 200 416045
190.171.143.106 - - [12/Nov/2024:15:55:08 -0300] "POST /cormun/servlet/prpersonalsolicitud?57db0b8065172b9071638c03d6262195,17837663,,,,,MD,,gxPopupLevel%3D0%3B,gx-no-cache=1731437617405 HTTP/1.1" 200 3080
190.171.143.106 - - [12/Nov/2024:15:55:15 -0300] "POST /cormun/servlet/prpersonalsolicitud?57db0b8065172b9071638c03d6262195,17837663,,,,,MD,,gxPopupLevel%3D0%3B,gx-no-cache=1731437624661 HTTP/1.1" 200 3080
190.171.143.106 - - [12/Nov/2024:15:55:17 -0300] "GET /cormun/servlet/solicitudot?508e023a8d859b6903f19d45a3a627b23dbac768f14203f1067d19f9c8ffba23eacd72c76a30f28d4f5e1a39a9ee4dfcfb49025c5fa137c384c9ab30c2b66a88876b8688d2f45fe540855b406f1a8d1317049934b41191f054197d6516f1481ee5950970490eb624cd431e392fdf7177,gx-no-cache=1731437626192 HTTP/1.1" 200 110
190.171.143.106 - - [12/Nov/2024:15:55:28 -0300] "GET /cormun/static/menuarrow.gif HTTP/1.1" 404 1015
190.171.143.106 - - [12/Nov/2024:15:55:49 -0300] "GET /cormun/servlet/prsolicitudot?17837663,,,,,MD,,gxPopupLevel%3D0%3B HTTP/1.1" 200 5614
190.171.143.106 - - [12/Nov/2024:15:55:51 -0300] "GET /cormun/servlet/solicitudot?508e023a8d859b6903f19d45a3a627b23dbac768f14203f1067d19f9c8ffba23eacd72c76a30f28d4f5e1a39a9ee4dfcfb49025c5fa137c384c9ab30c2b66a88876b8688d2f45fe540855b406f1a8d1317049934b41191f054197d6516f1481ee5950970490eb624cd431e392fdf7177,gx-no-cache=1731437660854 HTTP/1.1" 200 110
190.171.143.106 - - [12/Nov/2024:15:55:51 -0300] "GET /cormun/servlet/solicitudot?508e023a8d859b6903f19d45a3a627b293354c23d2fd37218c5f706bf13e9cb7bbeaa04f77313f1bed6435f8e07f657f,gx-no-cache=1731437660870 HTTP/1.1" 200 134
190.171.143.106 - - [12/Nov/2024:15:57:07 -0300] "GET /cormun/servlet/prlicenciaspermisos?20033774,L,,MD,,gxPopupLevel%3D0%3B HTTP/1.1" 200 5503
190.171.143.106 - - [12/Nov/2024:15:57:13 -0300] "POST /cormun/servlet/solicitudot?gx-no-cache=1731437742572 HTTP/1.1" 200 30
190.171.143.106 - - [12/Nov/2024:15:57:13 -0300] "POST /cormun/servlet/solicitudot?gx-no-cache=1731437742591 HTTP/1.1" 200 1484
190.171.143.106 - - [12/Nov/2024:15:57:22 -0300] "GET /cormun/servlet/prlicenciaspermisos?20033774,L,,MD,,gxPopupLevel%3D0%3B HTTP/1.1" 200 5503
190.171.143.106 - - [12/Nov/2024:15:57:43 -0300] "POST /cormun/servlet/solicitudot?gx-no-cache=1731437772078 HTTP/1.1" 200 41
190.171.143.106 - - [12/Nov/2024:15:57:43 -0300] "GET /cormun/servlet/solicitudot?508e023a8d859b6903f19d45a3a627b23dbac768f14203f1067d19f9c8ffba23eacd72c76a30f28d4f5e1a39a9ee4dfcfb49025c5fa137c384c9ab30c2b66a88876b8688d2f45fe540855b406f1a8d1317049934b41191f054197d6516f1481ee5950970490eb624cd431e392fdf7177,gx-no-cache=1731437772100 HTTP/1.1" 200 110
190.171.143.106 - - [12/Nov/2024:15:57:43 -0300] "POST /cormun/servlet/solicitudot?gx-no-cache=1731437772117 HTTP/1.1" 200 67
190.171.143.106 - - [12/Nov/2024:15:57:58 -0300] "GET /cormun/servlet/solicitudot?508e023a8d859b6903f19d45a3a627b23dbac768f14203f1067d19f9c8ffba23eacd72c76a30f28d4f5e1a39a9ee4dfcfb49025c5fa137c384c9ab30c2b66a88876b8688d2f45fe540855b406f1a8d1317049934b41191f054197d6516f1481ee5950970490eb624cd431e392fdf7177,gx-no-cache=1731437787164 HTTP/1.1" 200 110
190.171.143.106 - - [12/Nov/2024:15:58:10 -0300] "GET /cormun/servlet/prlicenciaspermisos?20033774,L,,MD,,gxPopupLevel%3D0%3B HTTP/1.1" 200 5503
190.171.143.106 - - [12/Nov/2024:15:58:21 -0300] "GET /cormun/servlet/prsolicitudot?17837663,,,,,MD,,gxPopupLevel%3D0%3B HTTP/1.1" 200 5614
190.171.143.106 - - [12/Nov/2024:15:58:28 -0300] "POST /cormun/servlet/acontrolpreferencessavestate?None,TMIRANDA,true HTTP/1.1" 200 35
190.171.143.106 - - [12/Nov/2024:15:58:32 -0300] "GET /cormun/servlet/solicitudot?508e023a8d859b6903f19d45a3a627b23dbac768f14203f1067d19f9c8ffba23eacd72c76a30f28d4f5e1a39a9ee4dfcfb49025c5fa137c384c9ab30c2b66a88876b8688d2f45fe540855b406f1a8d1317049934b41191f054197d6516f1481ee5950970490eb624cd431e392fdf7177,gx-no-cache=1731437821800 HTTP/1.1" 200 110
190.171.143.106 - - [12/Nov/2024:15:58:32 -0300] "GET /cormun/servlet/solicitudot?508e023a8d859b6903f19d45a3a627b2d2ea989c9377983f05abef51f4b72f16df2522ad317b4882a224913798b8bde7,gx-no-cache=1731437821816 HTTP/1.1" 200 30
190.171.143.106 - - [12/Nov/2024:15:58:36 -0300] "GET /cormun/servlet/prcontratosol?17837663,,,,,MD,,gxPopupLevel%3D0%3B HTTP/1.1" 200 5640
190.171.143.106 - - [12/Nov/2024:15:58:36 -0300] "GET /cormun/static/gxcfg.js?202211298464198 HTTP/1.1" 200 953
190.171.143.106 - - [12/Nov/2024:15:58:36 -0300] "GET /cormun/static/prcontratosol.js?202211298464288 HTTP/1.1" 200 15806
190.171.143.106 - - [12/Nov/2024:15:58:40 -0300] "GET /cormun/servlet/prpersonalsolicitud?17837663,,,,,MD,,gxPopupLevel%3D0%3B HTTP/1.1" 200 5650
190.171.143.106 - - [12/Nov/2024:15:58:48 -0300] "GET /cormun/servlet/prfichaempleado?,MD,,gxPopupLevel%3D0%3B HTTP/1.1" 200 9302
190.171.143.106 - - [12/Nov/2024:15:58:48 -0300] "GET /cormun/static/gxcfg.js?20201215571085 HTTP/1.1" 200 953
190.171.143.106 - - [12/Nov/2024:15:58:48 -0300] "GET /cormun/static/prfichaempleado.js?20201215572193 HTTP/1.1" 200 16005
190.171.143.106 - - [12/Nov/2024:15:59:20 -0300] "POST /cormun/servlet/prfichaempleado?57db0b8065172b9071638c03d6262195,,MD,,gxPopupLevel%3D0%3B,gx-no-cache=1731437868480 HTTP/1.1" 200 6370
190.171.143.106 - - [12/Nov/2024:15:59:20 -0300] "GET /cormun/static/Resources/PXToolsGridFirst.gif HTTP/1.1" 200 379
190.171.143.106 - - [12/Nov/2024:15:59:20 -0300] "GET /cormun/static/Resources/PXToolsGridPrevious.gif HTTP/1.1" 200 369
190.171.143.106 - - [12/Nov/2024:15:59:20 -0300] "GET /cormun/static/Resources/PXToolsGridNext.gif HTTP/1.1" 200 369
190.171.143.106 - - [12/Nov/2024:15:59:20 -0300] "GET /cormun/static/Resources/PXToolsGridLast.gif HTTP/1.1" 200 370
190.171.143.106 - - [12/Nov/2024:15:59:28 -0300] "POST /cormun/servlet/prfichaempleado?57db0b8065172b9071638c03d6262195,,MD,,gxPopupLevel%3D0%3B,gx-no-cache=1731437877236 HTTP/1.1" 200 6331
190.171.143.106 - - [12/Nov/2024:15:59:32 -0300] "POST /cormun/servlet/prfichaempleado?57db0b8065172b9071638c03d6262195,,MD,,gxPopupLevel%3D0%3B,gx-no-cache=1731437881124 HTTP/1.1" 200 6331
190.171.143.106 - - [12/Nov/2024:15:59:37 -0300] "POST /cormun/servlet/prfichaempleado?57db0b8065172b9071638c03d6262195,,MD,,gxPopupLevel%3D0%3B,gx-no-cache=1731437886325 HTTP/1.1" 200 3190
190.171.143.106 - - [12/Nov/2024:15:59:42 -0300] "POST /cormun/servlet/prfichaempleado?57db0b8065172b9071638c03d6262195,,MD,,gxPopupLevel%3D0%3B,gx-no-cache=1731437891004 HTTP/1.1" 200 3190
190.171.143.106 - - [12/Nov/2024:15:59:58 -0300] "POST /cormun/servlet/prfichaempleado?57db0b8065172b9071638c03d6262195,,MD,,gxPopupLevel%3D0%3B,gx-no-cache=1731437907740 HTTP/1.1" 200 3175
190.171.143.106 - - [12/Nov/2024:16:00:08 -0300] "POST /cormun/servlet/prfichaempleado?57db0b8065172b9071638c03d6262195,,MD,,gxPopupLevel%3D0%3B,gx-no-cache=1731437917028 HTTP/1.1" 200 3184
190.171.143.106 - - [12/Nov/2024:16:00:19 -0300] "POST /cormun/servlet/prfichaempleado?57db0b8065172b9071638c03d6262195,,MD,,gxPopupLevel%3D0%3B,gx-no-cache=1731437928716 HTTP/1.1" 200 3175
190.171.143.106 - - [12/Nov/2024:16:00:27 -0300] "POST /cormun/servlet/prfichaempleado?57db0b8065172b9071638c03d6262195,,MD,,gxPopupLevel%3D0%3B,gx-no-cache=1731437936356 HTTP/1.1" 200 3174
181.212.43.89 - - [12/Nov/2024:16:00:30 -0300] "GET /cormun/servlet/hlogin HTTP/1.1" 200 1726
190.171.143.106 - - [12/Nov/2024:16:00:30 -0300] "POST /cormun/servlet/prfichaempleado?57db0b8065172b9071638c03d6262195,,MD,,gxPopupLevel%3D0%3B,gx-no-cache=1731437939661 HTTP/1.1" 200 3174
181.212.43.89 - - [12/Nov/2024:16:00:33 -0300] "POST /cormun/servlet/hlogin?a08d7a455b04c4753fbf9752b8fdea09,gx-no-cache=1731437941583 HTTP/1.1" 200 90
181.212.43.89 - - [12/Nov/2024:16:00:33 -0300] "GET /cormun/servlet/hpexe_link HTTP/1.1" 200 957
181.212.43.89 - - [12/Nov/2024:16:00:33 -0300] "GET /cormun/servlet/hhome HTTP/1.1" 200 4026
181.212.43.89 - - [12/Nov/2024:16:00:35 -0300] "GET /cormun/servlet/trlicencias? HTTP/1.1" 200 16287
190.171.143.106 - - [12/Nov/2024:16:00:39 -0300] "GET /cormun/servlet/solicitudot?508e023a8d859b6903f19d45a3a627b23dbac768f14203f1067d19f9c8ffba23eacd72c76a30f28d4f5e1a39a9ee4dfcfb49025c5fa137c384c9ab30c2b66a88876b8688d2f45fe540855b406f1a8d1317049934b41191f054197d6516f1481ee5950970490eb624cd431e392fdf7177,gx-no-cache=1731437948621 HTTP/1.1" 200 110
190.171.143.106 - - [12/Nov/2024:16:00:39 -0300] "POST /cormun/servlet/solicitudot?gx-no-cache=1731437948641 HTTP/1.1" 200 145
190.171.143.106 - - [12/Nov/2024:16:00:39 -0300] "POST /cormun/servlet/solicitudot?57db0b8065172b9071638c03d6262195,INS,0,0,false,,gx-no-cache=1731437948694 HTTP/1.1" 200 13444
190.171.143.106 - - [12/Nov/2024:16:01:10 -0300] "POST /cormun/servlet/solicitudot?gx-no-cache=1731437979813 HTTP/1.1" 200 257
190.171.143.106 - - [12/Nov/2024:16:01:12 -0300] "GET /cormun/servlet/solicitudot?508e023a8d859b6903f19d45a3a627b292c834d87ddcdc476996d7bdf245abc3500951379a16dfac990b6523cdd49b82081d9058cbb142dc0c86ebe7180eed043f587c3598c786fae147bbc7cd6be370220fb5045d253e6fe0fef9f716947bba69938f8619b1831824e0310398c029b9a3eb3f6745f811616f7bd7f5073a831244ca4c71d45eaa0898db8b8ff422b40c0609bebd04f521ee2926563f6f3e4984efebbd91eb8351fb8a4b94e32db0de5e383b052f788b25c843df9206af5f4be6b08570fb8d2ee4b0cf7e5c1fafc3088ff88e51ff3faed069789a317ef492a53cfb4b2bb6b939cf1d2b21cc37aacc5fc60c872255ad22b0cf487c46971c42646d05b2de028b6935002c957b1bd5d00ad9872bf4ebf5e8b0b3d73f645c9c29dc9aa448827845727bbdb240ca034636ba49310b1ae31b1e15a657de8a041766e2a4e7779e422e20f0c4dcc3a4a3158437563b03f456c0a29ad3222d0ee27881218b9c985d156549c2f3f08cb50049e45936050a3ee6cb320fbd9b9352c77fe0b30f,gx-no-cache=1731437981738 HTTP/1.1" 200 30
190.171.143.106 - - [12/Nov/2024:16:01:18 -0300] "POST /cormun/servlet/solicitudot?gx-no-cache=1731437987276 HTTP/1.1" 200 256
190.171.143.106 - - [12/Nov/2024:16:01:33 -0300] "GET /cormun/servlet/solicitudot?508e023a8d859b6903f19d45a3a627b292c834d87ddcdc476996d7bdf245abc30ac63b06cde6f8a62173fed665c59b90081d9058cbb142dc0c86ebe7180eed043f587c3598c786fae147bbc7cd6be370220fb5045d253e6fe0fef9f716947bba69938f8619b1831824e0310398c029b9a3eb3f6745f811616f7bd7f5073a831244ca4c71d45eaa0898db8b8ff422b40c0609bebd04f521ee2926563f6f3e4984efebbd91eb8351fb8a4b94e32db0de5e383b052f788b25c843df9206af5f4be6b08570fb8d2ee4b0cf7e5c1fafc3088ff88e51ff3faed069789a317ef492a53cfb4b2bb6b939cf1d2b21cc37aacc5fc60c872255ad22b0cf487c46971c42646d05b2de028b6935002c957b1bd5d00ad9f3304db5248868b4832ee1e46f97d7cc473df7cbf0448ec08048ed84c272350135a3c68002d77e76e69246938f6d939744d1cdc1d50b7473445526a286b13fc1da165f238d629945c9d6714efec39a4c06be5c2be039e30c715f0f18bc6a40c6e47f86ec223497f22aa90a8588eb2e51,gx-no-cache=1731438002068 HTTP/1.1" 200 30
190.171.143.106 - - [12/Nov/2024:16:01:36 -0300] "POST /cormun/servlet/solicitudot?gx-no-cache=1731438005184 HTTP/1.1" 200 30
190.171.143.106 - - [12/Nov/2024:16:01:45 -0300] "POST /cormun/servlet/solicitudot?gx-no-cache=1731438014232 HTTP/1.1" 200 30
190.171.143.106 - - [12/Nov/2024:16:01:47 -0300] "GET /cormun/servlet/prsolicitudot?17837663,,,,,MD,,gxPopupLevel%3D0%3B HTTP/1.1" 200 5638
190.171.143.106 - - [12/Nov/2024:16:01:49 -0300] "POST /cormun/servlet/solicitudot?gx-no-cache=1731438018821 HTTP/1.1" 200 1484
190.171.143.106 - - [12/Nov/2024:16:01:49 -0300] "POST /cormun/servlet/solicitudot?gx-no-cache=1731438018887 HTTP/1.1" 200 41
190.171.143.106 - - [12/Nov/2024:16:01:49 -0300] "GET /cormun/servlet/solicitudot?508e023a8d859b6903f19d45a3a627b23dbac768f14203f1067d19f9c8ffba23eacd72c76a30f28d4f5e1a39a9ee4dfcfb49025c5fa137c384c9ab30c2b66a88876b8688d2f45fe540855b406f1a8d1317049934b41191f054197d6516f1481ee5950970490eb624cd431e392fdf7177,gx-no-cache=1731438018902 HTTP/1.1" 200 110
190.171.143.106 - - [12/Nov/2024:16:01:49 -0300] "POST /cormun/servlet/solicitudot?gx-no-cache=1731438018917 HTTP/1.1" 200 67
186.103.159.204 - - [12/Nov/2024:16:02:02 -0300] "GET /cormun/servlet/licenciaspermisos?INS,0,,, HTTP/1.1" 200 6781
186.103.159.204 - - [12/Nov/2024:16:02:02 -0300] "GET /cormun/static/gxcfg.js?202012153173 HTTP/1.1" 200 953
186.103.159.204 - - [12/Nov/2024:16:02:02 -0300] "GET /cormun/static/licenciaspermisos.js?2020121532136 HTTP/1.1" 200 38753
186.103.159.204 - - [12/Nov/2024:16:02:03 -0300] "GET /cormun/servlet/hlogin HTTP/1.1" 200 1745
186.103.159.204 - - [12/Nov/2024:16:02:11 -0300] "POST /cormun/servlet/hlogin?a82d17ccb304688141225b48dedcae5f,gx-no-cache=1731438009263 HTTP/1.1" 200 457
190.171.143.106 - - [12/Nov/2024:16:02:13 -0300] "GET /cormun/servlet/prfichaempleado?,MD,,gxPopupLevel%3D0%3B HTTP/1.1" 200 9302
186.103.159.204 - - [12/Nov/2024:16:02:15 -0300] "POST /cormun/servlet/hlogin?a82d17ccb304688141225b48dedcae5f,gx-no-cache=1731438014018 HTTP/1.1" 200 90
