190.171.143.98 - - [12/Nov/2024:09:07:33 -0300] "POST /cormun/servlet/solicitudot?gx-no-cache=1731413163542 HTTP/1.1" 200 30
190.171.143.98 - - [12/Nov/2024:09:07:36 -0300] "POST /cormun/servlet/solicitudot?gx-no-cache=1731413166951 HTTP/1.1" 200 1481
190.171.143.98 - - [12/Nov/2024:09:07:36 -0300] "POST /cormun/servlet/solicitudot?gx-no-cache=1731413166974 HTTP/1.1" 200 41
190.171.143.98 - - [12/Nov/2024:09:07:36 -0300] "GET /cormun/servlet/solicitudot?c70a10efd010530d201358864c10a847dd11b7d00b0d1ac2d185a611b1582210f32902887e2ab6cf163bd6a3e18481e04b383264b2b5808d94925d48b7beaa04e4e32d8e63065f588c98c53cd43b60e6e4240623e9b385260c347e4afaf4e29cb3268b27750b8ae4da4496bf55acd433,gx-no-cache=1731413166989 HTTP/1.1" 200 110
190.171.143.98 - - [12/Nov/2024:09:07:36 -0300] "POST /cormun/servlet/solicitudot?gx-no-cache=1731413167007 HTTP/1.1" 200 97
190.171.143.98 - - [12/Nov/2024:09:07:38 -0300] "GET /cormun/servlet/solicitudot?c70a10efd010530d201358864c10a847705073ee4d0a57879874a97e05c03701e04fb9081a06087279cfb718ac9f9740,gx-no-cache=1731413168781 HTTP/1.1" 200 134
190.171.143.98 - - [12/Nov/2024:09:07:42 -0300] "POST /cormun/servlet/solicitudot?gx-no-cache=1731413172543 HTTP/1.1" 200 30
190.171.143.98 - - [12/Nov/2024:09:07:42 -0300] "POST /cormun/servlet/solicitudot?gx-no-cache=1731413172562 HTTP/1.1" 200 1481
190.171.143.98 - - [12/Nov/2024:09:07:42 -0300] "POST /cormun/servlet/solicitudot?gx-no-cache=1731413172590 HTTP/1.1" 200 41
190.171.143.98 - - [12/Nov/2024:09:07:42 -0300] "GET /cormun/servlet/solicitudot?c70a10efd010530d201358864c10a847dd11b7d00b0d1ac2d185a611b1582210f32902887e2ab6cf163bd6a3e18481e04b383264b2b5808d94925d48b7beaa04e4e32d8e63065f588c98c53cd43b60e6e4240623e9b385260c347e4afaf4e29cb3268b27750b8ae4da4496bf55acd433,gx-no-cache=1731413172604 HTTP/1.1" 200 110
190.171.143.98 - - [12/Nov/2024:09:07:42 -0300] "POST /cormun/servlet/solicitudot?gx-no-cache=1731413172619 HTTP/1.1" 200 97
190.171.142.26 - - [12/Nov/2024:09:07:59 -0300] "GET /cormun/static/menuarrow.gif HTTP/1.1" 404 1015
190.171.142.26 - - [12/Nov/2024:09:08:02 -0300] "POST /cormun/servlet/trlicencias?ba8df4d76e8201c97a925d04b754f55f,,gx-no-cache=1731413192607 HTTP/1.1" 200 14070
190.171.141.138 - - [12/Nov/2024:09:08:07 -0300] "GET /cormun/servlet/hlogin HTTP/1.1" 200 1720
190.171.143.98 - - [12/Nov/2024:09:08:08 -0300] "POST /cormun/servlet/solicitudot?gx-no-cache=1731413198846 HTTP/1.1" 200 30
190.171.141.138 - - [12/Nov/2024:09:08:09 -0300] "POST /cormun/servlet/hlogin?9f7a4c590618b6b8f58ce05a2ba96b34,gx-no-cache=1731413199252 HTTP/1.1" 200 90
190.171.141.138 - - [12/Nov/2024:09:08:09 -0300] "GET /cormun/servlet/hpexe_link HTTP/1.1" 200 949
190.171.141.138 - - [12/Nov/2024:09:08:10 -0300] "GET /cormun/servlet/hhome HTTP/1.1" 200 4475
190.171.143.98 - - [12/Nov/2024:09:08:11 -0300] "POST /cormun/servlet/solicitudot?gx-no-cache=1731413201367 HTTP/1.1" 200 1481
190.171.143.98 - - [12/Nov/2024:09:08:11 -0300] "POST /cormun/servlet/solicitudot?gx-no-cache=1731413201390 HTTP/1.1" 200 41
190.171.143.98 - - [12/Nov/2024:09:08:11 -0300] "GET /cormun/servlet/solicitudot?c70a10efd010530d201358864c10a847dd11b7d00b0d1ac2d185a611b1582210f32902887e2ab6cf163bd6a3e18481e04b383264b2b5808d94925d48b7beaa04e4e32d8e63065f588c98c53cd43b60e6e4240623e9b385260c347e4afaf4e29cb3268b27750b8ae4da4496bf55acd433,gx-no-cache=1731413201404 HTTP/1.1" 200 110
190.171.143.98 - - [12/Nov/2024:09:08:11 -0300] "POST /cormun/servlet/solicitudot?gx-no-cache=1731413201417 HTTP/1.1" 200 97
190.171.141.138 - - [12/Nov/2024:09:08:11 -0300] "GET /cormun/servlet/trlicencias? HTTP/1.1" 200 13588
190.171.143.98 - - [12/Nov/2024:09:08:13 -0300] "GET /cormun/servlet/solicitudot?c70a10efd010530d201358864c10a847705073ee4d0a57879874a97e05c03701e04fb9081a06087279cfb718ac9f9740,gx-no-cache=1731413203701 HTTP/1.1" 200 134
190.171.141.138 - - [12/Nov/2024:09:08:28 -0300] "GET /cormun/servlet/trpermisosgoce? HTTP/1.1" 200 13412
190.171.141.138 - - [12/Nov/2024:09:08:32 -0300] "GET /cormun/servlet/trpermisosadjuntos?9031333,20241111105451,P, HTTP/1.1" 200 6822
190.171.141.138 - - [12/Nov/2024:09:08:32 -0300] "GET /cormun/static/trpermisosadjuntos.js?2020121642996 HTTP/1.1" 304 -
190.171.141.138 - - [12/Nov/2024:09:08:32 -0300] "GET /cormun/static/gxcfg.js?2020121641683 HTTP/1.1" 304 -
190.171.141.138 - - [12/Nov/2024:09:08:34 -0300] "GET /cormun/servlet/permisosadjuntos?INS,9031333,P,20241111105451,, HTTP/1.1" 200 6122
190.171.141.138 - - [12/Nov/2024:09:08:34 -0300] "GET /cormun/static/gxcfg.js?20201215134212 HTTP/1.1" 304 -
190.171.141.138 - - [12/Nov/2024:09:08:34 -0300] "GET /cormun/static/permisosadjuntos.js?20201215134285 HTTP/1.1" 304 -
190.171.141.138 - - [12/Nov/2024:09:08:34 -0300] "GET /cormun/static/about:blank HTTP/1.1" 404 1011
190.171.143.98 - - [12/Nov/2024:09:08:37 -0300] "POST /cormun/servlet/solicitudot?gx-no-cache=1731413227935 HTTP/1.1" 200 30
190.171.143.98 - - [12/Nov/2024:09:08:37 -0300] "POST /cormun/servlet/solicitudot?gx-no-cache=1731413227962 HTTP/1.1" 200 1481
190.171.143.98 - - [12/Nov/2024:09:08:37 -0300] "POST /cormun/servlet/solicitudot?gx-no-cache=1731413227986 HTTP/1.1" 200 41
190.171.143.98 - - [12/Nov/2024:09:08:37 -0300] "GET /cormun/servlet/solicitudot?c70a10efd010530d201358864c10a847dd11b7d00b0d1ac2d185a611b1582210f32902887e2ab6cf163bd6a3e18481e04b383264b2b5808d94925d48b7beaa04e4e32d8e63065f588c98c53cd43b60e6e4240623e9b385260c347e4afaf4e29cb3268b27750b8ae4da4496bf55acd433,gx-no-cache=1731413227999 HTTP/1.1" 200 110
190.171.143.98 - - [12/Nov/2024:09:08:37 -0300] "POST /cormun/servlet/solicitudot?gx-no-cache=1731413228014 HTTP/1.1" 200 97
190.171.143.98 - - [12/Nov/2024:09:08:44 -0300] "GET /cormun/servlet/solicitudot?c70a10efd010530d201358864c10a847705073ee4d0a57879874a97e05c037010d3097a2f3f3a803605c26b50ba1a318,gx-no-cache=1731413234679 HTTP/1.1" 200 134
190.171.143.98 - - [12/Nov/2024:09:08:44 -0300] "POST /cormun/servlet/solicitudot?gx-no-cache=1731413234699 HTTP/1.1" 200 30
190.171.142.42 - - [12/Nov/2024:09:08:46 -0300] "POST /cormun/servlet/permisogoce?9b78cf480f41b8bb6d6a17185a5b548a,INS,0,,,,gx-no-cache=1731413235633 HTTP/1.1" 200 4496
190.171.141.138 - - [12/Nov/2024:09:08:47 -0300] "POST /cormun/servlet/permisosadjuntos?9f7a4c590618b6b8f58ce05a2ba96b34,INS,9031333,P,20241111105451,, HTTP/1.1" 200 116
190.171.141.138 - - [12/Nov/2024:09:08:47 -0300] "GET /cormun/servlet/hpexe_return? HTTP/1.1" 200 1035
190.171.141.138 - - [12/Nov/2024:09:08:47 -0300] "GET /cormun/servlet/trpermisosadjuntos?9031333,20241111105451,P, HTTP/1.1" 200 7320
190.171.141.138 - - [12/Nov/2024:09:08:49 -0300] "POST /cormun/servlet/trpermisosadjuntos?9f7a4c590618b6b8f58ce05a2ba96b34,9031333,20241111105451,P,,gx-no-cache=1731413238548 HTTP/1.1" 200 90
190.171.141.138 - - [12/Nov/2024:09:08:49 -0300] "GET /cormun/servlet/hpexe_link HTTP/1.1" 200 980
190.171.141.138 - - [12/Nov/2024:09:08:49 -0300] "GET /cormun/servlet/trpermisosgoce HTTP/1.1" 200 13414
190.171.142.42 - - [12/Nov/2024:09:08:50 -0300] "GET /cormun/servlet/permisogoce?3bfece01ccf92c7b3040472018e6089b7db0832dff843e1fa2b5f42ddc590cbc142402675a663ef862056e2c45b6e06926e69a82f9bdd89a1f3e8bfa24b2408baeefeaddc5f4a266220b8661eb9674c37cded035a607487d4a43a791519a0f9e30a599cdb896823b57aaff2388c7ef977cded035a607487d4a43a791519a0f9e26e69a82f9bdd89a1f3e8bfa24b2408bb34bea45a0e315500783539db87d7bce548a0ae20b7256d25148506013bc64038b04f4cf39381ea9add24cc8777009c3b7598fd4052fabd0172c08c8b3023f24ff57d5685f363cf9fdf6a6f258273eaa,gx-no-cache=1731413239564 HTTP/1.1" 200 88
190.171.141.138 - - [12/Nov/2024:09:08:51 -0300] "POST /cormun/servlet/trpermisosgoce?9f7a4c590618b6b8f58ce05a2ba96b34,gx-no-cache=1731413240877 HTTP/1.1" 200 10397
190.171.141.138 - - [12/Nov/2024:09:08:51 -0300] "GET /cormun/static/Shared/jqueryui/images/ui-bg_highlight-soft_100_c6c2c8_1x100.png HTTP/1.1" 404 1117
190.171.141.138 - - [12/Nov/2024:09:08:51 -0300] "GET /cormun/static/Shared/jqueryui/images/ui-icons_82798d_256x240.png HTTP/1.1" 404 1089
190.171.141.138 - - [12/Nov/2024:09:08:51 -0300] "GET /cormun/static/Shared/jqueryui/images/ui-bg_flat_55_fafafa_40x100.png HTTP/1.1" 404 1097
190.171.141.138 - - [12/Nov/2024:09:08:51 -0300] "GET /cormun/static/Shared/jqueryui/images/ui-icons_8d78a5_256x240.png HTTP/1.1" 404 1089
190.171.141.138 - - [12/Nov/2024:09:08:53 -0300] "GET /cormun/servlet/trpermisosadjuntos?21455270,20241111102942,P, HTTP/1.1" 200 6813
190.171.141.138 - - [12/Nov/2024:09:08:54 -0300] "GET /cormun/servlet/permisosadjuntos?INS,21455270,P,20241111102942,, HTTP/1.1" 200 6110
190.171.141.138 - - [12/Nov/2024:09:08:54 -0300] "GET /cormun/static/about:blank HTTP/1.1" 404 1011
190.171.143.98 - - [12/Nov/2024:09:08:58 -0300] "GET /cormun/servlet/solicitudot?c70a10efd010530d201358864c10a847705073ee4d0a57879874a97e05c037010d3097a2f3f3a803605c26b50ba1a318,gx-no-cache=1731413249109 HTTP/1.1" 200 134
190.171.143.98 - - [12/Nov/2024:09:08:58 -0300] "POST /cormun/servlet/solicitudot?43543178acbe3dfea0d911d8c2701123,INS,0,0,false,,gx-no-cache=1731413249125 HTTP/1.1" 200 13563
190.171.141.138 - - [12/Nov/2024:09:09:01 -0300] "POST /cormun/servlet/permisosadjuntos?9f7a4c590618b6b8f58ce05a2ba96b34,INS,21455270,P,20241111102942,, HTTP/1.1" 200 116
190.171.141.138 - - [12/Nov/2024:09:09:01 -0300] "GET /cormun/servlet/hpexe_return? HTTP/1.1" 200 1036
190.171.141.138 - - [12/Nov/2024:09:09:01 -0300] "GET /cormun/servlet/trpermisosadjuntos?21455270,20241111102942,P, HTTP/1.1" 200 7310
190.171.141.138 - - [12/Nov/2024:09:09:05 -0300] "POST /cormun/servlet/trpermisosadjuntos?9f7a4c590618b6b8f58ce05a2ba96b34,21455270,20241111102942,P,,gx-no-cache=1731413255212 HTTP/1.1" 200 90
190.171.141.138 - - [12/Nov/2024:09:09:05 -0300] "GET /cormun/servlet/hpexe_link HTTP/1.1" 200 1002
190.171.141.138 - - [12/Nov/2024:09:09:06 -0300] "GET /cormun/servlet/trpermisosgoce?gx-no-cache=1731413240877 HTTP/1.1" 200 13412
190.171.141.138 - - [12/Nov/2024:09:09:08 -0300] "POST /cormun/servlet/trpermisosgoce?9f7a4c590618b6b8f58ce05a2ba96b34,gx-no-cache=1731413240877,gx-no-cache=1731413257766 HTTP/1.1" 200 10391
190.171.141.138 - - [12/Nov/2024:09:09:10 -0300] "GET /cormun/servlet/trpermisosadjuntos?11031552,20241111164455,P, HTTP/1.1" 200 6834
190.171.141.138 - - [12/Nov/2024:09:09:11 -0300] "GET /cormun/servlet/permisosadjuntos?INS,11031552,P,20241111164455,, HTTP/1.1" 200 6110
190.171.141.138 - - [12/Nov/2024:09:09:11 -0300] "GET /cormun/static/about:blank HTTP/1.1" 404 1011
190.171.142.42 - - [12/Nov/2024:09:09:16 -0300] "POST /cormun/servlet/permisogoce?9b78cf480f41b8bb6d6a17185a5b548a,INS,0,,,,gx-no-cache=1731413265490 HTTP/1.1" 200 4474
190.171.143.98 - - [12/Nov/2024:09:09:16 -0300] "POST /cormun/servlet/solicitudot?gx-no-cache=1731413266445 HTTP/1.1" 200 30
190.171.143.98 - - [12/Nov/2024:09:09:18 -0300] "GET /cormun/servlet/prcontratosol?8448797,,,,,MD,,gxPopupLevel%3D0%3B HTTP/1.1" 200 9767
190.171.141.138 - - [12/Nov/2024:09:09:19 -0300] "POST /cormun/servlet/permisosadjuntos?9f7a4c590618b6b8f58ce05a2ba96b34,INS,11031552,P,20241111164455,, HTTP/1.1" 200 116
190.171.141.138 - - [12/Nov/2024:09:09:19 -0300] "GET /cormun/servlet/hpexe_return? HTTP/1.1" 200 1035
190.171.141.138 - - [12/Nov/2024:09:09:19 -0300] "GET /cormun/servlet/trpermisosadjuntos?11031552,20241111164455,P, HTTP/1.1" 200 7309
190.171.141.138 - - [12/Nov/2024:09:09:21 -0300] "POST /cormun/servlet/trpermisosadjuntos?9f7a4c590618b6b8f58ce05a2ba96b34,11031552,20241111164455,P,,gx-no-cache=1731413270639 HTTP/1.1" 200 90
190.171.141.138 - - [12/Nov/2024:09:09:21 -0300] "GET /cormun/servlet/hpexe_link HTTP/1.1" 200 1002
190.171.141.138 - - [12/Nov/2024:09:09:21 -0300] "GET /cormun/servlet/trpermisosgoce?gx-no-cache=1731413240877 HTTP/1.1" 200 13404
190.171.141.138 - - [12/Nov/2024:09:09:24 -0300] "POST /cormun/servlet/trpermisosgoce?9f7a4c590618b6b8f58ce05a2ba96b34,gx-no-cache=1731413240877,gx-no-cache=1731413273142 HTTP/1.1" 200 10381
190.171.142.42 - - [12/Nov/2024:09:09:24 -0300] "POST /cormun/servlet/permisogoce?9b78cf480f41b8bb6d6a17185a5b548a,INS,0,,,,gx-no-cache=1731413274051 HTTP/1.1" 200 4474
190.171.141.138 - - [12/Nov/2024:09:09:24 -0300] "GET /cormun/servlet/trpermisosadjuntos?18041194,20241111102618,P, HTTP/1.1" 200 6839
190.171.142.42 - - [12/Nov/2024:09:09:25 -0300] "POST /cormun/servlet/permisogoce?9b78cf480f41b8bb6d6a17185a5b548a,INS,0,,,,gx-no-cache=1731413275075 HTTP/1.1" 200 4474
190.171.143.98 - - [12/Nov/2024:09:09:25 -0300] "POST /cormun/servlet/solicitudot?gx-no-cache=1731413276126 HTTP/1.1" 200 1480
190.171.143.98 - - [12/Nov/2024:09:09:25 -0300] "POST /cormun/servlet/solicitudot?gx-no-cache=1731413276149 HTTP/1.1" 200 41
190.171.143.98 - - [12/Nov/2024:09:09:25 -0300] "GET /cormun/servlet/solicitudot?c70a10efd010530d201358864c10a847dd11b7d00b0d1ac2d185a611b1582210f32902887e2ab6cf163bd6a3e18481e04b383264b2b5808d94925d48b7beaa04e4e32d8e63065f588c98c53cd43b60e6e4240623e9b385260c347e4afaf4e29cb3268b27750b8ae4da4496bf55acd433,gx-no-cache=1731413276166 HTTP/1.1" 200 110
190.171.143.98 - - [12/Nov/2024:09:09:25 -0300] "POST /cormun/servlet/solicitudot?gx-no-cache=1731413276183 HTTP/1.1" 200 97
190.171.143.98 - - [12/Nov/2024:09:09:25 -0300] "GET /cormun/servlet/solicitudot?c70a10efd010530d201358864c10a8475a2f6137b5eb072dfda7f15c7471493aeea7338990820eef6e9deb8e3f8929ab,gx-no-cache=1731413276203 HTTP/1.1" 200 134
190.171.141.138 - - [12/Nov/2024:09:09:26 -0300] "GET /cormun/servlet/permisosadjuntos?INS,18041194,P,20241111102618,, HTTP/1.1" 200 6112
190.171.141.138 - - [12/Nov/2024:09:09:26 -0300] "GET /cormun/static/about:blank HTTP/1.1" 404 1011
190.171.142.42 - - [12/Nov/2024:09:09:28 -0300] "GET /cormun/servlet/permisogoce?3bfece01ccf92c7b3040472018e6089bacb98c889a04bfd3e0c543d21e3b9ed07e3eacc2d867fc3542f7d7b0c587c0da7cded035a607487d4a43a791519a0f9e26e69a82f9bdd89a1f3e8bfa24b2408baeefeaddc5f4a266220b8661eb9674c36c3c68754b8160ee3120ff278eb92c927cded035a607487d4a43a791519a0f9e26e69a82f9bdd89a1f3e8bfa24b2408baeefeaddc5f4a266220b8661eb9674c3cc7756903a4c3df4595eb3656afaaa09789f4ec2d532d557ecad1dddb8033d3b4b4bc71eb0c2687378d9c751710e743cb58a7880eb2f01340ee76a5fe002ba1c,gx-no-cache=1731413278226 HTTP/1.1" 200 79
190.171.141.138 - - [12/Nov/2024:09:09:34 -0300] "POST /cormun/servlet/permisosadjuntos?9f7a4c590618b6b8f58ce05a2ba96b34,INS,18041194,P,20241111102618,, HTTP/1.1" 200 116
190.171.141.138 - - [12/Nov/2024:09:09:34 -0300] "GET /cormun/servlet/hpexe_return? HTTP/1.1" 200 1035
190.171.141.138 - - [12/Nov/2024:09:09:34 -0300] "GET /cormun/servlet/trpermisosadjuntos?18041194,20241111102618,P, HTTP/1.1" 200 7314
190.171.141.138 - - [12/Nov/2024:09:09:40 -0300] "POST /cormun/servlet/trpermisosadjuntos?9f7a4c590618b6b8f58ce05a2ba96b34,18041194,20241111102618,P,,gx-no-cache=1731413289948 HTTP/1.1" 200 90
190.171.141.138 - - [12/Nov/2024:09:09:40 -0300] "GET /cormun/servlet/hpexe_link HTTP/1.1" 200 1002
190.171.141.138 - - [12/Nov/2024:09:09:40 -0300] "GET /cormun/servlet/trpermisosgoce?gx-no-cache=1731413240877 HTTP/1.1" 200 13404
190.171.141.138 - - [12/Nov/2024:09:09:42 -0300] "POST /cormun/servlet/trpermisosgoce?9f7a4c590618b6b8f58ce05a2ba96b34,gx-no-cache=1731413240877,gx-no-cache=1731413292078 HTTP/1.1" 200 10340
190.171.142.42 - - [12/Nov/2024:09:09:47 -0300] "GET /cormun/servlet/trpermisosgoce? HTTP/1.1" 200 14147
190.171.141.138 - - [12/Nov/2024:09:09:47 -0300] "GET /cormun/servlet/trautorizarpermisogoce? HTTP/1.1" 200 9168
190.171.142.42 - - [12/Nov/2024:09:09:50 -0300] "GET /cormun/servlet/permisogoce?INS,0,,, HTTP/1.1" 200 6773
190.171.141.138 - - [12/Nov/2024:09:09:52 -0300] "POST /cormun/servlet/trautorizarpermisogoce?9f7a4c590618b6b8f58ce05a2ba96b34,,gx-no-cache=1731413301525 HTTP/1.1" 200 6023
190.171.141.138 - - [12/Nov/2024:09:09:53 -0300] "POST /cormun/servlet/trautorizarpermisogoce?9f7a4c590618b6b8f58ce05a2ba96b34,,gx-no-cache=1731413303060 HTTP/1.1" 200 5799
190.171.141.138 - - [12/Nov/2024:09:09:54 -0300] "POST /cormun/servlet/trautorizarpermisogoce?9f7a4c590618b6b8f58ce05a2ba96b34,,gx-no-cache=1731413304092 HTTP/1.1" 200 5574
190.171.141.138 - - [12/Nov/2024:09:09:58 -0300] "GET /cormun/servlet/trlicencias? HTTP/1.1" 200 13586
190.171.142.42 - - [12/Nov/2024:09:09:58 -0300] "GET /cormun/servlet/permisogoce?3bfece01ccf92c7b3040472018e6089b02774856b82493a113be14116ed7055f12f0989871e7bdd4129d1d0efbd8593a248da3aed326c22069b456ebef3bb7d0,gx-no-cache=1731413308436 HTTP/1.1" 200 79
190.171.142.42 - - [12/Nov/2024:09:09:58 -0300] "GET /cormun/static/menuarrow.gif HTTP/1.1" 404 1015
190.171.142.42 - - [12/Nov/2024:09:10:13 -0300] "POST /cormun/servlet/permisogoce?9b78cf480f41b8bb6d6a17185a5b548a,INS,0,,,,gx-no-cache=1731413322948 HTTP/1.1" 200 4485
190.171.142.42 - - [12/Nov/2024:09:10:13 -0300] "GET /cormun/static/Shared/jqueryui/images/ui-bg_highlight-soft_100_c6c2c8_1x100.png HTTP/1.1" 404 1117
190.171.142.42 - - [12/Nov/2024:09:10:13 -0300] "GET /cormun/static/Shared/jqueryui/images/ui-icons_82798d_256x240.png HTTP/1.1" 404 1089
190.171.142.42 - - [12/Nov/2024:09:10:13 -0300] "GET /cormun/static/Shared/jqueryui/images/ui-bg_flat_55_994d53_40x100.png HTTP/1.1" 404 1097
190.171.142.42 - - [12/Nov/2024:09:10:13 -0300] "GET /cormun/static/Shared/jqueryui/images/ui-icons_ebccce_256x240.png HTTP/1.1" 404 1089
190.171.143.98 - - [12/Nov/2024:09:10:21 -0300] "GET /cormun/servlet/prcontratosol?8448797,,,,,MD,,gxPopupLevel%3D0%3B HTTP/1.1" 200 9767
190.171.142.42 - - [12/Nov/2024:09:10:31 -0300] "GET /cormun/servlet/permisogoce?3bfece01ccf92c7b3040472018e6089b4d5aeb622737520a714edc7794328ea94234b61281b06fdace1e2f1906ea5935aeefeaddc5f4a266220b8661eb9674c37cded035a607487d4a43a791519a0f9e26e69a82f9bdd89a1f3e8bfa24b2408b88c966f77377e41b08245cfc8ade2cf226e69a82f9bdd89a1f3e8bfa24b2408baeefeaddc5f4a266220b8661eb9674c37cded035a607487d4a43a791519a0f9e335fab6a989a87f562e681779337566be0f9cdf218e1583730ccf00137452386e66ed7dc4d56a1c960029783368bd623f735584099a287176fac5bf93442f83b,gx-no-cache=1731413341457 HTTP/1.1" 200 86
190.171.141.122 - - [12/Nov/2024:09:10:38 -0300] "GET /cormun/servlet/permisogoce?INS,0,,, HTTP/1.1" 200 6769
190.171.141.122 - - [12/Nov/2024:09:10:52 -0300] "GET /cormun/servlet/permisogoce?bbf987557f3da9ae65f1d1ae7b902a0d64da0e8e77bacddbd80760bd7fc6b2bce6f7dd218eb175cf4072c2c17f4cadddcd8a400c00f8c0cc24fb0296b56ed45c,gx-no-cache=1731413363536 HTTP/1.1" 200 84
190.171.142.42 - - [12/Nov/2024:09:10:54 -0300] "GET /cormun/servlet/permisogoce?3bfece01ccf92c7b3040472018e6089b4ea2d82b0e5ed4266edbe63cbe4cd2b5e71da3bbaf24077ffe6bc9e37f4793266b5934d6cf9a5e41fab88b32fbf4f43fb676f923fc111f65ef75617dd58b7767a4e6a8e9699491c84ce99f2f3512677a6ec708f339f505533232c2ecf55e7b8b,gx-no-cache=1731413363891 HTTP/1.1" 200 74
190.171.141.122 - - [12/Nov/2024:09:10:59 -0300] "GET /cormun/servlet/permisogoce?bbf987557f3da9ae65f1d1ae7b902a0d9bcfde976e3e0cf77ed724b1fac5a76591177ffe62bcc236ae23c252338cea48fd667eaf526dc20fd19a10da1350b40e,gx-no-cache=1731413370286 HTTP/1.1" 200 48
190.171.141.122 - - [12/Nov/2024:09:11:02 -0300] "POST /cormun/servlet/permisogoce?37a50db420b78aee4c230462434a4d73,INS,0,,,,gx-no-cache=1731413372833 HTTP/1.1" 200 93
190.171.141.122 - - [12/Nov/2024:09:11:02 -0300] "GET /cormun/servlet/hpexe_return? HTTP/1.1" 200 1008
190.171.141.122 - - [12/Nov/2024:09:11:02 -0300] "GET /cormun/servlet/trpermisosgoce HTTP/1.1" 200 10247
190.171.141.122 - - [12/Nov/2024:09:11:06 -0300] "GET /cormun/servlet/apermisogoceprn?16734011,P,20241112090908,PU HTTP/1.1" 200 1668
190.171.143.98 - - [12/Nov/2024:09:11:46 -0300] "GET /cormun/servlet/solicitudot?c70a10efd010530d201358864c10a8475a2f6137b5eb072dfda7f15c7471493aeea7338990820eef6e9deb8e3f8929ab,gx-no-cache=1731413416773 HTTP/1.1" 200 134
190.171.143.98 - - [12/Nov/2024:09:12:10 -0300] "GET /cormun/servlet/solicitudot?c70a10efd010530d201358864c10a847705073ee4d0a57879874a97e05c03701a04296c2b21c4529bbd383088f312cb8,gx-no-cache=1731413440476 HTTP/1.1" 200 134
190.171.143.98 - - [12/Nov/2024:09:12:10 -0300] "POST /cormun/servlet/solicitudot?gx-no-cache=1731413440497 HTTP/1.1" 200 33
190.171.143.98 - - [12/Nov/2024:09:12:10 -0300] "POST /cormun/servlet/solicitudot?43543178acbe3dfea0d911d8c2701123,INS,0,0,false,,gx-no-cache=1731413440567 HTTP/1.1" 200 13652
190.171.143.98 - - [12/Nov/2024:09:12:17 -0300] "GET /cormun/servlet/prcontratosol?8448797,,,,,MD,,gxPopupLevel%3D0%3B HTTP/1.1" 200 9767
190.171.143.98 - - [12/Nov/2024:09:12:32 -0300] "GET /cormun/servlet/prsolicitudot?8448797,,,,,MD,,gxPopupLevel%3D0%3B HTTP/1.1" 200 7770
190.171.143.98 - - [12/Nov/2024:09:12:32 -0300] "GET /cormun/static/gxcfg.js?20201215593468 HTTP/1.1" 200 953
190.171.143.98 - - [12/Nov/2024:09:12:32 -0300] "GET /cormun/static/prsolicitudot.js?20201215593721 HTTP/1.1" 200 13680
190.171.143.98 - - [12/Nov/2024:09:12:53 -0300] "POST /cormun/servlet/solicitudot?gx-no-cache=1731413483350 HTTP/1.1" 200 1480
190.171.143.98 - - [12/Nov/2024:09:12:53 -0300] "POST /cormun/servlet/solicitudot?gx-no-cache=1731413483377 HTTP/1.1" 200 41
190.171.143.98 - - [12/Nov/2024:09:12:53 -0300] "GET /cormun/servlet/solicitudot?c70a10efd010530d201358864c10a847dd11b7d00b0d1ac2d185a611b1582210f32902887e2ab6cf163bd6a3e18481e04b383264b2b5808d94925d48b7beaa04e4e32d8e63065f588c98c53cd43b60e6e4240623e9b385260c347e4afaf4e29cb3268b27750b8ae4da4496bf55acd433,gx-no-cache=1731413483392 HTTP/1.1" 200 110
190.171.143.98 - - [12/Nov/2024:09:12:53 -0300] "POST /cormun/servlet/solicitudot?gx-no-cache=1731413483409 HTTP/1.1" 200 97
190.171.143.98 - - [12/Nov/2024:09:12:53 -0300] "GET /cormun/servlet/solicitudot?c70a10efd010530d201358864c10a84797c1f17a5908d1f9d007636dd9612e1993283bb037b82ecb95f4835c88db10da,gx-no-cache=1731413483429 HTTP/1.1" 200 134
190.171.143.98 - - [12/Nov/2024:09:13:01 -0300] "GET /cormun/servlet/solicitudot?c70a10efd010530d201358864c10a847705073ee4d0a57879874a97e05c03701a04296c2b21c4529bbd383088f312cb8,gx-no-cache=1731413491611 HTTP/1.1" 200 134
190.171.143.98 - - [12/Nov/2024:09:13:01 -0300] "POST /cormun/servlet/solicitudot?gx-no-cache=1731413491627 HTTP/1.1" 200 30
190.171.143.98 - - [12/Nov/2024:09:13:01 -0300] "POST /cormun/servlet/solicitudot?43543178acbe3dfea0d911d8c2701123,INS,0,0,false,,gx-no-cache=1731413491678 HTTP/1.1" 200 13686
190.171.141.122 - - [12/Nov/2024:09:13:52 -0300] "GET /cormun/servlet/trpermisosgoce? HTTP/1.1" 200 10243
190.171.142.42 - - [12/Nov/2024:09:15:23 -0300] "GET /cormun/servlet/permisogoce?3bfece01ccf92c7b3040472018e6089b288c57e70bc838f49d7961d7798cd621b93be15e38457b77d392e14de27b5c2b8d47763ca5970660ae12c8db9390b0e0,gx-no-cache=1731413632876 HTTP/1.1" 200 48
190.171.142.42 - - [12/Nov/2024:09:15:26 -0300] "POST /cormun/servlet/permisogoce?9b78cf480f41b8bb6d6a17185a5b548a,INS,0,,,,gx-no-cache=1731413635672 HTTP/1.1" 200 93
190.171.142.42 - - [12/Nov/2024:09:15:26 -0300] "GET /cormun/servlet/hpexe_return? HTTP/1.1" 200 1009
190.171.142.42 - - [12/Nov/2024:09:15:26 -0300] "GET /cormun/servlet/trpermisosgoce HTTP/1.1" 200 14374
190.171.142.42 - - [12/Nov/2024:09:15:29 -0300] "GET /cormun/servlet/permisogoce?INS,0,,, HTTP/1.1" 200 6772
190.171.142.42 - - [12/Nov/2024:09:15:42 -0300] "GET /cormun/servlet/permisogoce?3bfece01ccf92c7b3040472018e6089b4ea2d82b0e5ed4266edbe63cbe4cd2b512f0989871e7bdd4129d1d0efbd8593a248da3aed326c22069b456ebef3bb7d0,gx-no-cache=1731413651786 HTTP/1.1" 200 75
190.171.142.42 - - [12/Nov/2024:09:16:18 -0300] "GET /cormun/servlet/permisogoce?3bfece01ccf92c7b3040472018e6089b288c57e70bc838f49d7961d7798cd6216ac8cc9c465e8aad7ccc4acbbd25f8498d47763ca5970660ae12c8db9390b0e0,gx-no-cache=1731413688055 HTTP/1.1" 200 49
190.171.142.42 - - [12/Nov/2024:09:16:21 -0300] "POST /cormun/servlet/permisogoce?9b78cf480f41b8bb6d6a17185a5b548a,INS,0,,,,gx-no-cache=1731413690331 HTTP/1.1" 200 93
190.171.142.42 - - [12/Nov/2024:09:16:21 -0300] "GET /cormun/servlet/hpexe_return? HTTP/1.1" 200 1009
190.171.142.42 - - [12/Nov/2024:09:16:21 -0300] "GET /cormun/servlet/trpermisosgoce HTTP/1.1" 200 14538
190.171.142.42 - - [12/Nov/2024:09:18:41 -0300] "GET /cormun/servlet/permisogoce?INS,0,,, HTTP/1.1" 200 6773
190.171.141.122 - - [12/Nov/2024:09:18:46 -0300] "GET /cormun/servlet/permisogoce?INS,0,,, HTTP/1.1" 200 6770
190.171.142.42 - - [12/Nov/2024:09:18:52 -0300] "GET /cormun/servlet/permisogoce?3bfece01ccf92c7b3040472018e6089b4ea2d82b0e5ed4266edbe63cbe4cd2b512f0989871e7bdd4129d1d0efbd8593a248da3aed326c22069b456ebef3bb7d0,gx-no-cache=1731413842287 HTTP/1.1" 200 76
190.171.142.42 - - [12/Nov/2024:09:18:52 -0300] "GET /cormun/static/menuarrow.gif HTTP/1.1" 404 1015
190.171.141.122 - - [12/Nov/2024:09:19:01 -0300] "GET /cormun/servlet/permisogoce?bbf987557f3da9ae65f1d1ae7b902a0db0ba85e063f4d09c0cea8a3220c8e1d8e6f7dd218eb175cf4072c2c17f4cadddcd8a400c00f8c0cc24fb0296b56ed45c,gx-no-cache=1731413852288 HTTP/1.1" 200 83
190.171.141.122 - - [12/Nov/2024:09:19:08 -0300] "GET /cormun/servlet/permisogoce?bbf987557f3da9ae65f1d1ae7b902a0d89db07b38da25c56e6d6350b654b3ec0cffc0e9da883f1be1036ba33e2dd5397fd667eaf526dc20fd19a10da1350b40e,gx-no-cache=1731413859334 HTTP/1.1" 200 48
190.171.141.122 - - [12/Nov/2024:09:19:11 -0300] "POST /cormun/servlet/permisogoce?37a50db420b78aee4c230462434a4d73,INS,0,,,,gx-no-cache=1731413861576 HTTP/1.1" 200 93
190.171.141.122 - - [12/Nov/2024:09:19:11 -0300] "GET /cormun/servlet/hpexe_return? HTTP/1.1" 200 1008
190.171.141.122 - - [12/Nov/2024:09:19:11 -0300] "GET /cormun/servlet/trpermisosgoce HTTP/1.1" 200 10479
190.171.141.122 - - [12/Nov/2024:09:19:13 -0300] "GET /cormun/servlet/apermisogoceprn?20369874,P,20241112091716,PU HTTP/1.1" 200 1662
190.171.142.42 - - [12/Nov/2024:09:20:25 -0300] "GET /cormun/servlet/permisogoce?3bfece01ccf92c7b3040472018e6089b79a2440343128201d433c9e720f329153ae417087f0e5435715b1210454261ed4e7b67eaff24145d133ca2dd95fbead576be8f84ab1c937227e68e14366138af69f93d778c187cfdb018148f337d5e79,gx-no-cache=1731413931047 HTTP/1.1" 200 89
190.171.142.42 - - [12/Nov/2024:09:20:43 -0300] "GET /cormun/servlet/permisogoce?3bfece01ccf92c7b3040472018e6089be0bc90de7b134bb7f4929d7b349fd5138203659592879425c85410f2c02c6bcc778bb5c054cc20da12d9c6398b22aade4e689ddfb27b6aaee9d99b28787e42c1ebd95fa282ca631d9e5a865fcd009e5c4b2799720e506386cc0f3c7b9877b7ccb58a7880eb2f01340ee76a5fe002ba1c,gx-no-cache=1731413952779 HTTP/1.1" 200 83
190.171.142.42 - - [12/Nov/2024:09:20:57 -0300] "GET /cormun/servlet/permisogoce?3bfece01ccf92c7b3040472018e6089bbde0e4b9af4742716fcff80cdd3e48b2cab8317432c5bc5f16013d892f90b1e5e318a702ddbb0eda7c2a100f7458959c24f7d42e37598a89f8711647993feeae8abb1e85bfae81b9b072c86e16ad5dec99ba5cc6a54549b81f0b2fdb443bdf14,gx-no-cache=1731413967390 HTTP/1.1" 200 74
190.171.142.42 - - [12/Nov/2024:09:22:12 -0300] "GET /cormun/servlet/permisogoce?3bfece01ccf92c7b3040472018e6089b1919f1f37938877ac9fc992ce1b206051bf4e2cf1a8ac24ff4c3ac8d4c2308517b5563e0b7d16a2f39da5512ba4db484,gx-no-cache=1731414042029 HTTP/1.1" 200 47
190.171.142.42 - - [12/Nov/2024:09:22:15 -0300] "POST /cormun/servlet/permisogoce?9b78cf480f41b8bb6d6a17185a5b548a,INS,0,,,,gx-no-cache=1731414044717 HTTP/1.1" 200 93
190.171.142.42 - - [12/Nov/2024:09:22:15 -0300] "GET /cormun/servlet/hpexe_return? HTTP/1.1" 200 1009
190.171.142.42 - - [12/Nov/2024:09:22:15 -0300] "GET /cormun/servlet/trpermisosgoce HTTP/1.1" 200 14765
5.10.250.35 - - [12/Nov/2024:09:23:10 -0300] "üîßí¾›Îgððü"wéԗ—äÁ©†þ Ó™Ù9Î …²Ó–SphÝÝ}L鬷i%­uÑå `nÂͰ®+Î@ ÑMÒyçØfF]³=¨˜¬âvWp r'"®Á§ØL€*ÊÊÀ,À+Ì©À0À/̨À" 400 -
172.225.84.158 - - [12/Nov/2024:11:17:24 -0300] "ü¾Ó(¡ÆóI÷ ¦mxøcè wø,±H4NÒ¯„KÑ" 400 -
172.225.84.158 - - [12/Nov/2024:11:17:24 -0300] "GET /cormun/static/Shared/jqueryui/images/ui-icons_8d78a5_256x240.png HTTP/1.1" 404 1089
172.225.84.158 - - [12/Nov/2024:11:17:24 -0300] "ü›•ÈáÜb#>×ÁäJ»ÉåSêÖSͽŒÎ¦à‰¬KœÓ %‡¯õ+¤L|.y2ÌöM³—ÍÍ´w:5@ôêÇ ø*ššÀ,À+Ì©À0À/̨À" 400 -
172.225.84.158 - - [12/Nov/2024:11:17:24 -0300] "ü‚P(º•³ßyåLO=Ma栆¿³ió¹Kw÷ ° —Åâ[>Iµ¡ø¥×a%gÌñÆ5üìº'*ººÀ,À+Ì©À0À/̨À " 400 -
190.171.154.42 - - [12/Nov/2024:11:18:57 -0300] "GET /cormun/servlet/hlogin HTTP/1.1" 200 1723
190.171.154.42 - - [12/Nov/2024:11:18:57 -0300] "GET /cormun/servlet/hlogin HTTP/1.1" 200 1734
190.171.154.42 - - [12/Nov/2024:11:19:04 -0300] "POST /cormun/servlet/hlogin?4e15d8fee078041f2cdab537108dd384,gx-no-cache=1731421053915 HTTP/1.1" 200 90
190.171.154.42 - - [12/Nov/2024:11:19:04 -0300] "GET /cormun/servlet/hpexe_link HTTP/1.1" 200 952
190.171.154.42 - - [12/Nov/2024:11:19:04 -0300] "GET /cormun/servlet/hhome HTTP/1.1" 200 3886
190.171.154.42 - - [12/Nov/2024:11:19:07 -0300] "GET /cormun/servlet/trlicencias? HTTP/1.1" 200 11001
200.54.103.162 - - [12/Nov/2024:11:20:29 -0300] "GET /cormun/servlet/hhome HTTP/1.1" 200 3317
200.54.103.162 - - [12/Nov/2024:11:20:30 -0300] "GET /cormun/servlet/hlogin HTTP/1.1" 200 1727
200.54.103.162 - - [12/Nov/2024:11:20:32 -0300] "POST /cormun/servlet/hlogin?3e97a5d4a9753c8fcba9e3525b3681e2,gx-no-cache=1731421141744 HTTP/1.1" 200 90
200.54.103.162 - - [12/Nov/2024:11:20:32 -0300] "GET /cormun/servlet/hpexe_link HTTP/1.1" 200 945
200.54.103.162 - - [12/Nov/2024:11:20:32 -0300] "GET /cormun/servlet/hhome HTTP/1.1" 200 4338
200.54.103.162 - - [12/Nov/2024:11:20:34 -0300] "GET /cormun/servlet/trlicencias? HTTP/1.1" 200 13419
190.171.143.98 - - [12/Nov/2024:11:20:55 -0300] "GET /cormun/servlet/hlogin HTTP/1.1" 200 1721
181.161.235.232 - - [12/Nov/2024:11:20:55 -0300] "GET /cormun/servlet/hlogin HTTP/1.1" 200 1720
181.161.235.232 - - [12/Nov/2024:11:20:56 -0300] "GET /cormun/static/gxtimezone.js?85251 HTTP/1.1" 200 5781
181.161.235.232 - - [12/Nov/2024:11:20:56 -0300] "GET /cormun/static/gxcfg.js?2022112219184450 HTTP/1.1" 200 953
181.161.235.232 - - [12/Nov/2024:11:20:56 -0300] "GET /cormun/static/Resources/CormunLogin.png HTTP/1.1" 200 19132
181.161.235.232 - - [12/Nov/2024:11:20:56 -0300] "GET /cormun/static/messages.spa.js?85251 HTTP/1.1" 200 30736
181.161.235.232 - - [12/Nov/2024:11:20:56 -0300] "GET /cormun/static/Resources/Spanish/PXTools.css?1759030 HTTP/1.1" 200 100853
181.161.235.232 - - [12/Nov/2024:11:20:56 -0300] "GET /cormun/static/hlogin.js?2022112219184458 HTTP/1.1" 200 2156
181.161.235.232 - - [12/Nov/2024:11:20:56 -0300] "GET /cormun/static/gxgral.js?85251 HTTP/1.1" 200 384558
181.161.235.232 - - [12/Nov/2024:11:20:56 -0300] "GET /cormun/static/Resources/PXToolsButtonRight.png HTTP/1.1" 200 1294
181.161.235.232 - - [12/Nov/2024:11:20:56 -0300] "GET /cormun/static/Resources/PXToolsLoginBottom.png HTTP/1.1" 200 1389
181.161.235.232 - - [12/Nov/2024:11:20:56 -0300] "GET /cormun/static/Resources/PXToolsButtonBackground.png HTTP/1.1" 200 1176
181.161.235.232 - - [12/Nov/2024:11:20:56 -0300] "GET /cormun/static/Resources/PXToolsLoginTop.png HTTP/1.1" 200 1337
181.161.235.232 - - [12/Nov/2024:11:20:56 -0300] "GET /cormun/static/Resources/PXToolsLoginBackground.png HTTP/1.1" 200 1164
181.161.235.232 - - [12/Nov/2024:11:20:56 -0300] "GET /cormun/static/Resources/PXToolsButtonLeft.png HTTP/1.1" 200 1310
181.161.235.232 - - [12/Nov/2024:11:20:56 -0300] "GET /cormun/static/Resources/indicator.gif HTTP/1.1" 200 1553
181.161.235.232 - - [12/Nov/2024:11:20:56 -0300] "GET /cormun/servlet/hlogin HTTP/1.1" 200 1731
181.161.235.232 - - [12/Nov/2024:11:20:56 -0300] "GET /favicon.ico HTTP/1.1" 200 21630
190.171.143.98 - - [12/Nov/2024:11:21:01 -0300] "POST /cormun/servlet/hlogin?825d052bb55637347deacaccd9f7547a,gx-no-cache=1731421171751 HTTP/1.1" 200 90
190.171.143.98 - - [12/Nov/2024:11:21:01 -0300] "GET /cormun/servlet/hpexe_link HTTP/1.1" 200 951
190.171.143.98 - - [12/Nov/2024:11:21:02 -0300] "GET /cormun/servlet/hhome HTTP/1.1" 200 4312
190.171.143.98 - - [12/Nov/2024:11:21:06 -0300] "GET /cormun/servlet/trpermisosgoce? HTTP/1.1" 200 8363
181.161.235.232 - - [12/Nov/2024:11:21:08 -0300] "POST /cormun/servlet/hlogin?0fb9de7e521abdf08081d25ffe8458c7,gx-no-cache=1731421177129 HTTP/1.1" 200 447
190.171.143.98 - - [12/Nov/2024:11:21:10 -0300] "GET /cormun/servlet/permisogoce?INS,0,,, HTTP/1.1" 200 7203
190.171.143.98 - - [12/Nov/2024:11:21:10 -0300] "GET /cormun/static/gxcfg.js?20201215124560 HTTP/1.1" 200 953
190.171.143.98 - - [12/Nov/2024:11:21:10 -0300] "GET /cormun/static/permisogoce.js?20201215124939 HTTP/1.1" 200 27790
181.161.235.232 - - [12/Nov/2024:11:21:12 -0300] "POST /cormun/servlet/hlogin?0fb9de7e521abdf08081d25ffe8458c7,gx-no-cache=1731421182000 HTTP/1.1" 200 447
190.171.143.98 - - [12/Nov/2024:11:21:18 -0300] "GET /cormun/servlet/permisogoce?86cee33bd52c7c40a720e21ded50f14197bc3b86b2002b4a6cf015e36b7cf875aeeef712cf8f3e9eb36b4d660b9bd79123cd2657ef89482571a69a49bfe642ef,gx-no-cache=1731421188567 HTTP/1.1" 200 78
190.171.143.98 - - [12/Nov/2024:11:21:18 -0300] "GET /cormun/static/menuarrow.gif HTTP/1.1" 404 1015
190.171.143.98 - - [12/Nov/2024:11:21:26 -0300] "GET /cormun/servlet/permisogoce?86cee33bd52c7c40a720e21ded50f14174d8fb7b622f0a372f6089f3a0d72320a46ed4c8e02c35bb6d8e5d6308d252775cb442f54a814748e6c92fd7618aedb9,gx-no-cache=1731421196830 HTTP/1.1" 200 46
190.171.143.98 - - [12/Nov/2024:11:21:32 -0300] "POST /cormun/servlet/permisogoce?825d052bb55637347deacaccd9f7547a,INS,0,,,,gx-no-cache=1731421201904 HTTP/1.1" 200 93
190.171.143.98 - - [12/Nov/2024:11:21:32 -0300] "GET /cormun/servlet/hpexe_return? HTTP/1.1" 200 1010
190.171.143.98 - - [12/Nov/2024:11:21:32 -0300] "GET /cormun/static/gxcfg.js?20221129846035 HTTP/1.1" 200 953
190.171.143.98 - - [12/Nov/2024:11:21:32 -0300] "GET /cormun/static/hpexe_return.js?20221129846037 HTTP/1.1" 200 1633
190.171.143.98 - - [12/Nov/2024:11:21:32 -0300] "GET /cormun/servlet/trpermisosgoce HTTP/1.1" 200 8638
190.171.143.98 - - [12/Nov/2024:11:21:32 -0300] "GET /cormun//static/Resources/PXToolsGridUpdate.png HTTP/1.1" 200 470
190.171.143.98 - - [12/Nov/2024:11:21:37 -0300] "GET /cormun/servlet/trpermisosadjuntos?8534216,20241112111939,P, HTTP/1.1" 200 6625
190.171.143.98 - - [12/Nov/2024:11:21:39 -0300] "GET /cormun/servlet/permisosadjuntos?INS,8534216,P,20241112111939,, HTTP/1.1" 200 5949
190.171.143.98 - - [12/Nov/2024:11:21:39 -0300] "GET /cormun/static/permisosadjuntos.js?20201215134285 HTTP/1.1" 200 8724
190.171.143.98 - - [12/Nov/2024:11:21:39 -0300] "GET /cormun/static/gxcfg.js?20201215134212 HTTP/1.1" 200 953
190.171.143.98 - - [12/Nov/2024:11:21:39 -0300] "GET /cormun/static/about:blank HTTP/1.1" 404 1011
190.171.143.98 - - [12/Nov/2024:11:21:45 -0300] "POST /cormun/servlet/permisosadjuntos?825d052bb55637347deacaccd9f7547a,INS,8534216,P,20241112111939,, HTTP/1.1" 200 116
190.171.143.98 - - [12/Nov/2024:11:21:45 -0300] "GET /cormun/servlet/hpexe_return? HTTP/1.1" 200 1036
190.171.143.98 - - [12/Nov/2024:11:21:45 -0300] "GET /cormun/servlet/trpermisosadjuntos?8534216,20241112111939,P, HTTP/1.1" 200 7127
190.171.143.98 - - [12/Nov/2024:11:21:47 -0300] "POST /cormun/servlet/trpermisosadjuntos?825d052bb55637347deacaccd9f7547a,8534216,20241112111939,P,,gx-no-cache=1731421217120 HTTP/1.1" 200 90
190.171.143.98 - - [12/Nov/2024:11:21:47 -0300] "GET /cormun/servlet/hpexe_link HTTP/1.1" 200 979
190.171.143.98 - - [12/Nov/2024:11:21:47 -0300] "GET /cormun/servlet/trpermisosgoce HTTP/1.1" 200 8636
190.171.143.98 - - [12/Nov/2024:11:21:50 -0300] "POST /cormun/servlet/trpermisosgoce?825d052bb55637347deacaccd9f7547a,gx-no-cache=1731421220545 HTTP/1.1" 200 5837
190.171.143.98 - - [12/Nov/2024:11:21:50 -0300] "GET /cormun/static/Shared/jqueryui/images/ui-bg_highlight-soft_100_c6c2c8_1x100.png HTTP/1.1" 404 1117
190.171.143.98 - - [12/Nov/2024:11:21:50 -0300] "GET /cormun/static/Shared/jqueryui/images/ui-icons_82798d_256x240.png HTTP/1.1" 404 1089
190.171.143.98 - - [12/Nov/2024:11:21:50 -0300] "GET /cormun/static/Shared/jqueryui/images/ui-icons_8d78a5_256x240.png HTTP/1.1" 404 1089
190.171.143.98 - - [12/Nov/2024:11:21:50 -0300] "GET /cormun/static/Shared/jqueryui/images/ui-bg_flat_55_fafafa_40x100.png HTTP/1.1" 404 1097
190.171.143.98 - - [12/Nov/2024:11:21:54 -0300] "GET /cormun/servlet/apermisogoceprn?8534216,P,20241112111939,PU HTTP/1.1" 200 1657
190.171.143.98 - - [12/Nov/2024:11:21:54 -0300] "GET /cormun/servlet/apermisogoceprn?8534216,P,20241112111939,PU HTTP/1.1" 200 1658
190.171.143.98 - - [12/Nov/2024:11:22:10 -0300] "GET /cormun/servlet/trautorizarpermisogoce? HTTP/1.1" 200 7992
190.171.143.98 - - [12/Nov/2024:11:22:13 -0300] "POST /cormun/servlet/trautorizarpermisogoce?825d052bb55637347deacaccd9f7547a,,gx-no-cache=1731421243560 HTTP/1.1" 200 4519
190.171.143.98 - - [12/Nov/2024:11:22:24 -0300] "GET /cormun/servlet/trpermisosgoce? HTTP/1.1" 200 8597
190.171.143.98 - - [12/Nov/2024:11:22:27 -0300] "GET /cormun/servlet/permisogoce?INS,0,,, HTTP/1.1" 200 7203
190.171.141.138 - - [12/Nov/2024:11:23:52 -0300] "GET /cormun/servlet/trlicencias? HTTP/1.1" 200 13585
190.171.143.98 - - [12/Nov/2024:11:24:20 -0300] "GET /cormun/servlet/permisogoce?86cee33bd52c7c40a720e21ded50f14160b04ea0fdcd807fa7ea77a08a3291b25649e5fb5db0f9b8b68b9a0dd4cb168bc56d311803d9c428568d8f16ddd23cd5,gx-no-cache=1731421370616 HTTP/1.1" 200 82
190.171.143.98 - - [12/Nov/2024:11:24:29 -0300] "GET /cormun/servlet/permisogoce?86cee33bd52c7c40a720e21ded50f14169817e58a1b259478d1dd2735c86e90a5b37fb7de0411881152a9db21e79f90636920337f471d743fd44c1634a210177,gx-no-cache=1731421379582 HTTP/1.1" 200 47
190.171.143.98 - - [12/Nov/2024:11:24:32 -0300] "POST /cormun/servlet/permisogoce?825d052bb55637347deacaccd9f7547a,INS,0,,,,gx-no-cache=1731421382208 HTTP/1.1" 200 93
190.171.143.98 - - [12/Nov/2024:11:24:32 -0300] "GET /cormun/servlet/hpexe_return? HTTP/1.1" 200 1010
190.171.143.98 - - [12/Nov/2024:11:24:32 -0300] "GET /cormun/servlet/trpermisosgoce HTTP/1.1" 200 8871
190.171.143.98 - - [12/Nov/2024:11:24:36 -0300] "GET /cormun/servlet/trpermisosadjuntos?17505935,20241112112056,P, HTTP/1.1" 200 6632
190.171.143.98 - - [12/Nov/2024:11:24:37 -0300] "GET /cormun/servlet/permisosadjuntos?INS,17505935,P,20241112112056,, HTTP/1.1" 200 5959
190.171.143.98 - - [12/Nov/2024:11:24:37 -0300] "GET /cormun/static/about:blank HTTP/1.1" 404 1011
190.171.143.98 - - [12/Nov/2024:11:24:45 -0300] "POST /cormun/servlet/permisosadjuntos?825d052bb55637347deacaccd9f7547a,INS,17505935,P,20241112112056,, HTTP/1.1" 200 116
190.171.143.98 - - [12/Nov/2024:11:24:45 -0300] "GET /cormun/servlet/hpexe_return? HTTP/1.1" 200 1038
190.171.143.98 - - [12/Nov/2024:11:24:45 -0300] "GET /cormun/servlet/trpermisosadjuntos?17505935,20241112112056,P, HTTP/1.1" 200 7132
190.171.143.98 - - [12/Nov/2024:11:24:47 -0300] "POST /cormun/servlet/trpermisosadjuntos?825d052bb55637347deacaccd9f7547a,17505935,20241112112056,P,,gx-no-cache=1731421397360 HTTP/1.1" 200 90
190.171.143.98 - - [12/Nov/2024:11:24:47 -0300] "GET /cormun/servlet/hpexe_link HTTP/1.1" 200 983
190.171.143.98 - - [12/Nov/2024:11:24:47 -0300] "GET /cormun/servlet/trpermisosgoce HTTP/1.1" 200 8868
190.171.143.98 - - [12/Nov/2024:11:24:51 -0300] "GET /cormun/servlet/apermisogoceprn?17505935,P,20241112112056,PU HTTP/1.1" 200 1656
190.171.143.98 - - [12/Nov/2024:11:24:51 -0300] "GET /cormun/servlet/apermisogoceprn?17505935,P,20241112112056,PU HTTP/1.1" 200 1656
190.171.143.98 - - [12/Nov/2024:11:25:02 -0300] "POST /cormun/servlet/trpermisosgoce?825d052bb55637347deacaccd9f7547a,gx-no-cache=1731421412496 HTTP/1.1" 200 6064
190.171.143.98 - - [12/Nov/2024:11:25:06 -0300] "GET /cormun/servlet/trautorizarpermisogoce? HTTP/1.1" 200 7987
190.171.143.98 - - [12/Nov/2024:11:25:10 -0300] "POST /cormun/servlet/trautorizarpermisogoce?825d052bb55637347deacaccd9f7547a,,gx-no-cache=1731421420112 HTTP/1.1" 200 4517
181.212.43.89 - - [12/Nov/2024:11:29:21 -0300] "POST /cormun/servlet/trpermisosgoce?974935edcdde6d2a29727b581bf84b10,gx-no-cache=1731419494018,gx-no-cache=1731421670551 HTTP/1.1" 200 13302
190.171.141.82 - - [12/Nov/2024:11:33:26 -0300] "GET /cormun/servlet/trpermisosgoce? HTTP/1.1" 200 6026
190.171.141.82 - - [12/Nov/2024:11:33:26 -0300] "GET /cormun/servlet/hlogin HTTP/1.1" 200 1740
190.171.141.82 - - [12/Nov/2024:11:33:29 -0300] "POST /cormun/servlet/hlogin?5dff8e020dbeb9ce7e55e7671f157dff,gx-no-cache=1731421918545 HTTP/1.1" 200 90
190.171.141.82 - - [12/Nov/2024:11:33:29 -0300] "GET /cormun/servlet/hpexe_link HTTP/1.1" 200 956
190.171.141.82 - - [12/Nov/2024:11:33:29 -0300] "GET /cormun/servlet/trpermisosgoce HTTP/1.1" 200 16548
190.171.141.82 - - [12/Nov/2024:11:33:34 -0300] "GET /cormun/servlet/apermisogoceprn?12658701,P,20241111083933,PU HTTP/1.1" 200 1656
181.212.43.89 - - [12/Nov/2024:11:40:01 -0300] "GET /cormun/servlet/permisogoce?INS,0,,, HTTP/1.1" 200 6905
181.212.43.89 - - [12/Nov/2024:11:40:06 -0300] "GET /cormun/servlet/permisogoce?82aab3aa6a669ca32e31e1262fc66f49012a75dd6fb71000a0c45138a72ac11c8f80ff198af0c8a158c1b4a2e8d6adc2c40412a9ff6242de771f2cbf0d86b1c2,gx-no-cache=1731422314941 HTTP/1.1" 200 87
181.212.43.89 - - [12/Nov/2024:11:40:08 -0300] "GET /cormun/static/menuarrow.gif HTTP/1.1" 404 1015
181.212.43.89 - - [12/Nov/2024:11:40:12 -0300] "GET /cormun/servlet/permisogoce?82aab3aa6a669ca32e31e1262fc66f49763889b6ce21d78d5ac719d3dba319c456df4d3d0c463879735b79bf06b50605dcde4fc29f62040d2dabf44b27efcb84,gx-no-cache=1731422321381 HTTP/1.1" 200 47
181.212.43.89 - - [12/Nov/2024:11:40:14 -0300] "POST /cormun/servlet/permisogoce?974935edcdde6d2a29727b581bf84b10,INS,0,,,,gx-no-cache=1731422323432 HTTP/1.1" 200 93
181.212.43.89 - - [12/Nov/2024:11:40:14 -0300] "GET /cormun/servlet/hpexe_return? HTTP/1.1" 200 1031
181.212.43.89 - - [12/Nov/2024:11:40:15 -0300] "GET /cormun/servlet/trpermisosgoce?gx-no-cache=1731419494018 HTTP/1.1" 200 16421
181.212.43.89 - - [12/Nov/2024:11:40:18 -0300] "GET /cormun/servlet/trpermisosadjuntos?17615836,20241112113830,P, HTTP/1.1" 200 6366
181.212.43.89 - - [12/Nov/2024:11:40:20 -0300] "GET /cormun/servlet/permisosadjuntos?INS,17615836,P,20241112113830,, HTTP/1.1" 200 5662
181.212.43.89 - - [12/Nov/2024:11:40:20 -0300] "GET /cormun/static/about:blank HTTP/1.1" 404 1011
181.212.43.89 - - [12/Nov/2024:11:40:31 -0300] "POST /cormun/servlet/permisosadjuntos?974935edcdde6d2a29727b581bf84b10,INS,17615836,P,20241112113830,, HTTP/1.1" 200 116
181.212.43.89 - - [12/Nov/2024:11:40:31 -0300] "GET /cormun/servlet/hpexe_return? HTTP/1.1" 200 1036
181.212.43.89 - - [12/Nov/2024:11:40:31 -0300] "GET /cormun/servlet/trpermisosadjuntos?17615836,20241112113830,P, HTTP/1.1" 200 6842
181.212.43.89 - - [12/Nov/2024:11:40:33 -0300] "POST /cormun/servlet/trpermisosadjuntos?974935edcdde6d2a29727b581bf84b10,17615836,20241112113830,P,,gx-no-cache=1731422342595 HTTP/1.1" 200 90
181.212.43.89 - - [12/Nov/2024:11:40:33 -0300] "GET /cormun/servlet/hpexe_link HTTP/1.1" 200 1005
181.212.43.89 - - [12/Nov/2024:11:40:33 -0300] "GET /cormun/servlet/trpermisosgoce?gx-no-cache=1731419494018 HTTP/1.1" 200 16418
181.212.43.89 - - [12/Nov/2024:11:40:37 -0300] "POST /cormun/servlet/trpermisosgoce?974935edcdde6d2a29727b581bf84b10,gx-no-cache=1731419494018,gx-no-cache=1731422345687 HTTP/1.1" 200 13533
181.212.43.89 - - [12/Nov/2024:11:40:37 -0300] "GET /cormun/static/Shared/jqueryui/images/ui-icons_82798d_256x240.png HTTP/1.1" 404 1089
181.212.43.89 - - [12/Nov/2024:11:40:37 -0300] "GET /cormun/static/Shared/jqueryui/images/ui-bg_highlight-soft_100_c6c2c8_1x100.png HTTP/1.1" 404 1117
181.212.43.89 - - [12/Nov/2024:11:40:37 -0300] "GET /cormun/static/Shared/jqueryui/images/ui-icons_8d78a5_256x240.png HTTP/1.1" 404 1089
181.212.43.89 - - [12/Nov/2024:11:40:37 -0300] "GET /cormun/static/Shared/jqueryui/images/ui-bg_flat_55_fafafa_40x100.png HTTP/1.1" 404 1097
190.171.142.26 - - [12/Nov/2024:11:40:43 -0300] "POST /cormun/servlet/trlicencias?ba8df4d76e8201c97a925d04b754f55f,,gx-no-cache=1731422352550 HTTP/1.1" 440 972
190.171.142.26 - - [12/Nov/2024:11:40:44 -0300] "GET /cormun/servlet/trlicencias? HTTP/1.1" 200 6046
190.171.142.26 - - [12/Nov/2024:11:40:44 -0300] "GET /cormun/servlet/hlogin HTTP/1.1" 200 1735
190.171.142.26 - - [12/Nov/2024:11:40:51 -0300] "POST /cormun/servlet/hlogin?026fe4bc4251066c42ffa6313023e335,gx-no-cache=1731422361180 HTTP/1.1" 200 90
190.171.142.26 - - [12/Nov/2024:11:40:51 -0300] "GET /cormun/servlet/hpexe_link HTTP/1.1" 200 953
190.171.142.26 - - [12/Nov/2024:11:40:51 -0300] "GET /cormun/servlet/trlicencias HTTP/1.1" 200 12956
190.171.141.82 - - [12/Nov/2024:11:41:43 -0300] "POST /cormun/servlet/trpermisosgoce?5dff8e020dbeb9ce7e55e7671f157dff,gx-no-cache=1731422412511 HTTP/1.1" 200 4204
190.171.141.82 - - [12/Nov/2024:11:42:17 -0300] "GET /cormun/servlet/permisogoce?INS,0,,, HTTP/1.1" 200 7227
190.171.141.82 - - [12/Nov/2024:11:42:20 -0300] "GET /cormun/servlet/permisogoce?d613c579d0f8b6ae18c24a9b6a9e66c6b70316578d90a7191e36cfe0f9b5db59b479b4a6bfcbc28195e3b887ebc0f95b5ab9426499203a1cbe1a7450d71be5ff,gx-no-cache=1731422449789 HTTP/1.1" 200 200
190.171.141.82 - - [12/Nov/2024:11:42:20 -0300] "GET /cormun/static/Shared/jqueryui/images/ui-icons_82798d_256x240.png HTTP/1.1" 404 1089
190.171.141.82 - - [12/Nov/2024:11:42:20 -0300] "GET /cormun/static/Shared/jqueryui/images/ui-bg_highlight-soft_100_c6c2c8_1x100.png HTTP/1.1" 404 1117
190.171.141.82 - - [12/Nov/2024:11:42:20 -0300] "GET /cormun/static/Shared/jqueryui/images/ui-bg_flat_55_994d53_40x100.png HTTP/1.1" 404 1097
190.171.141.82 - - [12/Nov/2024:11:42:20 -0300] "GET /cormun/static/Shared/jqueryui/images/ui-icons_ebccce_256x240.png HTTP/1.1" 404 1089
190.171.141.82 - - [12/Nov/2024:11:42:29 -0300] "GET /cormun/servlet/permisogoce?d613c579d0f8b6ae18c24a9b6a9e66c683d8715504c2f04cba7469be86df65476d4a39b1676a550c82b549be83bf265dfe95a443d78ea96a3b1fe34a095397e9,gx-no-cache=1731422458165 HTTP/1.1" 200 81
190.171.141.82 - - [12/Nov/2024:11:42:30 -0300] "GET /cormun/static/menuarrow.gif HTTP/1.1" 404 1015
190.171.141.82 - - [12/Nov/2024:11:42:34 -0300] "GET /cormun/servlet/permisogoce?d613c579d0f8b6ae18c24a9b6a9e66c6a5dc47715e0ace0cab68132aa47997137541a28a3638d876a7a62ad2866eb992a80e8c28ddfd72b5fc75e12058a7e8ef,gx-no-cache=1731422463521 HTTP/1.1" 200 47
190.171.141.82 - - [12/Nov/2024:11:42:36 -0300] "POST /cormun/servlet/permisogoce?5dff8e020dbeb9ce7e55e7671f157dff,INS,0,,,,gx-no-cache=1731422465276 HTTP/1.1" 200 93
190.171.141.82 - - [12/Nov/2024:11:42:36 -0300] "GET /cormun/servlet/hpexe_return? HTTP/1.1" 200 1029
190.171.141.82 - - [12/Nov/2024:11:42:36 -0300] "GET /cormun/servlet/trpermisosgoce?gx-no-cache=1731422412511 HTTP/1.1" 200 8024
190.171.141.82 - - [12/Nov/2024:11:42:40 -0300] "GET /cormun/servlet/apermisogoceprn?17139044,P,20241112114046,PU HTTP/1.1" 200 1656
190.171.142.42 - - [12/Nov/2024:11:43:42 -0300] "POST /cormun/servlet/hlogin?9b78cf480f41b8bb6d6a17185a5b548a,gx-no-cache=1731422528605 HTTP/1.1" 440 972
190.171.142.42 - - [12/Nov/2024:11:43:45 -0300] "GET /cormun/servlet/hlogin HTTP/1.1" 200 1728
190.171.142.42 - - [12/Nov/2024:11:43:52 -0300] "POST /cormun/servlet/hlogin?c918a52222e88a6a7f29472de20f770a,gx-no-cache=1731422542186 HTTP/1.1" 200 90
190.171.142.42 - - [12/Nov/2024:11:43:52 -0300] "GET /cormun/servlet/hpexe_link HTTP/1.1" 200 949
190.171.142.42 - - [12/Nov/2024:11:43:52 -0300] "GET /cormun/servlet/hhome HTTP/1.1" 200 3907
190.171.142.42 - - [12/Nov/2024:11:43:52 -0300] "GET /cormun/static/gxcfg.js?20201215495537 HTTP/1.1" 200 953
190.171.142.42 - - [12/Nov/2024:11:43:52 -0300] "GET /cormun/static/hhome.js?20201215495544 HTTP/1.1" 200 777
190.171.142.42 - - [12/Nov/2024:11:43:56 -0300] "GET /cormun/servlet/trpermisosgoce? HTTP/1.1" 200 16185
190.171.142.42 - - [12/Nov/2024:11:43:58 -0300] "GET /cormun/servlet/permisogoce?INS,0,,, HTTP/1.1" 200 6771
190.171.142.42 - - [12/Nov/2024:11:44:18 -0300] "GET /cormun/servlet/permisogoce?106be633f17bd0c2514160f93fa9c661c9016a035f8b4334e5c06cbad0515694853b7684933902eae0a709eee024b92e13c28603d28acf5943ce5867499d98f8,gx-no-cache=1731422568188 HTTP/1.1" 200 73
190.171.142.42 - - [12/Nov/2024:11:44:18 -0300] "GET /cormun/static/menuarrow.gif HTTP/1.1" 404 1015
190.171.142.42 - - [12/Nov/2024:11:44:31 -0300] "GET /cormun/servlet/permisogoce?106be633f17bd0c2514160f93fa9c661768437df695a3c799f4cc90b267e1762470f11eefedf3056408a241aaf2e918822f423e97b61df76ee9ff70419e23c74,gx-no-cache=1731422581197 HTTP/1.1" 200 47
190.171.142.42 - - [12/Nov/2024:11:44:34 -0300] "POST /cormun/servlet/permisogoce?c918a52222e88a6a7f29472de20f770a,INS,0,,,,gx-no-cache=1731422583402 HTTP/1.1" 200 93
190.171.142.42 - - [12/Nov/2024:11:44:34 -0300] "GET /cormun/servlet/hpexe_return? HTTP/1.1" 200 1008
190.171.142.42 - - [12/Nov/2024:11:44:34 -0300] "GET /cormun/servlet/trpermisosgoce HTTP/1.1" 200 16395
190.171.143.82 - - [12/Nov/2024:11:47:45 -0300] "GET /cormun/servlet/permisogoce?INS,0,,, HTTP/1.1" 200 6028
190.171.143.82 - - [12/Nov/2024:11:47:48 -0300] "GET /cormun/servlet/hlogin HTTP/1.1" 200 1744
181.212.42.153 - - [12/Nov/2024:11:47:51 -0300] "GET /cormun/servlet/trlicencias? HTTP/1.1" 200 6051
181.212.42.153 - - [12/Nov/2024:11:47:52 -0300] "GET /cormun/servlet/hlogin HTTP/1.1" 200 1742
181.212.42.153 - - [12/Nov/2024:11:47:52 -0300] "GET /cormun/servlet/trlicencias? HTTP/1.1" 200 6051
190.171.143.82 - - [12/Nov/2024:11:47:55 -0300] "POST /cormun/servlet/hlogin?d53611f9d4824883f2011c73ce27775b,gx-no-cache=1731422784195 HTTP/1.1" 200 90
190.171.143.82 - - [12/Nov/2024:11:47:55 -0300] "GET /cormun/servlet/hpexe_link HTTP/1.1" 200 962
190.171.143.82 - - [12/Nov/2024:11:47:55 -0300] "GET /cormun/servlet/permisogoce?INS,0,,, HTTP/1.1" 200 7010
181.212.42.153 - - [12/Nov/2024:11:47:56 -0300] "POST /cormun/servlet/hlogin?3b02419f3b2dec4dd59f6711832e510f,gx-no-cache=1731422786878 HTTP/1.1" 200 90
181.212.42.153 - - [12/Nov/2024:11:47:56 -0300] "GET /cormun/servlet/hpexe_link HTTP/1.1" 200 959
181.212.42.153 - - [12/Nov/2024:11:47:56 -0300] "GET /cormun/servlet/trlicencias HTTP/1.1" 200 17267
190.171.143.82 - - [12/Nov/2024:11:48:13 -0300] "GET /cormun/servlet/permisogoce?f2e8d414a096664e557e5411309f725c04706fcca5ca5aefdb99c2cac933960f5086eeba5e3b3db624f32aa09ff9ad896788fd6403545c87ab9d8c4516d58caf,gx-no-cache=1731422802712 HTTP/1.1" 200 83
190.171.143.82 - - [12/Nov/2024:11:48:38 -0300] "GET /cormun/servlet/permisogoce?f2e8d414a096664e557e5411309f725cd5f5c1b99e9726ba4c8720e985229f888109c35ed43bd3b276a634b34f3e2c9c7abc82fae29c9892b16bd2c064cd0231,gx-no-cache=1731422827972 HTTP/1.1" 200 48
190.171.143.82 - - [12/Nov/2024:11:48:42 -0300] "POST /cormun/servlet/permisogoce?d53611f9d4824883f2011c73ce27775b,INS,0,,,,gx-no-cache=1731422831084 HTTP/1.1" 200 93
