190.171.141.106 - - [11/Nov/2024:11:11:02 -0300] "GET /cormun/servlet/solicitudot?de5b0b5b1641c8504af65f175e5745a47b522ceb03dc3940e07af92ffc24dfff6786d9affd67b586b5b70e7b01b365f3,gx-no-cache=1731334176604 HTTP/1.1" 200 30
190.171.153.26 - - [11/Nov/2024:11:11:34 -0300] "POST /cormun/servlet/trpermisosgoce?492abe35be63a35380767a8f5fc215a6,,gx-no-cache=1731337743544 HTTP/1.1" 440 972
190.171.153.26 - - [11/Nov/2024:11:11:35 -0300] "GET /cormun/servlet/trpermisosgoce? HTTP/1.1" 200 6027
190.171.153.26 - - [11/Nov/2024:11:11:36 -0300] "GET /cormun/servlet/hlogin HTTP/1.1" 200 1739
190.171.153.26 - - [11/Nov/2024:11:11:41 -0300] "POST /cormun/servlet/hlogin?7f735defa30ce75d36e5a830e74914a7,gx-no-cache=1731337751233 HTTP/1.1" 200 90
190.171.153.26 - - [11/Nov/2024:11:11:41 -0300] "GET /cormun/servlet/hpexe_link HTTP/1.1" 200 954
190.171.153.26 - - [11/Nov/2024:11:11:41 -0300] "GET /cormun/servlet/trpermisosgoce HTTP/1.1" 200 12795
190.171.153.26 - - [11/Nov/2024:11:11:46 -0300] "GET /cormun/servlet/trlicencias? HTTP/1.1" 200 10258
190.171.141.106 - - [11/Nov/2024:11:12:55 -0300] "GET /cormun/servlet/solicitudot?de5b0b5b1641c8504af65f175e5745a4d15df16af922f89cbc67ac13fd95a6b06f4eb2d2afa0b994b9c6f101c668dc7d30ebc5ce6603a986657a817e8e4fd390,gx-no-cache=1731334290168 HTTP/1.1" 200 30
190.171.141.106 - - [11/Nov/2024:11:13:03 -0300] "GET /cormun/servlet/solicitudot?de5b0b5b1641c8504af65f175e5745a44e3d8d1ab3ac7ce474574007bca5a39e,gx-no-cache=1731334298143 HTTP/1.1" 200 29
190.171.141.106 - - [11/Nov/2024:11:13:20 -0300] "GET /cormun/servlet/prbanco?,MD,,gxPopupLevel%3D0%3B HTTP/1.1" 200 6557
190.171.141.106 - - [11/Nov/2024:11:13:20 -0300] "GET /cormun/static/gxcfg.js?20201216131581 HTTP/1.1" 200 953
190.171.141.106 - - [11/Nov/2024:11:13:20 -0300] "GET /cormun/static/prbanco.js?20201216132311 HTTP/1.1" 200 10693
190.171.141.106 - - [11/Nov/2024:11:14:10 -0300] "GET /cormun/servlet/solicitudot?de5b0b5b1641c8504af65f175e5745a405fc2967a60dbaa0476af006aa794256,gx-no-cache=1731334365355 HTTP/1.1" 200 44
190.171.141.106 - - [11/Nov/2024:11:14:31 -0300] "GET /cormun/servlet/solicitudot?de5b0b5b1641c8504af65f175e5745a40b50fb9597f8513ca988b09098803505276a2a712d1c6919335fb00837ed2a5432ab7b2256a29c4d3763085355b6cbd68c51ff7cff6a0db6fb87ea80545375e42539a53b051e12c3db78ff0156a18902711f49fcf9909853230a70ad7c1bfac55648ea1f3e533085740dd319a50ab82d035cd0a38c3ec0188960a4c7c2551536bc4b2cfbd34e60d885dadda4424b63b062d7f75fec7705333fea54a7f189c0a6fb35c78fab4a49a3796c03452d9709ab4c00ae84eedd1e4b7a59197c0c4cd5e54e7fea4c2ac42cf96784c0d6a8af5ad3426cfc91ca9ffab888c1a4602c735f3eb5adf63fb057669e220afeb23b8c14d6b3c27c2a9c442a3a24440290d89a743f0c37c2516fe9aeb2bf761275dc78f062e67d1d9cb222dad7ad5c2f0f2f89a547e1403e179444f5a80da79f3fb9a1be6e084791057db2e02d535f23d70c820de3,gx-no-cache=1731334385590 HTTP/1.1" 200 297
190.171.141.106 - - [11/Nov/2024:11:14:36 -0300] "GET /cormun/servlet/solicitudot?de5b0b5b1641c8504af65f175e5745a457389affc47c7b0ffdcb694b50b7e96d7c92e46f1e62e79c5ce1b8f1c4a51f9b5b4938bb88d050e3c68cff348a68bc48b0fd5bd827a1c61e083629e6e8fc0b31a4c1752393cfa28251be8c041348a931b1c3b8fe014c024b8e57cbf854b6ef05f3d0542d0833e94b97dbab0339e38cac25bb79a94363d2f41e40edcbccb71d441da2e0db76b7d7a978354904283628283925bd3a602346d110a95d1a54ae010f98fe98aaf2ddee8767e42629ef6dbf0d0c68a5bce69e76bc283835d1e8c656c6fc971455b35f92e9b01a007550da1afb50f178f962a2d125d3ba69217ac528a1b1842993174c6dffe0a5594f7bd49dd2d618d1b4550c8ed6a837b59464eb20597ef4ee3f33ba26b3d83bc83c940a43e57b1946b7b17b462339a1a632b53ab7d779923f43764bd624ac0a96706971caa8d44363c70e09f9080f11de202712065a2ce609f09328a2115a7c2a0980a2c3f15b5d4d066b70eedcf2572033c0bde55775d805f8b5ef2111df2a827315fd4e2d97b82af6f452c63192f1298dde817ac8,gx-no-cache=1731334390648 HTTP/1.1" 200 30
190.171.141.106 - - [11/Nov/2024:11:14:42 -0300] "POST /cormun/servlet/solicitudot?gx-no-cache=1731334396672 HTTP/1.1" 200 30
190.171.141.106 - - [11/Nov/2024:11:14:56 -0300] "POST /cormun/servlet/solicitudot?gx-no-cache=1731334410962 HTTP/1.1" 200 1482
190.171.141.106 - - [11/Nov/2024:11:15:14 -0300] "GET /cormun/servlet/prfichaempleado?,MD,,gxPopupLevel%3D0%3B HTTP/1.1" 200 9215
190.171.141.90 - - [11/Nov/2024:11:15:29 -0300] "POST /cormun/servlet/trlicencias?7143fd66f9feb6baebe1b5ecf770f6c5,gx-no-cache=1731334441582 HTTP/1.1" 440 972
190.171.141.106 - - [11/Nov/2024:11:15:34 -0300] "POST /cormun/servlet/prfichaempleado?474ac0746ca59e4dbc8a1e01356b4233,,MD,,gxPopupLevel%3D0%3B,gx-no-cache=1731334448776 HTTP/1.1" 200 5965
190.171.141.90 - - [11/Nov/2024:11:15:48 -0300] "GET /cormun/static/menuarrow.gif HTTP/1.1" 404 1015
190.171.141.106 - - [11/Nov/2024:11:15:57 -0300] "POST /cormun/servlet/prfichaempleado?474ac0746ca59e4dbc8a1e01356b4233,,MD,,gxPopupLevel%3D0%3B,gx-no-cache=1731334471926 HTTP/1.1" 200 3175
190.171.141.90 - - [11/Nov/2024:11:16:19 -0300] "GET /cormun/servlet/hlogin HTTP/1.1" 200 1716
190.171.141.90 - - [11/Nov/2024:11:16:30 -0300] "POST /cormun/servlet/hlogin?991a652a5336e34c189673c7bd154488,gx-no-cache=1731334502955 HTTP/1.1" 200 90
190.171.141.90 - - [11/Nov/2024:11:16:30 -0300] "GET /cormun/servlet/hpexe_link HTTP/1.1" 200 948
190.171.141.90 - - [11/Nov/2024:11:16:30 -0300] "GET /cormun/servlet/hhome HTTP/1.1" 200 3962
190.171.141.106 - - [11/Nov/2024:11:16:33 -0300] "GET /cormun/servlet/prfichaempleado?,MD,,gxPopupLevel%3D0%3B HTTP/1.1" 200 9215
190.171.141.90 - - [11/Nov/2024:11:16:33 -0300] "GET /cormun/servlet/trlicencias? HTTP/1.1" 200 12732
190.171.141.90 - - [11/Nov/2024:11:16:38 -0300] "GET /cormun/static/menuarrow.gif HTTP/1.1" 404 1015
190.171.141.106 - - [11/Nov/2024:11:16:42 -0300] "POST /cormun/servlet/prfichaempleado?474ac0746ca59e4dbc8a1e01356b4233,,MD,,gxPopupLevel%3D0%3B,gx-no-cache=1731334516784 HTTP/1.1" 200 5965
190.95.15.15 - - [11/Nov/2024:11:16:50 -0300] "GET /cormun/servlet/hlogin HTTP/1.1" 200 1718
190.171.141.90 - - [11/Nov/2024:11:16:53 -0300] "POST /cormun/servlet/trlicencias?991a652a5336e34c189673c7bd154488,,gx-no-cache=1731334525909 HTTP/1.1" 200 6707
190.95.15.15 - - [11/Nov/2024:11:16:59 -0300] "POST /cormun/servlet/hlogin?6ba704844d02cd4d43cacc32e49d0b35,gx-no-cache=1731334527620 HTTP/1.1" 200 90
190.95.15.15 - - [11/Nov/2024:11:16:59 -0300] "GET /cormun/servlet/hpexe_link HTTP/1.1" 200 949
190.95.15.15 - - [11/Nov/2024:11:16:59 -0300] "GET /cormun/servlet/hhome HTTP/1.1" 200 3972
190.95.15.15 - - [11/Nov/2024:11:17:02 -0300] "GET /cormun/servlet/trlicencias? HTTP/1.1" 200 12795
190.171.141.106 - - [11/Nov/2024:11:17:16 -0300] "POST /cormun/servlet/solicitudot?gx-no-cache=1731334550676 HTTP/1.1" 200 41
190.171.141.106 - - [11/Nov/2024:11:17:52 -0300] "GET /cormun/servlet/solicitudot?de5b0b5b1641c8504af65f175e5745a4cefcb1213d9ba86b0ca1e64a8605312df9e213ab312cf7a888908e3161cf10ba9bc900e97de0181d2ab85db82a55e70e18387d30b24f8c79def7ddfdb2b581ffb64b679da75c168ead21e6a6343a9ed1014d705922acbeaa4e6b394fb7084197,gx-no-cache=1731334587004 HTTP/1.1" 200 110
190.171.141.106 - - [11/Nov/2024:11:18:05 -0300] "POST /cormun/servlet/solicitudot?gx-no-cache=1731334600176 HTTP/1.1" 200 110
190.171.141.106 - - [11/Nov/2024:11:18:19 -0300] "GET /cormun/servlet/solicitudot?de5b0b5b1641c8504af65f175e5745a4e01095d1459d340f717ed30b61fdd6ddb5adf63fb057669e220afeb23b8c14d6b3c27c2a9c442a3a24440290d89a743f0b6824743f86d069e1e14c3b1d060d55,gx-no-cache=1731334613700 HTTP/1.1" 200 29
190.171.141.106 - - [11/Nov/2024:11:18:46 -0300] "GET /cormun/servlet/solicitudot?de5b0b5b1641c8504af65f175e5745a4d3db076f1747db415d000b3707771ac02b46254c11b69838f8cc239f483eda37,gx-no-cache=1731334640730 HTTP/1.1" 200 30
190.171.141.106 - - [11/Nov/2024:11:18:46 -0300] "POST /cormun/servlet/solicitudot?gx-no-cache=1731334640764 HTTP/1.1" 200 34
200.54.103.162 - - [11/Nov/2024:11:19:42 -0300] "GET /cormun/servlet/hhome HTTP/1.1" 200 3319
200.54.103.162 - - [11/Nov/2024:11:19:42 -0300] "GET /cormun/servlet/hlogin HTTP/1.1" 200 1729
200.54.103.162 - - [11/Nov/2024:11:19:45 -0300] "POST /cormun/servlet/hlogin?3e42e7760547acd0cf18287e5c97e1a2,gx-no-cache=1731334707347 HTTP/1.1" 200 90
200.54.103.162 - - [11/Nov/2024:11:19:45 -0300] "GET /cormun/servlet/hpexe_link HTTP/1.1" 200 948
200.54.103.162 - - [11/Nov/2024:11:19:45 -0300] "GET /cormun/servlet/hhome HTTP/1.1" 200 4340
200.54.103.162 - - [11/Nov/2024:11:19:47 -0300] "GET /cormun/servlet/trlicencias? HTTP/1.1" 200 13202
190.171.141.106 - - [11/Nov/2024:11:19:50 -0300] "GET /cormun/static/menuarrow.gif HTTP/1.1" 404 1015
190.171.141.106 - - [11/Nov/2024:11:20:03 -0300] "GET /cormun/servlet/solicitudot?de5b0b5b1641c8504af65f175e5745a4d3db076f1747db415d000b3707771ac0bee90f65c5d0ce8a663daacb89e0b71c,gx-no-cache=1731334717450 HTTP/1.1" 200 30
190.171.141.106 - - [11/Nov/2024:11:20:03 -0300] "POST /cormun/servlet/solicitudot?gx-no-cache=1731334717480 HTTP/1.1" 200 34
157.55.39.48 - - [11/Nov/2024:11:20:24 -0300] "GET /cormun/servlet/hlogin HTTP/1.1" 200 1719
190.171.141.106 - - [11/Nov/2024:11:20:39 -0300] "POST /cormun/servlet/solicitudot?474ac0746ca59e4dbc8a1e01356b4233,INS,0,0,false,,gx-no-cache=1731334754223 HTTP/1.1" 200 13363
190.171.141.106 - - [11/Nov/2024:11:20:55 -0300] "POST /cormun/servlet/solicitudot?gx-no-cache=1731334770144 HTTP/1.1" 200 4197
190.171.141.106 - - [11/Nov/2024:11:21:00 -0300] "GET /cormun/servlet/solicitudot?de5b0b5b1641c8504af65f175e5745a46a9bc159a1ed83626c24653a72326dc1,gx-no-cache=1731334774709 HTTP/1.1" 200 111
190.171.141.106 - - [11/Nov/2024:11:21:00 -0300] "GET /cormun/servlet/solicitudot?de5b0b5b1641c8504af65f175e5745a457389affc47c7b0ffdcb694b50b7e96d7c92e46f1e62e79c5ce1b8f1c4a51f9b5b4938bb88d050e3c68cff348a68bc48b0fd5bd827a1c61e083629e6e8fc0b31a4c1752393cfa28251be8c041348a931b1c3b8fe014c024b8e57cbf854b6ef05f3d0542d0833e94b97dbab0339e38cac25bb79a94363d2f41e40edcbccb71d441da2e0db76b7d7a978354904283628283925bd3a602346d110a95d1a54ae010f98fe98aaf2ddee8767e42629ef6dbf0d0c68a5bce69e76bc283835d1e8c656c6fc971455b35f92e9b01a007550da1afb50f178f962a2d125d3ba69217ac528a1b1842993174c6dffe0a5594f7bd49dd2d618d1b4550c8ed6a837b59464eb20597ef4ee3f33ba26b3d83bc83c940a43e57b1946b7b17b462339a1a632b53ab7d779923f43764bd624ac0a96706971caa8d44363c70e09f9080f11de202712065a2ce609f09328a2115a7c2a0980a2c3f15b5d4d066b70eedcf2572033c0bde5574bec6dd2aa7d2d828246dbe4af3a836597b82af6f452c63192f1298dde817ac8,gx-no-cache=1731334774736 HTTP/1.1" 200 30
190.171.141.106 - - [11/Nov/2024:11:21:00 -0300] "POST /cormun/servlet/solicitudot?gx-no-cache=1731334774749 HTTP/1.1" 200 30
190.171.141.106 - - [11/Nov/2024:11:21:00 -0300] "POST /cormun/servlet/solicitudot?gx-no-cache=1731334774766 HTTP/1.1" 200 1482
190.171.141.106 - - [11/Nov/2024:11:21:00 -0300] "POST /cormun/servlet/solicitudot?gx-no-cache=1731334774833 HTTP/1.1" 200 41
190.171.141.106 - - [11/Nov/2024:11:21:00 -0300] "GET /cormun/servlet/solicitudot?de5b0b5b1641c8504af65f175e5745a4cefcb1213d9ba86b0ca1e64a8605312df9e213ab312cf7a888908e3161cf10ba9bc900e97de0181d2ab85db82a55e70e18387d30b24f8c79def7ddfdb2b581ffb64b679da75c168ead21e6a6343a9ed1014d705922acbeaa4e6b394fb7084197,gx-no-cache=1731334774853 HTTP/1.1" 200 110
190.171.141.106 - - [11/Nov/2024:11:21:00 -0300] "POST /cormun/servlet/solicitudot?gx-no-cache=1731334774873 HTTP/1.1" 200 109
190.171.141.106 - - [11/Nov/2024:11:21:00 -0300] "GET /cormun/servlet/solicitudot?de5b0b5b1641c8504af65f175e5745a4d3db076f1747db415d000b3707771ac0fc9c062e1dbbc113e477139602c84553,gx-no-cache=1731334774895 HTTP/1.1" 200 30
190.171.141.106 - - [11/Nov/2024:11:21:00 -0300] "POST /cormun/servlet/solicitudot?gx-no-cache=1731334774927 HTTP/1.1" 200 34
190.171.141.106 - - [11/Nov/2024:11:21:00 -0300] "POST /cormun/servlet/solicitudot?474ac0746ca59e4dbc8a1e01356b4233,INS,0,0,false,,gx-no-cache=1731334774948 HTTP/1.1" 200 13405
190.171.141.106 - - [11/Nov/2024:11:21:56 -0300] "GET /cormun/servlet/solicitudot?de5b0b5b1641c8504af65f175e5745a4d3db076f1747db415d000b3707771ac0fc9c062e1dbbc113e477139602c84553,gx-no-cache=1731334830749 HTTP/1.1" 200 30
190.171.141.106 - - [11/Nov/2024:11:21:56 -0300] "POST /cormun/servlet/solicitudot?gx-no-cache=1731334830774 HTTP/1.1" 200 34
190.171.141.106 - - [11/Nov/2024:11:21:56 -0300] "POST /cormun/servlet/solicitudot?474ac0746ca59e4dbc8a1e01356b4233,INS,0,0,false,,gx-no-cache=1731334830792 HTTP/1.1" 200 13489
190.171.141.106 - - [11/Nov/2024:11:22:13 -0300] "POST /cormun/servlet/solicitudot?gx-no-cache=1731334848024 HTTP/1.1" 200 4208
190.171.141.106 - - [11/Nov/2024:11:22:13 -0300] "GET /cormun/servlet/solicitudot?de5b0b5b1641c8504af65f175e5745a43793e08ba54b8623e0b37930a8aa80329fa16bbef177ab77357d4b32d0954927,gx-no-cache=1731334848124 HTTP/1.1" 200 111
190.171.141.106 - - [11/Nov/2024:11:22:13 -0300] "GET /cormun/servlet/solicitudot?de5b0b5b1641c8504af65f175e5745a457389affc47c7b0ffdcb694b50b7e96d7c92e46f1e62e79c5ce1b8f1c4a51f9b5b4938bb88d050e3c68cff348a68bc48b0fd5bd827a1c61e083629e6e8fc0b31a4c1752393cfa28251be8c041348a931b1c3b8fe014c024b8e57cbf854b6ef05f3d0542d0833e94b97dbab0339e38cac25bb79a94363d2f41e40edcbccb71d441da2e0db76b7d7a978354904283628283925bd3a602346d110a95d1a54ae010f98fe98aaf2ddee8767e42629ef6dbf0d0c68a5bce69e76bc283835d1e8c656c6fc971455b35f92e9b01a007550da1afb50f178f962a2d125d3ba69217ac528a1b1842993174c6dffe0a5594f7bd49dd2d618d1b4550c8ed6a837b59464eb20597ef4ee3f33ba26b3d83bc83c940a43e57b1946b7b17b462339a1a632b53ab7d779923f43764bd624ac0a96706971caa8d44363c70e09f9080f11de202712065a2ce609f09328a2115a7c2a0980a2c3f15b5d4d066b70eedcf2572033c0bde5574bec6dd2aa7d2d828246dbe4af3a836597b82af6f452c63192f1298dde817ac8,gx-no-cache=1731334848157 HTTP/1.1" 200 30
190.171.141.106 - - [11/Nov/2024:11:22:13 -0300] "POST /cormun/servlet/solicitudot?gx-no-cache=1731334848180 HTTP/1.1" 200 30
190.171.141.106 - - [11/Nov/2024:11:22:13 -0300] "POST /cormun/servlet/solicitudot?gx-no-cache=1731334848216 HTTP/1.1" 200 1482
190.171.141.106 - - [11/Nov/2024:11:22:13 -0300] "POST /cormun/servlet/solicitudot?gx-no-cache=1731334848299 HTTP/1.1" 200 41
190.171.141.106 - - [11/Nov/2024:11:22:13 -0300] "GET /cormun/servlet/solicitudot?de5b0b5b1641c8504af65f175e5745a4cefcb1213d9ba86b0ca1e64a8605312df9e213ab312cf7a888908e3161cf10ba9bc900e97de0181d2ab85db82a55e70e18387d30b24f8c79def7ddfdb2b581ffb64b679da75c168ead21e6a6343a9ed1014d705922acbeaa4e6b394fb7084197,gx-no-cache=1731334848322 HTTP/1.1" 200 110
190.171.141.106 - - [11/Nov/2024:11:22:13 -0300] "POST /cormun/servlet/solicitudot?gx-no-cache=1731334848350 HTTP/1.1" 200 109
190.171.141.106 - - [11/Nov/2024:11:22:13 -0300] "GET /cormun/servlet/solicitudot?de5b0b5b1641c8504af65f175e5745a4d3db076f1747db415d000b3707771ac0fc9c062e1dbbc113e477139602c84553,gx-no-cache=1731334848376 HTTP/1.1" 200 30
190.171.141.106 - - [11/Nov/2024:11:22:13 -0300] "POST /cormun/servlet/solicitudot?gx-no-cache=1731334848396 HTTP/1.1" 200 34
190.171.141.106 - - [11/Nov/2024:11:22:14 -0300] "POST /cormun/servlet/solicitudot?474ac0746ca59e4dbc8a1e01356b4233,INS,0,0,false,,gx-no-cache=1731334848425 HTTP/1.1" 200 13576
190.171.141.106 - - [11/Nov/2024:11:22:20 -0300] "GET /cormun/servlet/prfichaempleado?,MD,,gxPopupLevel%3D0%3B HTTP/1.1" 200 9215
190.171.141.106 - - [11/Nov/2024:11:22:37 -0300] "GET /cormun/servlet/prfichaempleado?,MD,,gxPopupLevel%3D0%3B HTTP/1.1" 200 9215
190.171.141.106 - - [11/Nov/2024:11:22:44 -0300] "POST /cormun/servlet/prfichaempleado?474ac0746ca59e4dbc8a1e01356b4233,,MD,,gxPopupLevel%3D0%3B,gx-no-cache=1731334879360 HTTP/1.1" 200 6230
190.171.141.106 - - [11/Nov/2024:11:22:45 -0300] "GET /cormun/static/Resources/PXToolsGridNext.gif HTTP/1.1" 200 369
190.171.141.106 - - [11/Nov/2024:11:22:45 -0300] "GET /cormun/static/Resources/PXToolsGridLast.gif HTTP/1.1" 200 370
190.171.141.106 - - [11/Nov/2024:11:23:15 -0300] "GET /cormun/servlet/prfichaempleado?,MD,,gxPopupLevel%3D0%3B HTTP/1.1" 200 9215
190.171.141.106 - - [11/Nov/2024:11:24:01 -0300] "POST /cormun/servlet/prfichaempleado?474ac0746ca59e4dbc8a1e01356b4233,,MD,,gxPopupLevel%3D0%3B,gx-no-cache=1731334956359 HTTP/1.1" 200 5965
190.171.141.106 - - [11/Nov/2024:11:24:20 -0300] "POST /cormun/servlet/prfichaempleado?474ac0746ca59e4dbc8a1e01356b4233,,MD,,gxPopupLevel%3D0%3B,gx-no-cache=1731334974784 HTTP/1.1" 200 5968
190.171.141.106 - - [11/Nov/2024:11:24:23 -0300] "POST /cormun/servlet/prfichaempleado?474ac0746ca59e4dbc8a1e01356b4233,,MD,,gxPopupLevel%3D0%3B,gx-no-cache=1731334978365 HTTP/1.1" 200 3175
190.171.141.106 - - [11/Nov/2024:11:24:28 -0300] "POST /cormun/servlet/prfichaempleado?474ac0746ca59e4dbc8a1e01356b4233,,MD,,gxPopupLevel%3D0%3B,gx-no-cache=1731334983093 HTTP/1.1" 200 4932
190.171.141.106 - - [11/Nov/2024:11:24:44 -0300] "POST /cormun/servlet/solicitudot?gx-no-cache=1731334998474 HTTP/1.1" 200 4208
190.171.141.106 - - [11/Nov/2024:11:24:44 -0300] "GET /cormun/servlet/solicitudot?de5b0b5b1641c8504af65f175e5745a43793e08ba54b8623e0b37930a8aa80329fa16bbef177ab77357d4b32d0954927,gx-no-cache=1731334998587 HTTP/1.1" 200 111
190.171.141.106 - - [11/Nov/2024:11:24:44 -0300] "GET /cormun/servlet/solicitudot?de5b0b5b1641c8504af65f175e5745a457389affc47c7b0ffdcb694b50b7e96d7c92e46f1e62e79c5ce1b8f1c4a51f9b5b4938bb88d050e3c68cff348a68bc48b0fd5bd827a1c61e083629e6e8fc0b31a4c1752393cfa28251be8c041348a931b1c3b8fe014c024b8e57cbf854b6ef05f3d0542d0833e94b97dbab0339e38cac25bb79a94363d2f41e40edcbccb71d441da2e0db76b7d7a978354904283628283925bd3a602346d110a95d1a54ae010f98fe98aaf2ddee8767e42629ef6dbf0d0c68a5bce69e76bc283835d1e8c656c6fc971455b35f92e9b01a007550da1afb50f178f962a2d125d3ba69217ac528a1b1842993174c6dffe0a5594f7bd49dd2d618d1b4550c8ed6a837b59464eb20597ef4ee3f33ba26b3d83bc83c940a43e57b1946b7b17b462339a1a632b53ab7d779923f43764bd624ac0a96706971caa8d44363c70e09f9080f11de202712065a2ce609f09328a2115a7c2a0980a2c3f15b5d4d066b70eedcf2572033c0bde5574bec6dd2aa7d2d828246dbe4af3a836597b82af6f452c63192f1298dde817ac8,gx-no-cache=1731334998612 HTTP/1.1" 200 30
190.171.141.106 - - [11/Nov/2024:11:24:44 -0300] "POST /cormun/servlet/solicitudot?gx-no-cache=1731334998631 HTTP/1.1" 200 30
190.171.141.106 - - [11/Nov/2024:11:26:12 -0300] "POST /cormun/servlet/solicitudot?gx-no-cache=1731335086908 HTTP/1.1" 200 4208
190.171.141.106 - - [11/Nov/2024:11:26:20 -0300] "POST /cormun/servlet/solicitudot?474ac0746ca59e4dbc8a1e01356b4233,INS,0,0,false,,gx-no-cache=1731335094333 HTTP/1.1" 200 13603
190.171.141.106 - - [11/Nov/2024:11:26:26 -0300] "GET /cormun/Manuales/ManualSolicitud.pdf HTTP/1.1" 206 1025
190.171.141.106 - - [11/Nov/2024:11:26:26 -0300] "GET /cormun/Manuales/ManualSolicitud.pdf HTTP/1.1" 200 850295
190.171.141.106 - - [11/Nov/2024:11:27:26 -0300] "GET /cormun/servlet/solicitudot?INS,0,0,false, HTTP/1.1" 200 16193
190.171.141.106 - - [11/Nov/2024:11:27:33 -0300] "POST /cormun/servlet/solicitudot?474ac0746ca59e4dbc8a1e01356b4233,INS,0,0,false,,gx-no-cache=1731335168117 HTTP/1.1" 200 13124
190.171.141.106 - - [11/Nov/2024:11:27:33 -0300] "GET /cormun/static/Shared/jqueryui/images/ui-bg_highlight-soft_100_c6c2c8_1x100.png HTTP/1.1" 404 1117
190.171.141.106 - - [11/Nov/2024:11:27:33 -0300] "GET /cormun/static/Shared/jqueryui/images/ui-bg_flat_55_fafafa_40x100.png HTTP/1.1" 404 1097
190.171.141.106 - - [11/Nov/2024:11:27:33 -0300] "GET /cormun/static/Shared/jqueryui/images/ui-icons_82798d_256x240.png HTTP/1.1" 404 1089
190.171.141.106 - - [11/Nov/2024:11:27:33 -0300] "GET /cormun/static/Shared/jqueryui/images/ui-icons_8d78a5_256x240.png HTTP/1.1" 404 1089
190.171.141.106 - - [11/Nov/2024:11:27:35 -0300] "POST /cormun/servlet/solicitudot?gx-no-cache=1731335170328 HTTP/1.1" 200 4209
190.171.141.106 - - [11/Nov/2024:11:27:35 -0300] "GET /cormun/static/Shared/jqueryui/images/ui-bg_flat_55_994d53_40x100.png HTTP/1.1" 404 1097
190.171.141.106 - - [11/Nov/2024:11:27:35 -0300] "GET /cormun/static/Shared/jqueryui/images/ui-icons_ebccce_256x240.png HTTP/1.1" 404 1089
190.171.141.106 - - [11/Nov/2024:11:27:36 -0300] "GET /cormun/servlet/solicitudot?de5b0b5b1641c8504af65f175e5745a47b522ceb03dc3940e07af92ffc24dfff6786d9affd67b586b5b70e7b01b365f3,gx-no-cache=1731335170432 HTTP/1.1" 200 30
190.171.141.106 - - [11/Nov/2024:11:27:36 -0300] "GET /cormun/servlet/solicitudot?de5b0b5b1641c8504af65f175e5745a4d15df16af922f89cbc67ac13fd95a6b06f4eb2d2afa0b994b9c6f101c668dc7d30ebc5ce6603a986657a817e8e4fd390,gx-no-cache=1731335170467 HTTP/1.1" 200 30
190.171.141.106 - - [11/Nov/2024:11:27:36 -0300] "GET /cormun/servlet/solicitudot?de5b0b5b1641c8504af65f175e5745a405fc2967a60dbaa0476af006aa794256,gx-no-cache=1731335170490 HTTP/1.1" 200 44
190.171.141.106 - - [11/Nov/2024:11:27:36 -0300] "POST /cormun/servlet/solicitudot?gx-no-cache=1731335170525 HTTP/1.1" 200 297
190.171.141.106 - - [11/Nov/2024:11:27:36 -0300] "GET /cormun/servlet/solicitudot?de5b0b5b1641c8504af65f175e5745a457389affc47c7b0ffdcb694b50b7e96d7c92e46f1e62e79c5ce1b8f1c4a51f9b5b4938bb88d050e3c68cff348a68bc48b0fd5bd827a1c61e083629e6e8fc0b31a4c1752393cfa28251be8c041348a931b1c3b8fe014c024b8e57cbf854b6ef05f3d0542d0833e94b97dbab0339e38cac25bb79a94363d2f41e40edcbccb71d441da2e0db76b7d7a978354904283628283925bd3a602346d110a95d1a54ae010f98fe98aaf2ddee8767e42629ef6dbf0d0c68a5bce69e76bc283835d1e8c656c6fc971455b35f92e9b01a007550da1afb50f178f962a2d125d3ba69217ac528a1b1842993174c6dffe0a5594f7bd49dd2d618d1b4550c8ed6a837b59464eb20597ef4ee3f33ba26b3d83bc83c940a43e57b1946b7b17b462339a1a632b53ab7d779923f43764bd624ac0a96706971caa8d44363c70e09f9080f11de202712065a2ce609f09328a2115a7c2a0980a2c3f15b5d4d066b70eedcf2572033c0bde55775d805f8b5ef2111df2a827315fd4e2d97b82af6f452c63192f1298dde817ac8,gx-no-cache=1731335170558 HTTP/1.1" 200 30
190.171.141.106 - - [11/Nov/2024:11:27:36 -0300] "POST /cormun/servlet/solicitudot?gx-no-cache=1731335170585 HTTP/1.1" 200 30
190.171.141.106 - - [11/Nov/2024:11:27:36 -0300] "POST /cormun/servlet/solicitudot?gx-no-cache=1731335170613 HTTP/1.1" 200 1484
190.171.141.106 - - [11/Nov/2024:11:27:36 -0300] "POST /cormun/servlet/solicitudot?gx-no-cache=1731335170689 HTTP/1.1" 200 41
190.171.141.106 - - [11/Nov/2024:11:27:36 -0300] "GET /cormun/servlet/solicitudot?de5b0b5b1641c8504af65f175e5745a4cefcb1213d9ba86b0ca1e64a8605312df9e213ab312cf7a888908e3161cf10ba9bc900e97de0181d2ab85db82a55e70e18387d30b24f8c79def7ddfdb2b581ffb64b679da75c168ead21e6a6343a9ed1014d705922acbeaa4e6b394fb7084197,gx-no-cache=1731335170711 HTTP/1.1" 200 110
190.171.141.106 - - [11/Nov/2024:11:27:36 -0300] "POST /cormun/servlet/solicitudot?gx-no-cache=1731335170741 HTTP/1.1" 200 109
190.171.141.106 - - [11/Nov/2024:11:27:36 -0300] "GET /cormun/servlet/solicitudot?de5b0b5b1641c8504af65f175e5745a4e01095d1459d340f717ed30b61fdd6ddb5adf63fb057669e220afeb23b8c14d6b3c27c2a9c442a3a24440290d89a743f0b6824743f86d069e1e14c3b1d060d55,gx-no-cache=1731335170778 HTTP/1.1" 200 29
190.171.141.106 - - [11/Nov/2024:11:27:36 -0300] "GET /cormun/servlet/solicitudot?de5b0b5b1641c8504af65f175e5745a4d3db076f1747db415d000b3707771ac0fc9c062e1dbbc113e477139602c84553,gx-no-cache=1731335170809 HTTP/1.1" 200 30
190.171.141.106 - - [11/Nov/2024:11:27:36 -0300] "POST /cormun/servlet/solicitudot?gx-no-cache=1731335170839 HTTP/1.1" 200 30
190.171.141.106 - - [11/Nov/2024:11:27:36 -0300] "POST /cormun/servlet/solicitudot?474ac0746ca59e4dbc8a1e01356b4233,INS,0,0,false,,gx-no-cache=1731335170867 HTTP/1.1" 200 13410
190.171.143.82 - - [11/Nov/2024:11:27:56 -0300] "POST /cormun/servlet/trpermisosgoce?c0425bc27bcaf41040cc8cf0b77c0648,gx-no-cache=1731335187050 HTTP/1.1" 440 972
190.171.143.82 - - [11/Nov/2024:11:27:58 -0300] "GET /cormun/servlet/trpermisosgoce HTTP/1.1" 200 6023
190.171.143.82 - - [11/Nov/2024:11:27:59 -0300] "GET /cormun/servlet/hlogin HTTP/1.1" 200 1734
190.171.143.82 - - [11/Nov/2024:11:28:02 -0300] "POST /cormun/servlet/hlogin?2e8cad673986fd3ef8f2bf76ac567d41,gx-no-cache=1731335192284 HTTP/1.1" 200 90
190.171.143.82 - - [11/Nov/2024:11:28:02 -0300] "GET /cormun/servlet/hpexe_link HTTP/1.1" 200 952
190.171.143.82 - - [11/Nov/2024:11:28:02 -0300] "GET /cormun/servlet/trpermisosgoce HTTP/1.1" 200 14681
190.171.143.82 - - [11/Nov/2024:11:28:04 -0300] "GET /cormun/static/menuarrow.gif HTTP/1.1" 404 1015
190.171.143.82 - - [11/Nov/2024:11:28:18 -0300] "POST /cormun/servlet/trpermisosgoce?2e8cad673986fd3ef8f2bf76ac567d41,gx-no-cache=1731335208999 HTTP/1.1" 200 5949
190.171.141.106 - - [11/Nov/2024:11:28:19 -0300] "POST /cormun/servlet/solicitudot?ebeef20a643b6ccd545b440893849004,INS,0,0,false,,gx-no-cache=1731335213109 HTTP/1.1" 200 13429
190.171.141.106 - - [11/Nov/2024:11:28:20 -0300] "POST /cormun/servlet/solicitudot?ebeef20a643b6ccd545b440893849004,INS,0,0,false,,gx-no-cache=1731335213758 HTTP/1.1" 200 13510
190.171.141.106 - - [11/Nov/2024:11:28:20 -0300] "POST /cormun/servlet/solicitudot?ebeef20a643b6ccd545b440893849004,INS,0,0,false,,gx-no-cache=1731335214253 HTTP/1.1" 200 13567
190.171.141.138 - - [11/Nov/2024:11:29:24 -0300] "GET /cormun/servlet/hlogin HTTP/1.1" 200 1716
190.171.141.138 - - [11/Nov/2024:11:29:28 -0300] "POST /cormun/servlet/hlogin?ede951fddd0d6f46dae41ffd3abdf860,gx-no-cache=1731335279417 HTTP/1.1" 200 90
190.171.141.138 - - [11/Nov/2024:11:29:28 -0300] "GET /cormun/servlet/hpexe_link HTTP/1.1" 200 951
190.171.141.138 - - [11/Nov/2024:11:29:29 -0300] "GET /cormun/servlet/trpermisosgoce HTTP/1.1" 200 13195
190.171.141.138 - - [11/Nov/2024:11:29:33 -0300] "GET /cormun/servlet/trlicencias? HTTP/1.1" 200 13583
190.171.141.106 - - [11/Nov/2024:11:29:37 -0300] "GET /cormun/servlet/trfichaempleado? HTTP/1.1" 200 15093
190.171.141.106 - - [11/Nov/2024:11:29:44 -0300] "GET /cormun/servlet/trfichaempleado? HTTP/1.1" 200 15093
190.171.143.82 - - [11/Nov/2024:11:29:45 -0300] "POST /cormun/servlet/trpermisosgoce?2e8cad673986fd3ef8f2bf76ac567d41,gx-no-cache=1731335295261 HTTP/1.1" 200 5852
200.54.107.2 - - [11/Nov/2024:11:29:51 -0300] "GET /cormun/servlet/trlicencias? HTTP/1.1" 200 6051
200.54.107.2 - - [11/Nov/2024:11:29:56 -0300] "GET /cormun/servlet/hlogin HTTP/1.1" 200 1741
200.54.107.2 - - [11/Nov/2024:11:30:01 -0300] "POST /cormun/servlet/hlogin?099da829cf669f73fef52cfd1e2aea11,gx-no-cache=1731335315118 HTTP/1.1" 200 90
200.54.107.2 - - [11/Nov/2024:11:30:01 -0300] "GET /cormun/servlet/hpexe_link HTTP/1.1" 200 961
200.54.107.2 - - [11/Nov/2024:11:30:02 -0300] "GET /cormun/servlet/trlicencias HTTP/1.1" 200 12487
190.171.143.82 - - [11/Nov/2024:11:30:04 -0300] "POST /cormun/servlet/trpermisosgoce?2e8cad673986fd3ef8f2bf76ac567d41,gx-no-cache=1731335314127 HTTP/1.1" 200 5534
190.171.143.82 - - [11/Nov/2024:11:30:52 -0300] "POST /cormun/servlet/trpermisosgoce?2e8cad673986fd3ef8f2bf76ac567d41,gx-no-cache=1731335362637 HTTP/1.1" 200 5361
190.171.143.82 - - [11/Nov/2024:11:31:27 -0300] "POST /cormun/servlet/trpermisosgoce?2e8cad673986fd3ef8f2bf76ac567d41,gx-no-cache=1731335397469 HTTP/1.1" 200 5314
190.171.143.82 - - [11/Nov/2024:11:31:38 -0300] "POST /cormun/servlet/trpermisosgoce?2e8cad673986fd3ef8f2bf76ac567d41,gx-no-cache=1731335409020 HTTP/1.1" 200 5709
190.171.143.82 - - [11/Nov/2024:11:31:53 -0300] "POST /cormun/servlet/trpermisosgoce?2e8cad673986fd3ef8f2bf76ac567d41,gx-no-cache=1731335423565 HTTP/1.1" 200 5867
190.171.141.106 - - [11/Nov/2024:11:31:58 -0300] "GET /cormun/servlet/trsolicitudot? HTTP/1.1" 200 7410
190.171.141.106 - - [11/Nov/2024:11:32:10 -0300] "POST /cormun/servlet/trsolicitudot?474ac0746ca59e4dbc8a1e01356b4233,,gx-no-cache=1731335444566 HTTP/1.1" 200 6460
190.171.141.106 - - [11/Nov/2024:11:32:10 -0300] "GET /cormun//static/Resources/PXToolsActionView.png HTTP/1.1" 200 398
190.171.141.106 - - [11/Nov/2024:11:32:10 -0300] "GET /cormun//static/Resources/PXToolsGridDelete.png HTTP/1.1" 200 538
190.171.141.106 - - [11/Nov/2024:11:32:10 -0300] "GET /cormun//static/Resources/PXToolsRemoveAllAction.png HTTP/1.1" 200 487
190.171.141.106 - - [11/Nov/2024:11:32:10 -0300] "GET /cormun//static/Resources/PXToolsGridUpdate.png HTTP/1.1" 200 470
190.171.143.82 - - [11/Nov/2024:11:33:00 -0300] "POST /cormun/servlet/trpermisosgoce?2e8cad673986fd3ef8f2bf76ac567d41,gx-no-cache=1731335490853 HTTP/1.1" 200 5706
190.171.143.82 - - [11/Nov/2024:11:33:01 -0300] "POST /cormun/servlet/trpermisosgoce?2e8cad673986fd3ef8f2bf76ac567d41,gx-no-cache=1731335491092 HTTP/1.1" 200 5705
181.212.42.153 - - [11/Nov/2024:11:33:08 -0300] "GET /cormun/servlet/hlogin HTTP/1.1" 200 1722
181.212.42.153 - - [11/Nov/2024:11:33:15 -0300] "POST /cormun/servlet/hlogin?74fe8159d0a76f854ba190cb937842f0,gx-no-cache=1731335506080 HTTP/1.1" 200 90
181.212.42.153 - - [11/Nov/2024:11:33:15 -0300] "GET /cormun/servlet/hpexe_link HTTP/1.1" 200 953
181.212.42.153 - - [11/Nov/2024:11:33:15 -0300] "GET /cormun/servlet/hhome HTTP/1.1" 200 3966
181.212.42.153 - - [11/Nov/2024:11:33:18 -0300] "GET /cormun/servlet/trlicencias? HTTP/1.1" 200 17246
181.212.42.153 - - [11/Nov/2024:11:33:23 -0300] "POST /cormun/servlet/trlicencias?74fe8159d0a76f854ba190cb937842f0,,gx-no-cache=1731335513738 HTTP/1.1" 200 101
181.212.42.153 - - [11/Nov/2024:11:33:23 -0300] "POST /cormun/servlet/trlicencias?74fe8159d0a76f854ba190cb937842f0,,gx-no-cache=1731335513896 HTTP/1.1" 200 15403
181.212.42.153 - - [11/Nov/2024:11:33:23 -0300] "GET /cormun/Licencias-9473.xls HTTP/1.1" 200 16896
190.171.141.106 - - [11/Nov/2024:11:33:28 -0300] "GET /cormun/servlet/solicitudot?INS,0,0,false, HTTP/1.1" 200 16193
190.171.143.82 - - [11/Nov/2024:11:34:21 -0300] "POST /cormun/servlet/trpermisosgoce?2e8cad673986fd3ef8f2bf76ac567d41,gx-no-cache=1731335571196 HTTP/1.1" 200 5708
190.171.143.82 - - [11/Nov/2024:11:34:34 -0300] "POST /cormun/servlet/trpermisosgoce?2e8cad673986fd3ef8f2bf76ac567d41,gx-no-cache=1731335584164 HTTP/1.1" 200 5878
190.171.143.82 - - [11/Nov/2024:11:34:51 -0300] "POST /cormun/servlet/trpermisosgoce?2e8cad673986fd3ef8f2bf76ac567d41,gx-no-cache=1731335601692 HTTP/1.1" 200 5099
190.171.143.82 - - [11/Nov/2024:11:35:04 -0300] "POST /cormun/servlet/trpermisosgoce?2e8cad673986fd3ef8f2bf76ac567d41,gx-no-cache=1731335614796 HTTP/1.1" 200 5889
190.171.143.82 - - [11/Nov/2024:11:35:27 -0300] "POST /cormun/servlet/trpermisosgoce?2e8cad673986fd3ef8f2bf76ac567d41,gx-no-cache=1731335636892 HTTP/1.1" 200 5893
190.171.143.82 - - [11/Nov/2024:11:35:51 -0300] "POST /cormun/servlet/trpermisosgoce?2e8cad673986fd3ef8f2bf76ac567d41,gx-no-cache=1731335661636 HTTP/1.1" 200 5891
190.171.143.82 - - [11/Nov/2024:11:36:03 -0300] "POST /cormun/servlet/trpermisosgoce?2e8cad673986fd3ef8f2bf76ac567d41,gx-no-cache=1731335673284 HTTP/1.1" 200 6060
190.171.143.82 - - [11/Nov/2024:11:36:20 -0300] "POST /cormun/servlet/trpermisosgoce?2e8cad673986fd3ef8f2bf76ac567d41,gx-no-cache=1731335690708 HTTP/1.1" 200 5706
181.212.40.185 - - [11/Nov/2024:11:36:32 -0300] "POST /cormun/servlet/trlicencias?f4102d2d42a873c778e6ad7f99803503,gx-no-cache=1731335702645 HTTP/1.1" 440 972
181.212.40.185 - - [11/Nov/2024:11:36:32 -0300] "GET /cormun/servlet/trlicencias HTTP/1.1" 200 6047
181.212.40.185 - - [11/Nov/2024:11:36:33 -0300] "GET /cormun/servlet/hlogin HTTP/1.1" 200 1737
190.171.143.82 - - [11/Nov/2024:11:36:36 -0300] "POST /cormun/servlet/trpermisosgoce?2e8cad673986fd3ef8f2bf76ac567d41,gx-no-cache=1731335706636 HTTP/1.1" 200 6390
181.212.40.185 - - [11/Nov/2024:11:36:42 -0300] "POST /cormun/servlet/hlogin?e979c5e4087e421e0d028fa0f080e6a9,gx-no-cache=1731335713127 HTTP/1.1" 200 90
181.212.40.185 - - [11/Nov/2024:11:36:42 -0300] "GET /cormun/servlet/hpexe_link HTTP/1.1" 200 958
181.212.40.185 - - [11/Nov/2024:11:36:42 -0300] "GET /cormun/servlet/trlicencias HTTP/1.1" 200 18768
190.171.141.82 - - [11/Nov/2024:11:36:45 -0300] "GET /cormun/servlet/trlicencias HTTP/1.1" 200 6041
190.171.141.82 - - [11/Nov/2024:11:36:45 -0300] "GET /cormun/servlet/hlogin HTTP/1.1" 200 1728
190.171.141.82 - - [11/Nov/2024:11:36:49 -0300] "POST /cormun/servlet/hlogin?9a7dcd19a6667c236577cebf792447b5,gx-no-cache=1731335718226 HTTP/1.1" 200 90
190.171.141.82 - - [11/Nov/2024:11:36:49 -0300] "GET /cormun/servlet/hpexe_link HTTP/1.1" 200 949
190.171.141.82 - - [11/Nov/2024:11:36:49 -0300] "GET /cormun/servlet/trlicencias HTTP/1.1" 200 11242
190.171.141.138 - - [11/Nov/2024:11:38:54 -0300] "GET /cormun/servlet/trpermisosgoce? HTTP/1.1" 200 13193
190.171.141.138 - - [11/Nov/2024:11:38:57 -0300] "GET /cormun/servlet/trautorizarpermisogoce? HTTP/1.1" 200 8160
190.171.143.82 - - [11/Nov/2024:11:39:01 -0300] "POST /cormun/servlet/trpermisosgoce?2e8cad673986fd3ef8f2bf76ac567d41,gx-no-cache=1731335851981 HTTP/1.1" 200 5732
190.171.143.82 - - [11/Nov/2024:11:39:18 -0300] "POST /cormun/servlet/trpermisosgoce?2e8cad673986fd3ef8f2bf76ac567d41,gx-no-cache=1731335868485 HTTP/1.1" 200 6406
190.171.141.106 - - [11/Nov/2024:11:39:32 -0300] "GET /cormun/servlet/hlogin HTTP/1.1" 200 1722
190.171.141.106 - - [11/Nov/2024:11:39:43 -0300] "POST /cormun/servlet/hlogin?ebeef20a643b6ccd545b440893849004,gx-no-cache=1731335896885 HTTP/1.1" 200 90
190.171.141.106 - - [11/Nov/2024:11:39:43 -0300] "GET /cormun/servlet/hpexe_link HTTP/1.1" 200 968
190.171.141.106 - - [11/Nov/2024:11:39:43 -0300] "GET /cormun/servlet/solicitudot?INS,0,0,false, HTTP/1.1" 200 16198
190.171.143.82 - - [11/Nov/2024:11:39:54 -0300] "POST /cormun/servlet/trpermisosgoce?2e8cad673986fd3ef8f2bf76ac567d41,gx-no-cache=1731335904996 HTTP/1.1" 200 4203
190.171.143.82 - - [11/Nov/2024:11:39:59 -0300] "POST /cormun/servlet/trpermisosgoce?2e8cad673986fd3ef8f2bf76ac567d41,gx-no-cache=1731335909475 HTTP/1.1" 200 5511
190.171.141.106 - - [11/Nov/2024:11:40:05 -0300] "POST /cormun/servlet/solicitudot?gx-no-cache=1731335919463 HTTP/1.1" 200 4114
190.171.141.106 - - [11/Nov/2024:11:40:05 -0300] "GET /cormun/static/Shared/jqueryui/images/ui-bg_highlight-soft_100_c6c2c8_1x100.png HTTP/1.1" 404 1117
190.171.141.106 - - [11/Nov/2024:11:40:05 -0300] "GET /cormun/static/Shared/jqueryui/images/ui-icons_82798d_256x240.png HTTP/1.1" 404 1089
190.171.141.106 - - [11/Nov/2024:11:40:05 -0300] "GET /cormun/static/Shared/jqueryui/images/ui-bg_flat_55_994d53_40x100.png HTTP/1.1" 404 1097
190.171.141.106 - - [11/Nov/2024:11:40:05 -0300] "GET /cormun/static/Shared/jqueryui/images/ui-icons_ebccce_256x240.png HTTP/1.1" 404 1089
190.171.141.106 - - [11/Nov/2024:11:40:13 -0300] "GET /cormun/servlet/prfichaempleado?,MD,,gxPopupLevel%3D0%3B HTTP/1.1" 200 9220
190.171.141.106 - - [11/Nov/2024:11:40:17 -0300] "POST /cormun/servlet/solicitudot?gx-no-cache=1731335931264 HTTP/1.1" 200 4114
190.171.141.106 - - [11/Nov/2024:11:40:17 -0300] "GET /cormun/servlet/solicitudot?a57349d6aad5aa23013b00ebfb5886d70fd9df7c5a7cef32fd33bf4e9a1c808b216eedd3595ac4bab4f92657b5825d45,gx-no-cache=1731335931344 HTTP/1.1" 200 111
190.171.141.106 - - [11/Nov/2024:11:40:31 -0300] "GET /cormun/servlet/solicitudot?a57349d6aad5aa23013b00ebfb5886d7cb88b6dd2eb5105bff3c2a3268aabb3e8bf14ce5f71062b96b1d333b86599f94,gx-no-cache=1731335945276 HTTP/1.1" 200 30
190.171.141.106 - - [11/Nov/2024:11:40:49 -0300] "GET /cormun/servlet/trfichaempleado? HTTP/1.1" 200 14710
190.171.141.106 - - [11/Nov/2024:11:40:49 -0300] "GET /cormun/static/Shared/ext/resources/css/ext-all.css?205870 HTTP/1.1" 200 416045
190.171.141.106 - - [11/Nov/2024:11:40:49 -0300] "GET /cormun/static/gxui/gxui-all.css?110300 HTTP/1.1" 200 2179
190.171.141.106 - - [11/Nov/2024:11:40:49 -0300] "GET /cormun/static/Resources/Spanish/PXTools.css?19172979 HTTP/1.1" 200 100853
190.171.141.106 - - [11/Nov/2024:11:40:49 -0300] "GET /cormun/static/gxcfg.js?201991420132062 HTTP/1.1" 200 953
190.171.141.106 - - [11/Nov/2024:11:40:49 -0300] "GET /cormun/static/trfichaempleado.js?201991420132430 HTTP/1.1" 200 22815
190.171.143.82 - - [11/Nov/2024:11:41:48 -0300] "POST /cormun/servlet/trpermisosgoce?2e8cad673986fd3ef8f2bf76ac567d41,gx-no-cache=1731336018947 HTTP/1.1" 200 5883
190.171.143.82 - - [11/Nov/2024:11:42:10 -0300] "POST /cormun/servlet/trpermisosgoce?2e8cad673986fd3ef8f2bf76ac567d41,gx-no-cache=1731336040219 HTTP/1.1" 200 5332
190.171.141.106 - - [11/Nov/2024:11:42:47 -0300] "GET /cormun/servlet/trreportecargahoraria? HTTP/1.1" 200 6761
190.171.141.106 - - [11/Nov/2024:11:42:47 -0300] "GET /cormun/static/gxcfg.js?202211298504121 HTTP/1.1" 200 953
190.171.141.106 - - [11/Nov/2024:11:42:47 -0300] "GET /cormun/static/trreportecargahoraria.js?20221129850435 HTTP/1.1" 200 29376
190.171.141.106 - - [11/Nov/2024:11:42:51 -0300] "GET /cormun/servlet/prbanco?,MD,,gxPopupLevel%3D0%3B HTTP/1.1" 200 6563
190.171.143.82 - - [11/Nov/2024:11:42:52 -0300] "POST /cormun/servlet/trpermisosgoce?2e8cad673986fd3ef8f2bf76ac567d41,gx-no-cache=1731336082123 HTTP/1.1" 200 5328
190.171.141.106 - - [11/Nov/2024:11:42:54 -0300] "GET /cormun/servlet/trcontratosolicitud? HTTP/1.1" 200 14656
190.171.141.106 - - [11/Nov/2024:11:42:54 -0300] "GET /cormun/static/gxcfg.js?202211298514361 HTTP/1.1" 200 953
190.171.141.106 - - [11/Nov/2024:11:42:54 -0300] "GET /cormun/static/trcontratosolicitud.js?202211298514531 HTTP/1.1" 200 28237
190.171.141.106 - - [11/Nov/2024:11:42:54 -0300] "GET /cormun//static/Resources/PXToolsGridNew.png HTTP/1.1" 200 427
190.171.141.106 - - [11/Nov/2024:11:42:56 -0300] "GET /cormun/servlet/solicitudot?a57349d6aad5aa23013b00ebfb5886d7edc299f87dd3595779389a5acca54078916853c72416c57cd561c179a20735cd2c49bf0ca873f4a47fbaf7cbf960677a,gx-no-cache=1731336090208 HTTP/1.1" 200 30
190.171.141.106 - - [11/Nov/2024:11:42:59 -0300] "GET /cormun/servlet/solicitudot?a57349d6aad5aa23013b00ebfb5886d7fc9089fe40025fa081f8b60aab37ac82,gx-no-cache=1731336092724 HTTP/1.1" 200 44
190.171.143.82 - - [11/Nov/2024:11:43:00 -0300] "POST /cormun/servlet/trpermisosgoce?2e8cad673986fd3ef8f2bf76ac567d41,gx-no-cache=1731336090947 HTTP/1.1" 200 6060
190.171.143.82 - - [11/Nov/2024:11:43:19 -0300] "POST /cormun/servlet/trpermisosgoce?2e8cad673986fd3ef8f2bf76ac567d41,gx-no-cache=1731336109579 HTTP/1.1" 200 6090
190.171.141.106 - - [11/Nov/2024:11:43:26 -0300] "GET /cormun/servlet/solicitudot?a57349d6aad5aa23013b00ebfb5886d7faf8137c7d4cecd87260f2f575a30db856b870f79c5cd101a90fbcf7e37fef7461369d7b36750518ada1903c47906b66b22e5d46136806b13e3b8b31d1c23b902814f149bf8c4af44ede70817c1102cd9509e6322e26238435595df0607c41b7894d5f061d359842d63522f6ff2621bf4ab4b1ae1160259eb2eb6a41017fc6083d8bb7a12c9f0e58ac82a5cc384edf73f7149080632c6a106679db40cea865c253340d65b2114e3a5251409d6cdff244aa840bf8ab92bc67a9ab57e7dba6f5c25f325968173599539b741e01544cc33cd76c51e2b031e2bc3ff1ad7622649e6a6bef88ab82ff3cac78bc13d9759b27b16a861495fc21fcf0fd2a87130e77246b10ec9cd30b05c83720a494d93bd2d0ee487c46e0e3cccba9bd1f76592a0791704312fa56008e984381757d0af193122d67209df60c8e92fd064341dae1d10912,gx-no-cache=1731336119973 HTTP/1.1" 200 297
190.171.141.106 - - [11/Nov/2024:11:43:30 -0300] "GET /cormun/servlet/solicitudot?a57349d6aad5aa23013b00ebfb5886d73f471540fd06e78a42c73c02cb6e3c61593dbbdc825e21f8e03e87fd638035c06b9008ab799455d767b5808e818a2f0bc16389609ee5c0f089a78b12e0b9eb27d57e1a15b21fe1dd159cb009dee0272dede499c2b29b737a21a3295e78a3c44ec91975fcbe617e0ed45e40f4a23764c1ef4b8db54a9cac48d05b6e9890894272e20f0ff4576f76389ddaec9f970ec673fadaed4527abd3e36718e8111302b1d3a5ddca48511cf1607f98251db6db94ebd9f5be0dd758eda788759f0a1e0a10cac51497e6be5172ce326b8f1c09d1d7d1f30cc03a4be6930f09dc13a0071622a4be2c8e821c4fb0c734f2f35389ceaeec1b65ea42aed96c81dd99632636312d47f78a4baa35055a76f70dab85f5348a4767d54f9b36f3e9ca33d84642facf69047affe0d6a65836c86f0f632a5899168951384e55de7153e551f301967340a348857635bb36722b9bbf10b4aeabbde904440698c4c3f50dfcbb8203517ad1a7815f07b66af0d8588b4918806b1620d8ee903a943979f4d292fa10af5e948d2f6e,gx-no-cache=1731336123613 HTTP/1.1" 200 30
190.171.141.106 - - [11/Nov/2024:11:43:34 -0300] "POST /cormun/servlet/solicitudot?gx-no-cache=1731336128294 HTTP/1.1" 200 30
190.171.143.82 - - [11/Nov/2024:11:43:36 -0300] "POST /cormun/servlet/trpermisosgoce?2e8cad673986fd3ef8f2bf76ac567d41,gx-no-cache=1731336127035 HTTP/1.1" 200 5330
190.171.143.82 - - [11/Nov/2024:11:43:47 -0300] "POST /cormun/servlet/trpermisosgoce?2e8cad673986fd3ef8f2bf76ac567d41,gx-no-cache=1731336137955 HTTP/1.1" 200 5333
190.171.143.82 - - [11/Nov/2024:11:44:02 -0300] "POST /cormun/servlet/trpermisosgoce?2e8cad673986fd3ef8f2bf76ac567d41,gx-no-cache=1731336152059 HTTP/1.1" 200 5688
190.171.141.106 - - [11/Nov/2024:11:44:06 -0300] "GET /cormun/servlet/prfichaempleado?,MD,,gxPopupLevel%3D0%3B HTTP/1.1" 200 9220
190.171.143.82 - - [11/Nov/2024:11:44:13 -0300] "POST /cormun/servlet/trpermisosgoce?2e8cad673986fd3ef8f2bf76ac567d41,gx-no-cache=1731336163626 HTTP/1.1" 200 5496
190.171.141.106 - - [11/Nov/2024:11:44:17 -0300] "POST /cormun/servlet/solicitudot?gx-no-cache=1731336170855 HTTP/1.1" 200 1482
190.171.143.82 - - [11/Nov/2024:11:44:24 -0300] "POST /cormun/servlet/trpermisosgoce?2e8cad673986fd3ef8f2bf76ac567d41,gx-no-cache=1731336174035 HTTP/1.1" 200 5708
190.171.141.106 - - [11/Nov/2024:11:44:28 -0300] "POST /cormun/servlet/solicitudot?gx-no-cache=1731336182214 HTTP/1.1" 200 41
190.171.143.82 - - [11/Nov/2024:11:44:38 -0300] "POST /cormun/servlet/trpermisosgoce?2e8cad673986fd3ef8f2bf76ac567d41,gx-no-cache=1731336188578 HTTP/1.1" 200 6042
190.171.143.82 - - [11/Nov/2024:11:44:47 -0300] "GET /cormun/servlet/trpermisosingoce? HTTP/1.1" 200 8343
190.171.141.106 - - [11/Nov/2024:11:45:04 -0300] "GET /cormun/servlet/solicitudot?a57349d6aad5aa23013b00ebfb5886d7f1dccc34622cd0deaeaf6e7575d56e08569eff2c01f4de5816a4e74e3866f48de4058f382b801b8e92f327ec7bb4ec58c6282a454d9d91bb558b35e97c8ff6cfad21ccf288aeab25af35edaa22882a38857093de6969c1b076fa5f72d60ccba5,gx-no-cache=1731336217884 HTTP/1.1" 200 110
190.171.141.106 - - [11/Nov/2024:11:45:15 -0300] "POST /cormun/servlet/solicitudot?gx-no-cache=1731336229079 HTTP/1.1" 200 110
190.171.141.106 - - [11/Nov/2024:11:45:25 -0300] "GET /cormun/servlet/solicitudot?a57349d6aad5aa23013b00ebfb5886d7827f216ccee9b24de3987ca60dca3c786bef88ab82ff3cac78bc13d9759b27b16a861495fc21fcf0fd2a87130e77246b2fa1b022f606ea559614e9213de46912,gx-no-cache=1731336238845 HTTP/1.1" 200 29
190.171.141.106 - - [11/Nov/2024:11:45:28 -0300] "GET /cormun/Manuales/ManualSolicitud.pdf HTTP/1.1" 206 1
190.171.141.106 - - [11/Nov/2024:11:45:29 -0300] "GET /cormun/Manuales/ManualSolicitud.pdf HTTP/1.1" 200 850295
190.171.141.106 - - [11/Nov/2024:11:45:53 -0300] "GET /cormun/servlet/solicitudot?a57349d6aad5aa23013b00ebfb5886d733569bd026cada42c1675040a8a2eb8ee3e1c23064f71a5f0a62045a074197a8,gx-no-cache=1731336267045 HTTP/1.1" 200 30
190.171.141.106 - - [11/Nov/2024:11:45:53 -0300] "POST /cormun/servlet/solicitudot?gx-no-cache=1731336267067 HTTP/1.1" 200 34
190.171.143.82 - - [11/Nov/2024:11:46:17 -0300] "GET /cormun/servlet/trpermisosgoce? HTTP/1.1" 200 8904
190.171.143.82 - - [11/Nov/2024:11:46:23 -0300] "POST /cormun/servlet/trpermisosgoce?2e8cad673986fd3ef8f2bf76ac567d41,,gx-no-cache=1731336293476 HTTP/1.1" 200 5902
190.171.141.106 - - [11/Nov/2024:11:46:44 -0300] "GET /cormun/servlet/trcontratosolicitud? HTTP/1.1" 200 14697
190.171.143.82 - - [11/Nov/2024:11:47:16 -0300] "POST /cormun/servlet/trpermisosgoce?2e8cad673986fd3ef8f2bf76ac567d41,,gx-no-cache=1731336346771 HTTP/1.1" 200 5879
190.171.143.82 - - [11/Nov/2024:11:47:17 -0300] "POST /cormun/servlet/trpermisosgoce?2e8cad673986fd3ef8f2bf76ac567d41,,gx-no-cache=1731336347162 HTTP/1.1" 200 5879
190.171.141.106 - - [11/Nov/2024:11:47:24 -0300] "GET /cormun/servlet/trsolicitudot? HTTP/1.1" 200 9222
190.171.141.106 - - [11/Nov/2024:11:47:29 -0300] "GET /cormun/servlet/solicitudot?INS,0,0,false, HTTP/1.1" 200 16193
190.171.143.82 - - [11/Nov/2024:11:47:30 -0300] "POST /cormun/servlet/trpermisosgoce?2e8cad673986fd3ef8f2bf76ac567d41,,gx-no-cache=1731336360042 HTTP/1.1" 200 5891
190.171.141.106 - - [11/Nov/2024:11:47:38 -0300] "POST /cormun/servlet/solicitudot?gx-no-cache=1731336373073 HTTP/1.1" 200 4114
190.171.141.106 - - [11/Nov/2024:11:47:43 -0300] "GET /cormun/servlet/prfichaempleado?,MD,,gxPopupLevel%3D0%3B HTTP/1.1" 200 9215
190.171.141.106 - - [11/Nov/2024:11:47:54 -0300] "POST /cormun/servlet/solicitudot?gx-no-cache=1731336388628 HTTP/1.1" 200 4114
190.171.143.82 - - [11/Nov/2024:11:47:57 -0300] "POST /cormun/servlet/trpermisosgoce?2e8cad673986fd3ef8f2bf76ac567d41,,gx-no-cache=1731336387778 HTTP/1.1" 200 5907
190.171.143.82 - - [11/Nov/2024:11:47:58 -0300] "POST /cormun/servlet/trpermisosgoce?2e8cad673986fd3ef8f2bf76ac567d41,,gx-no-cache=1731336388898 HTTP/1.1" 200 5908
190.171.141.106 - - [11/Nov/2024:11:48:00 -0300] "POST /cormun/servlet/solicitudot?474ac0746ca59e4dbc8a1e01356b4233,INS,0,0,false,,gx-no-cache=1731336395018 HTTP/1.1" 200 90
190.171.141.106 - - [11/Nov/2024:11:48:00 -0300] "GET /cormun/servlet/hpexe_link HTTP/1.1" 200 962
190.171.141.106 - - [11/Nov/2024:11:48:00 -0300] "GET /cormun/servlet/trsolicitudot HTTP/1.1" 200 9223
190.171.141.106 - - [11/Nov/2024:11:48:12 -0300] "GET /cormun/servlet/hhome HTTP/1.1" 200 4198
190.171.141.106 - - [11/Nov/2024:11:48:26 -0300] "GET /cormun/servlet/trvisualizadoreventos? HTTP/1.1" 200 6954
190.171.141.106 - - [11/Nov/2024:11:48:26 -0300] "GET /cormun/static/gxcfg.js?202211298474834 HTTP/1.1" 200 953
190.171.141.106 - - [11/Nov/2024:11:48:26 -0300] "GET /cormun/static/Resources/PXToolsActionPrint.png HTTP/1.1" 200 404
190.171.141.106 - - [11/Nov/2024:11:48:26 -0300] "GET /cormun/static/trvisualizadoreventos.js?202211298474971 HTTP/1.1" 200 19318
190.171.143.82 - - [11/Nov/2024:11:48:48 -0300] "POST /cormun/servlet/trpermisosgoce?2e8cad673986fd3ef8f2bf76ac567d41,,gx-no-cache=1731336438146 HTTP/1.1" 200 6050
190.171.141.106 - - [11/Nov/2024:11:48:50 -0300] "POST /cormun/servlet/solicitudot?ebeef20a643b6ccd545b440893849004,INS,0,0,false,,gx-no-cache=1731336443536 HTTP/1.1" 200 13385
190.171.143.82 - - [11/Nov/2024:11:49:45 -0300] "POST /cormun/servlet/trpermisosgoce?2e8cad673986fd3ef8f2bf76ac567d41,,gx-no-cache=1731336495467 HTTP/1.1" 200 5707
190.171.152.242 - - [11/Nov/2024:11:50:04 -0300] "GET /cormun/servlet/hlogin HTTP/1.1" 200 1724
190.171.152.242 - - [11/Nov/2024:11:50:05 -0300] "GET /cormun/servlet/hlogin HTTP/1.1" 200 1734
190.171.152.242 - - [11/Nov/2024:11:50:08 -0300] "POST /cormun/servlet/hlogin?ad835ff4f4c312f5698c0b8ecb1ccbe4,gx-no-cache=1731336518981 HTTP/1.1" 200 90
190.171.152.242 - - [11/Nov/2024:11:50:08 -0300] "GET /cormun/servlet/hpexe_link HTTP/1.1" 200 953
190.171.152.242 - - [11/Nov/2024:11:50:08 -0300] "GET /cormun/servlet/hhome HTTP/1.1" 200 3999
190.171.152.242 - - [11/Nov/2024:11:50:13 -0300] "GET /cormun/servlet/trlicencias? HTTP/1.1" 200 10184
190.171.152.242 - - [11/Nov/2024:11:50:59 -0300] "GET /cormun/servlet/hlogin HTTP/1.1" 200 1740
190.171.143.82 - - [11/Nov/2024:11:51:43 -0300] "POST /cormun/servlet/trpermisosgoce?2e8cad673986fd3ef8f2bf76ac567d41,,gx-no-cache=1731336613242 HTTP/1.1" 200 6059
190.171.143.82 - - [11/Nov/2024:11:53:13 -0300] "POST /cormun/servlet/trpermisosgoce?2e8cad673986fd3ef8f2bf76ac567d41,,gx-no-cache=1731336703057 HTTP/1.1" 200 6080
190.171.143.82 - - [11/Nov/2024:11:54:11 -0300] "POST /cormun/servlet/trpermisosgoce?2e8cad673986fd3ef8f2bf76ac567d41,,gx-no-cache=1731336761873 HTTP/1.1" 200 5508
190.171.143.82 - - [11/Nov/2024:11:54:22 -0300] "POST /cormun/servlet/trpermisosgoce?2e8cad673986fd3ef8f2bf76ac567d41,,gx-no-cache=1731336772649 HTTP/1.1" 200 5500
190.171.143.82 - - [11/Nov/2024:11:54:43 -0300] "POST /cormun/servlet/trpermisosgoce?2e8cad673986fd3ef8f2bf76ac567d41,,gx-no-cache=1731336793401 HTTP/1.1" 200 5895
190.171.152.138 - - [11/Nov/2024:11:55:10 -0300] "GET /cormun/servlet/hlogin HTTP/1.1" 200 1722
190.171.152.138 - - [11/Nov/2024:11:55:28 -0300] "POST /cormun/servlet/hlogin?4a3616679dabd954aedfd7f506144920,gx-no-cache=1731336838742 HTTP/1.1" 200 90
190.171.152.138 - - [11/Nov/2024:11:55:28 -0300] "GET /cormun/servlet/hpexe_link HTTP/1.1" 200 953
190.171.152.138 - - [11/Nov/2024:11:55:28 -0300] "GET /cormun/servlet/hhome HTTP/1.1" 200 3864
190.171.152.138 - - [11/Nov/2024:11:55:53 -0300] "GET /cormun/servlet/trpermisosgoce? HTTP/1.1" 200 11358
190.171.143.82 - - [11/Nov/2024:11:56:23 -0300] "POST /cormun/servlet/trpermisosgoce?2e8cad673986fd3ef8f2bf76ac567d41,,gx-no-cache=1731336893009 HTTP/1.1" 200 6095
190.171.143.82 - - [11/Nov/2024:11:56:44 -0300] "POST /cormun/servlet/trpermisosgoce?2e8cad673986fd3ef8f2bf76ac567d41,,gx-no-cache=1731336913968 HTTP/1.1" 200 6408
181.212.40.185 - - [11/Nov/2024:11:57:00 -0300] "GET /cormun/servlet/trpermisosgoce? HTTP/1.1" 200 18931
190.171.143.106 - - [11/Nov/2024:11:57:17 -0300] "GET /cormun/servlet/hhome HTTP/1.1" 200 3321
190.171.143.106 - - [11/Nov/2024:11:57:17 -0300] "GET /cormun/servlet/hlogin HTTP/1.1" 200 1733
190.171.143.82 - - [11/Nov/2024:11:57:25 -0300] "POST /cormun/servlet/trpermisosgoce?2e8cad673986fd3ef8f2bf76ac567d41,,gx-no-cache=1731336955081 HTTP/1.1" 200 6088
190.171.143.106 - - [11/Nov/2024:11:57:30 -0300] "POST /cormun/servlet/hlogin?32129e0fc4d2cda52ce4bf5b205e51f2,gx-no-cache=1731336960645 HTTP/1.1" 200 90
190.171.143.106 - - [11/Nov/2024:11:57:30 -0300] "GET /cormun/servlet/hpexe_link HTTP/1.1" 200 951
190.171.143.106 - - [11/Nov/2024:11:57:30 -0300] "GET /cormun/servlet/hhome HTTP/1.1" 200 4257
190.171.143.106 - - [11/Nov/2024:11:57:35 -0300] "GET /cormun/servlet/trlicencias? HTTP/1.1" 200 12466
181.212.40.185 - - [11/Nov/2024:11:57:47 -0300] "GET /cormun/servlet/permisogoce?INS,0,,, HTTP/1.1" 200 7084
190.171.143.106 - - [11/Nov/2024:11:57:48 -0300] "GET /cormun/servlet/trsolicitudot? HTTP/1.1" 200 7467
190.171.143.106 - - [11/Nov/2024:11:57:49 -0300] "GET /cormun/static/gxcfg.js?20221129846531 HTTP/1.1" 200 953
190.171.143.106 - - [11/Nov/2024:11:57:49 -0300] "GET /cormun/static/trsolicitudot.js?202211298465651 HTTP/1.1" 200 54040
181.212.40.185 - - [11/Nov/2024:11:57:55 -0300] "GET /cormun/servlet/permisogoce?fbd8df91d260c395dd55cde0eba7cf59802832634f99a12b24a3086383b3abc771dd246abb487e3f898dfd641d43fd156c3fc2466a65332d8ee11af9cf7331bf,gx-no-cache=1731336986110 HTTP/1.1" 200 76
190.171.143.82 - - [11/Nov/2024:11:57:55 -0300] "POST /cormun/servlet/trpermisosgoce?2e8cad673986fd3ef8f2bf76ac567d41,,gx-no-cache=1731336985905 HTTP/1.1" 200 5544
181.212.40.185 - - [11/Nov/2024:11:57:56 -0300] "GET /cormun/static/menuarrow.gif HTTP/1.1" 404 1015
190.171.152.138 - - [11/Nov/2024:11:58:53 -0300] "POST /cormun/servlet/trpermisosgoce?4a3616679dabd954aedfd7f506144920,,gx-no-cache=1731337043441 HTTP/1.1" 200 8702
190.171.152.138 - - [11/Nov/2024:11:58:53 -0300] "GET /cormun/static/Shared/jqueryui/images/ui-bg_highlight-soft_100_c6c2c8_1x100.png HTTP/1.1" 404 1117
