200.54.103.162 - - [07/Nov/2024:09:34:50 -0300] "GET /cormun/servlet/permisogoce?0c88fec2d9a99c0a0c75c6f8fe5b3c9a4ffc6c57463dacc4aac526e47893d1f0a2f1e5b6b78a46a08c1b59201591a07858729372a6f5cf94daab3144ecfd328e,gx-no-cache=1730982811646 HTTP/1.1" 200 76
200.54.103.162 - - [07/Nov/2024:09:34:55 -0300] "GET /cormun/servlet/permisogoce?0c88fec2d9a99c0a0c75c6f8fe5b3c9a69c0a01578ba55228f6bf99c195b343bd761a5aa7a679e7ef74d4e600e199bdabd60af248b5f87c37dc3b312139c1cce,gx-no-cache=1730982816483 HTTP/1.1" 200 48
200.54.103.162 - - [07/Nov/2024:09:34:59 -0300] "POST /cormun/servlet/permisogoce?b55af173e0f6b50fcb6a919458f03e15,INS,0,,,,gx-no-cache=1730982819981 HTTP/1.1" 200 93
200.54.103.162 - - [07/Nov/2024:09:34:59 -0300] "GET /cormun/servlet/hpexe_return? HTTP/1.1" 200 1010
200.54.103.162 - - [07/Nov/2024:09:34:59 -0300] "GET /cormun/servlet/trpermisosgoce HTTP/1.1" 200 16377
200.54.103.162 - - [07/Nov/2024:09:35:09 -0300] "GET /cormun/servlet/permisogoce?INS,0,,, HTTP/1.1" 200 7236
200.54.100.179 - - [07/Nov/2024:09:35:10 -0300] "GET /cormun/servlet/permisogoce?INS,0,,, HTTP/1.1" 200 7207
200.54.103.162 - - [07/Nov/2024:09:35:17 -0300] "GET /cormun/servlet/permisogoce?0c88fec2d9a99c0a0c75c6f8fe5b3c9a1419787ddd9756a073a9e4b9017b9540a2f1e5b6b78a46a08c1b59201591a07858729372a6f5cf94daab3144ecfd328e,gx-no-cache=1730982838293 HTTP/1.1" 200 82
200.54.103.162 - - [07/Nov/2024:09:35:21 -0300] "GET /cormun/servlet/permisogoce?0c88fec2d9a99c0a0c75c6f8fe5b3c9af870ae9caaaccdf4331bc93f11bb01ffeff620915a9e371e3f05cec6c9d0e694bd60af248b5f87c37dc3b312139c1cce,gx-no-cache=1730982842371 HTTP/1.1" 200 48
200.54.103.162 - - [07/Nov/2024:09:35:23 -0300] "POST /cormun/servlet/permisogoce?b55af173e0f6b50fcb6a919458f03e15,INS,0,,,,gx-no-cache=1730982844102 HTTP/1.1" 200 93
200.54.103.162 - - [07/Nov/2024:09:35:23 -0300] "GET /cormun/servlet/hpexe_return? HTTP/1.1" 200 1010
200.54.103.162 - - [07/Nov/2024:09:35:23 -0300] "GET /cormun/servlet/trpermisosgoce HTTP/1.1" 200 16552
200.54.103.162 - - [07/Nov/2024:09:35:29 -0300] "GET /cormun/servlet/permisogoce?INS,0,,, HTTP/1.1" 200 7237
200.54.103.162 - - [07/Nov/2024:09:35:37 -0300] "GET /cormun/servlet/permisogoce?0c88fec2d9a99c0a0c75c6f8fe5b3c9a0ba82e0a3f33f03af05e6d650b637e1ca2f1e5b6b78a46a08c1b59201591a07858729372a6f5cf94daab3144ecfd328e,gx-no-cache=1730982858373 HTTP/1.1" 200 74
200.54.100.179 - - [07/Nov/2024:09:35:39 -0300] "GET /cormun/servlet/permisogoce?0feb928d27df791b22c2ddbc1b2043b883da21d32f30788e7634e579d2760eaac5b70f1ed58fd4d0eb987648b043b2ef8ee06b76a5815d21d4132d9fc5263c67,gx-no-cache=1730982851986 HTTP/1.1" 200 85
200.54.103.162 - - [07/Nov/2024:09:35:41 -0300] "GET /cormun/servlet/permisogoce?0c88fec2d9a99c0a0c75c6f8fe5b3c9a734af29ae5c7e6590509b703025e441498a911f91cd51f4ab040e885722772ecbd60af248b5f87c37dc3b312139c1cce,gx-no-cache=1730982862475 HTTP/1.1" 200 48
200.54.103.162 - - [07/Nov/2024:09:35:45 -0300] "POST /cormun/servlet/permisogoce?b55af173e0f6b50fcb6a919458f03e15,INS,0,,,,gx-no-cache=1730982866549 HTTP/1.1" 200 93
200.54.103.162 - - [07/Nov/2024:09:35:45 -0300] "GET /cormun/servlet/hpexe_return? HTTP/1.1" 200 1010
200.54.103.162 - - [07/Nov/2024:09:35:45 -0300] "GET /cormun/servlet/trpermisosgoce HTTP/1.1" 200 16759
200.54.103.162 - - [07/Nov/2024:09:35:51 -0300] "GET /cormun/servlet/permisogoce?INS,0,,, HTTP/1.1" 200 7237
200.54.100.179 - - [07/Nov/2024:09:36:11 -0300] "GET /cormun/servlet/permisogoce?0feb928d27df791b22c2ddbc1b2043b85074e8a983dbb95da8a4c0419b0ae2999a8aaa6827466a0466595ad801fc4d55143c167358cc99064826b84fc78ee83d,gx-no-cache=1730982884030 HTTP/1.1" 200 48
200.54.103.162 - - [07/Nov/2024:09:36:15 -0300] "GET /cormun/servlet/permisogoce?0c88fec2d9a99c0a0c75c6f8fe5b3c9ac52a5cd1d1d9e7cb700c443c222b3423a2f1e5b6b78a46a08c1b59201591a07858729372a6f5cf94daab3144ecfd328e,gx-no-cache=1730982896357 HTTP/1.1" 200 80
200.54.100.179 - - [07/Nov/2024:09:36:20 -0300] "POST /cormun/servlet/permisogoce?383f6d8815e81a8fbbea93e62bfc01ad,INS,0,,,,gx-no-cache=1730982892444 HTTP/1.1" 200 93
200.54.100.179 - - [07/Nov/2024:09:36:20 -0300] "GET /cormun/servlet/hpexe_return? HTTP/1.1" 200 1006
200.54.100.179 - - [07/Nov/2024:09:36:20 -0300] "GET /cormun/servlet/trpermisosgoce HTTP/1.1" 200 9048
200.54.103.162 - - [07/Nov/2024:09:36:22 -0300] "GET /cormun/servlet/permisogoce?0c88fec2d9a99c0a0c75c6f8fe5b3c9a821f2c335c340845fdf6fb93702a1262c589dee18d0d593665155c02c91f1dbfdc2a9da09d68377952384d5158be3cbc,gx-no-cache=1730982903892 HTTP/1.1" 200 48
200.54.100.179 - - [07/Nov/2024:09:36:24 -0300] "GET /cormun/servlet/apermisogoceprn?17133915,P,20241107093350,PU HTTP/1.1" 200 1667
200.54.103.162 - - [07/Nov/2024:09:36:24 -0300] "POST /cormun/servlet/permisogoce?b55af173e0f6b50fcb6a919458f03e15,INS,0,,,,gx-no-cache=1730982905710 HTTP/1.1" 200 93
200.54.103.162 - - [07/Nov/2024:09:36:24 -0300] "GET /cormun/servlet/hpexe_return? HTTP/1.1" 200 1010
200.54.103.162 - - [07/Nov/2024:09:36:25 -0300] "GET /cormun/servlet/trpermisosgoce HTTP/1.1" 200 16970
200.54.103.162 - - [07/Nov/2024:09:36:32 -0300] "GET /cormun/servlet/permisogoce?INS,0,,, HTTP/1.1" 200 7236
200.54.103.162 - - [07/Nov/2024:09:36:41 -0300] "GET /cormun/servlet/permisogoce?0c88fec2d9a99c0a0c75c6f8fe5b3c9a2d39fe4dd7398c2f6560c86e937d5b8ea2f1e5b6b78a46a08c1b59201591a07858729372a6f5cf94daab3144ecfd328e,gx-no-cache=1730982922269 HTTP/1.1" 200 78
200.54.103.162 - - [07/Nov/2024:09:36:47 -0300] "GET /cormun/servlet/permisogoce?0c88fec2d9a99c0a0c75c6f8fe5b3c9a77cb21c37f51545ee8828778b4a4bcf3ace86ff3c75ed64f16bbe928136796d8bd60af248b5f87c37dc3b312139c1cce,gx-no-cache=1730982928187 HTTP/1.1" 200 47
200.54.103.162 - - [07/Nov/2024:09:36:49 -0300] "POST /cormun/servlet/permisogoce?b55af173e0f6b50fcb6a919458f03e15,INS,0,,,,gx-no-cache=1730982930469 HTTP/1.1" 200 93
200.54.103.162 - - [07/Nov/2024:09:36:49 -0300] "GET /cormun/servlet/hpexe_return? HTTP/1.1" 200 1010
200.54.103.162 - - [07/Nov/2024:09:36:49 -0300] "GET /cormun/servlet/trpermisosgoce HTTP/1.1" 200 17171
200.54.103.162 - - [07/Nov/2024:09:36:56 -0300] "GET /cormun/servlet/permisogoce?INS,0,,, HTTP/1.1" 200 7236
200.54.103.162 - - [07/Nov/2024:09:37:05 -0300] "GET /cormun/servlet/permisogoce?0c88fec2d9a99c0a0c75c6f8fe5b3c9a58e6e65b9416c5c03edd36a7b9b459e61fce8ec2427037fffa558b483c82c664ef1a23231f8923a10512619c18883247,gx-no-cache=1730982946773 HTTP/1.1" 200 78
200.54.103.162 - - [07/Nov/2024:09:37:11 -0300] "GET /cormun/servlet/permisogoce?0c88fec2d9a99c0a0c75c6f8fe5b3c9a03ed4249fbfb1734bb06230a2f13b7d6654dae8e186f501fd39c34d57e471ef88560022313ce08e0695e34a1b31d654d,gx-no-cache=1730982952107 HTTP/1.1" 200 49
200.54.100.179 - - [07/Nov/2024:09:37:13 -0300] "GET /cormun/servlet/permisogoce?INS,0,,, HTTP/1.1" 200 7208
200.54.103.162 - - [07/Nov/2024:09:37:14 -0300] "POST /cormun/servlet/permisogoce?b55af173e0f6b50fcb6a919458f03e15,INS,0,,,,gx-no-cache=1730982955294 HTTP/1.1" 200 93
200.54.103.162 - - [07/Nov/2024:09:37:14 -0300] "GET /cormun/servlet/hpexe_return? HTTP/1.1" 200 1010
200.54.103.162 - - [07/Nov/2024:09:37:14 -0300] "GET /cormun/servlet/trpermisosgoce HTTP/1.1" 200 17346
200.54.103.162 - - [07/Nov/2024:09:37:22 -0300] "GET /cormun/servlet/permisogoce?INS,0,,, HTTP/1.1" 200 7238
200.54.103.162 - - [07/Nov/2024:09:37:29 -0300] "GET /cormun/servlet/permisogoce?0c88fec2d9a99c0a0c75c6f8fe5b3c9a7325853452d16873fcef2c9552b0816ea2f1e5b6b78a46a08c1b59201591a07858729372a6f5cf94daab3144ecfd328e,gx-no-cache=1730982970493 HTTP/1.1" 200 69
200.54.103.162 - - [07/Nov/2024:09:37:37 -0300] "GET /cormun/servlet/permisogoce?0c88fec2d9a99c0a0c75c6f8fe5b3c9ade41535d4a84bfca9165b6d47fb3fd635eb523983086e2163ebbb47a8346b153dc2a9da09d68377952384d5158be3cbc,gx-no-cache=1730982978691 HTTP/1.1" 200 49
200.54.103.162 - - [07/Nov/2024:09:37:40 -0300] "POST /cormun/servlet/permisogoce?b55af173e0f6b50fcb6a919458f03e15,INS,0,,,,gx-no-cache=1730982980525 HTTP/1.1" 200 93
200.54.103.162 - - [07/Nov/2024:09:37:40 -0300] "GET /cormun/servlet/hpexe_return? HTTP/1.1" 200 1010
200.54.103.162 - - [07/Nov/2024:09:37:40 -0300] "GET /cormun/servlet/trpermisosgoce HTTP/1.1" 200 17598
200.54.103.162 - - [07/Nov/2024:09:37:46 -0300] "GET /cormun/servlet/permisogoce?INS,0,,, HTTP/1.1" 200 7237
200.54.103.162 - - [07/Nov/2024:09:37:53 -0300] "GET /cormun/servlet/permisogoce?0c88fec2d9a99c0a0c75c6f8fe5b3c9a7e186fc6c4d464820742d3e4283e2bce1fce8ec2427037fffa558b483c82c664ef1a23231f8923a10512619c18883247,gx-no-cache=1730982994316 HTTP/1.1" 200 73
200.54.103.162 - - [07/Nov/2024:09:37:57 -0300] "GET /cormun/servlet/permisogoce?0c88fec2d9a99c0a0c75c6f8fe5b3c9ade89156e25422c8ba375f87a7104b80a3160ca323ad5b39292d069171ea382028560022313ce08e0695e34a1b31d654d,gx-no-cache=1730982998770 HTTP/1.1" 200 47
200.54.103.162 - - [07/Nov/2024:09:37:59 -0300] "POST /cormun/servlet/permisogoce?b55af173e0f6b50fcb6a919458f03e15,INS,0,,,,gx-no-cache=1730983000589 HTTP/1.1" 200 93
200.54.103.162 - - [07/Nov/2024:09:37:59 -0300] "GET /cormun/servlet/hpexe_return? HTTP/1.1" 200 1010
200.54.103.162 - - [07/Nov/2024:09:38:00 -0300] "GET /cormun/servlet/trpermisosgoce HTTP/1.1" 200 17786
200.54.103.162 - - [07/Nov/2024:09:38:11 -0300] "GET /cormun/servlet/permisogoce?INS,0,,, HTTP/1.1" 200 7237
200.54.103.162 - - [07/Nov/2024:09:38:17 -0300] "GET /cormun/servlet/permisogoce?0c88fec2d9a99c0a0c75c6f8fe5b3c9a6810af8f5cc05c83329d0b60cc0ef278a2f1e5b6b78a46a08c1b59201591a07858729372a6f5cf94daab3144ecfd328e,gx-no-cache=1730983018716 HTTP/1.1" 200 83
200.54.100.179 - - [07/Nov/2024:09:38:23 -0300] "GET /cormun/servlet/permisogoce?0feb928d27df791b22c2ddbc1b2043b87110625c5fa9414381d91e36c9a4a1c2c5b70f1ed58fd4d0eb987648b043b2ef8ee06b76a5815d21d4132d9fc5263c67,gx-no-cache=1730983016192 HTTP/1.1" 200 79
200.54.103.162 - - [07/Nov/2024:09:38:24 -0300] "GET /cormun/servlet/permisogoce?0c88fec2d9a99c0a0c75c6f8fe5b3c9ac8ff3bd73a7edbcb317cc3f2039c11fba5687e6e7e238915f286146a95fb489bbd60af248b5f87c37dc3b312139c1cce,gx-no-cache=1730983025551 HTTP/1.1" 200 47
167.94.145.100 - - [07/Nov/2024:09:38:30 -0300] "GET / HTTP/1.1" 200 11217
167.94.145.100 - - [07/Nov/2024:09:38:33 -0300] "GET / HTTP/1.1" 200 11217
167.94.145.100 - - [07/Nov/2024:09:38:34 -0300] "GET /favicon.ico HTTP/1.1" 200 21630
167.94.145.100 - - [07/Nov/2024:09:38:35 -0300] "PRI * HTTP/2.0" 505 -
200.54.100.179 - - [07/Nov/2024:09:38:41 -0300] "GET /cormun/servlet/permisogoce?0feb928d27df791b22c2ddbc1b2043b84c546bba8ffbcb4c52bc4cf1a0b24a97fbcb63f43cc18bea7c068b38122fc6fdde62e34e1dac09d2f2137ced077cc2e3,gx-no-cache=1730983033526 HTTP/1.1" 200 48
200.54.100.179 - - [07/Nov/2024:09:38:44 -0300] "POST /cormun/servlet/permisogoce?383f6d8815e81a8fbbea93e62bfc01ad,INS,0,,,,gx-no-cache=1730983037020 HTTP/1.1" 200 93
200.54.100.179 - - [07/Nov/2024:09:38:45 -0300] "GET /cormun/servlet/hpexe_return? HTTP/1.1" 200 1006
200.54.100.179 - - [07/Nov/2024:09:38:45 -0300] "GET /cormun/servlet/trpermisosgoce HTTP/1.1" 200 9269
200.54.100.179 - - [07/Nov/2024:09:38:50 -0300] "GET /cormun/servlet/apermisogoceprn?19211355,P,20241107093553,PU HTTP/1.1" 200 1645
200.54.237.82 - - [07/Nov/2024:09:39:02 -0300] "GET /cormun/servlet/trcontratounov2? HTTP/1.1" 200 5912
200.54.237.82 - - [07/Nov/2024:09:39:02 -0300] "GET /cormun/servlet/hlogin HTTP/1.1" 200 1740
200.54.237.82 - - [07/Nov/2024:09:39:02 -0300] "GET /cormun/servlet/trcontratounov2? HTTP/1.1" 200 5923
200.54.103.162 - - [07/Nov/2024:09:39:10 -0300] "GET /cormun/servlet/hhome HTTP/1.1" 200 4331
200.54.100.179 - - [07/Nov/2024:09:39:10 -0300] "GET /cormun/servlet/permisogoce?INS,0,,, HTTP/1.1" 200 7208
200.54.103.162 - - [07/Nov/2024:09:39:13 -0300] "GET /cormun/servlet/trpermisosgoce? HTTP/1.1" 200 17775
200.54.103.162 - - [07/Nov/2024:09:39:24 -0300] "GET /cormun/servlet/permisogoce?INS,0,,, HTTP/1.1" 200 7237
200.54.237.82 - - [07/Nov/2024:09:39:25 -0300] "POST /cormun/servlet/hlogin?7674281674571dc58884e6550cde311c,gx-no-cache=1730983074098 HTTP/1.1" 200 90
200.54.237.82 - - [07/Nov/2024:09:39:25 -0300] "GET /cormun/servlet/hpexe_link HTTP/1.1" 200 957
200.54.237.82 - - [07/Nov/2024:09:39:26 -0300] "GET /cormun/servlet/trcontratounov2 HTTP/1.1" 200 17672
200.54.103.162 - - [07/Nov/2024:09:39:31 -0300] "GET /cormun/servlet/permisogoce?0c88fec2d9a99c0a0c75c6f8fe5b3c9a6810af8f5cc05c83329d0b60cc0ef278a2f1e5b6b78a46a08c1b59201591a07858729372a6f5cf94daab3144ecfd328e,gx-no-cache=1730983092527 HTTP/1.1" 200 83
200.54.103.162 - - [07/Nov/2024:09:39:31 -0300] "GET /cormun/static/menuarrow.gif HTTP/1.1" 404 1015
200.54.237.82 - - [07/Nov/2024:09:39:33 -0300] "GET /cormun/servlet/trlicencias? HTTP/1.1" 200 9282
200.54.103.162 - - [07/Nov/2024:09:39:35 -0300] "GET /cormun/servlet/permisogoce?0c88fec2d9a99c0a0c75c6f8fe5b3c9ac8ff3bd73a7edbcb317cc3f2039c11fba5687e6e7e238915f286146a95fb489bbd60af248b5f87c37dc3b312139c1cce,gx-no-cache=1730983096355 HTTP/1.1" 200 47
200.54.103.162 - - [07/Nov/2024:09:39:37 -0300] "POST /cormun/servlet/permisogoce?b55af173e0f6b50fcb6a919458f03e15,INS,0,,,,gx-no-cache=1730983098710 HTTP/1.1" 200 93
200.54.103.162 - - [07/Nov/2024:09:39:37 -0300] "GET /cormun/servlet/hpexe_return? HTTP/1.1" 200 1010
200.54.103.162 - - [07/Nov/2024:09:39:38 -0300] "GET /cormun/servlet/trpermisosgoce HTTP/1.1" 200 18015
200.54.103.162 - - [07/Nov/2024:09:39:57 -0300] "GET /cormun/servlet/permisogoce?INS,0,,, HTTP/1.1" 200 7237
200.54.103.162 - - [07/Nov/2024:09:40:05 -0300] "GET /cormun/servlet/permisogoce?0c88fec2d9a99c0a0c75c6f8fe5b3c9ae7583eb7344d7124b932508c06fbdadda2f1e5b6b78a46a08c1b59201591a07858729372a6f5cf94daab3144ecfd328e,gx-no-cache=1730983126157 HTTP/1.1" 200 73
200.54.103.162 - - [07/Nov/2024:09:40:12 -0300] "GET /cormun/servlet/permisogoce?0c88fec2d9a99c0a0c75c6f8fe5b3c9aef63589a169ca0831896f17704fdb993b8bd8f24c75293b503d1ee5ca0edb13fbd60af248b5f87c37dc3b312139c1cce,gx-no-cache=1730983133147 HTTP/1.1" 200 46
200.54.103.162 - - [07/Nov/2024:09:40:15 -0300] "POST /cormun/servlet/permisogoce?b55af173e0f6b50fcb6a919458f03e15,INS,0,,,,gx-no-cache=1730983136669 HTTP/1.1" 200 93
200.54.103.162 - - [07/Nov/2024:09:40:15 -0300] "GET /cormun/servlet/hpexe_return? HTTP/1.1" 200 1010
200.54.103.162 - - [07/Nov/2024:09:40:16 -0300] "GET /cormun/servlet/trpermisosgoce HTTP/1.1" 200 18198
200.54.103.162 - - [07/Nov/2024:09:40:26 -0300] "GET /cormun/servlet/permisogoce?INS,0,,, HTTP/1.1" 200 7237
200.54.103.162 - - [07/Nov/2024:09:40:33 -0300] "GET /cormun/servlet/permisogoce?0c88fec2d9a99c0a0c75c6f8fe5b3c9abb87608ce81e757097d9ff7332a0c951a2f1e5b6b78a46a08c1b59201591a07858729372a6f5cf94daab3144ecfd328e,gx-no-cache=1730983154229 HTTP/1.1" 200 91
200.54.100.179 - - [07/Nov/2024:09:40:35 -0300] "GET /cormun/servlet/permisogoce?0feb928d27df791b22c2ddbc1b2043b8132cc408360812a9c9221dca07acd5ebc5b70f1ed58fd4d0eb987648b043b2ef8ee06b76a5815d21d4132d9fc5263c67,gx-no-cache=1730983147430 HTTP/1.1" 200 83
200.54.103.162 - - [07/Nov/2024:09:40:38 -0300] "GET /cormun/servlet/permisogoce?0c88fec2d9a99c0a0c75c6f8fe5b3c9acc62147f102f72441ba2548094e8d7189cf4ee7ea4ae776818d21e58cfd90e80bd60af248b5f87c37dc3b312139c1cce,gx-no-cache=1730983159499 HTTP/1.1" 200 47
200.54.103.162 - - [07/Nov/2024:09:40:41 -0300] "POST /cormun/servlet/permisogoce?b55af173e0f6b50fcb6a919458f03e15,INS,0,,,,gx-no-cache=1730983161765 HTTP/1.1" 200 93
200.54.103.162 - - [07/Nov/2024:09:40:41 -0300] "GET /cormun/servlet/hpexe_return? HTTP/1.1" 200 1010
200.54.103.162 - - [07/Nov/2024:09:40:41 -0300] "GET /cormun/servlet/trpermisosgoce HTTP/1.1" 200 18435
200.54.103.162 - - [07/Nov/2024:09:40:47 -0300] "GET /cormun/servlet/permisogoce?INS,0,,, HTTP/1.1" 200 7237
200.54.103.162 - - [07/Nov/2024:09:40:54 -0300] "GET /cormun/servlet/permisogoce?0c88fec2d9a99c0a0c75c6f8fe5b3c9aa4675bbe8fa747eca66d1c4c5a00d8c21fce8ec2427037fffa558b483c82c664ef1a23231f8923a10512619c18883247,gx-no-cache=1730983175629 HTTP/1.1" 200 82
200.54.103.162 - - [07/Nov/2024:09:41:01 -0300] "GET /cormun/servlet/permisogoce?0c88fec2d9a99c0a0c75c6f8fe5b3c9a74889d267948cd964fb81482c0c5260ba71f81268335c4c05968d9e79fac60038560022313ce08e0695e34a1b31d654d,gx-no-cache=1730983182131 HTTP/1.1" 200 47
200.54.100.179 - - [07/Nov/2024:09:41:08 -0300] "GET /cormun/servlet/permisogoce?0feb928d27df791b22c2ddbc1b2043b81bbfc7e1a28fa5971dbf2f94addb3f6f23f83bb9610659e17197c2a535fcfa83143c167358cc99064826b84fc78ee83d,gx-no-cache=1730983181103 HTTP/1.1" 200 47
200.54.100.179 - - [07/Nov/2024:09:41:12 -0300] "POST /cormun/servlet/permisogoce?383f6d8815e81a8fbbea93e62bfc01ad,INS,0,,,,gx-no-cache=1730983184289 HTTP/1.1" 200 93
200.54.100.179 - - [07/Nov/2024:09:41:12 -0300] "GET /cormun/servlet/hpexe_return? HTTP/1.1" 200 1006
200.54.100.179 - - [07/Nov/2024:09:41:12 -0300] "GET /cormun/servlet/trpermisosgoce HTTP/1.1" 200 9492
200.54.103.162 - - [07/Nov/2024:09:41:12 -0300] "POST /cormun/servlet/permisogoce?b55af173e0f6b50fcb6a919458f03e15,INS,0,,,,gx-no-cache=1730983193686 HTTP/1.1" 200 93
200.54.103.162 - - [07/Nov/2024:09:41:12 -0300] "GET /cormun/servlet/hpexe_return? HTTP/1.1" 200 1010
200.54.103.162 - - [07/Nov/2024:09:41:13 -0300] "GET /cormun/servlet/trpermisosgoce HTTP/1.1" 200 18660
200.54.103.162 - - [07/Nov/2024:09:41:22 -0300] "GET /cormun/servlet/permisogoce?INS,0,,, HTTP/1.1" 200 7238
52.167.144.160 - - [07/Nov/2024:09:41:27 -0300] "GET /cormun/servlet/hlogin HTTP/1.1" 200 1723
190.171.149.74 - - [07/Nov/2024:09:41:28 -0300] "GET /cormun/servlet/trpermisosgoce? HTTP/1.1" 200 6023
190.171.149.74 - - [07/Nov/2024:09:41:28 -0300] "GET /cormun/servlet/hlogin HTTP/1.1" 200 1742
200.54.103.162 - - [07/Nov/2024:09:41:28 -0300] "GET /cormun/servlet/permisogoce?0c88fec2d9a99c0a0c75c6f8fe5b3c9a499c233d359612eb7731167d67c2780aa2f1e5b6b78a46a08c1b59201591a07858729372a6f5cf94daab3144ecfd328e,gx-no-cache=1730983209957 HTTP/1.1" 200 78
190.171.149.74 - - [07/Nov/2024:09:41:34 -0300] "POST /cormun/servlet/hlogin?9633ae3de0268179b0f58ee570c8ac6c,gx-no-cache=1730983211033 HTTP/1.1" 200 90
190.171.149.74 - - [07/Nov/2024:09:41:34 -0300] "GET /cormun/servlet/hpexe_link HTTP/1.1" 200 958
190.171.149.74 - - [07/Nov/2024:09:41:35 -0300] "GET /cormun/servlet/trpermisosgoce HTTP/1.1" 200 14812
190.171.149.74 - - [07/Nov/2024:09:41:38 -0300] "GET /cormun/servlet/trlicencias? HTTP/1.1" 200 13026
200.54.103.162 - - [07/Nov/2024:09:41:39 -0300] "GET /cormun/servlet/permisogoce?0c88fec2d9a99c0a0c75c6f8fe5b3c9a1e5aba8cb598a8016b13081b8583641180a4f5c1d7b9b73c3c9dddacbdc26c42dc2a9da09d68377952384d5158be3cbc,gx-no-cache=1730983220356 HTTP/1.1" 200 48
200.54.103.162 - - [07/Nov/2024:09:41:42 -0300] "POST /cormun/servlet/permisogoce?b55af173e0f6b50fcb6a919458f03e15,INS,0,,,,gx-no-cache=1730983222829 HTTP/1.1" 200 93
200.54.103.162 - - [07/Nov/2024:09:41:42 -0300] "GET /cormun/servlet/hpexe_return? HTTP/1.1" 200 1010
200.54.103.162 - - [07/Nov/2024:09:41:42 -0300] "GET /cormun/servlet/trpermisosgoce HTTP/1.1" 200 18884
200.54.103.162 - - [07/Nov/2024:09:41:47 -0300] "GET /cormun/servlet/permisogoce?INS,0,,, HTTP/1.1" 200 7237
190.171.149.74 - - [07/Nov/2024:09:41:52 -0300] "GET /cormun/servlet/trpermisosgoce? HTTP/1.1" 200 14810
190.171.149.74 - - [07/Nov/2024:09:41:52 -0300] "GET /cormun/servlet/trpermisosgoce? HTTP/1.1" 200 14811
200.54.103.162 - - [07/Nov/2024:09:41:55 -0300] "GET /cormun/servlet/permisogoce?0c88fec2d9a99c0a0c75c6f8fe5b3c9a615aba6143951cfcedf9e05d5cc21a68a2f1e5b6b78a46a08c1b59201591a07858729372a6f5cf94daab3144ecfd328e,gx-no-cache=1730983236421 HTTP/1.1" 200 80
200.54.103.162 - - [07/Nov/2024:09:42:04 -0300] "GET /cormun/servlet/permisogoce?0c88fec2d9a99c0a0c75c6f8fe5b3c9a8517acf5ba20b9bf53bd1b264f12c35e54066715a21b4c481541d949d507ae6cbd60af248b5f87c37dc3b312139c1cce,gx-no-cache=1730983245371 HTTP/1.1" 200 46
200.54.103.162 - - [07/Nov/2024:09:42:07 -0300] "POST /cormun/servlet/permisogoce?b55af173e0f6b50fcb6a919458f03e15,INS,0,,,,gx-no-cache=1730983248077 HTTP/1.1" 200 93
200.54.103.162 - - [07/Nov/2024:09:42:07 -0300] "GET /cormun/servlet/hpexe_return? HTTP/1.1" 200 1010
200.54.103.162 - - [07/Nov/2024:09:42:07 -0300] "GET /cormun/servlet/trpermisosgoce HTTP/1.1" 200 18867
200.54.100.179 - - [07/Nov/2024:09:42:12 -0300] "GET /cormun/servlet/apermisogoceprn?11372929,P,20241107093750,PU HTTP/1.1" 200 1651
200.54.103.162 - - [07/Nov/2024:09:42:23 -0300] "GET /cormun/servlet/trpermisosadjuntos?11888168,20241107093602,P, HTTP/1.1" 200 6658
200.54.103.162 - - [07/Nov/2024:09:42:23 -0300] "GET /cormun/static/gxcfg.js?2020121641683 HTTP/1.1" 200 953
200.54.103.162 - - [07/Nov/2024:09:42:23 -0300] "GET /cormun/static/trpermisosadjuntos.js?2020121642996 HTTP/1.1" 200 20158
200.54.103.162 - - [07/Nov/2024:09:42:26 -0300] "GET /cormun/servlet/permisosadjuntos?INS,11888168,P,20241107093602,, HTTP/1.1" 200 5986
200.54.103.162 - - [07/Nov/2024:09:42:26 -0300] "GET /cormun/static/permisosadjuntos.js?20201215134285 HTTP/1.1" 200 8724
200.54.103.162 - - [07/Nov/2024:09:42:26 -0300] "GET /cormun/static/gxcfg.js?20201215134212 HTTP/1.1" 200 953
200.54.103.162 - - [07/Nov/2024:09:42:26 -0300] "GET /cormun/static/about:blank HTTP/1.1" 404 1011
190.171.149.74 - - [07/Nov/2024:09:42:30 -0300] "GET /cormun/servlet/permisogoce?INS,0,,, HTTP/1.1" 200 6850
190.171.149.74 - - [07/Nov/2024:09:42:34 -0300] "GET /cormun/servlet/permisogoce?999946bfa94550b982c5ca7f142e418d3d1fca9d57fc6a163d3a5fa6dc0b0b3f3a43e44ca8a709924b793d76e99fb305778395481858abfd3a59761ce6a070bc,gx-no-cache=1730983270593 HTTP/1.1" 200 81
190.171.149.74 - - [07/Nov/2024:09:42:36 -0300] "GET /cormun/static/menuarrow.gif HTTP/1.1" 404 1015
200.54.103.162 - - [07/Nov/2024:09:42:37 -0300] "POST /cormun/servlet/permisosadjuntos?b55af173e0f6b50fcb6a919458f03e15,INS,11888168,P,20241107093602,, HTTP/1.1" 200 116
200.54.103.162 - - [07/Nov/2024:09:42:37 -0300] "GET /cormun/servlet/hpexe_return? HTTP/1.1" 200 1038
200.54.103.162 - - [07/Nov/2024:09:42:37 -0300] "GET /cormun/servlet/trpermisosadjuntos?11888168,20241107093602,P, HTTP/1.1" 200 7163
200.54.103.162 - - [07/Nov/2024:09:42:39 -0300] "POST /cormun/servlet/trpermisosadjuntos?b55af173e0f6b50fcb6a919458f03e15,11888168,20241107093602,P,,gx-no-cache=1730983280902 HTTP/1.1" 200 90
200.54.103.162 - - [07/Nov/2024:09:42:39 -0300] "GET /cormun/servlet/hpexe_link HTTP/1.1" 200 982
200.54.103.162 - - [07/Nov/2024:09:42:39 -0300] "GET /cormun/servlet/trpermisosgoce HTTP/1.1" 200 18864
190.171.149.74 - - [07/Nov/2024:09:42:40 -0300] "GET /cormun/servlet/permisogoce?999946bfa94550b982c5ca7f142e418de6527c66712f79d696233842e98dbb463eb95c3323449bae4249fbc87ecd66d8539948aa5b684533d113e177ff08d05d,gx-no-cache=1730983276886 HTTP/1.1" 200 48
200.54.237.82 - - [07/Nov/2024:09:42:41 -0300] "GET /cormun/static/menuarrow.gif HTTP/1.1" 404 1015
190.171.149.74 - - [07/Nov/2024:09:42:43 -0300] "POST /cormun/servlet/permisogoce?9633ae3de0268179b0f58ee570c8ac6c,INS,0,,,,gx-no-cache=1730983278569 HTTP/1.1" 200 93
190.171.149.74 - - [07/Nov/2024:09:42:43 -0300] "GET /cormun/servlet/hpexe_return? HTTP/1.1" 200 1012
190.171.149.74 - - [07/Nov/2024:09:42:43 -0300] "GET /cormun/servlet/trpermisosgoce HTTP/1.1" 200 15043
190.171.149.74 - - [07/Nov/2024:09:42:45 -0300] "GET /cormun/servlet/apermisogoceprn?18558123,P,20241107094110,PU HTTP/1.1" 200 1649
200.54.103.162 - - [07/Nov/2024:09:42:47 -0300] "GET /cormun/servlet/trpermisosadjuntos?9922919,20241107093626,P, HTTP/1.1" 200 6660
200.54.237.82 - - [07/Nov/2024:09:42:49 -0300] "POST /cormun/servlet/trlicencias?7674281674571dc58884e6550cde311c,,gx-no-cache=1730983285139 HTTP/1.1" 200 6877
200.54.103.162 - - [07/Nov/2024:09:42:49 -0300] "GET /cormun/servlet/permisosadjuntos?INS,9922919,P,20241107093626,, HTTP/1.1" 200 5986
200.54.103.162 - - [07/Nov/2024:09:42:49 -0300] "GET /cormun/static/about:blank HTTP/1.1" 404 1011
200.54.237.82 - - [07/Nov/2024:09:42:50 -0300] "POST /cormun/servlet/trlicencias?7674281674571dc58884e6550cde311c,,gx-no-cache=1730983286713 HTTP/1.1" 200 6876
200.54.103.162 - - [07/Nov/2024:09:42:55 -0300] "POST /cormun/servlet/permisosadjuntos?b55af173e0f6b50fcb6a919458f03e15,INS,9922919,P,20241107093626,, HTTP/1.1" 200 116
200.54.103.162 - - [07/Nov/2024:09:42:55 -0300] "GET /cormun/servlet/hpexe_return? HTTP/1.1" 200 1038
200.54.103.162 - - [07/Nov/2024:09:42:55 -0300] "GET /cormun/servlet/trpermisosadjuntos?9922919,20241107093626,P, HTTP/1.1" 200 7162
200.54.103.162 - - [07/Nov/2024:09:42:58 -0300] "POST /cormun/servlet/trpermisosadjuntos?b55af173e0f6b50fcb6a919458f03e15,9922919,20241107093626,P,,gx-no-cache=1730983299133 HTTP/1.1" 200 90
200.54.103.162 - - [07/Nov/2024:09:42:58 -0300] "GET /cormun/servlet/hpexe_link HTTP/1.1" 200 983
200.54.103.162 - - [07/Nov/2024:09:42:58 -0300] "GET /cormun/servlet/trpermisosgoce HTTP/1.1" 200 18864
200.54.103.162 - - [07/Nov/2024:09:43:01 -0300] "GET /cormun/servlet/trpermisosadjuntos?5757114,20241107093536,P, HTTP/1.1" 200 6659
200.54.103.162 - - [07/Nov/2024:09:43:02 -0300] "GET /cormun/servlet/permisosadjuntos?INS,5757114,P,20241107093536,, HTTP/1.1" 200 5986
200.54.103.162 - - [07/Nov/2024:09:43:02 -0300] "GET /cormun/static/about:blank HTTP/1.1" 404 1011
200.54.103.162 - - [07/Nov/2024:09:43:08 -0300] "POST /cormun/servlet/permisosadjuntos?b55af173e0f6b50fcb6a919458f03e15,INS,5757114,P,20241107093536,, HTTP/1.1" 200 116
200.54.103.162 - - [07/Nov/2024:09:43:08 -0300] "GET /cormun/servlet/hpexe_return? HTTP/1.1" 200 1038
200.54.103.162 - - [07/Nov/2024:09:43:08 -0300] "GET /cormun/servlet/trpermisosadjuntos?5757114,20241107093536,P, HTTP/1.1" 200 7160
200.54.103.162 - - [07/Nov/2024:09:43:10 -0300] "POST /cormun/servlet/trpermisosadjuntos?b55af173e0f6b50fcb6a919458f03e15,5757114,20241107093536,P,,gx-no-cache=1730983311229 HTTP/1.1" 200 90
200.54.103.162 - - [07/Nov/2024:09:43:10 -0300] "GET /cormun/servlet/hpexe_link HTTP/1.1" 200 983
200.54.103.162 - - [07/Nov/2024:09:43:10 -0300] "GET /cormun/servlet/trpermisosgoce HTTP/1.1" 200 18864
200.54.103.162 - - [07/Nov/2024:09:43:13 -0300] "GET /cormun/servlet/trpermisosadjuntos?10699672,20241107094027,P, HTTP/1.1" 200 6661
200.54.103.162 - - [07/Nov/2024:09:43:14 -0300] "GET /cormun/servlet/permisosadjuntos?INS,10699672,P,20241107094027,, HTTP/1.1" 200 5989
200.54.103.162 - - [07/Nov/2024:09:43:14 -0300] "GET /cormun/static/about:blank HTTP/1.1" 404 1011
200.54.100.179 - - [07/Nov/2024:09:43:15 -0300] "GET /cormun/servlet/permisogoce?INS,0,,, HTTP/1.1" 200 7208
200.54.103.162 - - [07/Nov/2024:09:43:19 -0300] "POST /cormun/servlet/permisosadjuntos?b55af173e0f6b50fcb6a919458f03e15,INS,10699672,P,20241107094027,, HTTP/1.1" 200 116
200.54.103.162 - - [07/Nov/2024:09:43:19 -0300] "GET /cormun/servlet/hpexe_return? HTTP/1.1" 200 1040
200.54.103.162 - - [07/Nov/2024:09:43:20 -0300] "GET /cormun/servlet/trpermisosadjuntos?10699672,20241107094027,P, HTTP/1.1" 200 7160
200.54.103.162 - - [07/Nov/2024:09:43:21 -0300] "POST /cormun/servlet/trpermisosadjuntos?b55af173e0f6b50fcb6a919458f03e15,10699672,20241107094027,P,,gx-no-cache=1730983322589 HTTP/1.1" 200 90
200.54.103.162 - - [07/Nov/2024:09:43:21 -0300] "GET /cormun/servlet/hpexe_link HTTP/1.1" 200 984
200.54.103.162 - - [07/Nov/2024:09:43:21 -0300] "GET /cormun/servlet/trpermisosgoce HTTP/1.1" 200 18864
190.171.149.74 - - [07/Nov/2024:09:43:22 -0300] "GET /cormun/servlet/permisogoce?INS,0,,, HTTP/1.1" 200 6851
200.54.103.162 - - [07/Nov/2024:09:43:24 -0300] "GET /cormun/servlet/trpermisosadjuntos?12365836,20241107093409,P, HTTP/1.1" 200 6660
200.54.103.162 - - [07/Nov/2024:09:43:25 -0300] "GET /cormun/servlet/permisosadjuntos?INS,12365836,P,20241107093409,, HTTP/1.1" 200 5985
200.54.103.162 - - [07/Nov/2024:09:43:25 -0300] "GET /cormun/static/about:blank HTTP/1.1" 404 1011
200.54.103.162 - - [07/Nov/2024:09:43:32 -0300] "POST /cormun/servlet/permisosadjuntos?b55af173e0f6b50fcb6a919458f03e15,INS,12365836,P,20241107093409,, HTTP/1.1" 200 116
200.54.103.162 - - [07/Nov/2024:09:43:32 -0300] "GET /cormun/servlet/hpexe_return? HTTP/1.1" 200 1040
200.54.103.162 - - [07/Nov/2024:09:43:32 -0300] "GET /cormun/servlet/trpermisosadjuntos?12365836,20241107093409,P, HTTP/1.1" 200 7160
200.54.103.162 - - [07/Nov/2024:09:43:34 -0300] "POST /cormun/servlet/trpermisosadjuntos?b55af173e0f6b50fcb6a919458f03e15,12365836,20241107093409,P,,gx-no-cache=1730983335085 HTTP/1.1" 200 90
200.54.103.162 - - [07/Nov/2024:09:43:34 -0300] "GET /cormun/servlet/hpexe_link HTTP/1.1" 200 984
200.54.103.162 - - [07/Nov/2024:09:43:34 -0300] "GET /cormun/servlet/trpermisosgoce HTTP/1.1" 200 18864
190.171.149.74 - - [07/Nov/2024:09:43:34 -0300] "GET /cormun/servlet/permisogoce?999946bfa94550b982c5ca7f142e418d76e220321559ea0b17455af93e105d593a43e44ca8a709924b793d76e99fb305778395481858abfd3a59761ce6a070bc,gx-no-cache=1730983331010 HTTP/1.1" 200 79
200.54.103.162 - - [07/Nov/2024:09:43:37 -0300] "GET /cormun/servlet/trpermisosadjuntos?15916030,20241107093256,P, HTTP/1.1" 200 6662
200.54.103.162 - - [07/Nov/2024:09:43:38 -0300] "GET /cormun/servlet/permisosadjuntos?INS,15916030,P,20241107093256,, HTTP/1.1" 200 5992
200.54.103.162 - - [07/Nov/2024:09:43:38 -0300] "GET /cormun/static/about:blank HTTP/1.1" 404 1011
190.171.149.74 - - [07/Nov/2024:09:43:41 -0300] "GET /cormun/servlet/permisogoce?999946bfa94550b982c5ca7f142e418d457863e70f71f9139d451767943d4ac0e3ea33f8a2b58b4441e2f68638e00fba539948aa5b684533d113e177ff08d05d,gx-no-cache=1730983338011 HTTP/1.1" 200 47
200.54.103.162 - - [07/Nov/2024:09:43:44 -0300] "POST /cormun/servlet/permisosadjuntos?b55af173e0f6b50fcb6a919458f03e15,INS,15916030,P,20241107093256,, HTTP/1.1" 200 116
200.54.103.162 - - [07/Nov/2024:09:43:44 -0300] "GET /cormun/servlet/hpexe_return? HTTP/1.1" 200 1038
200.54.103.162 - - [07/Nov/2024:09:43:44 -0300] "GET /cormun/servlet/trpermisosadjuntos?15916030,20241107093256,P, HTTP/1.1" 200 7171
190.171.149.74 - - [07/Nov/2024:09:43:44 -0300] "POST /cormun/servlet/permisogoce?9633ae3de0268179b0f58ee570c8ac6c,INS,0,,,,gx-no-cache=1730983340688 HTTP/1.1" 200 93
190.171.149.74 - - [07/Nov/2024:09:43:44 -0300] "GET /cormun/servlet/hpexe_return? HTTP/1.1" 200 1012
190.171.149.74 - - [07/Nov/2024:09:43:45 -0300] "GET /cormun/servlet/trpermisosgoce HTTP/1.1" 200 15201
200.54.103.162 - - [07/Nov/2024:09:43:46 -0300] "POST /cormun/servlet/trpermisosadjuntos?b55af173e0f6b50fcb6a919458f03e15,15916030,20241107093256,P,,gx-no-cache=1730983347237 HTTP/1.1" 200 90
200.54.103.162 - - [07/Nov/2024:09:43:46 -0300] "GET /cormun/servlet/hpexe_link HTTP/1.1" 200 984
200.54.103.162 - - [07/Nov/2024:09:43:46 -0300] "GET /cormun/servlet/trpermisosgoce HTTP/1.1" 200 18864
190.171.149.74 - - [07/Nov/2024:09:43:47 -0300] "GET /cormun/servlet/apermisogoceprn?13504206,P,20241107094202,PU HTTP/1.1" 200 1655
200.54.103.162 - - [07/Nov/2024:09:43:49 -0300] "GET /cormun/servlet/trpermisosadjuntos?12516844,20241107093324,P, HTTP/1.1" 200 6660
200.54.103.162 - - [07/Nov/2024:09:43:50 -0300] "GET /cormun/servlet/permisosadjuntos?INS,12516844,P,20241107093324,, HTTP/1.1" 200 5987
200.54.103.162 - - [07/Nov/2024:09:43:50 -0300] "GET /cormun/static/about:blank HTTP/1.1" 404 1011
200.54.103.162 - - [07/Nov/2024:09:43:56 -0300] "POST /cormun/servlet/permisosadjuntos?b55af173e0f6b50fcb6a919458f03e15,INS,12516844,P,20241107093324,, HTTP/1.1" 200 116
200.54.103.162 - - [07/Nov/2024:09:43:56 -0300] "GET /cormun/servlet/hpexe_return? HTTP/1.1" 200 1038
200.54.103.162 - - [07/Nov/2024:09:43:56 -0300] "GET /cormun/servlet/trpermisosadjuntos?12516844,20241107093324,P, HTTP/1.1" 200 7170
200.54.103.162 - - [07/Nov/2024:09:44:00 -0300] "POST /cormun/servlet/trpermisosadjuntos?b55af173e0f6b50fcb6a919458f03e15,12516844,20241107093324,P,,gx-no-cache=1730983361510 HTTP/1.1" 200 90
200.54.103.162 - - [07/Nov/2024:09:44:00 -0300] "GET /cormun/servlet/hpexe_link HTTP/1.1" 200 983
200.54.103.162 - - [07/Nov/2024:09:44:00 -0300] "GET /cormun/servlet/trpermisosgoce HTTP/1.1" 200 18864
200.54.100.179 - - [07/Nov/2024:09:44:03 -0300] "GET /cormun/servlet/permisogoce?0feb928d27df791b22c2ddbc1b2043b81467e7ac3ce378e9bd36f01339e819cec5b70f1ed58fd4d0eb987648b043b2ef8ee06b76a5815d21d4132d9fc5263c67,gx-no-cache=1730983355652 HTTP/1.1" 200 77
200.54.103.162 - - [07/Nov/2024:09:44:04 -0300] "GET /cormun/servlet/trpermisosadjuntos?15105479,20241107093349,P, HTTP/1.1" 200 6660
200.54.103.162 - - [07/Nov/2024:09:44:05 -0300] "GET /cormun/servlet/permisosadjuntos?INS,15105479,P,20241107093349,, HTTP/1.1" 200 5987
200.54.103.162 - - [07/Nov/2024:09:44:05 -0300] "GET /cormun/static/about:blank HTTP/1.1" 404 1011
200.54.103.162 - - [07/Nov/2024:09:44:14 -0300] "POST /cormun/servlet/permisosadjuntos?b55af173e0f6b50fcb6a919458f03e15,INS,15105479,P,20241107093349,, HTTP/1.1" 200 116
200.54.103.162 - - [07/Nov/2024:09:44:14 -0300] "GET /cormun/servlet/hpexe_return? HTTP/1.1" 200 1039
200.54.103.162 - - [07/Nov/2024:09:44:14 -0300] "GET /cormun/servlet/trpermisosadjuntos?15105479,20241107093349,P, HTTP/1.1" 200 7166
200.54.103.162 - - [07/Nov/2024:09:44:15 -0300] "POST /cormun/servlet/trpermisosadjuntos?b55af173e0f6b50fcb6a919458f03e15,15105479,20241107093349,P,,gx-no-cache=1730983377014 HTTP/1.1" 200 90
200.54.103.162 - - [07/Nov/2024:09:44:15 -0300] "GET /cormun/servlet/hpexe_link HTTP/1.1" 200 984
200.54.103.162 - - [07/Nov/2024:09:44:16 -0300] "GET /cormun/servlet/trpermisosgoce HTTP/1.1" 200 18864
200.54.103.162 - - [07/Nov/2024:09:44:19 -0300] "GET /cormun/servlet/trpermisosadjuntos?9067815,20241107093927,P, HTTP/1.1" 200 6667
200.54.103.162 - - [07/Nov/2024:09:44:21 -0300] "GET /cormun/servlet/permisosadjuntos?INS,9067815,P,20241107093927,, HTTP/1.1" 200 5993
200.54.103.162 - - [07/Nov/2024:09:44:21 -0300] "GET /cormun/static/about:blank HTTP/1.1" 404 1011
200.54.103.162 - - [07/Nov/2024:09:44:26 -0300] "POST /cormun/servlet/permisosadjuntos?b55af173e0f6b50fcb6a919458f03e15,INS,9067815,P,20241107093927,, HTTP/1.1" 200 116
200.54.103.162 - - [07/Nov/2024:09:44:26 -0300] "GET /cormun/servlet/hpexe_return? HTTP/1.1" 200 1038
200.54.103.162 - - [07/Nov/2024:09:44:26 -0300] "GET /cormun/servlet/trpermisosadjuntos?9067815,20241107093927,P, HTTP/1.1" 200 7175
200.54.103.162 - - [07/Nov/2024:09:44:28 -0300] "POST /cormun/servlet/trpermisosadjuntos?b55af173e0f6b50fcb6a919458f03e15,9067815,20241107093927,P,,gx-no-cache=1730983389430 HTTP/1.1" 200 90
200.54.103.162 - - [07/Nov/2024:09:44:28 -0300] "GET /cormun/servlet/hpexe_link HTTP/1.1" 200 983
200.54.103.162 - - [07/Nov/2024:09:44:28 -0300] "GET /cormun/servlet/trpermisosgoce HTTP/1.1" 200 18864
200.54.100.179 - - [07/Nov/2024:09:44:29 -0300] "GET /cormun/servlet/permisogoce?0feb928d27df791b22c2ddbc1b2043b83afac10adb7a4370ec963a940543e4fd49667a75826d5b30a158fc8949787d6cde62e34e1dac09d2f2137ced077cc2e3,gx-no-cache=1730983381489 HTTP/1.1" 200 48
200.54.103.162 - - [07/Nov/2024:09:44:33 -0300] "GET /cormun/servlet/trpermisosadjuntos?17137150,20241107093227,P, HTTP/1.1" 200 6661
200.54.103.162 - - [07/Nov/2024:09:44:35 -0300] "GET /cormun/servlet/permisosadjuntos?INS,17137150,P,20241107093227,, HTTP/1.1" 200 5986
200.54.103.162 - - [07/Nov/2024:09:44:35 -0300] "GET /cormun/static/about:blank HTTP/1.1" 404 1011
200.54.100.179 - - [07/Nov/2024:09:44:35 -0300] "POST /cormun/servlet/permisogoce?383f6d8815e81a8fbbea93e62bfc01ad,INS,0,,,,gx-no-cache=1730983387480 HTTP/1.1" 200 93
200.54.100.179 - - [07/Nov/2024:09:44:35 -0300] "GET /cormun/servlet/hpexe_return? HTTP/1.1" 200 1006
200.54.100.179 - - [07/Nov/2024:09:44:35 -0300] "GET /cormun/servlet/trpermisosgoce HTTP/1.1" 200 9712
200.54.103.162 - - [07/Nov/2024:09:44:41 -0300] "POST /cormun/servlet/permisosadjuntos?b55af173e0f6b50fcb6a919458f03e15,INS,17137150,P,20241107093227,, HTTP/1.1" 200 116
200.54.103.162 - - [07/Nov/2024:09:44:41 -0300] "GET /cormun/servlet/hpexe_return? HTTP/1.1" 200 1039
200.54.103.162 - - [07/Nov/2024:09:44:41 -0300] "GET /cormun/servlet/trpermisosadjuntos?17137150,20241107093227,P, HTTP/1.1" 200 7162
200.54.100.179 - - [07/Nov/2024:09:44:42 -0300] "GET /cormun/servlet/apermisogoceprn?18377850,P,20241107094155,PU HTTP/1.1" 200 1654
200.54.103.162 - - [07/Nov/2024:09:44:43 -0300] "POST /cormun/servlet/trpermisosadjuntos?b55af173e0f6b50fcb6a919458f03e15,17137150,20241107093227,P,,gx-no-cache=1730983404390 HTTP/1.1" 200 90
200.54.103.162 - - [07/Nov/2024:09:44:43 -0300] "GET /cormun/servlet/hpexe_link HTTP/1.1" 200 983
200.54.103.162 - - [07/Nov/2024:09:44:43 -0300] "GET /cormun/servlet/trpermisosgoce HTTP/1.1" 200 18864
200.54.103.162 - - [07/Nov/2024:09:44:47 -0300] "GET /cormun/servlet/trpermisosadjuntos?11364480,20241107093512,P, HTTP/1.1" 200 6662
200.54.103.162 - - [07/Nov/2024:09:44:48 -0300] "GET /cormun/servlet/permisosadjuntos?INS,11364480,P,20241107093512,, HTTP/1.1" 200 5990
200.54.103.162 - - [07/Nov/2024:09:44:48 -0300] "GET /cormun/static/about:blank HTTP/1.1" 404 1011
200.54.103.162 - - [07/Nov/2024:09:44:54 -0300] "POST /cormun/servlet/permisosadjuntos?b55af173e0f6b50fcb6a919458f03e15,INS,11364480,P,20241107093512,, HTTP/1.1" 200 116
200.54.103.162 - - [07/Nov/2024:09:44:54 -0300] "GET /cormun/servlet/hpexe_return? HTTP/1.1" 200 1039
200.54.103.162 - - [07/Nov/2024:09:44:54 -0300] "GET /cormun/servlet/trpermisosadjuntos?11364480,20241107093512,P, HTTP/1.1" 200 7167
200.54.103.162 - - [07/Nov/2024:09:44:57 -0300] "POST /cormun/servlet/trpermisosadjuntos?b55af173e0f6b50fcb6a919458f03e15,11364480,20241107093512,P,,gx-no-cache=1730983418278 HTTP/1.1" 200 90
200.54.103.162 - - [07/Nov/2024:09:44:57 -0300] "GET /cormun/servlet/hpexe_link HTTP/1.1" 200 984
200.54.103.162 - - [07/Nov/2024:09:44:57 -0300] "GET /cormun/servlet/trpermisosgoce HTTP/1.1" 200 18864
200.54.103.162 - - [07/Nov/2024:09:45:01 -0300] "GET /cormun/servlet/trpermisosadjuntos?17399914,20241107093906,P, HTTP/1.1" 200 6671
200.54.103.162 - - [07/Nov/2024:09:45:03 -0300] "GET /cormun/servlet/permisosadjuntos?INS,17399914,P,20241107093906,, HTTP/1.1" 200 5998
200.54.103.162 - - [07/Nov/2024:09:45:03 -0300] "GET /cormun/static/about:blank HTTP/1.1" 404 1011
200.54.100.179 - - [07/Nov/2024:09:45:06 -0300] "GET /cormun/servlet/permisogoce?INS,0,,, HTTP/1.1" 200 7208
200.54.103.162 - - [07/Nov/2024:09:45:07 -0300] "POST /cormun/servlet/permisosadjuntos?b55af173e0f6b50fcb6a919458f03e15,INS,17399914,P,20241107093906,, HTTP/1.1" 200 116
200.54.103.162 - - [07/Nov/2024:09:45:07 -0300] "GET /cormun/servlet/hpexe_return? HTTP/1.1" 200 1040
200.54.103.162 - - [07/Nov/2024:09:45:07 -0300] "GET /cormun/servlet/trpermisosadjuntos?17399914,20241107093906,P, HTTP/1.1" 200 7179
200.54.103.162 - - [07/Nov/2024:09:45:10 -0300] "POST /cormun/servlet/trpermisosadjuntos?b55af173e0f6b50fcb6a919458f03e15,17399914,20241107093906,P,,gx-no-cache=1730983431670 HTTP/1.1" 200 90
200.54.103.162 - - [07/Nov/2024:09:45:10 -0300] "GET /cormun/servlet/hpexe_link HTTP/1.1" 200 984
200.54.103.162 - - [07/Nov/2024:09:45:10 -0300] "GET /cormun/servlet/trpermisosgoce HTTP/1.1" 200 18864
200.54.103.162 - - [07/Nov/2024:09:45:16 -0300] "GET /cormun/servlet/trpermisosadjuntos?18159101,20241107093804,P, HTTP/1.1" 200 6662
200.54.103.162 - - [07/Nov/2024:09:45:17 -0300] "GET /cormun/servlet/permisosadjuntos?INS,18159101,P,20241107093804,, HTTP/1.1" 200 5991
200.54.103.162 - - [07/Nov/2024:09:45:17 -0300] "GET /cormun/static/about:blank HTTP/1.1" 404 1011
200.54.103.162 - - [07/Nov/2024:09:45:25 -0300] "POST /cormun/servlet/permisosadjuntos?b55af173e0f6b50fcb6a919458f03e15,INS,18159101,P,20241107093804,, HTTP/1.1" 200 116
200.54.103.162 - - [07/Nov/2024:09:45:25 -0300] "GET /cormun/servlet/hpexe_return? HTTP/1.1" 200 1039
200.54.103.162 - - [07/Nov/2024:09:45:25 -0300] "GET /cormun/servlet/trpermisosadjuntos?18159101,20241107093804,P, HTTP/1.1" 200 7173
200.54.103.162 - - [07/Nov/2024:09:45:29 -0300] "POST /cormun/servlet/trpermisosadjuntos?b55af173e0f6b50fcb6a919458f03e15,18159101,20241107093804,P,,gx-no-cache=1730983450423 HTTP/1.1" 200 90
200.54.103.162 - - [07/Nov/2024:09:45:29 -0300] "GET /cormun/servlet/hpexe_link HTTP/1.1" 200 983
200.54.103.162 - - [07/Nov/2024:09:45:29 -0300] "GET /cormun/servlet/trpermisosgoce HTTP/1.1" 200 18864
200.54.103.162 - - [07/Nov/2024:09:45:33 -0300] "GET /cormun/servlet/trpermisosadjuntos?24698895,20241107093837,P, HTTP/1.1" 200 6663
200.54.103.162 - - [07/Nov/2024:09:45:35 -0300] "GET /cormun/servlet/permisosadjuntos?INS,24698895,P,20241107093837,, HTTP/1.1" 200 5987
200.54.103.162 - - [07/Nov/2024:09:45:35 -0300] "GET /cormun/static/about:blank HTTP/1.1" 404 1011
200.54.100.179 - - [07/Nov/2024:09:45:37 -0300] "GET /cormun/servlet/permisogoce?0feb928d27df791b22c2ddbc1b2043b8c04eccb881cb497738c481201688ceb57212b5a413f4fc4c47406bdbca42527f6a43e6471b771c65d30cd1006e0e5c02,gx-no-cache=1730983449305 HTTP/1.1" 200 78
200.54.103.162 - - [07/Nov/2024:09:45:39 -0300] "POST /cormun/servlet/permisosadjuntos?b55af173e0f6b50fcb6a919458f03e15,INS,24698895,P,20241107093837,, HTTP/1.1" 200 116
200.54.103.162 - - [07/Nov/2024:09:45:39 -0300] "GET /cormun/servlet/hpexe_return? HTTP/1.1" 200 1038
200.54.103.162 - - [07/Nov/2024:09:45:40 -0300] "GET /cormun/servlet/trpermisosadjuntos?24698895,20241107093837,P, HTTP/1.1" 200 7168
200.54.103.162 - - [07/Nov/2024:09:45:41 -0300] "POST /cormun/servlet/trpermisosadjuntos?b55af173e0f6b50fcb6a919458f03e15,24698895,20241107093837,P,,gx-no-cache=1730983462422 HTTP/1.1" 200 90
200.54.103.162 - - [07/Nov/2024:09:45:41 -0300] "GET /cormun/servlet/hpexe_link HTTP/1.1" 200 983
200.54.103.162 - - [07/Nov/2024:09:45:41 -0300] "GET /cormun/servlet/trpermisosgoce HTTP/1.1" 200 18864
200.54.103.162 - - [07/Nov/2024:09:45:45 -0300] "GET /cormun/servlet/trpermisosadjuntos?18650937,20241107094002,P, HTTP/1.1" 200 6661
200.54.103.162 - - [07/Nov/2024:09:45:47 -0300] "GET /cormun/servlet/permisosadjuntos?INS,18650937,P,20241107094002,, HTTP/1.1" 200 5989
200.54.103.162 - - [07/Nov/2024:09:45:47 -0300] "GET /cormun/static/about:blank HTTP/1.1" 404 1011
200.54.103.162 - - [07/Nov/2024:09:45:54 -0300] "POST /cormun/servlet/permisosadjuntos?b55af173e0f6b50fcb6a919458f03e15,INS,18650937,P,20241107094002,, HTTP/1.1" 200 116
200.54.103.162 - - [07/Nov/2024:09:45:54 -0300] "GET /cormun/servlet/hpexe_return? HTTP/1.1" 200 1039
200.54.103.162 - - [07/Nov/2024:09:45:54 -0300] "GET /cormun/servlet/trpermisosadjuntos?18650937,20241107094002,P, HTTP/1.1" 200 7166
200.54.103.162 - - [07/Nov/2024:09:45:56 -0300] "POST /cormun/servlet/trpermisosadjuntos?b55af173e0f6b50fcb6a919458f03e15,18650937,20241107094002,P,,gx-no-cache=1730983477182 HTTP/1.1" 200 90
200.54.103.162 - - [07/Nov/2024:09:45:56 -0300] "GET /cormun/servlet/hpexe_link HTTP/1.1" 200 983
200.54.103.162 - - [07/Nov/2024:09:45:56 -0300] "GET /cormun/servlet/trpermisosgoce HTTP/1.1" 200 18864
200.54.100.179 - - [07/Nov/2024:09:45:59 -0300] "GET /cormun/servlet/permisogoce?0feb928d27df791b22c2ddbc1b2043b80830efc4608839b7d77d58126a9173012642547258b23964dc64fbde46a4954fb442f867727369f1a427438599b1067f,gx-no-cache=1730983472035 HTTP/1.1" 200 47
200.54.103.162 - - [07/Nov/2024:09:46:00 -0300] "GET /cormun/servlet/trpermisosadjuntos?14204019,20241107093431,P, HTTP/1.1" 200 6660
200.54.103.162 - - [07/Nov/2024:09:46:03 -0300] "GET /cormun/servlet/permisosadjuntos?INS,14204019,P,20241107093431,, HTTP/1.1" 200 5990
200.54.103.162 - - [07/Nov/2024:09:46:03 -0300] "GET /cormun/static/about:blank HTTP/1.1" 404 1011
200.54.100.179 - - [07/Nov/2024:09:46:06 -0300] "POST /cormun/servlet/permisogoce?383f6d8815e81a8fbbea93e62bfc01ad,INS,0,,,,gx-no-cache=1730983478325 HTTP/1.1" 200 93
200.54.100.179 - - [07/Nov/2024:09:46:06 -0300] "GET /cormun/servlet/hpexe_return? HTTP/1.1" 200 1006
200.54.100.179 - - [07/Nov/2024:09:46:06 -0300] "GET /cormun/servlet/trpermisosgoce HTTP/1.1" 200 9931
200.54.103.162 - - [07/Nov/2024:09:46:07 -0300] "POST /cormun/servlet/permisosadjuntos?b55af173e0f6b50fcb6a919458f03e15,INS,14204019,P,20241107093431,, HTTP/1.1" 200 116
200.54.103.162 - - [07/Nov/2024:09:46:07 -0300] "GET /cormun/servlet/hpexe_return? HTTP/1.1" 200 1039
200.54.103.162 - - [07/Nov/2024:09:46:08 -0300] "GET /cormun/servlet/trpermisosadjuntos?14204019,20241107093431,P, HTTP/1.1" 200 7169
200.54.103.162 - - [07/Nov/2024:09:46:09 -0300] "POST /cormun/servlet/trpermisosadjuntos?b55af173e0f6b50fcb6a919458f03e15,14204019,20241107093431,P,,gx-no-cache=1730983490367 HTTP/1.1" 200 90
200.54.103.162 - - [07/Nov/2024:09:46:09 -0300] "GET /cormun/servlet/hpexe_link HTTP/1.1" 200 984
200.54.103.162 - - [07/Nov/2024:09:46:09 -0300] "GET /cormun/servlet/trpermisosgoce HTTP/1.1" 200 18864
200.54.103.162 - - [07/Nov/2024:09:46:12 -0300] "POST /cormun/servlet/trpermisosgoce?b55af173e0f6b50fcb6a919458f03e15,gx-no-cache=1730983492890 HTTP/1.1" 200 16091
200.54.103.162 - - [07/Nov/2024:09:46:12 -0300] "GET /cormun/static/Shared/jqueryui/images/ui-icons_82798d_256x240.png HTTP/1.1" 404 1089
200.54.103.162 - - [07/Nov/2024:09:46:12 -0300] "GET /cormun/static/Shared/jqueryui/images/ui-bg_highlight-soft_100_c6c2c8_1x100.png HTTP/1.1" 404 1117
200.54.103.162 - - [07/Nov/2024:09:46:12 -0300] "GET /cormun/static/Shared/jqueryui/images/ui-bg_flat_55_fafafa_40x100.png HTTP/1.1" 404 1097
200.54.103.162 - - [07/Nov/2024:09:46:12 -0300] "GET /cormun/static/Shared/jqueryui/images/ui-icons_8d78a5_256x240.png HTTP/1.1" 404 1089
200.54.103.162 - - [07/Nov/2024:09:46:12 -0300] "GET /cormun/static/Resources/PXToolsGridNext.gif HTTP/1.1" 200 369
200.54.103.162 - - [07/Nov/2024:09:46:12 -0300] "GET /cormun/static/Resources/PXToolsGridLast.gif HTTP/1.1" 200 370
200.54.103.162 - - [07/Nov/2024:09:46:13 -0300] "POST /cormun/servlet/trpermisosgoce?b55af173e0f6b50fcb6a919458f03e15,gx-no-cache=1730983494032 HTTP/1.1" 200 16090
200.54.103.162 - - [07/Nov/2024:09:46:14 -0300] "POST /cormun/servlet/trpermisosgoce?b55af173e0f6b50fcb6a919458f03e15,gx-no-cache=1730983495022 HTTP/1.1" 200 16089
200.54.103.162 - - [07/Nov/2024:09:46:15 -0300] "POST /cormun/servlet/trpermisosgoce?b55af173e0f6b50fcb6a919458f03e15,gx-no-cache=1730983496006 HTTP/1.1" 200 16102
200.54.103.162 - - [07/Nov/2024:09:46:16 -0300] "POST /cormun/servlet/trpermisosgoce?b55af173e0f6b50fcb6a919458f03e15,gx-no-cache=1730983497086 HTTP/1.1" 200 16104
200.54.103.162 - - [07/Nov/2024:09:46:17 -0300] "POST /cormun/servlet/trpermisosgoce?b55af173e0f6b50fcb6a919458f03e15,gx-no-cache=1730983498175 HTTP/1.1" 200 16101
200.54.103.162 - - [07/Nov/2024:09:46:18 -0300] "POST /cormun/servlet/trpermisosgoce?b55af173e0f6b50fcb6a919458f03e15,gx-no-cache=1730983499335 HTTP/1.1" 200 16091
200.54.103.162 - - [07/Nov/2024:09:46:19 -0300] "POST /cormun/servlet/trpermisosgoce?b55af173e0f6b50fcb6a919458f03e15,gx-no-cache=1730983500504 HTTP/1.1" 200 16081
200.54.103.162 - - [07/Nov/2024:09:46:20 -0300] "POST /cormun/servlet/trpermisosgoce?b55af173e0f6b50fcb6a919458f03e15,gx-no-cache=1730983501639 HTTP/1.1" 200 16069
200.54.103.162 - - [07/Nov/2024:09:46:22 -0300] "POST /cormun/servlet/trpermisosgoce?b55af173e0f6b50fcb6a919458f03e15,gx-no-cache=1730983502888 HTTP/1.1" 200 16060
200.54.100.179 - - [07/Nov/2024:09:46:22 -0300] "GET /cormun/servlet/permisogoce?INS,0,,, HTTP/1.1" 200 7209
200.54.103.162 - - [07/Nov/2024:09:46:23 -0300] "POST /cormun/servlet/trpermisosgoce?b55af173e0f6b50fcb6a919458f03e15,gx-no-cache=1730983503805 HTTP/1.1" 200 16048
200.54.103.162 - - [07/Nov/2024:09:46:25 -0300] "POST /cormun/servlet/trpermisosgoce?b55af173e0f6b50fcb6a919458f03e15,gx-no-cache=1730983506342 HTTP/1.1" 200 16033
190.171.149.74 - - [07/Nov/2024:09:46:25 -0300] "POST /cormun/servlet/trpermisosgoce?9633ae3de0268179b0f58ee570c8ac6c,gx-no-cache=1730983501677 HTTP/1.1" 200 15694
200.54.103.162 - - [07/Nov/2024:09:46:26 -0300] "POST /cormun/servlet/trpermisosgoce?b55af173e0f6b50fcb6a919458f03e15,gx-no-cache=1730983507415 HTTP/1.1" 200 16024
200.54.103.162 - - [07/Nov/2024:09:46:27 -0300] "POST /cormun/servlet/trpermisosgoce?b55af173e0f6b50fcb6a919458f03e15,gx-no-cache=1730983508438 HTTP/1.1" 200 16011
200.54.103.162 - - [07/Nov/2024:09:46:28 -0300] "POST /cormun/servlet/trpermisosgoce?b55af173e0f6b50fcb6a919458f03e15,gx-no-cache=1730983509455 HTTP/1.1" 200 15998
200.54.103.162 - - [07/Nov/2024:09:46:29 -0300] "POST /cormun/servlet/trpermisosgoce?b55af173e0f6b50fcb6a919458f03e15,gx-no-cache=1730983510455 HTTP/1.1" 200 15961
190.171.149.74 - - [07/Nov/2024:09:46:29 -0300] "POST /cormun/servlet/trpermisosgoce?9633ae3de0268179b0f58ee570c8ac6c,gx-no-cache=1730983505923 HTTP/1.1" 200 104
190.171.149.74 - - [07/Nov/2024:09:46:30 -0300] "POST /cormun/servlet/trpermisosgoce?9633ae3de0268179b0f58ee570c8ac6c,gx-no-cache=1730983506113 HTTP/1.1" 200 15696
190.171.149.74 - - [07/Nov/2024:09:46:30 -0300] "GET /cormun/PermisosGoce-2675.xls HTTP/1.1" 200 28160
200.54.103.162 - - [07/Nov/2024:09:46:36 -0300] "GET /cormun/servlet/trautorizarpermisogoce? HTTP/1.1" 200 11229
200.54.103.162 - - [07/Nov/2024:09:46:36 -0300] "GET /cormun/static/gxcfg.js?2020121645532 HTTP/1.1" 200 953
200.54.103.162 - - [07/Nov/2024:09:46:36 -0300] "GET /cormun/static/trautorizarpermisogoce.js?2020121651492 HTTP/1.1" 200 34948
200.54.103.162 - - [07/Nov/2024:09:46:40 -0300] "POST /cormun/servlet/trautorizarpermisogoce?b55af173e0f6b50fcb6a919458f03e15,,gx-no-cache=1730983520968 HTTP/1.1" 200 8322
200.54.103.162 - - [07/Nov/2024:09:46:40 -0300] "POST /cormun/servlet/trautorizarpermisogoce?b55af173e0f6b50fcb6a919458f03e15,,gx-no-cache=1730983521725 HTTP/1.1" 200 8096
200.54.103.162 - - [07/Nov/2024:09:46:41 -0300] "POST /cormun/servlet/trautorizarpermisogoce?b55af173e0f6b50fcb6a919458f03e15,,gx-no-cache=1730983522516 HTTP/1.1" 200 7892
200.54.103.162 - - [07/Nov/2024:09:46:42 -0300] "POST /cormun/servlet/trautorizarpermisogoce?b55af173e0f6b50fcb6a919458f03e15,,gx-no-cache=1730983523300 HTTP/1.1" 200 7669
200.54.103.162 - - [07/Nov/2024:09:46:43 -0300] "POST /cormun/servlet/trautorizarpermisogoce?b55af173e0f6b50fcb6a919458f03e15,,gx-no-cache=1730983523972 HTTP/1.1" 200 7461
200.54.103.162 - - [07/Nov/2024:09:46:43 -0300] "POST /cormun/servlet/trautorizarpermisogoce?b55af173e0f6b50fcb6a919458f03e15,,gx-no-cache=1730983524629 HTTP/1.1" 200 7242
200.54.103.162 - - [07/Nov/2024:09:46:44 -0300] "POST /cormun/servlet/trautorizarpermisogoce?b55af173e0f6b50fcb6a919458f03e15,,gx-no-cache=1730983525292 HTTP/1.1" 200 6985
200.54.103.162 - - [07/Nov/2024:09:46:44 -0300] "POST /cormun/servlet/trautorizarpermisogoce?b55af173e0f6b50fcb6a919458f03e15,,gx-no-cache=1730983525892 HTTP/1.1" 200 6790
