186.103.157.42 - - [06/Nov/2024:09:26:13 -0300] "POST /cormun/servlet/trcargahoraria?a4b98eefb880a77ae6fb1be4d3441b9a,,gx-no-cache=1730895983798 HTTP/1.1" 200 4149
186.103.157.42 - - [06/Nov/2024:09:26:14 -0300] "POST /cormun/servlet/trcargahoraria?a4b98eefb880a77ae6fb1be4d3441b9a,,gx-no-cache=1730895984797 HTTP/1.1" 200 4149
190.171.142.42 - - [06/Nov/2024:09:26:19 -0300] "POST /cormun/servlet/trlicencias?b36fd0c739e6889f3c244fffe8bee09f,,gx-no-cache=1730895895505 HTTP/1.1" 200 4173
186.103.157.42 - - [06/Nov/2024:09:26:19 -0300] "GET /cormun/servlet/trreportecargahoraria? HTTP/1.1" 200 6961
186.103.157.42 - - [06/Nov/2024:09:26:19 -0300] "GET /cormun/static/gxcfg.js?202211298504121 HTTP/1.1" 200 953
186.103.157.42 - - [06/Nov/2024:09:26:19 -0300] "GET /cormun/static/trreportecargahoraria.js?20221129850435 HTTP/1.1" 200 29376
190.171.142.42 - - [06/Nov/2024:09:26:22 -0300] "POST /cormun/servlet/trlicencias?b36fd0c739e6889f3c244fffe8bee09f,,gx-no-cache=1730895899194 HTTP/1.1" 200 4173
186.103.157.42 - - [06/Nov/2024:09:26:27 -0300] "GET /cormun/servlet/trcontratounov2? HTTP/1.1" 200 18052
186.103.157.42 - - [06/Nov/2024:09:26:27 -0300] "GET /cormun/static/gxcfg.js?2020121614367 HTTP/1.1" 200 953
186.103.157.42 - - [06/Nov/2024:09:26:27 -0300] "GET /cormun/static/trcontratounov2.js?20201216143065 HTTP/1.1" 200 38486
186.103.157.42 - - [06/Nov/2024:09:26:27 -0300] "GET /cormun/static/Resources/PXToolsAddSelectedAction.png HTTP/1.1" 200 523
190.171.141.138 - - [06/Nov/2024:09:26:29 -0300] "GET /cormun/servlet/hlogin HTTP/1.1" 200 1719
190.171.141.138 - - [06/Nov/2024:09:26:32 -0300] "POST /cormun/servlet/hlogin?62c6cefb5477b874e24e32b1ed162cc9,gx-no-cache=1730895909902 HTTP/1.1" 200 90
190.171.141.138 - - [06/Nov/2024:09:26:32 -0300] "GET /cormun/servlet/hpexe_link HTTP/1.1" 200 950
190.171.141.138 - - [06/Nov/2024:09:26:32 -0300] "GET /cormun/servlet/hhome HTTP/1.1" 200 4477
190.171.142.42 - - [06/Nov/2024:09:26:33 -0300] "POST /cormun/servlet/trlicencias?b36fd0c739e6889f3c244fffe8bee09f,,gx-no-cache=1730895909872 HTTP/1.1" 200 4174
190.171.141.138 - - [06/Nov/2024:09:26:35 -0300] "GET /cormun/servlet/trpermisosgoce? HTTP/1.1" 200 13908
190.171.141.138 - - [06/Nov/2024:09:26:39 -0300] "GET /cormun/servlet/permisogoce?UPD,12693082,P,20241106082326, HTTP/1.1" 200 7436
190.171.141.138 - - [06/Nov/2024:09:26:40 -0300] "GET /cormun/servlet/permisogoce?9a33ddb37c81bed173fceca9989ddd5a52b92f46c7d0b4a1e7085855452597a025f42a124e41d68f7d21567302c42d52625e6ce6b1362ca9a8497e50cca96bf0,gx-no-cache=1730895918349 HTTP/1.1" 200 82
190.171.142.42 - - [06/Nov/2024:09:26:43 -0300] "GET /cormun/servlet/trlicencias? HTTP/1.1" 200 6877
190.171.141.138 - - [06/Nov/2024:09:26:44 -0300] "GET /cormun/servlet/permisogoce?9a33ddb37c81bed173fceca9989ddd5a452aaee1812624fdfb21f362d13c9f0d9cd04e948a0a22bd57976dd3188eefeafe900e6de8a703301d9f7939b8677f12,gx-no-cache=1730895921901 HTTP/1.1" 200 48
190.171.141.138 - - [06/Nov/2024:09:26:44 -0300] "POST /cormun/servlet/permisogoce?62c6cefb5477b874e24e32b1ed162cc9,UPD,12693082,P,20241106082326,,gx-no-cache=1730895921920 HTTP/1.1" 200 93
190.171.141.138 - - [06/Nov/2024:09:26:44 -0300] "GET /cormun/servlet/hpexe_return? HTTP/1.1" 200 1028
190.171.141.138 - - [06/Nov/2024:09:26:44 -0300] "GET /cormun/servlet/trpermisosgoce HTTP/1.1" 200 13903
190.171.141.138 - - [06/Nov/2024:09:26:52 -0300] "GET /cormun/servlet/apermisogoceprn?12693082,P,20241106082326,PU HTTP/1.1" 200 1660
190.171.142.42 - - [06/Nov/2024:09:27:20 -0300] "GET /cormun/servlet/trlicencias? HTTP/1.1" 200 6877
190.171.142.42 - - [06/Nov/2024:09:27:49 -0300] "GET /cormun/servlet/trpermisosgoce? HTTP/1.1" 200 15164
190.171.142.42 - - [06/Nov/2024:09:27:49 -0300] "GET /cormun/static/gxcfg.js?2020121631564 HTTP/1.1" 200 953
190.171.142.42 - - [06/Nov/2024:09:27:49 -0300] "GET /cormun/static/trpermisosgoce.js?2020121633681 HTTP/1.1" 200 35904
190.171.142.42 - - [06/Nov/2024:09:27:49 -0300] "GET /cormun//static/Resources/PXToolsGridUpdate.png HTTP/1.1" 200 470
190.171.142.42 - - [06/Nov/2024:09:27:49 -0300] "GET /cormun//static/Resources/PXToolsGridDelete.png HTTP/1.1" 200 538
190.171.142.26 - - [06/Nov/2024:09:28:03 -0300] "GET /cormun/servlet/permisogoce?INS,0,,, HTTP/1.1" 200 7183
190.171.142.26 - - [06/Nov/2024:09:28:37 -0300] "GET /cormun/servlet/permisogoce?cfbab4486efdd58396c1f2114cd5bf472ff6585a3a032c33a2b0192b13f6c5776e352052eba7f7fc3cc0e8aaa278b27120e4f993fca4f4c4930a538acab99c60,gx-no-cache=1730896035240 HTTP/1.1" 200 83
190.171.142.26 - - [06/Nov/2024:09:28:39 -0300] "GET /cormun/static/menuarrow.gif HTTP/1.1" 404 1015
190.171.142.26 - - [06/Nov/2024:09:28:49 -0300] "GET /cormun/servlet/permisogoce?cfbab4486efdd58396c1f2114cd5bf472e68350e5e61cebffee9df7f3d4f42962d9fb2922c37e7da0309cbc00fdf2e029ede7b3ac2db3f0de68f565f0d4aec27,gx-no-cache=1730896046946 HTTP/1.1" 200 47
190.171.142.26 - - [06/Nov/2024:09:28:52 -0300] "POST /cormun/servlet/permisogoce?c785596891ae8707e0fd78b12bb7d4fd,INS,0,,,,gx-no-cache=1730896049733 HTTP/1.1" 200 93
190.171.142.26 - - [06/Nov/2024:09:28:52 -0300] "GET /cormun/servlet/hpexe_return? HTTP/1.1" 200 1011
190.171.142.26 - - [06/Nov/2024:09:28:52 -0300] "GET /cormun/servlet/trpermisosgoce HTTP/1.1" 200 17631
190.171.142.26 - - [06/Nov/2024:09:29:33 -0300] "GET /cormun/servlet/apermisogoceprn?17793934,P,20241106092645,PU HTTP/1.1" 200 1667
200.54.103.162 - - [06/Nov/2024:09:29:37 -0300] "GET /cormun/servlet/trlicencias? HTTP/1.1" 200 13425
201.186.225.191 - - [06/Nov/2024:09:30:01 -0300] "GET /cormun/servlet/hlogin HTTP/1.1" 200 1721
201.186.225.191 - - [06/Nov/2024:09:30:01 -0300] "GET /cormun/servlet/hlogin HTTP/1.1" 200 1731
201.186.225.191 - - [06/Nov/2024:09:30:09 -0300] "POST /cormun/servlet/hlogin?4e541ac5c0da4a589154be3c5bf0d79a,gx-no-cache=1730896128369 HTTP/1.1" 200 90
201.186.225.191 - - [06/Nov/2024:09:30:09 -0300] "GET /cormun/servlet/hpexe_link HTTP/1.1" 200 952
201.186.225.191 - - [06/Nov/2024:09:30:10 -0300] "GET /cormun/servlet/hhome HTTP/1.1" 200 4190
190.171.152.114 - - [06/Nov/2024:09:30:35 -0300] "GET /cormun/servlet/trpermisosadjuntos?19591093,20241106080613,P, HTTP/1.1" 200 5449
190.171.152.114 - - [06/Nov/2024:09:30:35 -0300] "GET /cormun/static/gxcfg.js?2020121641683 HTTP/1.1" 200 953
190.171.152.114 - - [06/Nov/2024:09:30:35 -0300] "GET /cormun/static/trpermisosadjuntos.js?2020121642996 HTTP/1.1" 200 20158
190.171.152.114 - - [06/Nov/2024:09:30:35 -0300] "GET /cormun/servlet/hlogin HTTP/1.1" 200 1766
190.171.142.26 - - [06/Nov/2024:09:30:46 -0300] "GET /cormun/servlet/permisogoce?INS,0,,, HTTP/1.1" 200 7182
190.171.142.26 - - [06/Nov/2024:09:30:55 -0300] "GET /cormun/servlet/permisogoce?cfbab4486efdd58396c1f2114cd5bf47a356bf046f28e912d1b97726e5d8483a6e352052eba7f7fc3cc0e8aaa278b27120e4f993fca4f4c4930a538acab99c60,gx-no-cache=1730896173054 HTTP/1.1" 200 89
190.171.152.114 - - [06/Nov/2024:09:30:56 -0300] "POST /cormun/servlet/hlogin?91bd667ed5083bb72517d1762eb5e9f4,gx-no-cache=1730896175402 HTTP/1.1" 200 90
190.171.152.114 - - [06/Nov/2024:09:30:56 -0300] "GET /cormun/servlet/hpexe_link HTTP/1.1" 200 984
190.171.152.114 - - [06/Nov/2024:09:30:56 -0300] "GET /cormun/servlet/trpermisosadjuntos?19591093,20241106080613,P, HTTP/1.1" 200 6466
190.171.152.114 - - [06/Nov/2024:09:31:00 -0300] "GET /cormun/servlet/trpermisosgoce? HTTP/1.1" 200 11242
190.171.152.114 - - [06/Nov/2024:09:31:03 -0300] "GET /cormun/servlet/trpermisosadjuntos?19591093,20241106080613,P, HTTP/1.1" 200 6464
190.171.152.114 - - [06/Nov/2024:09:31:05 -0300] "GET /cormun/servlet/permisosadjuntos?INS,19591093,P,20241106080613,, HTTP/1.1" 200 5970
190.171.152.114 - - [06/Nov/2024:09:31:05 -0300] "GET /cormun/static/gxcfg.js?20201215134212 HTTP/1.1" 200 953
190.171.152.114 - - [06/Nov/2024:09:31:05 -0300] "GET /cormun/static/permisosadjuntos.js?20201215134285 HTTP/1.1" 200 8724
190.171.152.114 - - [06/Nov/2024:09:31:05 -0300] "GET /cormun/static/about:blank HTTP/1.1" 404 1011
190.171.142.26 - - [06/Nov/2024:09:31:11 -0300] "GET /cormun/servlet/permisogoce?cfbab4486efdd58396c1f2114cd5bf475eda9d33784e71d94baaf4b1c13999d7cc013eba7d486a1739b889c4a1c7f0fca5326dd769ab7ed31b98386028db0bd8,gx-no-cache=1730896189570 HTTP/1.1" 200 47
190.171.152.114 - - [06/Nov/2024:09:31:13 -0300] "POST /cormun/servlet/permisosadjuntos?91bd667ed5083bb72517d1762eb5e9f4,INS,19591093,P,20241106080613,, HTTP/1.1" 200 116
190.171.152.114 - - [06/Nov/2024:09:31:13 -0300] "GET /cormun/servlet/hpexe_return? HTTP/1.1" 200 1038
190.171.152.114 - - [06/Nov/2024:09:31:14 -0300] "GET /cormun/servlet/trpermisosadjuntos?19591093,20241106080613,P, HTTP/1.1" 200 7037
190.171.152.114 - - [06/Nov/2024:09:31:17 -0300] "GET /cormun/servlet/trpermisosgoce? HTTP/1.1" 200 11242
190.171.152.114 - - [06/Nov/2024:09:31:20 -0300] "POST /cormun/servlet/trpermisosgoce?91bd667ed5083bb72517d1762eb5e9f4,,gx-no-cache=1730896199309 HTTP/1.1" 200 8490
190.171.152.114 - - [06/Nov/2024:09:31:20 -0300] "GET /cormun/static/Shared/jqueryui/images/ui-icons_8d78a5_256x240.png HTTP/1.1" 404 1089
190.171.152.114 - - [06/Nov/2024:09:31:20 -0300] "GET /cormun/static/Shared/jqueryui/images/ui-bg_flat_55_fafafa_40x100.png HTTP/1.1" 404 1097
190.171.152.114 - - [06/Nov/2024:09:31:20 -0300] "GET /cormun/static/Shared/jqueryui/images/ui-icons_82798d_256x240.png HTTP/1.1" 404 1089
190.171.152.114 - - [06/Nov/2024:09:31:20 -0300] "GET /cormun/static/Shared/jqueryui/images/ui-bg_highlight-soft_100_c6c2c8_1x100.png HTTP/1.1" 404 1117
190.171.152.114 - - [06/Nov/2024:09:31:23 -0300] "GET /cormun/servlet/trpermisosadjuntos?16141244,20241105121419,P, HTTP/1.1" 200 6461
190.171.152.114 - - [06/Nov/2024:09:31:25 -0300] "GET /cormun/servlet/permisosadjuntos?INS,16141244,P,20241105121419,, HTTP/1.1" 200 5965
190.171.152.114 - - [06/Nov/2024:09:31:25 -0300] "GET /cormun/static/about:blank HTTP/1.1" 404 1011
190.171.152.114 - - [06/Nov/2024:09:31:33 -0300] "POST /cormun/servlet/permisosadjuntos?91bd667ed5083bb72517d1762eb5e9f4,INS,16141244,P,20241105121419,, HTTP/1.1" 200 116
190.171.152.114 - - [06/Nov/2024:09:31:33 -0300] "GET /cormun/servlet/hpexe_return? HTTP/1.1" 200 1036
190.171.152.114 - - [06/Nov/2024:09:31:33 -0300] "GET /cormun/servlet/trpermisosadjuntos?16141244,20241105121419,P, HTTP/1.1" 200 7030
190.171.152.114 - - [06/Nov/2024:09:31:36 -0300] "GET /cormun/servlet/trpermisosgoce? HTTP/1.1" 200 11238
190.171.152.114 - - [06/Nov/2024:09:31:39 -0300] "POST /cormun/servlet/trpermisosgoce?91bd667ed5083bb72517d1762eb5e9f4,,gx-no-cache=1730896218375 HTTP/1.1" 200 8487
190.171.142.26 - - [06/Nov/2024:09:31:40 -0300] "GET /cormun/servlet/permisogoce?cfbab4486efdd58396c1f2114cd5bf475eda9d33784e71d94baaf4b1c13999d7ba28d642271edc5d9b2a0c33356b06966b941052a4dbedf013c1dc1b66a1cdce,gx-no-cache=1730896218394 HTTP/1.1" 200 120
190.171.142.26 - - [06/Nov/2024:09:31:40 -0300] "GET /cormun/static/Shared/jqueryui/images/ui-bg_highlight-soft_100_c6c2c8_1x100.png HTTP/1.1" 404 1117
190.171.142.26 - - [06/Nov/2024:09:31:40 -0300] "GET /cormun/static/Shared/jqueryui/images/ui-icons_82798d_256x240.png HTTP/1.1" 404 1089
190.171.142.26 - - [06/Nov/2024:09:31:40 -0300] "GET /cormun/static/Shared/jqueryui/images/ui-icons_ebccce_256x240.png HTTP/1.1" 404 1089
190.171.142.26 - - [06/Nov/2024:09:31:40 -0300] "GET /cormun/static/Shared/jqueryui/images/ui-bg_flat_55_994d53_40x100.png HTTP/1.1" 404 1097
201.186.225.191 - - [06/Nov/2024:09:31:46 -0300] "GET /cormun/servlet/trpermisosgoce? HTTP/1.1" 200 11492
190.171.152.114 - - [06/Nov/2024:09:31:48 -0300] "GET /cormun/servlet/trpermisosadjuntos?20662304,20241105130632,P, HTTP/1.1" 200 6458
201.186.225.191 - - [06/Nov/2024:09:31:49 -0300] "GET /cormun/static/menuarrow.gif HTTP/1.1" 404 1015
190.171.152.114 - - [06/Nov/2024:09:31:50 -0300] "GET /cormun/servlet/permisosadjuntos?INS,20662304,P,20241105130632,, HTTP/1.1" 200 5966
190.171.152.114 - - [06/Nov/2024:09:31:50 -0300] "GET /cormun/static/about:blank HTTP/1.1" 404 1011
190.171.142.26 - - [06/Nov/2024:09:31:51 -0300] "GET /cormun/servlet/permisogoce?cfbab4486efdd58396c1f2114cd5bf475eda9d33784e71d94baaf4b1c13999d7ea71704984c47f0eb90bd14ccb940e07df92445179f23bed4f73a9d22e776e02,gx-no-cache=1730896229482 HTTP/1.1" 200 129
190.171.152.114 - - [06/Nov/2024:09:31:59 -0300] "POST /cormun/servlet/permisosadjuntos?91bd667ed5083bb72517d1762eb5e9f4,INS,20662304,P,20241105130632,, HTTP/1.1" 200 116
190.171.152.114 - - [06/Nov/2024:09:31:59 -0300] "GET /cormun/servlet/hpexe_return? HTTP/1.1" 200 1036
190.171.152.114 - - [06/Nov/2024:09:31:59 -0300] "GET /cormun/servlet/trpermisosadjuntos?20662304,20241105130632,P, HTTP/1.1" 200 7023
190.171.152.114 - - [06/Nov/2024:09:32:02 -0300] "GET /cormun/servlet/trpermisosgoce? HTTP/1.1" 200 11232
201.186.225.191 - - [06/Nov/2024:09:32:05 -0300] "POST /cormun/servlet/trpermisosgoce?4e541ac5c0da4a589154be3c5bf0d79a,,gx-no-cache=1730896244295 HTTP/1.1" 200 4489
190.171.152.114 - - [06/Nov/2024:09:32:06 -0300] "POST /cormun/servlet/trpermisosgoce?91bd667ed5083bb72517d1762eb5e9f4,,gx-no-cache=1730896244822 HTTP/1.1" 200 8492
190.171.152.114 - - [06/Nov/2024:09:32:11 -0300] "GET /cormun/servlet/trpermisosadjuntos?17135257,20241104140428,P, HTTP/1.1" 200 6459
190.171.152.114 - - [06/Nov/2024:09:32:13 -0300] "GET /cormun/servlet/permisosadjuntos?INS,17135257,P,20241104140428,, HTTP/1.1" 200 5968
190.171.152.114 - - [06/Nov/2024:09:32:13 -0300] "GET /cormun/static/about:blank HTTP/1.1" 404 1011
190.95.15.15 - - [06/Nov/2024:09:32:22 -0300] "GET /cormun/servlet/trpermisosgoce? HTTP/1.1" 200 6037
190.95.15.15 - - [06/Nov/2024:09:32:22 -0300] "GET /cormun/servlet/hlogin HTTP/1.1" 200 1743
190.95.15.15 - - [06/Nov/2024:09:32:22 -0300] "GET /cormun/servlet/trpermisosgoce? HTTP/1.1" 200 6034
190.171.152.114 - - [06/Nov/2024:09:32:23 -0300] "POST /cormun/servlet/permisosadjuntos?91bd667ed5083bb72517d1762eb5e9f4,INS,17135257,P,20241104140428,, HTTP/1.1" 200 116
190.171.152.114 - - [06/Nov/2024:09:32:23 -0300] "GET /cormun/servlet/hpexe_return? HTTP/1.1" 200 1037
190.171.152.114 - - [06/Nov/2024:09:32:23 -0300] "GET /cormun/servlet/trpermisosadjuntos?17135257,20241104140428,P, HTTP/1.1" 200 7030
190.171.152.114 - - [06/Nov/2024:09:32:26 -0300] "GET /cormun/servlet/trpermisosgoce? HTTP/1.1" 200 11229
190.171.152.114 - - [06/Nov/2024:09:32:30 -0300] "POST /cormun/servlet/trpermisosgoce?91bd667ed5083bb72517d1762eb5e9f4,,gx-no-cache=1730896269358 HTTP/1.1" 200 8485
190.95.15.15 - - [06/Nov/2024:09:32:31 -0300] "POST /cormun/servlet/hlogin?1db332a7f7819355d4c76c0517d17375,gx-no-cache=1730896269951 HTTP/1.1" 200 90
190.95.15.15 - - [06/Nov/2024:09:32:31 -0300] "GET /cormun/servlet/hpexe_link HTTP/1.1" 200 960
190.95.15.15 - - [06/Nov/2024:09:32:31 -0300] "GET /cormun/servlet/trpermisosgoce HTTP/1.1" 200 12822
190.171.152.114 - - [06/Nov/2024:09:32:32 -0300] "GET /cormun/servlet/trpermisosadjuntos?17505608,20241104100538,P, HTTP/1.1" 200 6461
190.171.152.114 - - [06/Nov/2024:09:32:34 -0300] "GET /cormun/servlet/permisosadjuntos?INS,17505608,P,20241104100538,, HTTP/1.1" 200 5970
190.171.152.114 - - [06/Nov/2024:09:32:34 -0300] "GET /cormun/static/about:blank HTTP/1.1" 404 1011
190.95.15.15 - - [06/Nov/2024:09:32:37 -0300] "GET /cormun/servlet/permisogoce?INS,0,,, HTTP/1.1" 200 6845
190.171.152.114 - - [06/Nov/2024:09:32:42 -0300] "POST /cormun/servlet/permisosadjuntos?91bd667ed5083bb72517d1762eb5e9f4,INS,17505608,P,20241104100538,, HTTP/1.1" 200 116
190.171.152.114 - - [06/Nov/2024:09:32:42 -0300] "GET /cormun/servlet/hpexe_return? HTTP/1.1" 200 1037
190.171.152.114 - - [06/Nov/2024:09:32:42 -0300] "GET /cormun/servlet/trpermisosadjuntos?17505608,20241104100538,P, HTTP/1.1" 200 7038
190.171.152.114 - - [06/Nov/2024:09:32:46 -0300] "GET /cormun/servlet/trpermisosgoce? HTTP/1.1" 200 11226
190.95.15.15 - - [06/Nov/2024:09:32:46 -0300] "GET /cormun/servlet/permisogoce?cceda355c780e50064cf8afd3dbf3fc36d8f3e2da044e59da90443a885bb42caa41b6dafcacea6760bc54c3143cadba12c669bdb8f625fc0c6f59b4a2c7b8a0f,gx-no-cache=1730896285110 HTTP/1.1" 200 81
190.95.15.15 - - [06/Nov/2024:09:32:46 -0300] "GET /cormun/static/menuarrow.gif HTTP/1.1" 404 1015
190.171.152.114 - - [06/Nov/2024:09:32:49 -0300] "POST /cormun/servlet/trpermisosgoce?91bd667ed5083bb72517d1762eb5e9f4,,gx-no-cache=1730896288117 HTTP/1.1" 200 8476
190.171.152.114 - - [06/Nov/2024:09:32:53 -0300] "GET /cormun/servlet/trautorizarpermisogoce? HTTP/1.1" 200 8972
190.171.152.114 - - [06/Nov/2024:09:32:53 -0300] "GET /cormun/static/gxcfg.js?2020121645532 HTTP/1.1" 200 953
190.171.152.114 - - [06/Nov/2024:09:32:53 -0300] "GET /cormun/static/trautorizarpermisogoce.js?2020121651492 HTTP/1.1" 200 34948
190.95.15.15 - - [06/Nov/2024:09:32:54 -0300] "GET /cormun/servlet/permisogoce?cceda355c780e50064cf8afd3dbf3fc332fa62b59c6226b1abcf8a83a77e505de0ea6e2dda5fcc766c3d3e817dd74c22bd4066589b4bcedc9c46d02a2ee42af2,gx-no-cache=1730896293184 HTTP/1.1" 200 47
190.95.15.15 - - [06/Nov/2024:09:32:57 -0300] "POST /cormun/servlet/permisogoce?1db332a7f7819355d4c76c0517d17375,INS,0,,,,gx-no-cache=1730896295363 HTTP/1.1" 200 93
190.95.15.15 - - [06/Nov/2024:09:32:57 -0300] "GET /cormun/servlet/hpexe_return? HTTP/1.1" 200 1014
190.95.15.15 - - [06/Nov/2024:09:32:57 -0300] "GET /cormun/servlet/trpermisosgoce HTTP/1.1" 200 13093
190.171.152.114 - - [06/Nov/2024:09:32:59 -0300] "POST /cormun/servlet/trautorizarpermisogoce?91bd667ed5083bb72517d1762eb5e9f4,,gx-no-cache=1730896297731 HTTP/1.1" 200 5999
190.171.152.114 - - [06/Nov/2024:09:33:00 -0300] "POST /cormun/servlet/trautorizarpermisogoce?91bd667ed5083bb72517d1762eb5e9f4,,gx-no-cache=1730896298706 HTTP/1.1" 200 5775
190.95.15.15 - - [06/Nov/2024:09:33:00 -0300] "GET /cormun/servlet/apermisogoceprn?12291312,P,20241106093119,PU HTTP/1.1" 200 1649
190.171.152.114 - - [06/Nov/2024:09:33:00 -0300] "POST /cormun/servlet/trautorizarpermisogoce?91bd667ed5083bb72517d1762eb5e9f4,,gx-no-cache=1730896299625 HTTP/1.1" 200 5540
190.171.152.114 - - [06/Nov/2024:09:33:01 -0300] "POST /cormun/servlet/trautorizarpermisogoce?91bd667ed5083bb72517d1762eb5e9f4,,gx-no-cache=1730896300337 HTTP/1.1" 200 5281
190.171.152.114 - - [06/Nov/2024:09:33:02 -0300] "POST /cormun/servlet/trautorizarpermisogoce?91bd667ed5083bb72517d1762eb5e9f4,,gx-no-cache=1730896301105 HTTP/1.1" 200 4526
201.186.225.191 - - [06/Nov/2024:09:35:02 -0300] "GET /cormun/servlet/hlogin HTTP/1.1" 200 1741
190.171.142.26 - - [06/Nov/2024:09:35:37 -0300] "GET /cormun/servlet/permisogoce?cfbab4486efdd58396c1f2114cd5bf475eda9d33784e71d94baaf4b1c13999d7909ee16ed47d229e008cec56c6a6d8cedf92445179f23bed4f73a9d22e776e02,gx-no-cache=1730896455307 HTTP/1.1" 200 46
190.171.142.26 - - [06/Nov/2024:09:35:54 -0300] "GET /cormun/servlet/permisogoce?cfbab4486efdd58396c1f2114cd5bf475eda9d33784e71d94baaf4b1c13999d7ce2feb1ff7b1eaf85dbc07b8a77952cd8aae772b1f7dc35aa8ad51f691ce0a25,gx-no-cache=1730896471849 HTTP/1.1" 200 47
190.171.142.26 - - [06/Nov/2024:09:36:03 -0300] "POST /cormun/servlet/permisogoce?c785596891ae8707e0fd78b12bb7d4fd,INS,0,,,,gx-no-cache=1730896481380 HTTP/1.1" 200 93
190.171.142.26 - - [06/Nov/2024:09:36:03 -0300] "GET /cormun/servlet/hpexe_return? HTTP/1.1" 200 1011
190.171.142.26 - - [06/Nov/2024:09:36:04 -0300] "GET /cormun/servlet/trpermisosgoce HTTP/1.1" 200 17843
190.171.142.26 - - [06/Nov/2024:09:36:11 -0300] "GET /cormun/servlet/apermisogoceprn?10626218,P,20241106092928,PU HTTP/1.1" 200 1661
181.212.40.185 - - [06/Nov/2024:09:36:56 -0300] "GET /cormun/servlet/hlogin HTTP/1.1" 200 1721
181.212.40.185 - - [06/Nov/2024:09:37:05 -0300] "POST /cormun/servlet/hlogin?672d1f7f87cfc6fe04a4887a2ab437b3,gx-no-cache=1730896543362 HTTP/1.1" 200 90
181.212.40.185 - - [06/Nov/2024:09:37:05 -0300] "GET /cormun/servlet/hpexe_link HTTP/1.1" 200 953
181.212.40.185 - - [06/Nov/2024:09:37:06 -0300] "GET /cormun/servlet/hhome HTTP/1.1" 200 4218
181.212.40.185 - - [06/Nov/2024:09:37:09 -0300] "GET /cormun/servlet/trlicencias? HTTP/1.1" 200 18811
190.171.142.26 - - [06/Nov/2024:09:37:28 -0300] "GET /cormun/servlet/permisogoce?INS,0,,, HTTP/1.1" 200 7183
190.171.142.26 - - [06/Nov/2024:09:37:40 -0300] "GET /cormun/servlet/permisogoce?cfbab4486efdd58396c1f2114cd5bf47e062fcba86f3c70689949713707e33fb5de72d1c641d0fa0402211307041fdcdab14536ad71238c5cc18a29bda3a4dfa,gx-no-cache=1730896578264 HTTP/1.1" 200 78
190.171.142.26 - - [06/Nov/2024:09:37:50 -0300] "GET /cormun/servlet/permisogoce?cfbab4486efdd58396c1f2114cd5bf479a82f223ca979fc7e5ba1c0ebe6f7aa20caf8644baaa7530918c7eee0338a6faddf547070e940fb7560dabfdb6ede6cc,gx-no-cache=1730896587783 HTTP/1.1" 200 48
190.171.142.26 - - [06/Nov/2024:09:37:54 -0300] "POST /cormun/servlet/permisogoce?c785596891ae8707e0fd78b12bb7d4fd,INS,0,,,,gx-no-cache=1730896591470 HTTP/1.1" 200 93
190.171.142.26 - - [06/Nov/2024:09:37:54 -0300] "GET /cormun/servlet/hpexe_return? HTTP/1.1" 200 1011
190.171.142.26 - - [06/Nov/2024:09:37:54 -0300] "GET /cormun/servlet/trpermisosgoce HTTP/1.1" 200 18075
190.171.142.26 - - [06/Nov/2024:09:38:08 -0300] "GET /cormun/servlet/apermisogoceprn?9648706,P,20241106093610,PU HTTP/1.1" 200 1648
190.171.142.26 - - [06/Nov/2024:09:38:45 -0300] "GET /cormun/servlet/permisogoce?INS,0,,, HTTP/1.1" 200 7183
190.171.142.26 - - [06/Nov/2024:09:38:55 -0300] "GET /cormun/servlet/permisogoce?cfbab4486efdd58396c1f2114cd5bf47da6b023271a56090eb214732a3b165a85de72d1c641d0fa0402211307041fdcdab14536ad71238c5cc18a29bda3a4dfa,gx-no-cache=1730896653628 HTTP/1.1" 200 86
190.171.142.26 - - [06/Nov/2024:09:39:19 -0300] "GET /cormun/servlet/permisogoce?cfbab4486efdd58396c1f2114cd5bf47c0406d9a3895aa35b73b057f2b321d19a04075d471b080bfde7914b1f742cd1c9cdd27e4698bdd965d3cca7057cf5998,gx-no-cache=1730896676770 HTTP/1.1" 200 47
190.171.142.26 - - [06/Nov/2024:09:39:22 -0300] "POST /cormun/servlet/permisogoce?c785596891ae8707e0fd78b12bb7d4fd,INS,0,,,,gx-no-cache=1730896679868 HTTP/1.1" 200 93
190.171.142.26 - - [06/Nov/2024:09:39:22 -0300] "GET /cormun/servlet/hpexe_return? HTTP/1.1" 200 1011
190.171.142.26 - - [06/Nov/2024:09:39:22 -0300] "GET /cormun/servlet/trpermisosgoce HTTP/1.1" 200 18255
190.171.142.26 - - [06/Nov/2024:09:39:32 -0300] "GET /cormun/servlet/apermisogoceprn?9648706,P,20241106093610,PU HTTP/1.1" 200 1648
190.171.142.26 - - [06/Nov/2024:09:39:45 -0300] "GET /cormun/servlet/apermisogoceprn?9721101,P,20241106093727,PU HTTP/1.1" 200 1661
190.171.149.74 - - [06/Nov/2024:09:41:48 -0300] "GET /cormun/servlet/trpermisosgoce? HTTP/1.1" 200 6036
190.171.149.74 - - [06/Nov/2024:09:41:48 -0300] "GET /cormun/servlet/hlogin HTTP/1.1" 200 1742
190.171.149.74 - - [06/Nov/2024:09:41:48 -0300] "GET /cormun/servlet/trpermisosgoce? HTTP/1.1" 200 6033
190.171.149.74 - - [06/Nov/2024:09:41:53 -0300] "POST /cormun/servlet/hlogin?c950a717ca0ce294663a63b6b48b81c9,gx-no-cache=1730896830671 HTTP/1.1" 200 90
190.171.149.74 - - [06/Nov/2024:09:41:53 -0300] "GET /cormun/servlet/hpexe_link HTTP/1.1" 200 960
190.171.149.74 - - [06/Nov/2024:09:41:53 -0300] "GET /cormun/servlet/trpermisosgoce HTTP/1.1" 200 13935
190.171.149.74 - - [06/Nov/2024:09:41:56 -0300] "GET /cormun/static/menuarrow.gif HTTP/1.1" 404 1015
190.171.149.74 - - [06/Nov/2024:09:42:13 -0300] "POST /cormun/servlet/trpermisosgoce?c950a717ca0ce294663a63b6b48b81c9,gx-no-cache=1730896850689 HTTP/1.1" 200 5782
125.224.210.96 - - [06/Nov/2024:09:43:34 -0300] "GET / HTTP/1.0" 200 11197
190.171.153.26 - - [06/Nov/2024:09:47:12 -0300] "GET /cormun/servlet/hlogin HTTP/1.1" 200 1722
190.171.153.26 - - [06/Nov/2024:09:47:12 -0300] "GET /cormun/static/Resources/Spanish/PXTools.css?1759030 HTTP/1.1" 304 -
190.171.153.26 - - [06/Nov/2024:09:47:12 -0300] "GET /cormun/static/gxcfg.js?2022112219184450 HTTP/1.1" 304 -
190.171.153.26 - - [06/Nov/2024:09:47:12 -0300] "GET /cormun/static/messages.spa.js?85251 HTTP/1.1" 304 -
190.171.153.26 - - [06/Nov/2024:09:47:12 -0300] "GET /cormun/static/hlogin.js?2022112219184458 HTTP/1.1" 304 -
190.171.153.26 - - [06/Nov/2024:09:47:12 -0300] "GET /cormun/servlet/hlogin HTTP/1.1" 200 1732
190.171.152.234 - - [06/Nov/2024:09:47:34 -0300] "ýù’Cºõ·H½‰ƒ:Ö<×úœ04þoioÜ_‰?žé˜ ÏЊ92‰D¸¡µ$4‡=²;øt”Jv·‚àÑn ŠŠÀ+À/À,À0̨̩ÀÀœ/5JJ" 400 -
190.171.152.234 - - [06/Nov/2024:09:47:34 -0300] "ªêýû¯™Œå/òœÎʬÿœE°ªe¦þ" zíjt§ùõ¡k@dÎGQ¯[k~Ä*ë`Ø^8ç­ ÚÚÀ+À/À,À0̨̩ÀÀœ/5°" 505 -
190.171.152.234 - - [06/Nov/2024:09:47:34 -0300] "GET /cormun/servlet/hlogin HTTP/1.1" 200 1722
190.171.152.234 - - [06/Nov/2024:09:47:34 -0300] "GET /cormun/static/gxtimezone.js?85251 HTTP/1.1" 200 5781
190.171.152.234 - - [06/Nov/2024:09:47:34 -0300] "GET /cormun/static/gxcfg.js?2022112219184450 HTTP/1.1" 200 953
190.171.152.234 - - [06/Nov/2024:09:47:34 -0300] "GET /cormun/static/Resources/CormunLogin.png HTTP/1.1" 200 19132
190.171.152.234 - - [06/Nov/2024:09:47:34 -0300] "GET /cormun/static/Resources/Spanish/PXTools.css?1759030 HTTP/1.1" 200 100853
190.171.152.234 - - [06/Nov/2024:09:47:34 -0300] "GET /cormun/static/messages.spa.js?85251 HTTP/1.1" 200 30736
190.171.152.234 - - [06/Nov/2024:09:47:34 -0300] "GET /cormun/static/hlogin.js?2022112219184458 HTTP/1.1" 200 2156
190.171.152.234 - - [06/Nov/2024:09:47:34 -0300] "GET /cormun/static/gxgral.js?85251 HTTP/1.1" 200 384558
190.171.152.234 - - [06/Nov/2024:09:47:34 -0300] "GET /cormun/static/Resources/PXToolsLoginBackground.png HTTP/1.1" 200 1164
190.171.152.234 - - [06/Nov/2024:09:47:34 -0300] "GET /cormun/static/Resources/PXToolsLoginTop.png HTTP/1.1" 200 1337
190.171.152.234 - - [06/Nov/2024:09:47:34 -0300] "GET /cormun/static/Resources/PXToolsLoginBottom.png HTTP/1.1" 200 1389
190.171.152.234 - - [06/Nov/2024:09:47:34 -0300] "GET /cormun/static/Resources/PXToolsButtonRight.png HTTP/1.1" 200 1294
190.171.152.234 - - [06/Nov/2024:09:47:34 -0300] "GET /cormun/static/Resources/PXToolsButtonLeft.png HTTP/1.1" 200 1310
190.171.152.234 - - [06/Nov/2024:09:47:34 -0300] "GET /cormun/static/Resources/PXToolsButtonBackground.png HTTP/1.1" 200 1176
190.171.152.234 - - [06/Nov/2024:09:47:34 -0300] "GET /cormun/static/Resources/indicator.gif HTTP/1.1" 200 1553
190.171.152.234 - - [06/Nov/2024:09:47:34 -0300] "GET /cormun/servlet/hlogin HTTP/1.1" 200 1732
190.171.152.234 - - [06/Nov/2024:09:47:34 -0300] "GET /favicon.ico HTTP/1.1" 200 21630
186.103.157.42 - - [06/Nov/2024:09:48:04 -0300] "GET /cormun/servlet/trlicencias? HTTP/1.1" 200 10663
190.171.152.234 - - [06/Nov/2024:09:48:05 -0300] "POST /cormun/servlet/hlogin?c2b5c6efce12b2d4e7c23be80193ddb0,gx-no-cache=1730897204274 HTTP/1.1" 200 90
190.171.152.234 - - [06/Nov/2024:09:48:05 -0300] "GET /cormun/servlet/hpexe_link HTTP/1.1" 200 952
190.171.152.234 - - [06/Nov/2024:09:48:05 -0300] "GET /cormun/static/gxcfg.js?20221129847421 HTTP/1.1" 200 953
190.171.152.234 - - [06/Nov/2024:09:48:06 -0300] "GET /cormun/static/hpexe_link.js?20221129847423 HTTP/1.1" 200 625
190.171.152.234 - - [06/Nov/2024:09:48:06 -0300] "GET /cormun/static/Resources/Spanish/PXTools.css?8354383 HTTP/1.1" 200 100853
190.171.152.234 - - [06/Nov/2024:09:48:06 -0300] "GET /cormun/servlet/hhome HTTP/1.1" 200 4302
190.171.152.234 - - [06/Nov/2024:09:48:06 -0300] "GET /cormun/static/SmoothNavMenu/resources/ddsmoothmenu.css?1112540 HTTP/1.1" 200 2223
190.171.152.234 - - [06/Nov/2024:09:48:06 -0300] "GET /cormun/static/scaMessage/css/jquery.pnotify.default.css?1816380 HTTP/1.1" 200 1707
190.171.152.234 - - [06/Nov/2024:09:48:06 -0300] "GET /cormun/static/SmoothNavMenu/resources/ddsmoothmenu-v.css?1112540 HTTP/1.1" 200 1188
190.171.152.234 - - [06/Nov/2024:09:48:06 -0300] "GET /cormun/static/gxcfg.js?20201215495537 HTTP/1.1" 200 953
190.171.152.234 - - [06/Nov/2024:09:48:06 -0300] "GET /cormun/static/PXToolsJavascripts/pexe_autoreload.js HTTP/1.1" 200 1762
190.171.152.234 - - [06/Nov/2024:09:48:06 -0300] "GET /cormun/static/Shared/jqueryui/jquery-ui.min.css?1345370 HTTP/1.1" 200 30288
190.171.152.234 - - [06/Nov/2024:09:48:06 -0300] "GET /cormun/static/Resources/Spanish/PXTools.css?14345360 HTTP/1.1" 200 100853
190.171.152.234 - - [06/Nov/2024:09:48:06 -0300] "GET /cormun/static/PXToolsJavascripts/pexe_cookies.js HTTP/1.1" 200 792
190.171.152.234 - - [06/Nov/2024:09:48:06 -0300] "GET /cormun/static/PXToolsJavascripts/pexe_grid.js HTTP/1.1" 200 7559
190.171.152.234 - - [06/Nov/2024:09:48:06 -0300] "GET /cormun/static/PXToolsJavascripts/pexe_griddivfix.js HTTP/1.1" 200 6946
190.171.152.234 - - [06/Nov/2024:09:48:06 -0300] "GET /cormun/static/PXToolsJavascripts/pexe_link.js HTTP/1.1" 200 5671
190.171.152.234 - - [06/Nov/2024:09:48:06 -0300] "GET /cormun/static/PXToolsJavascripts/pexe_menudivfix.js HTTP/1.1" 200 333
190.171.152.234 - - [06/Nov/2024:09:48:06 -0300] "GET /cormun/static/PXToolsJavascripts/pexe_menus.js HTTP/1.1" 200 1286
190.171.152.234 - - [06/Nov/2024:09:48:06 -0300] "GET /cormun/static/PXToolsJavascripts/pexe_windows.js HTTP/1.1" 200 15249
190.171.152.234 - - [06/Nov/2024:09:48:06 -0300] "GET /cormun/static/PXToolsJavascripts/pexe_layers.js HTTP/1.1" 200 4114
190.171.152.234 - - [06/Nov/2024:09:48:06 -0300] "GET /cormun/static/PXToolsJavascripts/pexe_oav.js HTTP/1.1" 200 645
190.171.152.234 - - [06/Nov/2024:09:48:06 -0300] "GET /cormun/static/PXToolsJavascripts/pexe_oavdivfix.js HTTP/1.1" 200 639
190.171.152.234 - - [06/Nov/2024:09:48:06 -0300] "GET /cormun/static/PXToolsJavascripts/pexe_picture.js HTTP/1.1" 200 689
190.171.152.234 - - [06/Nov/2024:09:48:06 -0300] "GET /cormun/static/PXToolsJavascripts/pexe_scrolldiv.js HTTP/1.1" 200 4138
190.171.152.234 - - [06/Nov/2024:09:48:06 -0300] "GET /cormun/static/PXToolsJavascripts/pexe_tabdivfix.js HTTP/1.1" 200 898
190.171.152.234 - - [06/Nov/2024:09:48:06 -0300] "GET /cormun/static/PXToolsJavascripts/pexe_tabs.js HTTP/1.1" 200 3748
190.171.152.234 - - [06/Nov/2024:09:48:06 -0300] "GET /cormun/static/PXToolsJavascripts/pexe_upload.js HTTP/1.1" 200 1423
190.171.152.234 - - [06/Nov/2024:09:48:06 -0300] "GET /cormun/static/PXToolsJavascripts/PXToolsJavascriptsRender.js HTTP/1.1" 200 367
190.171.152.234 - - [06/Nov/2024:09:48:06 -0300] "GET /cormun/static/PXToolsJavascripts/pexe_popup.js HTTP/1.1" 200 15149
190.171.152.234 - - [06/Nov/2024:09:48:06 -0300] "GET /cormun/static/Resources/CormunMP2.png HTTP/1.1" 200 6878
190.171.152.234 - - [06/Nov/2024:09:48:06 -0300] "GET /cormun/static/Resources/ImgHome.png HTTP/1.1" 200 1364
190.171.152.234 - - [06/Nov/2024:09:48:06 -0300] "GET /cormun/static/Resources/ImgLogin.png HTTP/1.1" 200 1432
190.171.152.234 - - [06/Nov/2024:09:48:06 -0300] "GET /cormun/static/Resources/Llave.png HTTP/1.1" 200 1395
190.171.152.234 - - [06/Nov/2024:09:48:06 -0300] "GET /cormun/static/RunJS/RunJS.js HTTP/1.1" 200 288
190.171.152.234 - - [06/Nov/2024:09:48:06 -0300] "GET /cormun/static/Shared/ext/locale/ext-lang-en.js HTTP/1.1" 200 10940
190.171.152.234 - - [06/Nov/2024:09:48:06 -0300] "GET /cormun/static/Resources/PXToolsDataTitle.png HTTP/1.1" 200 1173
190.171.152.234 - - [06/Nov/2024:09:48:06 -0300] "GET /cormun/static/hhome.js?20201215495544 HTTP/1.1" 200 777
190.171.152.234 - - [06/Nov/2024:09:48:06 -0300] "GET /cormun/static/hwchdr01.js?2022112219251119 HTTP/1.1" 200 996
190.171.152.234 - - [06/Nov/2024:09:48:06 -0300] "GET /cormun/static/hpexe_recentlink.js?20201214471090 HTTP/1.1" 200 2144
190.171.152.234 - - [06/Nov/2024:09:48:06 -0300] "GET /cormun/static/hpexe_scripts.js?20201214471411 HTTP/1.1" 200 1544
190.171.152.234 - - [06/Nov/2024:09:48:06 -0300] "GET /cormun/static/hpexe_messagecontroller.js?202211298371222 HTTP/1.1" 200 870
190.171.152.234 - - [06/Nov/2024:09:48:06 -0300] "GET /cormun/static/hpexe_messagepopupcomponent.js?2020121447232 HTTP/1.1" 200 605
190.171.152.234 - - [06/Nov/2024:09:48:06 -0300] "GET /cormun/static/hpexe_messagegenexuscomponent.js?20221129836373 HTTP/1.1" 200 587
190.171.152.234 - - [06/Nov/2024:09:48:06 -0300] "GET /cormun/static/cmcontrolpreferences.js?20199141926336 HTTP/1.1" 200 1375
190.171.152.234 - - [06/Nov/2024:09:48:06 -0300] "GET /cormun/static/gxui/gxui-all.js HTTP/1.1" 200 107772
190.171.152.234 - - [06/Nov/2024:09:48:06 -0300] "GET /cormun/static/SmoothNavMenu/resources/ddsmoothmenu.js HTTP/1.1" 200 12712
190.171.152.234 - - [06/Nov/2024:09:48:06 -0300] "GET /cormun/static/Shared/jquery/jquery-1.4.2.min.js HTTP/1.1" 200 72174
190.171.152.234 - - [06/Nov/2024:09:48:06 -0300] "GET /cormun/static/SmoothNavMenu/resources/SmoothNavMenuRender.js HTTP/1.1" 200 5951
190.171.152.234 - - [06/Nov/2024:09:48:06 -0300] "GET /cormun/static/scaMessage/js/jquery.pnotify.min.js HTTP/1.1" 200 13038
190.171.152.234 - - [06/Nov/2024:09:48:06 -0300] "GET /cormun/static/scaMessage/scaMessageRender.js HTTP/1.1" 200 11977
190.171.152.234 - - [06/Nov/2024:09:48:06 -0300] "GET /cormun/static/hmpwkw03.js?20221129844354 HTTP/1.1" 200 3971
190.171.152.234 - - [06/Nov/2024:09:48:06 -0300] "GET /cormun/static/Shared/jqueryui/jquery-ui.min.js HTTP/1.1" 200 240427
190.171.152.234 - - [06/Nov/2024:09:48:06 -0300] "GET /cormun/static/Shared/jquery/jquery-1.10.2.min.js HTTP/1.1" 200 273199
190.171.152.234 - - [06/Nov/2024:09:48:06 -0300] "GET /cormun/static/Shared/ext/ext-all.js HTTP/1.1" 200 1289687
190.171.152.234 - - [06/Nov/2024:09:48:06 -0300] "GET /cormun/static/SmoothNavMenu/resources/images/down.gif HTTP/1.1" 200 854
190.171.152.234 - - [06/Nov/2024:09:48:06 -0300] "GET /cormun/static/SmoothNavMenu/resources/images/right.gif HTTP/1.1" 200 860
190.171.143.98 - - [06/Nov/2024:09:48:15 -0300] "GET /cormun/servlet/hlogin HTTP/1.1" 200 1716
190.171.143.98 - - [06/Nov/2024:09:48:22 -0300] "POST /cormun/servlet/hlogin?4fbf9ff4213dde2e860385f1770f71c3,gx-no-cache=1730897219885 HTTP/1.1" 200 90
190.171.143.98 - - [06/Nov/2024:09:48:22 -0300] "GET /cormun/servlet/hpexe_link HTTP/1.1" 200 946
190.171.143.98 - - [06/Nov/2024:09:48:23 -0300] "GET /cormun/servlet/hhome HTTP/1.1" 200 4307
190.171.152.234 - - [06/Nov/2024:09:48:23 -0300] "GET /cormun/servlet/trlicencias? HTTP/1.1" 200 11069
190.171.152.234 - - [06/Nov/2024:09:48:24 -0300] "GET /cormun/static/calendar-setup.js?85251 HTTP/1.1" 200 2588
190.171.152.234 - - [06/Nov/2024:09:48:24 -0300] "GET /cormun/static/calendar-system.css?85620 HTTP/1.1" 200 5572
190.171.152.234 - - [06/Nov/2024:09:48:24 -0300] "GET /cormun/static/gxui/gxui-all.css?120300 HTTP/1.1" 200 2179
190.171.152.234 - - [06/Nov/2024:09:48:24 -0300] "GET /cormun/static/calendar.js?85251 HTTP/1.1" 200 26246
190.171.152.234 - - [06/Nov/2024:09:48:24 -0300] "GET /cormun/static/gxcfg.js?202211298463625 HTTP/1.1" 200 953
190.171.152.234 - - [06/Nov/2024:09:48:24 -0300] "GET /cormun/static/calendar-es.js?85251 HTTP/1.1" 200 1901
190.171.152.234 - - [06/Nov/2024:09:48:24 -0300] "GET /cormun/static/Resources/PXTools/calendar.png HTTP/1.1" 200 1306
190.171.152.234 - - [06/Nov/2024:09:48:24 -0300] "GET /cormun/static/gxdec.js?85251 HTTP/1.1" 200 19579
190.171.152.234 - - [06/Nov/2024:09:48:24 -0300] "GET /cormun/static/trlicencias.js?202211298463889 HTTP/1.1" 200 41883
190.171.152.234 - - [06/Nov/2024:09:48:24 -0300] "GET /cormun/static/Resources/PXToolsDataSearch.png HTTP/1.1" 200 435
190.171.152.234 - - [06/Nov/2024:09:48:24 -0300] "GET /cormun/static/Resources/PXToolsGridFirstDisabled.gif HTTP/1.1" 200 100
190.171.152.234 - - [06/Nov/2024:09:48:24 -0300] "GET /cormun/static/Shared/ext/resources/css/ext-all.css?215870 HTTP/1.1" 200 416045
190.171.152.234 - - [06/Nov/2024:09:48:24 -0300] "GET /cormun/static/Resources/PXToolsGridPreviousDisabled.gif HTTP/1.1" 200 90
190.171.152.234 - - [06/Nov/2024:09:48:24 -0300] "GET /cormun/static/Resources/PXToolsGridNextDisabled.gif HTTP/1.1" 200 90
190.171.152.234 - - [06/Nov/2024:09:48:24 -0300] "GET /cormun/static/Resources/PXToolsGridLastDisabled.gif HTTP/1.1" 200 98
190.171.152.234 - - [06/Nov/2024:09:48:24 -0300] "GET /cormun/static/Resources/PXToolsAddAllAction.png HTTP/1.1" 200 495
190.171.152.234 - - [06/Nov/2024:09:48:24 -0300] "GET /cormun/static/Resources/PXToolsGridPage.gif HTTP/1.1" 200 725
190.171.152.234 - - [06/Nov/2024:09:48:24 -0300] "GET /cormun/static/Resources/PXToolsActionExcel.png HTTP/1.1" 200 727
190.171.152.234 - - [06/Nov/2024:09:48:24 -0300] "GET /cormun/static/Resources/desc.gif HTTP/1.1" 200 65
190.171.152.234 - - [06/Nov/2024:09:48:24 -0300] "GET /cormun/static/Resources/asc.gif HTTP/1.1" 200 67
190.171.152.234 - - [06/Nov/2024:09:48:24 -0300] "GET /cormun//static/Resources/PXTools/ActionInsert.png HTTP/1.1" 200 1482
190.171.152.234 - - [06/Nov/2024:09:48:24 -0300] "GET /cormun//static/Resources/PXToolsActionPrint.png HTTP/1.1" 200 404
190.171.152.234 - - [06/Nov/2024:09:48:24 -0300] "GET /cormun//static/Resources/PXToolsGridDisplay.png HTTP/1.1" 200 525
190.171.152.234 - - [06/Nov/2024:09:48:24 -0300] "GET /cormun//static/Resources/PXToolsActionDisabled.gif HTTP/1.1" 200 53
190.171.152.234 - - [06/Nov/2024:09:48:24 -0300] "GET /cormun//static/Resources/PXToolsHeaderHelp.png HTTP/1.1" 200 1333
190.171.152.234 - - [06/Nov/2024:09:48:24 -0300] "GET /cormun//static/Resources/PXToolsHeaderFavorites.png HTTP/1.1" 200 1414
190.171.152.234 - - [06/Nov/2024:09:48:24 -0300] "GET /cormun/static/Shared/ext/resources/themes/images/default/panel/bg-headersPanel.png HTTP/1.1" 200 255
190.171.152.234 - - [06/Nov/2024:09:48:24 -0300] "GET /cormun/static/Shared/ext/resources/themes/images/default/tools/tool-sprites.gif HTTP/1.1" 200 5434
190.171.143.98 - - [06/Nov/2024:09:48:27 -0300] "GET /cormun/servlet/trlicencias? HTTP/1.1" 200 12081
190.171.143.98 - - [06/Nov/2024:09:48:32 -0300] "GET /cormun/servlet/alicenciaprn?10009991,L,20241106000000,PU HTTP/1.1" 200 1559
190.171.143.98 - - [06/Nov/2024:09:48:33 -0300] "GET /cormun/servlet/alicenciaprn?10009991,L,20241106000000,PU HTTP/1.1" 200 1560
190.171.143.98 - - [06/Nov/2024:09:48:36 -0300] "GET /cormun/servlet/alicenciaprn?10009991,L,20241106000000,PU HTTP/1.1" 200 1557
190.171.143.98 - - [06/Nov/2024:09:48:36 -0300] "GET /cormun/servlet/alicenciaprn?10009991,L,20241106000000,PU HTTP/1.1" 200 1560
190.171.142.26 - - [06/Nov/2024:09:49:00 -0300] "GET /cormun/servlet/permisogoce?INS,0,,, HTTP/1.1" 200 7183
190.171.143.98 - - [06/Nov/2024:09:49:04 -0300] "GET /cormun/servlet/alicenciaprn?13568605,L,20241104000000,PU HTTP/1.1" 200 1545
190.171.143.98 - - [06/Nov/2024:09:49:04 -0300] "GET /cormun/servlet/alicenciaprn?13568605,L,20241104000000,PU HTTP/1.1" 200 1544
190.171.142.26 - - [06/Nov/2024:09:49:12 -0300] "GET /cormun/servlet/permisogoce?cfbab4486efdd58396c1f2114cd5bf47b56fa88ce050cce827f5015ff78a85cb6e352052eba7f7fc3cc0e8aaa278b27120e4f993fca4f4c4930a538acab99c60,gx-no-cache=1730897269970 HTTP/1.1" 200 85
190.171.142.26 - - [06/Nov/2024:09:49:12 -0300] "GET /cormun/static/menuarrow.gif HTTP/1.1" 404 1015
190.171.142.26 - - [06/Nov/2024:09:49:21 -0300] "GET /cormun/servlet/permisogoce?cfbab4486efdd58396c1f2114cd5bf472f893adb330d4b5ade30a2338aa59dad2d44b123c90d46430f986bbc5b1d33a19ede7b3ac2db3f0de68f565f0d4aec27,gx-no-cache=1730897279231 HTTP/1.1" 200 48
190.171.142.26 - - [06/Nov/2024:09:49:24 -0300] "POST /cormun/servlet/permisogoce?c785596891ae8707e0fd78b12bb7d4fd,INS,0,,,,gx-no-cache=1730897282234 HTTP/1.1" 200 93
190.171.142.26 - - [06/Nov/2024:09:49:24 -0300] "GET /cormun/servlet/hpexe_return? HTTP/1.1" 200 1011
190.171.142.26 - - [06/Nov/2024:09:49:24 -0300] "GET /cormun/servlet/trpermisosgoce HTTP/1.1" 200 18477
190.171.142.26 - - [06/Nov/2024:09:50:03 -0300] "GET /cormun/servlet/apermisogoceprn?11670924,P,20241106094742,PU HTTP/1.1" 200 1653
190.171.141.90 - - [06/Nov/2024:09:50:07 -0300] "POST /cormun/servlet/trlicencias?6b4473789b7e5a536e913fbd7db8f99f,gx-no-cache=1730897326401 HTTP/1.1" 440 972
181.212.40.185 - - [06/Nov/2024:09:50:20 -0300] "GET /cormun/servlet/trlicencias? HTTP/1.1" 200 18811
190.171.142.26 - - [06/Nov/2024:09:50:45 -0300] "GET /cormun/servlet/permisogoce?INS,0,,, HTTP/1.1" 200 7183
190.171.142.26 - - [06/Nov/2024:09:50:56 -0300] "GET /cormun/servlet/permisogoce?cfbab4486efdd58396c1f2114cd5bf47fe112990f6ebafff71be79112658c5b76e352052eba7f7fc3cc0e8aaa278b27120e4f993fca4f4c4930a538acab99c60,gx-no-cache=1730897374150 HTTP/1.1" 200 80
190.171.142.26 - - [06/Nov/2024:09:51:06 -0300] "GET /cormun/servlet/permisogoce?cfbab4486efdd58396c1f2114cd5bf47c9ebaf3e5fffe90eaf9dbbde31f7cce9c0c61ab415e5f1ce333a3eb8deb3354c9ede7b3ac2db3f0de68f565f0d4aec27,gx-no-cache=1730897384540 HTTP/1.1" 200 47
190.171.142.26 - - [06/Nov/2024:09:51:13 -0300] "POST /cormun/servlet/permisogoce?c785596891ae8707e0fd78b12bb7d4fd,INS,0,,,,gx-no-cache=1730897390559 HTTP/1.1" 200 93
190.171.142.26 - - [06/Nov/2024:09:51:13 -0300] "GET /cormun/servlet/hpexe_return? HTTP/1.1" 200 1011
190.171.142.26 - - [06/Nov/2024:09:51:13 -0300] "GET /cormun/servlet/trpermisosgoce HTTP/1.1" 200 18650
190.171.142.26 - - [06/Nov/2024:09:51:24 -0300] "GET /cormun/servlet/apermisogoceprn?11889079,P,20241106094927,PU HTTP/1.1" 200 1658
190.171.142.26 - - [06/Nov/2024:09:51:55 -0300] "GET /cormun/servlet/permisogoce?INS,0,,, HTTP/1.1" 200 7183
190.171.142.26 - - [06/Nov/2024:09:52:06 -0300] "GET /cormun/servlet/permisogoce?cfbab4486efdd58396c1f2114cd5bf47855976e22440cd1780c6aa531e25ac636e352052eba7f7fc3cc0e8aaa278b27120e4f993fca4f4c4930a538acab99c60,gx-no-cache=1730897443972 HTTP/1.1" 200 73
190.171.141.106 - - [06/Nov/2024:09:52:06 -0300] "GET /cormun/servlet/trlicencias? HTTP/1.1" 200 6051
190.171.141.106 - - [06/Nov/2024:09:52:07 -0300] "GET /cormun/servlet/hlogin HTTP/1.1" 200 1737
190.171.141.106 - - [06/Nov/2024:09:52:07 -0300] "GET /cormun/servlet/trlicencias? HTTP/1.1" 200 6050
190.171.141.106 - - [06/Nov/2024:09:52:09 -0300] "POST /cormun/servlet/hlogin?0718463ef6d8c904b1449abaaf6e0031,gx-no-cache=1730897447132 HTTP/1.1" 200 90
190.171.141.106 - - [06/Nov/2024:09:52:09 -0300] "GET /cormun/servlet/hpexe_link HTTP/1.1" 200 957
190.171.141.106 - - [06/Nov/2024:09:52:09 -0300] "GET /cormun/servlet/trlicencias HTTP/1.1" 200 13795
190.171.142.26 - - [06/Nov/2024:09:52:18 -0300] "GET /cormun/servlet/permisogoce?cfbab4486efdd58396c1f2114cd5bf477165fee23ca749332803fce1ca583b600c1cbec9e7f02b931b0124419b1a43999ede7b3ac2db3f0de68f565f0d4aec27,gx-no-cache=1730897456635 HTTP/1.1" 200 48
190.171.142.26 - - [06/Nov/2024:09:52:22 -0300] "POST /cormun/servlet/permisogoce?c785596891ae8707e0fd78b12bb7d4fd,INS,0,,,,gx-no-cache=1730897459693 HTTP/1.1" 200 93
190.171.142.26 - - [06/Nov/2024:09:52:22 -0300] "GET /cormun/servlet/hpexe_return? HTTP/1.1" 200 1011
190.171.142.26 - - [06/Nov/2024:09:52:22 -0300] "GET /cormun/servlet/trpermisosgoce HTTP/1.1" 200 18627
190.171.142.26 - - [06/Nov/2024:09:52:37 -0300] "GET /cormun/servlet/apermisogoceprn?15122782,P,20241106095037,PU HTTP/1.1" 200 1647
190.171.141.138 - - [06/Nov/2024:09:52:59 -0300] "GET /cormun/servlet/trpermisosadjuntos?12693082,20241106082326,P, HTTP/1.1" 200 6825
190.95.15.15 - - [06/Nov/2024:09:53:00 -0300] "GET /cormun/servlet/trlicencias? HTTP/1.1" 200 13229
190.171.141.138 - - [06/Nov/2024:09:53:00 -0300] "GET /cormun/servlet/permisosadjuntos?INS,12693082,P,20241106082326,, HTTP/1.1" 200 6122
190.171.141.138 - - [06/Nov/2024:09:53:00 -0300] "GET /cormun/static/about:blank HTTP/1.1" 404 1011
190.171.141.138 - - [06/Nov/2024:09:53:10 -0300] "POST /cormun/servlet/permisosadjuntos?62c6cefb5477b874e24e32b1ed162cc9,INS,12693082,P,20241106082326,,,gx-no-cache=1730897507909 HTTP/1.1" 200 90
190.171.141.138 - - [06/Nov/2024:09:53:10 -0300] "GET /cormun/servlet/hpexe_link HTTP/1.1" 200 991
190.171.141.138 - - [06/Nov/2024:09:53:10 -0300] "GET /cormun/servlet/trpermisosadjuntos?12693082,20241106082326,P, HTTP/1.1" 200 6826
190.171.141.138 - - [06/Nov/2024:09:53:23 -0300] "POST /cormun/servlet/trpermisosadjuntos?62c6cefb5477b874e24e32b1ed162cc9,12693082,20241106082326,P,,gx-no-cache=1730897521724 HTTP/1.1" 200 90
190.171.141.138 - - [06/Nov/2024:09:53:23 -0300] "GET /cormun/servlet/hpexe_link HTTP/1.1" 200 982
190.171.141.138 - - [06/Nov/2024:09:53:24 -0300] "GET /cormun/servlet/trpermisosgoce HTTP/1.1" 200 13900
190.171.141.138 - - [06/Nov/2024:09:53:28 -0300] "GET /cormun/servlet/trpermisosadjuntos?11031552,20241106081352,P, HTTP/1.1" 200 6815
190.171.141.138 - - [06/Nov/2024:09:53:30 -0300] "GET /cormun/servlet/permisosadjuntos?INS,11031552,P,20241106081352,, HTTP/1.1" 200 6113
190.171.141.138 - - [06/Nov/2024:09:53:30 -0300] "GET /cormun/static/about:blank HTTP/1.1" 404 1011
190.171.142.42 - - [06/Nov/2024:09:53:31 -0300] "GET /cormun/servlet/hlogin HTTP/1.1" 200 1722
190.171.141.138 - - [06/Nov/2024:09:53:36 -0300] "POST /cormun/servlet/permisosadjuntos?62c6cefb5477b874e24e32b1ed162cc9,INS,11031552,P,20241106081352,, HTTP/1.1" 200 116
190.171.141.138 - - [06/Nov/2024:09:53:36 -0300] "GET /cormun/servlet/hpexe_return? HTTP/1.1" 200 1036
190.171.141.138 - - [06/Nov/2024:09:53:36 -0300] "GET /cormun/servlet/trpermisosadjuntos?11031552,20241106081352,P, HTTP/1.1" 200 7317
190.171.142.26 - - [06/Nov/2024:09:53:36 -0300] "GET /cormun/servlet/permisogoce?INS,0,,, HTTP/1.1" 200 7184
190.171.142.42 - - [06/Nov/2024:09:53:38 -0300] "POST /cormun/servlet/hlogin?b36fd0c739e6889f3c244fffe8bee09f,gx-no-cache=1730897535042 HTTP/1.1" 200 428
190.171.141.138 - - [06/Nov/2024:09:53:38 -0300] "POST /cormun/servlet/trpermisosadjuntos?62c6cefb5477b874e24e32b1ed162cc9,11031552,20241106081352,P,,gx-no-cache=1730897536573 HTTP/1.1" 200 90
190.171.141.138 - - [06/Nov/2024:09:53:38 -0300] "GET /cormun/servlet/hpexe_link HTTP/1.1" 200 981
190.171.141.138 - - [06/Nov/2024:09:53:38 -0300] "GET /cormun/servlet/trpermisosgoce HTTP/1.1" 200 13900
190.171.142.42 - - [06/Nov/2024:09:53:40 -0300] "POST /cormun/servlet/hlogin?b36fd0c739e6889f3c244fffe8bee09f,gx-no-cache=1730897537054 HTTP/1.1" 200 428
190.171.141.138 - - [06/Nov/2024:09:53:42 -0300] "POST /cormun/servlet/trpermisosgoce?62c6cefb5477b874e24e32b1ed162cc9,gx-no-cache=1730897539551 HTTP/1.1" 200 10988
190.171.141.138 - - [06/Nov/2024:09:53:42 -0300] "GET /cormun/static/Shared/jqueryui/images/ui-icons_82798d_256x240.png HTTP/1.1" 404 1089
190.171.141.138 - - [06/Nov/2024:09:53:42 -0300] "GET /cormun/static/Shared/jqueryui/images/ui-bg_highlight-soft_100_c6c2c8_1x100.png HTTP/1.1" 404 1117
190.171.141.138 - - [06/Nov/2024:09:53:42 -0300] "GET /cormun/static/Shared/jqueryui/images/ui-bg_flat_55_fafafa_40x100.png HTTP/1.1" 404 1097
190.171.141.138 - - [06/Nov/2024:09:53:42 -0300] "GET /cormun/static/Shared/jqueryui/images/ui-icons_8d78a5_256x240.png HTTP/1.1" 404 1089
190.171.141.138 - - [06/Nov/2024:09:53:43 -0300] "GET /cormun/servlet/trpermisosadjuntos?14203202,20241105155244,P, HTTP/1.1" 200 6822
190.171.141.138 - - [06/Nov/2024:09:53:45 -0300] "GET /cormun/servlet/permisosadjuntos?INS,14203202,P,20241105155244,, HTTP/1.1" 200 6120
190.171.141.138 - - [06/Nov/2024:09:53:45 -0300] "GET /cormun/static/about:blank HTTP/1.1" 404 1011
190.171.142.26 - - [06/Nov/2024:09:53:46 -0300] "GET /cormun/servlet/permisogoce?cfbab4486efdd58396c1f2114cd5bf473641ffca4c31f779c6567d4e991bc9986e352052eba7f7fc3cc0e8aaa278b27120e4f993fca4f4c4930a538acab99c60,gx-no-cache=1730897543832 HTTP/1.1" 200 78
190.171.142.42 - - [06/Nov/2024:09:53:48 -0300] "POST /cormun/servlet/hlogin?b36fd0c739e6889f3c244fffe8bee09f,gx-no-cache=1730897544706 HTTP/1.1" 200 90
190.171.142.42 - - [06/Nov/2024:09:53:48 -0300] "GET /cormun/servlet/hpexe_link HTTP/1.1" 200 958
190.171.142.42 - - [06/Nov/2024:09:53:48 -0300] "GET /cormun/servlet/trpermisosgoce HTTP/1.1" 200 15166
190.171.142.42 - - [06/Nov/2024:09:53:53 -0300] "GET /cormun/servlet/trlicencias? HTTP/1.1" 200 6878
190.171.142.26 - - [06/Nov/2024:09:53:56 -0300] "GET /cormun/servlet/permisogoce?cfbab4486efdd58396c1f2114cd5bf471c28761c7368e3d2be4e7998354fbde7375c902ada46e6a09b2bd88e8e9110ee9ede7b3ac2db3f0de68f565f0d4aec27,gx-no-cache=1730897554294 HTTP/1.1" 200 48
190.171.142.42 - - [06/Nov/2024:09:53:57 -0300] "GET /cormun/servlet/trlicencias? HTTP/1.1" 200 6877
190.171.142.26 - - [06/Nov/2024:09:54:00 -0300] "POST /cormun/servlet/permisogoce?c785596891ae8707e0fd78b12bb7d4fd,INS,0,,,,gx-no-cache=1730897557423 HTTP/1.1" 200 93
190.171.142.26 - - [06/Nov/2024:09:54:00 -0300] "GET /cormun/servlet/hpexe_return? HTTP/1.1" 200 1011
190.171.142.26 - - [06/Nov/2024:09:54:00 -0300] "GET /cormun/servlet/trpermisosgoce HTTP/1.1" 200 18595
190.171.141.138 - - [06/Nov/2024:09:54:08 -0300] "POST /cormun/servlet/permisosadjuntos?62c6cefb5477b874e24e32b1ed162cc9,INS,14203202,P,20241105155244,, HTTP/1.1" 200 116
190.171.141.138 - - [06/Nov/2024:09:54:08 -0300] "GET /cormun/servlet/hpexe_return? HTTP/1.1" 200 1038
190.171.141.138 - - [06/Nov/2024:09:54:08 -0300] "GET /cormun/servlet/trpermisosadjuntos?14203202,20241105155244,P, HTTP/1.1" 200 7322
190.171.142.42 - - [06/Nov/2024:09:54:09 -0300] "GET /cormun/servlet/trpermisosgoce? HTTP/1.1" 200 15164
190.171.141.138 - - [06/Nov/2024:09:54:11 -0300] "POST /cormun/servlet/trpermisosadjuntos?62c6cefb5477b874e24e32b1ed162cc9,14203202,20241105155244,P,,gx-no-cache=1730897569680 HTTP/1.1" 200 90
190.171.141.138 - - [06/Nov/2024:09:54:11 -0300] "GET /cormun/servlet/hpexe_link HTTP/1.1" 200 1004
190.171.141.138 - - [06/Nov/2024:09:54:12 -0300] "GET /cormun/servlet/trpermisosgoce?gx-no-cache=1730897539551 HTTP/1.1" 200 13913
190.171.141.138 - - [06/Nov/2024:09:54:15 -0300] "POST /cormun/servlet/trpermisosgoce?62c6cefb5477b874e24e32b1ed162cc9,gx-no-cache=1730897539551,gx-no-cache=1730897573114 HTTP/1.1" 200 10984
190.171.141.138 - - [06/Nov/2024:09:54:17 -0300] "GET /cormun/servlet/trpermisosadjuntos?16884603,20241105155416,P, HTTP/1.1" 200 6854
190.171.142.26 - - [06/Nov/2024:09:54:18 -0300] "GET /cormun/servlet/apermisogoceprn?18040376,P,20241106095218,PU HTTP/1.1" 200 1661
190.171.141.138 - - [06/Nov/2024:09:54:19 -0300] "GET /cormun/servlet/permisosadjuntos?INS,16884603,P,20241105155416,, HTTP/1.1" 200 6133
190.171.141.138 - - [06/Nov/2024:09:54:19 -0300] "GET /cormun/static/about:blank HTTP/1.1" 404 1011
190.171.141.138 - - [06/Nov/2024:09:54:25 -0300] "POST /cormun/servlet/permisosadjuntos?62c6cefb5477b874e24e32b1ed162cc9,INS,16884603,P,20241105155416,, HTTP/1.1" 200 116
190.171.141.138 - - [06/Nov/2024:09:54:25 -0300] "GET /cormun/servlet/hpexe_return? HTTP/1.1" 200 1037
190.171.141.138 - - [06/Nov/2024:09:54:25 -0300] "GET /cormun/servlet/trpermisosadjuntos?16884603,20241105155416,P, HTTP/1.1" 200 7337
