200.54.103.162 - - [06/Nov/2024:08:58:20 -0300] "GET /cormun/servlet/hlogin HTTP/1.1" 200 1732
200.54.103.162 - - [06/Nov/2024:08:58:20 -0300] "GET /cormun/servlet/hhome HTTP/1.1" 200 3331
181.212.40.185 - - [06/Nov/2024:08:58:21 -0300] "POST /cormun/servlet/hlogin?253cb4348e04b2c87f97337d05e40cbe,gx-no-cache=1730894218662 HTTP/1.1" 200 90
181.212.40.185 - - [06/Nov/2024:08:58:21 -0300] "GET /cormun/servlet/hpexe_link HTTP/1.1" 200 962
181.212.40.185 - - [06/Nov/2024:08:58:21 -0300] "GET /cormun/servlet/trbonoreemplazo HTTP/1.1" 500 10
190.171.143.82 - - [06/Nov/2024:08:58:22 -0300] "GET /cormun/servlet/apermisogoceprn?17134240,P,20241106085637,PU HTTP/1.1" 200 1655
200.54.103.162 - - [06/Nov/2024:08:58:23 -0300] "POST /cormun/servlet/hlogin?74e36827caf11c4c20056d1838e5d2af,gx-no-cache=1730894223487 HTTP/1.1" 200 90
200.54.103.162 - - [06/Nov/2024:08:58:23 -0300] "GET /cormun/servlet/hpexe_link HTTP/1.1" 200 951
200.54.103.162 - - [06/Nov/2024:08:58:23 -0300] "GET /cormun/servlet/hhome HTTP/1.1" 200 4341
200.54.103.162 - - [06/Nov/2024:08:58:30 -0300] "GET /cormun/servlet/trsolicitudot? HTTP/1.1" 200 7561
200.54.103.162 - - [06/Nov/2024:08:58:30 -0300] "GET /cormun/static/gxcfg.js?20221129846531 HTTP/1.1" 200 953
200.54.103.162 - - [06/Nov/2024:08:58:30 -0300] "GET /cormun/static/trsolicitudot.js?202211298465651 HTTP/1.1" 200 54040
200.54.103.162 - - [06/Nov/2024:08:58:33 -0300] "GET /cormun/servlet/solicitudot?INS,0,0,false, HTTP/1.1" 200 16334
200.54.103.162 - - [06/Nov/2024:08:58:33 -0300] "GET /cormun/static/gxcfg.js?20221129840861 HTTP/1.1" 200 953
200.54.103.162 - - [06/Nov/2024:08:58:33 -0300] "GET /cormun/static/solicitudot.js?20221129840983 HTTP/1.1" 200 74072
190.171.142.26 - - [06/Nov/2024:08:58:37 -0300] "GET /cormun/servlet/permisogoce?INS,0,,, HTTP/1.1" 200 7183
200.54.103.162 - - [06/Nov/2024:08:58:46 -0300] "POST /cormun/servlet/solicitudot?gx-no-cache=1730894246672 HTTP/1.1" 200 4046
200.54.103.162 - - [06/Nov/2024:08:58:46 -0300] "POST /cormun/servlet/solicitudot?74e36827caf11c4c20056d1838e5d2af,INS,0,0,false,,gx-no-cache=1730894246807 HTTP/1.1" 200 12895
190.171.142.26 - - [06/Nov/2024:08:58:48 -0300] "GET /cormun/servlet/permisogoce?cfbab4486efdd58396c1f2114cd5bf47960be0137339740650ba805a392062796e352052eba7f7fc3cc0e8aaa278b27120e4f993fca4f4c4930a538acab99c60,gx-no-cache=1730894246392 HTTP/1.1" 200 77
200.54.103.162 - - [06/Nov/2024:08:58:49 -0300] "GET /cormun/servlet/solicitudot?9546a7e62c2193f7b4929c0f35263d241d9c22582f84ed2e09204f683e163ecf7752defc3ab7548d49333273c58bb1e6,gx-no-cache=1730894249402 HTTP/1.1" 200 30
190.171.142.26 - - [06/Nov/2024:08:59:07 -0300] "GET /cormun/servlet/permisogoce?cfbab4486efdd58396c1f2114cd5bf47384dacd4f5c2f15d8b799bc0a4df8bbd3ec9b903bc1bb84ff368fe71704941a69ede7b3ac2db3f0de68f565f0d4aec27,gx-no-cache=1730894265046 HTTP/1.1" 200 47
190.171.142.26 - - [06/Nov/2024:08:59:10 -0300] "POST /cormun/servlet/permisogoce?c785596891ae8707e0fd78b12bb7d4fd,INS,0,,,,gx-no-cache=1730894268209 HTTP/1.1" 200 93
190.171.142.26 - - [06/Nov/2024:08:59:10 -0300] "GET /cormun/servlet/hpexe_return? HTTP/1.1" 200 1011
190.171.142.26 - - [06/Nov/2024:08:59:10 -0300] "GET /cormun/servlet/trpermisosgoce HTTP/1.1" 200 14869
190.171.142.26 - - [06/Nov/2024:08:59:14 -0300] "GET /cormun/servlet/apermisogoceprn?16250491,P,20241106085719,PU HTTP/1.1" 200 1648
190.171.142.26 - - [06/Nov/2024:08:59:38 -0300] "GET /cormun/servlet/permisogoce?INS,0,,, HTTP/1.1" 200 7182
190.171.142.26 - - [06/Nov/2024:08:59:50 -0300] "GET /cormun/servlet/permisogoce?cfbab4486efdd58396c1f2114cd5bf47a951265bb6e8089c307920d9d65af36e6e352052eba7f7fc3cc0e8aaa278b27120e4f993fca4f4c4930a538acab99c60,gx-no-cache=1730894308171 HTTP/1.1" 200 75
190.171.142.26 - - [06/Nov/2024:09:00:02 -0300] "GET /cormun/servlet/permisogoce?cfbab4486efdd58396c1f2114cd5bf477d3ab840f7cfcd2973cdeb91619167084060d397986a4bc9e97fcac102ae300f9ede7b3ac2db3f0de68f565f0d4aec27,gx-no-cache=1730894320538 HTTP/1.1" 200 47
200.54.103.162 - - [06/Nov/2024:09:00:04 -0300] "GET /cormun/static/Resources/PXTools/ClosePrompt.png HTTP/1.1" 200 1036
200.54.103.162 - - [06/Nov/2024:09:00:04 -0300] "GET /cormun/static/Resources/resize.gif HTTP/1.1" 200 77
200.54.103.162 - - [06/Nov/2024:09:00:04 -0300] "GET /cormun/servlet/prbanco?,MD,,gxPopupLevel%3D0%3B HTTP/1.1" 200 6731
200.54.103.162 - - [06/Nov/2024:09:00:04 -0300] "GET /cormun/static/gxcfg.js?20201216131581 HTTP/1.1" 200 953
200.54.103.162 - - [06/Nov/2024:09:00:04 -0300] "GET /cormun/static/Resources/PXToolsMenuSearch.png HTTP/1.1" 200 336
200.54.103.162 - - [06/Nov/2024:09:00:04 -0300] "GET /cormun/static/prbanco.js?20201216132311 HTTP/1.1" 200 10693
200.54.103.162 - - [06/Nov/2024:09:00:04 -0300] "GET /cormun/static/hmpwkw011.js?202211298443482 HTTP/1.1" 200 1968
200.54.103.162 - - [06/Nov/2024:09:00:04 -0300] "GET /cormun/static/Resources/PXToolsMenuSearchCancel.png HTTP/1.1" 200 306
200.54.103.162 - - [06/Nov/2024:09:00:04 -0300] "GET /cormun/static/menusearch.js?20201214473581 HTTP/1.1" 200 1424
190.171.142.26 - - [06/Nov/2024:09:00:06 -0300] "POST /cormun/servlet/permisogoce?c785596891ae8707e0fd78b12bb7d4fd,INS,0,,,,gx-no-cache=1730894323779 HTTP/1.1" 200 93
190.171.142.26 - - [06/Nov/2024:09:00:06 -0300] "GET /cormun/servlet/hpexe_return? HTTP/1.1" 200 1011
190.171.142.26 - - [06/Nov/2024:09:00:06 -0300] "GET /cormun/servlet/trpermisosgoce HTTP/1.1" 200 15062
200.54.103.162 - - [06/Nov/2024:09:00:07 -0300] "GET /cormun/servlet/solicitudot?9546a7e62c2193f7b4929c0f35263d243ee717b1a53cff068d805ac9b8609b5c1b2a8119d1c1328ca04cd38d776a88e2,gx-no-cache=1730894327230 HTTP/1.1" 200 30
200.54.103.162 - - [06/Nov/2024:09:00:08 -0300] "GET /cormun/servlet/solicitudot?9546a7e62c2193f7b4929c0f35263d244c8c774d902a75d3cead69be06e33903,gx-no-cache=1730894328305 HTTP/1.1" 200 53
190.171.142.26 - - [06/Nov/2024:09:00:12 -0300] "GET /cormun/servlet/apermisogoceprn?17799996,P,20241106085821,PU HTTP/1.1" 200 1661
200.54.103.162 - - [06/Nov/2024:09:00:26 -0300] "POST /cormun/servlet/solicitudot?gx-no-cache=1730894346704 HTTP/1.1" 200 297
200.54.103.162 - - [06/Nov/2024:09:00:26 -0300] "GET /cormun/servlet/solicitudot?9546a7e62c2193f7b4929c0f35263d247f9593458cf3a7ba14749c75a9ea3953ef70e85d2c84410fa7f6cff9bb12060bc4dd74e184b21f72f72572a3e12d6f0ffa746bde1b114b0357ed20aacaf038e5304e465143d58253c9eba1c1c65dd27b815bdc8769caf18ba2da663b3cf86e759daeb76abb643fbfebe13c3f5955d8e679fc3a0fbb22dc0971b74e6fbaf88b5387e5d6769e40c2a02f94ca1c350a00abe62574c3024c20f590bc52dafe0381a084b49db36f37a39871219f1745bc57af7f65bb88220d995293c9aa4c86c13f4740161c225556faf4ee450708aff8b546f71d1bb363cd02c5d9b8251331657d49a1eb4f64735fee4272a41306501d87f95e59746b56b0797c0b5ad2e12cd543c42c19683fde74ba6938dfe3b502640bee7e644f0422045818a780ab362a7d47435d7a0523c5b4ffa2b08be3b82b1bfbb44e9e52bb13c02249d1090e8534c9b50cdc6ae2f6e847048e5ad2bd063ac687e3360084cee6e6faeaeb0d1d5d18d221e5f1295c8c13ac3d9372183b0be30f8a8a1d218567234738b2d0c53a51fe5dd3fa,gx-no-cache=1730894346724 HTTP/1.1" 200 30
200.54.103.162 - - [06/Nov/2024:09:00:29 -0300] "POST /cormun/servlet/solicitudot?gx-no-cache=1730894349391 HTTP/1.1" 200 30
190.171.142.26 - - [06/Nov/2024:09:00:38 -0300] "GET /cormun/servlet/permisogoce?INS,0,,, HTTP/1.1" 200 7183
200.54.103.162 - - [06/Nov/2024:09:00:45 -0300] "POST /cormun/servlet/solicitudot?gx-no-cache=1730894365679 HTTP/1.1" 200 30
190.171.142.26 - - [06/Nov/2024:09:01:01 -0300] "GET /cormun/servlet/permisogoce?cfbab4486efdd58396c1f2114cd5bf4721c2c91cad93bded647a3c49e466e4fc6e352052eba7f7fc3cc0e8aaa278b27120e4f993fca4f4c4930a538acab99c60,gx-no-cache=1730894379359 HTTP/1.1" 200 82
190.171.142.26 - - [06/Nov/2024:09:01:13 -0300] "GET /cormun/servlet/permisogoce?cfbab4486efdd58396c1f2114cd5bf470064967ae8a5baca538633744d6764d281240b6fd29fdec2870167b038a081159ede7b3ac2db3f0de68f565f0d4aec27,gx-no-cache=1730894391398 HTTP/1.1" 200 46
190.171.142.26 - - [06/Nov/2024:09:01:19 -0300] "POST /cormun/servlet/permisogoce?c785596891ae8707e0fd78b12bb7d4fd,INS,0,,,,gx-no-cache=1730894397031 HTTP/1.1" 200 93
190.171.142.26 - - [06/Nov/2024:09:01:19 -0300] "GET /cormun/servlet/hpexe_return? HTTP/1.1" 200 1011
190.171.142.26 - - [06/Nov/2024:09:01:19 -0300] "GET /cormun/servlet/trpermisosgoce HTTP/1.1" 200 15259
190.171.142.26 - - [06/Nov/2024:09:01:25 -0300] "GET /cormun/servlet/apermisogoceprn?17526326,P,20241106085921,PU HTTP/1.1" 200 1658
200.54.103.162 - - [06/Nov/2024:09:03:57 -0300] "GET /cormun/servlet/prlicenciaspermisos?13788520,L,,MD,,gxPopupLevel%3D0%3B HTTP/1.1" 200 5809
200.54.103.162 - - [06/Nov/2024:09:03:57 -0300] "GET /cormun/static/gxcfg.js?2020121559567 HTTP/1.1" 200 953
200.54.103.162 - - [06/Nov/2024:09:03:57 -0300] "GET /cormun/static/prlicenciaspermisos.js?2020121559821 HTTP/1.1" 200 13379
200.54.103.162 - - [06/Nov/2024:09:04:00 -0300] "POST /cormun/servlet/solicitudot?gx-no-cache=1730894560567 HTTP/1.1" 200 1482
200.54.103.162 - - [06/Nov/2024:09:04:12 -0300] "POST /cormun/servlet/solicitudot?gx-no-cache=1730894572764 HTTP/1.1" 200 41
200.54.103.162 - - [06/Nov/2024:09:04:58 -0300] "GET /cormun/servlet/solicitudot?9546a7e62c2193f7b4929c0f35263d24eb545081e28d3de5e9cda6404fff3a566980e1cdd91493a76e52f60ca871a7983d37532049c7fa9bb127ffbccd5687375f0897ea62d6a746efc30c68c3b0fbd1b746c59eb75b4d4b5936fc4683620c6bddea5789e39e7aa40cbde7b9bbe5c92c,gx-no-cache=1730894618106 HTTP/1.1" 200 110
200.54.103.162 - - [06/Nov/2024:09:04:58 -0300] "POST /cormun/servlet/solicitudot?gx-no-cache=1730894618131 HTTP/1.1" 200 79
200.54.103.162 - - [06/Nov/2024:09:05:01 -0300] "GET /cormun/servlet/solicitudot?9546a7e62c2193f7b4929c0f35263d2432bc1abe15b781e5f6421a5315ec78ec27d0b598818c7a9122bd5ddb03cd2e9e0df82fa7a4f09c27d06b89a86f74f165cd9319e67f3266ede01a7f96066f6e735c1ca16309d7232963f764518a719a9cf200418a2ac4e93d58f4d104d5d86e52,gx-no-cache=1730894621807 HTTP/1.1" 200 29
200.54.103.162 - - [06/Nov/2024:09:05:01 -0300] "GET /cormun/static/menuarrow.gif HTTP/1.1" 404 1015
200.54.103.162 - - [06/Nov/2024:09:05:04 -0300] "GET /cormun/servlet/solicitudot?9546a7e62c2193f7b4929c0f35263d249397171d2109f4cd8e540da390f1c437b5be5cc25da60b71a7ca2b4bb5a63169,gx-no-cache=1730894624426 HTTP/1.1" 200 30
200.54.103.162 - - [06/Nov/2024:09:05:04 -0300] "POST /cormun/servlet/solicitudot?gx-no-cache=1730894624445 HTTP/1.1" 200 34
200.54.103.162 - - [06/Nov/2024:09:05:28 -0300] "POST /cormun/servlet/solicitudot?74e36827caf11c4c20056d1838e5d2af,INS,0,0,false,,gx-no-cache=1730894647018 HTTP/1.1" 200 93
200.54.103.162 - - [06/Nov/2024:09:05:28 -0300] "GET /cormun/servlet/hpexe_return? HTTP/1.1" 200 1008
200.54.103.162 - - [06/Nov/2024:09:05:28 -0300] "GET /cormun/servlet/trsolicitudot HTTP/1.1" 200 8955
200.54.103.162 - - [06/Nov/2024:09:05:28 -0300] "GET /cormun//static/Resources/PXToolsActionView.png HTTP/1.1" 200 398
200.54.103.162 - - [06/Nov/2024:09:05:28 -0300] "GET /cormun//static/Resources/PXToolsRemoveAllAction.png HTTP/1.1" 200 487
190.171.141.138 - - [06/Nov/2024:09:05:37 -0300] "GET /cormun/servlet/hlogin HTTP/1.1" 200 1722
200.54.103.162 - - [06/Nov/2024:09:05:40 -0300] "POST /cormun/servlet/trsolicitudot?74e36827caf11c4c20056d1838e5d2af,gx-no-cache=1730894660379 HTTP/1.1" 200 107
200.54.103.162 - - [06/Nov/2024:09:05:40 -0300] "GET /cormun/servlet/trsolicitudadjuntos?2024,21865, HTTP/1.1" 200 6453
200.54.103.162 - - [06/Nov/2024:09:05:40 -0300] "GET /cormun/static/gxcfg.js?20201215574222 HTTP/1.1" 200 953
200.54.103.162 - - [06/Nov/2024:09:05:40 -0300] "GET /cormun/static/Resources/PXToolsGridNew.png HTTP/1.1" 200 427
200.54.103.162 - - [06/Nov/2024:09:05:40 -0300] "GET /cormun/static/trsolicitudadjuntos.js?20201215574932 HTTP/1.1" 200 17921
200.54.103.162 - - [06/Nov/2024:09:05:42 -0300] "GET /cormun/servlet/solicitudotadjuntos?INS,2024,21865,,1, HTTP/1.1" 200 6394
200.54.103.162 - - [06/Nov/2024:09:05:42 -0300] "GET /cormun/static/gxcfg.js?202211298385187 HTTP/1.1" 200 953
200.54.103.162 - - [06/Nov/2024:09:05:42 -0300] "GET /cormun/static/solicitudotadjuntos.js?202211298385196 HTTP/1.1" 200 11771
200.54.103.162 - - [06/Nov/2024:09:05:42 -0300] "GET /cormun/static/about:blank HTTP/1.1" 404 1011
200.54.103.162 - - [06/Nov/2024:09:05:42 -0300] "GET /cormun/servlet/solicitudotadjuntos?9546a7e62c2193f7b4929c0f35263d249f4276458da26387ba3e2b87cc05b51e4122cd45dfcf87033f238805ab5956f6,gx-no-cache=1730894662935 HTTP/1.1" 200 30
200.54.103.162 - - [06/Nov/2024:09:05:42 -0300] "POST /cormun/servlet/solicitudotadjuntos?74e36827caf11c4c20056d1838e5d2af,INS,2024,21865,,1,,gx-no-cache=1730894662947 HTTP/1.1" 200 4154
200.54.103.162 - - [06/Nov/2024:09:05:44 -0300] "POST /cormun/servlet/solicitudotadjuntos?gx-no-cache=1730894664345 HTTP/1.1" 200 26
190.171.141.138 - - [06/Nov/2024:09:05:46 -0300] "POST /cormun/servlet/hlogin?d58f53548fa4fd55d155fac6ed341bd3,gx-no-cache=1730894664568 HTTP/1.1" 200 90
190.171.141.138 - - [06/Nov/2024:09:05:46 -0300] "GET /cormun/servlet/hpexe_link HTTP/1.1" 200 952
190.171.141.138 - - [06/Nov/2024:09:05:47 -0300] "GET /cormun/servlet/hhome HTTP/1.1" 200 4476
190.171.142.26 - - [06/Nov/2024:09:05:47 -0300] "GET /cormun/servlet/permisogoce?INS,0,,, HTTP/1.1" 200 7183
190.171.141.138 - - [06/Nov/2024:09:05:50 -0300] "GET /cormun/servlet/trlicencias? HTTP/1.1" 200 13875
190.171.142.26 - - [06/Nov/2024:09:05:57 -0300] "GET /cormun/servlet/permisogoce?cfbab4486efdd58396c1f2114cd5bf47cdb8dc27c963ebe289b9539316f827906e352052eba7f7fc3cc0e8aaa278b27120e4f993fca4f4c4930a538acab99c60,gx-no-cache=1730894675748 HTTP/1.1" 200 84
200.54.103.162 - - [06/Nov/2024:09:05:58 -0300] "POST /cormun/servlet/solicitudotadjuntos?74e36827caf11c4c20056d1838e5d2af,INS,2024,21865,,1,,gx-no-cache=1730894678024 HTTP/1.1" 200 90
200.54.103.162 - - [06/Nov/2024:09:05:58 -0300] "GET /cormun/servlet/hpexe_link HTTP/1.1" 200 981
200.54.103.162 - - [06/Nov/2024:09:05:58 -0300] "GET /cormun/servlet/trsolicitudadjuntos?2024,21865, HTTP/1.1" 200 6454
190.171.142.26 - - [06/Nov/2024:09:06:06 -0300] "GET /cormun/servlet/permisogoce?cfbab4486efdd58396c1f2114cd5bf471663c44ce72b0b3c562212a3cbee10a08b25975efa631ec5dc7ffc210a5aec5a9ede7b3ac2db3f0de68f565f0d4aec27,gx-no-cache=1730894684442 HTTP/1.1" 200 47
190.171.142.26 - - [06/Nov/2024:09:06:09 -0300] "POST /cormun/servlet/permisogoce?c785596891ae8707e0fd78b12bb7d4fd,INS,0,,,,gx-no-cache=1730894687276 HTTP/1.1" 200 93
190.171.142.26 - - [06/Nov/2024:09:06:09 -0300] "GET /cormun/servlet/hpexe_return? HTTP/1.1" 200 1011
190.171.142.26 - - [06/Nov/2024:09:06:09 -0300] "GET /cormun/servlet/trpermisosgoce HTTP/1.1" 200 15456
190.171.142.26 - - [06/Nov/2024:09:06:12 -0300] "GET /cormun/servlet/apermisogoceprn?10550103,P,20241106090429,PU HTTP/1.1" 200 1656
190.171.142.42 - - [06/Nov/2024:09:06:31 -0300] "GET /cormun/servlet/hlogin HTTP/1.1" 200 1722
190.171.142.42 - - [06/Nov/2024:09:06:31 -0300] "GET /cormun/servlet/hlogin HTTP/1.1" 200 1732
190.171.142.26 - - [06/Nov/2024:09:06:31 -0300] "GET /cormun/servlet/permisogoce?INS,0,,, HTTP/1.1" 200 7182
190.171.142.26 - - [06/Nov/2024:09:06:52 -0300] "GET /cormun/servlet/permisogoce?cfbab4486efdd58396c1f2114cd5bf471f4675c8d2e7e21e05fd8bc2e1057bbc6e352052eba7f7fc3cc0e8aaa278b27120e4f993fca4f4c4930a538acab99c60,gx-no-cache=1730894730336 HTTP/1.1" 200 84
190.171.142.26 - - [06/Nov/2024:09:07:01 -0300] "GET /cormun/servlet/permisogoce?cfbab4486efdd58396c1f2114cd5bf47205c37696834cbd04a441b409d5fa78c50d90aa298f8236671a4268564b7de859ede7b3ac2db3f0de68f565f0d4aec27,gx-no-cache=1730894738950 HTTP/1.1" 200 47
190.171.142.26 - - [06/Nov/2024:09:07:05 -0300] "POST /cormun/servlet/permisogoce?c785596891ae8707e0fd78b12bb7d4fd,INS,0,,,,gx-no-cache=1730894742824 HTTP/1.1" 200 93
190.171.142.26 - - [06/Nov/2024:09:07:05 -0300] "GET /cormun/servlet/hpexe_return? HTTP/1.1" 200 1011
190.171.142.26 - - [06/Nov/2024:09:07:05 -0300] "GET /cormun/servlet/trpermisosgoce HTTP/1.1" 200 15697
190.171.142.26 - - [06/Nov/2024:09:07:09 -0300] "GET /cormun/servlet/apermisogoceprn?13568375,P,20241106090513,PU HTTP/1.1" 200 1666
190.171.142.26 - - [06/Nov/2024:09:07:39 -0300] "GET /cormun/servlet/permisogoce?INS,0,,, HTTP/1.1" 200 7183
190.171.142.26 - - [06/Nov/2024:09:07:48 -0300] "GET /cormun/servlet/permisogoce?cfbab4486efdd58396c1f2114cd5bf47612b0ebbc6b3b25ac46886d6c0e739856e352052eba7f7fc3cc0e8aaa278b27120e4f993fca4f4c4930a538acab99c60,gx-no-cache=1730894786443 HTTP/1.1" 200 76
190.171.142.26 - - [06/Nov/2024:09:08:01 -0300] "GET /cormun/servlet/permisogoce?cfbab4486efdd58396c1f2114cd5bf477b4b7d5a4d5ffd141acd74069ee7d537057c9edf86b78d69447123f1df495cc79ede7b3ac2db3f0de68f565f0d4aec27,gx-no-cache=1730894799409 HTTP/1.1" 200 47
190.171.142.26 - - [06/Nov/2024:09:08:04 -0300] "POST /cormun/servlet/permisogoce?c785596891ae8707e0fd78b12bb7d4fd,INS,0,,,,gx-no-cache=1730894802083 HTTP/1.1" 200 93
190.171.142.26 - - [06/Nov/2024:09:08:04 -0300] "GET /cormun/servlet/hpexe_return? HTTP/1.1" 200 1011
190.171.142.26 - - [06/Nov/2024:09:08:04 -0300] "GET /cormun/servlet/trpermisosgoce HTTP/1.1" 200 15910
190.171.142.26 - - [06/Nov/2024:09:08:08 -0300] "GET /cormun/servlet/apermisogoceprn?26534905,P,20241106090621,PU HTTP/1.1" 200 1661
190.171.142.26 - - [06/Nov/2024:09:08:41 -0300] "GET /cormun/servlet/permisogoce?INS,0,,, HTTP/1.1" 200 7182
190.171.142.26 - - [06/Nov/2024:09:08:51 -0300] "GET /cormun/servlet/permisogoce?cfbab4486efdd58396c1f2114cd5bf470e24383fcaa3661c285c6d02d3b412526e352052eba7f7fc3cc0e8aaa278b27120e4f993fca4f4c4930a538acab99c60,gx-no-cache=1730894849663 HTTP/1.1" 200 81
181.212.42.153 - - [06/Nov/2024:09:08:52 -0300] "GET /cormun/servlet/trlicencias? HTTP/1.1" 200 6057
181.212.42.153 - - [06/Nov/2024:09:08:52 -0300] "GET /cormun/servlet/hlogin HTTP/1.1" 200 1739
181.212.42.153 - - [06/Nov/2024:09:08:56 -0300] "POST /cormun/servlet/hlogin?dc34bc8b3fcfb883b04a839a62783e12,gx-no-cache=1730894855138 HTTP/1.1" 200 90
181.212.42.153 - - [06/Nov/2024:09:08:56 -0300] "GET /cormun/servlet/hpexe_link HTTP/1.1" 200 954
181.212.42.153 - - [06/Nov/2024:09:08:56 -0300] "GET /cormun/servlet/hhome HTTP/1.1" 200 3967
181.212.42.153 - - [06/Nov/2024:09:08:59 -0300] "GET /cormun/servlet/trlicencias? HTTP/1.1" 200 18307
190.171.142.26 - - [06/Nov/2024:09:09:01 -0300] "GET /cormun/servlet/permisogoce?cfbab4486efdd58396c1f2114cd5bf470fa53dc40006bcc5581af5c0d020bd562ab7d2e461d20764ac2cd7e0ae0fc9ef9ede7b3ac2db3f0de68f565f0d4aec27,gx-no-cache=1730894859117 HTTP/1.1" 200 47
190.171.142.26 - - [06/Nov/2024:09:09:04 -0300] "POST /cormun/servlet/permisogoce?c785596891ae8707e0fd78b12bb7d4fd,INS,0,,,,gx-no-cache=1730894861831 HTTP/1.1" 200 93
190.171.142.26 - - [06/Nov/2024:09:09:04 -0300] "GET /cormun/servlet/hpexe_return? HTTP/1.1" 200 1011
190.171.142.26 - - [06/Nov/2024:09:09:04 -0300] "GET /cormun/servlet/trpermisosgoce HTTP/1.1" 200 16106
190.171.142.26 - - [06/Nov/2024:09:09:12 -0300] "GET /cormun/servlet/apermisogoceprn?17477438,P,20241106090723,PU HTTP/1.1" 200 1662
190.171.142.26 - - [06/Nov/2024:09:09:44 -0300] "GET /cormun/servlet/permisogoce?INS,0,,, HTTP/1.1" 200 7183
190.171.142.26 - - [06/Nov/2024:09:09:53 -0300] "GET /cormun/servlet/permisogoce?cfbab4486efdd58396c1f2114cd5bf47ffc0d0150851e09ca1c20a8d86cd59d86e352052eba7f7fc3cc0e8aaa278b27120e4f993fca4f4c4930a538acab99c60,gx-no-cache=1730894911779 HTTP/1.1" 200 84
181.161.241.63 - - [06/Nov/2024:09:09:56 -0300] "½¹ªà=:•O«âi0¤[µolÉCHäk5"ŠÑ hݓŠÅý 6!·]6XX_ 'åN® †ÙŸ¬Éꩼ$–™Ãš ::À+À/À,À0̨̩ÀÀœ/5PZZ " 400 -
181.161.241.63 - - [06/Nov/2024:09:09:56 -0300] "-" 400 -
181.161.241.63 - - [06/Nov/2024:09:09:56 -0300] "GET /cormun/servlet/hlogin HTTP/1.1" 200 1720
181.161.241.63 - - [06/Nov/2024:09:09:56 -0300] "GET /cormun/static/gxtimezone.js?85251 HTTP/1.1" 200 5781
181.161.241.63 - - [06/Nov/2024:09:09:56 -0300] "GET /cormun/static/gxcfg.js?2022112219184450 HTTP/1.1" 200 953
181.161.241.63 - - [06/Nov/2024:09:09:56 -0300] "GET /cormun/static/Resources/CormunLogin.png HTTP/1.1" 200 19132
181.161.241.63 - - [06/Nov/2024:09:09:56 -0300] "GET /cormun/static/messages.spa.js?85251 HTTP/1.1" 200 30736
181.161.241.63 - - [06/Nov/2024:09:09:56 -0300] "GET /cormun/static/hlogin.js?2022112219184458 HTTP/1.1" 200 2156
181.161.241.63 - - [06/Nov/2024:09:09:56 -0300] "GET /cormun/static/Resources/Spanish/PXTools.css?1759030 HTTP/1.1" 200 100853
181.161.241.63 - - [06/Nov/2024:09:09:56 -0300] "GET /cormun/static/gxgral.js?85251 HTTP/1.1" 200 384558
181.161.241.63 - - [06/Nov/2024:09:09:56 -0300] "GET /cormun/static/Resources/PXToolsLoginTop.png HTTP/1.1" 200 1337
181.161.241.63 - - [06/Nov/2024:09:09:56 -0300] "GET /cormun/static/Resources/PXToolsButtonRight.png HTTP/1.1" 200 1294
181.161.241.63 - - [06/Nov/2024:09:09:56 -0300] "GET /cormun/static/Resources/PXToolsButtonLeft.png HTTP/1.1" 200 1310
181.161.241.63 - - [06/Nov/2024:09:09:56 -0300] "GET /cormun/static/Resources/PXToolsLoginBackground.png HTTP/1.1" 200 1164
181.161.241.63 - - [06/Nov/2024:09:09:56 -0300] "GET /cormun/static/Resources/PXToolsLoginBottom.png HTTP/1.1" 200 1389
181.161.241.63 - - [06/Nov/2024:09:09:56 -0300] "GET /cormun/static/Resources/PXToolsButtonBackground.png HTTP/1.1" 200 1176
181.161.241.63 - - [06/Nov/2024:09:09:56 -0300] "GET /cormun/static/Resources/indicator.gif HTTP/1.1" 200 1553
181.161.241.63 - - [06/Nov/2024:09:09:56 -0300] "GET /cormun/servlet/hlogin HTTP/1.1" 200 1731
181.161.241.63 - - [06/Nov/2024:09:09:56 -0300] "GET /favicon.ico HTTP/1.1" 200 21630
190.171.142.26 - - [06/Nov/2024:09:10:05 -0300] "GET /cormun/servlet/permisogoce?cfbab4486efdd58396c1f2114cd5bf47d6cfd6ceb288f7fc6ff42a34fb32f3a37a7d8f3b167c3ef12b340554806068af9ede7b3ac2db3f0de68f565f0d4aec27,gx-no-cache=1730894922969 HTTP/1.1" 200 48
181.161.241.63 - - [06/Nov/2024:09:10:06 -0300] "POST /cormun/servlet/hlogin?44302226dcd667fe166ad66d46145bfb,gx-no-cache=1730894925344 HTTP/1.1" 200 444
190.171.142.26 - - [06/Nov/2024:09:10:11 -0300] "POST /cormun/servlet/permisogoce?c785596891ae8707e0fd78b12bb7d4fd,INS,0,,,,gx-no-cache=1730894929292 HTTP/1.1" 200 93
190.171.142.26 - - [06/Nov/2024:09:10:11 -0300] "GET /cormun/servlet/hpexe_return? HTTP/1.1" 200 1011
190.171.142.26 - - [06/Nov/2024:09:10:11 -0300] "GET /cormun/servlet/trpermisosgoce HTTP/1.1" 200 16329
190.171.142.26 - - [06/Nov/2024:09:10:17 -0300] "GET /cormun/servlet/apermisogoceprn?12365931,P,20241106090826,PU HTTP/1.1" 200 1656
190.171.142.26 - - [06/Nov/2024:09:10:52 -0300] "GET /cormun/servlet/permisogoce?INS,0,,, HTTP/1.1" 200 7183
200.54.103.162 - - [06/Nov/2024:09:10:52 -0300] "GET /cormun/servlet/hhome HTTP/1.1" 200 4329
200.54.103.162 - - [06/Nov/2024:09:10:54 -0300] "GET /cormun/servlet/trsolicitudot? HTTP/1.1" 200 8953
200.54.103.162 - - [06/Nov/2024:09:10:57 -0300] "POST /cormun/servlet/trsolicitudot?74e36827caf11c4c20056d1838e5d2af,,gx-no-cache=1730894977652 HTTP/1.1" 200 107
200.54.103.162 - - [06/Nov/2024:09:10:57 -0300] "GET /cormun/servlet/trsolicitudadjuntos?2024,21865, HTTP/1.1" 200 6453
200.54.103.162 - - [06/Nov/2024:09:10:59 -0300] "GET /cormun/servlet/solicitudotadjuntos?INS,2024,21865,,1, HTTP/1.1" 200 6394
200.54.103.162 - - [06/Nov/2024:09:10:59 -0300] "GET /cormun/static/about:blank HTTP/1.1" 404 1011
200.54.103.162 - - [06/Nov/2024:09:11:00 -0300] "GET /cormun/servlet/solicitudotadjuntos?9546a7e62c2193f7b4929c0f35263d249f4276458da26387ba3e2b87cc05b51e4122cd45dfcf87033f238805ab5956f6,gx-no-cache=1730894980371 HTTP/1.1" 200 30
200.54.103.162 - - [06/Nov/2024:09:11:00 -0300] "POST /cormun/servlet/solicitudotadjuntos?74e36827caf11c4c20056d1838e5d2af,INS,2024,21865,,1,,gx-no-cache=1730894980386 HTTP/1.1" 200 4155
190.171.142.26 - - [06/Nov/2024:09:11:00 -0300] "GET /cormun/servlet/permisogoce?cfbab4486efdd58396c1f2114cd5bf47dcea50ac2bcc9a8d0748f7c99aae12e06e352052eba7f7fc3cc0e8aaa278b27120e4f993fca4f4c4930a538acab99c60,gx-no-cache=1730894978759 HTTP/1.1" 200 85
200.54.103.162 - - [06/Nov/2024:09:11:01 -0300] "POST /cormun/servlet/solicitudotadjuntos?gx-no-cache=1730894981618 HTTP/1.1" 200 26
190.171.142.26 - - [06/Nov/2024:09:11:12 -0300] "GET /cormun/servlet/permisogoce?cfbab4486efdd58396c1f2114cd5bf4740a30742501285c77ff8a2c52e10358fca6bcbb9a215553f82e1f31739a4569c9ede7b3ac2db3f0de68f565f0d4aec27,gx-no-cache=1730894989917 HTTP/1.1" 200 47
200.54.103.162 - - [06/Nov/2024:09:11:12 -0300] "GET /cormun/servlet/solicitudotadjuntos?9546a7e62c2193f7b4929c0f35263d24ceb576e72978a6adec02bfda6bea9c42,gx-no-cache=1730894992895 HTTP/1.1" 200 30
200.54.103.162 - - [06/Nov/2024:09:11:12 -0300] "GET /cormun/servlet/solicitudotadjuntos?9546a7e62c2193f7b4929c0f35263d24ceb576e72978a6adec02bfda6bea9c42,gx-no-cache=1730894992907 HTTP/1.1" 200 30
200.54.103.162 - - [06/Nov/2024:09:11:13 -0300] "POST /cormun/servlet/solicitudotadjuntos?74e36827caf11c4c20056d1838e5d2af,INS,2024,21865,,1, HTTP/1.1" 200 116
200.54.103.162 - - [06/Nov/2024:09:11:13 -0300] "GET /cormun/servlet/hpexe_return? HTTP/1.1" 200 1025
200.54.103.162 - - [06/Nov/2024:09:11:13 -0300] "GET /cormun/servlet/trsolicitudadjuntos?2024,21865, HTTP/1.1" 200 9465
190.171.142.26 - - [06/Nov/2024:09:11:14 -0300] "POST /cormun/servlet/permisogoce?c785596891ae8707e0fd78b12bb7d4fd,INS,0,,,,gx-no-cache=1730894991975 HTTP/1.1" 200 93
190.171.142.26 - - [06/Nov/2024:09:11:14 -0300] "GET /cormun/servlet/hpexe_return? HTTP/1.1" 200 1011
190.171.142.26 - - [06/Nov/2024:09:11:14 -0300] "GET /cormun/servlet/trpermisosgoce HTTP/1.1" 200 16528
200.54.103.162 - - [06/Nov/2024:09:11:15 -0300] "GET /cormun/servlet/solicitudotadjuntos?INS,2024,21865,,1, HTTP/1.1" 200 6394
200.54.103.162 - - [06/Nov/2024:09:11:15 -0300] "GET /cormun/static/about:blank HTTP/1.1" 404 1011
200.54.103.162 - - [06/Nov/2024:09:11:15 -0300] "GET /cormun/servlet/solicitudotadjuntos?9546a7e62c2193f7b4929c0f35263d249f4276458da26387ba3e2b87cc05b51e4122cd45dfcf87033f238805ab5956f6,gx-no-cache=1730894995609 HTTP/1.1" 200 30
200.54.103.162 - - [06/Nov/2024:09:11:15 -0300] "POST /cormun/servlet/solicitudotadjuntos?74e36827caf11c4c20056d1838e5d2af,INS,2024,21865,,1,,gx-no-cache=1730894995622 HTTP/1.1" 200 4155
200.54.103.162 - - [06/Nov/2024:09:11:17 -0300] "POST /cormun/servlet/solicitudotadjuntos?gx-no-cache=1730894997840 HTTP/1.1" 200 26
200.54.103.162 - - [06/Nov/2024:09:11:23 -0300] "GET /cormun/servlet/solicitudotadjuntos?9546a7e62c2193f7b4929c0f35263d24ceb576e72978a6adec02bfda6bea9c42,gx-no-cache=1730895003799 HTTP/1.1" 200 30
200.54.103.162 - - [06/Nov/2024:09:11:23 -0300] "GET /cormun/servlet/solicitudotadjuntos?9546a7e62c2193f7b4929c0f35263d24ceb576e72978a6adec02bfda6bea9c42,gx-no-cache=1730895003845 HTTP/1.1" 200 30
200.54.103.162 - - [06/Nov/2024:09:11:24 -0300] "POST /cormun/servlet/solicitudotadjuntos?74e36827caf11c4c20056d1838e5d2af,INS,2024,21865,,1, HTTP/1.1" 200 116
200.54.103.162 - - [06/Nov/2024:09:11:24 -0300] "GET /cormun/servlet/hpexe_return? HTTP/1.1" 200 1025
200.54.103.162 - - [06/Nov/2024:09:11:24 -0300] "GET /cormun/servlet/trsolicitudadjuntos?2024,21865, HTTP/1.1" 200 9717
200.54.103.162 - - [06/Nov/2024:09:11:26 -0300] "GET /cormun/servlet/solicitudotadjuntos?INS,2024,21865,,1, HTTP/1.1" 200 6394
200.54.103.162 - - [06/Nov/2024:09:11:26 -0300] "GET /cormun/static/about:blank HTTP/1.1" 404 1011
200.54.103.162 - - [06/Nov/2024:09:11:26 -0300] "GET /cormun/servlet/solicitudotadjuntos?9546a7e62c2193f7b4929c0f35263d249f4276458da26387ba3e2b87cc05b51e4122cd45dfcf87033f238805ab5956f6,gx-no-cache=1730895006728 HTTP/1.1" 200 30
200.54.103.162 - - [06/Nov/2024:09:11:26 -0300] "POST /cormun/servlet/solicitudotadjuntos?74e36827caf11c4c20056d1838e5d2af,INS,2024,21865,,1,,gx-no-cache=1730895006755 HTTP/1.1" 200 4155
200.54.103.162 - - [06/Nov/2024:09:11:29 -0300] "POST /cormun/servlet/solicitudotadjuntos?gx-no-cache=1730895009591 HTTP/1.1" 200 26
200.54.103.162 - - [06/Nov/2024:09:11:33 -0300] "GET /cormun/servlet/solicitudotadjuntos?9546a7e62c2193f7b4929c0f35263d24ceb576e72978a6adec02bfda6bea9c42,gx-no-cache=1730895013607 HTTP/1.1" 200 30
200.54.103.162 - - [06/Nov/2024:09:11:33 -0300] "GET /cormun/servlet/solicitudotadjuntos?9546a7e62c2193f7b4929c0f35263d24ceb576e72978a6adec02bfda6bea9c42,gx-no-cache=1730895013616 HTTP/1.1" 200 30
200.54.103.162 - - [06/Nov/2024:09:11:33 -0300] "POST /cormun/servlet/solicitudotadjuntos?74e36827caf11c4c20056d1838e5d2af,INS,2024,21865,,1, HTTP/1.1" 200 116
200.54.103.162 - - [06/Nov/2024:09:11:34 -0300] "GET /cormun/servlet/hpexe_return? HTTP/1.1" 200 1025
200.54.103.162 - - [06/Nov/2024:09:11:34 -0300] "GET /cormun/servlet/trsolicitudadjuntos?2024,21865, HTTP/1.1" 200 9959
200.54.103.162 - - [06/Nov/2024:09:11:35 -0300] "GET /cormun/servlet/solicitudotadjuntos?INS,2024,21865,,1, HTTP/1.1" 200 6394
200.54.103.162 - - [06/Nov/2024:09:11:35 -0300] "GET /cormun/static/about:blank HTTP/1.1" 404 1011
200.54.103.162 - - [06/Nov/2024:09:11:36 -0300] "GET /cormun/servlet/solicitudotadjuntos?9546a7e62c2193f7b4929c0f35263d249f4276458da26387ba3e2b87cc05b51e4122cd45dfcf87033f238805ab5956f6,gx-no-cache=1730895016354 HTTP/1.1" 200 30
200.54.103.162 - - [06/Nov/2024:09:11:36 -0300] "POST /cormun/servlet/solicitudotadjuntos?74e36827caf11c4c20056d1838e5d2af,INS,2024,21865,,1,,gx-no-cache=1730895016367 HTTP/1.1" 200 4155
190.171.142.26 - - [06/Nov/2024:09:11:37 -0300] "GET /cormun/servlet/apermisogoceprn?20028357,P,20241106090934,PU HTTP/1.1" 200 1671
200.54.103.162 - - [06/Nov/2024:09:11:39 -0300] "POST /cormun/servlet/solicitudotadjuntos?gx-no-cache=1730895019368 HTTP/1.1" 200 26
190.171.141.90 - - [06/Nov/2024:09:11:39 -0300] "POST /cormun/servlet/trlicencias?1ea7de84b172412a1b43f359d0d24274,,gx-no-cache=1730895019100 HTTP/1.1" 440 972
190.171.141.90 - - [06/Nov/2024:09:11:41 -0300] "GET /cormun/servlet/trlicencias? HTTP/1.1" 200 6051
190.171.141.90 - - [06/Nov/2024:09:11:42 -0300] "GET /cormun/servlet/hlogin HTTP/1.1" 200 1741
200.54.103.162 - - [06/Nov/2024:09:11:43 -0300] "GET /cormun/servlet/solicitudotadjuntos?9546a7e62c2193f7b4929c0f35263d24ceb576e72978a6adec02bfda6bea9c42,gx-no-cache=1730895023999 HTTP/1.1" 200 30
200.54.103.162 - - [06/Nov/2024:09:11:43 -0300] "GET /cormun/servlet/solicitudotadjuntos?9546a7e62c2193f7b4929c0f35263d24ceb576e72978a6adec02bfda6bea9c42,gx-no-cache=1730895024009 HTTP/1.1" 200 30
200.54.103.162 - - [06/Nov/2024:09:11:44 -0300] "POST /cormun/servlet/solicitudotadjuntos?74e36827caf11c4c20056d1838e5d2af,INS,2024,21865,,1, HTTP/1.1" 200 116
200.54.103.162 - - [06/Nov/2024:09:11:44 -0300] "GET /cormun/servlet/hpexe_return? HTTP/1.1" 200 1025
200.54.103.162 - - [06/Nov/2024:09:11:44 -0300] "GET /cormun/servlet/trsolicitudadjuntos?2024,21865, HTTP/1.1" 200 10193
200.54.103.162 - - [06/Nov/2024:09:11:46 -0300] "GET /cormun/servlet/solicitudotadjuntos?INS,2024,21865,,1, HTTP/1.1" 200 6394
200.54.103.162 - - [06/Nov/2024:09:11:46 -0300] "GET /cormun/static/about:blank HTTP/1.1" 404 1011
200.54.103.162 - - [06/Nov/2024:09:11:46 -0300] "GET /cormun/servlet/solicitudotadjuntos?9546a7e62c2193f7b4929c0f35263d249f4276458da26387ba3e2b87cc05b51e4122cd45dfcf87033f238805ab5956f6,gx-no-cache=1730895026707 HTTP/1.1" 200 30
200.54.103.162 - - [06/Nov/2024:09:11:46 -0300] "POST /cormun/servlet/solicitudotadjuntos?74e36827caf11c4c20056d1838e5d2af,INS,2024,21865,,1,,gx-no-cache=1730895026734 HTTP/1.1" 200 4155
190.171.141.90 - - [06/Nov/2024:09:11:48 -0300] "POST /cormun/servlet/hlogin?6b4473789b7e5a536e913fbd7db8f99f,gx-no-cache=1730895027717 HTTP/1.1" 200 90
200.54.103.162 - - [06/Nov/2024:09:11:49 -0300] "POST /cormun/servlet/solicitudotadjuntos?gx-no-cache=1730895029392 HTTP/1.1" 200 26
200.54.103.162 - - [06/Nov/2024:09:11:55 -0300] "GET /cormun/servlet/solicitudotadjuntos?9546a7e62c2193f7b4929c0f35263d24ceb576e72978a6adec02bfda6bea9c42,gx-no-cache=1730895035111 HTTP/1.1" 200 30
200.54.103.162 - - [06/Nov/2024:09:11:55 -0300] "GET /cormun/servlet/solicitudotadjuntos?9546a7e62c2193f7b4929c0f35263d24ceb576e72978a6adec02bfda6bea9c42,gx-no-cache=1730895035121 HTTP/1.1" 200 30
200.54.103.162 - - [06/Nov/2024:09:11:55 -0300] "POST /cormun/servlet/solicitudotadjuntos?74e36827caf11c4c20056d1838e5d2af,INS,2024,21865,,1, HTTP/1.1" 200 116
200.54.103.162 - - [06/Nov/2024:09:11:55 -0300] "GET /cormun/servlet/hpexe_return? HTTP/1.1" 200 1025
200.54.103.162 - - [06/Nov/2024:09:11:55 -0300] "GET /cormun/servlet/trsolicitudadjuntos?2024,21865, HTTP/1.1" 200 10455
200.54.103.162 - - [06/Nov/2024:09:11:58 -0300] "GET /cormun/servlet/solicitudotadjuntos?INS,2024,21865,,1, HTTP/1.1" 200 6394
200.54.103.162 - - [06/Nov/2024:09:11:58 -0300] "GET /cormun/static/about:blank HTTP/1.1" 404 1011
200.54.103.162 - - [06/Nov/2024:09:11:58 -0300] "GET /cormun/servlet/solicitudotadjuntos?9546a7e62c2193f7b4929c0f35263d249f4276458da26387ba3e2b87cc05b51e4122cd45dfcf87033f238805ab5956f6,gx-no-cache=1730895038806 HTTP/1.1" 200 30
200.54.103.162 - - [06/Nov/2024:09:11:58 -0300] "POST /cormun/servlet/solicitudotadjuntos?74e36827caf11c4c20056d1838e5d2af,INS,2024,21865,,1,,gx-no-cache=1730895038820 HTTP/1.1" 200 4155
200.54.103.162 - - [06/Nov/2024:09:12:00 -0300] "POST /cormun/servlet/solicitudotadjuntos?gx-no-cache=1730895040872 HTTP/1.1" 200 26
190.171.141.90 - - [06/Nov/2024:09:12:02 -0300] "GET /cormun/servlet/hpexe_link HTTP/1.1" 200 958
190.171.141.90 - - [06/Nov/2024:09:12:02 -0300] "GET /cormun/servlet/trlicencias HTTP/1.1" 200 13808
200.54.103.162 - - [06/Nov/2024:09:12:05 -0300] "GET /cormun/servlet/solicitudotadjuntos?9546a7e62c2193f7b4929c0f35263d24ceb576e72978a6adec02bfda6bea9c42,gx-no-cache=1730895045288 HTTP/1.1" 200 30
200.54.103.162 - - [06/Nov/2024:09:12:05 -0300] "GET /cormun/servlet/solicitudotadjuntos?9546a7e62c2193f7b4929c0f35263d24ceb576e72978a6adec02bfda6bea9c42,gx-no-cache=1730895045297 HTTP/1.1" 200 30
200.54.103.162 - - [06/Nov/2024:09:12:05 -0300] "POST /cormun/servlet/solicitudotadjuntos?74e36827caf11c4c20056d1838e5d2af,INS,2024,21865,,1, HTTP/1.1" 200 116
200.54.103.162 - - [06/Nov/2024:09:12:05 -0300] "GET /cormun/servlet/hpexe_return? HTTP/1.1" 200 1025
200.54.103.162 - - [06/Nov/2024:09:12:05 -0300] "GET /cormun/servlet/trsolicitudadjuntos?2024,21865, HTTP/1.1" 200 10620
200.54.103.162 - - [06/Nov/2024:09:12:23 -0300] "POST /cormun/servlet/trsolicitudadjuntos?74e36827caf11c4c20056d1838e5d2af,2024,21865,,gx-no-cache=1730895063226 HTTP/1.1" 200 90
200.54.103.162 - - [06/Nov/2024:09:12:23 -0300] "GET /cormun/servlet/hpexe_link HTTP/1.1" 200 969
200.54.103.162 - - [06/Nov/2024:09:12:23 -0300] "GET /cormun/servlet/trsolicitudot HTTP/1.1" 200 8952
200.54.103.162 - - [06/Nov/2024:09:12:25 -0300] "GET /cormun/servlet/vesolicitudot?2024,21865,, HTTP/1.1" 200 8673
200.54.103.162 - - [06/Nov/2024:09:12:25 -0300] "GET /cormun/static/gxcfg.js?202211298465857 HTTP/1.1" 200 953
200.54.103.162 - - [06/Nov/2024:09:12:25 -0300] "GET /cormun/pexe_scrolldiv.js HTTP/1.1" 404 1009
200.54.103.162 - - [06/Nov/2024:09:12:25 -0300] "GET /cormun/static/Resources/PXToolsTabFirstSelected.png HTTP/1.1" 200 1270
200.54.103.162 - - [06/Nov/2024:09:12:25 -0300] "GET /cormun/static/vesolicitudot.js?202211298465886 HTTP/1.1" 200 6091
200.54.103.162 - - [06/Nov/2024:09:12:25 -0300] "GET /cormun/static/hwcviewtabs.js?201991422154026 HTTP/1.1" 200 1074
200.54.103.162 - - [06/Nov/2024:09:12:25 -0300] "GET /cormun/static/Resources/PXToolsTabLastUnselected.png HTTP/1.1" 200 1297
200.54.103.162 - - [06/Nov/2024:09:12:25 -0300] "GET /cormun/static/Resources/PXToolsTabPrevious.gif HTTP/1.1" 200 172
200.54.103.162 - - [06/Nov/2024:09:12:25 -0300] "GET /cormun/static/tbsolicitudot01.js?20201214462316 HTTP/1.1" 200 30566
200.54.103.162 - - [06/Nov/2024:09:12:25 -0300] "GET /cormun/static/hpexe_tabsview.js?2020121447381 HTTP/1.1" 200 1661
200.54.103.162 - - [06/Nov/2024:09:12:25 -0300] "GET /cormun/static/Resources/PXToolsTabNext.gif HTTP/1.1" 200 168
200.54.103.162 - - [06/Nov/2024:09:12:25 -0300] "GET /cormun/static/calendar-system.css HTTP/1.1" 200 5572
200.54.103.162 - - [06/Nov/2024:09:12:25 -0300] "GET /cormun/static/Resources/PXToolsTabBackUnselected.png HTTP/1.1" 200 1175
200.54.103.162 - - [06/Nov/2024:09:12:25 -0300] "GET /cormun/static/Resources/PXToolsTabBackSelected.png HTTP/1.1" 200 1157
200.54.103.162 - - [06/Nov/2024:09:12:25 -0300] "GET /cormun/static/Resources/PXToolsTabUnselectedUnselected.png HTTP/1.1" 200 1470
200.54.103.162 - - [06/Nov/2024:09:12:25 -0300] "GET /cormun/static/Resources/PXToolsTabSelectedUnselected.png HTTP/1.1" 200 1451
190.171.142.26 - - [06/Nov/2024:09:12:26 -0300] "GET /cormun/servlet/permisogoce?INS,0,,, HTTP/1.1" 200 7183
190.171.142.26 - - [06/Nov/2024:09:12:39 -0300] "GET /cormun/servlet/permisogoce?cfbab4486efdd58396c1f2114cd5bf47ad5722bdc9693c409c22d21e13d37bd26e352052eba7f7fc3cc0e8aaa278b27120e4f993fca4f4c4930a538acab99c60,gx-no-cache=1730895077319 HTTP/1.1" 200 86
190.171.142.26 - - [06/Nov/2024:09:12:53 -0300] "GET /cormun/servlet/permisogoce?cfbab4486efdd58396c1f2114cd5bf473133b75bfaf652977facd0d78cb2634f778179cf86832ba3ef77148de0f48834a5326dd769ab7ed31b98386028db0bd8,gx-no-cache=1730895091230 HTTP/1.1" 200 46
190.171.142.26 - - [06/Nov/2024:09:12:56 -0300] "POST /cormun/servlet/permisogoce?c785596891ae8707e0fd78b12bb7d4fd,INS,0,,,,gx-no-cache=1730895094456 HTTP/1.1" 200 93
190.171.142.26 - - [06/Nov/2024:09:12:56 -0300] "GET /cormun/servlet/hpexe_return? HTTP/1.1" 200 1011
190.171.142.26 - - [06/Nov/2024:09:12:57 -0300] "GET /cormun/servlet/trpermisosgoce HTTP/1.1" 200 16745
190.171.142.26 - - [06/Nov/2024:09:13:07 -0300] "GET /cormun/servlet/apermisogoceprn?13567526,P,20241106091108,PU HTTP/1.1" 200 1656
181.161.241.63 - - [06/Nov/2024:09:13:38 -0300] "GET /cormun/servlet/hlogin HTTP/1.1" 200 1720
190.171.142.26 - - [06/Nov/2024:09:13:39 -0300] "GET /cormun/servlet/permisogoce?INS,0,,, HTTP/1.1" 200 7183
200.54.103.162 - - [06/Nov/2024:09:13:41 -0300] "POST /cormun/servlet/vesolicitudot?74e36827caf11c4c20056d1838e5d2af,2024,21865,,,gx-no-cache=1730895141441 HTTP/1.1" 200 90
200.54.103.162 - - [06/Nov/2024:09:13:41 -0300] "GET /cormun/servlet/hpexe_link HTTP/1.1" 200 966
200.54.103.162 - - [06/Nov/2024:09:13:41 -0300] "GET /cormun/servlet/trsolicitudot HTTP/1.1" 200 8952
190.171.142.26 - - [06/Nov/2024:09:13:49 -0300] "GET /cormun/servlet/permisogoce?cfbab4486efdd58396c1f2114cd5bf4777db5200280316cbc2c95c7f8e73fe796e352052eba7f7fc3cc0e8aaa278b27120e4f993fca4f4c4930a538acab99c60,gx-no-cache=1730895146868 HTTP/1.1" 200 78
190.171.142.42 - - [06/Nov/2024:09:13:51 -0300] "POST /cormun/servlet/hlogin?b36fd0c739e6889f3c244fffe8bee09f,gx-no-cache=1730895148229 HTTP/1.1" 200 441
200.54.103.162 - - [06/Nov/2024:09:13:53 -0300] "POST /cormun/servlet/trsolicitudot?74e36827caf11c4c20056d1838e5d2af,gx-no-cache=1730895153546 HTTP/1.1" 200 4855
200.54.103.162 - - [06/Nov/2024:09:13:54 -0300] "GET /cormun/static/Shared/jqueryui/images/ui-bg_highlight-soft_100_c6c2c8_1x100.png HTTP/1.1" 404 1117
200.54.103.162 - - [06/Nov/2024:09:13:54 -0300] "GET /cormun/static/Shared/jqueryui/images/ui-icons_82798d_256x240.png HTTP/1.1" 404 1089
200.54.103.162 - - [06/Nov/2024:09:13:54 -0300] "GET /cormun/static/Shared/jqueryui/images/ui-icons_8d78a5_256x240.png HTTP/1.1" 404 1089
200.54.103.162 - - [06/Nov/2024:09:13:54 -0300] "GET /cormun/static/Shared/jqueryui/images/ui-bg_flat_55_fafafa_40x100.png HTTP/1.1" 404 1097
200.54.103.162 - - [06/Nov/2024:09:13:54 -0300] "POST /cormun/servlet/trsolicitudot?74e36827caf11c4c20056d1838e5d2af,gx-no-cache=1730895154243 HTTP/1.1" 200 4612
200.54.103.162 - - [06/Nov/2024:09:13:58 -0300] "GET /cormun/servlet/trautorizarsolicitud? HTTP/1.1" 200 8848
200.54.103.162 - - [06/Nov/2024:09:13:58 -0300] "GET /cormun/static/gxcfg.js?202211298474254 HTTP/1.1" 200 953
200.54.103.162 - - [06/Nov/2024:09:13:58 -0300] "GET /cormun/static/trautorizarsolicitud.js?202211298474588 HTTP/1.1" 200 53909
200.54.103.162 - - [06/Nov/2024:09:14:01 -0300] "POST /cormun/servlet/trautorizarsolicitud?74e36827caf11c4c20056d1838e5d2af,,gx-no-cache=1730895161945 HTTP/1.1" 200 4784
200.54.103.162 - - [06/Nov/2024:09:14:02 -0300] "POST /cormun/servlet/trautorizarsolicitud?74e36827caf11c4c20056d1838e5d2af,,gx-no-cache=1730895162339 HTTP/1.1" 200 4541
190.171.142.42 - - [06/Nov/2024:09:14:05 -0300] "POST /cormun/servlet/hlogin?b36fd0c739e6889f3c244fffe8bee09f,gx-no-cache=1730895161567 HTTP/1.1" 200 90
190.171.142.42 - - [06/Nov/2024:09:14:05 -0300] "GET /cormun/servlet/hpexe_link HTTP/1.1" 200 953
190.171.142.42 - - [06/Nov/2024:09:14:06 -0300] "GET /cormun/servlet/hhome HTTP/1.1" 200 3914
190.171.142.26 - - [06/Nov/2024:09:14:07 -0300] "GET /cormun/servlet/permisogoce?cfbab4486efdd58396c1f2114cd5bf471d3ce0df91e2d3fc679ba298fc2083a4ffe5c69098f0e58d11f1a34205b81c669ede7b3ac2db3f0de68f565f0d4aec27,gx-no-cache=1730895165011 HTTP/1.1" 200 49
190.171.142.26 - - [06/Nov/2024:09:14:10 -0300] "POST /cormun/servlet/permisogoce?c785596891ae8707e0fd78b12bb7d4fd,INS,0,,,,gx-no-cache=1730895167549 HTTP/1.1" 200 93
190.171.142.26 - - [06/Nov/2024:09:14:10 -0300] "GET /cormun/servlet/hpexe_return? HTTP/1.1" 200 1011
190.171.142.26 - - [06/Nov/2024:09:14:10 -0300] "GET /cormun/servlet/trpermisosgoce HTTP/1.1" 200 16975
190.171.142.42 - - [06/Nov/2024:09:14:13 -0300] "GET /cormun/servlet/trlicencias? HTTP/1.1" 200 14095
190.171.142.42 - - [06/Nov/2024:09:14:13 -0300] "GET /cormun/static/gxcfg.js?202211298463625 HTTP/1.1" 200 953
190.171.142.42 - - [06/Nov/2024:09:14:13 -0300] "GET /cormun/static/trlicencias.js?202211298463889 HTTP/1.1" 200 41883
190.171.142.42 - - [06/Nov/2024:09:14:13 -0300] "GET /cormun//static/Resources/PXToolsActionDisabled.gif HTTP/1.1" 200 53
190.171.142.42 - - [06/Nov/2024:09:14:13 -0300] "GET /cormun//static/Resources/PXToolsGridDisplay.png HTTP/1.1" 200 525
190.171.142.42 - - [06/Nov/2024:09:14:13 -0300] "GET /cormun//static/Resources/PXToolsHeaderFavorites.png HTTP/1.1" 200 1414
190.171.142.42 - - [06/Nov/2024:09:14:13 -0300] "GET /cormun//static/Resources/PXTools/ActionInsert.png HTTP/1.1" 200 1482
190.171.142.42 - - [06/Nov/2024:09:14:13 -0300] "GET /cormun//static/Resources/PXToolsHeaderHelp.png HTTP/1.1" 200 1333
190.171.142.42 - - [06/Nov/2024:09:14:13 -0300] "GET /cormun//static/Resources/PXToolsActionPrint.png HTTP/1.1" 200 404
190.171.142.26 - - [06/Nov/2024:09:14:25 -0300] "GET /cormun/servlet/apermisogoceprn?11995895,P,20241106091221,PU HTTP/1.1" 200 1651
190.171.142.26 - - [06/Nov/2024:09:14:57 -0300] "GET /cormun/servlet/permisogoce?INS,0,,, HTTP/1.1" 200 7183
190.171.142.26 - - [06/Nov/2024:09:15:06 -0300] "GET /cormun/servlet/permisogoce?cfbab4486efdd58396c1f2114cd5bf47fda4d46a821084a6e8c5fd14d4f3e37a6e352052eba7f7fc3cc0e8aaa278b27120e4f993fca4f4c4930a538acab99c60,gx-no-cache=1730895224729 HTTP/1.1" 200 83
190.171.142.26 - - [06/Nov/2024:09:15:17 -0300] "GET /cormun/servlet/permisogoce?cfbab4486efdd58396c1f2114cd5bf47678e3c7ce58511eb43563ac28927dc7b6b889ccb6f3d691757d2272ac10e846f9ede7b3ac2db3f0de68f565f0d4aec27,gx-no-cache=1730895235599 HTTP/1.1" 200 48
190.171.142.26 - - [06/Nov/2024:09:15:22 -0300] "POST /cormun/servlet/permisogoce?c785596891ae8707e0fd78b12bb7d4fd,INS,0,,,,gx-no-cache=1730895239457 HTTP/1.1" 200 93
190.171.142.26 - - [06/Nov/2024:09:15:22 -0300] "GET /cormun/servlet/hpexe_return? HTTP/1.1" 200 1011
190.171.142.26 - - [06/Nov/2024:09:15:22 -0300] "GET /cormun/servlet/trpermisosgoce HTTP/1.1" 200 17149
190.171.142.26 - - [06/Nov/2024:09:15:28 -0300] "GET /cormun/servlet/apermisogoceprn?13718953,P,20241106091339,PU HTTP/1.1" 200 1671
186.103.157.42 - - [06/Nov/2024:09:17:24 -0300] "GET /cormun/servlet/hlogin HTTP/1.1" 200 1726
186.103.157.42 - - [06/Nov/2024:09:17:29 -0300] "POST /cormun/servlet/hlogin?a4b98eefb880a77ae6fb1be4d3441b9a,gx-no-cache=1730895459508 HTTP/1.1" 200 90
186.103.157.42 - - [06/Nov/2024:09:17:29 -0300] "GET /cormun/servlet/hpexe_link HTTP/1.1" 200 955
186.103.157.42 - - [06/Nov/2024:09:17:29 -0300] "GET /cormun/servlet/hhome HTTP/1.1" 200 4379
186.103.157.42 - - [06/Nov/2024:09:17:32 -0300] "GET /cormun/servlet/trlicencias? HTTP/1.1" 200 10663
186.103.157.42 - - [06/Nov/2024:09:17:57 -0300] "GET /cormun/servlet/trpermisosgoce? HTTP/1.1" 200 10686
186.103.157.42 - - [06/Nov/2024:09:17:58 -0300] "GET /cormun/static/gxcfg.js?2020121631564 HTTP/1.1" 200 953
186.103.157.42 - - [06/Nov/2024:09:17:58 -0300] "GET /cormun/static/trpermisosgoce.js?2020121633681 HTTP/1.1" 200 35904
186.103.157.42 - - [06/Nov/2024:09:17:58 -0300] "GET /cormun//static/Resources/PXToolsGridDelete.png HTTP/1.1" 200 538
186.103.157.42 - - [06/Nov/2024:09:18:40 -0300] "GET /cormun/servlet/trcontratosolicitud? HTTP/1.1" 200 14971
186.103.157.42 - - [06/Nov/2024:09:18:40 -0300] "GET /cormun/static/gxcfg.js?202211298514361 HTTP/1.1" 200 953
186.103.157.42 - - [06/Nov/2024:09:18:41 -0300] "GET /cormun/static/trcontratosolicitud.js?202211298514531 HTTP/1.1" 200 28237
186.103.157.42 - - [06/Nov/2024:09:18:41 -0300] "GET /cormun//static/Resources/PXToolsGridNew.png HTTP/1.1" 200 427
190.171.143.82 - - [06/Nov/2024:09:21:20 -0300] "GET /cormun/servlet/permisogoce?INS,0,,, HTTP/1.1" 200 7190
190.171.143.82 - - [06/Nov/2024:09:21:21 -0300] "GET /cormun/servlet/permisogoce?INS,0,,, HTTP/1.1" 200 7167
190.171.143.82 - - [06/Nov/2024:09:21:25 -0300] "GET /cormun/servlet/permisogoce?c0c7f9b1cca685cf90548e1e8c3254cba22d6f069a77405fcde13611521618a1a38f26264481520755b9f040e0d6937c427b56bc11c5a85b72e7e5b2222fac46,gx-no-cache=1730895603065 HTTP/1.1" 200 84
190.171.143.82 - - [06/Nov/2024:09:21:31 -0300] "GET /cormun/servlet/permisogoce?c0c7f9b1cca685cf90548e1e8c3254cb98aff21636df703288cadef1b1ef0eb83bfce151aed894ac655db284470128846408cb2672fc26c052a1236ba8734697,gx-no-cache=1730895609518 HTTP/1.1" 200 46
190.171.143.82 - - [06/Nov/2024:09:21:34 -0300] "POST /cormun/servlet/permisogoce?f6adb25cc1fc371801aea5fe30809653,INS,0,,,,gx-no-cache=1730895612013 HTTP/1.1" 200 93
190.171.143.82 - - [06/Nov/2024:09:21:34 -0300] "GET /cormun/servlet/hpexe_return? HTTP/1.1" 200 1036
190.171.143.82 - - [06/Nov/2024:09:21:34 -0300] "GET /cormun/servlet/trpermisosgoce?gx-no-cache=1730894168665 HTTP/1.1" 200 8946
190.171.143.82 - - [06/Nov/2024:09:21:41 -0300] "POST /cormun/servlet/trpermisosgoce?f6adb25cc1fc371801aea5fe30809653,gx-no-cache=1730894168665,gx-no-cache=1730895618982 HTTP/1.1" 200 15856
190.171.143.82 - - [06/Nov/2024:09:21:41 -0300] "GET /cormun/static/Resources/PXToolsGridNext.gif HTTP/1.1" 200 369
190.171.143.82 - - [06/Nov/2024:09:21:41 -0300] "GET /cormun/static/Resources/PXToolsGridLast.gif HTTP/1.1" 200 370
190.171.143.82 - - [06/Nov/2024:09:21:47 -0300] "GET /cormun/servlet/apermisogoceprn?13300012,P,20241106092003,PU HTTP/1.1" 200 1662
190.171.142.26 - - [06/Nov/2024:09:21:51 -0300] "GET /cormun/servlet/permisogoce?INS,0,,, HTTP/1.1" 200 7182
190.171.141.82 - - [06/Nov/2024:09:22:01 -0300] "GET /cormun/servlet/trpermisosgoce? HTTP/1.1" 200 6031
190.171.141.82 - - [06/Nov/2024:09:22:02 -0300] "GET /cormun/servlet/hlogin HTTP/1.1" 200 1740
190.171.142.26 - - [06/Nov/2024:09:22:03 -0300] "GET /cormun/servlet/permisogoce?cfbab4486efdd58396c1f2114cd5bf4760dbbcf611baed91d4eb170518916aed6e352052eba7f7fc3cc0e8aaa278b27120e4f993fca4f4c4930a538acab99c60,gx-no-cache=1730895641695 HTTP/1.1" 200 72
190.171.142.26 - - [06/Nov/2024:09:22:03 -0300] "GET /cormun/static/menuarrow.gif HTTP/1.1" 404 1015
190.171.141.82 - - [06/Nov/2024:09:22:04 -0300] "POST /cormun/servlet/hlogin?c895c2ac3a9845f9ed4607fce91da0c6,gx-no-cache=1730895642047 HTTP/1.1" 200 90
190.171.141.82 - - [06/Nov/2024:09:22:04 -0300] "GET /cormun/servlet/hpexe_link HTTP/1.1" 200 957
190.171.141.82 - - [06/Nov/2024:09:22:04 -0300] "GET /cormun/servlet/trpermisosgoce HTTP/1.1" 200 14541
190.171.141.82 - - [06/Nov/2024:09:22:10 -0300] "POST /cormun/servlet/trpermisosgoce?c895c2ac3a9845f9ed4607fce91da0c6,gx-no-cache=1730895648235 HTTP/1.1" 200 5130
190.171.142.26 - - [06/Nov/2024:09:22:12 -0300] "GET /cormun/servlet/permisogoce?cfbab4486efdd58396c1f2114cd5bf4783ea4f6f067deb6fe46b3b383814b4f27dbb366a5c41e2240aaef0b20513251d9ede7b3ac2db3f0de68f565f0d4aec27,gx-no-cache=1730895650189 HTTP/1.1" 200 48
190.171.142.26 - - [06/Nov/2024:09:22:18 -0300] "POST /cormun/servlet/permisogoce?c785596891ae8707e0fd78b12bb7d4fd,INS,0,,,,gx-no-cache=1730895655543 HTTP/1.1" 200 93
190.171.142.26 - - [06/Nov/2024:09:22:18 -0300] "GET /cormun/servlet/hpexe_return? HTTP/1.1" 200 1011
190.171.142.26 - - [06/Nov/2024:09:22:18 -0300] "GET /cormun/servlet/trpermisosgoce HTTP/1.1" 200 17312
190.171.141.82 - - [06/Nov/2024:09:22:20 -0300] "POST /cormun/servlet/trpermisosgoce?c895c2ac3a9845f9ed4607fce91da0c6,gx-no-cache=1730895658027 HTTP/1.1" 200 5945
190.171.142.26 - - [06/Nov/2024:09:22:26 -0300] "GET /cormun/servlet/apermisogoceprn?13345162,P,20241106092033,PU HTTP/1.1" 200 1650
190.171.141.82 - - [06/Nov/2024:09:22:28 -0300] "GET /cormun/servlet/apermisogoceprn?13117033,P,20241025091344,PU HTTP/1.1" 200 1670
190.171.142.26 - - [06/Nov/2024:09:23:10 -0300] "GET /cormun/servlet/permisogoce?INS,0,,, HTTP/1.1" 200 7183
190.171.142.26 - - [06/Nov/2024:09:23:21 -0300] "GET /cormun/servlet/permisogoce?cfbab4486efdd58396c1f2114cd5bf47612b0ebbc6b3b25ac46886d6c0e739856e352052eba7f7fc3cc0e8aaa278b27120e4f993fca4f4c4930a538acab99c60,gx-no-cache=1730895719257 HTTP/1.1" 200 77
190.171.142.26 - - [06/Nov/2024:09:23:32 -0300] "GET /cormun/servlet/permisogoce?cfbab4486efdd58396c1f2114cd5bf477b4b7d5a4d5ffd141acd74069ee7d537a48d0ca116610a944b44ad011cccba2fa5326dd769ab7ed31b98386028db0bd8,gx-no-cache=1730895729968 HTTP/1.1" 200 48
190.171.142.26 - - [06/Nov/2024:09:23:35 -0300] "POST /cormun/servlet/permisogoce?c785596891ae8707e0fd78b12bb7d4fd,INS,0,,,,gx-no-cache=1730895732697 HTTP/1.1" 200 93
190.171.142.26 - - [06/Nov/2024:09:23:35 -0300] "GET /cormun/servlet/hpexe_return? HTTP/1.1" 200 1011
190.171.142.26 - - [06/Nov/2024:09:23:35 -0300] "GET /cormun/servlet/trpermisosgoce HTTP/1.1" 200 17462
190.171.142.26 - - [06/Nov/2024:09:23:40 -0300] "GET /cormun/servlet/apermisogoceprn?26534905,P,20241106092152,PU HTTP/1.1" 200 1659
186.103.157.42 - - [06/Nov/2024:09:26:07 -0300] "GET /cormun/servlet/trcargahoraria? HTTP/1.1" 200 6776
186.103.157.42 - - [06/Nov/2024:09:26:08 -0300] "GET /cormun/static/gxcfg.js?202012113392337 HTTP/1.1" 200 953
186.103.157.42 - - [06/Nov/2024:09:26:08 -0300] "GET /cormun/static/trcargahoraria.js?202012113392783 HTTP/1.1" 200 28768
