190.171.142.26 - - [21/Oct/2024:13:29:55 -0300] "POST /cormun/servlet/solicitudot?gx-no-cache=1729528132985 HTTP/1.1" 200 122
190.171.142.26 - - [21/Oct/2024:13:29:55 -0300] "GET /cormun/servlet/solicitudot?1875a66fbbdd48b40d4dc44d93e9346817785b533c30fa0f3e910535c0930dc3a9ad211560314e25aaa87cbb9be58b58a333b2547eeca32821c61cdea02c07a3e725216c78c62cdba05133e73ff1a1cd987da00a91362717241a014af24a65f75c3acedbc0973c14ea5b3a3fbffe319d,gx-no-cache=1729528133071 HTTP/1.1" 200 110
190.171.141.106 - - [21/Oct/2024:13:30:09 -0300] "GET /cormun/servlet/trlicencias HTTP/1.1" 200 6052
190.171.141.106 - - [21/Oct/2024:13:30:10 -0300] "GET /cormun/servlet/hlogin HTTP/1.1" 200 1743
190.171.142.26 - - [21/Oct/2024:13:30:21 -0300] "POST /cormun/servlet/solicitudot?gx-no-cache=1729528159135 HTTP/1.1" 200 1481
190.171.142.26 - - [21/Oct/2024:13:30:21 -0300] "POST /cormun/servlet/solicitudot?gx-no-cache=1729528159255 HTTP/1.1" 200 41
190.171.142.26 - - [21/Oct/2024:13:30:21 -0300] "GET /cormun/servlet/solicitudot?1875a66fbbdd48b40d4dc44d93e9346817785b533c30fa0f3e910535c0930dc3a9ad211560314e25aaa87cbb9be58b58a333b2547eeca32821c61cdea02c07a3e725216c78c62cdba05133e73ff1a1cd987da00a91362717241a014af24a65f75c3acedbc0973c14ea5b3a3fbffe319d,gx-no-cache=1729528159274 HTTP/1.1" 200 110
190.171.142.26 - - [21/Oct/2024:13:30:21 -0300] "POST /cormun/servlet/solicitudot?gx-no-cache=1729528159298 HTTP/1.1" 200 97
190.171.142.26 - - [21/Oct/2024:13:30:21 -0300] "GET /cormun/servlet/solicitudot?1875a66fbbdd48b40d4dc44d93e93468e757a2c82edf249242b131a5f00f73438d6eed7cc37719a2904929cfdd7ebb8e,gx-no-cache=1729528159349 HTTP/1.1" 200 30
190.171.142.26 - - [21/Oct/2024:13:30:21 -0300] "POST /cormun/servlet/solicitudot?gx-no-cache=1729528159385 HTTP/1.1" 200 34
190.171.142.26 - - [21/Oct/2024:13:30:22 -0300] "POST /cormun/servlet/solicitudot?806be9fad53efb0794b59a8e699c7729,INS,0,0,false,,gx-no-cache=1729528159426 HTTP/1.1" 200 93
190.171.142.26 - - [21/Oct/2024:13:30:22 -0300] "GET /cormun/servlet/hpexe_return? HTTP/1.1" 200 1006
190.171.142.26 - - [21/Oct/2024:13:30:22 -0300] "GET /cormun/servlet/hhome HTTP/1.1" 200 4292
190.171.142.26 - - [21/Oct/2024:13:30:33 -0300] "GET /cormun/servlet/trsolicitudot? HTTP/1.1" 200 8919
181.212.40.185 - - [21/Oct/2024:13:30:34 -0300] "POST /cormun/servlet/trlicencias?447afb9ff471d877c8cec87688b2527a,gx-no-cache=1729528172601 HTTP/1.1" 200 17194
190.95.15.15 - - [21/Oct/2024:13:30:36 -0300] "GET /cormun/servlet/trlicencias HTTP/1.1" 200 13302
181.212.40.185 - - [21/Oct/2024:13:30:37 -0300] "GET /cormun/servlet/trsolicitudot? HTTP/1.1" 200 7428
181.212.40.185 - - [21/Oct/2024:13:30:37 -0300] "GET /cormun/static/gxcfg.js?20221129846531 HTTP/1.1" 200 953
181.212.40.185 - - [21/Oct/2024:13:30:37 -0300] "GET /cormun/static/trsolicitudot.js?202211298465651 HTTP/1.1" 200 54040
181.212.40.185 - - [21/Oct/2024:13:30:40 -0300] "GET /cormun/servlet/solicitudot?INS,0,0,false, HTTP/1.1" 200 16195
181.212.40.185 - - [21/Oct/2024:13:30:40 -0300] "GET /cormun/static/gxcfg.js?20221129840861 HTTP/1.1" 200 953
181.212.40.185 - - [21/Oct/2024:13:30:40 -0300] "GET /cormun/static/solicitudot.js?20221129840983 HTTP/1.1" 200 74072
181.212.40.185 - - [21/Oct/2024:13:30:48 -0300] "POST /cormun/servlet/solicitudot?gx-no-cache=1729528186835 HTTP/1.1" 200 4140
181.212.40.185 - - [21/Oct/2024:13:30:48 -0300] "POST /cormun/servlet/solicitudot?447afb9ff471d877c8cec87688b2527a,INS,0,0,false,,gx-no-cache=1729528186988 HTTP/1.1" 200 13019
190.171.142.26 - - [21/Oct/2024:13:31:38 -0300] "POST /cormun/servlet/trsolicitudot?806be9fad53efb0794b59a8e699c7729,,gx-no-cache=1729528236457 HTTP/1.1" 200 107
190.171.142.26 - - [21/Oct/2024:13:31:38 -0300] "GET /cormun/servlet/trsolicitudadjuntos?2024,21838, HTTP/1.1" 200 6396
190.171.142.26 - - [21/Oct/2024:13:31:38 -0300] "GET /cormun/static/gxcfg.js?20201215574222 HTTP/1.1" 200 953
190.171.142.26 - - [21/Oct/2024:13:31:38 -0300] "GET /cormun/static/trsolicitudadjuntos.js?20201215574932 HTTP/1.1" 200 17921
190.171.142.26 - - [21/Oct/2024:13:31:42 -0300] "POST /cormun/servlet/trsolicitudadjuntos?806be9fad53efb0794b59a8e699c7729,2024,21838,,gx-no-cache=1729528239776 HTTP/1.1" 200 4224
190.171.142.26 - - [21/Oct/2024:13:31:45 -0300] "GET /cormun/servlet/solicitudotadjuntos?INS,2024,21838,,1, HTTP/1.1" 200 6339
190.171.142.26 - - [21/Oct/2024:13:31:45 -0300] "GET /cormun/static/gxcfg.js?202211298385187 HTTP/1.1" 200 953
190.171.142.26 - - [21/Oct/2024:13:31:45 -0300] "GET /cormun/static/solicitudotadjuntos.js?202211298385196 HTTP/1.1" 200 11771
190.171.142.26 - - [21/Oct/2024:13:31:45 -0300] "GET /cormun/static/about:blank HTTP/1.1" 404 1011
190.171.142.26 - - [21/Oct/2024:13:31:46 -0300] "GET /cormun/servlet/solicitudotadjuntos?1875a66fbbdd48b40d4dc44d93e93468c755686be1738b3b3290e2ff246cefab966bae04d5df661d68f2468282532b5b,gx-no-cache=1729528244354 HTTP/1.1" 200 30
190.171.142.26 - - [21/Oct/2024:13:31:46 -0300] "POST /cormun/servlet/solicitudotadjuntos?806be9fad53efb0794b59a8e699c7729,INS,2024,21838,,1,,gx-no-cache=1729528244379 HTTP/1.1" 200 4151
199.45.154.129 - - [21/Oct/2024:13:31:49 -0300] "GET / HTTP/1.1" 200 11217
181.212.40.185 - - [21/Oct/2024:13:31:50 -0300] "GET /cormun/static/Resources/PXTools/ClosePrompt.png HTTP/1.1" 200 1036
181.212.40.185 - - [21/Oct/2024:13:31:50 -0300] "GET /cormun/static/Resources/resize.gif HTTP/1.1" 200 77
181.212.40.185 - - [21/Oct/2024:13:31:50 -0300] "GET /cormun/servlet/prbanco?,MD,,gxPopupLevel%3D0%3B HTTP/1.1" 200 6573
181.212.40.185 - - [21/Oct/2024:13:31:50 -0300] "GET /cormun/static/gxcfg.js?20201216131581 HTTP/1.1" 200 953
181.212.40.185 - - [21/Oct/2024:13:31:50 -0300] "GET /cormun/static/Resources/PXToolsMenuSearch.png HTTP/1.1" 200 336
181.212.40.185 - - [21/Oct/2024:13:31:50 -0300] "GET /cormun/static/prbanco.js?20201216132311 HTTP/1.1" 200 10693
181.212.40.185 - - [21/Oct/2024:13:31:50 -0300] "GET /cormun/static/menusearch.js?20201214473581 HTTP/1.1" 200 1424
181.212.40.185 - - [21/Oct/2024:13:31:50 -0300] "GET /cormun/static/hmpwkw011.js?202211298443482 HTTP/1.1" 200 1968
181.212.40.185 - - [21/Oct/2024:13:31:50 -0300] "GET /cormun/static/Resources/PXToolsMenuSearchCancel.png HTTP/1.1" 200 306
190.171.142.26 - - [21/Oct/2024:13:31:50 -0300] "POST /cormun/servlet/solicitudotadjuntos?gx-no-cache=1729528248866 HTTP/1.1" 200 26
199.45.154.129 - - [21/Oct/2024:13:31:52 -0300] "GET / HTTP/1.1" 200 11217
199.45.154.129 - - [21/Oct/2024:13:31:53 -0300] "GET /favicon.ico HTTP/1.1" 200 21630
199.45.154.129 - - [21/Oct/2024:13:31:54 -0300] "PRI * HTTP/2.0" 505 -
181.212.40.185 - - [21/Oct/2024:13:31:56 -0300] "GET /cormun/servlet/solicitudot?ebb6624ac8eb5712af9cc10ea865b93c94f14c3165354634c34492bf5ee1e839ac0e953eb02a72ec3bdfc33c045d451b,gx-no-cache=1729528254899 HTTP/1.1" 200 30
181.212.40.185 - - [21/Oct/2024:13:31:56 -0300] "GET /cormun/servlet/solicitudot?ebb6624ac8eb5712af9cc10ea865b93c2fbdbac13c1082fc358a91c9891d2afb9d00563cdb9199798c3fb601d175b780,gx-no-cache=1729528254916 HTTP/1.1" 200 30
181.212.40.185 - - [21/Oct/2024:13:31:59 -0300] "GET /cormun/servlet/solicitudot?ebb6624ac8eb5712af9cc10ea865b93c6297cd3ea4e4d33dce9a5ca03adb8044,gx-no-cache=1729528257798 HTTP/1.1" 200 53
190.171.142.26 - - [21/Oct/2024:13:32:01 -0300] "GET /cormun/servlet/solicitudotadjuntos?1875a66fbbdd48b40d4dc44d93e93468a6aafe10d5fbaa6bb8067ef16dbbab7f,gx-no-cache=1729528259150 HTTP/1.1" 200 30
190.171.142.26 - - [21/Oct/2024:13:32:01 -0300] "GET /cormun/servlet/solicitudotadjuntos?1875a66fbbdd48b40d4dc44d93e93468a6aafe10d5fbaa6bb8067ef16dbbab7f,gx-no-cache=1729528259185 HTTP/1.1" 200 30
190.171.142.26 - - [21/Oct/2024:13:32:01 -0300] "POST /cormun/servlet/solicitudotadjuntos?806be9fad53efb0794b59a8e699c7729,INS,2024,21838,,1, HTTP/1.1" 200 116
190.171.142.26 - - [21/Oct/2024:13:32:01 -0300] "GET /cormun/servlet/hpexe_return? HTTP/1.1" 200 1023
190.171.142.26 - - [21/Oct/2024:13:32:01 -0300] "GET /cormun/servlet/trsolicitudadjuntos?2024,21838, HTTP/1.1" 200 9413
181.212.40.185 - - [21/Oct/2024:13:32:11 -0300] "POST /cormun/servlet/solicitudot?gx-no-cache=1729528269774 HTTP/1.1" 200 255
181.212.40.185 - - [21/Oct/2024:13:32:11 -0300] "GET /cormun/servlet/solicitudot?ebb6624ac8eb5712af9cc10ea865b93c35efaf7bd597c4767afa76de48ad2a5bae56af73b9a365defbba9d47d70a345ad7a94f7c9c08a80f9612d9aaed52060812d811085fe87c014c65aa53b4f14271cfda19d0ef1c0171162f22c41e5634f3ebe1b171d462659d46d29db9f57b95b8e36319939c1ab9792dd894c74a3e7221d7d48507a063a406909b66bae2ec68f26b7736ba332f8a251e4eb8b7b68678d0383994a046d3e97097982740bb16cf032af023d84eeca188e793ffbb83341c481f0849fee6848d98da2a6557bd5c342dc1dfb166fe0b34294b9db33ac15083e6303154f7baed3c3b87bf4ddee105da23e21ba1939fc24cea3ad62301ed2ce7388fbd7ab66e2a4fcf5ef2745506f758490695cd93b9a2af08eac940b96746cdc7f3d5529ef99ea966d86988d23896e4469aeca58d2051a156a99d2634ef72e95da8ffb3aea726d091a6b9c2261470500d124839a003a1f1b39190a1a5ce3a84d17be6cc044583c2a6efbdaf137381202424d081c168363740e61481619cba31ba,gx-no-cache=1729528269794 HTTP/1.1" 200 30
190.171.142.26 - - [21/Oct/2024:13:32:17 -0300] "POST /cormun/servlet/trsolicitudadjuntos?806be9fad53efb0794b59a8e699c7729,2024,21838,,gx-no-cache=1729528275039 HTTP/1.1" 200 8557
190.171.142.26 - - [21/Oct/2024:13:32:18 -0300] "POST /cormun/servlet/trsolicitudadjuntos?806be9fad53efb0794b59a8e699c7729,2024,21838,,gx-no-cache=1729528276270 HTTP/1.1" 200 8556
190.171.142.26 - - [21/Oct/2024:13:32:19 -0300] "POST /cormun/servlet/trsolicitudadjuntos?806be9fad53efb0794b59a8e699c7729,2024,21838,,gx-no-cache=1729528277110 HTTP/1.1" 200 8556
181.212.40.185 - - [21/Oct/2024:13:32:23 -0300] "POST /cormun/servlet/solicitudot?gx-no-cache=1729528281372 HTTP/1.1" 200 30
181.212.40.185 - - [21/Oct/2024:13:32:23 -0300] "POST /cormun/servlet/solicitudot?gx-no-cache=1729528281390 HTTP/1.1" 200 1481
181.212.40.185 - - [21/Oct/2024:13:32:23 -0300] "POST /cormun/servlet/solicitudot?gx-no-cache=1729528281420 HTTP/1.1" 200 38
181.212.40.185 - - [21/Oct/2024:13:32:23 -0300] "GET /cormun/servlet/solicitudot?ebb6624ac8eb5712af9cc10ea865b93ce79608d8e042c726557f08419324a13229e1ee18d41035f2c728704d64c6d0a2e7f5dd1d5d93c4b31c4ae9ec2d33ff2bda940a3ffd8ded45f4e2e66edaca80050cccdcdf6f10e7b6c43a1c3fa72dec5f207cb570e54026aabd9357aa92204cf8,gx-no-cache=1729528281438 HTTP/1.1" 200 110
190.171.142.26 - - [21/Oct/2024:13:32:26 -0300] "GET /cormun/servlet/solicitudotadjuntos?INS,2024,21838,,1, HTTP/1.1" 200 6339
190.171.142.26 - - [21/Oct/2024:13:32:26 -0300] "GET /cormun/static/about:blank HTTP/1.1" 404 1011
190.171.142.26 - - [21/Oct/2024:13:32:27 -0300] "GET /cormun/servlet/solicitudotadjuntos?1875a66fbbdd48b40d4dc44d93e93468c755686be1738b3b3290e2ff246cefab966bae04d5df661d68f2468282532b5b,gx-no-cache=1729528285272 HTTP/1.1" 200 30
190.171.142.26 - - [21/Oct/2024:13:32:27 -0300] "POST /cormun/servlet/solicitudotadjuntos?806be9fad53efb0794b59a8e699c7729,INS,2024,21838,,1,,gx-no-cache=1729528285292 HTTP/1.1" 200 4152
190.171.142.26 - - [21/Oct/2024:13:32:32 -0300] "POST /cormun/servlet/solicitudotadjuntos?gx-no-cache=1729528290591 HTTP/1.1" 200 26
190.171.142.26 - - [21/Oct/2024:13:32:40 -0300] "GET /cormun/servlet/solicitudotadjuntos?1875a66fbbdd48b40d4dc44d93e93468a6aafe10d5fbaa6bb8067ef16dbbab7f,gx-no-cache=1729528298231 HTTP/1.1" 200 30
190.171.142.26 - - [21/Oct/2024:13:32:40 -0300] "GET /cormun/servlet/solicitudotadjuntos?1875a66fbbdd48b40d4dc44d93e93468a6aafe10d5fbaa6bb8067ef16dbbab7f,gx-no-cache=1729528298264 HTTP/1.1" 200 30
190.171.142.26 - - [21/Oct/2024:13:32:40 -0300] "POST /cormun/servlet/solicitudotadjuntos?806be9fad53efb0794b59a8e699c7729,INS,2024,21838,,1, HTTP/1.1" 200 116
190.171.142.26 - - [21/Oct/2024:13:32:40 -0300] "GET /cormun/servlet/hpexe_return? HTTP/1.1" 200 1023
190.171.142.26 - - [21/Oct/2024:13:32:40 -0300] "GET /cormun/servlet/trsolicitudadjuntos?2024,21838, HTTP/1.1" 200 9648
190.171.142.26 - - [21/Oct/2024:13:32:43 -0300] "POST /cormun/servlet/trsolicitudadjuntos?806be9fad53efb0794b59a8e699c7729,2024,21838,,gx-no-cache=1729528301456 HTTP/1.1" 200 8867
190.171.142.26 - - [21/Oct/2024:13:32:49 -0300] "GET /cormun/servlet/solicitudotadjuntos?INS,2024,21838,,1, HTTP/1.1" 200 6339
190.171.142.26 - - [21/Oct/2024:13:32:49 -0300] "GET /cormun/static/about:blank HTTP/1.1" 404 1011
190.171.142.26 - - [21/Oct/2024:13:32:50 -0300] "GET /cormun/servlet/solicitudotadjuntos?1875a66fbbdd48b40d4dc44d93e93468c755686be1738b3b3290e2ff246cefab966bae04d5df661d68f2468282532b5b,gx-no-cache=1729528308200 HTTP/1.1" 200 30
190.171.142.26 - - [21/Oct/2024:13:32:50 -0300] "POST /cormun/servlet/solicitudotadjuntos?806be9fad53efb0794b59a8e699c7729,INS,2024,21838,,1,,gx-no-cache=1729528308225 HTTP/1.1" 200 4152
181.212.40.185 - - [21/Oct/2024:13:32:50 -0300] "POST /cormun/servlet/solicitudot?gx-no-cache=1729528308925 HTTP/1.1" 200 97
190.171.142.26 - - [21/Oct/2024:13:32:52 -0300] "POST /cormun/servlet/solicitudotadjuntos?gx-no-cache=1729528310055 HTTP/1.1" 200 26
190.171.142.26 - - [21/Oct/2024:13:33:00 -0300] "GET /cormun/servlet/solicitudotadjuntos?1875a66fbbdd48b40d4dc44d93e93468a6aafe10d5fbaa6bb8067ef16dbbab7f,gx-no-cache=1729528318895 HTTP/1.1" 200 30
190.171.142.26 - - [21/Oct/2024:13:33:00 -0300] "GET /cormun/servlet/solicitudotadjuntos?1875a66fbbdd48b40d4dc44d93e93468a6aafe10d5fbaa6bb8067ef16dbbab7f,gx-no-cache=1729528318915 HTTP/1.1" 200 30
190.171.142.26 - - [21/Oct/2024:13:33:01 -0300] "POST /cormun/servlet/solicitudotadjuntos?806be9fad53efb0794b59a8e699c7729,INS,2024,21838,,1, HTTP/1.1" 200 116
190.171.142.26 - - [21/Oct/2024:13:33:01 -0300] "GET /cormun/servlet/hpexe_return? HTTP/1.1" 200 1023
190.171.142.26 - - [21/Oct/2024:13:33:01 -0300] "GET /cormun/servlet/trsolicitudadjuntos?2024,21838, HTTP/1.1" 200 9906
190.171.142.26 - - [21/Oct/2024:13:33:03 -0300] "GET /cormun/servlet/solicitudotadjuntos?INS,2024,21838,,2, HTTP/1.1" 200 6338
190.171.142.26 - - [21/Oct/2024:13:33:03 -0300] "GET /cormun/static/about:blank HTTP/1.1" 404 1011
190.171.142.26 - - [21/Oct/2024:13:33:04 -0300] "GET /cormun/servlet/solicitudotadjuntos?1875a66fbbdd48b40d4dc44d93e93468c755686be1738b3b3290e2ff246cefab966bae04d5df661d68f2468282532b5b,gx-no-cache=1729528322294 HTTP/1.1" 200 30
190.171.142.26 - - [21/Oct/2024:13:33:04 -0300] "POST /cormun/servlet/solicitudotadjuntos?806be9fad53efb0794b59a8e699c7729,INS,2024,21838,,2,,gx-no-cache=1729528322306 HTTP/1.1" 200 4366
190.171.142.26 - - [21/Oct/2024:13:33:22 -0300] "GET /cormun/servlet/trsolicitudot? HTTP/1.1" 200 8929
190.171.142.26 - - [21/Oct/2024:13:33:28 -0300] "POST /cormun/servlet/trsolicitudot?806be9fad53efb0794b59a8e699c7729,,gx-no-cache=1729528346706 HTTP/1.1" 200 107
190.171.142.26 - - [21/Oct/2024:13:33:28 -0300] "GET /cormun/servlet/trsolicitudadjuntos?2024,21838, HTTP/1.1" 200 9902
10.40.40.2 - - [21/Oct/2024:13:33:29 -0300] "GET /cormun/servlet/hlogin HTTP/1.1" 200 1718
10.40.40.2 - - [21/Oct/2024:13:33:32 -0300] "POST /cormun/servlet/hlogin?c80199793a32d8bbbfddeb2841e11d9c,gx-no-cache=1729528414241 HTTP/1.1" 200 90
10.40.40.2 - - [21/Oct/2024:13:33:32 -0300] "GET /cormun/servlet/hpexe_link HTTP/1.1" 200 949
10.40.40.2 - - [21/Oct/2024:13:33:33 -0300] "GET /cormun/servlet/hhome HTTP/1.1" 200 3820
190.171.142.26 - - [21/Oct/2024:13:33:37 -0300] "GET /cormun/servlet/solicitudotadjuntos?INS,2024,21838,,1, HTTP/1.1" 200 6339
190.171.142.26 - - [21/Oct/2024:13:33:38 -0300] "GET /cormun/static/about:blank HTTP/1.1" 404 1011
190.171.142.26 - - [21/Oct/2024:13:33:38 -0300] "GET /cormun/servlet/solicitudotadjuntos?1875a66fbbdd48b40d4dc44d93e93468c755686be1738b3b3290e2ff246cefab966bae04d5df661d68f2468282532b5b,gx-no-cache=1729528356571 HTTP/1.1" 200 30
190.171.142.26 - - [21/Oct/2024:13:33:38 -0300] "POST /cormun/servlet/solicitudotadjuntos?806be9fad53efb0794b59a8e699c7729,INS,2024,21838,,1,,gx-no-cache=1729528356609 HTTP/1.1" 200 4152
190.171.142.26 - - [21/Oct/2024:13:33:41 -0300] "POST /cormun/servlet/solicitudotadjuntos?gx-no-cache=1729528358983 HTTP/1.1" 200 26
190.171.153.26 - - [21/Oct/2024:13:33:41 -0300] "POST /cormun/servlet/trpermisosgoce?e560e0f55fe53bfb49d42d8e10b6ef64,gx-no-cache=1729531888522 HTTP/1.1" 440 972
190.171.153.26 - - [21/Oct/2024:13:33:42 -0300] "GET /cormun/servlet/trpermisosgoce HTTP/1.1" 200 6026
190.171.153.26 - - [21/Oct/2024:13:33:42 -0300] "GET /cormun/servlet/hlogin HTTP/1.1" 200 1738
10.40.40.2 - - [21/Oct/2024:13:33:47 -0300] "GET /cormun/servlet/trsolicitudgral? HTTP/1.1" 200 10562
190.171.153.26 - - [21/Oct/2024:13:33:48 -0300] "POST /cormun/servlet/hlogin?42688d26cbf57969b4c421d0561e1c71,gx-no-cache=1729531895473 HTTP/1.1" 200 90
190.171.153.26 - - [21/Oct/2024:13:33:48 -0300] "GET /cormun/servlet/hpexe_link HTTP/1.1" 200 955
190.171.153.26 - - [21/Oct/2024:13:33:48 -0300] "GET /cormun/servlet/trpermisosgoce HTTP/1.1" 200 11450
190.171.153.26 - - [21/Oct/2024:13:33:50 -0300] "GET /cormun/servlet/trlicencias? HTTP/1.1" 200 12486
190.171.153.26 - - [21/Oct/2024:13:33:53 -0300] "POST /cormun/servlet/trlicencias?42688d26cbf57969b4c421d0561e1c71,,gx-no-cache=1729531900517 HTTP/1.1" 200 10187
190.171.142.26 - - [21/Oct/2024:13:34:12 -0300] "GET /cormun/servlet/solicitudotadjuntos?1875a66fbbdd48b40d4dc44d93e93468a6aafe10d5fbaa6bb8067ef16dbbab7f,gx-no-cache=1729528390367 HTTP/1.1" 200 30
190.171.142.26 - - [21/Oct/2024:13:34:12 -0300] "GET /cormun/servlet/solicitudotadjuntos?1875a66fbbdd48b40d4dc44d93e93468a6aafe10d5fbaa6bb8067ef16dbbab7f,gx-no-cache=1729528390399 HTTP/1.1" 200 30
190.171.142.26 - - [21/Oct/2024:13:34:12 -0300] "POST /cormun/servlet/solicitudotadjuntos?806be9fad53efb0794b59a8e699c7729,INS,2024,21838,,1, HTTP/1.1" 200 116
190.171.142.26 - - [21/Oct/2024:13:34:12 -0300] "GET /cormun/servlet/hpexe_return? HTTP/1.1" 200 1023
190.171.142.26 - - [21/Oct/2024:13:34:12 -0300] "GET /cormun/servlet/trsolicitudadjuntos?2024,21838, HTTP/1.1" 200 10152
190.171.142.26 - - [21/Oct/2024:13:34:18 -0300] "GET /cormun/servlet/solicitudotadjuntos?INS,2024,21838,,1, HTTP/1.1" 200 6337
190.171.142.26 - - [21/Oct/2024:13:34:18 -0300] "GET /cormun/static/about:blank HTTP/1.1" 404 1011
40.77.167.18 - - [21/Oct/2024:13:34:18 -0300] "GET /cormun/servlet/hlogin HTTP/1.1" 200 1724
190.171.142.26 - - [21/Oct/2024:13:34:18 -0300] "GET /cormun/servlet/solicitudotadjuntos?1875a66fbbdd48b40d4dc44d93e93468c755686be1738b3b3290e2ff246cefab966bae04d5df661d68f2468282532b5b,gx-no-cache=1729528396624 HTTP/1.1" 200 30
190.171.142.26 - - [21/Oct/2024:13:34:18 -0300] "POST /cormun/servlet/solicitudotadjuntos?806be9fad53efb0794b59a8e699c7729,INS,2024,21838,,1,,gx-no-cache=1729528396646 HTTP/1.1" 200 4150
190.171.142.26 - - [21/Oct/2024:13:34:23 -0300] "POST /cormun/servlet/solicitudotadjuntos?gx-no-cache=1729528401215 HTTP/1.1" 200 26
190.171.142.26 - - [21/Oct/2024:13:34:28 -0300] "GET /cormun/servlet/solicitudotadjuntos?1875a66fbbdd48b40d4dc44d93e93468a6aafe10d5fbaa6bb8067ef16dbbab7f,gx-no-cache=1729528406734 HTTP/1.1" 200 30
190.171.142.26 - - [21/Oct/2024:13:34:28 -0300] "GET /cormun/servlet/solicitudotadjuntos?1875a66fbbdd48b40d4dc44d93e93468a6aafe10d5fbaa6bb8067ef16dbbab7f,gx-no-cache=1729528406765 HTTP/1.1" 200 30
190.171.142.26 - - [21/Oct/2024:13:34:28 -0300] "POST /cormun/servlet/solicitudotadjuntos?806be9fad53efb0794b59a8e699c7729,INS,2024,21838,,1, HTTP/1.1" 200 116
190.171.142.26 - - [21/Oct/2024:13:34:28 -0300] "GET /cormun/servlet/hpexe_return? HTTP/1.1" 200 1023
190.171.142.26 - - [21/Oct/2024:13:34:29 -0300] "GET /cormun/servlet/trsolicitudadjuntos?2024,21838, HTTP/1.1" 200 10420
10.40.40.2 - - [21/Oct/2024:13:34:32 -0300] "POST /cormun/servlet/trsolicitudgral?c80199793a32d8bbbfddeb2841e11d9c,,gx-no-cache=1729528474611 HTTP/1.1" 200 6999
10.40.40.2 - - [21/Oct/2024:13:34:32 -0300] "GET /cormun/static/Shared/jqueryui/images/ui-bg_highlight-soft_100_c6c2c8_1x100.png HTTP/1.1" 404 1117
10.40.40.2 - - [21/Oct/2024:13:34:32 -0300] "GET /cormun/static/Shared/jqueryui/images/ui-icons_82798d_256x240.png HTTP/1.1" 404 1089
10.40.40.2 - - [21/Oct/2024:13:34:32 -0300] "GET /cormun/static/Shared/jqueryui/images/ui-icons_8d78a5_256x240.png HTTP/1.1" 404 1089
10.40.40.2 - - [21/Oct/2024:13:34:32 -0300] "GET /cormun/static/Shared/jqueryui/images/ui-bg_flat_55_fafafa_40x100.png HTTP/1.1" 404 1097
190.171.142.26 - - [21/Oct/2024:13:34:38 -0300] "GET /cormun/servlet/trsolicitudot? HTTP/1.1" 200 8924
190.171.142.26 - - [21/Oct/2024:13:34:46 -0300] "GET /cormun/servlet/vesolicitudot?2024,21838,, HTTP/1.1" 200 8620
190.171.142.26 - - [21/Oct/2024:13:34:46 -0300] "GET /cormun/static/gxcfg.js?202211298465857 HTTP/1.1" 200 953
190.171.142.26 - - [21/Oct/2024:13:34:46 -0300] "GET /cormun/pexe_scrolldiv.js HTTP/1.1" 404 1009
190.171.142.26 - - [21/Oct/2024:13:34:46 -0300] "GET /cormun/static/vesolicitudot.js?202211298465886 HTTP/1.1" 200 6091
190.171.142.26 - - [21/Oct/2024:13:34:46 -0300] "GET /cormun/static/hwcviewtabs.js?201991422154026 HTTP/1.1" 200 1074
190.171.142.26 - - [21/Oct/2024:13:34:46 -0300] "GET /cormun/static/tbsolicitudot01.js?20201214462316 HTTP/1.1" 200 30566
190.171.142.26 - - [21/Oct/2024:13:34:46 -0300] "GET /cormun/static/hpexe_tabsview.js?2020121447381 HTTP/1.1" 200 1661
190.171.142.26 - - [21/Oct/2024:13:34:46 -0300] "GET /cormun/static/Resources/PXToolsTabFirstSelected.png HTTP/1.1" 200 1270
190.171.142.26 - - [21/Oct/2024:13:34:46 -0300] "GET /cormun/static/Resources/PXToolsTabLastUnselected.png HTTP/1.1" 200 1297
190.171.142.26 - - [21/Oct/2024:13:34:46 -0300] "GET /cormun/static/Resources/PXToolsTabPrevious.gif HTTP/1.1" 200 172
190.171.142.26 - - [21/Oct/2024:13:34:46 -0300] "GET /cormun/static/Resources/PXToolsTabNext.gif HTTP/1.1" 200 168
190.171.142.26 - - [21/Oct/2024:13:34:46 -0300] "GET /cormun/static/calendar-system.css HTTP/1.1" 200 5572
190.171.142.26 - - [21/Oct/2024:13:34:46 -0300] "GET /cormun/static/Resources/PXToolsTabBackUnselected.png HTTP/1.1" 200 1175
190.171.142.26 - - [21/Oct/2024:13:34:46 -0300] "GET /cormun/static/Resources/PXToolsTabBackSelected.png HTTP/1.1" 200 1157
190.171.142.26 - - [21/Oct/2024:13:34:46 -0300] "GET /cormun/static/Resources/PXToolsTabSelectedUnselected.png HTTP/1.1" 200 1451
190.171.142.26 - - [21/Oct/2024:13:34:46 -0300] "GET /cormun/static/Resources/PXToolsTabUnselectedUnselected.png HTTP/1.1" 200 1470
190.171.142.26 - - [21/Oct/2024:13:34:52 -0300] "GET /cormun/servlet/trsolicitudot? HTTP/1.1" 200 8917
190.171.142.26 - - [21/Oct/2024:13:35:06 -0300] "POST /cormun/servlet/trsolicitudot?806be9fad53efb0794b59a8e699c7729,,gx-no-cache=1729528443937 HTTP/1.1" 200 6081
190.171.142.26 - - [21/Oct/2024:13:35:06 -0300] "GET /cormun/static/Shared/jqueryui/images/ui-icons_82798d_256x240.png HTTP/1.1" 404 1089
190.171.142.26 - - [21/Oct/2024:13:35:06 -0300] "GET /cormun/static/Shared/jqueryui/images/ui-bg_flat_55_fafafa_40x100.png HTTP/1.1" 404 1097
190.171.142.26 - - [21/Oct/2024:13:35:06 -0300] "GET /cormun/static/Shared/jqueryui/images/ui-icons_8d78a5_256x240.png HTTP/1.1" 404 1089
190.171.142.26 - - [21/Oct/2024:13:35:06 -0300] "GET /cormun/static/Shared/jqueryui/images/ui-bg_highlight-soft_100_c6c2c8_1x100.png HTTP/1.1" 404 1117
190.171.142.26 - - [21/Oct/2024:13:35:11 -0300] "POST /cormun/servlet/trsolicitudot?806be9fad53efb0794b59a8e699c7729,,gx-no-cache=1729528449200 HTTP/1.1" 200 107
190.171.142.26 - - [21/Oct/2024:13:35:11 -0300] "GET /cormun/servlet/trsolicitudadjuntos?2024,21838, HTTP/1.1" 200 10417
181.212.40.185 - - [21/Oct/2024:13:35:13 -0300] "POST /cormun/servlet/solicitudot?447afb9ff471d877c8cec87688b2527a,INS,0,0,false,,gx-no-cache=1729528451229 HTTP/1.1" 200 93
190.171.142.26 - - [21/Oct/2024:13:35:13 -0300] "GET /cormun/servlet/solicitudotadjuntos?INS,2024,21838,,1, HTTP/1.1" 200 6339
190.171.142.26 - - [21/Oct/2024:13:35:13 -0300] "GET /cormun/static/about:blank HTTP/1.1" 404 1011
190.171.142.26 - - [21/Oct/2024:13:35:13 -0300] "GET /cormun/servlet/solicitudotadjuntos?1875a66fbbdd48b40d4dc44d93e93468c755686be1738b3b3290e2ff246cefab966bae04d5df661d68f2468282532b5b,gx-no-cache=1729528451941 HTTP/1.1" 200 30
190.171.142.26 - - [21/Oct/2024:13:35:14 -0300] "POST /cormun/servlet/solicitudotadjuntos?806be9fad53efb0794b59a8e699c7729,INS,2024,21838,,1,,gx-no-cache=1729528451954 HTTP/1.1" 200 4151
181.212.40.185 - - [21/Oct/2024:13:35:14 -0300] "GET /cormun/servlet/hpexe_return? HTTP/1.1" 200 1009
181.212.40.185 - - [21/Oct/2024:13:35:14 -0300] "GET /cormun/servlet/trsolicitudot HTTP/1.1" 200 7433
190.171.142.26 - - [21/Oct/2024:13:35:16 -0300] "POST /cormun/servlet/solicitudotadjuntos?gx-no-cache=1729528454551 HTTP/1.1" 200 26
190.171.142.26 - - [21/Oct/2024:13:35:24 -0300] "GET /cormun/servlet/solicitudotadjuntos?1875a66fbbdd48b40d4dc44d93e93468a6aafe10d5fbaa6bb8067ef16dbbab7f,gx-no-cache=1729528462287 HTTP/1.1" 200 30
190.171.142.26 - - [21/Oct/2024:13:35:24 -0300] "GET /cormun/servlet/solicitudotadjuntos?1875a66fbbdd48b40d4dc44d93e93468a6aafe10d5fbaa6bb8067ef16dbbab7f,gx-no-cache=1729528462349 HTTP/1.1" 200 30
190.171.142.26 - - [21/Oct/2024:13:35:24 -0300] "POST /cormun/servlet/solicitudotadjuntos?806be9fad53efb0794b59a8e699c7729,INS,2024,21838,,1, HTTP/1.1" 200 116
190.171.142.26 - - [21/Oct/2024:13:35:24 -0300] "GET /cormun/servlet/hpexe_return? HTTP/1.1" 200 1023
190.171.142.26 - - [21/Oct/2024:13:35:24 -0300] "GET /cormun/servlet/trsolicitudadjuntos?2024,21838, HTTP/1.1" 200 10605
190.171.142.26 - - [21/Oct/2024:13:35:28 -0300] "GET /cormun/servlet/trsolicitudot? HTTP/1.1" 200 8924
190.171.142.26 - - [21/Oct/2024:13:35:34 -0300] "POST /cormun/servlet/trsolicitudot?806be9fad53efb0794b59a8e699c7729,,gx-no-cache=1729528472806 HTTP/1.1" 200 4876
190.171.142.26 - - [21/Oct/2024:13:35:34 -0300] "POST /cormun/servlet/trsolicitudot?806be9fad53efb0794b59a8e699c7729,,gx-no-cache=1729528472911 HTTP/1.1" 200 4625
190.171.142.26 - - [21/Oct/2024:13:35:41 -0300] "GET /cormun/servlet/solicitudot?INS,0,0,false, HTTP/1.1" 200 16281
181.212.40.185 - - [21/Oct/2024:13:36:02 -0300] "GET /cormun/servlet/trsolicitudot? HTTP/1.1" 200 7428
190.171.142.26 - - [21/Oct/2024:13:36:03 -0300] "POST /cormun/servlet/solicitudot?gx-no-cache=1729528500963 HTTP/1.1" 200 4030
190.171.142.26 - - [21/Oct/2024:13:36:03 -0300] "POST /cormun/servlet/solicitudot?806be9fad53efb0794b59a8e699c7729,INS,0,0,false,,gx-no-cache=1729528501101 HTTP/1.1" 200 12885
181.212.40.185 - - [21/Oct/2024:13:36:05 -0300] "GET /cormun/servlet/solicitudot?INS,0,0,false, HTTP/1.1" 200 16195
190.171.142.26 - - [21/Oct/2024:13:36:05 -0300] "GET /cormun/servlet/solicitudot?1875a66fbbdd48b40d4dc44d93e93468c6f029551598decebe01d2b7a3068cacddeb067744002f7db0b08e70847730b9,gx-no-cache=1729528503711 HTTP/1.1" 200 30
181.212.40.185 - - [21/Oct/2024:13:36:12 -0300] "POST /cormun/servlet/solicitudot?gx-no-cache=1729528510106 HTTP/1.1" 200 4145
181.212.40.185 - - [21/Oct/2024:13:36:12 -0300] "POST /cormun/servlet/solicitudot?447afb9ff471d877c8cec87688b2527a,INS,0,0,false,,gx-no-cache=1729528510306 HTTP/1.1" 200 13004
181.212.40.185 - - [21/Oct/2024:13:36:16 -0300] "GET /cormun/servlet/solicitudot?ebb6624ac8eb5712af9cc10ea865b93c94f14c3165354634c34492bf5ee1e839ac0e953eb02a72ec3bdfc33c045d451b,gx-no-cache=1729528514135 HTTP/1.1" 200 30
181.212.40.185 - - [21/Oct/2024:13:36:28 -0300] "GET /cormun/servlet/prbanco?,MD,,gxPopupLevel%3D0%3B HTTP/1.1" 200 6573
181.212.40.185 - - [21/Oct/2024:13:36:32 -0300] "GET /cormun/servlet/solicitudot?ebb6624ac8eb5712af9cc10ea865b93c2fbdbac13c1082fc358a91c9891d2afb9d00563cdb9199798c3fb601d175b780,gx-no-cache=1729528530324 HTTP/1.1" 200 30
181.212.40.185 - - [21/Oct/2024:13:36:35 -0300] "GET /cormun/servlet/solicitudot?ebb6624ac8eb5712af9cc10ea865b93c6297cd3ea4e4d33dce9a5ca03adb8044,gx-no-cache=1729528533255 HTTP/1.1" 200 53
181.212.40.185 - - [21/Oct/2024:13:36:46 -0300] "POST /cormun/servlet/solicitudot?gx-no-cache=1729528545070 HTTP/1.1" 200 240
181.212.40.185 - - [21/Oct/2024:13:36:47 -0300] "GET /cormun/servlet/solicitudot?ebb6624ac8eb5712af9cc10ea865b93c35efaf7bd597c4767afa76de48ad2a5bbae08debb27d3b86ddd738fb9faf8bf6d7a94f7c9c08a80f9612d9aaed52060812d811085fe87c014c65aa53b4f14271cfda19d0ef1c0171162f22c41e5634f3ebe1b171d462659d46d29db9f57b95b8e36319939c1ab9792dd894c74a3e7221d7d48507a063a406909b66bae2ec68f26b7736ba332f8a251e4eb8b7b68678d0383994a046d3e97097982740bb16cf032af023d84eeca188e793ffbb83341c481f0849fee6848d98da2a6557bd5c342dc1dfb166fe0b34294b9db33ac15083e6303154f7baed3c3b87bf4ddee105da23e21ba1939fc24cea3ad62301ed2ce7388fbd7ab66e2a4fcf5ef2745506f758493caf395b7ddc9ed028934b01cff9fee4249398cef0c5120115f4a03aca5ea5053ea0af3ff67c7fab9a4c728038a329867b4076b7360f440204abfe21e9e40f6d1298e5abaa3e7f562f5fb4e4bba8625d3fcebb3695c32feedb98ce37ce5b83114e85fb6fb90205e3f4d37840bfdc2306,gx-no-cache=1729528545152 HTTP/1.1" 200 30
181.212.40.185 - - [21/Oct/2024:13:36:48 -0300] "POST /cormun/servlet/solicitudot?gx-no-cache=1729528546923 HTTP/1.1" 200 30
10.40.40.2 - - [21/Oct/2024:13:36:56 -0300] "POST /cormun/servlet/trsolicitudgral?c80199793a32d8bbbfddeb2841e11d9c,,gx-no-cache=1729528617992 HTTP/1.1" 200 6627
181.212.40.185 - - [21/Oct/2024:13:36:57 -0300] "GET /cormun/servlet/prlicenciaspermisos?16881448,L,,MD,,gxPopupLevel%3D0%3B HTTP/1.1" 200 7373
181.212.40.185 - - [21/Oct/2024:13:36:57 -0300] "GET /cormun/static/gxcfg.js?2020121559567 HTTP/1.1" 200 953
181.212.40.185 - - [21/Oct/2024:13:36:57 -0300] "GET /cormun/static/prlicenciaspermisos.js?2020121559821 HTTP/1.1" 200 13379
10.40.40.2 - - [21/Oct/2024:13:36:59 -0300] "GET /cormun/servlet/vesolicitudgral?2024,21769,, HTTP/1.1" 200 8418
10.40.40.2 - - [21/Oct/2024:13:36:59 -0300] "GET /cormun/pexe_scrolldiv.js HTTP/1.1" 404 1009
181.212.40.185 - - [21/Oct/2024:13:37:00 -0300] "POST /cormun/servlet/solicitudot?gx-no-cache=1729528557810 HTTP/1.1" 200 1484
10.40.40.2 - - [21/Oct/2024:13:37:01 -0300] "GET /cormun/servlet/vesolicitudgral?2024,21769,,SolicitudOTLog HTTP/1.1" 200 10604
10.40.40.2 - - [21/Oct/2024:13:37:01 -0300] "GET /cormun/static/Resources/PXToolsTabLastSelected.png HTTP/1.1" 200 1274
10.40.40.2 - - [21/Oct/2024:13:37:01 -0300] "GET /cormun/pexe_scrolldiv.js HTTP/1.1" 404 1009
10.40.40.2 - - [21/Oct/2024:13:37:01 -0300] "GET /cormun/static/tbsolicitudgral03.js?202211298372893 HTTP/1.1" 200 13342
10.40.40.2 - - [21/Oct/2024:13:37:01 -0300] "GET /cormun/static/gxui/gxui-all.css HTTP/1.1" 200 2179
10.40.40.2 - - [21/Oct/2024:13:37:01 -0300] "GET /cormun/static/Resources/PXToolsTabFirstUnselected.png HTTP/1.1" 200 1278
10.40.40.2 - - [21/Oct/2024:13:37:01 -0300] "GET /cormun/static/Resources/PXToolsTabUnselectedSelected.png HTTP/1.1" 200 1458
10.40.40.2 - - [21/Oct/2024:13:37:01 -0300] "GET /cormun/static/Shared/ext/resources/css/ext-all.css HTTP/1.1" 200 416045
10.40.40.2 - - [21/Oct/2024:13:37:02 -0300] "POST /cormun/servlet/acontrolpreferencessavestate?None,RRHH+DANIELA,true HTTP/1.1" 200 35
181.212.40.185 - - [21/Oct/2024:13:37:02 -0300] "POST /cormun/servlet/solicitudot?gx-no-cache=1729528560693 HTTP/1.1" 200 41
181.212.40.185 - - [21/Oct/2024:13:37:02 -0300] "GET /cormun/servlet/solicitudot?ebb6624ac8eb5712af9cc10ea865b93ce79608d8e042c726557f08419324a13229e1ee18d41035f2c728704d64c6d0a2e7f5dd1d5d93c4b31c4ae9ec2d33ff2bda940a3ffd8ded45f4e2e66edaca80050cccdcdf6f10e7b6c43a1c3fa72dec5f207cb570e54026aabd9357aa92204cf8,gx-no-cache=1729528560941 HTTP/1.1" 200 110
181.212.40.185 - - [21/Oct/2024:13:37:08 -0300] "POST /cormun/servlet/solicitudot?gx-no-cache=1729528566756 HTTP/1.1" 200 97
181.212.40.185 - - [21/Oct/2024:13:37:15 -0300] "GET /cormun/servlet/solicitudot?ebb6624ac8eb5712af9cc10ea865b93c461ad69bd53ebc269b0b6ec9b1de230bb08f9929e49dd1cbb1e00de37beaa3d361116de7ff3848be9b7414ad87985e331674a57539c2f3be9c2837d256b8b85d37739ee056a4abc15c542d0b6e1afd77c133a265333679e6c2ab22b1ee13b2540dd7bd1607a1b73ddb68ecd54082621da929f20296ff67f3d6b76fe2db4fb812c3d77bc3a4e41ec550313baad4cbcdf132c7e110d0becf9007b8494cb9586e82781f16820f9261a63c84c1d4c4526ef593fc46d86fcaff7e68f56ea936663eb5,gx-no-cache=1729528573491 HTTP/1.1" 200 29
181.212.40.185 - - [21/Oct/2024:13:37:18 -0300] "GET /cormun/static/menuarrow.gif HTTP/1.1" 404 1015
181.212.40.185 - - [21/Oct/2024:13:37:23 -0300] "GET /cormun/servlet/solicitudot?ebb6624ac8eb5712af9cc10ea865b93c6f562d03273cb88e067d9da6b4d71296b438cf21bbab079ec4fe2f1f5694c6d6,gx-no-cache=1729528581134 HTTP/1.1" 200 30
181.212.40.185 - - [21/Oct/2024:13:37:23 -0300] "POST /cormun/servlet/solicitudot?gx-no-cache=1729528581164 HTTP/1.1" 200 34
190.171.142.26 - - [21/Oct/2024:13:37:25 -0300] "GET /cormun/servlet/solicitudot?1875a66fbbdd48b40d4dc44d93e93468c59bc5da600055a19a16b070ae4b4706,gx-no-cache=1729528583315 HTTP/1.1" 200 94
190.171.142.26 - - [21/Oct/2024:13:37:25 -0300] "GET /cormun/static/Shared/jqueryui/images/ui-bg_flat_55_994d53_40x100.png HTTP/1.1" 404 1097
190.171.142.26 - - [21/Oct/2024:13:37:25 -0300] "GET /cormun/static/Shared/jqueryui/images/ui-icons_ebccce_256x240.png HTTP/1.1" 404 1089
190.171.142.26 - - [21/Oct/2024:13:37:27 -0300] "GET /cormun/servlet/solicitudot?1875a66fbbdd48b40d4dc44d93e934680c30cdf6dfcb3240ab38f695c1e74c72,gx-no-cache=1729528585184 HTTP/1.1" 200 53
181.212.40.185 - - [21/Oct/2024:13:37:35 -0300] "POST /cormun/servlet/solicitudot?447afb9ff471d877c8cec87688b2527a,INS,0,0,false,,gx-no-cache=1729528593475 HTTP/1.1" 200 93
181.212.40.185 - - [21/Oct/2024:13:37:35 -0300] "GET /cormun/servlet/hpexe_return? HTTP/1.1" 200 1009
181.212.40.185 - - [21/Oct/2024:13:37:35 -0300] "GET /cormun/servlet/trsolicitudot HTTP/1.1" 200 8888
181.212.40.185 - - [21/Oct/2024:13:37:36 -0300] "GET /cormun//static/Resources/PXToolsActionView.png HTTP/1.1" 200 398
181.212.40.185 - - [21/Oct/2024:13:37:36 -0300] "GET /cormun//static/Resources/PXToolsRemoveAllAction.png HTTP/1.1" 200 487
190.171.142.26 - - [21/Oct/2024:13:37:53 -0300] "GET /cormun/servlet/solicitudot?1875a66fbbdd48b40d4dc44d93e93468e4f535cef7371e3e63df4aaa9e0c866d27557ef9f69da67137d2336a506330c27ce5dd3bcfa5b4e4394dd1a9a51102aa,gx-no-cache=1729528611321 HTTP/1.1" 200 30
190.171.142.26 - - [21/Oct/2024:13:37:53 -0300] "POST /cormun/servlet/solicitudot?gx-no-cache=1729528611375 HTTP/1.1" 200 297
190.171.142.26 - - [21/Oct/2024:13:37:54 -0300] "GET /cormun/servlet/solicitudot?1875a66fbbdd48b40d4dc44d93e93468f9c7b0e9baf58d747f74bc78aa5b0dc3a6ca52fee14bd8c65b6e0cafa8720c0f7a48dffde658e5bf2d7c6702d18097d48f82ecc87bcac762dcc2ce9744bd59c5e73d01cc4fd22931ccd5e69d9d6db762a309b5c83cd1e0bb6aac74f9902100050900164fab2ad485ee58cc505d379037fb9cd651509000e6298382ed02030d022a53c65b94450769052d14da4916032094e50498ed3acd9da228f160aa78d12ca6ba9d6985c6d999ce77fed0725ef515459109f084715b51d3d9ee8fa084be1e218baa544f963728f02826e79799240762205f19c2f4a4923d7088eec190ffd052bfa27c9bb027cc24eb167308a26aa84abe7265e7034c2df3521a30c70699b5ab3e8fb7b68b5cc0965a7b3f65acc52d13a323b8c4d447af60e8a2462687ac7e7c91f60848f3abc28feaf19403ac824ccedf557ada9b875d943929c38fc6df8a11a78df754b53906f0e5e4c6b798b045d0f2d8e4f4a9577af05365fcdc8a13f89d4300f4e5a54a229c33bd254757e2dc520e4f896900c08cab6be6963318ceba,gx-no-cache=1729528612455 HTTP/1.1" 200 30
190.171.142.26 - - [21/Oct/2024:13:37:57 -0300] "POST /cormun/servlet/solicitudot?gx-no-cache=1729528615151 HTTP/1.1" 200 255
190.171.142.26 - - [21/Oct/2024:13:37:59 -0300] "GET /cormun/servlet/solicitudot?1875a66fbbdd48b40d4dc44d93e93468f9c7b0e9baf58d747f74bc78aa5b0dc377645bbd8662f2ea8adf3648793e51257a48dffde658e5bf2d7c6702d18097d48f82ecc87bcac762dcc2ce9744bd59c5e73d01cc4fd22931ccd5e69d9d6db762a309b5c83cd1e0bb6aac74f9902100050900164fab2ad485ee58cc505d379037fb9cd651509000e6298382ed02030d022a53c65b94450769052d14da4916032094e50498ed3acd9da228f160aa78d12ca6ba9d6985c6d999ce77fed0725ef515459109f084715b51d3d9ee8fa084be1e218baa544f963728f02826e79799240762205f19c2f4a4923d7088eec190ffd016ee56a497e4ede7d938e68e15d6a1654abe7265e7034c2df3521a30c70699b5fc268ce8dc2e18df28869c60acfa22918b0564280ebf18443025316b0a55aa542b32b8394732ab9961bad17ddc11920a4c2e1c7b533288c21eba22a108781fb59d17525e5f0a61a2df88dabfb1a83d68e962f8fb9a55856687b95a0675f614c64c4123fa43728b6298fc604ea3cb33c6,gx-no-cache=1729528617599 HTTP/1.1" 200 30
181.212.40.185 - - [21/Oct/2024:13:38:03 -0300] "GET /cormun/servlet/treventos?2024,21839, HTTP/1.1" 200 6288
181.212.40.185 - - [21/Oct/2024:13:38:03 -0300] "GET /cormun/static/gxcfg.js?20201215584657 HTTP/1.1" 200 953
181.212.40.185 - - [21/Oct/2024:13:38:03 -0300] "GET /cormun/static/treventos.js?2020121558506 HTTP/1.1" 200 16063
181.212.40.185 - - [21/Oct/2024:13:38:06 -0300] "GET /cormun/servlet/trsolicitudot HTTP/1.1" 200 8888
181.212.40.185 - - [21/Oct/2024:13:38:09 -0300] "POST /cormun/servlet/trsolicitudot?447afb9ff471d877c8cec87688b2527a,gx-no-cache=1729528627293 HTTP/1.1" 200 113
181.212.40.185 - - [21/Oct/2024:13:38:09 -0300] "GET /cormun/servlet/solicitudot?UPD,2024,21839,false, HTTP/1.1" 200 16846
181.212.40.185 - - [21/Oct/2024:13:38:10 -0300] "POST /cormun/servlet/solicitudot?gx-no-cache=1729528628113 HTTP/1.1" 200 4106
181.212.40.185 - - [21/Oct/2024:13:38:10 -0300] "POST /cormun/servlet/solicitudot?447afb9ff471d877c8cec87688b2527a,UPD,2024,21839,false,,gx-no-cache=1729528628253 HTTP/1.1" 200 13070
181.212.40.185 - - [21/Oct/2024:13:38:10 -0300] "GET /cormun/servlet/solicitudot?ebb6624ac8eb5712af9cc10ea865b93c94f14c3165354634c34492bf5ee1e8392a37f05138f40924b89ec2a4ec3fd898,gx-no-cache=1729528628338 HTTP/1.1" 200 30
181.212.40.185 - - [21/Oct/2024:13:38:10 -0300] "GET /cormun/servlet/solicitudot?ebb6624ac8eb5712af9cc10ea865b93c2fbdbac13c1082fc358a91c9891d2afbad40152b95ff83f8c16f88652a850218,gx-no-cache=1729528628366 HTTP/1.1" 200 30
181.212.40.185 - - [21/Oct/2024:13:38:10 -0300] "GET /cormun/servlet/solicitudot?ebb6624ac8eb5712af9cc10ea865b93cc6d8a23710c43eb1cfa2bdb61fc42fba3de03a0a340dcad9e02236e59d9bb51b14d36b545d7db1442cc92d607dd3b9fd,gx-no-cache=1729528628385 HTTP/1.1" 200 53
181.212.40.185 - - [21/Oct/2024:13:38:10 -0300] "POST /cormun/servlet/solicitudot?gx-no-cache=1729528628423 HTTP/1.1" 200 240
181.212.40.185 - - [21/Oct/2024:13:38:10 -0300] "GET /cormun/servlet/solicitudot?ebb6624ac8eb5712af9cc10ea865b93c35efaf7bd597c4767afa76de48ad2a5bbae08debb27d3b86ddd738fb9faf8bf6d7a94f7c9c08a80f9612d9aaed52060812d811085fe87c014c65aa53b4f14271cfda19d0ef1c0171162f22c41e5634f3ebe1b171d462659d46d29db9f57b95b8e36319939c1ab9792dd894c74a3e7221d7d48507a063a406909b66bae2ec68f26b7736ba332f8a251e4eb8b7b68678d0383994a046d3e97097982740bb16cf032af023d84eeca188e793ffbb83341c481f0849fee6848d98da2a6557bd5c342dc1dfb166fe0b34294b9db33ac15083e6303154f7baed3c3b87bf4ddee105da23e21ba1939fc24cea3ad62301ed2ce7388fbd7ab66e2a4fcf5ef2745506f758493caf395b7ddc9ed028934b01cff9fee4249398cef0c5120115f4a03aca5ea5053ea0af3ff67c7fab9a4c728038a329867b4076b7360f440204abfe21e9e40f6d1298e5abaa3e7f562f5fb4e4bba8625d3fcebb3695c32feedb98ce37ce5b8311da41b20f87e9aa063f8e81218cf4c2d2,gx-no-cache=1729528628459 HTTP/1.1" 200 30
181.212.40.185 - - [21/Oct/2024:13:38:10 -0300] "POST /cormun/servlet/solicitudot?gx-no-cache=1729528628480 HTTP/1.1" 200 30
181.212.40.185 - - [21/Oct/2024:13:38:10 -0300] "POST /cormun/servlet/solicitudot?gx-no-cache=1729528628528 HTTP/1.1" 200 1483
181.212.40.185 - - [21/Oct/2024:13:38:10 -0300] "POST /cormun/servlet/solicitudot?gx-no-cache=1729528628630 HTTP/1.1" 200 41
181.212.40.185 - - [21/Oct/2024:13:38:13 -0300] "GET /cormun/servlet/trsolicitudot HTTP/1.1" 200 8887
181.212.40.185 - - [21/Oct/2024:13:38:25 -0300] "POST /cormun/servlet/trsolicitudot?447afb9ff471d877c8cec87688b2527a,gx-no-cache=1729528643373 HTTP/1.1" 200 107
190.171.142.26 - - [21/Oct/2024:13:38:25 -0300] "POST /cormun/servlet/solicitudot?gx-no-cache=1729528643319 HTTP/1.1" 200 30
181.212.40.185 - - [21/Oct/2024:13:38:25 -0300] "GET /cormun/servlet/trsolicitudadjuntos?2024,21839, HTTP/1.1" 200 6326
181.212.40.185 - - [21/Oct/2024:13:38:25 -0300] "GET /cormun/static/gxcfg.js?20201215574222 HTTP/1.1" 200 953
181.212.40.185 - - [21/Oct/2024:13:38:25 -0300] "GET /cormun/static/Resources/PXToolsGridNew.png HTTP/1.1" 200 427
181.212.40.185 - - [21/Oct/2024:13:38:25 -0300] "GET /cormun/static/trsolicitudadjuntos.js?20201215574932 HTTP/1.1" 200 17921
181.212.40.185 - - [21/Oct/2024:13:38:27 -0300] "GET /cormun/servlet/solicitudotadjuntos?INS,2024,21839,,1, HTTP/1.1" 200 6269
181.212.40.185 - - [21/Oct/2024:13:38:27 -0300] "GET /cormun/static/gxcfg.js?202211298385187 HTTP/1.1" 200 953
181.212.40.185 - - [21/Oct/2024:13:38:27 -0300] "GET /cormun/static/solicitudotadjuntos.js?202211298385196 HTTP/1.1" 200 11771
181.212.40.185 - - [21/Oct/2024:13:38:28 -0300] "GET /cormun/servlet/solicitudotadjuntos?ebb6624ac8eb5712af9cc10ea865b93cb8a62c8aa9d1e29b81c96a6f64a9ff966c413356272be22caa50bfc0db33dc87,gx-no-cache=1729528646195 HTTP/1.1" 200 30
181.212.40.185 - - [21/Oct/2024:13:38:28 -0300] "POST /cormun/servlet/solicitudotadjuntos?447afb9ff471d877c8cec87688b2527a,INS,2024,21839,,1,,gx-no-cache=1729528646220 HTTP/1.1" 200 4192
181.212.40.185 - - [21/Oct/2024:13:38:28 -0300] "GET /cormun/static/about:blank HTTP/1.1" 404 1011
181.212.40.185 - - [21/Oct/2024:13:38:29 -0300] "POST /cormun/servlet/solicitudotadjuntos?gx-no-cache=1729528647988 HTTP/1.1" 200 26
181.212.40.185 - - [21/Oct/2024:13:38:50 -0300] "POST /cormun/servlet/solicitudotadjuntos?447afb9ff471d877c8cec87688b2527a,INS,2024,21839,,1, HTTP/1.1" 200 116
181.212.40.185 - - [21/Oct/2024:13:38:50 -0300] "GET /cormun/servlet/hpexe_return? HTTP/1.1" 200 1026
181.212.40.185 - - [21/Oct/2024:13:38:50 -0300] "GET /cormun/servlet/trsolicitudadjuntos?2024,21839, HTTP/1.1" 200 6329
181.212.40.185 - - [21/Oct/2024:13:38:52 -0300] "GET /cormun/servlet/solicitudotadjuntos?INS,2024,21839,,1, HTTP/1.1" 200 6269
181.212.40.185 - - [21/Oct/2024:13:38:53 -0300] "GET /cormun/static/about:blank HTTP/1.1" 404 1011
181.212.40.185 - - [21/Oct/2024:13:38:53 -0300] "GET /cormun/servlet/solicitudotadjuntos?ebb6624ac8eb5712af9cc10ea865b93cb8a62c8aa9d1e29b81c96a6f64a9ff966c413356272be22caa50bfc0db33dc87,gx-no-cache=1729528671738 HTTP/1.1" 200 30
181.212.40.185 - - [21/Oct/2024:13:38:53 -0300] "POST /cormun/servlet/solicitudotadjuntos?447afb9ff471d877c8cec87688b2527a,INS,2024,21839,,1,,gx-no-cache=1729528671750 HTTP/1.1" 200 4192
181.212.40.185 - - [21/Oct/2024:13:38:55 -0300] "POST /cormun/servlet/solicitudotadjuntos?gx-no-cache=1729528673238 HTTP/1.1" 200 26
181.212.40.185 - - [21/Oct/2024:13:38:59 -0300] "GET /cormun/servlet/solicitudotadjuntos?ebb6624ac8eb5712af9cc10ea865b93c3f123f30d8b8b54f416a1a80bf128393,gx-no-cache=1729528677363 HTTP/1.1" 200 30
181.212.40.185 - - [21/Oct/2024:13:38:59 -0300] "GET /cormun/servlet/solicitudotadjuntos?ebb6624ac8eb5712af9cc10ea865b93c3f123f30d8b8b54f416a1a80bf128393,gx-no-cache=1729528677386 HTTP/1.1" 200 30
181.212.40.185 - - [21/Oct/2024:13:38:59 -0300] "POST /cormun/servlet/solicitudotadjuntos?447afb9ff471d877c8cec87688b2527a,INS,2024,21839,,1, HTTP/1.1" 200 116
181.212.40.185 - - [21/Oct/2024:13:38:59 -0300] "GET /cormun/servlet/hpexe_return? HTTP/1.1" 200 1026
181.212.40.185 - - [21/Oct/2024:13:38:59 -0300] "GET /cormun/servlet/trsolicitudadjuntos?2024,21839, HTTP/1.1" 200 9360
181.212.40.185 - - [21/Oct/2024:13:39:01 -0300] "GET /cormun/servlet/solicitudotadjuntos?INS,2024,21839,,1, HTTP/1.1" 200 6269
181.212.40.185 - - [21/Oct/2024:13:39:01 -0300] "GET /cormun/static/about:blank HTTP/1.1" 404 1011
181.212.40.185 - - [21/Oct/2024:13:39:02 -0300] "GET /cormun/servlet/solicitudotadjuntos?ebb6624ac8eb5712af9cc10ea865b93cb8a62c8aa9d1e29b81c96a6f64a9ff966c413356272be22caa50bfc0db33dc87,gx-no-cache=1729528680165 HTTP/1.1" 200 30
181.212.40.185 - - [21/Oct/2024:13:39:02 -0300] "POST /cormun/servlet/solicitudotadjuntos?447afb9ff471d877c8cec87688b2527a,INS,2024,21839,,1,,gx-no-cache=1729528680198 HTTP/1.1" 200 4192
181.212.40.185 - - [21/Oct/2024:13:39:03 -0300] "POST /cormun/servlet/solicitudotadjuntos?gx-no-cache=1729528681971 HTTP/1.1" 200 26
181.212.40.185 - - [21/Oct/2024:13:39:07 -0300] "GET /cormun/servlet/solicitudotadjuntos?ebb6624ac8eb5712af9cc10ea865b93c3f123f30d8b8b54f416a1a80bf128393,gx-no-cache=1729528685602 HTTP/1.1" 200 30
181.212.40.185 - - [21/Oct/2024:13:39:07 -0300] "GET /cormun/servlet/solicitudotadjuntos?ebb6624ac8eb5712af9cc10ea865b93c3f123f30d8b8b54f416a1a80bf128393,gx-no-cache=1729528685615 HTTP/1.1" 200 30
181.212.40.185 - - [21/Oct/2024:13:39:07 -0300] "POST /cormun/servlet/solicitudotadjuntos?447afb9ff471d877c8cec87688b2527a,INS,2024,21839,,1, HTTP/1.1" 200 116
181.212.40.185 - - [21/Oct/2024:13:39:07 -0300] "GET /cormun/servlet/hpexe_return? HTTP/1.1" 200 1026
181.212.40.185 - - [21/Oct/2024:13:39:07 -0300] "GET /cormun/servlet/trsolicitudadjuntos?2024,21839, HTTP/1.1" 200 9627
190.171.142.26 - - [21/Oct/2024:13:39:08 -0300] "POST /cormun/servlet/solicitudot?gx-no-cache=1729528686143 HTTP/1.1" 200 239
181.212.40.185 - - [21/Oct/2024:13:39:09 -0300] "GET /cormun/servlet/solicitudotadjuntos?INS,2024,21839,,1, HTTP/1.1" 200 6269
181.212.40.185 - - [21/Oct/2024:13:39:09 -0300] "GET /cormun/static/about:blank HTTP/1.1" 404 1011
181.212.40.185 - - [21/Oct/2024:13:39:10 -0300] "GET /cormun/servlet/solicitudotadjuntos?ebb6624ac8eb5712af9cc10ea865b93cb8a62c8aa9d1e29b81c96a6f64a9ff966c413356272be22caa50bfc0db33dc87,gx-no-cache=1729528688206 HTTP/1.1" 200 30
181.212.40.185 - - [21/Oct/2024:13:39:10 -0300] "POST /cormun/servlet/solicitudotadjuntos?447afb9ff471d877c8cec87688b2527a,INS,2024,21839,,1,,gx-no-cache=1729528688218 HTTP/1.1" 200 4192
190.171.142.26 - - [21/Oct/2024:13:39:11 -0300] "GET /cormun/servlet/solicitudot?1875a66fbbdd48b40d4dc44d93e93468f9c7b0e9baf58d747f74bc78aa5b0dc390817493c496d692034874cb318e6f427a48dffde658e5bf2d7c6702d18097d48f82ecc87bcac762dcc2ce9744bd59c5e73d01cc4fd22931ccd5e69d9d6db762a309b5c83cd1e0bb6aac74f9902100050900164fab2ad485ee58cc505d379037fb9cd651509000e6298382ed02030d022a53c65b94450769052d14da4916032094e50498ed3acd9da228f160aa78d12ca6ba9d6985c6d999ce77fed0725ef515459109f084715b51d3d9ee8fa084be1e218baa544f963728f02826e79799240762205f19c2f4a4923d7088eec190ffd016ee56a497e4ede7d938e68e15d6a1654abe7265e7034c2df3521a30c70699b5ab3e8fb7b68b5cc0965a7b3f65acc52d13a323b8c4d447af60e8a2462687ac7e7c91f60848f3abc28feaf19403ac824c849601995a523ee74adb482f1ad1429bc85c2f17e745a4ba708e47c530e138920f8d1348af1d0c4d3cb5f3e5ad7296d95c704622c3f4d21017c10421a70130cd,gx-no-cache=1729528689403 HTTP/1.1" 200 30
181.212.40.185 - - [21/Oct/2024:13:39:13 -0300] "POST /cormun/servlet/solicitudotadjuntos?gx-no-cache=1729528691314 HTTP/1.1" 200 26
190.171.142.26 - - [21/Oct/2024:13:39:22 -0300] "POST /cormun/servlet/solicitudot?gx-no-cache=1729528700663 HTTP/1.1" 200 30
181.212.40.185 - - [21/Oct/2024:13:39:40 -0300] "GET /cormun/servlet/solicitudotadjuntos?ebb6624ac8eb5712af9cc10ea865b93c3f123f30d8b8b54f416a1a80bf128393,gx-no-cache=1729528718930 HTTP/1.1" 200 30
181.212.40.185 - - [21/Oct/2024:13:39:40 -0300] "GET /cormun/servlet/solicitudotadjuntos?ebb6624ac8eb5712af9cc10ea865b93c3f123f30d8b8b54f416a1a80bf128393,gx-no-cache=1729528718952 HTTP/1.1" 200 30
181.212.40.185 - - [21/Oct/2024:13:39:40 -0300] "POST /cormun/servlet/solicitudotadjuntos?447afb9ff471d877c8cec87688b2527a,INS,2024,21839,,1, HTTP/1.1" 200 116
181.212.40.185 - - [21/Oct/2024:13:39:40 -0300] "GET /cormun/servlet/hpexe_return? HTTP/1.1" 200 1026
181.212.40.185 - - [21/Oct/2024:13:39:41 -0300] "GET /cormun/servlet/trsolicitudadjuntos?2024,21839, HTTP/1.1" 200 9902
181.212.40.185 - - [21/Oct/2024:13:39:43 -0300] "GET /cormun/servlet/solicitudotadjuntos?INS,2024,21839,,1, HTTP/1.1" 200 6270
181.212.40.185 - - [21/Oct/2024:13:39:43 -0300] "GET /cormun/static/about:blank HTTP/1.1" 404 1011
181.212.40.185 - - [21/Oct/2024:13:39:43 -0300] "GET /cormun/servlet/solicitudotadjuntos?ebb6624ac8eb5712af9cc10ea865b93cb8a62c8aa9d1e29b81c96a6f64a9ff966c413356272be22caa50bfc0db33dc87,gx-no-cache=1729528721830 HTTP/1.1" 200 30
181.212.40.185 - - [21/Oct/2024:13:39:43 -0300] "POST /cormun/servlet/solicitudotadjuntos?447afb9ff471d877c8cec87688b2527a,INS,2024,21839,,1,,gx-no-cache=1729528721913 HTTP/1.1" 200 4192
181.212.40.185 - - [21/Oct/2024:13:39:46 -0300] "POST /cormun/servlet/solicitudotadjuntos?gx-no-cache=1729528724162 HTTP/1.1" 200 26
181.212.40.185 - - [21/Oct/2024:13:39:52 -0300] "GET /cormun/servlet/solicitudotadjuntos?ebb6624ac8eb5712af9cc10ea865b93c3f123f30d8b8b54f416a1a80bf128393,gx-no-cache=1729528730794 HTTP/1.1" 200 30
181.212.40.185 - - [21/Oct/2024:13:39:52 -0300] "GET /cormun/servlet/solicitudotadjuntos?ebb6624ac8eb5712af9cc10ea865b93c3f123f30d8b8b54f416a1a80bf128393,gx-no-cache=1729528730805 HTTP/1.1" 200 30
190.171.142.26 - - [21/Oct/2024:13:39:52 -0300] "POST /cormun/servlet/solicitudot?gx-no-cache=1729528730543 HTTP/1.1" 200 1481
190.171.142.26 - - [21/Oct/2024:13:39:52 -0300] "GET /cormun/static/menuarrow.gif HTTP/1.1" 404 1015
181.212.40.185 - - [21/Oct/2024:13:39:52 -0300] "POST /cormun/servlet/solicitudotadjuntos?447afb9ff471d877c8cec87688b2527a,INS,2024,21839,,1, HTTP/1.1" 200 116
181.212.40.185 - - [21/Oct/2024:13:39:52 -0300] "GET /cormun/servlet/hpexe_return? HTTP/1.1" 200 1026
181.212.40.185 - - [21/Oct/2024:13:39:52 -0300] "GET /cormun/servlet/trsolicitudadjuntos?2024,21839, HTTP/1.1" 200 10156
181.212.40.185 - - [21/Oct/2024:13:39:54 -0300] "GET /cormun/servlet/solicitudotadjuntos?INS,2024,21839,,1, HTTP/1.1" 200 6270
181.212.40.185 - - [21/Oct/2024:13:39:55 -0300] "GET /cormun/static/about:blank HTTP/1.1" 404 1011
181.212.40.185 - - [21/Oct/2024:13:39:55 -0300] "GET /cormun/servlet/solicitudotadjuntos?ebb6624ac8eb5712af9cc10ea865b93cb8a62c8aa9d1e29b81c96a6f64a9ff966c413356272be22caa50bfc0db33dc87,gx-no-cache=1729528733700 HTTP/1.1" 200 30
181.212.40.185 - - [21/Oct/2024:13:39:55 -0300] "POST /cormun/servlet/solicitudotadjuntos?447afb9ff471d877c8cec87688b2527a,INS,2024,21839,,1,,gx-no-cache=1729528733711 HTTP/1.1" 200 4192
181.212.40.185 - - [21/Oct/2024:13:39:57 -0300] "POST /cormun/servlet/solicitudotadjuntos?gx-no-cache=1729528735930 HTTP/1.1" 200 26
181.212.40.185 - - [21/Oct/2024:13:40:01 -0300] "GET /cormun/servlet/solicitudotadjuntos?ebb6624ac8eb5712af9cc10ea865b93c3f123f30d8b8b54f416a1a80bf128393,gx-no-cache=1729528740001 HTTP/1.1" 200 30
181.212.40.185 - - [21/Oct/2024:13:40:01 -0300] "GET /cormun/servlet/solicitudotadjuntos?ebb6624ac8eb5712af9cc10ea865b93c3f123f30d8b8b54f416a1a80bf128393,gx-no-cache=1729528740022 HTTP/1.1" 200 30
