181.212.40.185 - - [03/Oct/2024:08:27:14 -0300] "POST /cormun/servlet/hlogin?c9480ae12eefac1bfeafda242797a78e,gx-no-cache=1727954795518 HTTP/1.1" 200 90
181.212.40.185 - - [03/Oct/2024:08:27:14 -0300] "GET /cormun/servlet/hpexe_link HTTP/1.1" 200 954
181.212.40.185 - - [03/Oct/2024:08:27:14 -0300] "GET /cormun/servlet/trlicencias HTTP/1.1" 200 17303
190.171.143.82 - - [03/Oct/2024:08:27:57 -0300] "GET /cormun/servlet/trpermisosgoce? HTTP/1.1" 200 14939
190.171.143.82 - - [03/Oct/2024:08:28:11 -0300] "GET /cormun/static/menuarrow.gif HTTP/1.1" 404 1015
190.171.143.82 - - [03/Oct/2024:08:28:16 -0300] "POST /cormun/servlet/trpermisosgoce?4c286683f34cf125f6fbfcd5b5384cc5,,gx-no-cache=1727954857000 HTTP/1.1" 200 6081
190.171.143.82 - - [03/Oct/2024:08:29:16 -0300] "POST /cormun/servlet/trpermisosgoce?4c286683f34cf125f6fbfcd5b5384cc5,,gx-no-cache=1727954917725 HTTP/1.1" 200 5574
190.171.143.82 - - [03/Oct/2024:08:29:28 -0300] "POST /cormun/servlet/trpermisosgoce?4c286683f34cf125f6fbfcd5b5384cc5,,gx-no-cache=1727954929694 HTTP/1.1" 200 5748
190.171.153.26 - - [03/Oct/2024:08:29:32 -0300] "POST /cormun/servlet/trlicencias?4f214a02f7fc9eb0b2c36b7b758204ef,,gx-no-cache=1727954979562 HTTP/1.1" 200 8058
190.171.143.82 - - [03/Oct/2024:08:29:49 -0300] "POST /cormun/servlet/trpermisosgoce?4c286683f34cf125f6fbfcd5b5384cc5,,gx-no-cache=1727954950037 HTTP/1.1" 200 5329
190.171.143.82 - - [03/Oct/2024:08:30:07 -0300] "POST /cormun/servlet/trpermisosgoce?4c286683f34cf125f6fbfcd5b5384cc5,,gx-no-cache=1727954968157 HTTP/1.1" 200 5744
190.171.153.26 - - [03/Oct/2024:08:30:19 -0300] "POST /cormun/servlet/trlicencias?4f214a02f7fc9eb0b2c36b7b758204ef,,gx-no-cache=1727955026559 HTTP/1.1" 200 8066
190.171.143.82 - - [03/Oct/2024:08:30:32 -0300] "POST /cormun/servlet/trpermisosgoce?4c286683f34cf125f6fbfcd5b5384cc5,,gx-no-cache=1727954993396 HTTP/1.1" 200 5750
190.171.143.82 - - [03/Oct/2024:08:30:47 -0300] "POST /cormun/servlet/trpermisosgoce?4c286683f34cf125f6fbfcd5b5384cc5,,gx-no-cache=1727955008549 HTTP/1.1" 200 6106
190.171.143.82 - - [03/Oct/2024:08:31:14 -0300] "POST /cormun/servlet/trpermisosgoce?4c286683f34cf125f6fbfcd5b5384cc5,,gx-no-cache=1727955035229 HTTP/1.1" 200 5318
181.212.40.185 - - [03/Oct/2024:08:31:15 -0300] "GET /cormun/servlet/trpermisosgoce? HTTP/1.1" 200 19600
190.171.143.82 - - [03/Oct/2024:08:32:04 -0300] "POST /cormun/servlet/trpermisosgoce?4c286683f34cf125f6fbfcd5b5384cc5,,gx-no-cache=1727955085388 HTTP/1.1" 200 5746
190.171.143.82 - - [03/Oct/2024:08:32:18 -0300] "POST /cormun/servlet/trpermisosgoce?4c286683f34cf125f6fbfcd5b5384cc5,,gx-no-cache=1727955099109 HTTP/1.1" 200 6121
190.171.143.82 - - [03/Oct/2024:08:33:16 -0300] "POST /cormun/servlet/trpermisosgoce?4c286683f34cf125f6fbfcd5b5384cc5,,gx-no-cache=1727955157804 HTTP/1.1" 200 5941
181.212.40.185 - - [03/Oct/2024:08:33:23 -0300] "GET /cormun/servlet/permisogoce?INS,0,,, HTTP/1.1" 200 7082
181.212.40.185 - - [03/Oct/2024:08:33:30 -0300] "GET /cormun/servlet/permisogoce?86574376d856a5008c911712f7314bcb0036b21ae72339c89a7863b030ce30034f9521749e68116298ef4afb092f780a31627ff6b86086804016ab737f79c840,gx-no-cache=1727955171255 HTTP/1.1" 200 81
181.212.40.185 - - [03/Oct/2024:08:33:32 -0300] "GET /cormun/static/menuarrow.gif HTTP/1.1" 404 1015
201.186.225.191 - - [03/Oct/2024:08:33:33 -0300] "POST /cormun/servlet/vesolicitudot?83130d6fb2b312cba63dad20478bf865,2024,21534,,,gx-no-cache=1727955175784 HTTP/1.1" 200 93
201.186.225.191 - - [03/Oct/2024:08:33:33 -0300] "GET /cormun/servlet/hpexe_return? HTTP/1.1" 200 1007
201.186.225.191 - - [03/Oct/2024:08:33:33 -0300] "GET /cormun/static/gxcfg.js?20221129846035 HTTP/1.1" 200 953
201.186.225.191 - - [03/Oct/2024:08:33:33 -0300] "GET /cormun/static/hpexe_return.js?20221129846037 HTTP/1.1" 200 1633
201.186.225.191 - - [03/Oct/2024:08:33:34 -0300] "GET /cormun/servlet/trsolicitudot? HTTP/1.1" 200 10655
201.186.225.191 - - [03/Oct/2024:08:33:36 -0300] "GET /cormun/servlet/hlogin HTTP/1.1" 200 1733
181.212.40.185 - - [03/Oct/2024:08:33:44 -0300] "GET /cormun/servlet/permisogoce?86574376d856a5008c911712f7314bcb5df1218b59e5afb1c39c2c559000cec89a0bc19cd1d46f35bb02f47db2f348099797b82a9e03bfb29779b0179bd438e0,gx-no-cache=1727955185030 HTTP/1.1" 200 47
190.171.143.82 - - [03/Oct/2024:08:33:45 -0300] "POST /cormun/servlet/trpermisosgoce?4c286683f34cf125f6fbfcd5b5384cc5,,gx-no-cache=1727955186380 HTTP/1.1" 200 6286
181.212.40.185 - - [03/Oct/2024:08:34:15 -0300] "POST /cormun/servlet/permisogoce?c9480ae12eefac1bfeafda242797a78e,INS,0,,,,gx-no-cache=1727955216495 HTTP/1.1" 200 93
181.212.40.185 - - [03/Oct/2024:08:34:16 -0300] "GET /cormun/servlet/hpexe_return? HTTP/1.1" 200 1008
181.212.40.185 - - [03/Oct/2024:08:34:16 -0300] "GET /cormun/servlet/trpermisosgoce HTTP/1.1" 200 19684
181.212.40.185 - - [03/Oct/2024:08:34:22 -0300] "GET /cormun/servlet/trpermisosadjuntos?6862513,20241003083253,P, HTTP/1.1" 200 6530
181.212.40.185 - - [03/Oct/2024:08:34:37 -0300] "GET /cormun/servlet/permisosadjuntos?INS,6862513,P,20241003083253,, HTTP/1.1" 200 5855
181.212.40.185 - - [03/Oct/2024:08:34:38 -0300] "GET /cormun/static/about:blank HTTP/1.1" 404 1011
181.212.40.185 - - [03/Oct/2024:08:34:46 -0300] "POST /cormun/servlet/permisosadjuntos?c9480ae12eefac1bfeafda242797a78e,INS,6862513,P,20241003083253,, HTTP/1.1" 200 116
181.212.40.185 - - [03/Oct/2024:08:34:46 -0300] "GET /cormun/servlet/hpexe_return? HTTP/1.1" 200 1034
181.212.40.185 - - [03/Oct/2024:08:34:47 -0300] "GET /cormun/servlet/trpermisosadjuntos?6862513,20241003083253,P, HTTP/1.1" 200 7073
190.171.143.82 - - [03/Oct/2024:08:34:52 -0300] "POST /cormun/servlet/trpermisosgoce?4c286683f34cf125f6fbfcd5b5384cc5,,gx-no-cache=1727955253709 HTTP/1.1" 200 5930
190.171.143.82 - - [03/Oct/2024:08:35:08 -0300] "POST /cormun/servlet/trpermisosgoce?4c286683f34cf125f6fbfcd5b5384cc5,,gx-no-cache=1727955269628 HTTP/1.1" 200 6275
190.171.143.82 - - [03/Oct/2024:08:35:31 -0300] "POST /cormun/servlet/trpermisosgoce?4c286683f34cf125f6fbfcd5b5384cc5,,gx-no-cache=1727955292588 HTTP/1.1" 200 5760
190.171.143.82 - - [03/Oct/2024:08:35:46 -0300] "POST /cormun/servlet/trpermisosgoce?4c286683f34cf125f6fbfcd5b5384cc5,,gx-no-cache=1727955307828 HTTP/1.1" 200 6475
181.212.40.185 - - [03/Oct/2024:08:36:01 -0300] "POST /cormun/servlet/trpermisosadjuntos?c9480ae12eefac1bfeafda242797a78e,6862513,20241003083253,P,,gx-no-cache=1727955322815 HTTP/1.1" 200 90
181.212.40.185 - - [03/Oct/2024:08:36:02 -0300] "GET /cormun/servlet/hpexe_link HTTP/1.1" 200 981
181.212.40.185 - - [03/Oct/2024:08:36:02 -0300] "GET /cormun/servlet/trpermisosgoce HTTP/1.1" 200 19675
181.212.40.185 - - [03/Oct/2024:08:36:09 -0300] "POST /cormun/servlet/trpermisosgoce?c9480ae12eefac1bfeafda242797a78e,gx-no-cache=1727955329879 HTTP/1.1" 200 16981
181.212.40.185 - - [03/Oct/2024:08:36:09 -0300] "GET /cormun/static/Shared/jqueryui/images/ui-icons_82798d_256x240.png HTTP/1.1" 404 1089
181.212.40.185 - - [03/Oct/2024:08:36:09 -0300] "GET /cormun/static/Shared/jqueryui/images/ui-bg_highlight-soft_100_c6c2c8_1x100.png HTTP/1.1" 404 1117
181.212.40.185 - - [03/Oct/2024:08:36:09 -0300] "GET /cormun/static/Shared/jqueryui/images/ui-bg_flat_55_fafafa_40x100.png HTTP/1.1" 404 1097
181.212.40.185 - - [03/Oct/2024:08:36:09 -0300] "GET /cormun/static/Shared/jqueryui/images/ui-icons_8d78a5_256x240.png HTTP/1.1" 404 1089
190.171.143.82 - - [03/Oct/2024:08:36:45 -0300] "POST /cormun/servlet/trpermisosgoce?4c286683f34cf125f6fbfcd5b5384cc5,,gx-no-cache=1727955366684 HTTP/1.1" 200 4476
190.171.143.82 - - [03/Oct/2024:08:36:51 -0300] "POST /cormun/servlet/trpermisosgoce?4c286683f34cf125f6fbfcd5b5384cc5,,gx-no-cache=1727955372244 HTTP/1.1" 200 5555
190.171.143.82 - - [03/Oct/2024:08:37:10 -0300] "POST /cormun/servlet/trpermisosgoce?4c286683f34cf125f6fbfcd5b5384cc5,,gx-no-cache=1727955391436 HTTP/1.1" 200 5933
190.171.142.26 - - [03/Oct/2024:08:37:14 -0300] "GET /cormun/servlet/trpermisosgoce? HTTP/1.1" 200 6031
190.171.142.26 - - [03/Oct/2024:08:37:14 -0300] "GET /cormun/servlet/hlogin HTTP/1.1" 200 1740
190.171.142.26 - - [03/Oct/2024:08:37:23 -0300] "POST /cormun/servlet/hlogin?e299023a237cd9515f6305240f84f2f6,gx-no-cache=1727955404143 HTTP/1.1" 200 90
190.171.142.26 - - [03/Oct/2024:08:37:23 -0300] "GET /cormun/servlet/hpexe_link HTTP/1.1" 200 956
190.171.142.26 - - [03/Oct/2024:08:37:23 -0300] "GET /cormun/servlet/trpermisosgoce HTTP/1.1" 200 16541
190.171.143.82 - - [03/Oct/2024:08:37:26 -0300] "POST /cormun/servlet/trpermisosgoce?4c286683f34cf125f6fbfcd5b5384cc5,,gx-no-cache=1727955407443 HTTP/1.1" 200 5326
190.171.143.82 - - [03/Oct/2024:08:37:40 -0300] "POST /cormun/servlet/trpermisosgoce?4c286683f34cf125f6fbfcd5b5384cc5,,gx-no-cache=1727955421043 HTTP/1.1" 200 5552
190.171.143.82 - - [03/Oct/2024:08:37:50 -0300] "POST /cormun/servlet/trpermisosgoce?4c286683f34cf125f6fbfcd5b5384cc5,,gx-no-cache=1727955431844 HTTP/1.1" 200 6118
190.171.142.26 - - [03/Oct/2024:08:37:55 -0300] "GET /cormun/static/menuarrow.gif HTTP/1.1" 404 1015
190.171.142.26 - - [03/Oct/2024:08:38:16 -0300] "POST /cormun/servlet/trpermisosgoce?e299023a237cd9515f6305240f84f2f6,gx-no-cache=1727955457296 HTTP/1.1" 200 4204
190.171.143.82 - - [03/Oct/2024:08:38:18 -0300] "POST /cormun/servlet/trpermisosgoce?4c286683f34cf125f6fbfcd5b5384cc5,,gx-no-cache=1727955458627 HTTP/1.1" 200 6143
190.171.142.26 - - [03/Oct/2024:08:38:34 -0300] "POST /cormun/servlet/trpermisosgoce?e299023a237cd9515f6305240f84f2f6,gx-no-cache=1727955475429 HTTP/1.1" 200 8948
181.212.42.153 - - [03/Oct/2024:08:40:05 -0300] "GET /cormun/servlet/trpermisosgoce? HTTP/1.1" 200 6030
181.212.42.153 - - [03/Oct/2024:08:40:05 -0300] "GET /cormun/static/gxcfg.js?2020121631564 HTTP/1.1" 200 953
181.212.42.153 - - [03/Oct/2024:08:40:05 -0300] "GET /cormun/static/trpermisosgoce.js?2020121633681 HTTP/1.1" 200 35904
181.212.42.153 - - [03/Oct/2024:08:40:06 -0300] "GET /cormun/servlet/hlogin HTTP/1.1" 200 1739
181.212.42.153 - - [03/Oct/2024:08:40:06 -0300] "GET /cormun/servlet/trpermisosgoce? HTTP/1.1" 200 6026
181.212.42.153 - - [03/Oct/2024:08:40:10 -0300] "POST /cormun/servlet/hlogin?b62f3aeec9d77bb6b5546a044a36f616,gx-no-cache=1727955572209 HTTP/1.1" 200 90
181.212.42.153 - - [03/Oct/2024:08:40:10 -0300] "GET /cormun/servlet/hpexe_link HTTP/1.1" 200 951
181.212.42.153 - - [03/Oct/2024:08:40:10 -0300] "GET /cormun/servlet/hhome HTTP/1.1" 200 3963
181.212.42.153 - - [03/Oct/2024:08:40:12 -0300] "GET /cormun/servlet/trpermisosgoce? HTTP/1.1" 200 15413
181.212.42.153 - - [03/Oct/2024:08:40:14 -0300] "GET /cormun/servlet/permisogoce?INS,0,,, HTTP/1.1" 200 6828
181.212.42.153 - - [03/Oct/2024:08:40:14 -0300] "GET /cormun/static/gxcfg.js?20201215124560 HTTP/1.1" 200 953
181.212.42.153 - - [03/Oct/2024:08:40:14 -0300] "GET /cormun/static/permisogoce.js?20201215124939 HTTP/1.1" 200 27790
181.212.42.153 - - [03/Oct/2024:08:40:21 -0300] "GET /cormun/servlet/permisogoce?16aeba09ca184862cedad02557b3d68a9187df5234927eb3915c2b5260168f4749f775e895a44ea6355f81e94beda6e4413ecc8ef3b9593c72304aa92c7a5474,gx-no-cache=1727955583506 HTTP/1.1" 200 77
181.212.42.153 - - [03/Oct/2024:08:40:22 -0300] "GET /cormun/static/menuarrow.gif HTTP/1.1" 404 1015
181.212.42.153 - - [03/Oct/2024:08:40:28 -0300] "GET /cormun/servlet/permisogoce?16aeba09ca184862cedad02557b3d68ac901414958078941c983f5ba68068ffc48b5537c4fd71dad8f4f01ac6580702e9d0b8fe01aec555c0abf8667e4db4583,gx-no-cache=1727955590676 HTTP/1.1" 200 48
181.212.42.153 - - [03/Oct/2024:08:40:30 -0300] "POST /cormun/servlet/permisogoce?b62f3aeec9d77bb6b5546a044a36f616,INS,0,,,,gx-no-cache=1727955591357 HTTP/1.1" 200 93
181.212.42.153 - - [03/Oct/2024:08:40:30 -0300] "GET /cormun/servlet/hpexe_return? HTTP/1.1" 200 1009
181.212.42.153 - - [03/Oct/2024:08:40:30 -0300] "GET /cormun/servlet/trpermisosgoce HTTP/1.1" 200 15645
181.212.42.153 - - [03/Oct/2024:08:40:32 -0300] "GET /cormun/servlet/apermisogoceprn?17525997,P,20241003083945,PU HTTP/1.1" 200 1649
181.212.42.153 - - [03/Oct/2024:08:40:50 -0300] "GET /cormun/servlet/permisogoce?INS,0,,, HTTP/1.1" 200 6828
181.212.42.153 - - [03/Oct/2024:08:40:55 -0300] "GET /cormun/servlet/permisogoce?16aeba09ca184862cedad02557b3d68a8db847a225bf55d1108e5ade53cf207d49f775e895a44ea6355f81e94beda6e4413ecc8ef3b9593c72304aa92c7a5474,gx-no-cache=1727955617090 HTTP/1.1" 200 78
190.171.143.82 - - [03/Oct/2024:08:40:59 -0300] "POST /cormun/servlet/trpermisosgoce?4c286683f34cf125f6fbfcd5b5384cc5,,gx-no-cache=1727955620779 HTTP/1.1" 200 5556
181.212.42.153 - - [03/Oct/2024:08:41:05 -0300] "GET /cormun/servlet/permisogoce?16aeba09ca184862cedad02557b3d68aa36bfda019acefbccaa2105f0898a14161e9785b995042bd5fc77f2e504d63e19d0b8fe01aec555c0abf8667e4db4583,gx-no-cache=1727955627485 HTTP/1.1" 200 47
181.212.42.153 - - [03/Oct/2024:08:41:06 -0300] "POST /cormun/servlet/permisogoce?b62f3aeec9d77bb6b5546a044a36f616,INS,0,,,,gx-no-cache=1727955628350 HTTP/1.1" 200 93
181.212.42.153 - - [03/Oct/2024:08:41:06 -0300] "GET /cormun/servlet/hpexe_return? HTTP/1.1" 200 1009
181.212.42.153 - - [03/Oct/2024:08:41:07 -0300] "GET /cormun/servlet/trpermisosgoce HTTP/1.1" 200 15908
181.212.42.153 - - [03/Oct/2024:08:41:09 -0300] "GET /cormun/servlet/apermisogoceprn?15995643,P,20241003084021,PU HTTP/1.1" 200 1659
190.171.143.82 - - [03/Oct/2024:08:41:16 -0300] "POST /cormun/servlet/trpermisosgoce?4c286683f34cf125f6fbfcd5b5384cc5,,gx-no-cache=1727955636899 HTTP/1.1" 200 5557
181.212.42.153 - - [03/Oct/2024:08:41:25 -0300] "GET /cormun/servlet/permisogoce?INS,0,,, HTTP/1.1" 200 6828
181.212.42.153 - - [03/Oct/2024:08:41:32 -0300] "GET /cormun/servlet/permisogoce?16aeba09ca184862cedad02557b3d68a4317bbfb2e0a75e254b4a0ee1b93c52949f775e895a44ea6355f81e94beda6e4413ecc8ef3b9593c72304aa92c7a5474,gx-no-cache=1727955654225 HTTP/1.1" 200 73
190.171.143.82 - - [03/Oct/2024:08:41:35 -0300] "POST /cormun/servlet/trpermisosgoce?4c286683f34cf125f6fbfcd5b5384cc5,,gx-no-cache=1727955656459 HTTP/1.1" 200 5914
181.212.42.153 - - [03/Oct/2024:08:41:43 -0300] "GET /cormun/servlet/permisogoce?16aeba09ca184862cedad02557b3d68aaf53173a796c55055295f1e937971d7b7f4024a11b643fd28083de308e5868b89d0b8fe01aec555c0abf8667e4db4583,gx-no-cache=1727955665193 HTTP/1.1" 200 47
181.212.42.153 - - [03/Oct/2024:08:41:44 -0300] "POST /cormun/servlet/permisogoce?b62f3aeec9d77bb6b5546a044a36f616,INS,0,,,,gx-no-cache=1727955666229 HTTP/1.1" 200 93
181.212.42.153 - - [03/Oct/2024:08:41:44 -0300] "GET /cormun/servlet/hpexe_return? HTTP/1.1" 200 1009
181.212.42.153 - - [03/Oct/2024:08:41:44 -0300] "GET /cormun/servlet/trpermisosgoce HTTP/1.1" 200 16141
190.171.149.74 - - [03/Oct/2024:08:41:45 -0300] "GET /cormun/static/menuarrow.gif HTTP/1.1" 404 1015
181.212.42.153 - - [03/Oct/2024:08:41:48 -0300] "GET /cormun/servlet/apermisogoceprn?20210678,P,20241003084056,PU HTTP/1.1" 200 1645
190.171.143.82 - - [03/Oct/2024:08:41:54 -0300] "POST /cormun/servlet/trpermisosgoce?4c286683f34cf125f6fbfcd5b5384cc5,,gx-no-cache=1727955675107 HTTP/1.1" 200 5723
190.171.143.82 - - [03/Oct/2024:08:42:11 -0300] "POST /cormun/servlet/trpermisosgoce?4c286683f34cf125f6fbfcd5b5384cc5,,gx-no-cache=1727955692035 HTTP/1.1" 200 5935
190.171.143.82 - - [03/Oct/2024:08:42:31 -0300] "POST /cormun/servlet/trpermisosgoce?4c286683f34cf125f6fbfcd5b5384cc5,,gx-no-cache=1727955712003 HTTP/1.1" 200 5728
190.171.143.82 - - [03/Oct/2024:08:42:43 -0300] "POST /cormun/servlet/trpermisosgoce?4c286683f34cf125f6fbfcd5b5384cc5,,gx-no-cache=1727955724179 HTTP/1.1" 200 5729
190.171.143.82 - - [03/Oct/2024:08:42:44 -0300] "POST /cormun/servlet/trpermisosgoce?4c286683f34cf125f6fbfcd5b5384cc5,,gx-no-cache=1727955725618 HTTP/1.1" 200 5729
190.171.143.82 - - [03/Oct/2024:08:42:45 -0300] "POST /cormun/servlet/trpermisosgoce?4c286683f34cf125f6fbfcd5b5384cc5,,gx-no-cache=1727955726291 HTTP/1.1" 200 5729
190.171.143.82 - - [03/Oct/2024:08:42:46 -0300] "POST /cormun/servlet/trpermisosgoce?4c286683f34cf125f6fbfcd5b5384cc5,,gx-no-cache=1727955726947 HTTP/1.1" 200 5730
181.212.42.153 - - [03/Oct/2024:08:43:05 -0300] "GET /cormun/servlet/permisogoce?INS,0,,, HTTP/1.1" 200 6828
181.212.42.153 - - [03/Oct/2024:08:43:10 -0300] "GET /cormun/servlet/permisogoce?16aeba09ca184862cedad02557b3d68a29007a0ca206592b18e1b2665f1df66049f775e895a44ea6355f81e94beda6e4413ecc8ef3b9593c72304aa92c7a5474,gx-no-cache=1727955752748 HTTP/1.1" 200 87
190.171.143.82 - - [03/Oct/2024:08:43:17 -0300] "POST /cormun/servlet/trpermisosgoce?4c286683f34cf125f6fbfcd5b5384cc5,,gx-no-cache=1727955758275 HTTP/1.1" 200 16049
190.171.143.82 - - [03/Oct/2024:08:43:27 -0300] "POST /cormun/servlet/trpermisosgoce?4c286683f34cf125f6fbfcd5b5384cc5,,gx-no-cache=1727955767444 HTTP/1.1" 200 15981
190.171.143.82 - - [03/Oct/2024:08:43:29 -0300] "POST /cormun/servlet/trpermisosgoce?4c286683f34cf125f6fbfcd5b5384cc5,,gx-no-cache=1727955770180 HTTP/1.1" 200 16035
190.171.143.82 - - [03/Oct/2024:08:43:33 -0300] "POST /cormun/servlet/trpermisosgoce?4c286683f34cf125f6fbfcd5b5384cc5,,gx-no-cache=1727955773868 HTTP/1.1" 200 16050
190.171.143.82 - - [03/Oct/2024:08:43:44 -0300] "GET /cormun/servlet/permisogoce?INS,0,,, HTTP/1.1" 200 7157
190.171.143.82 - - [03/Oct/2024:08:44:00 -0300] "GET /cormun/servlet/permisogoce?fcca300aeecd14aa1c9a0e645e5e09318fc8cd3125486d09e7f1bb24aa1716895531da7b1f6d2772f1a4c8225903450e11d5f1cfa776521377d75dc3c9587c93,gx-no-cache=1727955801175 HTTP/1.1" 200 78
190.171.143.82 - - [03/Oct/2024:08:44:31 -0300] "GET /cormun/servlet/permisogoce?fcca300aeecd14aa1c9a0e645e5e093113071a8fd1300e07622fb43fe81748c8b0a88d521a29779a4ca236d8db02b1d34650b5990a5ee5810c5e6c6fbed0b52e,gx-no-cache=1727955832686 HTTP/1.1" 200 47
190.171.143.82 - - [03/Oct/2024:08:44:34 -0300] "POST /cormun/servlet/permisogoce?4c286683f34cf125f6fbfcd5b5384cc5,INS,0,,,,gx-no-cache=1727955834579 HTTP/1.1" 200 93
190.171.143.82 - - [03/Oct/2024:08:44:34 -0300] "GET /cormun/servlet/hpexe_return? HTTP/1.1" 200 1010
190.171.143.82 - - [03/Oct/2024:08:44:34 -0300] "GET /cormun/servlet/trpermisosgoce? HTTP/1.1" 200 18773
190.171.143.82 - - [03/Oct/2024:08:44:38 -0300] "GET /cormun/servlet/permisogoce?INS,0,,, HTTP/1.1" 200 7158
190.171.143.82 - - [03/Oct/2024:08:44:46 -0300] "GET /cormun/servlet/permisogoce?fcca300aeecd14aa1c9a0e645e5e0931c183e41b91a503d29abb4b8b49d169c15531da7b1f6d2772f1a4c8225903450e11d5f1cfa776521377d75dc3c9587c93,gx-no-cache=1727955847604 HTTP/1.1" 200 78
190.171.143.82 - - [03/Oct/2024:08:44:54 -0300] "GET /cormun/servlet/permisogoce?fcca300aeecd14aa1c9a0e645e5e093130f32300d12eb21f993be7f2b3737a83a2eb29a91993d826d5e6d2c0c814945b4650b5990a5ee5810c5e6c6fbed0b52e,gx-no-cache=1727955855005 HTTP/1.1" 200 47
190.171.143.82 - - [03/Oct/2024:08:44:57 -0300] "POST /cormun/servlet/permisogoce?4c286683f34cf125f6fbfcd5b5384cc5,INS,0,,,,gx-no-cache=1727955857828 HTTP/1.1" 200 93
190.171.143.82 - - [03/Oct/2024:08:44:57 -0300] "GET /cormun/servlet/hpexe_return? HTTP/1.1" 200 1010
190.171.143.82 - - [03/Oct/2024:08:44:57 -0300] "GET /cormun/servlet/trpermisosgoce HTTP/1.1" 200 18768
190.171.143.82 - - [03/Oct/2024:08:45:01 -0300] "GET /cormun/servlet/apermisogoceprn?17134240,P,20241003084409,PU HTTP/1.1" 200 1653
190.171.149.74 - - [03/Oct/2024:08:45:39 -0300] "POST /cormun/servlet/trlicencias?a2b1628478fb671626c72933dff1ffc2,,gx-no-cache=1727955898096 HTTP/1.1" 440 972
190.171.149.74 - - [03/Oct/2024:08:45:40 -0300] "GET /cormun/servlet/trlicencias? HTTP/1.1" 200 6044
190.171.149.74 - - [03/Oct/2024:08:45:40 -0300] "GET /cormun/servlet/hlogin HTTP/1.1" 200 1734
190.171.149.74 - - [03/Oct/2024:08:45:45 -0300] "POST /cormun/servlet/hlogin?ff748e8dd5e3ba14665bd0b35ca43de1,gx-no-cache=1727955904318 HTTP/1.1" 200 453
190.171.149.74 - - [03/Oct/2024:08:45:52 -0300] "POST /cormun/servlet/hlogin?ff748e8dd5e3ba14665bd0b35ca43de1,gx-no-cache=1727955911357 HTTP/1.1" 200 90
190.171.149.74 - - [03/Oct/2024:08:45:52 -0300] "GET /cormun/servlet/hpexe_link HTTP/1.1" 200 954
190.171.149.74 - - [03/Oct/2024:08:45:52 -0300] "GET /cormun/servlet/trlicencias HTTP/1.1" 200 13220
190.171.149.74 - - [03/Oct/2024:08:45:58 -0300] "GET /cormun/static/menuarrow.gif HTTP/1.1" 404 1015
190.171.143.82 - - [03/Oct/2024:08:46:08 -0300] "GET /cormun/servlet/apermisogoceprn?17652402,P,20241003084315,PU HTTP/1.1" 200 1649
190.171.149.74 - - [03/Oct/2024:08:46:18 -0300] "POST /cormun/servlet/trlicencias?ff748e8dd5e3ba14665bd0b35ca43de1,gx-no-cache=1727955936751 HTTP/1.1" 200 6032
190.171.149.74 - - [03/Oct/2024:08:46:21 -0300] "GET /cormun/servlet/licenciaspermisos?INS,0,,, HTTP/1.1" 200 7592
190.171.149.74 - - [03/Oct/2024:08:46:21 -0300] "GET /cormun/static/gxcfg.js?202012153173 HTTP/1.1" 200 953
190.171.149.74 - - [03/Oct/2024:08:46:21 -0300] "GET /cormun/static/licenciaspermisos.js?2020121532136 HTTP/1.1" 200 38753
190.95.15.15 - - [03/Oct/2024:08:46:23 -0300] "GET /cormun/servlet/hlogin HTTP/1.1" 200 1713
190.171.149.74 - - [03/Oct/2024:08:46:23 -0300] "POST /cormun/servlet/licenciaspermisos?ff748e8dd5e3ba14665bd0b35ca43de1,INS,0,,,,gx-no-cache=1727955942151 HTTP/1.1" 200 93
190.171.149.74 - - [03/Oct/2024:08:46:23 -0300] "GET /cormun/servlet/hpexe_return? HTTP/1.1" 200 1032
190.171.149.74 - - [03/Oct/2024:08:46:23 -0300] "GET /cormun/servlet/trlicencias?gx-no-cache=1727955936751 HTTP/1.1" 200 8726
190.171.149.74 - - [03/Oct/2024:08:46:25 -0300] "POST /cormun/servlet/trlicencias?ff748e8dd5e3ba14665bd0b35ca43de1,gx-no-cache=1727955936751,gx-no-cache=1727955944417 HTTP/1.1" 200 100
190.171.149.74 - - [03/Oct/2024:08:46:25 -0300] "POST /cormun/servlet/trlicencias?ff748e8dd5e3ba14665bd0b35ca43de1,gx-no-cache=1727955936751,gx-no-cache=1727955944485 HTTP/1.1" 200 6011
190.171.149.74 - - [03/Oct/2024:08:46:25 -0300] "GET /cormun/Licencias-319.xls HTTP/1.1" 200 6144
190.95.15.15 - - [03/Oct/2024:08:46:31 -0300] "POST /cormun/servlet/hlogin?7667f66fbfd65174072ff4d7f9964ffc,gx-no-cache=1727955954042 HTTP/1.1" 200 90
190.95.15.15 - - [03/Oct/2024:08:46:31 -0300] "GET /cormun/servlet/hpexe_link HTTP/1.1" 200 945
190.95.15.15 - - [03/Oct/2024:08:46:31 -0300] "GET /cormun/servlet/hhome HTTP/1.1" 200 3966
190.95.15.15 - - [03/Oct/2024:08:46:33 -0300] "GET /cormun/servlet/trlicencias? HTTP/1.1" 200 12129
190.171.143.82 - - [03/Oct/2024:08:46:50 -0300] "POST /cormun/servlet/trpermisosgoce?4c286683f34cf125f6fbfcd5b5384cc5,gx-no-cache=1727955971111 HTTP/1.1" 200 5937
190.171.143.98 - - [03/Oct/2024:08:47:14 -0300] "GET /cormun/servlet/hlogin HTTP/1.1" 200 1714
190.171.143.98 - - [03/Oct/2024:08:47:14 -0300] "GET /cormun/servlet/hlogin HTTP/1.1" 200 1725
190.171.143.98 - - [03/Oct/2024:08:47:21 -0300] "POST /cormun/servlet/hlogin?83fa86acf83f90ae63406c5c2f5a7521,gx-no-cache=1727956002067 HTTP/1.1" 200 90
190.171.143.98 - - [03/Oct/2024:08:47:21 -0300] "GET /cormun/servlet/hpexe_link HTTP/1.1" 200 944
190.171.143.98 - - [03/Oct/2024:08:47:22 -0300] "GET /cormun/servlet/hhome HTTP/1.1" 200 4305
190.171.143.98 - - [03/Oct/2024:08:47:33 -0300] "GET /cormun/servlet/trlicencias? HTTP/1.1" 200 11837
190.171.143.98 - - [03/Oct/2024:08:47:50 -0300] "GET /cormun/servlet/alicenciaprn?8144635,L,20241001000000,PU HTTP/1.1" 200 1535
190.171.143.98 - - [03/Oct/2024:08:47:50 -0300] "GET /cormun/servlet/alicenciaprn?8144635,L,20241001000000,PU HTTP/1.1" 200 1536
190.171.143.98 - - [03/Oct/2024:08:48:15 -0300] "GET /cormun/servlet/alicenciaprn?17503462,L,20240928000000,PU HTTP/1.1" 200 1540
190.171.143.98 - - [03/Oct/2024:08:48:16 -0300] "GET /cormun/servlet/alicenciaprn?17503462,L,20240928000000,PU HTTP/1.1" 200 1538
190.171.143.82 - - [03/Oct/2024:08:48:52 -0300] "POST /cormun/servlet/trpermisosgoce?4c286683f34cf125f6fbfcd5b5384cc5,gx-no-cache=1727956093443 HTTP/1.1" 200 5946
190.171.142.42 - - [03/Oct/2024:08:49:12 -0300] "GET /cormun/servlet/trpermisosgoce? HTTP/1.1" 200 16861
190.171.142.42 - - [03/Oct/2024:08:49:12 -0300] "GET /cormun/servlet/trpermisosgoce? HTTP/1.1" 200 16861
190.171.142.42 - - [03/Oct/2024:08:49:15 -0300] "GET /cormun/servlet/permisogoce?INS,0,,, HTTP/1.1" 200 6768
190.171.142.42 - - [03/Oct/2024:08:49:37 -0300] "GET /cormun/servlet/permisogoce?1c041ed4843da7e99b06282b4ecdbf2bc87e6ba1ce442a007ec9e4f6120d7ea1918506483e86dfe9940f99b5d55a68fa1186f4617f21a353cb8ab90620e61d38,gx-no-cache=1727956138775 HTTP/1.1" 200 84
190.171.142.42 - - [03/Oct/2024:08:49:38 -0300] "GET /cormun/static/menuarrow.gif HTTP/1.1" 404 1015
190.171.142.42 - - [03/Oct/2024:08:49:44 -0300] "GET /cormun/servlet/permisogoce?1c041ed4843da7e99b06282b4ecdbf2bc39e759e25327a7167801513344044d52dc76c7ab9711444e41ce51dc8046285525b93d9c35defc9c62585ddbd2d2a6b,gx-no-cache=1727956145724 HTTP/1.1" 200 47
190.171.142.42 - - [03/Oct/2024:08:49:47 -0300] "POST /cormun/servlet/permisogoce?5525f4604cba845fcac095eb543c3c3e,INS,0,,,,gx-no-cache=1727956148370 HTTP/1.1" 200 93
190.171.142.42 - - [03/Oct/2024:08:49:47 -0300] "GET /cormun/servlet/hpexe_return? HTTP/1.1" 200 1007
190.171.142.42 - - [03/Oct/2024:08:49:48 -0300] "GET /cormun/servlet/trpermisosgoce HTTP/1.1" 200 17027
190.171.142.42 - - [03/Oct/2024:08:49:53 -0300] "GET /cormun/servlet/permisogoce?INS,0,,, HTTP/1.1" 200 6770
190.171.143.82 - - [03/Oct/2024:08:49:56 -0300] "POST /cormun/servlet/trpermisosgoce?4c286683f34cf125f6fbfcd5b5384cc5,gx-no-cache=1727956157347 HTTP/1.1" 200 6106
190.171.142.42 - - [03/Oct/2024:08:50:00 -0300] "GET /cormun/servlet/permisogoce?1c041ed4843da7e99b06282b4ecdbf2b56736c910147a9fa4a873fe73cb60c96918506483e86dfe9940f99b5d55a68fa1186f4617f21a353cb8ab90620e61d38,gx-no-cache=1727956161506 HTTP/1.1" 200 79
190.171.143.98 - - [03/Oct/2024:08:50:02 -0300] "GET /cormun/servlet/alicenciaprn?17504792,L,20240925000000,PU HTTP/1.1" 200 1552
190.171.143.98 - - [03/Oct/2024:08:50:02 -0300] "GET /cormun/servlet/alicenciaprn?17504792,L,20240925000000,PU HTTP/1.1" 200 1552
190.171.143.82 - - [03/Oct/2024:08:50:16 -0300] "POST /cormun/servlet/trpermisosgoce?4c286683f34cf125f6fbfcd5b5384cc5,gx-no-cache=1727956177106 HTTP/1.1" 200 6118
190.171.142.42 - - [03/Oct/2024:08:50:17 -0300] "GET /cormun/servlet/permisogoce?1c041ed4843da7e99b06282b4ecdbf2b5244be678e0f641c8d34b91e07b9974b81e0ab5a3f9600338fabfad7fafc9763f65d0ac1b34ce453acbfeb852611d259,gx-no-cache=1727956177916 HTTP/1.1" 200 47
190.171.142.42 - - [03/Oct/2024:08:50:20 -0300] "POST /cormun/servlet/permisogoce?5525f4604cba845fcac095eb543c3c3e,INS,0,,,,gx-no-cache=1727956180708 HTTP/1.1" 200 93
190.171.142.42 - - [03/Oct/2024:08:50:20 -0300] "GET /cormun/servlet/hpexe_return? HTTP/1.1" 200 1007
190.171.142.42 - - [03/Oct/2024:08:50:20 -0300] "GET /cormun/servlet/trpermisosgoce HTTP/1.1" 200 17259
190.171.149.74 - - [03/Oct/2024:08:50:53 -0300] "GET /cormun/servlet/trpermisosgoce? HTTP/1.1" 200 14165
190.171.143.82 - - [03/Oct/2024:08:50:58 -0300] "POST /cormun/servlet/trpermisosgoce?4c286683f34cf125f6fbfcd5b5384cc5,gx-no-cache=1727956219068 HTTP/1.1" 200 5744
190.171.152.234 - - [03/Oct/2024:08:51:06 -0300] "½¹½¡imÎ ½ÂÖu®g]õútýÇ<ø“âòm#/ ¥ÕÔb=«°c׿׆ß1ö~SÀpúØ{zJЇEQ!1 **À+À/À,À0̨̩ÀÀœ/5Pšš#servicioos.cormun.cl" 400 -
190.171.152.234 - - [03/Oct/2024:08:51:06 -0300] "¹-&¥VöV³˜ÈüÇáb>Bg%Åyìÿkêr  7Ž…Óe‰SGYÜ­£¹œ6`Øí7B…‹» ã~-& jjÀ+À/À,À0̨̩ÀÀœ/5°úúþ g ÿ‚1-…oÁ" 400 -
190.171.152.234 - - [03/Oct/2024:08:51:06 -0300] "GET /cormun/servlet/hlogin HTTP/1.1" 200 1724
190.171.152.234 - - [03/Oct/2024:08:51:09 -0300] "GET /cormun/static/gxtimezone.js?85251 HTTP/1.1" 200 5781
190.171.152.234 - - [03/Oct/2024:08:51:09 -0300] "GET /cormun/static/gxcfg.js?2022112219184450 HTTP/1.1" 200 953
190.171.152.234 - - [03/Oct/2024:08:51:09 -0300] "GET /cormun/static/Resources/CormunLogin.png HTTP/1.1" 200 19132
190.171.152.234 - - [03/Oct/2024:08:51:09 -0300] "GET /cormun/static/messages.spa.js?85251 HTTP/1.1" 200 30736
190.171.152.234 - - [03/Oct/2024:08:51:09 -0300] "GET /cormun/static/Resources/Spanish/PXTools.css?1759030 HTTP/1.1" 200 100853
190.171.152.234 - - [03/Oct/2024:08:51:09 -0300] "GET /cormun/static/gxgral.js?85251 HTTP/1.1" 200 384558
190.171.152.234 - - [03/Oct/2024:08:51:09 -0300] "GET /cormun/static/hlogin.js?2022112219184458 HTTP/1.1" 200 2156
190.171.152.234 - - [03/Oct/2024:08:51:09 -0300] "GET /cormun/static/Resources/PXToolsLoginBackground.png HTTP/1.1" 200 1164
190.171.152.234 - - [03/Oct/2024:08:51:09 -0300] "GET /cormun/static/Resources/PXToolsLoginTop.png HTTP/1.1" 200 1337
190.171.152.234 - - [03/Oct/2024:08:51:09 -0300] "GET /cormun/static/Resources/PXToolsButtonLeft.png HTTP/1.1" 200 1310
190.171.152.234 - - [03/Oct/2024:08:51:09 -0300] "GET /cormun/static/Resources/PXToolsButtonBackground.png HTTP/1.1" 200 1176
190.171.152.234 - - [03/Oct/2024:08:51:09 -0300] "GET /cormun/static/Resources/PXToolsButtonRight.png HTTP/1.1" 200 1294
190.171.152.234 - - [03/Oct/2024:08:51:09 -0300] "GET /cormun/static/Resources/PXToolsLoginBottom.png HTTP/1.1" 200 1389
190.171.152.234 - - [03/Oct/2024:08:51:09 -0300] "GET /cormun/static/Resources/indicator.gif HTTP/1.1" 200 1553
190.171.152.234 - - [03/Oct/2024:08:51:09 -0300] "GET /cormun/servlet/hlogin HTTP/1.1" 200 1735
190.171.152.234 - - [03/Oct/2024:08:51:10 -0300] "GET /favicon.ico HTTP/1.1" 200 21630
190.171.152.234 - - [03/Oct/2024:08:51:26 -0300] "POST /cormun/servlet/hlogin?6e8afc4d214e9f0b6462d88547283dd6,gx-no-cache=1727956247529 HTTP/1.1" 200 90
190.171.152.234 - - [03/Oct/2024:08:51:26 -0300] "GET /cormun/servlet/hpexe_link HTTP/1.1" 200 954
190.171.152.234 - - [03/Oct/2024:08:51:26 -0300] "GET /cormun/static/gxcfg.js?20221129847421 HTTP/1.1" 200 953
190.171.152.234 - - [03/Oct/2024:08:51:26 -0300] "GET /cormun/static/hpexe_link.js?20221129847423 HTTP/1.1" 200 625
190.171.152.234 - - [03/Oct/2024:08:51:26 -0300] "GET /cormun/static/Resources/Spanish/PXTools.css?8354383 HTTP/1.1" 200 100853
190.171.152.234 - - [03/Oct/2024:08:51:27 -0300] "GET /cormun/servlet/hhome HTTP/1.1" 200 4289
190.171.152.234 - - [03/Oct/2024:08:51:27 -0300] "GET /cormun/static/Resources/Spanish/PXTools.css?14345360 HTTP/1.1" 200 100853
190.171.152.234 - - [03/Oct/2024:08:51:27 -0300] "GET /cormun/static/SmoothNavMenu/resources/ddsmoothmenu.css?1112540 HTTP/1.1" 200 2223
190.171.152.234 - - [03/Oct/2024:08:51:27 -0300] "GET /cormun/static/SmoothNavMenu/resources/ddsmoothmenu-v.css?1112540 HTTP/1.1" 200 1188
190.171.152.234 - - [03/Oct/2024:08:51:27 -0300] "GET /cormun/static/scaMessage/css/jquery.pnotify.default.css?1816380 HTTP/1.1" 200 1707
190.171.152.234 - - [03/Oct/2024:08:51:27 -0300] "GET /cormun/static/gxcfg.js?20201215495537 HTTP/1.1" 200 953
190.171.152.234 - - [03/Oct/2024:08:51:27 -0300] "GET /cormun/static/Shared/jqueryui/jquery-ui.min.css?1345370 HTTP/1.1" 200 30288
190.171.152.234 - - [03/Oct/2024:08:51:27 -0300] "GET /cormun/static/PXToolsJavascripts/pexe_autoreload.js HTTP/1.1" 200 1762
190.171.152.234 - - [03/Oct/2024:08:51:27 -0300] "GET /cormun/static/PXToolsJavascripts/pexe_cookies.js HTTP/1.1" 200 792
190.171.152.234 - - [03/Oct/2024:08:51:27 -0300] "GET /cormun/static/PXToolsJavascripts/pexe_windows.js HTTP/1.1" 200 15249
190.171.152.234 - - [03/Oct/2024:08:51:27 -0300] "GET /cormun/static/PXToolsJavascripts/pexe_grid.js HTTP/1.1" 200 7559
190.171.152.234 - - [03/Oct/2024:08:51:27 -0300] "GET /cormun/static/PXToolsJavascripts/pexe_griddivfix.js HTTP/1.1" 200 6946
190.171.152.234 - - [03/Oct/2024:08:51:27 -0300] "GET /cormun/static/PXToolsJavascripts/pexe_link.js HTTP/1.1" 200 5671
190.171.152.234 - - [03/Oct/2024:08:51:27 -0300] "GET /cormun/static/PXToolsJavascripts/pexe_menudivfix.js HTTP/1.1" 200 333
190.171.152.234 - - [03/Oct/2024:08:51:27 -0300] "GET /cormun/static/PXToolsJavascripts/pexe_menus.js HTTP/1.1" 200 1286
190.171.152.234 - - [03/Oct/2024:08:51:27 -0300] "GET /cormun/static/PXToolsJavascripts/pexe_layers.js HTTP/1.1" 200 4114
190.171.152.234 - - [03/Oct/2024:08:51:27 -0300] "GET /cormun/static/PXToolsJavascripts/pexe_oav.js HTTP/1.1" 200 645
190.171.152.234 - - [03/Oct/2024:08:51:27 -0300] "GET /cormun/static/PXToolsJavascripts/pexe_oavdivfix.js HTTP/1.1" 200 639
190.171.152.234 - - [03/Oct/2024:08:51:27 -0300] "GET /cormun/static/PXToolsJavascripts/pexe_scrolldiv.js HTTP/1.1" 200 4138
190.171.152.234 - - [03/Oct/2024:08:51:27 -0300] "GET /cormun/static/PXToolsJavascripts/pexe_popup.js HTTP/1.1" 200 15149
190.171.152.234 - - [03/Oct/2024:08:51:27 -0300] "GET /cormun/static/PXToolsJavascripts/pexe_tabs.js HTTP/1.1" 200 3748
190.171.152.234 - - [03/Oct/2024:08:51:27 -0300] "GET /cormun/static/PXToolsJavascripts/pexe_upload.js HTTP/1.1" 200 1423
190.171.152.234 - - [03/Oct/2024:08:51:27 -0300] "GET /cormun/static/PXToolsJavascripts/pexe_tabdivfix.js HTTP/1.1" 200 898
190.171.152.234 - - [03/Oct/2024:08:51:27 -0300] "GET /cormun/static/PXToolsJavascripts/pexe_picture.js HTTP/1.1" 200 689
190.171.152.234 - - [03/Oct/2024:08:51:27 -0300] "GET /cormun/static/PXToolsJavascripts/PXToolsJavascriptsRender.js HTTP/1.1" 200 367
190.171.152.234 - - [03/Oct/2024:08:51:27 -0300] "GET /cormun/static/Resources/CormunMP2.png HTTP/1.1" 200 6878
190.171.152.234 - - [03/Oct/2024:08:51:27 -0300] "GET /cormun/static/Resources/ImgHome.png HTTP/1.1" 200 1364
190.171.152.234 - - [03/Oct/2024:08:51:27 -0300] "GET /cormun/static/Resources/ImgLogin.png HTTP/1.1" 200 1432
190.171.152.234 - - [03/Oct/2024:08:51:27 -0300] "GET /cormun/static/Resources/Llave.png HTTP/1.1" 200 1395
190.171.152.234 - - [03/Oct/2024:08:51:27 -0300] "GET /cormun/static/RunJS/RunJS.js HTTP/1.1" 200 288
190.171.152.234 - - [03/Oct/2024:08:51:27 -0300] "GET /cormun/static/Shared/ext/locale/ext-lang-en.js HTTP/1.1" 200 10940
190.171.152.234 - - [03/Oct/2024:08:51:27 -0300] "GET /cormun/static/hhome.js?20201215495544 HTTP/1.1" 200 777
190.171.152.234 - - [03/Oct/2024:08:51:27 -0300] "GET /cormun/static/hwchdr01.js?2022112219251119 HTTP/1.1" 200 996
190.171.152.234 - - [03/Oct/2024:08:51:27 -0300] "GET /cormun/static/hpexe_recentlink.js?20201214471090 HTTP/1.1" 200 2144
190.171.152.234 - - [03/Oct/2024:08:51:27 -0300] "GET /cormun/static/hpexe_scripts.js?20201214471411 HTTP/1.1" 200 1544
190.171.152.234 - - [03/Oct/2024:08:51:27 -0300] "GET /cormun/static/gxui/gxui-all.js HTTP/1.1" 200 107772
190.171.152.234 - - [03/Oct/2024:08:51:27 -0300] "GET /cormun/static/hpexe_messagecontroller.js?202211298371222 HTTP/1.1" 200 870
190.171.152.234 - - [03/Oct/2024:08:51:27 -0300] "GET /cormun/static/hpexe_messagepopupcomponent.js?2020121447232 HTTP/1.1" 200 605
190.171.152.234 - - [03/Oct/2024:08:51:27 -0300] "GET /cormun/static/hpexe_messagegenexuscomponent.js?20221129836373 HTTP/1.1" 200 587
190.171.152.234 - - [03/Oct/2024:08:51:27 -0300] "GET /cormun/static/cmcontrolpreferences.js?20199141926336 HTTP/1.1" 200 1375
190.171.152.234 - - [03/Oct/2024:08:51:27 -0300] "GET /cormun/static/Resources/PXToolsDataTitle.png HTTP/1.1" 200 1173
190.171.152.234 - - [03/Oct/2024:08:51:27 -0300] "GET /cormun/static/Shared/jquery/jquery-1.4.2.min.js HTTP/1.1" 200 72174
190.171.152.234 - - [03/Oct/2024:08:51:27 -0300] "GET /cormun/static/SmoothNavMenu/resources/ddsmoothmenu.js HTTP/1.1" 200 12712
190.171.152.234 - - [03/Oct/2024:08:51:27 -0300] "GET /cormun/static/SmoothNavMenu/resources/SmoothNavMenuRender.js HTTP/1.1" 200 5951
190.171.152.234 - - [03/Oct/2024:08:51:27 -0300] "GET /cormun/static/scaMessage/js/jquery.pnotify.min.js HTTP/1.1" 200 13038
190.171.152.234 - - [03/Oct/2024:08:51:28 -0300] "GET /cormun/static/scaMessage/scaMessageRender.js HTTP/1.1" 200 11977
190.171.152.234 - - [03/Oct/2024:08:51:28 -0300] "GET /cormun/static/hmpwkw03.js?20221129844354 HTTP/1.1" 200 3971
190.171.152.234 - - [03/Oct/2024:08:51:28 -0300] "GET /cormun/static/Shared/jquery/jquery-1.10.2.min.js HTTP/1.1" 200 273199
190.171.152.234 - - [03/Oct/2024:08:51:28 -0300] "GET /cormun/static/Shared/jqueryui/jquery-ui.min.js HTTP/1.1" 200 240427
190.171.152.234 - - [03/Oct/2024:08:51:28 -0300] "GET /cormun/static/Shared/ext/ext-all.js HTTP/1.1" 200 1289687
190.171.152.234 - - [03/Oct/2024:08:51:28 -0300] "GET /cormun/static/SmoothNavMenu/resources/images/right.gif HTTP/1.1" 200 860
190.171.152.234 - - [03/Oct/2024:08:51:28 -0300] "GET /cormun/static/SmoothNavMenu/resources/images/down.gif HTTP/1.1" 200 854
190.171.143.98 - - [03/Oct/2024:08:51:30 -0300] "GET /cormun/static/menuarrow.gif HTTP/1.1" 404 1015
190.171.152.234 - - [03/Oct/2024:08:51:35 -0300] "GET /cormun/servlet/trlicencias? HTTP/1.1" 200 10752
190.171.152.234 - - [03/Oct/2024:08:51:35 -0300] "GET /cormun/static/calendar-system.css?85620 HTTP/1.1" 200 5572
190.171.152.234 - - [03/Oct/2024:08:51:35 -0300] "GET /cormun/static/gxcfg.js?202211298463625 HTTP/1.1" 200 953
190.171.152.234 - - [03/Oct/2024:08:51:35 -0300] "GET /cormun/static/gxui/gxui-all.css?120300 HTTP/1.1" 200 2179
190.171.152.234 - - [03/Oct/2024:08:51:35 -0300] "GET /cormun/static/calendar-setup.js?85251 HTTP/1.1" 200 2588
190.171.152.234 - - [03/Oct/2024:08:51:35 -0300] "GET /cormun/static/calendar.js?85251 HTTP/1.1" 200 26246
190.171.152.234 - - [03/Oct/2024:08:51:35 -0300] "GET /cormun/static/calendar-es.js?85251 HTTP/1.1" 200 1901
190.171.152.234 - - [03/Oct/2024:08:51:35 -0300] "GET /cormun/static/Shared/ext/resources/css/ext-all.css?215870 HTTP/1.1" 200 416045
190.171.152.234 - - [03/Oct/2024:08:51:36 -0300] "GET /cormun/static/Resources/PXTools/calendar.png HTTP/1.1" 200 1306
190.171.152.234 - - [03/Oct/2024:08:51:36 -0300] "GET /cormun/static/gxdec.js?85251 HTTP/1.1" 200 19579
190.171.152.234 - - [03/Oct/2024:08:51:36 -0300] "GET /cormun/static/trlicencias.js?202211298463889 HTTP/1.1" 200 41883
190.171.152.234 - - [03/Oct/2024:08:51:36 -0300] "GET /cormun/static/Resources/PXToolsDataSearch.png HTTP/1.1" 200 435
190.171.152.234 - - [03/Oct/2024:08:51:36 -0300] "GET /cormun/static/Resources/PXToolsGridFirstDisabled.gif HTTP/1.1" 200 100
190.171.152.234 - - [03/Oct/2024:08:51:36 -0300] "GET /cormun/static/Resources/PXToolsGridPage.gif HTTP/1.1" 200 725
190.171.152.234 - - [03/Oct/2024:08:51:36 -0300] "GET /cormun/static/Resources/PXToolsGridPreviousDisabled.gif HTTP/1.1" 200 90
190.171.152.234 - - [03/Oct/2024:08:51:36 -0300] "GET /cormun/static/Resources/PXToolsActionExcel.png HTTP/1.1" 200 727
190.171.152.234 - - [03/Oct/2024:08:51:36 -0300] "GET /cormun/static/Resources/PXToolsGridLastDisabled.gif HTTP/1.1" 200 98
190.171.152.234 - - [03/Oct/2024:08:51:36 -0300] "GET /cormun/static/Resources/PXToolsGridNextDisabled.gif HTTP/1.1" 200 90
190.171.152.234 - - [03/Oct/2024:08:51:36 -0300] "GET /cormun/static/Resources/PXToolsAddAllAction.png HTTP/1.1" 200 495
190.171.152.234 - - [03/Oct/2024:08:51:36 -0300] "GET /cormun/static/Resources/asc.gif HTTP/1.1" 200 67
190.171.152.234 - - [03/Oct/2024:08:51:36 -0300] "GET /cormun/static/Resources/desc.gif HTTP/1.1" 200 65
190.171.152.234 - - [03/Oct/2024:08:51:36 -0300] "GET /cormun//static/Resources/PXToolsGridDisplay.png HTTP/1.1" 200 525
190.171.152.234 - - [03/Oct/2024:08:51:36 -0300] "GET /cormun//static/Resources/PXToolsActionPrint.png HTTP/1.1" 200 404
190.171.152.234 - - [03/Oct/2024:08:51:36 -0300] "GET /cormun//static/Resources/PXToolsActionDisabled.gif HTTP/1.1" 200 53
190.171.152.234 - - [03/Oct/2024:08:51:36 -0300] "GET /cormun//static/Resources/PXTools/ActionInsert.png HTTP/1.1" 200 1482
190.171.152.234 - - [03/Oct/2024:08:51:36 -0300] "GET /cormun//static/Resources/PXToolsHeaderFavorites.png HTTP/1.1" 200 1414
190.171.152.234 - - [03/Oct/2024:08:51:36 -0300] "GET /cormun//static/Resources/PXToolsHeaderHelp.png HTTP/1.1" 200 1333
190.171.152.234 - - [03/Oct/2024:08:51:36 -0300] "GET /cormun/static/Shared/ext/resources/themes/images/default/panel/bg-headersPanel.png HTTP/1.1" 200 255
190.171.152.234 - - [03/Oct/2024:08:51:37 -0300] "GET /cormun/static/Shared/ext/resources/themes/images/default/tools/tool-sprites.gif HTTP/1.1" 200 5434
190.171.143.98 - - [03/Oct/2024:08:51:37 -0300] "POST /cormun/servlet/trlicencias?83fa86acf83f90ae63406c5c2f5a7521,,gx-no-cache=1727956258006 HTTP/1.1" 200 12448
190.171.149.74 - - [03/Oct/2024:08:51:39 -0300] "POST /cormun/servlet/trpermisosgoce?ff748e8dd5e3ba14665bd0b35ca43de1,,gx-no-cache=1727956258209 HTTP/1.1" 200 9844
190.171.143.82 - - [03/Oct/2024:08:52:23 -0300] "GET /cormun/servlet/permisogoce?INS,0,,, HTTP/1.1" 200 7158
190.171.143.82 - - [03/Oct/2024:08:52:44 -0300] "GET /cormun/servlet/permisogoce?fcca300aeecd14aa1c9a0e645e5e0931697ae225dc6769c2ab4a8005605dd5565531da7b1f6d2772f1a4c8225903450e11d5f1cfa776521377d75dc3c9587c93,gx-no-cache=1727956325556 HTTP/1.1" 200 81
190.171.143.82 - - [03/Oct/2024:08:52:55 -0300] "GET /cormun/servlet/permisogoce?fcca300aeecd14aa1c9a0e645e5e093138e15246856424e7d4eb8adbd5bfe12011a7821c1b0a801d10926b8695a5c1d84650b5990a5ee5810c5e6c6fbed0b52e,gx-no-cache=1727956336244 HTTP/1.1" 200 48
190.171.143.82 - - [03/Oct/2024:08:53:17 -0300] "GET /cormun/servlet/permisogoce?fcca300aeecd14aa1c9a0e645e5e093138e15246856424e7d4eb8adbd5bfe120a6b9c10b3e6b01ed2fbffddd18b7e490747152f49864fd4fde9a7dfc8617a7fc,gx-no-cache=1727956358175 HTTP/1.1" 200 48
190.171.143.82 - - [03/Oct/2024:08:53:34 -0300] "POST /cormun/servlet/permisogoce?4c286683f34cf125f6fbfcd5b5384cc5,INS,0,,,,gx-no-cache=1727956374668 HTTP/1.1" 200 93
190.171.143.82 - - [03/Oct/2024:08:53:34 -0300] "GET /cormun/servlet/hpexe_return? HTTP/1.1" 200 1032
190.171.143.82 - - [03/Oct/2024:08:53:34 -0300] "GET /cormun/servlet/trpermisosgoce?gx-no-cache=1727956219068 HTTP/1.1" 200 8751
190.171.143.98 - - [03/Oct/2024:08:53:38 -0300] "GET /cormun/servlet/trpermisosgoce? HTTP/1.1" 200 10384
190.171.143.82 - - [03/Oct/2024:08:53:39 -0300] "GET /cormun/servlet/apermisogoceprn?19016735,P,20241003085154,PU HTTP/1.1" 200 1659
154.213.184.18 - - [03/Oct/2024:08:54:00 -0300] "CONNECT example.com:443 HTTP/1.1" 400 -
181.212.42.153 - - [03/Oct/2024:08:54:02 -0300] "GET /cormun/servlet/permisogoce?16aeba09ca184862cedad02557b3d68acb0f3f282f280029d09a999ab9cbe0d7a118208c2b3b67ece0669577a11b20a59d0b8fe01aec555c0abf8667e4db4583,gx-no-cache=1727956402895 HTTP/1.1" 200 48
181.212.42.153 - - [03/Oct/2024:08:54:03 -0300] "POST /cormun/servlet/permisogoce?b62f3aeec9d77bb6b5546a044a36f616,INS,0,,,,gx-no-cache=1727956405240 HTTP/1.1" 200 93
181.212.42.153 - - [03/Oct/2024:08:54:04 -0300] "GET /cormun/servlet/hpexe_return? HTTP/1.1" 200 1009
181.212.42.153 - - [03/Oct/2024:08:54:04 -0300] "GET /cormun/servlet/trpermisosgoce HTTP/1.1" 200 16354
181.212.42.153 - - [03/Oct/2024:08:54:06 -0300] "GET /cormun/servlet/apermisogoceprn?13751930,P,20241003084236,PU HTTP/1.1" 200 1659
181.212.42.153 - - [03/Oct/2024:08:54:21 -0300] "GET /cormun/servlet/permisogoce?INS,0,,, HTTP/1.1" 200 6828
181.212.42.153 - - [03/Oct/2024:08:54:30 -0300] "GET /cormun/servlet/permisogoce?16aeba09ca184862cedad02557b3d68a29007a0ca206592b18e1b2665f1df66049f775e895a44ea6355f81e94beda6e4413ecc8ef3b9593c72304aa92c7a5474,gx-no-cache=1727956432256 HTTP/1.1" 200 86
181.212.42.153 - - [03/Oct/2024:08:54:47 -0300] "GET /cormun/servlet/permisogoce?16aeba09ca184862cedad02557b3d68acb0f3f282f280029d09a999ab9cbe0d7882010730c8995b9dfa56405a9afcc15924025b583af2f9752b06f89fdcb7f8b,gx-no-cache=1727956448893 HTTP/1.1" 200 48
181.212.42.153 - - [03/Oct/2024:08:54:48 -0300] "POST /cormun/servlet/permisogoce?b62f3aeec9d77bb6b5546a044a36f616,INS,0,,,,gx-no-cache=1727956449900 HTTP/1.1" 200 93
181.212.42.153 - - [03/Oct/2024:08:54:48 -0300] "GET /cormun/servlet/hpexe_return? HTTP/1.1" 200 1009
181.212.42.153 - - [03/Oct/2024:08:54:48 -0300] "GET /cormun/servlet/trpermisosgoce HTTP/1.1" 200 16519
181.212.42.153 - - [03/Oct/2024:08:54:57 -0300] "GET /cormun/servlet/apermisogoceprn?13751930,P,20241003085352,PU HTTP/1.1" 200 1649
66.249.66.3 - - [03/Oct/2024:08:55:02 -0300] "GET /robots.txt HTTP/1.1" 404 981
45.161.188.130 - - [03/Oct/2024:08:55:02 -0300] "GET /cormun/servlet/hlogin HTTP/1.1" 200 1765
45.161.188.130 - - [03/Oct/2024:08:55:02 -0300] "GET /cormun/static/gxtimezone.js?85251 HTTP/1.1" 200 5781
45.161.188.130 - - [03/Oct/2024:08:55:02 -0300] "GET /cormun/static/gxfxSD.js?85251 HTTP/1.1" 200 15384
45.161.188.130 - - [03/Oct/2024:08:55:02 -0300] "GET /cormun/static/gxtypesSD.js?85251 HTTP/1.1" 200 24551
45.161.188.130 - - [03/Oct/2024:08:55:02 -0300] "GET /cormun/static/gxpopupSD.js?85251 HTTP/1.1" 200 22377
45.161.188.130 - - [03/Oct/2024:08:55:02 -0300] "GET /cormun/static/Resources/Spanish/PXTools.css?1759030 HTTP/1.1" 200 100853
45.161.188.130 - - [03/Oct/2024:08:55:02 -0300] "GET /cormun/static/gxhtmlSD.js?85251 HTTP/1.1" 200 50424
45.161.188.130 - - [03/Oct/2024:08:55:02 -0300] "GET /cormun/static/gxapiSD.js?85251 HTTP/1.1" 200 78773
45.161.188.130 - - [03/Oct/2024:08:55:02 -0300] "GET /cormun/static/JavaScripTableSD.js?85251 HTTP/1.1" 200 25100
45.161.188.130 - - [03/Oct/2024:08:55:02 -0300] "GET /cormun/static/gxgridSD.js?85251 HTTP/1.1" 200 50735
45.161.188.130 - - [03/Oct/2024:08:55:02 -0300] "GET /cormun/static/rijndaelSD.js?85251 HTTP/1.1" 200 6763
45.161.188.130 - - [03/Oct/2024:08:55:02 -0300] "GET /cormun/static/gxgralSD.js?85251 HTTP/1.1" 200 20927
45.161.188.130 - - [03/Oct/2024:08:55:02 -0300] "GET /cormun/static/gxcfg.js?85251 HTTP/1.1" 200 953
45.161.188.130 - - [03/Oct/2024:08:55:02 -0300] "GET /cormun/static/hlogin.js?2022112219184458 HTTP/1.1" 200 2156
45.161.188.130 - - [03/Oct/2024:08:55:02 -0300] "GET /cormun/static/messages.spa.js?85251 HTTP/1.1" 200 30736
45.161.188.130 - - [03/Oct/2024:08:55:02 -0300] "GET /cormun/static/gxfrmutlSD.js?85251 HTTP/1.1" 200 89044
45.161.188.130 - - [03/Oct/2024:08:55:02 -0300] "GET /cormun/static/Resources/CormunLogin.png HTTP/1.1" 200 19132
45.161.188.130 - - [03/Oct/2024:08:55:02 -0300] "GET /cormun/static/Resources/indicator.gif HTTP/1.1" 200 1553
45.161.188.130 - - [03/Oct/2024:08:55:02 -0300] "GET /cormun/static/Resources/PXToolsLoginTop.png HTTP/1.1" 200 1337
45.161.188.130 - - [03/Oct/2024:08:55:02 -0300] "GET /cormun/static/Resources/PXToolsLoginBottom.png HTTP/1.1" 200 1389
45.161.188.130 - - [03/Oct/2024:08:55:02 -0300] "GET /cormun/static/Resources/PXToolsButtonRight.png HTTP/1.1" 200 1294
45.161.188.130 - - [03/Oct/2024:08:55:02 -0300] "GET /cormun/static/Resources/PXToolsButtonBackground.png HTTP/1.1" 200 1176
45.161.188.130 - - [03/Oct/2024:08:55:02 -0300] "GET /cormun/static/Resources/PXToolsButtonLeft.png HTTP/1.1" 200 1310
45.161.188.130 - - [03/Oct/2024:08:55:02 -0300] "GET /cormun/static/Resources/PXToolsLoginBackground.png HTTP/1.1" 200 1164
45.161.188.130 - - [03/Oct/2024:08:55:02 -0300] "GET /cormun/servlet/hlogin HTTP/1.1" 200 1775
45.161.188.130 - - [03/Oct/2024:08:55:02 -0300] "GET /cormun/static/Resources/PXToolsLoginBackground.png HTTP/1.1" 200 1164
45.161.188.130 - - [03/Oct/2024:08:55:02 -0300] "GET /cormun/static/Resources/PXToolsButtonLeft.png HTTP/1.1" 200 1310
45.161.188.130 - - [03/Oct/2024:08:55:02 -0300] "GET /cormun/static/Resources/PXToolsButtonRight.png HTTP/1.1" 200 1294
45.161.188.130 - - [03/Oct/2024:08:55:02 -0300] "GET /cormun/static/Resources/PXToolsLoginBottom.png HTTP/1.1" 200 1389
45.161.188.130 - - [03/Oct/2024:08:55:02 -0300] "GET /cormun/static/Resources/PXToolsButtonBackground.png HTTP/1.1" 200 1176
45.161.188.130 - - [03/Oct/2024:08:55:02 -0300] "GET /favicon.ico HTTP/1.1" 200 21630
66.249.66.2 - - [03/Oct/2024:08:55:03 -0300] "GET /cormun/servlet/hlogin HTTP/1.1" 200 1716
181.212.42.153 - - [03/Oct/2024:08:55:24 -0300] "GET /cormun/servlet/permisogoce?INS,0,,, HTTP/1.1" 200 6827
190.171.142.26 - - [03/Oct/2024:08:56:05 -0300] "GET /cormun/servlet/hlogin HTTP/1.1" 200 1721
190.171.142.26 - - [03/Oct/2024:08:56:08 -0300] "POST /cormun/servlet/hlogin?7a368b059cff8b6cca421c1f285c6706,gx-no-cache=1727956529940 HTTP/1.1" 200 90
190.171.142.26 - - [03/Oct/2024:08:56:08 -0300] "GET /cormun/servlet/hpexe_link HTTP/1.1" 200 952
190.171.142.26 - - [03/Oct/2024:08:56:08 -0300] "GET /cormun/servlet/hhome HTTP/1.1" 200 4295
190.171.142.26 - - [03/Oct/2024:08:56:11 -0300] "GET /cormun/servlet/trlicencias? HTTP/1.1" 200 13852
181.212.42.153 - - [03/Oct/2024:08:57:18 -0300] "GET /cormun/servlet/permisogoce?16aeba09ca184862cedad02557b3d68ab542cfbc02e558cdd476e599ddeca88749f775e895a44ea6355f81e94beda6e4413ecc8ef3b9593c72304aa92c7a5474,gx-no-cache=1727956600624 HTTP/1.1" 200 91
181.212.42.153 - - [03/Oct/2024:08:57:29 -0300] "GET /cormun/servlet/permisogoce?16aeba09ca184862cedad02557b3d68a0c494df59759836998af73ea205572a6522b4f558f666a4e92580a33e5f528589d0b8fe01aec555c0abf8667e4db4583,gx-no-cache=1727956611260 HTTP/1.1" 200 48
190.171.143.82 - - [03/Oct/2024:08:57:30 -0300] "POST /cormun/servlet/trpermisosgoce?4c286683f34cf125f6fbfcd5b5384cc5,gx-no-cache=1727956219068,gx-no-cache=1727956611620 HTTP/1.1" 200 5952
181.212.42.153 - - [03/Oct/2024:08:57:30 -0300] "POST /cormun/servlet/permisogoce?b62f3aeec9d77bb6b5546a044a36f616,INS,0,,,,gx-no-cache=1727956612261 HTTP/1.1" 200 93
181.212.42.153 - - [03/Oct/2024:08:57:30 -0300] "GET /cormun/servlet/hpexe_return? HTTP/1.1" 200 1009
181.212.42.153 - - [03/Oct/2024:08:57:31 -0300] "GET /cormun/servlet/trpermisosgoce HTTP/1.1" 200 16806
181.212.42.153 - - [03/Oct/2024:08:57:33 -0300] "GET /cormun/servlet/apermisogoceprn?11365302,P,20241003085454,PU HTTP/1.1" 200 1665
181.212.42.153 - - [03/Oct/2024:08:57:51 -0300] "GET /cormun/servlet/permisogoce?INS,0,,, HTTP/1.1" 200 6828
181.212.42.153 - - [03/Oct/2024:08:59:02 -0300] "GET /cormun/servlet/permisogoce?16aeba09ca184862cedad02557b3d68ab8f0ca8f5e2f7a1dd09855773c07eaf249f775e895a44ea6355f81e94beda6e4413ecc8ef3b9593c72304aa92c7a5474,gx-no-cache=1727956703890 HTTP/1.1" 200 77
190.171.143.82 - - [03/Oct/2024:08:59:02 -0300] "POST /cormun/servlet/trpermisosgoce?4c286683f34cf125f6fbfcd5b5384cc5,gx-no-cache=1727956219068,gx-no-cache=1727956703530 HTTP/1.1" 200 5750
181.212.42.153 - - [03/Oct/2024:08:59:19 -0300] "GET /cormun/servlet/permisogoce?16aeba09ca184862cedad02557b3d68a12d17357a28d14c6f9be688c6edc3932ae4bbf7c612c58852173c72d70998a089d0b8fe01aec555c0abf8667e4db4583,gx-no-cache=1727956721446 HTTP/1.1" 200 47
181.212.42.153 - - [03/Oct/2024:08:59:20 -0300] "POST /cormun/servlet/permisogoce?b62f3aeec9d77bb6b5546a044a36f616,INS,0,,,,gx-no-cache=1727956722368 HTTP/1.1" 200 93
181.212.42.153 - - [03/Oct/2024:08:59:20 -0300] "GET /cormun/servlet/hpexe_return? HTTP/1.1" 200 1009
181.212.42.153 - - [03/Oct/2024:08:59:21 -0300] "GET /cormun/servlet/trpermisosgoce HTTP/1.1" 200 17013
181.212.42.153 - - [03/Oct/2024:08:59:24 -0300] "GET /cormun/servlet/apermisogoceprn?26088282,P,20241003085722,PU HTTP/1.1" 200 1650
