181.212.42.153 - - [03/Oct/2024:13:01:50 -0300] "POST /cormun/servlet/permisosadjuntos?73d8c6047c9d088d9c2f9e80480e6e4d,INS,11888496,P,20240730155000,, HTTP/1.1" 200 116
181.212.42.153 - - [03/Oct/2024:13:01:50 -0300] "GET /cormun/servlet/hpexe_return? HTTP/1.1" 200 1033
181.212.42.153 - - [03/Oct/2024:13:01:50 -0300] "GET /cormun/servlet/trpermisosadjuntos?11888496,20240730155000,P, HTTP/1.1" 200 6748
181.212.42.153 - - [03/Oct/2024:13:01:52 -0300] "GET /cormun/servlet/trpermisosgoce? HTTP/1.1" 200 7876
181.212.42.153 - - [03/Oct/2024:13:01:56 -0300] "GET /cormun/servlet/trpermisosadjuntos?11888496,20240821101012,P, HTTP/1.1" 200 6284
181.212.42.153 - - [03/Oct/2024:13:01:57 -0300] "GET /cormun/servlet/permisosadjuntos?INS,11888496,P,20240821101012,, HTTP/1.1" 200 5607
181.212.42.153 - - [03/Oct/2024:13:01:57 -0300] "GET /cormun/static/about:blank HTTP/1.1" 404 1011
181.212.42.153 - - [03/Oct/2024:13:02:05 -0300] "POST /cormun/servlet/permisosadjuntos?73d8c6047c9d088d9c2f9e80480e6e4d,INS,11888496,P,20240821101012,, HTTP/1.1" 200 116
181.212.42.153 - - [03/Oct/2024:13:02:05 -0300] "GET /cormun/servlet/hpexe_return? HTTP/1.1" 200 1031
181.212.42.153 - - [03/Oct/2024:13:02:05 -0300] "GET /cormun/servlet/trpermisosadjuntos?11888496,20240821101012,P, HTTP/1.1" 200 6747
181.212.42.153 - - [03/Oct/2024:13:02:06 -0300] "GET /cormun/servlet/trpermisosgoce? HTTP/1.1" 200 7875
181.212.42.153 - - [03/Oct/2024:13:02:08 -0300] "POST /cormun/servlet/trpermisosgoce?73d8c6047c9d088d9c2f9e80480e6e4d,,gx-no-cache=1727971290299 HTTP/1.1" 200 5108
181.212.42.153 - - [03/Oct/2024:13:02:09 -0300] "POST /cormun/servlet/trpermisosgoce?73d8c6047c9d088d9c2f9e80480e6e4d,,gx-no-cache=1727971291114 HTTP/1.1" 200 5078
181.212.42.153 - - [03/Oct/2024:13:02:19 -0300] "POST /cormun/servlet/trpermisosgoce?73d8c6047c9d088d9c2f9e80480e6e4d,,gx-no-cache=1727971301565 HTTP/1.1" 200 6508
181.212.42.153 - - [03/Oct/2024:13:02:24 -0300] "GET /cormun/servlet/trpermisosadjuntos?17524022,20240730155155,P, HTTP/1.1" 200 6284
181.212.42.153 - - [03/Oct/2024:13:02:25 -0300] "GET /cormun/servlet/permisosadjuntos?INS,17524022,P,20240730155155,, HTTP/1.1" 200 5607
181.212.42.153 - - [03/Oct/2024:13:02:26 -0300] "GET /cormun/static/about:blank HTTP/1.1" 404 1011
181.212.42.153 - - [03/Oct/2024:13:02:33 -0300] "POST /cormun/servlet/permisosadjuntos?73d8c6047c9d088d9c2f9e80480e6e4d,INS,17524022,P,20240730155155,, HTTP/1.1" 200 116
181.212.42.153 - - [03/Oct/2024:13:02:33 -0300] "GET /cormun/servlet/hpexe_return? HTTP/1.1" 200 1032
181.212.42.153 - - [03/Oct/2024:13:02:33 -0300] "GET /cormun/servlet/trpermisosadjuntos?17524022,20240730155155,P, HTTP/1.1" 200 6747
181.212.42.153 - - [03/Oct/2024:13:02:35 -0300] "GET /cormun/servlet/trpermisosgoce? HTTP/1.1" 200 9315
181.212.42.153 - - [03/Oct/2024:13:02:37 -0300] "POST /cormun/servlet/trpermisosgoce?73d8c6047c9d088d9c2f9e80480e6e4d,,gx-no-cache=1727971319539 HTTP/1.1" 200 6525
181.212.42.153 - - [03/Oct/2024:13:02:51 -0300] "POST /cormun/servlet/trpermisosgoce?73d8c6047c9d088d9c2f9e80480e6e4d,,gx-no-cache=1727971333045 HTTP/1.1" 200 6890
181.212.42.153 - - [03/Oct/2024:13:02:55 -0300] "GET /cormun/servlet/trpermisosadjuntos?15123974,20240730155222,P, HTTP/1.1" 200 6280
181.212.42.153 - - [03/Oct/2024:13:02:56 -0300] "GET /cormun/servlet/permisosadjuntos?INS,15123974,P,20240730155222,, HTTP/1.1" 200 5606
181.212.42.153 - - [03/Oct/2024:13:02:56 -0300] "GET /cormun/static/about:blank HTTP/1.1" 404 1011
181.212.42.153 - - [03/Oct/2024:13:03:03 -0300] "POST /cormun/servlet/permisosadjuntos?73d8c6047c9d088d9c2f9e80480e6e4d,INS,15123974,P,20240730155222,, HTTP/1.1" 200 116
181.212.42.153 - - [03/Oct/2024:13:03:03 -0300] "GET /cormun/servlet/hpexe_return? HTTP/1.1" 200 1033
181.212.42.153 - - [03/Oct/2024:13:03:03 -0300] "GET /cormun/servlet/trpermisosadjuntos?15123974,20240730155222,P, HTTP/1.1" 200 6745
181.212.42.153 - - [03/Oct/2024:13:03:05 -0300] "GET /cormun/servlet/trpermisosgoce? HTTP/1.1" 200 9683
181.212.42.153 - - [03/Oct/2024:13:03:18 -0300] "POST /cormun/servlet/trpermisosgoce?73d8c6047c9d088d9c2f9e80480e6e4d,,gx-no-cache=1727971360024 HTTP/1.1" 200 6895
190.171.141.106 - - [03/Oct/2024:13:03:23 -0300] "POST /cormun/servlet/solicitudot?gx-no-cache=1727971364021 HTTP/1.1" 200 1480
190.171.141.106 - - [03/Oct/2024:13:03:23 -0300] "POST /cormun/servlet/solicitudot?gx-no-cache=1727971364097 HTTP/1.1" 200 38
190.171.141.106 - - [03/Oct/2024:13:03:23 -0300] "GET /cormun/servlet/solicitudot?c200f4690913f79adebcde57ef3495eaee253e59c234a9d85c7ae972386d96f2dd5036027138d11284fed2430df0f40c7ca5079ba980190a5f3a8448dbe5137157837172473befbc3a1335425d3f9c8659229937a636d6acc96415501ef8587e19bc569c765a5ef5c4d3b0b529d0a280,gx-no-cache=1727971364112 HTTP/1.1" 200 110
190.171.141.106 - - [03/Oct/2024:13:03:45 -0300] "POST /cormun/servlet/solicitudot?gx-no-cache=1727971385964 HTTP/1.1" 200 97
190.171.141.106 - - [03/Oct/2024:13:04:27 -0300] "GET /cormun/servlet/hlogin HTTP/1.1" 200 1713
190.171.141.106 - - [03/Oct/2024:13:04:30 -0300] "POST /cormun/servlet/hlogin?f36e0b7baf1c89f25d9fc26f53249f51,gx-no-cache=1727971431370 HTTP/1.1" 200 90
190.171.141.106 - - [03/Oct/2024:13:04:30 -0300] "GET /cormun/servlet/hpexe_link HTTP/1.1" 200 957
190.171.141.106 - - [03/Oct/2024:13:04:30 -0300] "GET /cormun/servlet/solicitudot?INS,0,0,false, HTTP/1.1" 200 16133
190.171.141.106 - - [03/Oct/2024:13:04:37 -0300] "GET /cormun/servlet/trlicencias? HTTP/1.1" 200 16241
190.171.141.106 - - [03/Oct/2024:13:05:55 -0300] "GET /cormun/servlet/trsolicitudot? HTTP/1.1" 200 7384
190.171.141.106 - - [03/Oct/2024:13:06:16 -0300] "GET /cormun/servlet/solicitudot?c200f4690913f79adebcde57ef3495ea3183376bcc04f327399563edb6a87b3e268e44019c69b5c9549eb18c454f38d7,gx-no-cache=1727971537237 HTTP/1.1" 200 30
190.171.141.106 - - [03/Oct/2024:13:06:26 -0300] "POST /cormun/servlet/solicitudot?gx-no-cache=1727971547367 HTTP/1.1" 200 30
190.171.141.106 - - [03/Oct/2024:13:07:27 -0300] "POST /cormun/servlet/solicitudot?f36e0b7baf1c89f25d9fc26f53249f51,INS,0,0,false,,gx-no-cache=1727971608002 HTTP/1.1" 200 13303
190.171.141.106 - - [03/Oct/2024:13:07:43 -0300] "GET /cormun/servlet/solicitudot?c200f4690913f79adebcde57ef3495eafc72036e6301a64b5bab9af38c9d44ed09158f1457933dea009d511fefab82430ec9d50314d09aedbb53672a839b1b50,gx-no-cache=1727971624192 HTTP/1.1" 200 30
190.171.141.106 - - [03/Oct/2024:13:07:43 -0300] "GET /cormun/servlet/solicitudot?c200f4690913f79adebcde57ef3495ea1eba49c6c02ba581d91404f0ff7832917abd9d92cb5bdbb2599af9b37fd62f95048b0bfb26f0177c8bf05500d2dd9d19a8d79d2b32dcfc3eff07ce39bfa6e97403fe9f4f5b6a7bbbce91d0118cc8577c38a9b7458d2f8ada0f9f7e3c136fda7ae3ad165db866f79c5ad5a3c4a8f48b4dd1db483e806924d8aadfca89619efe5424503eb797d320637153e3a1deda3386a4fb57023921fa4cbebdb5b413575f3614fc0925be028e7de8d0c7b1b9aa391837cfbde88dcc9f1fb1ccce4165e0f8f8a27e8d84f69202e7e032e49ca3ef0d5f1f150ff989c50da3c75324eedcb3ce94e7eb8d9d37289a7d0f37756a04f4a3b96e8de7db3a4bcafe0e79ac00b4f07be04412e906576bce7243c46dab4960b85ac8451cf5f7f98024aebbbebbd6bc7f63ae188927caf9c19658323dc6b4e0cc79c3ef8e11a4c0eb79879dba5e20614ba02a4a7ddd363338d0c0835cffc26ce3c60fe3cbf679d9a14d277a6319b41f6d5b5cfa735a918508992864f0f2f17c55f4,gx-no-cache=1727971624207 HTTP/1.1" 200 30
190.171.141.106 - - [03/Oct/2024:13:07:43 -0300] "POST /cormun/servlet/solicitudot?gx-no-cache=1727971624222 HTTP/1.1" 200 30
190.171.141.106 - - [03/Oct/2024:13:07:43 -0300] "POST /cormun/servlet/solicitudot?gx-no-cache=1727971624239 HTTP/1.1" 200 1481
190.171.141.106 - - [03/Oct/2024:13:07:43 -0300] "POST /cormun/servlet/solicitudot?gx-no-cache=1727971624259 HTTP/1.1" 200 41
190.171.141.106 - - [03/Oct/2024:13:07:43 -0300] "GET /cormun/servlet/solicitudot?c200f4690913f79adebcde57ef3495eaee253e59c234a9d85c7ae972386d96f2dd5036027138d11284fed2430df0f40c7ca5079ba980190a5f3a8448dbe5137157837172473befbc3a1335425d3f9c8659229937a636d6acc96415501ef8587e19bc569c765a5ef5c4d3b0b529d0a280,gx-no-cache=1727971624273 HTTP/1.1" 200 110
190.171.141.106 - - [03/Oct/2024:13:07:43 -0300] "POST /cormun/servlet/solicitudot?gx-no-cache=1727971624287 HTTP/1.1" 200 97
190.171.141.106 - - [03/Oct/2024:13:07:43 -0300] "GET /cormun/servlet/solicitudot?c200f4690913f79adebcde57ef3495ea3183376bcc04f327399563edb6a87b3e268e44019c69b5c9549eb18c454f38d7,gx-no-cache=1727971624303 HTTP/1.1" 200 30
190.171.141.106 - - [03/Oct/2024:13:07:43 -0300] "POST /cormun/servlet/solicitudot?gx-no-cache=1727971624316 HTTP/1.1" 200 30
190.171.141.106 - - [03/Oct/2024:13:07:44 -0300] "POST /cormun/servlet/solicitudot?f36e0b7baf1c89f25d9fc26f53249f51,INS,0,0,false,,gx-no-cache=1727971624331 HTTP/1.1" 200 93
190.171.141.106 - - [03/Oct/2024:13:07:44 -0300] "GET /cormun/servlet/hpexe_return? HTTP/1.1" 200 1001
190.171.141.106 - - [03/Oct/2024:13:07:44 -0300] "GET /cormun/servlet/trsolicitudot HTTP/1.1" 200 7387
190.171.141.106 - - [03/Oct/2024:13:08:00 -0300] "GET /cormun/servlet/hlogin HTTP/1.1" 200 1713
190.171.141.106 - - [03/Oct/2024:13:08:05 -0300] "POST /cormun/servlet/hlogin?f36e0b7baf1c89f25d9fc26f53249f51,gx-no-cache=1727971646281 HTTP/1.1" 200 90
190.171.141.106 - - [03/Oct/2024:13:08:05 -0300] "GET /cormun/servlet/hpexe_link HTTP/1.1" 200 949
190.171.141.106 - - [03/Oct/2024:13:08:05 -0300] "GET /cormun/servlet/trsolicitudot HTTP/1.1" 200 7385
181.212.42.153 - - [03/Oct/2024:13:08:11 -0300] "POST /cormun/servlet/trpermisosgoce?73d8c6047c9d088d9c2f9e80480e6e4d,,gx-no-cache=1727971653498 HTTP/1.1" 200 6277
190.171.141.106 - - [03/Oct/2024:13:08:12 -0300] "GET /cormun/servlet/solicitudot?INS,0,0,false, HTTP/1.1" 200 16133
190.171.141.106 - - [03/Oct/2024:13:08:19 -0300] "GET /cormun/servlet/trsolicitudot? HTTP/1.1" 200 7384
181.212.42.153 - - [03/Oct/2024:13:08:23 -0300] "POST /cormun/servlet/trpermisosgoce?73d8c6047c9d088d9c2f9e80480e6e4d,,gx-no-cache=1727971664805 HTTP/1.1" 200 6531
181.212.42.153 - - [03/Oct/2024:13:08:25 -0300] "GET /cormun/servlet/trpermisosadjuntos?14336486,20240730155429,P, HTTP/1.1" 200 6279
181.212.42.153 - - [03/Oct/2024:13:08:26 -0300] "GET /cormun/servlet/permisosadjuntos?INS,14336486,P,20240730155429,, HTTP/1.1" 200 5604
181.212.42.153 - - [03/Oct/2024:13:08:27 -0300] "GET /cormun/static/about:blank HTTP/1.1" 404 1011
181.212.42.153 - - [03/Oct/2024:13:08:35 -0300] "POST /cormun/servlet/permisosadjuntos?73d8c6047c9d088d9c2f9e80480e6e4d,INS,14336486,P,20240730155429,, HTTP/1.1" 200 116
181.212.42.153 - - [03/Oct/2024:13:08:35 -0300] "GET /cormun/servlet/hpexe_return? HTTP/1.1" 200 1034
181.212.42.153 - - [03/Oct/2024:13:08:35 -0300] "GET /cormun/servlet/trpermisosadjuntos?14336486,20240730155429,P, HTTP/1.1" 200 6744
181.212.42.153 - - [03/Oct/2024:13:08:38 -0300] "GET /cormun/servlet/trpermisosgoce? HTTP/1.1" 200 9324
181.212.42.153 - - [03/Oct/2024:13:08:40 -0300] "POST /cormun/servlet/trpermisosgoce?73d8c6047c9d088d9c2f9e80480e6e4d,,gx-no-cache=1727971682611 HTTP/1.1" 200 6541
181.212.42.153 - - [03/Oct/2024:13:08:51 -0300] "POST /cormun/servlet/trpermisosgoce?73d8c6047c9d088d9c2f9e80480e6e4d,,gx-no-cache=1727971693517 HTTP/1.1" 200 4863
181.212.42.153 - - [03/Oct/2024:13:08:53 -0300] "GET /cormun/servlet/trpermisosadjuntos?18040659,20240730155505,P, HTTP/1.1" 200 6285
181.212.42.153 - - [03/Oct/2024:13:08:54 -0300] "GET /cormun/servlet/permisosadjuntos?INS,18040659,P,20240730155505,, HTTP/1.1" 200 5610
181.212.42.153 - - [03/Oct/2024:13:08:54 -0300] "GET /cormun/static/about:blank HTTP/1.1" 404 1011
190.171.141.106 - - [03/Oct/2024:13:08:58 -0300] "GET /cormun/servlet/solicitudot?INS,0,0,false, HTTP/1.1" 200 16133
181.212.42.153 - - [03/Oct/2024:13:09:01 -0300] "POST /cormun/servlet/permisosadjuntos?73d8c6047c9d088d9c2f9e80480e6e4d,INS,18040659,P,20240730155505,, HTTP/1.1" 200 116
181.212.42.153 - - [03/Oct/2024:13:09:01 -0300] "GET /cormun/servlet/hpexe_return? HTTP/1.1" 200 1033
181.212.42.153 - - [03/Oct/2024:13:09:01 -0300] "GET /cormun/servlet/trpermisosadjuntos?18040659,20240730155505,P, HTTP/1.1" 200 6749
181.212.42.153 - - [03/Oct/2024:13:09:03 -0300] "GET /cormun/servlet/trpermisosgoce? HTTP/1.1" 200 7655
181.212.42.153 - - [03/Oct/2024:13:09:05 -0300] "POST /cormun/servlet/trpermisosgoce?73d8c6047c9d088d9c2f9e80480e6e4d,,gx-no-cache=1727971706978 HTTP/1.1" 200 4855
181.212.42.153 - - [03/Oct/2024:13:09:15 -0300] "POST /cormun/servlet/trpermisosgoce?73d8c6047c9d088d9c2f9e80480e6e4d,,gx-no-cache=1727971717777 HTTP/1.1" 200 5293
190.171.141.106 - - [03/Oct/2024:13:09:16 -0300] "POST /cormun/servlet/solicitudot?gx-no-cache=1727971716636 HTTP/1.1" 200 4040
190.171.141.106 - - [03/Oct/2024:13:09:16 -0300] "POST /cormun/servlet/solicitudot?f36e0b7baf1c89f25d9fc26f53249f51,INS,0,0,false,,gx-no-cache=1727971716764 HTTP/1.1" 200 12885
181.212.42.153 - - [03/Oct/2024:13:09:17 -0300] "GET /cormun/servlet/trpermisosadjuntos?11365098,20240730155609,P, HTTP/1.1" 200 6281
181.212.42.153 - - [03/Oct/2024:13:09:18 -0300] "GET /cormun/servlet/permisosadjuntos?INS,11365098,P,20240730155609,, HTTP/1.1" 200 5608
181.212.42.153 - - [03/Oct/2024:13:09:18 -0300] "GET /cormun/static/about:blank HTTP/1.1" 404 1011
190.171.141.106 - - [03/Oct/2024:13:09:20 -0300] "GET /cormun/servlet/solicitudot?c200f4690913f79adebcde57ef3495ea46999b8a055eeec3dcf96383ff4e427ecabf7d0c75b29c7d3abdfe2488cee607,gx-no-cache=1727971721521 HTTP/1.1" 200 30
181.212.42.153 - - [03/Oct/2024:13:09:25 -0300] "POST /cormun/servlet/permisosadjuntos?73d8c6047c9d088d9c2f9e80480e6e4d,INS,11365098,P,20240730155609,, HTTP/1.1" 200 116
181.212.42.153 - - [03/Oct/2024:13:09:25 -0300] "GET /cormun/servlet/hpexe_return? HTTP/1.1" 200 1032
181.212.42.153 - - [03/Oct/2024:13:09:25 -0300] "GET /cormun/servlet/trpermisosadjuntos?11365098,20240730155609,P, HTTP/1.1" 200 6747
181.212.42.153 - - [03/Oct/2024:13:09:26 -0300] "GET /cormun/servlet/trpermisosgoce? HTTP/1.1" 200 8089
181.212.42.153 - - [03/Oct/2024:13:09:28 -0300] "POST /cormun/servlet/trpermisosgoce?73d8c6047c9d088d9c2f9e80480e6e4d,,gx-no-cache=1727971730435 HTTP/1.1" 200 5265
190.171.141.106 - - [03/Oct/2024:13:09:31 -0300] "GET /cormun/servlet/solicitudot?c200f4690913f79adebcde57ef3495eac684a2931eabd48641ac03d6d97abd3f,gx-no-cache=1727971732085 HTTP/1.1" 200 94
190.171.141.106 - - [03/Oct/2024:13:09:31 -0300] "GET /cormun/static/Shared/jqueryui/images/ui-bg_highlight-soft_100_c6c2c8_1x100.png HTTP/1.1" 404 1117
190.171.141.106 - - [03/Oct/2024:13:09:31 -0300] "GET /cormun/static/Shared/jqueryui/images/ui-icons_82798d_256x240.png HTTP/1.1" 404 1089
190.171.141.106 - - [03/Oct/2024:13:09:31 -0300] "GET /cormun/static/Shared/jqueryui/images/ui-bg_flat_55_994d53_40x100.png HTTP/1.1" 404 1097
190.171.141.106 - - [03/Oct/2024:13:09:31 -0300] "GET /cormun/static/Shared/jqueryui/images/ui-icons_ebccce_256x240.png HTTP/1.1" 404 1089
190.171.141.106 - - [03/Oct/2024:13:09:34 -0300] "GET /cormun/servlet/solicitudot?c200f4690913f79adebcde57ef3495ea2c66b6d09c1a39c291474ba3bec903f3,gx-no-cache=1727971734685 HTTP/1.1" 200 53
181.212.42.153 - - [03/Oct/2024:13:09:40 -0300] "POST /cormun/servlet/trpermisosgoce?73d8c6047c9d088d9c2f9e80480e6e4d,,gx-no-cache=1727971742369 HTTP/1.1" 200 5335
181.212.42.153 - - [03/Oct/2024:13:09:43 -0300] "GET /cormun/servlet/trpermisosadjuntos?10525086,20240730155816,P, HTTP/1.1" 200 6279
181.212.42.153 - - [03/Oct/2024:13:09:44 -0300] "GET /cormun/servlet/permisosadjuntos?INS,10525086,P,20240730155816,, HTTP/1.1" 200 5605
181.212.42.153 - - [03/Oct/2024:13:09:44 -0300] "GET /cormun/static/about:blank HTTP/1.1" 404 1011
181.212.42.153 - - [03/Oct/2024:13:09:51 -0300] "POST /cormun/servlet/permisosadjuntos?73d8c6047c9d088d9c2f9e80480e6e4d,INS,10525086,P,20240730155816,, HTTP/1.1" 200 116
181.212.42.153 - - [03/Oct/2024:13:09:51 -0300] "GET /cormun/servlet/hpexe_return? HTTP/1.1" 200 1032
181.212.42.153 - - [03/Oct/2024:13:09:52 -0300] "GET /cormun/servlet/trpermisosadjuntos?10525086,20240730155816,P, HTTP/1.1" 200 6744
190.171.141.106 - - [03/Oct/2024:13:09:53 -0300] "POST /cormun/servlet/solicitudot?gx-no-cache=1727971753706 HTTP/1.1" 200 255
181.212.42.153 - - [03/Oct/2024:13:09:54 -0300] "GET /cormun/servlet/trpermisosgoce? HTTP/1.1" 200 8125
190.171.141.106 - - [03/Oct/2024:13:09:55 -0300] "GET /cormun/servlet/solicitudot?c200f4690913f79adebcde57ef3495ea1eba49c6c02ba581d91404f0ff7832917abd9d92cb5bdbb2599af9b37fd62f95048b0bfb26f0177c8bf05500d2dd9d19a8d79d2b32dcfc3eff07ce39bfa6e97403fe9f4f5b6a7bbbce91d0118cc8577c38a9b7458d2f8ada0f9f7e3c136fda7ae3ad165db866f79c5ad5a3c4a8f48b4dd1db483e806924d8aadfca89619efe5424503eb797d320637153e3a1deda3386a4fb57023921fa4cbebdb5b413575f3614fc0925be028e7de8d0c7b1b9aa391837cfbde88dcc9f1fb1ccce4165e0f8f8a27e8d84f69202e7e032e49ca3ef0d5f1f150ff989c50da3c75324eedcb3ce94e7eb8d9d37289a7d0f37756a04f4a3b96e8de7db3a4bcafe0e79ac00b4f07be04412e906576bce7243c46dab4960b85ac8451cf5f7f98024aebbbebbd6bc7f63ae188927caf9c19658323dc6b4e0cc79c3ef8e11a4c0eb79879dba5e20614ba02a4a7ddd363338d0c0835cffc26ce3c60fe3cbf679d9a14d277a6319b41f6d5bda06ab11f2360127174818f5bee1a7d0,gx-no-cache=1727971755770 HTTP/1.1" 200 30
181.212.42.153 - - [03/Oct/2024:13:09:57 -0300] "POST /cormun/servlet/trpermisosgoce?73d8c6047c9d088d9c2f9e80480e6e4d,,gx-no-cache=1727971758810 HTTP/1.1" 200 5337
190.171.141.106 - - [03/Oct/2024:13:09:57 -0300] "POST /cormun/servlet/solicitudot?gx-no-cache=1727971758285 HTTP/1.1" 200 30
190.171.141.106 - - [03/Oct/2024:13:09:57 -0300] "POST /cormun/servlet/solicitudot?gx-no-cache=1727971758322 HTTP/1.1" 200 1480
190.171.141.106 - - [03/Oct/2024:13:09:57 -0300] "POST /cormun/servlet/solicitudot?gx-no-cache=1727971758354 HTTP/1.1" 200 38
181.212.42.153 - - [03/Oct/2024:13:10:06 -0300] "POST /cormun/servlet/trpermisosgoce?73d8c6047c9d088d9c2f9e80480e6e4d,,gx-no-cache=1727971768037 HTTP/1.1" 200 6159
181.212.42.153 - - [03/Oct/2024:13:10:09 -0300] "GET /cormun/servlet/trpermisosadjuntos?9242785,20240730160102,P, HTTP/1.1" 200 6289
190.171.141.106 - - [03/Oct/2024:13:10:09 -0300] "GET /cormun/servlet/solicitudot?c200f4690913f79adebcde57ef3495eaee253e59c234a9d85c7ae972386d96f2dd5036027138d11284fed2430df0f40c7ca5079ba980190a5f3a8448dbe5137157837172473befbc3a1335425d3f9c8659229937a636d6acc96415501ef8587e19bc569c765a5ef5c4d3b0b529d0a280,gx-no-cache=1727971770422 HTTP/1.1" 200 110
181.212.42.153 - - [03/Oct/2024:13:10:11 -0300] "GET /cormun/servlet/permisosadjuntos?INS,9242785,P,20240730160102,, HTTP/1.1" 200 5613
181.212.42.153 - - [03/Oct/2024:13:10:11 -0300] "GET /cormun/static/about:blank HTTP/1.1" 404 1011
181.212.42.153 - - [03/Oct/2024:13:10:18 -0300] "POST /cormun/servlet/permisosadjuntos?73d8c6047c9d088d9c2f9e80480e6e4d,INS,9242785,P,20240730160102,, HTTP/1.1" 200 116
181.212.42.153 - - [03/Oct/2024:13:10:18 -0300] "GET /cormun/servlet/hpexe_return? HTTP/1.1" 200 1032
181.212.42.153 - - [03/Oct/2024:13:10:18 -0300] "GET /cormun/servlet/trpermisosadjuntos?9242785,20240730160102,P, HTTP/1.1" 200 6751
181.212.42.153 - - [03/Oct/2024:13:10:20 -0300] "GET /cormun/servlet/trpermisosgoce? HTTP/1.1" 200 8957
181.212.42.153 - - [03/Oct/2024:13:10:23 -0300] "POST /cormun/servlet/trpermisosgoce?73d8c6047c9d088d9c2f9e80480e6e4d,,gx-no-cache=1727971785727 HTTP/1.1" 200 6169
190.171.141.106 - - [03/Oct/2024:13:10:26 -0300] "POST /cormun/servlet/solicitudot?gx-no-cache=1727971787244 HTTP/1.1" 200 97
190.171.141.106 - - [03/Oct/2024:13:10:36 -0300] "GET /cormun/servlet/solicitudot?c200f4690913f79adebcde57ef3495ea166e28d9614052448dae1c3ef9992f0655bb6766997637d9f28d1d308e0fb3bb49cee800916c59901c4a27cac9fd6444a48f379c77bb8292971ab56abc215d5a32f240600be36328a70eeec869482e8ee9e2de404568b0b37ba7ef0a14aeb316,gx-no-cache=1727971796849 HTTP/1.1" 200 29
181.212.42.153 - - [03/Oct/2024:13:10:38 -0300] "POST /cormun/servlet/trpermisosgoce?73d8c6047c9d088d9c2f9e80480e6e4d,,gx-no-cache=1727971800577 HTTP/1.1" 200 5912
181.212.42.153 - - [03/Oct/2024:13:10:43 -0300] "POST /cormun/servlet/trpermisosgoce?73d8c6047c9d088d9c2f9e80480e6e4d,,gx-no-cache=1727971805154 HTTP/1.1" 200 5724
181.212.42.153 - - [03/Oct/2024:13:10:43 -0300] "POST /cormun/servlet/trpermisosgoce?73d8c6047c9d088d9c2f9e80480e6e4d,,gx-no-cache=1727971805274 HTTP/1.1" 200 5704
190.171.141.106 - - [03/Oct/2024:13:10:46 -0300] "GET /cormun/servlet/solicitudot?c200f4690913f79adebcde57ef3495ea3183376bcc04f327399563edb6a87b3eea7797d5aedb50fe2ad6f3769a0730df,gx-no-cache=1727971807039 HTTP/1.1" 200 30
181.212.42.153 - - [03/Oct/2024:13:10:50 -0300] "POST /cormun/servlet/trpermisosgoce?73d8c6047c9d088d9c2f9e80480e6e4d,,gx-no-cache=1727971812484 HTTP/1.1" 200 4850
181.212.42.153 - - [03/Oct/2024:13:10:54 -0300] "POST /cormun/servlet/trpermisosgoce?73d8c6047c9d088d9c2f9e80480e6e4d,,gx-no-cache=1727971816086 HTTP/1.1" 200 4022
181.212.42.153 - - [03/Oct/2024:13:10:54 -0300] "POST /cormun/servlet/trpermisosgoce?73d8c6047c9d088d9c2f9e80480e6e4d,,gx-no-cache=1727971816180 HTTP/1.1" 200 3927
190.171.141.106 - - [03/Oct/2024:13:10:54 -0300] "POST /cormun/servlet/solicitudot?gx-no-cache=1727971815070 HTTP/1.1" 200 30
190.95.15.15 - - [03/Oct/2024:13:10:54 -0300] "GET /cormun/servlet/trlicencias HTTP/1.1" 200 6045
190.95.15.15 - - [03/Oct/2024:13:10:55 -0300] "GET /cormun/servlet/hlogin HTTP/1.1" 200 1734
181.212.42.153 - - [03/Oct/2024:13:11:01 -0300] "POST /cormun/servlet/trpermisosgoce?73d8c6047c9d088d9c2f9e80480e6e4d,,gx-no-cache=1727971823761 HTTP/1.1" 200 4857
190.95.15.15 - - [03/Oct/2024:13:11:04 -0300] "POST /cormun/servlet/hlogin?481f544cd0e7000614a6d5137a499134,gx-no-cache=1727971824742 HTTP/1.1" 200 90
190.95.15.15 - - [03/Oct/2024:13:11:04 -0300] "GET /cormun/servlet/hpexe_link HTTP/1.1" 200 954
190.95.15.15 - - [03/Oct/2024:13:11:04 -0300] "GET /cormun/servlet/trlicencias HTTP/1.1" 200 11997
181.212.42.153 - - [03/Oct/2024:13:11:10 -0300] "POST /cormun/servlet/trpermisosgoce?73d8c6047c9d088d9c2f9e80480e6e4d,,gx-no-cache=1727971831865 HTTP/1.1" 200 4857
190.171.141.106 - - [03/Oct/2024:13:11:34 -0300] "POST /cormun/servlet/solicitudot?gx-no-cache=1727971854937 HTTP/1.1" 200 1480
190.171.141.106 - - [03/Oct/2024:13:11:34 -0300] "POST /cormun/servlet/solicitudot?gx-no-cache=1727971854975 HTTP/1.1" 200 41
190.171.141.106 - - [03/Oct/2024:13:11:34 -0300] "GET /cormun/servlet/solicitudot?c200f4690913f79adebcde57ef3495eaee253e59c234a9d85c7ae972386d96f2dd5036027138d11284fed2430df0f40c7ca5079ba980190a5f3a8448dbe5137157837172473befbc3a1335425d3f9c8659229937a636d6acc96415501ef8587e19bc569c765a5ef5c4d3b0b529d0a280,gx-no-cache=1727971854990 HTTP/1.1" 200 110
190.171.141.106 - - [03/Oct/2024:13:11:34 -0300] "POST /cormun/servlet/solicitudot?gx-no-cache=1727971855010 HTTP/1.1" 200 72
190.171.141.106 - - [03/Oct/2024:13:11:34 -0300] "GET /cormun/servlet/solicitudot?c200f4690913f79adebcde57ef3495ea3183376bcc04f327399563edb6a87b3eea7797d5aedb50fe2ad6f3769a0730df,gx-no-cache=1727971855034 HTTP/1.1" 200 30
190.171.141.106 - - [03/Oct/2024:13:11:34 -0300] "POST /cormun/servlet/solicitudot?gx-no-cache=1727971855053 HTTP/1.1" 200 30
190.171.141.106 - - [03/Oct/2024:13:11:34 -0300] "POST /cormun/servlet/solicitudot?f36e0b7baf1c89f25d9fc26f53249f51,INS,0,0,false,,gx-no-cache=1727971855079 HTTP/1.1" 200 13310
181.212.42.153 - - [03/Oct/2024:13:11:39 -0300] "POST /cormun/servlet/trpermisosgoce?73d8c6047c9d088d9c2f9e80480e6e4d,,gx-no-cache=1727971861273 HTTP/1.1" 200 4862
190.171.141.106 - - [03/Oct/2024:13:11:45 -0300] "POST /cormun/servlet/solicitudot?gx-no-cache=1727971866513 HTTP/1.1" 200 1481
190.171.141.106 - - [03/Oct/2024:13:11:45 -0300] "POST /cormun/servlet/solicitudot?gx-no-cache=1727971866535 HTTP/1.1" 200 41
190.171.141.106 - - [03/Oct/2024:13:11:45 -0300] "GET /cormun/servlet/solicitudot?c200f4690913f79adebcde57ef3495eaee253e59c234a9d85c7ae972386d96f2dd5036027138d11284fed2430df0f40c7ca5079ba980190a5f3a8448dbe5137157837172473befbc3a1335425d3f9c8659229937a636d6acc96415501ef8587e19bc569c765a5ef5c4d3b0b529d0a280,gx-no-cache=1727971866550 HTTP/1.1" 200 110
190.171.141.106 - - [03/Oct/2024:13:11:46 -0300] "POST /cormun/servlet/solicitudot?gx-no-cache=1727971866565 HTTP/1.1" 200 97
190.171.141.106 - - [03/Oct/2024:13:11:46 -0300] "GET /cormun/servlet/solicitudot?c200f4690913f79adebcde57ef3495ea3183376bcc04f327399563edb6a87b3eea7797d5aedb50fe2ad6f3769a0730df,gx-no-cache=1727971866580 HTTP/1.1" 200 30
190.171.141.106 - - [03/Oct/2024:13:11:46 -0300] "POST /cormun/servlet/solicitudot?gx-no-cache=1727971866594 HTTP/1.1" 200 30
190.171.141.106 - - [03/Oct/2024:13:11:46 -0300] "POST /cormun/servlet/solicitudot?f36e0b7baf1c89f25d9fc26f53249f51,INS,0,0,false,,gx-no-cache=1727971866610 HTTP/1.1" 200 13362
181.212.42.153 - - [03/Oct/2024:13:11:49 -0300] "POST /cormun/servlet/trpermisosgoce?73d8c6047c9d088d9c2f9e80480e6e4d,,gx-no-cache=1727971871348 HTTP/1.1" 200 4862
190.171.141.106 - - [03/Oct/2024:13:11:52 -0300] "GET /cormun/servlet/solicitudot?c200f4690913f79adebcde57ef3495eafc72036e6301a64b5bab9af38c9d44ed09158f1457933dea009d511fefab82430ec9d50314d09aedbb53672a839b1b50,gx-no-cache=1727971873352 HTTP/1.1" 200 30
190.171.141.106 - - [03/Oct/2024:13:11:52 -0300] "GET /cormun/servlet/solicitudot?c200f4690913f79adebcde57ef3495ea1eba49c6c02ba581d91404f0ff7832917abd9d92cb5bdbb2599af9b37fd62f95048b0bfb26f0177c8bf05500d2dd9d19a8d79d2b32dcfc3eff07ce39bfa6e97403fe9f4f5b6a7bbbce91d0118cc8577c38a9b7458d2f8ada0f9f7e3c136fda7ae3ad165db866f79c5ad5a3c4a8f48b4dd1db483e806924d8aadfca89619efe5424503eb797d320637153e3a1deda3386a4fb57023921fa4cbebdb5b413575f3614fc0925be028e7de8d0c7b1b9aa391837cfbde88dcc9f1fb1ccce4165e0f8f8a27e8d84f69202e7e032e49ca3ef0d5f1f150ff989c50da3c75324eedcb3ce94e7eb8d9d37289a7d0f37756a04f4a3b96e8de7db3a4bcafe0e79ac00b4f07be04412e906576bce7243c46dab4960b85ac8451cf5f7f98024aebbbebbd6bc7f63ae188927caf9c19658323dc6b4e0cc79c3ef8e11a4c0eb79879dba5e20614ba02a4a7ddd363338d0c0835cffc26ce3c60fe3cbf679d9a14d277a6319b41f6d5b5cfa735a918508992864f0f2f17c55f4,gx-no-cache=1727971873367 HTTP/1.1" 200 30
190.171.141.106 - - [03/Oct/2024:13:11:52 -0300] "POST /cormun/servlet/solicitudot?gx-no-cache=1727971873381 HTTP/1.1" 200 30
190.171.141.106 - - [03/Oct/2024:13:11:52 -0300] "POST /cormun/servlet/solicitudot?gx-no-cache=1727971873401 HTTP/1.1" 200 1481
190.171.141.106 - - [03/Oct/2024:13:11:52 -0300] "POST /cormun/servlet/solicitudot?gx-no-cache=1727971873426 HTTP/1.1" 200 41
190.171.141.106 - - [03/Oct/2024:13:11:52 -0300] "GET /cormun/servlet/solicitudot?c200f4690913f79adebcde57ef3495eaee253e59c234a9d85c7ae972386d96f2dd5036027138d11284fed2430df0f40c7ca5079ba980190a5f3a8448dbe5137157837172473befbc3a1335425d3f9c8659229937a636d6acc96415501ef8587e19bc569c765a5ef5c4d3b0b529d0a280,gx-no-cache=1727971873445 HTTP/1.1" 200 110
190.171.141.106 - - [03/Oct/2024:13:11:52 -0300] "POST /cormun/servlet/solicitudot?gx-no-cache=1727971873466 HTTP/1.1" 200 97
190.171.141.106 - - [03/Oct/2024:13:11:52 -0300] "GET /cormun/servlet/solicitudot?c200f4690913f79adebcde57ef3495ea3183376bcc04f327399563edb6a87b3eea7797d5aedb50fe2ad6f3769a0730df,gx-no-cache=1727971873493 HTTP/1.1" 200 30
190.171.141.106 - - [03/Oct/2024:13:11:52 -0300] "POST /cormun/servlet/solicitudot?gx-no-cache=1727971873514 HTTP/1.1" 200 30
190.171.141.106 - - [03/Oct/2024:13:11:53 -0300] "POST /cormun/servlet/solicitudot?f36e0b7baf1c89f25d9fc26f53249f51,INS,0,0,false,,gx-no-cache=1727971873546 HTTP/1.1" 200 93
181.212.42.153 - - [03/Oct/2024:13:11:53 -0300] "POST /cormun/servlet/trpermisosgoce?73d8c6047c9d088d9c2f9e80480e6e4d,,gx-no-cache=1727971874768 HTTP/1.1" 200 15644
190.171.141.106 - - [03/Oct/2024:13:11:53 -0300] "GET /cormun/servlet/hpexe_return? HTTP/1.1" 200 1001
181.212.42.153 - - [03/Oct/2024:13:11:53 -0300] "GET /cormun/static/Resources/PXToolsGridNext.gif HTTP/1.1" 200 369
181.212.42.153 - - [03/Oct/2024:13:11:53 -0300] "GET /cormun/static/Resources/PXToolsGridLast.gif HTTP/1.1" 200 370
190.171.141.106 - - [03/Oct/2024:13:11:53 -0300] "GET /cormun/servlet/trsolicitudot HTTP/1.1" 200 7387
181.212.42.153 - - [03/Oct/2024:13:12:01 -0300] "POST /cormun/servlet/trpermisosgoce?73d8c6047c9d088d9c2f9e80480e6e4d,,gx-no-cache=1727971882877 HTTP/1.1" 200 15654
181.212.42.153 - - [03/Oct/2024:13:12:01 -0300] "GET /cormun/static/Resources/PXToolsGridFirst.gif HTTP/1.1" 200 379
181.212.42.153 - - [03/Oct/2024:13:12:01 -0300] "GET /cormun/static/Resources/PXToolsGridPrevious.gif HTTP/1.1" 200 369
190.171.141.106 - - [03/Oct/2024:13:12:02 -0300] "GET /cormun/servlet/trsolicitudot? HTTP/1.1" 200 7383
181.212.42.153 - - [03/Oct/2024:13:12:13 -0300] "POST /cormun/servlet/trpermisosgoce?73d8c6047c9d088d9c2f9e80480e6e4d,,gx-no-cache=1727971895366 HTTP/1.1" 200 15686
181.212.42.153 - - [03/Oct/2024:13:12:29 -0300] "POST /cormun/servlet/trpermisosgoce?73d8c6047c9d088d9c2f9e80480e6e4d,,gx-no-cache=1727971910733 HTTP/1.1" 200 6622
190.171.141.106 - - [03/Oct/2024:13:12:29 -0300] "POST /cormun/servlet/solicitudot?gx-no-cache=1727971910273 HTTP/1.1" 200 1481
190.171.141.106 - - [03/Oct/2024:13:12:29 -0300] "POST /cormun/servlet/solicitudot?gx-no-cache=1727971910340 HTTP/1.1" 200 38
190.171.141.106 - - [03/Oct/2024:13:12:29 -0300] "GET /cormun/servlet/solicitudot?c200f4690913f79adebcde57ef3495eaee253e59c234a9d85c7ae972386d96f2dd5036027138d11284fed2430df0f40c7ca5079ba980190a5f3a8448dbe5137157837172473befbc3a1335425d3f9c8659229937a636d6acc96415501ef8587e19bc569c765a5ef5c4d3b0b529d0a280,gx-no-cache=1727971910365 HTTP/1.1" 200 110
190.171.141.106 - - [03/Oct/2024:13:12:29 -0300] "POST /cormun/servlet/solicitudot?gx-no-cache=1727971910390 HTTP/1.1" 200 97
190.171.141.106 - - [03/Oct/2024:13:12:29 -0300] "GET /cormun/servlet/solicitudot?c200f4690913f79adebcde57ef3495ea166e28d9614052448dae1c3ef9992f0655bb6766997637d9f28d1d308e0fb3bb49cee800916c59901c4a27cac9fd6444a48f379c77bb8292971ab56abc215d5a32f240600be36328a70eeec869482e8ee9e2de404568b0b37ba7ef0a14aeb316,gx-no-cache=1727971910434 HTTP/1.1" 200 29
181.212.42.153 - - [03/Oct/2024:13:12:32 -0300] "GET /cormun/servlet/trpermisosadjuntos?18378082,20240730160242,P, HTTP/1.1" 200 6278
181.212.42.153 - - [03/Oct/2024:13:12:33 -0300] "GET /cormun/servlet/permisosadjuntos?INS,18378082,P,20240730160242,, HTTP/1.1" 200 5604
181.212.42.153 - - [03/Oct/2024:13:12:33 -0300] "GET /cormun/static/about:blank HTTP/1.1" 404 1011
190.171.141.106 - - [03/Oct/2024:13:12:39 -0300] "GET /cormun/servlet/solicitudot?c200f4690913f79adebcde57ef3495ea3183376bcc04f327399563edb6a87b3eea7797d5aedb50fe2ad6f3769a0730df,gx-no-cache=1727971920433 HTTP/1.1" 200 30
181.212.42.153 - - [03/Oct/2024:13:12:41 -0300] "POST /cormun/servlet/permisosadjuntos?73d8c6047c9d088d9c2f9e80480e6e4d,INS,18378082,P,20240730160242,, HTTP/1.1" 200 116
181.212.42.153 - - [03/Oct/2024:13:12:41 -0300] "GET /cormun/servlet/hpexe_return? HTTP/1.1" 200 1033
181.212.42.153 - - [03/Oct/2024:13:12:41 -0300] "GET /cormun/servlet/trpermisosadjuntos?18378082,20240730160242,P, HTTP/1.1" 200 6741
181.212.42.153 - - [03/Oct/2024:13:12:47 -0300] "GET /cormun/servlet/trpermisosgoce? HTTP/1.1" 200 9417
181.212.42.153 - - [03/Oct/2024:13:12:51 -0300] "POST /cormun/servlet/trpermisosgoce?73d8c6047c9d088d9c2f9e80480e6e4d,,gx-no-cache=1727971933115 HTTP/1.1" 200 6641
181.212.42.153 - - [03/Oct/2024:13:12:54 -0300] "GET /cormun/servlet/trpermisosadjuntos?15685987,20240730160405,P, HTTP/1.1" 200 6287
181.212.42.153 - - [03/Oct/2024:13:12:55 -0300] "GET /cormun/servlet/permisosadjuntos?INS,15685987,P,20240730160405,, HTTP/1.1" 200 5612
181.212.42.153 - - [03/Oct/2024:13:12:55 -0300] "GET /cormun/static/about:blank HTTP/1.1" 404 1011
190.171.141.106 - - [03/Oct/2024:13:12:59 -0300] "POST /cormun/servlet/solicitudot?gx-no-cache=1727971939697 HTTP/1.1" 200 30
181.212.42.153 - - [03/Oct/2024:13:13:02 -0300] "POST /cormun/servlet/permisosadjuntos?73d8c6047c9d088d9c2f9e80480e6e4d,INS,15685987,P,20240730160405,, HTTP/1.1" 200 116
181.212.42.153 - - [03/Oct/2024:13:13:02 -0300] "GET /cormun/servlet/hpexe_return? HTTP/1.1" 200 1033
181.212.42.153 - - [03/Oct/2024:13:13:02 -0300] "GET /cormun/servlet/trpermisosadjuntos?15685987,20240730160405,P, HTTP/1.1" 200 6750
181.212.42.153 - - [03/Oct/2024:13:13:04 -0300] "GET /cormun/servlet/trpermisosgoce? HTTP/1.1" 200 9414
181.212.42.153 - - [03/Oct/2024:13:13:07 -0300] "POST /cormun/servlet/trpermisosgoce?73d8c6047c9d088d9c2f9e80480e6e4d,,gx-no-cache=1727971949579 HTTP/1.1" 200 6634
181.212.42.153 - - [03/Oct/2024:13:13:20 -0300] "POST /cormun/servlet/trpermisosgoce?73d8c6047c9d088d9c2f9e80480e6e4d,,gx-no-cache=1727971962145 HTTP/1.1" 200 6527
181.212.42.153 - - [03/Oct/2024:13:13:25 -0300] "GET /cormun/servlet/trpermisosadjuntos?14336486,20240808085059,P, HTTP/1.1" 200 6275
181.212.42.153 - - [03/Oct/2024:13:13:26 -0300] "GET /cormun/servlet/permisosadjuntos?INS,14336486,P,20240808085059,, HTTP/1.1" 200 5599
181.212.42.153 - - [03/Oct/2024:13:13:26 -0300] "GET /cormun/static/about:blank HTTP/1.1" 404 1011
181.212.42.153 - - [03/Oct/2024:13:13:32 -0300] "POST /cormun/servlet/permisosadjuntos?73d8c6047c9d088d9c2f9e80480e6e4d,INS,14336486,P,20240808085059,, HTTP/1.1" 200 116
181.212.42.153 - - [03/Oct/2024:13:13:32 -0300] "GET /cormun/servlet/hpexe_return? HTTP/1.1" 200 1033
181.212.42.153 - - [03/Oct/2024:13:13:32 -0300] "GET /cormun/servlet/trpermisosadjuntos?14336486,20240808085059,P, HTTP/1.1" 200 6738
181.212.42.153 - - [03/Oct/2024:13:13:34 -0300] "GET /cormun/servlet/trpermisosgoce? HTTP/1.1" 200 9321
181.212.42.153 - - [03/Oct/2024:13:13:37 -0300] "POST /cormun/servlet/trpermisosgoce?73d8c6047c9d088d9c2f9e80480e6e4d,,gx-no-cache=1727971978803 HTTP/1.1" 200 6532
181.212.42.153 - - [03/Oct/2024:13:13:47 -0300] "POST /cormun/servlet/trpermisosgoce?73d8c6047c9d088d9c2f9e80480e6e4d,,gx-no-cache=1727971989354 HTTP/1.1" 200 5685
190.171.141.106 - - [03/Oct/2024:13:13:48 -0300] "POST /cormun/servlet/solicitudot?f36e0b7baf1c89f25d9fc26f53249f51,INS,0,0,false,,gx-no-cache=1727971988666 HTTP/1.1" 200 93
190.171.141.106 - - [03/Oct/2024:13:13:48 -0300] "GET /cormun/servlet/hpexe_return? HTTP/1.1" 200 1005
190.171.141.106 - - [03/Oct/2024:13:13:48 -0300] "GET /cormun/servlet/trlicencias HTTP/1.1" 200 16231
181.212.42.153 - - [03/Oct/2024:13:13:50 -0300] "GET /cormun/servlet/trpermisosadjuntos?16879891,20240808115247,P, HTTP/1.1" 200 6278
181.212.42.153 - - [03/Oct/2024:13:13:51 -0300] "GET /cormun/servlet/permisosadjuntos?INS,16879891,P,20240808115247,, HTTP/1.1" 200 5600
181.212.42.153 - - [03/Oct/2024:13:13:51 -0300] "GET /cormun/static/about:blank HTTP/1.1" 404 1011
181.212.42.153 - - [03/Oct/2024:13:13:58 -0300] "POST /cormun/servlet/permisosadjuntos?73d8c6047c9d088d9c2f9e80480e6e4d,INS,16879891,P,20240808115247,, HTTP/1.1" 200 116
181.212.42.153 - - [03/Oct/2024:13:13:58 -0300] "GET /cormun/servlet/hpexe_return? HTTP/1.1" 200 1033
181.212.42.153 - - [03/Oct/2024:13:13:58 -0300] "GET /cormun/servlet/trpermisosadjuntos?16879891,20240808115247,P, HTTP/1.1" 200 6742
190.171.141.106 - - [03/Oct/2024:13:13:58 -0300] "GET /cormun/servlet/trsolicitudot? HTTP/1.1" 200 7384
181.212.42.153 - - [03/Oct/2024:13:14:00 -0300] "GET /cormun/servlet/trpermisosgoce? HTTP/1.1" 200 8490
181.212.42.153 - - [03/Oct/2024:13:14:03 -0300] "POST /cormun/servlet/trpermisosgoce?73d8c6047c9d088d9c2f9e80480e6e4d,,gx-no-cache=1727972005174 HTTP/1.1" 200 5694
181.212.42.153 - - [03/Oct/2024:13:14:11 -0300] "POST /cormun/servlet/trpermisosgoce?73d8c6047c9d088d9c2f9e80480e6e4d,,gx-no-cache=1727972013492 HTTP/1.1" 200 5537
181.212.42.153 - - [03/Oct/2024:13:14:13 -0300] "GET /cormun/servlet/trpermisosadjuntos?11528777,20240812144949,P, HTTP/1.1" 200 6279
181.212.42.153 - - [03/Oct/2024:13:14:14 -0300] "GET /cormun/servlet/permisosadjuntos?INS,11528777,P,20240812144949,, HTTP/1.1" 200 5604
181.212.42.153 - - [03/Oct/2024:13:14:14 -0300] "GET /cormun/static/about:blank HTTP/1.1" 404 1011
181.212.42.153 - - [03/Oct/2024:13:14:21 -0300] "POST /cormun/servlet/permisosadjuntos?73d8c6047c9d088d9c2f9e80480e6e4d,INS,11528777,P,20240812144949,, HTTP/1.1" 200 116
181.212.42.153 - - [03/Oct/2024:13:14:21 -0300] "GET /cormun/servlet/hpexe_return? HTTP/1.1" 200 1034
181.212.42.153 - - [03/Oct/2024:13:14:21 -0300] "GET /cormun/servlet/trpermisosadjuntos?11528777,20240812144949,P, HTTP/1.1" 200 6745
181.212.42.153 - - [03/Oct/2024:13:14:24 -0300] "GET /cormun/servlet/trpermisosgoce? HTTP/1.1" 200 8350
181.212.42.153 - - [03/Oct/2024:13:14:26 -0300] "POST /cormun/servlet/trpermisosgoce?73d8c6047c9d088d9c2f9e80480e6e4d,,gx-no-cache=1727972027922 HTTP/1.1" 200 5529
181.212.42.153 - - [03/Oct/2024:13:14:34 -0300] "POST /cormun/servlet/trpermisosgoce?73d8c6047c9d088d9c2f9e80480e6e4d,,gx-no-cache=1727972036156 HTTP/1.1" 200 5345
181.212.42.153 - - [03/Oct/2024:13:14:36 -0300] "GET /cormun/servlet/trpermisosadjuntos?11366289,20240820155040,P, HTTP/1.1" 200 6287
181.212.42.153 - - [03/Oct/2024:13:14:37 -0300] "GET /cormun/servlet/permisosadjuntos?INS,11366289,P,20240820155040,, HTTP/1.1" 200 5610
181.212.42.153 - - [03/Oct/2024:13:14:37 -0300] "GET /cormun/static/about:blank HTTP/1.1" 404 1011
190.171.141.106 - - [03/Oct/2024:13:14:40 -0300] "GET /cormun/servlet/hlogin HTTP/1.1" 200 1723
190.171.141.106 - - [03/Oct/2024:13:14:45 -0300] "POST /cormun/servlet/hlogin?68e8ba54e64100cb157fed35e10d8cb8,gx-no-cache=1727972045864 HTTP/1.1" 200 90
190.171.141.106 - - [03/Oct/2024:13:14:45 -0300] "GET /cormun/servlet/hpexe_link HTTP/1.1" 200 955
190.171.141.106 - - [03/Oct/2024:13:14:45 -0300] "GET /cormun/servlet/hhome HTTP/1.1" 200 4152
181.212.42.153 - - [03/Oct/2024:13:14:45 -0300] "POST /cormun/servlet/permisosadjuntos?73d8c6047c9d088d9c2f9e80480e6e4d,INS,11366289,P,20240820155040,, HTTP/1.1" 200 116
181.212.42.153 - - [03/Oct/2024:13:14:45 -0300] "GET /cormun/servlet/hpexe_return? HTTP/1.1" 200 1033
181.212.42.153 - - [03/Oct/2024:13:14:45 -0300] "GET /cormun/servlet/trpermisosadjuntos?11366289,20240820155040,P, HTTP/1.1" 200 6751
190.171.141.106 - - [03/Oct/2024:13:14:51 -0300] "GET /cormun/servlet/trsolicitudot? HTTP/1.1" 200 9385
181.212.42.153 - - [03/Oct/2024:13:14:57 -0300] "GET /cormun/servlet/trpermisosgoce? HTTP/1.1" 200 8137
181.212.42.153 - - [03/Oct/2024:13:15:00 -0300] "POST /cormun/servlet/trpermisosgoce?73d8c6047c9d088d9c2f9e80480e6e4d,,gx-no-cache=1727972062506 HTTP/1.1" 200 5311
190.171.141.106 - - [03/Oct/2024:13:15:08 -0300] "POST /cormun/servlet/trsolicitudot?68e8ba54e64100cb157fed35e10d8cb8,,gx-no-cache=1727972069396 HTTP/1.1" 200 6360
190.171.141.106 - - [03/Oct/2024:13:15:09 -0300] "POST /cormun/servlet/trsolicitudot?68e8ba54e64100cb157fed35e10d8cb8,,gx-no-cache=1727972069544 HTTP/1.1" 200 6341
181.212.42.153 - - [03/Oct/2024:13:15:11 -0300] "POST /cormun/servlet/trpermisosgoce?73d8c6047c9d088d9c2f9e80480e6e4d,,gx-no-cache=1727972072860 HTTP/1.1" 200 5306
190.171.141.106 - - [03/Oct/2024:13:15:12 -0300] "POST /cormun/servlet/trsolicitudot?68e8ba54e64100cb157fed35e10d8cb8,,gx-no-cache=1727972072738 HTTP/1.1" 200 6083
190.171.141.106 - - [03/Oct/2024:13:15:12 -0300] "GET /cormun/static/Shared/jqueryui/images/ui-bg_highlight-soft_100_c6c2c8_1x100.png HTTP/1.1" 404 1117
190.171.141.106 - - [03/Oct/2024:13:15:12 -0300] "GET /cormun/static/Shared/jqueryui/images/ui-icons_82798d_256x240.png HTTP/1.1" 404 1089
190.171.141.106 - - [03/Oct/2024:13:15:12 -0300] "GET /cormun/static/Shared/jqueryui/images/ui-bg_flat_55_fafafa_40x100.png HTTP/1.1" 404 1097
190.171.141.106 - - [03/Oct/2024:13:15:12 -0300] "GET /cormun/static/Shared/jqueryui/images/ui-icons_8d78a5_256x240.png HTTP/1.1" 404 1089
190.171.141.106 - - [03/Oct/2024:13:15:12 -0300] "POST /cormun/servlet/trsolicitudot?68e8ba54e64100cb157fed35e10d8cb8,,gx-no-cache=1727972072864 HTTP/1.1" 200 6026
181.212.42.153 - - [03/Oct/2024:13:15:12 -0300] "GET /cormun/servlet/trpermisosadjuntos?17525997,20240821100558,P, HTTP/1.1" 200 6280
181.212.42.153 - - [03/Oct/2024:13:15:13 -0300] "GET /cormun/servlet/permisosadjuntos?INS,17525997,P,20240821100558,, HTTP/1.1" 200 5605
181.212.42.153 - - [03/Oct/2024:13:15:13 -0300] "GET /cormun/static/about:blank HTTP/1.1" 404 1011
181.212.42.153 - - [03/Oct/2024:13:15:19 -0300] "POST /cormun/servlet/permisosadjuntos?73d8c6047c9d088d9c2f9e80480e6e4d,INS,17525997,P,20240821100558,, HTTP/1.1" 200 116
181.212.42.153 - - [03/Oct/2024:13:15:19 -0300] "GET /cormun/servlet/hpexe_return? HTTP/1.1" 200 1032
181.212.42.153 - - [03/Oct/2024:13:15:19 -0300] "GET /cormun/servlet/trpermisosadjuntos?17525997,20240821100558,P, HTTP/1.1" 200 6745
181.212.42.153 - - [03/Oct/2024:13:15:21 -0300] "GET /cormun/servlet/trpermisosgoce? HTTP/1.1" 200 8084
181.212.42.153 - - [03/Oct/2024:13:15:22 -0300] "POST /cormun/servlet/trpermisosgoce?73d8c6047c9d088d9c2f9e80480e6e4d,,gx-no-cache=1727972084798 HTTP/1.1" 200 5308
181.212.42.153 - - [03/Oct/2024:13:15:24 -0300] "POST /cormun/servlet/trpermisosgoce?73d8c6047c9d088d9c2f9e80480e6e4d,,gx-no-cache=1727972086592 HTTP/1.1" 200 5313
181.212.42.153 - - [03/Oct/2024:13:15:33 -0300] "POST /cormun/servlet/trpermisosgoce?73d8c6047c9d088d9c2f9e80480e6e4d,,gx-no-cache=1727972095640 HTTP/1.1" 200 7089
181.212.42.153 - - [03/Oct/2024:13:15:37 -0300] "GET /cormun/servlet/trpermisosadjuntos?10264376,20240821100659,P, HTTP/1.1" 200 6283
181.212.42.153 - - [03/Oct/2024:13:15:38 -0300] "GET /cormun/servlet/permisosadjuntos?INS,10264376,P,20240821100659,, HTTP/1.1" 200 5608
181.212.42.153 - - [03/Oct/2024:13:15:38 -0300] "GET /cormun/static/about:blank HTTP/1.1" 404 1011
181.212.42.153 - - [03/Oct/2024:13:15:44 -0300] "POST /cormun/servlet/permisosadjuntos?73d8c6047c9d088d9c2f9e80480e6e4d,INS,10264376,P,20240821100659,, HTTP/1.1" 200 116
181.212.42.153 - - [03/Oct/2024:13:15:44 -0300] "GET /cormun/servlet/hpexe_return? HTTP/1.1" 200 1033
181.212.42.153 - - [03/Oct/2024:13:15:44 -0300] "GET /cormun/servlet/trpermisosadjuntos?10264376,20240821100659,P, HTTP/1.1" 200 6747
181.212.42.153 - - [03/Oct/2024:13:15:46 -0300] "GET /cormun/servlet/trpermisosgoce? HTTP/1.1" 200 9872
181.212.42.153 - - [03/Oct/2024:13:15:49 -0300] "POST /cormun/servlet/trpermisosgoce?73d8c6047c9d088d9c2f9e80480e6e4d,,gx-no-cache=1727972111098 HTTP/1.1" 200 7096
181.212.42.153 - - [03/Oct/2024:13:16:05 -0300] "POST /cormun/servlet/trpermisosgoce?73d8c6047c9d088d9c2f9e80480e6e4d,,gx-no-cache=1727972127261 HTTP/1.1" 200 4858
181.212.42.153 - - [03/Oct/2024:13:16:07 -0300] "GET /cormun/servlet/trpermisosadjuntos?7427457,20240821100913,P, HTTP/1.1" 200 6282
181.212.42.153 - - [03/Oct/2024:13:16:09 -0300] "GET /cormun/servlet/permisosadjuntos?INS,7427457,P,20240821100913,, HTTP/1.1" 200 5608
181.212.42.153 - - [03/Oct/2024:13:16:09 -0300] "GET /cormun/static/about:blank HTTP/1.1" 404 1011
181.212.42.153 - - [03/Oct/2024:13:16:16 -0300] "POST /cormun/servlet/permisosadjuntos?73d8c6047c9d088d9c2f9e80480e6e4d,INS,7427457,P,20240821100913,, HTTP/1.1" 200 116
181.212.42.153 - - [03/Oct/2024:13:16:17 -0300] "GET /cormun/servlet/hpexe_return? HTTP/1.1" 200 1030
181.212.42.153 - - [03/Oct/2024:13:16:17 -0300] "GET /cormun/servlet/trpermisosadjuntos?7427457,20240821100913,P, HTTP/1.1" 200 6746
181.212.42.153 - - [03/Oct/2024:13:16:19 -0300] "GET /cormun/servlet/trpermisosgoce? HTTP/1.1" 200 7649
181.212.42.153 - - [03/Oct/2024:13:16:21 -0300] "POST /cormun/servlet/trpermisosgoce?73d8c6047c9d088d9c2f9e80480e6e4d,,gx-no-cache=1727972142794 HTTP/1.1" 200 4851
181.212.42.153 - - [03/Oct/2024:13:16:32 -0300] "POST /cormun/servlet/trpermisosgoce?73d8c6047c9d088d9c2f9e80480e6e4d,,gx-no-cache=1727972154632 HTTP/1.1" 200 5068
181.212.42.153 - - [03/Oct/2024:13:16:43 -0300] "POST /cormun/servlet/trpermisosgoce?73d8c6047c9d088d9c2f9e80480e6e4d,,gx-no-cache=1727972165580 HTTP/1.1" 200 5088
181.212.42.153 - - [03/Oct/2024:13:16:46 -0300] "GET /cormun/servlet/trpermisosadjuntos?18466040,20240821101150,P, HTTP/1.1" 200 6281
181.212.42.153 - - [03/Oct/2024:13:16:47 -0300] "GET /cormun/servlet/permisosadjuntos?INS,18466040,P,20240821101150,, HTTP/1.1" 200 5609
181.212.42.153 - - [03/Oct/2024:13:16:47 -0300] "GET /cormun/static/about:blank HTTP/1.1" 404 1011
190.171.149.74 - - [03/Oct/2024:13:16:51 -0300] "GET /cormun/servlet/trlicencias? HTTP/1.1" 200 6062
190.171.149.74 - - [03/Oct/2024:13:16:51 -0300] "GET /cormun/servlet/hlogin HTTP/1.1" 200 1743
181.212.42.153 - - [03/Oct/2024:13:16:53 -0300] "POST /cormun/servlet/permisosadjuntos?73d8c6047c9d088d9c2f9e80480e6e4d,INS,18466040,P,20240821101150,, HTTP/1.1" 200 116
181.212.42.153 - - [03/Oct/2024:13:16:53 -0300] "GET /cormun/servlet/hpexe_return? HTTP/1.1" 200 1031
181.212.42.153 - - [03/Oct/2024:13:16:53 -0300] "GET /cormun/servlet/trpermisosadjuntos?18466040,20240821101150,P, HTTP/1.1" 200 6746
181.212.42.153 - - [03/Oct/2024:13:16:54 -0300] "GET /cormun/servlet/trpermisosgoce? HTTP/1.1" 200 7873
190.171.149.74 - - [03/Oct/2024:13:16:57 -0300] "POST /cormun/servlet/hlogin?5701085dea40b0dc1b576a291007eca4,gx-no-cache=1727972175442 HTTP/1.1" 200 90
190.171.149.74 - - [03/Oct/2024:13:16:57 -0300] "GET /cormun/servlet/hpexe_link HTTP/1.1" 200 962
190.171.149.74 - - [03/Oct/2024:13:16:57 -0300] "GET /cormun/servlet/trlicencias HTTP/1.1" 200 13230
181.212.42.153 - - [03/Oct/2024:13:16:57 -0300] "POST /cormun/servlet/trpermisosgoce?73d8c6047c9d088d9c2f9e80480e6e4d,,gx-no-cache=1727972179199 HTTP/1.1" 200 5113
181.212.42.153 - - [03/Oct/2024:13:17:07 -0300] "POST /cormun/servlet/trpermisosgoce?73d8c6047c9d088d9c2f9e80480e6e4d,,gx-no-cache=1727972189216 HTTP/1.1" 200 6506
181.212.42.153 - - [03/Oct/2024:13:17:10 -0300] "GET /cormun/servlet/trpermisosadjuntos?16882235,20240821101351,P, HTTP/1.1" 200 6280
181.212.42.153 - - [03/Oct/2024:13:17:13 -0300] "GET /cormun/servlet/permisosadjuntos?INS,16882235,P,20240821101351,, HTTP/1.1" 200 5604
181.212.42.153 - - [03/Oct/2024:13:17:13 -0300] "GET /cormun/static/about:blank HTTP/1.1" 404 1011
181.212.42.153 - - [03/Oct/2024:13:17:21 -0300] "POST /cormun/servlet/permisosadjuntos?73d8c6047c9d088d9c2f9e80480e6e4d,INS,16882235,P,20240821101351,, HTTP/1.1" 200 116
181.212.42.153 - - [03/Oct/2024:13:17:21 -0300] "GET /cormun/servlet/hpexe_return? HTTP/1.1" 200 1033
181.212.42.153 - - [03/Oct/2024:13:17:21 -0300] "GET /cormun/servlet/trpermisosadjuntos?16882235,20240821101351,P, HTTP/1.1" 200 6745
181.212.42.153 - - [03/Oct/2024:13:17:23 -0300] "GET /cormun/servlet/trpermisosgoce? HTTP/1.1" 200 9313
181.212.42.153 - - [03/Oct/2024:13:17:25 -0300] "POST /cormun/servlet/trpermisosgoce?73d8c6047c9d088d9c2f9e80480e6e4d,,gx-no-cache=1727972207514 HTTP/1.1" 200 6514
181.212.42.153 - - [03/Oct/2024:13:17:35 -0300] "POST /cormun/servlet/trpermisosgoce?73d8c6047c9d088d9c2f9e80480e6e4d,,gx-no-cache=1727972217400 HTTP/1.1" 200 6275
181.212.42.153 - - [03/Oct/2024:13:17:48 -0300] "POST /cormun/servlet/trpermisosgoce?73d8c6047c9d088d9c2f9e80480e6e4d,,gx-no-cache=1727972230085 HTTP/1.1" 200 5721
181.212.42.153 - - [03/Oct/2024:13:17:50 -0300] "GET /cormun/servlet/trpermisosadjuntos?19220262,20240821101545,P, HTTP/1.1" 200 6284
181.212.42.153 - - [03/Oct/2024:13:17:51 -0300] "GET /cormun/servlet/permisosadjuntos?INS,19220262,P,20240821101545,, HTTP/1.1" 200 5609
181.212.42.153 - - [03/Oct/2024:13:17:51 -0300] "GET /cormun/static/about:blank HTTP/1.1" 404 1011
181.212.42.153 - - [03/Oct/2024:13:17:58 -0300] "POST /cormun/servlet/permisosadjuntos?73d8c6047c9d088d9c2f9e80480e6e4d,INS,19220262,P,20240821101545,, HTTP/1.1" 200 116
181.212.42.153 - - [03/Oct/2024:13:17:58 -0300] "GET /cormun/servlet/hpexe_return? HTTP/1.1" 200 1031
181.212.42.153 - - [03/Oct/2024:13:17:58 -0300] "GET /cormun/servlet/trpermisosadjuntos?19220262,20240821101545,P, HTTP/1.1" 200 6749
181.212.42.153 - - [03/Oct/2024:13:18:02 -0300] "GET /cormun/servlet/trpermisosgoce? HTTP/1.1" 200 8525
181.212.42.153 - - [03/Oct/2024:13:18:09 -0300] "GET /cormun/servlet/trpermisosadjuntos?19220262,20241003091557,P, HTTP/1.1" 200 6283
181.212.42.153 - - [03/Oct/2024:13:18:10 -0300] "GET /cormun/servlet/permisosadjuntos?INS,19220262,P,20241003091557,, HTTP/1.1" 200 5606
181.212.42.153 - - [03/Oct/2024:13:18:11 -0300] "GET /cormun/static/about:blank HTTP/1.1" 404 1011
181.212.42.153 - - [03/Oct/2024:13:18:16 -0300] "POST /cormun/servlet/permisosadjuntos?73d8c6047c9d088d9c2f9e80480e6e4d,INS,19220262,P,20241003091557,,,gx-no-cache=1727972258125 HTTP/1.1" 200 93
181.212.42.153 - - [03/Oct/2024:13:18:16 -0300] "GET /cormun/servlet/hpexe_return? HTTP/1.1" 200 1032
181.212.42.153 - - [03/Oct/2024:13:18:16 -0300] "GET /cormun/servlet/trpermisosadjuntos?19220262,20241003091557,P, HTTP/1.1" 200 6287
181.212.42.153 - - [03/Oct/2024:13:18:18 -0300] "GET /cormun/servlet/trpermisosgoce? HTTP/1.1" 200 8525
181.212.42.153 - - [03/Oct/2024:13:18:21 -0300] "POST /cormun/servlet/trpermisosgoce?73d8c6047c9d088d9c2f9e80480e6e4d,,gx-no-cache=1727972263030 HTTP/1.1" 200 5716
181.212.42.153 - - [03/Oct/2024:13:18:41 -0300] "POST /cormun/servlet/trpermisosgoce?73d8c6047c9d088d9c2f9e80480e6e4d,,gx-no-cache=1727972283164 HTTP/1.1" 200 5068
181.212.42.153 - - [03/Oct/2024:13:18:45 -0300] "POST /cormun/servlet/trpermisosgoce?73d8c6047c9d088d9c2f9e80480e6e4d,,gx-no-cache=1727972287633 HTTP/1.1" 200 4028
181.212.42.153 - - [03/Oct/2024:13:18:45 -0300] "POST /cormun/servlet/trpermisosgoce?73d8c6047c9d088d9c2f9e80480e6e4d,,gx-no-cache=1727972287765 HTTP/1.1" 200 3924
181.212.42.153 - - [03/Oct/2024:13:18:49 -0300] "GET /cormun/servlet/trpermisosgoce? HTTP/1.1" 200 6687
181.212.42.153 - - [03/Oct/2024:13:18:52 -0300] "POST /cormun/servlet/trpermisosgoce?73d8c6047c9d088d9c2f9e80480e6e4d,,gx-no-cache=1727972293850 HTTP/1.1" 200 3919
181.212.42.153 - - [03/Oct/2024:13:18:54 -0300] "POST /cormun/servlet/trpermisosgoce?73d8c6047c9d088d9c2f9e80480e6e4d,,gx-no-cache=1727972296120 HTTP/1.1" 200 3919
181.212.40.185 - - [03/Oct/2024:13:19:06 -0300] "POST /cormun/servlet/trlicencias?a1c9ef1736ecda163b3707f76f24c0f2,,gx-no-cache=1727972306945 HTTP/1.1" 440 972
181.212.42.153 - - [03/Oct/2024:13:19:12 -0300] "POST /cormun/servlet/trpermisosgoce?73d8c6047c9d088d9c2f9e80480e6e4d,,gx-no-cache=1727972314048 HTTP/1.1" 200 4839
181.212.42.153 - - [03/Oct/2024:13:19:14 -0300] "GET /cormun/servlet/trpermisosadjuntos?19264056,20240821101809,P, HTTP/1.1" 200 6282
181.212.42.153 - - [03/Oct/2024:13:19:15 -0300] "GET /cormun/servlet/permisosadjuntos?INS,19264056,P,20240821101809,, HTTP/1.1" 200 5603
181.212.42.153 - - [03/Oct/2024:13:19:15 -0300] "GET /cormun/static/about:blank HTTP/1.1" 404 1011
