190.171.143.106 - - [03/Oct/2024:09:46:54 -0300] "POST /cormun/servlet/hlogin?26a00dcb025a35d641592bf1b53caacf,gx-no-cache=1727959575349 HTTP/1.1" 200 90
190.171.143.106 - - [03/Oct/2024:09:46:54 -0300] "GET /cormun/servlet/hpexe_link HTTP/1.1" 200 951
190.171.143.106 - - [03/Oct/2024:09:46:54 -0300] "GET /cormun/servlet/hhome HTTP/1.1" 200 4273
190.171.143.106 - - [03/Oct/2024:09:46:57 -0300] "GET /cormun/servlet/trlicencias? HTTP/1.1" 200 12803
190.171.152.234 - - [03/Oct/2024:09:47:12 -0300] "GET /cormun/servlet/trlicencias? HTTP/1.1" 200 6040
190.171.152.234 - - [03/Oct/2024:09:47:13 -0300] "GET /cormun/servlet/hlogin HTTP/1.1" 200 1730
190.171.152.234 - - [03/Oct/2024:09:48:29 -0300] "POST /cormun/servlet/hlogin?f49323598c9914d0fb2fd08528f53ec2,gx-no-cache=1727959670384 HTTP/1.1" 200 90
190.171.152.234 - - [03/Oct/2024:09:48:29 -0300] "GET /cormun/servlet/hpexe_link HTTP/1.1" 200 949
190.171.152.234 - - [03/Oct/2024:09:48:29 -0300] "GET /cormun/servlet/trlicencias HTTP/1.1" 200 10915
190.171.143.106 - - [03/Oct/2024:09:49:17 -0300] "POST /cormun/servlet/trlicencias?26a00dcb025a35d641592bf1b53caacf,,gx-no-cache=1727959719158 HTTP/1.1" 200 101
190.171.143.106 - - [03/Oct/2024:09:49:18 -0300] "POST /cormun/servlet/trlicencias?26a00dcb025a35d641592bf1b53caacf,,gx-no-cache=1727959719274 HTTP/1.1" 200 10469
190.171.143.106 - - [03/Oct/2024:09:49:18 -0300] "GET /cormun/Licencias-8849.xls HTTP/1.1" 200 10240
20.40.115.32 - - [03/Oct/2024:09:49:18 -0300] "GET /cormun/Licencias-8849.xls HTTP/1.1" 200 10240
190.171.149.82 - - [03/Oct/2024:09:52:02 -0300] "GET /cormun/servlet/hlogin HTTP/1.1" 200 1722
190.171.149.82 - - [03/Oct/2024:09:52:02 -0300] "GET /cormun/servlet/hlogin HTTP/1.1" 200 1732
190.171.149.82 - - [03/Oct/2024:09:52:04 -0300] "POST /cormun/servlet/hlogin?17fd837d65eb58e3d89a23799031ff3a,gx-no-cache=1727959886013 HTTP/1.1" 200 90
190.171.149.82 - - [03/Oct/2024:09:52:04 -0300] "GET /cormun/servlet/hpexe_link HTTP/1.1" 200 954
190.171.149.82 - - [03/Oct/2024:09:52:04 -0300] "GET /cormun/servlet/hhome HTTP/1.1" 200 3932
190.171.149.82 - - [03/Oct/2024:09:52:07 -0300] "GET /cormun/servlet/trlicencias? HTTP/1.1" 200 9388
190.171.149.74 - - [03/Oct/2024:09:53:43 -0300] "POST /cormun/servlet/trpermisosgoce?ff748e8dd5e3ba14665bd0b35ca43de1,,gx-no-cache=1727959982351 HTTP/1.1" 440 972
190.171.149.74 - - [03/Oct/2024:09:53:45 -0300] "GET /cormun/servlet/trpermisosgoce? HTTP/1.1" 200 6027
190.171.149.74 - - [03/Oct/2024:09:53:45 -0300] "GET /cormun/servlet/hlogin HTTP/1.1" 200 1739
190.171.149.74 - - [03/Oct/2024:09:53:51 -0300] "POST /cormun/servlet/hlogin?295e0e43360b5d2ea8ecd1b97460c25e,gx-no-cache=1727959989961 HTTP/1.1" 200 90
190.171.149.74 - - [03/Oct/2024:09:53:51 -0300] "GET /cormun/servlet/hpexe_link HTTP/1.1" 200 957
190.171.149.74 - - [03/Oct/2024:09:53:51 -0300] "GET /cormun/servlet/trpermisosgoce HTTP/1.1" 200 14027
190.171.149.74 - - [03/Oct/2024:09:53:55 -0300] "GET /cormun/servlet/trpermisosgoce? HTTP/1.1" 200 14028
190.171.152.234 - - [03/Oct/2024:09:54:03 -0300] "POST /cormun/servlet/trlicencias?f49323598c9914d0fb2fd08528f53ec2,gx-no-cache=1727960004545 HTTP/1.1" 200 8384
190.171.152.234 - - [03/Oct/2024:09:54:03 -0300] "GET /cormun/static/Shared/jqueryui/images/ui-bg_highlight-soft_100_c6c2c8_1x100.png HTTP/1.1" 404 1117
190.171.152.234 - - [03/Oct/2024:09:54:03 -0300] "GET /cormun/static/Shared/jqueryui/images/ui-icons_82798d_256x240.png HTTP/1.1" 404 1089
190.171.152.234 - - [03/Oct/2024:09:54:03 -0300] "GET /cormun/static/Shared/jqueryui/images/ui-bg_flat_55_fafafa_40x100.png HTTP/1.1" 404 1097
190.171.152.234 - - [03/Oct/2024:09:54:03 -0300] "GET /cormun/static/Shared/jqueryui/images/ui-icons_8d78a5_256x240.png HTTP/1.1" 404 1089
190.171.149.74 - - [03/Oct/2024:09:54:06 -0300] "GET /cormun/static/menuarrow.gif HTTP/1.1" 404 1015
190.171.152.234 - - [03/Oct/2024:09:54:13 -0300] "GET /cormun/servlet/licenciaspermisos?DSP,16385874,L,20241003000000, HTTP/1.1" 200 7376
190.171.152.234 - - [03/Oct/2024:09:54:13 -0300] "GET /cormun/static/gxcfg.js?202012153173 HTTP/1.1" 200 953
190.171.152.234 - - [03/Oct/2024:09:54:13 -0300] "GET /cormun/static/Resources/prompt.gif HTTP/1.1" 200 902
190.171.152.234 - - [03/Oct/2024:09:54:13 -0300] "GET /cormun/static/licenciaspermisos.js?2020121532136 HTTP/1.1" 200 38753
190.171.149.74 - - [03/Oct/2024:09:54:45 -0300] "POST /cormun/servlet/trpermisosgoce?295e0e43360b5d2ea8ecd1b97460c25e,,gx-no-cache=1727960043971 HTTP/1.1" 200 9556
190.171.149.74 - - [03/Oct/2024:09:54:52 -0300] "POST /cormun/servlet/trpermisosgoce?295e0e43360b5d2ea8ecd1b97460c25e,,gx-no-cache=1727960050699 HTTP/1.1" 200 9556
190.171.149.74 - - [03/Oct/2024:09:54:53 -0300] "GET /cormun/servlet/permisogoce?INS,0,,, HTTP/1.1" 200 6846
190.171.149.74 - - [03/Oct/2024:09:54:55 -0300] "POST /cormun/servlet/permisogoce?295e0e43360b5d2ea8ecd1b97460c25e,INS,0,,,,gx-no-cache=1727960054507 HTTP/1.1" 200 93
190.171.149.74 - - [03/Oct/2024:09:54:55 -0300] "GET /cormun/servlet/hpexe_return? HTTP/1.1" 200 1010
190.171.149.74 - - [03/Oct/2024:09:54:56 -0300] "GET /cormun/servlet/trpermisosgoce? HTTP/1.1" 200 12492
190.171.149.74 - - [03/Oct/2024:09:54:58 -0300] "POST /cormun/servlet/trpermisosgoce?295e0e43360b5d2ea8ecd1b97460c25e,,gx-no-cache=1727960056715 HTTP/1.1" 200 104
190.171.149.74 - - [03/Oct/2024:09:54:58 -0300] "POST /cormun/servlet/trpermisosgoce?295e0e43360b5d2ea8ecd1b97460c25e,,gx-no-cache=1727960056815 HTTP/1.1" 200 9533
190.171.149.74 - - [03/Oct/2024:09:54:58 -0300] "GET /cormun/PermisosGoce-3618.xls HTTP/1.1" 200 9216
52.167.144.25 - - [03/Oct/2024:09:57:44 -0300] "GET /cormun/servlet/hlogin HTTP/1.1" 200 1718
190.95.15.15 - - [03/Oct/2024:10:10:40 -0300] "GET /cormun/servlet/trlicencias? HTTP/1.1" 200 6048
190.95.15.15 - - [03/Oct/2024:10:10:40 -0300] "GET /cormun/servlet/hlogin HTTP/1.1" 200 1735
190.95.15.15 - - [03/Oct/2024:10:10:47 -0300] "POST /cormun/servlet/hlogin?53e38271d044b5d5492eff817439e38f,gx-no-cache=1727961009211 HTTP/1.1" 200 90
190.95.15.15 - - [03/Oct/2024:10:10:47 -0300] "GET /cormun/servlet/hpexe_link HTTP/1.1" 200 953
190.95.15.15 - - [03/Oct/2024:10:10:47 -0300] "GET /cormun/servlet/trlicencias HTTP/1.1" 200 11996
181.212.42.153 - - [03/Oct/2024:10:14:36 -0300] "GET /cormun/servlet/trlicencias? HTTP/1.1" 200 6049
181.212.42.153 - - [03/Oct/2024:10:14:36 -0300] "GET /cormun/servlet/hlogin HTTP/1.1" 200 1737
181.212.42.153 - - [03/Oct/2024:10:14:42 -0300] "POST /cormun/servlet/hlogin?6cdc235e4e86bc6a360fbf851de62eaa,gx-no-cache=1727961243955 HTTP/1.1" 200 90
181.212.42.153 - - [03/Oct/2024:10:14:42 -0300] "GET /cormun/servlet/hpexe_link HTTP/1.1" 200 957
181.212.42.153 - - [03/Oct/2024:10:14:42 -0300] "GET /cormun/servlet/trlicencias HTTP/1.1" 200 16136
181.212.42.153 - - [03/Oct/2024:10:14:49 -0300] "GET /cormun/servlet/trpermisosgoce? HTTP/1.1" 200 18622
181.212.42.153 - - [03/Oct/2024:10:17:03 -0300] "GET /cormun/servlet/trpermisosadjuntos?17136588,20240909161849,P, HTTP/1.1" 200 6302
181.212.42.153 - - [03/Oct/2024:10:17:03 -0300] "GET /cormun/static/gxcfg.js?2020121641683 HTTP/1.1" 200 953
181.212.42.153 - - [03/Oct/2024:10:17:03 -0300] "GET /cormun/static/trpermisosadjuntos.js?2020121642996 HTTP/1.1" 200 20158
181.212.42.153 - - [03/Oct/2024:10:17:04 -0300] "GET /cormun/servlet/permisosadjuntos?INS,17136588,P,20240909161849,, HTTP/1.1" 200 5625
181.212.42.153 - - [03/Oct/2024:10:17:04 -0300] "GET /cormun/static/gxcfg.js?20201215134212 HTTP/1.1" 200 953
181.212.42.153 - - [03/Oct/2024:10:17:04 -0300] "GET /cormun/static/permisosadjuntos.js?20201215134285 HTTP/1.1" 200 8724
181.212.42.153 - - [03/Oct/2024:10:17:04 -0300] "GET /cormun/static/about:blank HTTP/1.1" 404 1011
181.212.40.185 - - [03/Oct/2024:10:18:24 -0300] "GET /cormun/servlet/trsolicitudot? HTTP/1.1" 200 6319
181.212.40.185 - - [03/Oct/2024:10:18:24 -0300] "GET /cormun/servlet/hlogin HTTP/1.1" 200 1734
181.212.40.185 - - [03/Oct/2024:10:18:35 -0300] "POST /cormun/servlet/hlogin?a1c9ef1736ecda163b3707f76f24c0f2,gx-no-cache=1727961476435 HTTP/1.1" 200 90
181.212.40.185 - - [03/Oct/2024:10:18:36 -0300] "GET /cormun/servlet/hpexe_link HTTP/1.1" 200 953
181.212.40.185 - - [03/Oct/2024:10:18:36 -0300] "GET /cormun/servlet/trsolicitudot HTTP/1.1" 200 7250
181.212.40.185 - - [03/Oct/2024:10:18:40 -0300] "GET /cormun/servlet/trlicencias? HTTP/1.1" 200 17480
181.212.42.153 - - [03/Oct/2024:10:18:58 -0300] "POST /cormun/servlet/permisosadjuntos?6cdc235e4e86bc6a360fbf851de62eaa,INS,17136588,P,20240909161849,,,gx-no-cache=1727961500494 HTTP/1.1" 200 93
181.212.42.153 - - [03/Oct/2024:10:18:58 -0300] "GET /cormun/servlet/hpexe_return? HTTP/1.1" 200 1038
181.212.42.153 - - [03/Oct/2024:10:18:58 -0300] "GET /cormun/servlet/trpermisosadjuntos?17136588,20240909161849,P, HTTP/1.1" 200 6306
181.212.42.153 - - [03/Oct/2024:10:19:02 -0300] "GET /cormun/servlet/trpermisosgoce? HTTP/1.1" 200 18632
181.212.42.153 - - [03/Oct/2024:10:19:08 -0300] "POST /cormun/servlet/trpermisosgoce?6cdc235e4e86bc6a360fbf851de62eaa,,gx-no-cache=1727961510254 HTTP/1.1" 200 4212
181.212.42.153 - - [03/Oct/2024:10:19:11 -0300] "GET /cormun/static/menuarrow.gif HTTP/1.1" 404 1015
181.212.42.153 - - [03/Oct/2024:10:19:15 -0300] "POST /cormun/servlet/trpermisosgoce?6cdc235e4e86bc6a360fbf851de62eaa,,gx-no-cache=1727961516851 HTTP/1.1" 200 5088
181.212.42.153 - - [03/Oct/2024:10:19:19 -0300] "GET /cormun/servlet/trpermisosadjuntos?10637809,20240711121224,P, HTTP/1.1" 200 6287
181.212.42.153 - - [03/Oct/2024:10:19:21 -0300] "GET /cormun/servlet/permisosadjuntos?INS,10637809,P,20240711121224,, HTTP/1.1" 200 5611
181.212.42.153 - - [03/Oct/2024:10:19:21 -0300] "GET /cormun/static/about:blank HTTP/1.1" 404 1011
200.54.103.162 - - [03/Oct/2024:10:19:37 -0300] "GET /cormun/servlet/hhome HTTP/1.1" 200 3319
200.54.103.162 - - [03/Oct/2024:10:19:38 -0300] "GET /cormun/servlet/hlogin HTTP/1.1" 200 1731
181.212.42.153 - - [03/Oct/2024:10:19:38 -0300] "POST /cormun/servlet/permisosadjuntos?6cdc235e4e86bc6a360fbf851de62eaa,INS,10637809,P,20240711121224,, HTTP/1.1" 200 116
181.212.42.153 - - [03/Oct/2024:10:19:38 -0300] "GET /cormun/servlet/hpexe_return? HTTP/1.1" 200 1039
181.212.42.153 - - [03/Oct/2024:10:19:38 -0300] "GET /cormun/servlet/trpermisosadjuntos?10637809,20240711121224,P, HTTP/1.1" 200 6751
200.54.103.162 - - [03/Oct/2024:10:19:40 -0300] "POST /cormun/servlet/hlogin?8fcf38838df6aa57f7bd7cb12dba793d,gx-no-cache=1727961541321 HTTP/1.1" 200 90
200.54.103.162 - - [03/Oct/2024:10:19:40 -0300] "GET /cormun/servlet/hpexe_link HTTP/1.1" 200 950
200.54.103.162 - - [03/Oct/2024:10:19:40 -0300] "GET /cormun/servlet/hhome HTTP/1.1" 200 4339
181.212.42.153 - - [03/Oct/2024:10:19:41 -0300] "GET /cormun/servlet/trpermisosgoce? HTTP/1.1" 200 7780
200.54.103.162 - - [03/Oct/2024:10:19:42 -0300] "GET /cormun/servlet/trpermisosgoce? HTTP/1.1" 200 13895
181.212.42.153 - - [03/Oct/2024:10:19:43 -0300] "POST /cormun/servlet/trpermisosgoce?6cdc235e4e86bc6a360fbf851de62eaa,,gx-no-cache=1727961545293 HTTP/1.1" 200 5076
181.212.42.153 - - [03/Oct/2024:10:19:43 -0300] "GET /cormun/static/Shared/jqueryui/images/ui-icons_82798d_256x240.png HTTP/1.1" 404 1089
181.212.42.153 - - [03/Oct/2024:10:19:43 -0300] "GET /cormun/static/Shared/jqueryui/images/ui-bg_highlight-soft_100_c6c2c8_1x100.png HTTP/1.1" 404 1117
181.212.42.153 - - [03/Oct/2024:10:19:43 -0300] "GET /cormun/static/Shared/jqueryui/images/ui-bg_flat_55_fafafa_40x100.png HTTP/1.1" 404 1097
181.212.42.153 - - [03/Oct/2024:10:19:43 -0300] "GET /cormun/static/Shared/jqueryui/images/ui-icons_8d78a5_256x240.png HTTP/1.1" 404 1089
181.212.42.153 - - [03/Oct/2024:10:19:49 -0300] "POST /cormun/servlet/trpermisosgoce?6cdc235e4e86bc6a360fbf851de62eaa,,gx-no-cache=1727961550803 HTTP/1.1" 200 6146
200.54.103.162 - - [03/Oct/2024:10:19:51 -0300] "GET /cormun/servlet/permisogoce?INS,0,,, HTTP/1.1" 200 7233
200.54.103.162 - - [03/Oct/2024:10:19:51 -0300] "GET /cormun/static/gxcfg.js?20201215124560 HTTP/1.1" 200 953
200.54.103.162 - - [03/Oct/2024:10:19:51 -0300] "GET /cormun/static/permisogoce.js?20201215124939 HTTP/1.1" 200 27790
181.212.42.153 - - [03/Oct/2024:10:19:52 -0300] "GET /cormun/servlet/trpermisosadjuntos?10264376,20240710093203,P, HTTP/1.1" 200 6289
181.212.42.153 - - [03/Oct/2024:10:19:53 -0300] "GET /cormun/servlet/permisosadjuntos?INS,10264376,P,20240710093203,, HTTP/1.1" 200 5611
181.212.42.153 - - [03/Oct/2024:10:19:53 -0300] "GET /cormun/static/about:blank HTTP/1.1" 404 1011
200.54.103.162 - - [03/Oct/2024:10:19:59 -0300] "GET /cormun/servlet/permisogoce?d31463315d833186d85841525b37b6f47ec7b17a0578d427efea0ac8e772c9b0fcf781855bb7767228989f010242bc7abb3c97abc3d2255a9b95bd71fb1e7713,gx-no-cache=1727961560362 HTTP/1.1" 200 83
200.54.103.162 - - [03/Oct/2024:10:19:59 -0300] "GET /cormun/static/menuarrow.gif HTTP/1.1" 404 1015
181.212.42.153 - - [03/Oct/2024:10:20:03 -0300] "POST /cormun/servlet/permisosadjuntos?6cdc235e4e86bc6a360fbf851de62eaa,INS,10264376,P,20240710093203,, HTTP/1.1" 200 116
181.212.42.153 - - [03/Oct/2024:10:20:03 -0300] "GET /cormun/servlet/hpexe_return? HTTP/1.1" 200 1038
181.212.42.153 - - [03/Oct/2024:10:20:03 -0300] "GET /cormun/servlet/trpermisosadjuntos?10264376,20240710093203,P, HTTP/1.1" 200 6752
181.212.42.153 - - [03/Oct/2024:10:20:06 -0300] "GET /cormun/servlet/trpermisosgoce? HTTP/1.1" 200 8867
200.54.103.162 - - [03/Oct/2024:10:20:08 -0300] "GET /cormun/servlet/permisogoce?d31463315d833186d85841525b37b6f429d171f1d5eed20a2184029f87d26093f05d680012ceed8d8bcba11b962a865f6409960d9b581ccce79762296244711c,gx-no-cache=1727961569032 HTTP/1.1" 200 49
181.212.42.153 - - [03/Oct/2024:10:20:09 -0300] "POST /cormun/servlet/trpermisosgoce?6cdc235e4e86bc6a360fbf851de62eaa,,gx-no-cache=1727961571044 HTTP/1.1" 200 6179
181.212.42.153 - - [03/Oct/2024:10:20:19 -0300] "POST /cormun/servlet/trpermisosgoce?6cdc235e4e86bc6a360fbf851de62eaa,,gx-no-cache=1727961581007 HTTP/1.1" 200 5081
181.212.42.153 - - [03/Oct/2024:10:20:21 -0300] "GET /cormun/servlet/trpermisosadjuntos?12515818,20240708115651,P, HTTP/1.1" 200 6292
181.212.42.153 - - [03/Oct/2024:10:20:22 -0300] "GET /cormun/servlet/permisosadjuntos?INS,12515818,P,20240708115651,, HTTP/1.1" 200 5618
181.212.42.153 - - [03/Oct/2024:10:20:22 -0300] "GET /cormun/static/about:blank HTTP/1.1" 404 1011
200.54.103.162 - - [03/Oct/2024:10:20:24 -0300] "POST /cormun/servlet/permisogoce?8fcf38838df6aa57f7bd7cb12dba793d,INS,0,,,,gx-no-cache=1727961585034 HTTP/1.1" 200 93
200.54.103.162 - - [03/Oct/2024:10:20:24 -0300] "GET /cormun/servlet/hpexe_return? HTTP/1.1" 200 1009
200.54.103.162 - - [03/Oct/2024:10:20:24 -0300] "GET /cormun/servlet/trpermisosgoce HTTP/1.1" 200 14200
200.54.103.162 - - [03/Oct/2024:10:20:24 -0300] "GET /cormun//static/Resources/PXToolsGridUpdate.png HTTP/1.1" 304 -
200.54.103.162 - - [03/Oct/2024:10:20:31 -0300] "GET /cormun/servlet/permisogoce?INS,0,,, HTTP/1.1" 200 7234
181.212.42.153 - - [03/Oct/2024:10:20:31 -0300] "POST /cormun/servlet/permisosadjuntos?6cdc235e4e86bc6a360fbf851de62eaa,INS,12515818,P,20240708115651,, HTTP/1.1" 200 116
181.212.42.153 - - [03/Oct/2024:10:20:31 -0300] "GET /cormun/servlet/hpexe_return? HTTP/1.1" 200 1038
181.212.42.153 - - [03/Oct/2024:10:20:31 -0300] "GET /cormun/servlet/trpermisosadjuntos?12515818,20240708115651,P, HTTP/1.1" 200 6756
181.212.42.153 - - [03/Oct/2024:10:20:34 -0300] "GET /cormun/servlet/trpermisosgoce? HTTP/1.1" 200 7782
181.212.42.153 - - [03/Oct/2024:10:20:37 -0300] "POST /cormun/servlet/trpermisosgoce?6cdc235e4e86bc6a360fbf851de62eaa,,gx-no-cache=1727961598976 HTTP/1.1" 200 5070
200.54.103.162 - - [03/Oct/2024:10:20:40 -0300] "GET /cormun/servlet/permisogoce?d31463315d833186d85841525b37b6f410a026abe624ca7a38e1d12afb6603c2fcf781855bb7767228989f010242bc7abb3c97abc3d2255a9b95bd71fb1e7713,gx-no-cache=1727961601012 HTTP/1.1" 200 78
200.54.103.162 - - [03/Oct/2024:10:20:47 -0300] "GET /cormun/servlet/permisogoce?d31463315d833186d85841525b37b6f4a17415e090c43644fb36634b093fa1f3fa0abb5eeefaa9c8b4c0361d634a32236409960d9b581ccce79762296244711c,gx-no-cache=1727961608796 HTTP/1.1" 200 47
181.212.42.153 - - [03/Oct/2024:10:20:48 -0300] "POST /cormun/servlet/trpermisosgoce?6cdc235e4e86bc6a360fbf851de62eaa,,gx-no-cache=1727961610542 HTTP/1.1" 200 5309
200.54.103.162 - - [03/Oct/2024:10:20:50 -0300] "POST /cormun/servlet/permisogoce?8fcf38838df6aa57f7bd7cb12dba793d,INS,0,,,,gx-no-cache=1727961610719 HTTP/1.1" 200 93
200.54.103.162 - - [03/Oct/2024:10:20:50 -0300] "GET /cormun/servlet/hpexe_return? HTTP/1.1" 200 1009
200.54.103.162 - - [03/Oct/2024:10:20:50 -0300] "GET /cormun/servlet/trpermisosgoce HTTP/1.1" 200 14415
181.212.42.153 - - [03/Oct/2024:10:20:51 -0300] "GET /cormun/servlet/trpermisosadjuntos?11528777,20240710093331,P, HTTP/1.1" 200 6284
181.212.42.153 - - [03/Oct/2024:10:20:52 -0300] "GET /cormun/servlet/permisosadjuntos?INS,11528777,P,20240710093331,, HTTP/1.1" 200 5606
181.212.42.153 - - [03/Oct/2024:10:20:52 -0300] "GET /cormun/static/about:blank HTTP/1.1" 404 1011
200.54.103.162 - - [03/Oct/2024:10:20:55 -0300] "GET /cormun/servlet/permisogoce?INS,0,,, HTTP/1.1" 200 7232
181.212.42.153 - - [03/Oct/2024:10:21:00 -0300] "POST /cormun/servlet/permisosadjuntos?6cdc235e4e86bc6a360fbf851de62eaa,INS,11528777,P,20240710093331,, HTTP/1.1" 200 116
181.212.42.153 - - [03/Oct/2024:10:21:00 -0300] "GET /cormun/servlet/hpexe_return? HTTP/1.1" 200 1037
181.212.42.153 - - [03/Oct/2024:10:21:00 -0300] "GET /cormun/servlet/trpermisosadjuntos?11528777,20240710093331,P, HTTP/1.1" 200 6747
181.212.42.153 - - [03/Oct/2024:10:21:03 -0300] "GET /cormun/servlet/trpermisosgoce? HTTP/1.1" 200 8001
181.212.42.153 - - [03/Oct/2024:10:21:05 -0300] "POST /cormun/servlet/trpermisosgoce?6cdc235e4e86bc6a360fbf851de62eaa,,gx-no-cache=1727961627289 HTTP/1.1" 200 5326
200.54.103.162 - - [03/Oct/2024:10:21:05 -0300] "GET /cormun/servlet/permisogoce?d31463315d833186d85841525b37b6f410a33ef348899659c439fa143edb73d8fcf781855bb7767228989f010242bc7abb3c97abc3d2255a9b95bd71fb1e7713,gx-no-cache=1727961626503 HTTP/1.1" 200 80
200.54.103.162 - - [03/Oct/2024:10:21:11 -0300] "GET /cormun/servlet/permisogoce?d31463315d833186d85841525b37b6f44b0165cd157747e1b544f35c9b6043edfd2c3eb4124d40eab053720d015c784d6409960d9b581ccce79762296244711c,gx-no-cache=1727961632237 HTTP/1.1" 200 47
200.54.103.162 - - [03/Oct/2024:10:21:13 -0300] "POST /cormun/servlet/permisogoce?8fcf38838df6aa57f7bd7cb12dba793d,INS,0,,,,gx-no-cache=1727961634135 HTTP/1.1" 200 93
200.54.103.162 - - [03/Oct/2024:10:21:13 -0300] "GET /cormun/servlet/hpexe_return? HTTP/1.1" 200 1009
200.54.103.162 - - [03/Oct/2024:10:21:13 -0300] "GET /cormun/servlet/trpermisosgoce HTTP/1.1" 200 14644
181.212.42.153 - - [03/Oct/2024:10:21:18 -0300] "POST /cormun/servlet/trpermisosgoce?6cdc235e4e86bc6a360fbf851de62eaa,,gx-no-cache=1727961640642 HTTP/1.1" 200 4212
200.54.103.162 - - [03/Oct/2024:10:21:19 -0300] "GET /cormun/servlet/permisogoce?INS,0,,, HTTP/1.1" 200 7233
181.212.42.153 - - [03/Oct/2024:10:21:26 -0300] "POST /cormun/servlet/trpermisosgoce?6cdc235e4e86bc6a360fbf851de62eaa,,gx-no-cache=1727961648375 HTTP/1.1" 200 5067
181.212.42.153 - - [03/Oct/2024:10:21:28 -0300] "GET /cormun/servlet/trpermisosadjuntos?23916560,20240619163036,P, HTTP/1.1" 200 6288
200.54.103.162 - - [03/Oct/2024:10:21:29 -0300] "GET /cormun/servlet/permisogoce?d31463315d833186d85841525b37b6f4466154a66347614155fdc694d5e8200efcf781855bb7767228989f010242bc7abb3c97abc3d2255a9b95bd71fb1e7713,gx-no-cache=1727961650158 HTTP/1.1" 200 75
181.212.42.153 - - [03/Oct/2024:10:21:30 -0300] "GET /cormun/servlet/permisosadjuntos?INS,23916560,P,20240619163036,, HTTP/1.1" 200 5615
181.212.42.153 - - [03/Oct/2024:10:21:30 -0300] "GET /cormun/static/about:blank HTTP/1.1" 404 1011
200.54.103.162 - - [03/Oct/2024:10:21:37 -0300] "GET /cormun/servlet/permisogoce?d31463315d833186d85841525b37b6f40e1667d7a25f41d0cdef82934d613e31e2e70daa2c5a8e85aa5b802aee80fed16409960d9b581ccce79762296244711c,gx-no-cache=1727961658093 HTTP/1.1" 200 47
200.54.103.162 - - [03/Oct/2024:10:21:39 -0300] "POST /cormun/servlet/permisogoce?8fcf38838df6aa57f7bd7cb12dba793d,INS,0,,,,gx-no-cache=1727961659829 HTTP/1.1" 200 93
200.54.103.162 - - [03/Oct/2024:10:21:39 -0300] "GET /cormun/servlet/hpexe_return? HTTP/1.1" 200 1009
200.54.103.162 - - [03/Oct/2024:10:21:39 -0300] "GET /cormun/servlet/trpermisosgoce HTTP/1.1" 200 14866
200.54.103.162 - - [03/Oct/2024:10:21:45 -0300] "GET /cormun/servlet/permisogoce?INS,0,,, HTTP/1.1" 200 7233
200.54.103.162 - - [03/Oct/2024:10:21:52 -0300] "GET /cormun/servlet/permisogoce?d31463315d833186d85841525b37b6f4ba0e9d609bbe741fe4f973c850b7a4f3fcf781855bb7767228989f010242bc7abb3c97abc3d2255a9b95bd71fb1e7713,gx-no-cache=1727961673876 HTTP/1.1" 200 78
181.212.42.153 - - [03/Oct/2024:10:21:58 -0300] "POST /cormun/servlet/permisosadjuntos?6cdc235e4e86bc6a360fbf851de62eaa,INS,23916560,P,20240619163036,, HTTP/1.1" 200 116
181.212.42.153 - - [03/Oct/2024:10:21:58 -0300] "GET /cormun/servlet/hpexe_return? HTTP/1.1" 200 1038
181.212.42.153 - - [03/Oct/2024:10:21:58 -0300] "GET /cormun/servlet/trpermisosadjuntos?23916560,20240619163036,P, HTTP/1.1" 200 6752
200.54.103.162 - - [03/Oct/2024:10:22:00 -0300] "GET /cormun/servlet/permisogoce?d31463315d833186d85841525b37b6f4e0921f7392733032d71c21289e9420b08bf5faf8acfc6e3477db49b971f18d4e1ea8d75aa6afcc24cb821f367850acc3,gx-no-cache=1727961681635 HTTP/1.1" 200 47
200.54.103.162 - - [03/Oct/2024:10:22:03 -0300] "POST /cormun/servlet/permisogoce?8fcf38838df6aa57f7bd7cb12dba793d,INS,0,,,,gx-no-cache=1727961683741 HTTP/1.1" 200 93
200.54.103.162 - - [03/Oct/2024:10:22:03 -0300] "GET /cormun/servlet/hpexe_return? HTTP/1.1" 200 1009
200.54.103.162 - - [03/Oct/2024:10:22:03 -0300] "GET /cormun/servlet/trpermisosgoce HTTP/1.1" 200 15079
200.54.103.162 - - [03/Oct/2024:10:22:10 -0300] "GET /cormun/servlet/permisogoce?INS,0,,, HTTP/1.1" 200 7233
200.54.103.162 - - [03/Oct/2024:10:22:18 -0300] "GET /cormun/servlet/permisogoce?d31463315d833186d85841525b37b6f4749b2d5cd08e6dfbeaaf1ef6b9a1071ffcf781855bb7767228989f010242bc7abb3c97abc3d2255a9b95bd71fb1e7713,gx-no-cache=1727961699396 HTTP/1.1" 200 79
200.54.103.162 - - [03/Oct/2024:10:22:26 -0300] "GET /cormun/servlet/permisogoce?d31463315d833186d85841525b37b6f430392e0a93a57d40a7034264922d4dd2512b4bf7d47f4b17de17fb3de7ed5b9f6409960d9b581ccce79762296244711c,gx-no-cache=1727961707034 HTTP/1.1" 200 47
200.54.103.162 - - [03/Oct/2024:10:22:28 -0300] "POST /cormun/servlet/permisogoce?8fcf38838df6aa57f7bd7cb12dba793d,INS,0,,,,gx-no-cache=1727961708845 HTTP/1.1" 200 93
200.54.103.162 - - [03/Oct/2024:10:22:28 -0300] "GET /cormun/servlet/hpexe_return? HTTP/1.1" 200 1009
200.54.103.162 - - [03/Oct/2024:10:22:28 -0300] "GET /cormun/servlet/trpermisosgoce HTTP/1.1" 200 15323
200.54.103.162 - - [03/Oct/2024:10:22:35 -0300] "GET /cormun/servlet/permisogoce?INS,0,,, HTTP/1.1" 200 7233
200.54.103.162 - - [03/Oct/2024:10:22:44 -0300] "GET /cormun/servlet/permisogoce?d31463315d833186d85841525b37b6f4f6623e35c91ded6980ba7d353b3c0ddbfcf781855bb7767228989f010242bc7abb3c97abc3d2255a9b95bd71fb1e7713,gx-no-cache=1727961725686 HTTP/1.1" 200 77
181.212.42.153 - - [03/Oct/2024:10:22:47 -0300] "GET /cormun/servlet/trpermisosgoce? HTTP/1.1" 200 7764
200.54.103.162 - - [03/Oct/2024:10:22:49 -0300] "GET /cormun/servlet/permisogoce?d31463315d833186d85841525b37b6f4d5579b73049825b677a8687384e32a3b55a76679d12ca107b467e5d8e0ee7b3d6409960d9b581ccce79762296244711c,gx-no-cache=1727961730157 HTTP/1.1" 200 48
181.212.42.153 - - [03/Oct/2024:10:22:49 -0300] "POST /cormun/servlet/trpermisosgoce?6cdc235e4e86bc6a360fbf851de62eaa,,gx-no-cache=1727961731117 HTTP/1.1" 200 5055
200.54.103.162 - - [03/Oct/2024:10:22:51 -0300] "POST /cormun/servlet/permisogoce?8fcf38838df6aa57f7bd7cb12dba793d,INS,0,,,,gx-no-cache=1727961731927 HTTP/1.1" 200 93
200.54.103.162 - - [03/Oct/2024:10:22:51 -0300] "GET /cormun/servlet/hpexe_return? HTTP/1.1" 200 1009
200.54.103.162 - - [03/Oct/2024:10:22:51 -0300] "GET /cormun/servlet/trpermisosgoce HTTP/1.1" 200 15556
200.54.103.162 - - [03/Oct/2024:10:22:57 -0300] "GET /cormun/servlet/permisogoce?INS,0,,, HTTP/1.1" 200 7233
200.54.103.162 - - [03/Oct/2024:10:23:04 -0300] "GET /cormun/servlet/permisogoce?d31463315d833186d85841525b37b6f47a7c9f7665f8c7e43664af60a6f8aeb374f3ba76c440e0829ac1ce4d64edf3b01259f58d3006debeb0454e02e3e779e6,gx-no-cache=1727961745046 HTTP/1.1" 200 84
181.212.42.153 - - [03/Oct/2024:10:23:08 -0300] "POST /cormun/servlet/trpermisosgoce?6cdc235e4e86bc6a360fbf851de62eaa,,gx-no-cache=1727961750279 HTTP/1.1" 200 5296
200.54.103.162 - - [03/Oct/2024:10:23:09 -0300] "GET /cormun/servlet/permisogoce?d31463315d833186d85841525b37b6f49124d1bc36d5d150da548eeb10beeff4d1cd37b4b388ee2d5ef63c2d2470d0d308d3918625f39f47bc374ebe0e9f4080,gx-no-cache=1727961750612 HTTP/1.1" 200 47
200.54.103.162 - - [03/Oct/2024:10:23:11 -0300] "POST /cormun/servlet/permisogoce?8fcf38838df6aa57f7bd7cb12dba793d,INS,0,,,,gx-no-cache=1727961752495 HTTP/1.1" 200 93
200.54.103.162 - - [03/Oct/2024:10:23:11 -0300] "GET /cormun/servlet/hpexe_return? HTTP/1.1" 200 1009
181.212.42.153 - - [03/Oct/2024:10:23:11 -0300] "GET /cormun/servlet/trpermisosadjuntos?18798710,20240619113740,P, HTTP/1.1" 200 6287
200.54.103.162 - - [03/Oct/2024:10:23:12 -0300] "GET /cormun/servlet/trpermisosgoce HTTP/1.1" 200 15811
181.212.42.153 - - [03/Oct/2024:10:23:13 -0300] "GET /cormun/servlet/permisosadjuntos?INS,18798710,P,20240619113740,, HTTP/1.1" 200 5610
181.212.42.153 - - [03/Oct/2024:10:23:13 -0300] "GET /cormun/static/about:blank HTTP/1.1" 404 1011
200.54.103.162 - - [03/Oct/2024:10:23:17 -0300] "GET /cormun/servlet/permisogoce?INS,0,,, HTTP/1.1" 200 7233
181.212.42.153 - - [03/Oct/2024:10:23:21 -0300] "POST /cormun/servlet/permisosadjuntos?6cdc235e4e86bc6a360fbf851de62eaa,INS,18798710,P,20240619113740,, HTTP/1.1" 200 116
181.212.42.153 - - [03/Oct/2024:10:23:21 -0300] "GET /cormun/servlet/hpexe_return? HTTP/1.1" 200 1038
181.212.42.153 - - [03/Oct/2024:10:23:21 -0300] "GET /cormun/servlet/trpermisosadjuntos?18798710,20240619113740,P, HTTP/1.1" 200 6744
181.212.42.153 - - [03/Oct/2024:10:23:24 -0300] "GET /cormun/servlet/trpermisosgoce? HTTP/1.1" 200 7990
200.54.103.162 - - [03/Oct/2024:10:23:25 -0300] "GET /cormun/servlet/permisogoce?d31463315d833186d85841525b37b6f4ab6d06dd83fd094e42712f40dcf69ca0fcf781855bb7767228989f010242bc7abb3c97abc3d2255a9b95bd71fb1e7713,gx-no-cache=1727961766718 HTTP/1.1" 200 181
200.54.103.162 - - [03/Oct/2024:10:23:25 -0300] "GET /cormun/static/Shared/jqueryui/images/ui-icons_82798d_256x240.png HTTP/1.1" 404 1089
200.54.103.162 - - [03/Oct/2024:10:23:25 -0300] "GET /cormun/static/Shared/jqueryui/images/ui-bg_highlight-soft_100_c6c2c8_1x100.png HTTP/1.1" 404 1117
200.54.103.162 - - [03/Oct/2024:10:23:25 -0300] "GET /cormun/static/Shared/jqueryui/images/ui-bg_flat_55_994d53_40x100.png HTTP/1.1" 404 1097
200.54.103.162 - - [03/Oct/2024:10:23:25 -0300] "GET /cormun/static/Shared/jqueryui/images/ui-icons_ebccce_256x240.png HTTP/1.1" 404 1089
181.212.42.153 - - [03/Oct/2024:10:23:27 -0300] "POST /cormun/servlet/trpermisosgoce?6cdc235e4e86bc6a360fbf851de62eaa,,gx-no-cache=1727961768785 HTTP/1.1" 200 5317
200.54.103.162 - - [03/Oct/2024:10:23:44 -0300] "GET /cormun/servlet/permisogoce?d31463315d833186d85841525b37b6f4ec833521123af28115c34c5b51e6ba86fcf781855bb7767228989f010242bc7abb3c97abc3d2255a9b95bd71fb1e7713,gx-no-cache=1727961785692 HTTP/1.1" 200 81
200.54.103.162 - - [03/Oct/2024:10:23:52 -0300] "GET /cormun/servlet/permisogoce?d31463315d833186d85841525b37b6f4462efb658e80a568f470b055e0a662bfc1eb4b9a22be8a3b8d86286f34c448a86409960d9b581ccce79762296244711c,gx-no-cache=1727961793236 HTTP/1.1" 200 47
200.54.103.162 - - [03/Oct/2024:10:23:55 -0300] "POST /cormun/servlet/permisogoce?8fcf38838df6aa57f7bd7cb12dba793d,INS,0,,,,gx-no-cache=1727961795895 HTTP/1.1" 200 93
200.54.103.162 - - [03/Oct/2024:10:23:55 -0300] "GET /cormun/servlet/hpexe_return? HTTP/1.1" 200 1009
200.54.103.162 - - [03/Oct/2024:10:23:55 -0300] "GET /cormun/servlet/trpermisosgoce HTTP/1.1" 200 16037
200.54.103.162 - - [03/Oct/2024:10:24:45 -0300] "GET /cormun/servlet/permisogoce?INS,0,,, HTTP/1.1" 200 7233
200.54.103.162 - - [03/Oct/2024:10:24:53 -0300] "GET /cormun/servlet/permisogoce?d31463315d833186d85841525b37b6f402b4ec2ebcc774fdb776cef639db8ecefcf781855bb7767228989f010242bc7abb3c97abc3d2255a9b95bd71fb1e7713,gx-no-cache=1727961854214 HTTP/1.1" 200 82
200.54.103.162 - - [03/Oct/2024:10:24:59 -0300] "GET /cormun/servlet/permisogoce?d31463315d833186d85841525b37b6f4576c41bf84521e79c1ae6c7cfb94e6dd1c8e109c3ccaad9444bde751faf655681ea8d75aa6afcc24cb821f367850acc3,gx-no-cache=1727961860821 HTTP/1.1" 200 46
200.54.103.162 - - [03/Oct/2024:10:25:02 -0300] "POST /cormun/servlet/permisogoce?8fcf38838df6aa57f7bd7cb12dba793d,INS,0,,,,gx-no-cache=1727961863183 HTTP/1.1" 200 93
200.54.103.162 - - [03/Oct/2024:10:25:02 -0300] "GET /cormun/servlet/hpexe_return? HTTP/1.1" 200 1009
200.54.103.162 - - [03/Oct/2024:10:25:02 -0300] "GET /cormun/servlet/trpermisosgoce HTTP/1.1" 200 16237
200.54.103.162 - - [03/Oct/2024:10:25:09 -0300] "GET /cormun/servlet/permisogoce?INS,0,,, HTTP/1.1" 200 7233
200.54.103.162 - - [03/Oct/2024:10:25:17 -0300] "GET /cormun/servlet/permisogoce?d31463315d833186d85841525b37b6f4966b83237102a6fe83254389bc002707fcf781855bb7767228989f010242bc7abb3c97abc3d2255a9b95bd71fb1e7713,gx-no-cache=1727961878606 HTTP/1.1" 200 72
200.54.103.162 - - [03/Oct/2024:10:25:23 -0300] "GET /cormun/servlet/permisogoce?d31463315d833186d85841525b37b6f4c42ef64754d9b0f2097424d70b66778b10639bb3fc9f9aaa8044b8acb09189321ea8d75aa6afcc24cb821f367850acc3,gx-no-cache=1727961884413 HTTP/1.1" 200 47
200.54.103.162 - - [03/Oct/2024:10:25:25 -0300] "POST /cormun/servlet/permisogoce?8fcf38838df6aa57f7bd7cb12dba793d,INS,0,,,,gx-no-cache=1727961886255 HTTP/1.1" 200 93
200.54.103.162 - - [03/Oct/2024:10:25:25 -0300] "GET /cormun/servlet/hpexe_return? HTTP/1.1" 200 1009
200.54.103.162 - - [03/Oct/2024:10:25:25 -0300] "GET /cormun/servlet/trpermisosgoce HTTP/1.1" 200 16422
200.54.103.162 - - [03/Oct/2024:10:25:40 -0300] "GET /cormun/servlet/permisogoce?INS,0,,, HTTP/1.1" 200 7233
200.54.103.162 - - [03/Oct/2024:10:25:53 -0300] "GET /cormun/servlet/permisogoce?d31463315d833186d85841525b37b6f4ad7cd4135051b0faeb35c115631972a2fcf781855bb7767228989f010242bc7abb3c97abc3d2255a9b95bd71fb1e7713,gx-no-cache=1727961914142 HTTP/1.1" 200 80
200.54.103.162 - - [03/Oct/2024:10:26:02 -0300] "GET /cormun/servlet/permisogoce?d31463315d833186d85841525b37b6f492cd923d6b94f87988751a77e47423be0601db79a04c63f35cc20620c30799d36409960d9b581ccce79762296244711c,gx-no-cache=1727961923261 HTTP/1.1" 200 48
200.54.103.162 - - [03/Oct/2024:10:26:06 -0300] "POST /cormun/servlet/permisogoce?8fcf38838df6aa57f7bd7cb12dba793d,INS,0,,,,gx-no-cache=1727961926927 HTTP/1.1" 200 93
200.54.103.162 - - [03/Oct/2024:10:26:06 -0300] "GET /cormun/servlet/hpexe_return? HTTP/1.1" 200 1009
200.54.103.162 - - [03/Oct/2024:10:26:06 -0300] "GET /cormun/servlet/trpermisosgoce HTTP/1.1" 200 16614
200.54.103.162 - - [03/Oct/2024:10:26:16 -0300] "GET /cormun/servlet/trpermisosadjuntos?15731126,20241003101922,P, HTTP/1.1" 200 6662
200.54.103.162 - - [03/Oct/2024:10:26:16 -0300] "GET /cormun/static/gxcfg.js?2020121641683 HTTP/1.1" 200 953
200.54.103.162 - - [03/Oct/2024:10:26:16 -0300] "GET /cormun/static/trpermisosadjuntos.js?2020121642996 HTTP/1.1" 200 20158
200.54.103.162 - - [03/Oct/2024:10:26:17 -0300] "GET /cormun/servlet/permisosadjuntos?INS,15731126,P,20241003101922,, HTTP/1.1" 200 5990
200.54.103.162 - - [03/Oct/2024:10:26:17 -0300] "GET /cormun/static/gxcfg.js?20201215134212 HTTP/1.1" 200 953
200.54.103.162 - - [03/Oct/2024:10:26:17 -0300] "GET /cormun/static/permisosadjuntos.js?20201215134285 HTTP/1.1" 200 8724
200.54.103.162 - - [03/Oct/2024:10:26:17 -0300] "GET /cormun/static/about:blank HTTP/1.1" 404 1011
200.54.103.162 - - [03/Oct/2024:10:26:27 -0300] "POST /cormun/servlet/permisosadjuntos?8fcf38838df6aa57f7bd7cb12dba793d,INS,15731126,P,20241003101922,, HTTP/1.1" 200 116
200.54.103.162 - - [03/Oct/2024:10:26:27 -0300] "GET /cormun/servlet/hpexe_return? HTTP/1.1" 200 1036
200.54.103.162 - - [03/Oct/2024:10:26:27 -0300] "GET /cormun/servlet/trpermisosadjuntos?15731126,20241003101922,P, HTTP/1.1" 200 7169
200.54.103.162 - - [03/Oct/2024:10:26:28 -0300] "POST /cormun/servlet/trpermisosadjuntos?8fcf38838df6aa57f7bd7cb12dba793d,15731126,20241003101922,P,,gx-no-cache=1727961949754 HTTP/1.1" 200 90
200.54.103.162 - - [03/Oct/2024:10:26:28 -0300] "GET /cormun/servlet/hpexe_link HTTP/1.1" 200 981
200.54.103.162 - - [03/Oct/2024:10:26:28 -0300] "GET /cormun/servlet/trpermisosgoce HTTP/1.1" 200 16611
200.54.103.162 - - [03/Oct/2024:10:26:32 -0300] "GET /cormun/servlet/trpermisosadjuntos?19849959,20241003102002,P, HTTP/1.1" 200 6659
200.54.103.162 - - [03/Oct/2024:10:26:33 -0300] "GET /cormun/servlet/permisosadjuntos?INS,19849959,P,20241003102002,, HTTP/1.1" 200 5985
200.54.103.162 - - [03/Oct/2024:10:26:33 -0300] "GET /cormun/static/about:blank HTTP/1.1" 404 1011
200.54.103.162 - - [03/Oct/2024:10:26:39 -0300] "POST /cormun/servlet/permisosadjuntos?8fcf38838df6aa57f7bd7cb12dba793d,INS,19849959,P,20241003102002,, HTTP/1.1" 200 116
200.54.103.162 - - [03/Oct/2024:10:26:39 -0300] "GET /cormun/servlet/hpexe_return? HTTP/1.1" 200 1036
200.54.103.162 - - [03/Oct/2024:10:26:39 -0300] "GET /cormun/servlet/trpermisosadjuntos?19849959,20241003102002,P, HTTP/1.1" 200 7165
200.54.103.162 - - [03/Oct/2024:10:26:44 -0300] "POST /cormun/servlet/trpermisosadjuntos?8fcf38838df6aa57f7bd7cb12dba793d,19849959,20241003102002,P,,gx-no-cache=1727961965184 HTTP/1.1" 200 90
200.54.103.162 - - [03/Oct/2024:10:26:44 -0300] "GET /cormun/servlet/hpexe_link HTTP/1.1" 200 980
200.54.103.162 - - [03/Oct/2024:10:26:44 -0300] "GET /cormun/servlet/trpermisosgoce HTTP/1.1" 200 16611
200.54.103.162 - - [03/Oct/2024:10:26:48 -0300] "GET /cormun/servlet/trpermisosadjuntos?15916030,20241003102026,P, HTTP/1.1" 200 6655
200.54.103.162 - - [03/Oct/2024:10:26:50 -0300] "GET /cormun/servlet/permisosadjuntos?INS,15916030,P,20241003102026,, HTTP/1.1" 200 5985
200.54.103.162 - - [03/Oct/2024:10:26:50 -0300] "GET /cormun/static/about:blank HTTP/1.1" 404 1011
200.54.103.162 - - [03/Oct/2024:10:26:56 -0300] "POST /cormun/servlet/permisosadjuntos?8fcf38838df6aa57f7bd7cb12dba793d,INS,15916030,P,20241003102026,, HTTP/1.1" 200 116
200.54.103.162 - - [03/Oct/2024:10:26:56 -0300] "GET /cormun/servlet/hpexe_return? HTTP/1.1" 200 1036
200.54.103.162 - - [03/Oct/2024:10:26:56 -0300] "GET /cormun/servlet/trpermisosadjuntos?15916030,20241003102026,P, HTTP/1.1" 200 7161
200.54.103.162 - - [03/Oct/2024:10:26:57 -0300] "POST /cormun/servlet/trpermisosadjuntos?8fcf38838df6aa57f7bd7cb12dba793d,15916030,20241003102026,P,,gx-no-cache=1727961978391 HTTP/1.1" 200 90
200.54.103.162 - - [03/Oct/2024:10:26:57 -0300] "GET /cormun/servlet/hpexe_link HTTP/1.1" 200 981
200.54.103.162 - - [03/Oct/2024:10:26:57 -0300] "GET /cormun/servlet/trpermisosgoce HTTP/1.1" 200 16611
200.54.103.162 - - [03/Oct/2024:10:27:01 -0300] "GET /cormun/servlet/trpermisosadjuntos?15108514,20241003102050,P, HTTP/1.1" 200 6653
200.54.103.162 - - [03/Oct/2024:10:27:03 -0300] "GET /cormun/servlet/permisosadjuntos?INS,15108514,P,20241003102050,, HTTP/1.1" 200 5982
200.54.103.162 - - [03/Oct/2024:10:27:03 -0300] "GET /cormun/static/about:blank HTTP/1.1" 404 1011
200.54.103.162 - - [03/Oct/2024:10:27:15 -0300] "POST /cormun/servlet/permisosadjuntos?8fcf38838df6aa57f7bd7cb12dba793d,INS,15108514,P,20241003102050,, HTTP/1.1" 200 116
200.54.103.162 - - [03/Oct/2024:10:27:15 -0300] "GET /cormun/servlet/hpexe_return? HTTP/1.1" 200 1036
200.54.103.162 - - [03/Oct/2024:10:27:15 -0300] "GET /cormun/servlet/trpermisosadjuntos?15108514,20241003102050,P, HTTP/1.1" 200 7156
200.54.103.162 - - [03/Oct/2024:10:27:17 -0300] "POST /cormun/servlet/trpermisosadjuntos?8fcf38838df6aa57f7bd7cb12dba793d,15108514,20241003102050,P,,gx-no-cache=1727961998504 HTTP/1.1" 200 90
200.54.103.162 - - [03/Oct/2024:10:27:17 -0300] "GET /cormun/servlet/hpexe_link HTTP/1.1" 200 981
200.54.103.162 - - [03/Oct/2024:10:27:17 -0300] "GET /cormun/servlet/trpermisosgoce HTTP/1.1" 200 16611
200.54.103.162 - - [03/Oct/2024:10:27:20 -0300] "GET /cormun/servlet/trpermisosadjuntos?14204019,20241003102115,P, HTTP/1.1" 200 6655
200.54.103.162 - - [03/Oct/2024:10:27:22 -0300] "GET /cormun/servlet/permisosadjuntos?INS,14204019,P,20241003102115,, HTTP/1.1" 200 5982
200.54.103.162 - - [03/Oct/2024:10:27:22 -0300] "GET /cormun/static/about:blank HTTP/1.1" 404 1011
200.54.103.162 - - [03/Oct/2024:10:27:27 -0300] "POST /cormun/servlet/permisosadjuntos?8fcf38838df6aa57f7bd7cb12dba793d,INS,14204019,P,20241003102115,, HTTP/1.1" 200 116
200.54.103.162 - - [03/Oct/2024:10:27:27 -0300] "GET /cormun/servlet/hpexe_return? HTTP/1.1" 200 1037
200.54.103.162 - - [03/Oct/2024:10:27:27 -0300] "GET /cormun/servlet/trpermisosadjuntos?14204019,20241003102115,P, HTTP/1.1" 200 7160
200.54.103.162 - - [03/Oct/2024:10:27:28 -0300] "POST /cormun/servlet/trpermisosadjuntos?8fcf38838df6aa57f7bd7cb12dba793d,14204019,20241003102115,P,,gx-no-cache=1727962009679 HTTP/1.1" 200 90
200.54.103.162 - - [03/Oct/2024:10:27:28 -0300] "GET /cormun/servlet/hpexe_link HTTP/1.1" 200 981
200.54.103.162 - - [03/Oct/2024:10:27:28 -0300] "GET /cormun/servlet/trpermisosgoce HTTP/1.1" 200 16611
200.54.103.162 - - [03/Oct/2024:10:27:34 -0300] "GET /cormun/servlet/trpermisosadjuntos?26560201,20241003102141,P, HTTP/1.1" 200 6656
200.54.103.162 - - [03/Oct/2024:10:27:35 -0300] "GET /cormun/servlet/permisosadjuntos?INS,26560201,P,20241003102141,, HTTP/1.1" 200 5984
200.54.103.162 - - [03/Oct/2024:10:27:35 -0300] "GET /cormun/static/about:blank HTTP/1.1" 404 1011
200.54.103.162 - - [03/Oct/2024:10:27:40 -0300] "POST /cormun/servlet/permisosadjuntos?8fcf38838df6aa57f7bd7cb12dba793d,INS,26560201,P,20241003102141,, HTTP/1.1" 200 116
200.54.103.162 - - [03/Oct/2024:10:27:40 -0300] "GET /cormun/servlet/hpexe_return? HTTP/1.1" 200 1036
200.54.103.162 - - [03/Oct/2024:10:27:40 -0300] "GET /cormun/servlet/trpermisosadjuntos?26560201,20241003102141,P, HTTP/1.1" 200 7161
200.54.103.162 - - [03/Oct/2024:10:27:42 -0300] "POST /cormun/servlet/trpermisosadjuntos?8fcf38838df6aa57f7bd7cb12dba793d,26560201,20241003102141,P,,gx-no-cache=1727962023388 HTTP/1.1" 200 90
200.54.103.162 - - [03/Oct/2024:10:27:42 -0300] "GET /cormun/servlet/hpexe_link HTTP/1.1" 200 981
200.54.103.162 - - [03/Oct/2024:10:27:42 -0300] "GET /cormun/servlet/trpermisosgoce HTTP/1.1" 200 16611
200.54.103.162 - - [03/Oct/2024:10:27:46 -0300] "GET /cormun/servlet/trpermisosadjuntos?13500244,20241003102206,P, HTTP/1.1" 200 6654
200.54.103.162 - - [03/Oct/2024:10:27:47 -0300] "GET /cormun/servlet/permisosadjuntos?INS,13500244,P,20241003102206,, HTTP/1.1" 200 5982
200.54.103.162 - - [03/Oct/2024:10:27:47 -0300] "GET /cormun/static/about:blank HTTP/1.1" 404 1011
200.54.103.162 - - [03/Oct/2024:10:27:54 -0300] "POST /cormun/servlet/permisosadjuntos?8fcf38838df6aa57f7bd7cb12dba793d,INS,13500244,P,20241003102206,, HTTP/1.1" 200 116
200.54.103.162 - - [03/Oct/2024:10:27:54 -0300] "GET /cormun/servlet/hpexe_return? HTTP/1.1" 200 1036
200.54.103.162 - - [03/Oct/2024:10:27:54 -0300] "GET /cormun/servlet/trpermisosadjuntos?13500244,20241003102206,P, HTTP/1.1" 200 7158
200.54.103.162 - - [03/Oct/2024:10:27:56 -0300] "POST /cormun/servlet/trpermisosadjuntos?8fcf38838df6aa57f7bd7cb12dba793d,13500244,20241003102206,P,,gx-no-cache=1727962037740 HTTP/1.1" 200 90
200.54.103.162 - - [03/Oct/2024:10:27:56 -0300] "GET /cormun/servlet/hpexe_link HTTP/1.1" 200 981
200.54.103.162 - - [03/Oct/2024:10:27:56 -0300] "GET /cormun/servlet/trpermisosgoce HTTP/1.1" 200 16611
200.54.103.162 - - [03/Oct/2024:10:28:00 -0300] "GET /cormun/servlet/trpermisosadjuntos?9067815,20241003102227,P, HTTP/1.1" 200 6659
200.54.103.162 - - [03/Oct/2024:10:28:01 -0300] "GET /cormun/servlet/permisosadjuntos?INS,9067815,P,20241003102227,, HTTP/1.1" 200 5986
200.54.103.162 - - [03/Oct/2024:10:28:01 -0300] "GET /cormun/static/about:blank HTTP/1.1" 404 1011
200.54.103.162 - - [03/Oct/2024:10:28:08 -0300] "POST /cormun/servlet/permisosadjuntos?8fcf38838df6aa57f7bd7cb12dba793d,INS,9067815,P,20241003102227,, HTTP/1.1" 200 116
200.54.103.162 - - [03/Oct/2024:10:28:08 -0300] "GET /cormun/servlet/hpexe_return? HTTP/1.1" 200 1034
200.54.103.162 - - [03/Oct/2024:10:28:08 -0300] "GET /cormun/servlet/trpermisosadjuntos?9067815,20241003102227,P, HTTP/1.1" 200 7166
200.54.103.162 - - [03/Oct/2024:10:28:10 -0300] "POST /cormun/servlet/trpermisosadjuntos?8fcf38838df6aa57f7bd7cb12dba793d,9067815,20241003102227,P,,gx-no-cache=1727962051388 HTTP/1.1" 200 90
200.54.103.162 - - [03/Oct/2024:10:28:10 -0300] "GET /cormun/servlet/hpexe_link HTTP/1.1" 200 980
200.54.103.162 - - [03/Oct/2024:10:28:10 -0300] "GET /cormun/servlet/trpermisosgoce HTTP/1.1" 200 16611
200.54.103.162 - - [03/Oct/2024:10:28:14 -0300] "GET /cormun/servlet/trpermisosadjuntos?19593204,20241003102248,P, HTTP/1.1" 200 6660
200.54.103.162 - - [03/Oct/2024:10:28:15 -0300] "GET /cormun/servlet/permisosadjuntos?INS,19593204,P,20241003102248,, HTTP/1.1" 200 5986
200.54.103.162 - - [03/Oct/2024:10:28:15 -0300] "GET /cormun/static/about:blank HTTP/1.1" 404 1011
200.54.103.162 - - [03/Oct/2024:10:28:22 -0300] "POST /cormun/servlet/permisosadjuntos?8fcf38838df6aa57f7bd7cb12dba793d,INS,19593204,P,20241003102248,, HTTP/1.1" 200 116
200.54.103.162 - - [03/Oct/2024:10:28:22 -0300] "GET /cormun/servlet/hpexe_return? HTTP/1.1" 200 1036
200.54.103.162 - - [03/Oct/2024:10:28:22 -0300] "GET /cormun/servlet/trpermisosadjuntos?19593204,20241003102248,P, HTTP/1.1" 200 7167
200.54.103.162 - - [03/Oct/2024:10:28:24 -0300] "POST /cormun/servlet/trpermisosadjuntos?8fcf38838df6aa57f7bd7cb12dba793d,19593204,20241003102248,P,,gx-no-cache=1727962064980 HTTP/1.1" 200 90
200.54.103.162 - - [03/Oct/2024:10:28:24 -0300] "GET /cormun/servlet/hpexe_link HTTP/1.1" 200 981
200.54.103.162 - - [03/Oct/2024:10:28:24 -0300] "GET /cormun/servlet/trpermisosgoce HTTP/1.1" 200 16611
200.54.103.162 - - [03/Oct/2024:10:28:27 -0300] "GET /cormun/servlet/trpermisosadjuntos?20028451,20241003102415,P, HTTP/1.1" 200 6656
200.54.103.162 - - [03/Oct/2024:10:28:29 -0300] "GET /cormun/servlet/permisosadjuntos?INS,20028451,P,20241003102415,, HTTP/1.1" 200 5981
200.54.103.162 - - [03/Oct/2024:10:28:29 -0300] "GET /cormun/static/about:blank HTTP/1.1" 404 1011
200.54.103.162 - - [03/Oct/2024:10:28:34 -0300] "POST /cormun/servlet/permisosadjuntos?8fcf38838df6aa57f7bd7cb12dba793d,INS,20028451,P,20241003102415,, HTTP/1.1" 200 116
200.54.103.162 - - [03/Oct/2024:10:28:34 -0300] "GET /cormun/servlet/hpexe_return? HTTP/1.1" 200 1033
200.54.103.162 - - [03/Oct/2024:10:28:34 -0300] "GET /cormun/servlet/trpermisosadjuntos?20028451,20241003102415,P, HTTP/1.1" 200 7161
200.54.103.162 - - [03/Oct/2024:10:28:35 -0300] "POST /cormun/servlet/trpermisosadjuntos?8fcf38838df6aa57f7bd7cb12dba793d,20028451,20241003102415,P,,gx-no-cache=1727962076964 HTTP/1.1" 200 90
200.54.103.162 - - [03/Oct/2024:10:28:36 -0300] "GET /cormun/servlet/hpexe_link HTTP/1.1" 200 979
200.54.103.162 - - [03/Oct/2024:10:28:36 -0300] "GET /cormun/servlet/trpermisosgoce HTTP/1.1" 200 16611
200.54.103.162 - - [03/Oct/2024:10:28:40 -0300] "GET /cormun/servlet/trpermisosadjuntos?12365836,20241003102440,P, HTTP/1.1" 200 6653
200.54.103.162 - - [03/Oct/2024:10:28:42 -0300] "GET /cormun/servlet/permisosadjuntos?INS,12365836,P,20241003102440,, HTTP/1.1" 200 5980
200.54.103.162 - - [03/Oct/2024:10:28:42 -0300] "GET /cormun/static/about:blank HTTP/1.1" 404 1011
181.212.42.153 - - [03/Oct/2024:10:28:45 -0300] "POST /cormun/servlet/trpermisosgoce?6cdc235e4e86bc6a360fbf851de62eaa,,gx-no-cache=1727962086822 HTTP/1.1" 200 5059
181.212.42.153 - - [03/Oct/2024:10:28:47 -0300] "GET /cormun/servlet/trpermisosadjuntos?19479219,20240619113647,P, HTTP/1.1" 200 6288
200.54.103.162 - - [03/Oct/2024:10:28:48 -0300] "POST /cormun/servlet/permisosadjuntos?8fcf38838df6aa57f7bd7cb12dba793d,INS,12365836,P,20241003102440,, HTTP/1.1" 200 116
200.54.103.162 - - [03/Oct/2024:10:28:48 -0300] "GET /cormun/servlet/hpexe_return? HTTP/1.1" 200 1035
200.54.103.162 - - [03/Oct/2024:10:28:48 -0300] "GET /cormun/servlet/trpermisosadjuntos?12365836,20241003102440,P, HTTP/1.1" 200 7152
181.212.42.153 - - [03/Oct/2024:10:28:49 -0300] "GET /cormun/servlet/permisosadjuntos?INS,19479219,P,20240619113647,, HTTP/1.1" 200 5610
181.212.42.153 - - [03/Oct/2024:10:28:49 -0300] "GET /cormun/static/about:blank HTTP/1.1" 404 1011
200.54.103.162 - - [03/Oct/2024:10:28:50 -0300] "POST /cormun/servlet/trpermisosadjuntos?8fcf38838df6aa57f7bd7cb12dba793d,12365836,20241003102440,P,,gx-no-cache=1727962090973 HTTP/1.1" 200 90
200.54.103.162 - - [03/Oct/2024:10:28:50 -0300] "GET /cormun/servlet/hpexe_link HTTP/1.1" 200 981
200.54.103.162 - - [03/Oct/2024:10:28:50 -0300] "GET /cormun/servlet/trpermisosgoce HTTP/1.1" 200 16611
200.54.103.162 - - [03/Oct/2024:10:28:59 -0300] "GET /cormun/servlet/trpermisosadjuntos?13944658,20241003102510,P, HTTP/1.1" 200 6657
200.54.103.162 - - [03/Oct/2024:10:29:01 -0300] "GET /cormun/servlet/permisosadjuntos?INS,13944658,P,20241003102510,, HTTP/1.1" 200 5986
200.54.103.162 - - [03/Oct/2024:10:29:01 -0300] "GET /cormun/static/about:blank HTTP/1.1" 404 1011
181.212.42.153 - - [03/Oct/2024:10:29:02 -0300] "POST /cormun/servlet/permisosadjuntos?6cdc235e4e86bc6a360fbf851de62eaa,INS,19479219,P,20240619113647,, HTTP/1.1" 200 116
181.212.42.153 - - [03/Oct/2024:10:29:02 -0300] "GET /cormun/servlet/hpexe_return? HTTP/1.1" 200 1038
181.212.42.153 - - [03/Oct/2024:10:29:02 -0300] "GET /cormun/servlet/trpermisosadjuntos?19479219,20240619113647,P, HTTP/1.1" 200 6748
181.212.42.153 - - [03/Oct/2024:10:29:10 -0300] "GET /cormun/servlet/trpermisosgoce? HTTP/1.1" 200 7756
181.212.42.153 - - [03/Oct/2024:10:29:12 -0300] "POST /cormun/servlet/trpermisosgoce?6cdc235e4e86bc6a360fbf851de62eaa,,gx-no-cache=1727962114303 HTTP/1.1" 200 5048
181.212.42.153 - - [03/Oct/2024:10:29:12 -0300] "GET /cormun/static/Shared/jqueryui/images/ui-icons_82798d_256x240.png HTTP/1.1" 404 1089
181.212.42.153 - - [03/Oct/2024:10:29:12 -0300] "GET /cormun/static/Shared/jqueryui/images/ui-bg_highlight-soft_100_c6c2c8_1x100.png HTTP/1.1" 404 1117
181.212.42.153 - - [03/Oct/2024:10:29:12 -0300] "GET /cormun/static/Shared/jqueryui/images/ui-bg_flat_55_fafafa_40x100.png HTTP/1.1" 404 1097
181.212.42.153 - - [03/Oct/2024:10:29:12 -0300] "GET /cormun/static/Shared/jqueryui/images/ui-icons_8d78a5_256x240.png HTTP/1.1" 404 1089
181.212.42.153 - - [03/Oct/2024:10:30:33 -0300] "POST /cormun/servlet/trpermisosgoce?6cdc235e4e86bc6a360fbf851de62eaa,,gx-no-cache=1727962195491 HTTP/1.1" 200 6168
181.212.42.153 - - [03/Oct/2024:10:30:36 -0300] "GET /cormun/servlet/trpermisosadjuntos?9242785,20240619113447,P, HTTP/1.1" 200 6295
181.212.42.153 - - [03/Oct/2024:10:30:37 -0300] "GET /cormun/servlet/permisosadjuntos?INS,9242785,P,20240619113447,, HTTP/1.1" 200 5614
181.212.42.153 - - [03/Oct/2024:10:30:37 -0300] "GET /cormun/static/about:blank HTTP/1.1" 404 1011
181.212.42.153 - - [03/Oct/2024:10:30:50 -0300] "POST /cormun/servlet/permisosadjuntos?6cdc235e4e86bc6a360fbf851de62eaa,INS,9242785,P,20240619113447,, HTTP/1.1" 200 116
181.212.42.153 - - [03/Oct/2024:10:30:50 -0300] "GET /cormun/servlet/hpexe_return? HTTP/1.1" 200 1038
181.212.42.153 - - [03/Oct/2024:10:30:50 -0300] "GET /cormun/servlet/trpermisosadjuntos?9242785,20240619113447,P, HTTP/1.1" 200 6758
181.212.42.153 - - [03/Oct/2024:10:30:59 -0300] "GET /cormun/servlet/trpermisosgoce? HTTP/1.1" 200 8882
181.212.42.153 - - [03/Oct/2024:10:31:01 -0300] "POST /cormun/servlet/trpermisosgoce?6cdc235e4e86bc6a360fbf851de62eaa,,gx-no-cache=1727962223017 HTTP/1.1" 200 6201
181.212.42.153 - - [03/Oct/2024:10:31:12 -0300] "POST /cormun/servlet/trpermisosgoce?6cdc235e4e86bc6a360fbf851de62eaa,,gx-no-cache=1727962234179 HTTP/1.1" 200 5311
181.212.42.153 - - [03/Oct/2024:10:31:14 -0300] "GET /cormun/servlet/trpermisosadjuntos?13944984,20240619113345,P, HTTP/1.1" 200 6290
181.212.42.153 - - [03/Oct/2024:10:31:15 -0300] "GET /cormun/servlet/permisosadjuntos?INS,13944984,P,20240619113345,, HTTP/1.1" 200 5614
181.212.42.153 - - [03/Oct/2024:10:31:16 -0300] "GET /cormun/static/about:blank HTTP/1.1" 404 1011
181.212.42.153 - - [03/Oct/2024:10:31:33 -0300] "POST /cormun/servlet/permisosadjuntos?6cdc235e4e86bc6a360fbf851de62eaa,INS,13944984,P,20240619113345,, HTTP/1.1" 200 116
181.212.42.153 - - [03/Oct/2024:10:31:33 -0300] "GET /cormun/servlet/hpexe_return? HTTP/1.1" 200 1039
181.212.42.153 - - [03/Oct/2024:10:31:33 -0300] "GET /cormun/servlet/trpermisosadjuntos?13944984,20240619113345,P, HTTP/1.1" 200 6752
181.212.42.153 - - [03/Oct/2024:10:31:36 -0300] "GET /cormun/servlet/trpermisosgoce? HTTP/1.1" 200 8010
181.212.42.153 - - [03/Oct/2024:10:31:47 -0300] "POST /cormun/servlet/trpermisosgoce?6cdc235e4e86bc6a360fbf851de62eaa,,gx-no-cache=1727962269431 HTTP/1.1" 200 6474
181.212.42.153 - - [03/Oct/2024:10:31:52 -0300] "GET /cormun/servlet/trpermisosadjuntos?14083819,20240821101911,P, HTTP/1.1" 200 6293
181.212.42.153 - - [03/Oct/2024:10:31:55 -0300] "GET /cormun/servlet/trpermisosgoce? HTTP/1.1" 200 9216
181.212.42.153 - - [03/Oct/2024:10:31:58 -0300] "GET /cormun/servlet/trpermisosadjuntos?14083819,20240619113313,P, HTTP/1.1" 200 6295
181.212.42.153 - - [03/Oct/2024:10:31:59 -0300] "GET /cormun/servlet/permisosadjuntos?INS,14083819,P,20240619113313,, HTTP/1.1" 200 5616
181.212.42.153 - - [03/Oct/2024:10:31:59 -0300] "GET /cormun/static/about:blank HTTP/1.1" 404 1011
181.212.42.153 - - [03/Oct/2024:10:32:11 -0300] "POST /cormun/servlet/permisosadjuntos?6cdc235e4e86bc6a360fbf851de62eaa,INS,14083819,P,20240619113313,, HTTP/1.1" 200 116
181.212.42.153 - - [03/Oct/2024:10:32:11 -0300] "GET /cormun/servlet/hpexe_return? HTTP/1.1" 200 1037
181.212.42.153 - - [03/Oct/2024:10:32:11 -0300] "GET /cormun/servlet/trpermisosadjuntos?14083819,20240619113313,P, HTTP/1.1" 200 6756
181.212.42.153 - - [03/Oct/2024:10:32:14 -0300] "GET /cormun/servlet/trpermisosgoce? HTTP/1.1" 200 9209
