190.171.152.234 - - [30/Sep/2024:09:47:06 -0300] "GET /cormun/servlet/permisogoce?d9a05513c869d5d01ec5658f22c4dc0257f9cdcae65a5b4e127acb873f64176776576480f817a2690f215e7add8f872168f409379cb7476549deb077c08983f6,gx-no-cache=1727700431716 HTTP/1.1" 200 79
190.171.152.234 - - [30/Sep/2024:09:47:17 -0300] "GET /cormun/servlet/permisogoce?d9a05513c869d5d01ec5658f22c4dc0295624ca98b3646587208f6d37f9dc66f7ac2d9c99b2eab10a53b6b7563a0eb5c0764a090937126d06964eeb43e822c62,gx-no-cache=1727700442273 HTTP/1.1" 200 47
190.171.152.234 - - [30/Sep/2024:09:47:20 -0300] "POST /cormun/servlet/permisogoce?f526a4dc85dd2f543bb9991cc8e22f3e,INS,0,,,,gx-no-cache=1727700445805 HTTP/1.1" 200 93
190.171.152.234 - - [30/Sep/2024:09:47:20 -0300] "GET /cormun/servlet/hpexe_return? HTTP/1.1" 200 1008
190.171.152.234 - - [30/Sep/2024:09:47:21 -0300] "GET /cormun/servlet/trpermisosgoce HTTP/1.1" 200 11638
190.171.152.234 - - [30/Sep/2024:09:47:27 -0300] "GET /cormun/servlet/permisogoce?INS,0,,, HTTP/1.1" 200 7176
190.171.152.234 - - [30/Sep/2024:09:47:39 -0300] "GET /cormun/servlet/permisogoce?d9a05513c869d5d01ec5658f22c4dc02e19b47c28093c0dc364a57fe548753fe76576480f817a2690f215e7add8f872168f409379cb7476549deb077c08983f6,gx-no-cache=1727700464532 HTTP/1.1" 200 79
190.171.152.234 - - [30/Sep/2024:09:47:51 -0300] "GET /cormun/servlet/permisogoce?d9a05513c869d5d01ec5658f22c4dc022b69bc9d04eb44b8f3888d6aaf59fae98351282b62fb00aaf4bd67a3bc5d9ffa0764a090937126d06964eeb43e822c62,gx-no-cache=1727700476874 HTTP/1.1" 200 47
190.171.152.234 - - [30/Sep/2024:09:47:55 -0300] "POST /cormun/servlet/permisogoce?f526a4dc85dd2f543bb9991cc8e22f3e,INS,0,,,,gx-no-cache=1727700480101 HTTP/1.1" 200 93
190.171.152.234 - - [30/Sep/2024:09:47:55 -0300] "GET /cormun/servlet/hpexe_return? HTTP/1.1" 200 1008
190.171.152.234 - - [30/Sep/2024:09:47:55 -0300] "GET /cormun/servlet/trpermisosgoce HTTP/1.1" 200 11865
190.171.152.234 - - [30/Sep/2024:09:48:02 -0300] "GET /cormun/servlet/permisogoce?INS,0,,, HTTP/1.1" 200 7176
190.171.152.234 - - [30/Sep/2024:09:48:08 -0300] "GET /cormun/servlet/permisogoce?d9a05513c869d5d01ec5658f22c4dc02d86abfb07904ce0e1f7dd285cff55c2ae26b6e6853c54ed0ea4e0be42da7d5f081ca5e9e68d95a6e85596da7340f8f16,gx-no-cache=1727700493956 HTTP/1.1" 200 84
190.171.152.234 - - [30/Sep/2024:09:48:19 -0300] "GET /cormun/servlet/permisogoce?d9a05513c869d5d01ec5658f22c4dc0291113a8f1f0c5627ca2c9ffe011fbbec968a515b9ef9f3e10cc71bfe7ab6a47312af2021caef6f9792b8d8d5b3912141,gx-no-cache=1727700504890 HTTP/1.1" 200 48
190.171.152.234 - - [30/Sep/2024:09:48:23 -0300] "POST /cormun/servlet/permisogoce?f526a4dc85dd2f543bb9991cc8e22f3e,INS,0,,,,gx-no-cache=1727700508517 HTTP/1.1" 200 93
190.171.152.234 - - [30/Sep/2024:09:48:23 -0300] "GET /cormun/servlet/hpexe_return? HTTP/1.1" 200 1008
190.171.152.234 - - [30/Sep/2024:09:48:23 -0300] "GET /cormun/servlet/trpermisosgoce HTTP/1.1" 200 12077
190.171.152.234 - - [30/Sep/2024:09:48:29 -0300] "GET /cormun/servlet/permisogoce?INS,0,,, HTTP/1.1" 200 7176
181.212.40.185 - - [30/Sep/2024:09:48:40 -0300] "GET /cormun/servlet/trlicencias? HTTP/1.1" 200 6043
181.212.40.185 - - [30/Sep/2024:09:48:40 -0300] "GET /cormun/servlet/hlogin HTTP/1.1" 200 1731
181.212.40.185 - - [30/Sep/2024:09:48:40 -0300] "GET /favicon.ico HTTP/1.1" 200 21630
190.171.152.234 - - [30/Sep/2024:09:48:41 -0300] "GET /cormun/servlet/permisogoce?d9a05513c869d5d01ec5658f22c4dc02f67c84ab7f52424edbc579523928424f76576480f817a2690f215e7add8f872168f409379cb7476549deb077c08983f6,gx-no-cache=1727700526292 HTTP/1.1" 200 81
181.212.40.185 - - [30/Sep/2024:09:48:49 -0300] "POST /cormun/servlet/hlogin?7ee3245faddd2f7698a13cf70c5fa668,gx-no-cache=1727700494018 HTTP/1.1" 200 90
181.212.40.185 - - [30/Sep/2024:09:48:49 -0300] "GET /cormun/servlet/hpexe_link HTTP/1.1" 200 950
181.212.40.185 - - [30/Sep/2024:09:48:49 -0300] "GET /cormun/servlet/trlicencias HTTP/1.1" 200 16160
190.171.152.234 - - [30/Sep/2024:09:49:05 -0300] "GET /cormun/servlet/permisogoce?d9a05513c869d5d01ec5658f22c4dc023ab6eec4f3afc13322ec89645fea04ca5543afbb1482606d16c30d17e0421bff0764a090937126d06964eeb43e822c62,gx-no-cache=1727700550402 HTTP/1.1" 200 47
190.171.152.234 - - [30/Sep/2024:09:49:10 -0300] "POST /cormun/servlet/permisogoce?f526a4dc85dd2f543bb9991cc8e22f3e,INS,0,,,,gx-no-cache=1727700555389 HTTP/1.1" 200 93
190.171.152.234 - - [30/Sep/2024:09:49:10 -0300] "GET /cormun/servlet/hpexe_return? HTTP/1.1" 200 1008
190.171.152.234 - - [30/Sep/2024:09:49:10 -0300] "GET /cormun/servlet/trpermisosgoce HTTP/1.1" 200 12353
190.171.152.234 - - [30/Sep/2024:09:49:19 -0300] "GET /cormun/servlet/permisogoce?INS,0,,, HTTP/1.1" 200 7176
190.171.152.234 - - [30/Sep/2024:09:49:27 -0300] "GET /cormun/servlet/permisogoce?d9a05513c869d5d01ec5658f22c4dc0293936b11d7276dbe5bcca707b2001264e26b6e6853c54ed0ea4e0be42da7d5f081ca5e9e68d95a6e85596da7340f8f16,gx-no-cache=1727700572307 HTTP/1.1" 200 77
190.171.152.234 - - [30/Sep/2024:09:49:29 -0300] "GET /cormun/static/menuarrow.gif HTTP/1.1" 404 1015
190.171.152.234 - - [30/Sep/2024:09:49:38 -0300] "GET /cormun/servlet/permisogoce?d9a05513c869d5d01ec5658f22c4dc020eb4319db3521ba15bd1cf92307b82023d2ec438589495bd45465f734f4844ed12af2021caef6f9792b8d8d5b3912141,gx-no-cache=1727700583457 HTTP/1.1" 200 48
190.171.152.234 - - [30/Sep/2024:09:49:41 -0300] "POST /cormun/servlet/permisogoce?f526a4dc85dd2f543bb9991cc8e22f3e,INS,0,,,,gx-no-cache=1727700586861 HTTP/1.1" 200 93
190.171.152.234 - - [30/Sep/2024:09:49:41 -0300] "GET /cormun/servlet/hpexe_return? HTTP/1.1" 200 1008
190.171.152.234 - - [30/Sep/2024:09:49:42 -0300] "GET /cormun/servlet/trpermisosgoce HTTP/1.1" 200 12599
190.171.152.234 - - [30/Sep/2024:09:49:47 -0300] "GET /cormun/servlet/permisogoce?INS,0,,, HTTP/1.1" 200 7175
190.171.152.234 - - [30/Sep/2024:09:49:54 -0300] "GET /cormun/servlet/permisogoce?d9a05513c869d5d01ec5658f22c4dc0284c4621fce2c274808eec915c0b10a1876576480f817a2690f215e7add8f872168f409379cb7476549deb077c08983f6,gx-no-cache=1727700599780 HTTP/1.1" 200 83
190.171.152.234 - - [30/Sep/2024:09:50:04 -0300] "GET /cormun/servlet/permisogoce?d9a05513c869d5d01ec5658f22c4dc02adab4ff6bab53d336fec56ea5b4cd7049e1b253ce1755e774456af9f197e32bf0764a090937126d06964eeb43e822c62,gx-no-cache=1727700609409 HTTP/1.1" 200 48
190.171.152.234 - - [30/Sep/2024:09:50:07 -0300] "POST /cormun/servlet/permisogoce?f526a4dc85dd2f543bb9991cc8e22f3e,INS,0,,,,gx-no-cache=1727700612084 HTTP/1.1" 200 93
190.171.152.234 - - [30/Sep/2024:09:50:07 -0300] "GET /cormun/servlet/hpexe_return? HTTP/1.1" 200 1008
190.171.152.234 - - [30/Sep/2024:09:50:07 -0300] "GET /cormun/servlet/trpermisosgoce HTTP/1.1" 200 12792
190.171.152.234 - - [30/Sep/2024:09:50:13 -0300] "GET /cormun/servlet/permisogoce?INS,0,,, HTTP/1.1" 200 7175
179.43.133.162 - - [30/Sep/2024:09:50:19 -0300] "CONNECT cloudflare.com:443 HTTP/1.1" 400 -
190.171.152.234 - - [30/Sep/2024:09:50:20 -0300] "GET /cormun/servlet/permisogoce?d9a05513c869d5d01ec5658f22c4dc020c77d03f1e6c04baba9f48d7b674efab76576480f817a2690f215e7add8f872168f409379cb7476549deb077c08983f6,gx-no-cache=1727700625523 HTTP/1.1" 200 226
190.171.152.234 - - [30/Sep/2024:09:50:20 -0300] "GET /cormun/static/Shared/jqueryui/images/ui-icons_82798d_256x240.png HTTP/1.1" 404 1089
190.171.152.234 - - [30/Sep/2024:09:50:20 -0300] "GET /cormun/static/Shared/jqueryui/images/ui-bg_highlight-soft_100_c6c2c8_1x100.png HTTP/1.1" 404 1117
190.171.152.234 - - [30/Sep/2024:09:50:20 -0300] "GET /cormun/static/Shared/jqueryui/images/ui-icons_ebccce_256x240.png HTTP/1.1" 404 1089
190.171.152.234 - - [30/Sep/2024:09:50:20 -0300] "GET /cormun/static/Shared/jqueryui/images/ui-bg_flat_55_994d53_40x100.png HTTP/1.1" 404 1097
190.171.152.234 - - [30/Sep/2024:09:50:36 -0300] "GET /cormun/servlet/permisogoce?d9a05513c869d5d01ec5658f22c4dc027a06208564af5da35977dafd77ad711076576480f817a2690f215e7add8f872168f409379cb7476549deb077c08983f6,gx-no-cache=1727700641457 HTTP/1.1" 200 83
190.171.152.234 - - [30/Sep/2024:09:50:48 -0300] "GET /cormun/servlet/permisogoce?d9a05513c869d5d01ec5658f22c4dc02e5d498ea1f05e2f77efd51fd643925f1c3a3389fad054bc0c6a378adefdceb420764a090937126d06964eeb43e822c62,gx-no-cache=1727700653837 HTTP/1.1" 200 47
190.171.152.234 - - [30/Sep/2024:09:50:53 -0300] "POST /cormun/servlet/permisogoce?f526a4dc85dd2f543bb9991cc8e22f3e,INS,0,,,,gx-no-cache=1727700658084 HTTP/1.1" 200 93
190.171.152.234 - - [30/Sep/2024:09:50:53 -0300] "GET /cormun/servlet/hpexe_return? HTTP/1.1" 200 1008
190.171.152.234 - - [30/Sep/2024:09:50:53 -0300] "GET /cormun/servlet/trpermisosgoce HTTP/1.1" 200 13032
190.171.152.234 - - [30/Sep/2024:09:50:57 -0300] "GET /cormun/servlet/permisogoce?INS,0,,, HTTP/1.1" 200 7175
190.171.152.234 - - [30/Sep/2024:09:51:04 -0300] "GET /cormun/servlet/permisogoce?d9a05513c869d5d01ec5658f22c4dc0261d2a94171d3f5a3e8ccec5d1f26c30976576480f817a2690f215e7add8f872168f409379cb7476549deb077c08983f6,gx-no-cache=1727700670083 HTTP/1.1" 200 85
190.171.152.234 - - [30/Sep/2024:09:51:09 -0300] "GET /cormun/static/menuarrow.gif HTTP/1.1" 404 1015
190.171.153.34 - - [30/Sep/2024:09:51:17 -0300] "GET /cormun/servlet/licenciaspermisos?0422893d3e0443e4d4241415218bebe0d062079f722ce1f66964847676a2616dc03c5f4850f8039e9475c03d665c0fa9fbeb65fec7cbf83d3d2c75c2729e924f86522c665559b1367f672be2c62ac777ef19286c6f21be36c20f8e4ec220c57327dcdbb35d6486bb42e15e915e8494ae37a4f58db2faea8c3365ef56e19be09198128a4260a9a681512c530f390dee8b3671646c4e13e93063aac966ef8918ac999dda1b1d801e0e3c3eff00a936b95589663ef0d8d8e443a6664d1bc4739881f576c90ad402e69047fac76eaf9ab96387ef5d779a84a8d623b8ba32a6ee3d8a,gx-no-cache=1727700641776 HTTP/1.1" 200 30
190.171.153.34 - - [30/Sep/2024:09:51:17 -0300] "GET /cormun/servlet/licenciaspermisos?0422893d3e0443e4d4241415218bebe0b2b6ccf90e7e960d35f851bcf36d51f79ed638fb18fffc8bf69d74b313e2c387fbc8704d29e82eefa4003e050a1ed5f401c407ed39e71f59f26a406963bf4ac186b73223990f1e26281c63f2d891aa221431e1836d96df0f083e0d4b4c47c5e5329f81cf394a9ed63b971c735d1024c888e6467e05027aea70f0e1dd8da5b5cedd1cbea9c41c1e050fd8ac9247aaeb7abcc108df95509a60261b9f90013718de04bd9eb8411ab66ae7643148d8e4aa63853c7d564ec9d9e3378744dd82e348d04c6fb654530fe0f19d00f607ce96c597,gx-no-cache=1727700641911 HTTP/1.1" 200 29
190.171.153.34 - - [30/Sep/2024:09:51:17 -0300] "POST /cormun/servlet/licenciaspermisos?1eb48974dda08b0f547770b8be6233a4,INS,0,,,,gx-no-cache=1727700641927 HTTP/1.1" 200 5302
190.171.152.234 - - [30/Sep/2024:09:51:24 -0300] "GET /cormun/servlet/permisogoce?d9a05513c869d5d01ec5658f22c4dc029cfb2344d7b9f91f408bcbeced45af016893728537053d6bda443471d6f775804d5c4074832e659a903e9b9d6e1d58f1,gx-no-cache=1727700689884 HTTP/1.1" 200 47
190.171.152.234 - - [30/Sep/2024:09:51:29 -0300] "POST /cormun/servlet/permisogoce?f526a4dc85dd2f543bb9991cc8e22f3e,INS,0,,,,gx-no-cache=1727700694812 HTTP/1.1" 200 93
190.171.152.234 - - [30/Sep/2024:09:51:29 -0300] "GET /cormun/servlet/hpexe_return? HTTP/1.1" 200 1008
190.171.152.234 - - [30/Sep/2024:09:51:30 -0300] "GET /cormun/servlet/trpermisosgoce HTTP/1.1" 200 13242
190.171.153.34 - - [30/Sep/2024:09:51:32 -0300] "GET /cormun/servlet/licenciaspermisos?0422893d3e0443e4d4241415218bebe0d062079f722ce1f66964847676a2616dc03c5f4850f8039e9475c03d665c0fa9fbeb65fec7cbf83d3d2c75c2729e924f86522c665559b1367f672be2c62ac777ef19286c6f21be36c20f8e4ec220c57327dcdbb35d6486bb42e15e915e8494ae37a4f58db2faea8c3365ef56e19be09198128a4260a9a681512c530f390dee8b3671646c4e13e93063aac966ef8918ac999dda1b1d801e0e3c3eff00a936b95589663ef0d8d8e443a6664d1bc4739881f576c90ad402e69047fac76eaf9ab96387ef5d779a84a8d623b8ba32a6ee3d8a,gx-no-cache=1727700657536 HTTP/1.1" 200 30
190.171.153.34 - - [30/Sep/2024:09:51:32 -0300] "GET /cormun/servlet/licenciaspermisos?0422893d3e0443e4d4241415218bebe0b2b6ccf90e7e960d35f851bcf36d51f79ed638fb18fffc8bf69d74b313e2c387fbc8704d29e82eefa4003e050a1ed5f401c407ed39e71f59f26a406963bf4ac186b73223990f1e26281c63f2d891aa221431e1836d96df0f083e0d4b4c47c5e5329f81cf394a9ed63b971c735d1024c888e6467e05027aea70f0e1dd8da5b5cedd1cbea9c41c1e050fd8ac9247aaeb7abcc108df95509a60261b9f90013718de04bd9eb8411ab66ae7643148d8e4aa63853c7d564ec9d9e3378744dd82e348d04c6fb654530fe0f19d00f607ce96c597,gx-no-cache=1727700657552 HTTP/1.1" 200 29
190.171.153.34 - - [30/Sep/2024:09:51:33 -0300] "POST /cormun/servlet/licenciaspermisos?1eb48974dda08b0f547770b8be6233a4,INS,0,,,,gx-no-cache=1727700657570 HTTP/1.1" 200 93
190.171.153.34 - - [30/Sep/2024:09:51:33 -0300] "GET /cormun/servlet/hpexe_return? HTTP/1.1" 200 1012
190.171.153.34 - - [30/Sep/2024:09:51:33 -0300] "GET /cormun/static/hpexe_return.js?20221129846037 HTTP/1.1" 200 1633
190.171.153.34 - - [30/Sep/2024:09:51:33 -0300] "GET /cormun/static/gxcfg.js?20221129846035 HTTP/1.1" 200 953
190.171.153.34 - - [30/Sep/2024:09:51:33 -0300] "GET /cormun/servlet/trlicencias HTTP/1.1" 200 11637
190.171.153.34 - - [30/Sep/2024:09:51:33 -0300] "GET /cormun//static/Resources/PXToolsGridUpdate.png HTTP/1.1" 200 470
190.171.153.26 - - [30/Sep/2024:09:51:46 -0300] "GET /cormun/servlet/trsolicitudot? HTTP/1.1" 200 6326
190.171.153.26 - - [30/Sep/2024:09:51:46 -0300] "GET /cormun/servlet/hlogin HTTP/1.1" 200 1742
190.171.153.26 - - [30/Sep/2024:09:51:58 -0300] "POST /cormun/servlet/hlogin?a52053652dbc3e234669825c014219ed,gx-no-cache=1727700728878 HTTP/1.1" 200 90
190.171.153.26 - - [30/Sep/2024:09:51:58 -0300] "GET /cormun/servlet/hpexe_link HTTP/1.1" 200 958
190.171.153.26 - - [30/Sep/2024:09:51:58 -0300] "GET /cormun/servlet/trsolicitudot HTTP/1.1" 200 7013
200.54.103.162 - - [30/Sep/2024:09:52:21 -0300] "ÝÙÔ¦:.Á 6ön7ß#¼`íJW5·•аh¬üìM0 +iˆ(vçÎòÕlŠÎ¶!•wÕrûnXsò " 400 -
200.54.103.162 - - [30/Sep/2024:09:52:21 -0300] "ýù„4‡E5¥âa°ýµ»Gȍ„9ðAHºDåȐqÈ× " 400 -
200.54.103.162 - - [30/Sep/2024:09:52:21 -0300] "GET /cormun/servlet/hlogin HTTP/1.1" 200 1717
200.54.103.162 - - [30/Sep/2024:09:52:21 -0300] "GET /cormun/static/gxtimezone.js?85251 HTTP/1.1" 200 5781
200.54.103.162 - - [30/Sep/2024:09:52:21 -0300] "GET /cormun/static/gxcfg.js?2022112219184450 HTTP/1.1" 200 953
200.54.103.162 - - [30/Sep/2024:09:52:21 -0300] "GET /cormun/static/Resources/CormunLogin.png HTTP/1.1" 200 19132
200.54.103.162 - - [30/Sep/2024:09:52:21 -0300] "GET /cormun/static/messages.spa.js?85251 HTTP/1.1" 200 30736
200.54.103.162 - - [30/Sep/2024:09:52:21 -0300] "GET /cormun/static/hlogin.js?2022112219184458 HTTP/1.1" 200 2156
200.54.103.162 - - [30/Sep/2024:09:52:21 -0300] "GET /cormun/static/Resources/Spanish/PXTools.css?1759030 HTTP/1.1" 200 100853
200.54.103.162 - - [30/Sep/2024:09:52:21 -0300] "GET /cormun/static/gxgral.js?85251 HTTP/1.1" 200 384558
200.54.103.162 - - [30/Sep/2024:09:52:22 -0300] "GET /cormun/static/Resources/PXToolsLoginTop.png HTTP/1.1" 200 1337
200.54.103.162 - - [30/Sep/2024:09:52:22 -0300] "GET /cormun/static/Resources/PXToolsLoginBackground.png HTTP/1.1" 200 1164
200.54.103.162 - - [30/Sep/2024:09:52:22 -0300] "GET /cormun/static/Resources/PXToolsButtonRight.png HTTP/1.1" 200 1294
200.54.103.162 - - [30/Sep/2024:09:52:22 -0300] "GET /cormun/static/Resources/PXToolsButtonBackground.png HTTP/1.1" 200 1176
200.54.103.162 - - [30/Sep/2024:09:52:22 -0300] "GET /cormun/static/Resources/PXToolsButtonLeft.png HTTP/1.1" 200 1310
200.54.103.162 - - [30/Sep/2024:09:52:22 -0300] "GET /cormun/static/Resources/PXToolsLoginBottom.png HTTP/1.1" 200 1389
200.54.103.162 - - [30/Sep/2024:09:52:22 -0300] "GET /cormun/static/Resources/indicator.gif HTTP/1.1" 200 1553
200.54.103.162 - - [30/Sep/2024:09:52:22 -0300] "GET /cormun/servlet/hlogin HTTP/1.1" 200 1728
200.54.103.162 - - [30/Sep/2024:09:52:22 -0300] "GET /favicon.ico HTTP/1.1" 200 21630
190.171.153.26 - - [30/Sep/2024:09:52:22 -0300] "GET /cormun/servlet/solicitudot?INS,0,0,false, HTTP/1.1" 200 15969
190.171.152.234 - - [30/Sep/2024:09:52:36 -0300] "GET /cormun/servlet/permisogoce?INS,0,,, HTTP/1.1" 200 7176
190.171.153.26 - - [30/Sep/2024:09:52:40 -0300] "POST /cormun/servlet/solicitudot?gx-no-cache=1727700771106 HTTP/1.1" 200 4131
190.171.153.26 - - [30/Sep/2024:09:52:40 -0300] "POST /cormun/servlet/solicitudot?a52053652dbc3e234669825c014219ed,INS,0,0,false,,gx-no-cache=1727700771255 HTTP/1.1" 200 12689
190.171.153.26 - - [30/Sep/2024:09:52:57 -0300] "GET /cormun/servlet/solicitudot?a825f115e4b981a3a05c7963bb19918886bbedf4835eda52e7b0e59f596f32b243a5fc62d6a8eab265ae297fcacfb776,gx-no-cache=1727700787705 HTTP/1.1" 200 30
190.171.153.26 - - [30/Sep/2024:09:52:57 -0300] "GET /cormun/servlet/solicitudot?a825f115e4b981a3a05c7963bb199188b4838c0d3d8f495aed7fc796372ef1ef,gx-no-cache=1727700787754 HTTP/1.1" 200 103
190.171.153.26 - - [30/Sep/2024:09:52:57 -0300] "GET /cormun/static/Shared/jqueryui/images/ui-bg_highlight-soft_100_c6c2c8_1x100.png HTTP/1.1" 404 1117
190.171.153.26 - - [30/Sep/2024:09:52:57 -0300] "GET /cormun/static/Shared/jqueryui/images/ui-icons_82798d_256x240.png HTTP/1.1" 404 1089
190.171.153.26 - - [30/Sep/2024:09:52:57 -0300] "GET /cormun/static/Shared/jqueryui/images/ui-bg_flat_55_994d53_40x100.png HTTP/1.1" 404 1097
190.171.153.26 - - [30/Sep/2024:09:52:57 -0300] "GET /cormun/static/Shared/jqueryui/images/ui-icons_ebccce_256x240.png HTTP/1.1" 404 1089
190.171.153.26 - - [30/Sep/2024:09:52:57 -0300] "GET /cormun/servlet/solicitudot?a825f115e4b981a3a05c7963bb1991887e1eee3153c0e454df18299070f62e21,gx-no-cache=1727700787801 HTTP/1.1" 200 53
190.171.153.26 - - [30/Sep/2024:09:53:26 -0300] "POST /cormun/servlet/solicitudot?gx-no-cache=1727700816737 HTTP/1.1" 200 240
190.171.153.26 - - [30/Sep/2024:09:53:26 -0300] "GET /cormun/servlet/solicitudot?a825f115e4b981a3a05c7963bb199188174a69f42c8aa134714c1eb505b8a7a455178959c5d0f89141262c015bef8d56566afdfd5c191e61b2b0dc12cc06fa1a61fcecb903d9d0be81d1576b729728241975060469391429f58777bd58033fcff58f38e4105c6e31bec2ea2f80a8d1766b7491841d227cae7b3ffa432572dd18fd0d8d281ab63daa685ecd18ace4a096f829bd3078962d710cee8a49db447a7b39371b9c7ba84b02bdeb06c4b9b7de4d447195795086c7b958ffc7416488eebc0be4bd6a21340288e5f8f4ea392d586aa3dd1543e03b268220eb2493422f9eb74f1a62aa71cfb37890b251a3513fcdd472deecbb24978d17f7a714008ecdca5460e2a19f0ab6ec340c1999894ae9699bf723028d2c843454848beafce94c468eb9b170ab2cc36a34f44f440a954c64450597e6b8f6ce073f8a56b539fdc15ea16c630f3a6f621d6010b1f411898ff6065f977862917169986a338eb0f4134fe69952c6ced1110bcd2f6fe8404ad7791db6b4a59554a7011888282d57f6b71e74,gx-no-cache=1727700816803 HTTP/1.1" 200 30
190.171.153.26 - - [30/Sep/2024:09:53:39 -0300] "POST /cormun/servlet/solicitudot?gx-no-cache=1727700830326 HTTP/1.1" 200 30
190.171.153.34 - - [30/Sep/2024:09:53:42 -0300] "GET /cormun/servlet/trlicenciaspermisosadjuntos?16153027,20240930000000,L, HTTP/1.1" 200 6740
190.171.153.34 - - [30/Sep/2024:09:53:42 -0300] "GET /cormun/static/gxui/gxui-all.css?110300 HTTP/1.1" 200 2179
190.171.153.34 - - [30/Sep/2024:09:53:42 -0300] "GET /cormun/static/calendar-system.css?75620 HTTP/1.1" 200 5572
190.171.153.34 - - [30/Sep/2024:09:53:42 -0300] "GET /cormun/static/gxcfg.js?201991422445549 HTTP/1.1" 200 953
190.171.153.34 - - [30/Sep/2024:09:53:42 -0300] "GET /cormun/static/trlicenciaspermisosadjuntos.js?20199142244593 HTTP/1.1" 200 21036
190.171.153.34 - - [30/Sep/2024:09:53:42 -0300] "GET /cormun/static/Resources/Spanish/PXTools.css?2294816 HTTP/1.1" 200 100853
190.171.153.34 - - [30/Sep/2024:09:53:42 -0300] "GET /cormun/static/Shared/ext/resources/css/ext-all.css?205870 HTTP/1.1" 200 416045
190.171.153.34 - - [30/Sep/2024:09:53:45 -0300] "GET /cormun/servlet/licenciaspermisosadjuntos?INS,16153027,L,20240930000000,, HTTP/1.1" 200 6015
190.171.153.34 - - [30/Sep/2024:09:53:45 -0300] "GET /cormun/static/gxcfg.js?20201215114875 HTTP/1.1" 200 953
190.171.153.34 - - [30/Sep/2024:09:53:45 -0300] "GET /cormun/static/licenciaspermisosadjuntos.js?20201215114932 HTTP/1.1" 200 8760
190.171.153.34 - - [30/Sep/2024:09:53:45 -0300] "GET /cormun/static/about:blank HTTP/1.1" 404 1011
190.171.153.34 - - [30/Sep/2024:09:54:04 -0300] "POST /cormun/servlet/licenciaspermisosadjuntos?1eb48974dda08b0f547770b8be6233a4,INS,16153027,L,20240930000000,, HTTP/1.1" 200 116
190.171.153.34 - - [30/Sep/2024:09:54:04 -0300] "GET /cormun/servlet/hpexe_return? HTTP/1.1" 200 1043
190.171.153.34 - - [30/Sep/2024:09:54:04 -0300] "GET /cormun/servlet/trlicenciaspermisosadjuntos?16153027,20240930000000,L, HTTP/1.1" 200 7259
190.171.153.34 - - [30/Sep/2024:09:54:10 -0300] "GET /cormun/servlet/trlicencias? HTTP/1.1" 200 11633
190.171.153.26 - - [30/Sep/2024:09:54:13 -0300] "POST /cormun/servlet/solicitudot?gx-no-cache=1727700863864 HTTP/1.1" 200 1481
190.171.153.34 - - [30/Sep/2024:09:54:14 -0300] "GET /cormun/servlet/alicenciaprn?16153027,L,20240930000000,PU HTTP/1.1" 200 1544
190.171.153.34 - - [30/Sep/2024:09:54:14 -0300] "GET /cormun/servlet/alicenciaprn?16153027,L,20240930000000,PU HTTP/1.1" 200 1542
190.171.153.26 - - [30/Sep/2024:09:54:18 -0300] "GET /cormun/servlet/prlicenciaspermisos?15691727,L,,MD,,gxPopupLevel%3D0%3B HTTP/1.1" 200 7661
190.171.153.26 - - [30/Sep/2024:09:54:47 -0300] "POST /cormun/servlet/solicitudot?gx-no-cache=1727700898198 HTTP/1.1" 200 41
190.171.153.26 - - [30/Sep/2024:09:54:47 -0300] "GET /cormun/servlet/solicitudot?a825f115e4b981a3a05c7963bb19918879809a9147c013ae5c694bdc6c7837fe91a5aaa73835f6d3ef54754ddad6ea7c2d76dbdbc94ff3e8aca9843656599ff4ec3ed660c6e2945c79905c49887fc12fbb264c521417101480c076aab5e563c43960e18851e9b9066e0607d7be744dd2,gx-no-cache=1727700898252 HTTP/1.1" 200 110
190.171.153.26 - - [30/Sep/2024:09:54:47 -0300] "POST /cormun/servlet/solicitudot?gx-no-cache=1727700898286 HTTP/1.1" 200 97
190.171.153.26 - - [30/Sep/2024:09:54:47 -0300] "GET /cormun/servlet/solicitudot?a825f115e4b981a3a05c7963bb199188e61c036c66533bc5704b9a5333d9cc1b289fbea4b8612b18554df495b9401c3e7d10f0007295c7ad9be66c03cf0c80bf74039c944db3d6f9267ebfbc7df474b350b60d4ee3645393bb5071f1ec18e94e1e2f807d258a3fcdf663ec6e39f624bb112ed8023d1d2fcf41f1b2155a887b22dadcba95598a5a27b41954e2043d4e0ec030a350f7a55683f7ae9f0ee40e8bb9,gx-no-cache=1727700898325 HTTP/1.1" 200 29
190.171.153.26 - - [30/Sep/2024:09:54:50 -0300] "GET /cormun/static/menuarrow.gif HTTP/1.1" 404 1015
190.171.153.26 - - [30/Sep/2024:09:55:02 -0300] "GET /cormun/servlet/solicitudot?a825f115e4b981a3a05c7963bb19918879809a9147c013ae5c694bdc6c7837fe91a5aaa73835f6d3ef54754ddad6ea7c2d76dbdbc94ff3e8aca9843656599ff4ec3ed660c6e2945c79905c49887fc12fbb264c521417101480c076aab5e563c43960e18851e9b9066e0607d7be744dd2,gx-no-cache=1727700913077 HTTP/1.1" 200 110
190.171.153.26 - - [30/Sep/2024:09:55:06 -0300] "GET /cormun/servlet/solicitudot?a825f115e4b981a3a05c7963bb19918839168f5bc24c845553374103b8a345ef39cb4b5ba83add35e832a6e791d4a27e,gx-no-cache=1727700916653 HTTP/1.1" 200 30
190.171.153.26 - - [30/Sep/2024:09:55:06 -0300] "POST /cormun/servlet/solicitudot?gx-no-cache=1727700916684 HTTP/1.1" 200 34
190.171.153.34 - - [30/Sep/2024:09:55:14 -0300] "POST /cormun/servlet/trlicencias?1eb48974dda08b0f547770b8be6233a4,,gx-no-cache=1727700879234 HTTP/1.1" 200 8941
190.171.153.34 - - [30/Sep/2024:09:55:15 -0300] "GET /cormun/static/Shared/jqueryui/images/ui-bg_flat_55_fafafa_40x100.png HTTP/1.1" 404 1097
190.171.153.34 - - [30/Sep/2024:09:55:15 -0300] "GET /cormun/static/Shared/jqueryui/images/ui-icons_8d78a5_256x240.png HTTP/1.1" 404 1089
190.171.153.26 - - [30/Sep/2024:09:55:50 -0300] "POST /cormun/servlet/solicitudot?a52053652dbc3e234669825c014219ed,INS,0,0,false,,gx-no-cache=1727700960937 HTTP/1.1" 200 13076
190.171.153.26 - - [30/Sep/2024:09:56:33 -0300] "GET /cormun/servlet/solicitudot?a825f115e4b981a3a05c7963bb199188e82c6c5965a339b806bbe98345235146a0df71cec12c85b3520d3d168174998b07527fea5065e86a6baced610458e60e30642169a3824f27df4109eeb3effe76,gx-no-cache=1727701003909 HTTP/1.1" 200 30
190.171.153.26 - - [30/Sep/2024:09:56:33 -0300] "POST /cormun/servlet/solicitudot?gx-no-cache=1727701003940 HTTP/1.1" 200 240
190.171.153.26 - - [30/Sep/2024:09:56:33 -0300] "GET /cormun/servlet/solicitudot?a825f115e4b981a3a05c7963bb199188174a69f42c8aa134714c1eb505b8a7a455178959c5d0f89141262c015bef8d56566afdfd5c191e61b2b0dc12cc06fa1a61fcecb903d9d0be81d1576b729728241975060469391429f58777bd58033fcff58f38e4105c6e31bec2ea2f80a8d1766b7491841d227cae7b3ffa432572dd18fd0d8d281ab63daa685ecd18ace4a096f829bd3078962d710cee8a49db447a7b39371b9c7ba84b02bdeb06c4b9b7de4d447195795086c7b958ffc7416488eebc0be4bd6a21340288e5f8f4ea392d586aa3dd1543e03b268220eb2493422f9eb74f1a62aa71cfb37890b251a3513fcdd472deecbb24978d17f7a714008ecdca5460e2a19f0ab6ec340c1999894ae9699bf723028d2c843454848beafce94c468eb9b170ab2cc36a34f44f440a954c64450597e6b8f6ce073f8a56b539fdc15ea16c630f3a6f621d6010b1f411898ff6065f977862917169986a338eb0f4134fe69952c6ced1110bcd2f6fe8404ad7791dede562ef2e9b2fe5f3e5c71dc9be0c01,gx-no-cache=1727701003988 HTTP/1.1" 200 30
190.171.153.26 - - [30/Sep/2024:09:56:33 -0300] "POST /cormun/servlet/solicitudot?gx-no-cache=1727701004023 HTTP/1.1" 200 30
190.171.153.26 - - [30/Sep/2024:09:56:33 -0300] "POST /cormun/servlet/solicitudot?gx-no-cache=1727701004072 HTTP/1.1" 200 1481
190.171.153.26 - - [30/Sep/2024:09:56:33 -0300] "POST /cormun/servlet/solicitudot?gx-no-cache=1727701004158 HTTP/1.1" 200 41
190.171.153.26 - - [30/Sep/2024:09:56:33 -0300] "GET /cormun/servlet/solicitudot?a825f115e4b981a3a05c7963bb19918879809a9147c013ae5c694bdc6c7837fe91a5aaa73835f6d3ef54754ddad6ea7c2d76dbdbc94ff3e8aca9843656599ff4ec3ed660c6e2945c79905c49887fc12fbb264c521417101480c076aab5e563c43960e18851e9b9066e0607d7be744dd2,gx-no-cache=1727701004193 HTTP/1.1" 200 110
190.171.153.26 - - [30/Sep/2024:09:56:33 -0300] "POST /cormun/servlet/solicitudot?gx-no-cache=1727701004230 HTTP/1.1" 200 97
190.171.153.26 - - [30/Sep/2024:09:56:33 -0300] "GET /cormun/servlet/solicitudot?a825f115e4b981a3a05c7963bb19918839168f5bc24c845553374103b8a345ef39cb4b5ba83add35e832a6e791d4a27e,gx-no-cache=1727701004267 HTTP/1.1" 200 30
190.171.153.26 - - [30/Sep/2024:09:56:33 -0300] "POST /cormun/servlet/solicitudot?gx-no-cache=1727701004300 HTTP/1.1" 200 34
190.171.153.26 - - [30/Sep/2024:09:56:34 -0300] "POST /cormun/servlet/solicitudot?a52053652dbc3e234669825c014219ed,INS,0,0,false,,gx-no-cache=1727701004341 HTTP/1.1" 200 93
190.171.153.26 - - [30/Sep/2024:09:56:34 -0300] "GET /cormun/servlet/hpexe_return? HTTP/1.1" 200 1010
190.171.153.26 - - [30/Sep/2024:09:56:34 -0300] "GET /cormun/servlet/trsolicitudot HTTP/1.1" 200 8512
190.171.153.26 - - [30/Sep/2024:09:56:42 -0300] "POST /cormun/servlet/trsolicitudot?a52053652dbc3e234669825c014219ed,gx-no-cache=1727701013011 HTTP/1.1" 200 107
190.171.153.26 - - [30/Sep/2024:09:56:42 -0300] "GET /cormun/servlet/trsolicitudadjuntos?2024,21787, HTTP/1.1" 200 6083
190.171.153.26 - - [30/Sep/2024:09:56:44 -0300] "GET /cormun/servlet/solicitudotadjuntos?INS,2024,21787,,1, HTTP/1.1" 200 6028
190.171.153.26 - - [30/Sep/2024:09:56:45 -0300] "GET /cormun/static/about:blank HTTP/1.1" 404 1011
190.171.153.26 - - [30/Sep/2024:09:56:45 -0300] "GET /cormun/servlet/solicitudotadjuntos?a825f115e4b981a3a05c7963bb199188e47b4d8a11206a29167b2d28bcddc2944e0088edb939ad2c96e97d6de54d5523,gx-no-cache=1727701016394 HTTP/1.1" 200 30
190.171.153.26 - - [30/Sep/2024:09:56:46 -0300] "POST /cormun/servlet/solicitudotadjuntos?a52053652dbc3e234669825c014219ed,INS,2024,21787,,1,,gx-no-cache=1727701016453 HTTP/1.1" 200 3906
190.171.153.26 - - [30/Sep/2024:09:56:50 -0300] "POST /cormun/servlet/solicitudotadjuntos?gx-no-cache=1727701021168 HTTP/1.1" 200 26
186.189.103.167 - - [30/Sep/2024:09:56:57 -0300] "-" 400 -
186.189.103.167 - - [30/Sep/2024:09:56:57 -0300] "5å3ÄæMžIË&bð×[ù¡9›¨CÉâX” ªó±c7tï_÷e|ÖÚýêè°Þ/óòèŽo¢L " 400 -
186.189.103.167 - - [30/Sep/2024:09:56:58 -0300] "GET /cormun/servlet/hlogin HTTP/1.1" 200 1724
186.189.103.167 - - [30/Sep/2024:09:56:59 -0300] "GET /cormun/static/gxtimezone.js?85251 HTTP/1.1" 200 5781
186.189.103.167 - - [30/Sep/2024:09:56:59 -0300] "GET /cormun/static/gxcfg.js?2022112219184450 HTTP/1.1" 200 953
186.189.103.167 - - [30/Sep/2024:09:56:59 -0300] "GET /cormun/static/Resources/Spanish/PXTools.css?1759030 HTTP/1.1" 200 100853
190.171.153.26 - - [30/Sep/2024:09:56:59 -0300] "GET /cormun/servlet/solicitudotadjuntos?a825f115e4b981a3a05c7963bb1991882dc62ea3801eac8a07755c1623777a53,gx-no-cache=1727701029909 HTTP/1.1" 200 30
190.171.153.26 - - [30/Sep/2024:09:56:59 -0300] "GET /cormun/servlet/solicitudotadjuntos?a825f115e4b981a3a05c7963bb1991882dc62ea3801eac8a07755c1623777a53,gx-no-cache=1727701029923 HTTP/1.1" 200 30
186.189.103.167 - - [30/Sep/2024:09:56:59 -0300] "GET /cormun/static/Resources/CormunLogin.png HTTP/1.1" 200 19132
186.189.103.167 - - [30/Sep/2024:09:56:59 -0300] "GET /cormun/static/messages.spa.js?85251 HTTP/1.1" 200 30736
186.189.103.167 - - [30/Sep/2024:09:56:59 -0300] "GET /cormun/static/hlogin.js?2022112219184458 HTTP/1.1" 200 2156
190.171.153.26 - - [30/Sep/2024:09:56:59 -0300] "POST /cormun/servlet/solicitudotadjuntos?a52053652dbc3e234669825c014219ed,INS,2024,21787,,1, HTTP/1.1" 200 116
190.171.153.26 - - [30/Sep/2024:09:56:59 -0300] "GET /cormun/servlet/hpexe_return? HTTP/1.1" 200 1028
190.171.153.26 - - [30/Sep/2024:09:56:59 -0300] "GET /cormun/servlet/trsolicitudadjuntos?2024,21787, HTTP/1.1" 200 9155
186.189.103.167 - - [30/Sep/2024:09:56:59 -0300] "GET /cormun/static/gxgral.js?85251 HTTP/1.1" 200 384558
186.189.103.167 - - [30/Sep/2024:09:57:00 -0300] "GET /cormun/static/Resources/PXToolsLoginTop.png HTTP/1.1" 200 1337
186.189.103.167 - - [30/Sep/2024:09:57:00 -0300] "GET /cormun/static/Resources/PXToolsLoginBackground.png HTTP/1.1" 200 1164
186.189.103.167 - - [30/Sep/2024:09:57:00 -0300] "GET /cormun/static/Resources/PXToolsButtonLeft.png HTTP/1.1" 200 1310
186.189.103.167 - - [30/Sep/2024:09:57:00 -0300] "GET /cormun/static/Resources/PXToolsButtonBackground.png HTTP/1.1" 200 1176
186.189.103.167 - - [30/Sep/2024:09:57:00 -0300] "GET /cormun/static/Resources/PXToolsButtonRight.png HTTP/1.1" 200 1294
186.189.103.167 - - [30/Sep/2024:09:57:00 -0300] "GET /cormun/static/Resources/PXToolsLoginBottom.png HTTP/1.1" 200 1389
186.189.103.167 - - [30/Sep/2024:09:57:00 -0300] "GET /cormun/servlet/hlogin HTTP/1.1" 200 1735
186.189.103.167 - - [30/Sep/2024:09:57:00 -0300] "GET /cormun/static/Resources/indicator.gif HTTP/1.1" 200 1553
186.189.103.167 - - [30/Sep/2024:09:57:00 -0300] "GET /favicon.ico HTTP/1.1" 200 21630
190.171.153.26 - - [30/Sep/2024:09:57:01 -0300] "GET /cormun/servlet/solicitudotadjuntos?INS,2024,21787,,1, HTTP/1.1" 200 6028
190.171.153.26 - - [30/Sep/2024:09:57:01 -0300] "GET /cormun/static/about:blank HTTP/1.1" 404 1011
190.171.153.26 - - [30/Sep/2024:09:57:02 -0300] "GET /cormun/servlet/solicitudotadjuntos?a825f115e4b981a3a05c7963bb199188e47b4d8a11206a29167b2d28bcddc2944e0088edb939ad2c96e97d6de54d5523,gx-no-cache=1727701032966 HTTP/1.1" 200 30
190.171.153.26 - - [30/Sep/2024:09:57:02 -0300] "POST /cormun/servlet/solicitudotadjuntos?a52053652dbc3e234669825c014219ed,INS,2024,21787,,1,,gx-no-cache=1727701033002 HTTP/1.1" 200 3906
66.249.88.101 - - [30/Sep/2024:09:57:05 -0300] "GET /cormun/servlet/hlogin HTTP/1.1" 200 1715
66.249.88.101 - - [30/Sep/2024:09:57:06 -0300] "GET /cormun/servlet/hlogin HTTP/1.1" 200 1720
190.171.153.26 - - [30/Sep/2024:09:57:06 -0300] "POST /cormun/servlet/solicitudotadjuntos?gx-no-cache=1727701036558 HTTP/1.1" 200 26
66.249.88.100 - - [30/Sep/2024:09:57:06 -0300] "GET /cormun/static/gxcfg.js?2022112219184450 HTTP/1.1" 200 953
66.249.88.100 - - [30/Sep/2024:09:57:06 -0300] "GET /cormun/static/gxtimezone.js?85251 HTTP/1.1" 200 5781
66.249.88.101 - - [30/Sep/2024:09:57:06 -0300] "GET /cormun/static/Resources/Spanish/PXTools.css?1759030 HTTP/1.1" 200 100853
66.249.88.101 - - [30/Sep/2024:09:57:07 -0300] "GET /cormun/static/Resources/Spanish/PXTools.css?1759030 HTTP/1.1" 200 100853
66.249.88.100 - - [30/Sep/2024:09:57:07 -0300] "GET /cormun/static/hlogin.js?2022112219184458 HTTP/1.1" 200 2156
66.249.88.104 - - [30/Sep/2024:09:57:07 -0300] "GET /cormun/static/gxgral.js?85251 HTTP/1.1" 200 384558
66.249.88.100 - - [30/Sep/2024:09:57:08 -0300] "GET /cormun/static/messages.spa.js?85251 HTTP/1.1" 200 30736
66.249.88.101 - - [30/Sep/2024:09:57:08 -0300] "GET /cormun/servlet/hlogin HTTP/1.1" 200 1725
190.171.153.26 - - [30/Sep/2024:09:57:12 -0300] "GET /cormun/servlet/solicitudotadjuntos?a825f115e4b981a3a05c7963bb1991882dc62ea3801eac8a07755c1623777a53,gx-no-cache=1727701043261 HTTP/1.1" 200 30
190.171.153.26 - - [30/Sep/2024:09:57:12 -0300] "GET /cormun/servlet/solicitudotadjuntos?a825f115e4b981a3a05c7963bb1991882dc62ea3801eac8a07755c1623777a53,gx-no-cache=1727701043347 HTTP/1.1" 200 30
190.171.153.26 - - [30/Sep/2024:09:57:13 -0300] "POST /cormun/servlet/solicitudotadjuntos?a52053652dbc3e234669825c014219ed,INS,2024,21787,,1, HTTP/1.1" 200 116
190.171.153.26 - - [30/Sep/2024:09:57:13 -0300] "GET /cormun/servlet/hpexe_return? HTTP/1.1" 200 1028
190.171.153.26 - - [30/Sep/2024:09:57:13 -0300] "GET /cormun/servlet/trsolicitudadjuntos?2024,21787, HTTP/1.1" 200 9403
190.171.153.26 - - [30/Sep/2024:09:57:15 -0300] "GET /cormun/servlet/solicitudotadjuntos?INS,2024,21787,,1, HTTP/1.1" 200 6028
190.171.153.26 - - [30/Sep/2024:09:57:15 -0300] "GET /cormun/static/about:blank HTTP/1.1" 404 1011
190.171.153.26 - - [30/Sep/2024:09:57:16 -0300] "GET /cormun/servlet/solicitudotadjuntos?a825f115e4b981a3a05c7963bb199188e47b4d8a11206a29167b2d28bcddc2944e0088edb939ad2c96e97d6de54d5523,gx-no-cache=1727701046899 HTTP/1.1" 200 30
190.171.153.26 - - [30/Sep/2024:09:57:17 -0300] "POST /cormun/servlet/solicitudotadjuntos?a52053652dbc3e234669825c014219ed,INS,2024,21787,,1,,gx-no-cache=1727701047041 HTTP/1.1" 200 3906
190.171.153.26 - - [30/Sep/2024:09:57:20 -0300] "POST /cormun/servlet/solicitudotadjuntos?gx-no-cache=1727701050894 HTTP/1.1" 200 26
186.189.103.167 - - [30/Sep/2024:09:57:21 -0300] "POST /cormun/servlet/hlogin?4b3cc63f2cc0fcc377d29b3ff1f5603b,gx-no-cache=1727701005158 HTTP/1.1" 200 449
190.171.153.26 - - [30/Sep/2024:09:57:28 -0300] "GET /cormun/servlet/solicitudotadjuntos?a825f115e4b981a3a05c7963bb1991882dc62ea3801eac8a07755c1623777a53,gx-no-cache=1727701059381 HTTP/1.1" 200 30
190.171.153.26 - - [30/Sep/2024:09:57:29 -0300] "GET /cormun/servlet/solicitudotadjuntos?a825f115e4b981a3a05c7963bb1991882dc62ea3801eac8a07755c1623777a53,gx-no-cache=1727701059495 HTTP/1.1" 200 30
190.171.153.26 - - [30/Sep/2024:09:57:29 -0300] "POST /cormun/servlet/solicitudotadjuntos?a52053652dbc3e234669825c014219ed,INS,2024,21787,,1, HTTP/1.1" 200 116
190.171.153.26 - - [30/Sep/2024:09:57:29 -0300] "GET /cormun/servlet/hpexe_return? HTTP/1.1" 200 1028
190.171.153.26 - - [30/Sep/2024:09:57:30 -0300] "GET /cormun/servlet/trsolicitudadjuntos?2024,21787, HTTP/1.1" 200 9636
190.171.153.26 - - [30/Sep/2024:09:57:32 -0300] "GET /cormun/servlet/solicitudotadjuntos?INS,2024,21787,,1, HTTP/1.1" 200 6027
190.171.153.26 - - [30/Sep/2024:09:57:33 -0300] "GET /cormun/static/about:blank HTTP/1.1" 404 1011
190.171.153.26 - - [30/Sep/2024:09:57:33 -0300] "GET /cormun/servlet/solicitudotadjuntos?a825f115e4b981a3a05c7963bb199188e47b4d8a11206a29167b2d28bcddc2944e0088edb939ad2c96e97d6de54d5523,gx-no-cache=1727701064214 HTTP/1.1" 200 30
190.171.153.26 - - [30/Sep/2024:09:57:34 -0300] "POST /cormun/servlet/solicitudotadjuntos?a52053652dbc3e234669825c014219ed,INS,2024,21787,,1,,gx-no-cache=1727701064408 HTTP/1.1" 200 3905
186.189.103.167 - - [30/Sep/2024:09:57:35 -0300] "POST /cormun/servlet/hlogin?4b3cc63f2cc0fcc377d29b3ff1f5603b,gx-no-cache=1727701019345 HTTP/1.1" 200 449
190.171.153.26 - - [30/Sep/2024:09:57:37 -0300] "POST /cormun/servlet/solicitudotadjuntos?gx-no-cache=1727701068086 HTTP/1.1" 200 26
190.171.153.26 - - [30/Sep/2024:09:57:43 -0300] "GET /cormun/servlet/solicitudotadjuntos?a825f115e4b981a3a05c7963bb1991882dc62ea3801eac8a07755c1623777a53,gx-no-cache=1727701073789 HTTP/1.1" 200 30
190.171.153.26 - - [30/Sep/2024:09:57:43 -0300] "GET /cormun/servlet/solicitudotadjuntos?a825f115e4b981a3a05c7963bb1991882dc62ea3801eac8a07755c1623777a53,gx-no-cache=1727701073938 HTTP/1.1" 200 30
190.171.153.26 - - [30/Sep/2024:09:57:43 -0300] "POST /cormun/servlet/solicitudotadjuntos?a52053652dbc3e234669825c014219ed,INS,2024,21787,,1, HTTP/1.1" 200 116
190.171.153.26 - - [30/Sep/2024:09:57:43 -0300] "GET /cormun/servlet/hpexe_return? HTTP/1.1" 200 1028
190.171.153.26 - - [30/Sep/2024:09:57:44 -0300] "GET /cormun/servlet/trsolicitudadjuntos?2024,21787, HTTP/1.1" 200 9942
186.103.157.42 - - [30/Sep/2024:09:57:45 -0300] "GET /cormun/servlet/hlogin HTTP/1.1" 200 1719
186.103.157.42 - - [30/Sep/2024:09:57:45 -0300] "GET /cormun/servlet/hlogin HTTP/1.1" 200 1730
190.171.153.26 - - [30/Sep/2024:09:57:46 -0300] "GET /cormun/servlet/solicitudotadjuntos?INS,2024,21787,,1, HTTP/1.1" 200 6027
190.171.153.26 - - [30/Sep/2024:09:57:46 -0300] "GET /cormun/static/about:blank HTTP/1.1" 404 1011
190.171.153.26 - - [30/Sep/2024:09:57:47 -0300] "GET /cormun/servlet/solicitudotadjuntos?a825f115e4b981a3a05c7963bb199188e47b4d8a11206a29167b2d28bcddc2944e0088edb939ad2c96e97d6de54d5523,gx-no-cache=1727701077685 HTTP/1.1" 200 30
190.171.153.26 - - [30/Sep/2024:09:57:47 -0300] "POST /cormun/servlet/solicitudotadjuntos?a52053652dbc3e234669825c014219ed,INS,2024,21787,,1,,gx-no-cache=1727701077820 HTTP/1.1" 200 3905
186.103.157.42 - - [30/Sep/2024:09:57:48 -0300] "POST /cormun/servlet/hlogin?3d4ed8f3602cbc2bbfaad7fdb8a5a4cb,gx-no-cache=1727701067644 HTTP/1.1" 200 90
186.103.157.42 - - [30/Sep/2024:09:57:48 -0300] "GET /cormun/servlet/hpexe_link HTTP/1.1" 200 950
186.103.157.42 - - [30/Sep/2024:09:57:48 -0300] "GET /cormun/servlet/hhome HTTP/1.1" 200 4377
190.171.153.26 - - [30/Sep/2024:09:57:50 -0300] "POST /cormun/servlet/solicitudotadjuntos?gx-no-cache=1727701080717 HTTP/1.1" 200 26
186.103.157.42 - - [30/Sep/2024:09:57:54 -0300] "GET /cormun/servlet/trlicencias? HTTP/1.1" 200 12136
190.171.153.26 - - [30/Sep/2024:09:57:56 -0300] "GET /cormun/servlet/solicitudotadjuntos?a825f115e4b981a3a05c7963bb1991882dc62ea3801eac8a07755c1623777a53,gx-no-cache=1727701086478 HTTP/1.1" 200 30
190.171.153.26 - - [30/Sep/2024:09:57:56 -0300] "GET /cormun/servlet/solicitudotadjuntos?a825f115e4b981a3a05c7963bb1991882dc62ea3801eac8a07755c1623777a53,gx-no-cache=1727701086648 HTTP/1.1" 200 30
190.171.153.26 - - [30/Sep/2024:09:57:56 -0300] "POST /cormun/servlet/solicitudotadjuntos?a52053652dbc3e234669825c014219ed,INS,2024,21787,,1, HTTP/1.1" 200 116
190.171.153.26 - - [30/Sep/2024:09:57:57 -0300] "GET /cormun/servlet/hpexe_return? HTTP/1.1" 200 1028
190.171.153.26 - - [30/Sep/2024:09:57:57 -0300] "GET /cormun/servlet/trsolicitudadjuntos?2024,21787, HTTP/1.1" 200 10201
190.171.153.26 - - [30/Sep/2024:09:57:59 -0300] "GET /cormun/servlet/solicitudotadjuntos?INS,2024,21787,,1, HTTP/1.1" 200 6027
186.189.103.167 - - [30/Sep/2024:09:58:00 -0300] "POST /cormun/servlet/hlogin?4b3cc63f2cc0fcc377d29b3ff1f5603b,gx-no-cache=1727701043908 HTTP/1.1" 200 450
190.171.153.26 - - [30/Sep/2024:09:58:00 -0300] "GET /cormun/static/about:blank HTTP/1.1" 404 1011
190.171.153.26 - - [30/Sep/2024:09:58:00 -0300] "GET /cormun/servlet/solicitudotadjuntos?a825f115e4b981a3a05c7963bb199188e47b4d8a11206a29167b2d28bcddc2944e0088edb939ad2c96e97d6de54d5523,gx-no-cache=1727701091183 HTTP/1.1" 200 30
190.171.153.26 - - [30/Sep/2024:09:58:01 -0300] "POST /cormun/servlet/solicitudotadjuntos?a52053652dbc3e234669825c014219ed,INS,2024,21787,,1,,gx-no-cache=1727701091359 HTTP/1.1" 200 3905
186.189.103.167 - - [30/Sep/2024:09:58:02 -0300] "POST /cormun/servlet/hlogin?4b3cc63f2cc0fcc377d29b3ff1f5603b,gx-no-cache=1727701046307 HTTP/1.1" 200 449
190.171.153.26 - - [30/Sep/2024:09:58:04 -0300] "POST /cormun/servlet/solicitudotadjuntos?gx-no-cache=1727701094509 HTTP/1.1" 200 26
190.171.153.26 - - [30/Sep/2024:09:58:12 -0300] "GET /cormun/servlet/solicitudotadjuntos?a825f115e4b981a3a05c7963bb1991882dc62ea3801eac8a07755c1623777a53,gx-no-cache=1727701103293 HTTP/1.1" 200 30
190.171.153.26 - - [30/Sep/2024:09:58:12 -0300] "GET /cormun/servlet/solicitudotadjuntos?a825f115e4b981a3a05c7963bb1991882dc62ea3801eac8a07755c1623777a53,gx-no-cache=1727701103308 HTTP/1.1" 200 30
190.171.153.26 - - [30/Sep/2024:09:58:12 -0300] "POST /cormun/servlet/solicitudotadjuntos?a52053652dbc3e234669825c014219ed,INS,2024,21787,,1, HTTP/1.1" 200 116
190.171.153.26 - - [30/Sep/2024:09:58:12 -0300] "GET /cormun/servlet/hpexe_return? HTTP/1.1" 200 1028
190.171.153.26 - - [30/Sep/2024:09:58:13 -0300] "GET /cormun/servlet/trsolicitudadjuntos?2024,21787, HTTP/1.1" 200 10369
186.103.157.42 - - [30/Sep/2024:09:58:15 -0300] "GET /cormun/servlet/hlogin HTTP/1.1" 200 1719
190.171.141.138 - - [30/Sep/2024:09:58:21 -0300] "GET /cormun/servlet/trpermisosgoce? HTTP/1.1" 200 13787
186.103.157.42 - - [30/Sep/2024:09:58:23 -0300] "POST /cormun/servlet/hlogin?3d4ed8f3602cbc2bbfaad7fdb8a5a4cb,gx-no-cache=1727701102772 HTTP/1.1" 200 90
186.103.157.42 - - [30/Sep/2024:09:58:23 -0300] "GET /cormun/servlet/hpexe_link HTTP/1.1" 200 955
186.103.157.42 - - [30/Sep/2024:09:58:23 -0300] "GET /cormun/servlet/trlicencias HTTP/1.1" 200 12135
186.189.103.167 - - [30/Sep/2024:09:58:25 -0300] "POST /cormun/servlet/hlogin?4b3cc63f2cc0fcc377d29b3ff1f5603b,gx-no-cache=1727701069072 HTTP/1.1" 200 449
186.103.157.42 - - [30/Sep/2024:09:58:32 -0300] "GET /cormun/servlet/trpermisosgoce? HTTP/1.1" 200 9355
186.103.157.42 - - [30/Sep/2024:09:58:32 -0300] "GET /cormun/static/gxcfg.js?2020121631564 HTTP/1.1" 200 953
186.103.157.42 - - [30/Sep/2024:09:58:32 -0300] "GET /cormun/static/trpermisosgoce.js?2020121633681 HTTP/1.1" 200 35904
186.189.103.167 - - [30/Sep/2024:09:58:35 -0300] "POST /cormun/servlet/hlogin?4b3cc63f2cc0fcc377d29b3ff1f5603b,gx-no-cache=1727701079112 HTTP/1.1" 200 449
186.103.157.42 - - [30/Sep/2024:09:58:37 -0300] "GET /cormun/servlet/permisogoce?INS,0,,, HTTP/1.1" 200 7270
186.103.157.42 - - [30/Sep/2024:09:58:37 -0300] "GET /cormun/static/gxcfg.js?20201215124560 HTTP/1.1" 200 953
186.103.157.42 - - [30/Sep/2024:09:58:37 -0300] "GET /cormun/static/Resources/prompt.gif HTTP/1.1" 200 902
186.103.157.42 - - [30/Sep/2024:09:58:37 -0300] "GET /cormun/static/permisogoce.js?20201215124939 HTTP/1.1" 200 27790
190.171.152.234 - - [30/Sep/2024:09:59:22 -0300] "GET /cormun/servlet/permisogoce?d9a05513c869d5d01ec5658f22c4dc0295a336ab76bf46096d6ad5f3e12dfae376576480f817a2690f215e7add8f872168f409379cb7476549deb077c08983f6,gx-no-cache=1727701167644 HTTP/1.1" 200 79
190.171.152.234 - - [30/Sep/2024:09:59:24 -0300] "GET /cormun/static/menuarrow.gif HTTP/1.1" 404 1015
190.171.141.138 - - [30/Sep/2024:10:00:00 -0300] "GET /cormun/servlet/trpermisosadjuntos?11671234,20240925141100,P, HTTP/1.1" 200 6827
190.171.141.138 - - [30/Sep/2024:10:00:01 -0300] "GET /cormun/servlet/permisosadjuntos?INS,11671234,P,20240925141100,, HTTP/1.1" 200 6129
190.171.141.138 - - [30/Sep/2024:10:00:02 -0300] "GET /cormun/static/about:blank HTTP/1.1" 404 1011
190.171.141.138 - - [30/Sep/2024:10:00:13 -0300] "POST /cormun/servlet/permisosadjuntos?6019bace9557d9a3a4579f2488561309,INS,11671234,P,20240925141100,, HTTP/1.1" 200 116
190.171.141.138 - - [30/Sep/2024:10:00:13 -0300] "GET /cormun/servlet/hpexe_return? HTTP/1.1" 200 1040
190.171.141.138 - - [30/Sep/2024:10:00:13 -0300] "GET /cormun/servlet/trpermisosadjuntos?11671234,20240925141100,P, HTTP/1.1" 200 7324
190.171.141.138 - - [30/Sep/2024:10:00:21 -0300] "POST /cormun/servlet/trpermisosadjuntos?6019bace9557d9a3a4579f2488561309,11671234,20240925141100,P,,gx-no-cache=1727701186517 HTTP/1.1" 200 90
190.171.141.138 - - [30/Sep/2024:10:00:21 -0300] "GET /cormun/servlet/hpexe_link HTTP/1.1" 200 985
190.171.141.138 - - [30/Sep/2024:10:00:22 -0300] "GET /cormun/servlet/trpermisosgoce HTTP/1.1" 200 13788
190.171.141.138 - - [30/Sep/2024:10:00:25 -0300] "POST /cormun/servlet/trpermisosgoce?6019bace9557d9a3a4579f2488561309,gx-no-cache=1727701190207 HTTP/1.1" 200 10791
190.171.141.138 - - [30/Sep/2024:10:00:25 -0300] "GET /cormun/static/Shared/jqueryui/images/ui-icons_82798d_256x240.png HTTP/1.1" 404 1089
190.171.141.138 - - [30/Sep/2024:10:00:25 -0300] "GET /cormun/static/Shared/jqueryui/images/ui-bg_highlight-soft_100_c6c2c8_1x100.png HTTP/1.1" 404 1117
190.171.141.138 - - [30/Sep/2024:10:00:25 -0300] "GET /cormun/static/Shared/jqueryui/images/ui-bg_flat_55_fafafa_40x100.png HTTP/1.1" 404 1097
190.171.141.138 - - [30/Sep/2024:10:00:25 -0300] "GET /cormun/static/Shared/jqueryui/images/ui-icons_8d78a5_256x240.png HTTP/1.1" 404 1089
190.171.141.138 - - [30/Sep/2024:10:00:27 -0300] "GET /cormun/servlet/trpermisosadjuntos?21455270,20240925152558,P, HTTP/1.1" 200 6821
190.171.141.138 - - [30/Sep/2024:10:00:29 -0300] "GET /cormun/servlet/permisosadjuntos?INS,21455270,P,20240925152558,, HTTP/1.1" 200 6113
190.171.141.138 - - [30/Sep/2024:10:00:29 -0300] "GET /cormun/static/about:blank HTTP/1.1" 404 1011
190.171.141.138 - - [30/Sep/2024:10:00:37 -0300] "POST /cormun/servlet/permisosadjuntos?6019bace9557d9a3a4579f2488561309,INS,21455270,P,20240925152558,, HTTP/1.1" 200 116
190.171.141.138 - - [30/Sep/2024:10:00:37 -0300] "GET /cormun/servlet/hpexe_return? HTTP/1.1" 200 1039
190.171.141.138 - - [30/Sep/2024:10:00:38 -0300] "GET /cormun/servlet/trpermisosadjuntos?21455270,20240925152558,P, HTTP/1.1" 200 7323
190.171.141.138 - - [30/Sep/2024:10:00:40 -0300] "POST /cormun/servlet/trpermisosadjuntos?6019bace9557d9a3a4579f2488561309,21455270,20240925152558,P,,gx-no-cache=1727701204894 HTTP/1.1" 200 90
190.171.141.138 - - [30/Sep/2024:10:00:40 -0300] "GET /cormun/servlet/hpexe_link HTTP/1.1" 200 1006
190.171.141.138 - - [30/Sep/2024:10:00:40 -0300] "GET /cormun/servlet/trpermisosgoce?gx-no-cache=1727701190207 HTTP/1.1" 200 13783
190.171.141.138 - - [30/Sep/2024:10:00:42 -0300] "POST /cormun/servlet/trpermisosgoce?6019bace9557d9a3a4579f2488561309,gx-no-cache=1727701190207,gx-no-cache=1727701207359 HTTP/1.1" 200 10780
190.171.141.138 - - [30/Sep/2024:10:00:46 -0300] "GET /cormun/servlet/trpermisosadjuntos?11275245,20240925153624,P, HTTP/1.1" 200 6850
190.171.141.138 - - [30/Sep/2024:10:00:47 -0300] "GET /cormun/servlet/permisosadjuntos?INS,11275245,P,20240925153624,, HTTP/1.1" 200 6127
190.171.141.138 - - [30/Sep/2024:10:00:47 -0300] "GET /cormun/static/about:blank HTTP/1.1" 404 1011
190.171.141.138 - - [30/Sep/2024:10:00:55 -0300] "POST /cormun/servlet/permisosadjuntos?6019bace9557d9a3a4579f2488561309,INS,11275245,P,20240925153624,, HTTP/1.1" 200 116
190.171.141.138 - - [30/Sep/2024:10:00:55 -0300] "GET /cormun/servlet/hpexe_return? HTTP/1.1" 200 1040
190.171.141.138 - - [30/Sep/2024:10:00:55 -0300] "GET /cormun/servlet/trpermisosadjuntos?11275245,20240925153624,P, HTTP/1.1" 200 7329
190.171.141.138 - - [30/Sep/2024:10:00:58 -0300] "POST /cormun/servlet/trpermisosadjuntos?6019bace9557d9a3a4579f2488561309,11275245,20240925153624,P,,gx-no-cache=1727701222910 HTTP/1.1" 200 90
190.171.141.138 - - [30/Sep/2024:10:00:58 -0300] "GET /cormun/servlet/hpexe_link HTTP/1.1" 200 1007
190.171.141.138 - - [30/Sep/2024:10:00:58 -0300] "GET /cormun/servlet/trpermisosgoce?gx-no-cache=1727701190207 HTTP/1.1" 200 13774
190.171.141.138 - - [30/Sep/2024:10:01:02 -0300] "POST /cormun/servlet/trpermisosgoce?6019bace9557d9a3a4579f2488561309,gx-no-cache=1727701190207,gx-no-cache=1727701226688 HTTP/1.1" 200 10771
190.171.141.138 - - [30/Sep/2024:10:01:04 -0300] "GET /cormun/servlet/trpermisosadjuntos?16492844,20240924163352,P, HTTP/1.1" 200 6842
190.171.141.138 - - [30/Sep/2024:10:01:06 -0300] "GET /cormun/servlet/permisosadjuntos?INS,16492844,P,20240924163352,, HTTP/1.1" 200 6117
190.171.141.138 - - [30/Sep/2024:10:01:06 -0300] "GET /cormun/static/about:blank HTTP/1.1" 404 1011
190.171.141.138 - - [30/Sep/2024:10:01:15 -0300] "POST /cormun/servlet/permisosadjuntos?6019bace9557d9a3a4579f2488561309,INS,16492844,P,20240924163352,, HTTP/1.1" 200 116
190.171.141.138 - - [30/Sep/2024:10:01:15 -0300] "GET /cormun/servlet/hpexe_return? HTTP/1.1" 200 1040
190.171.141.138 - - [30/Sep/2024:10:01:15 -0300] "GET /cormun/servlet/trpermisosadjuntos?16492844,20240924163352,P, HTTP/1.1" 200 7314
190.171.141.138 - - [30/Sep/2024:10:01:21 -0300] "POST /cormun/servlet/trpermisosadjuntos?6019bace9557d9a3a4579f2488561309,16492844,20240924163352,P,,gx-no-cache=1727701245758 HTTP/1.1" 200 90
190.171.141.138 - - [30/Sep/2024:10:01:21 -0300] "GET /cormun/servlet/hpexe_link HTTP/1.1" 200 1007
190.171.141.138 - - [30/Sep/2024:10:01:21 -0300] "GET /cormun/servlet/trpermisosgoce?gx-no-cache=1727701190207 HTTP/1.1" 200 13769
190.171.141.138 - - [30/Sep/2024:10:01:24 -0300] "POST /cormun/servlet/trpermisosgoce?6019bace9557d9a3a4579f2488561309,gx-no-cache=1727701190207,gx-no-cache=1727701248808 HTTP/1.1" 200 10766
190.171.142.26 - - [30/Sep/2024:10:02:39 -0300] "GET /cormun/servlet/trlicencias? HTTP/1.1" 200 8381
190.171.142.26 - - [30/Sep/2024:10:02:41 -0300] "GET /cormun/static/menuarrow.gif HTTP/1.1" 404 1015
190.171.142.26 - - [30/Sep/2024:10:03:09 -0300] "POST /cormun/servlet/trlicencias?560bc4baf2bddec8bb71ea18bc15c27b,,gx-no-cache=1727701353710 HTTP/1.1" 200 5686
190.171.141.138 - - [30/Sep/2024:10:04:41 -0300] "GET /cormun/servlet/trpermisosadjuntos?9031333,20240925153116,P, HTTP/1.1" 200 6852
190.171.141.138 - - [30/Sep/2024:10:04:42 -0300] "GET /cormun/servlet/permisosadjuntos?INS,9031333,P,20240925153116,, HTTP/1.1" 200 6129
190.171.141.138 - - [30/Sep/2024:10:04:42 -0300] "GET /cormun/static/about:blank HTTP/1.1" 404 1011
190.171.141.138 - - [30/Sep/2024:10:04:47 -0300] "POST /cormun/servlet/permisosadjuntos?6019bace9557d9a3a4579f2488561309,INS,9031333,P,20240925153116,, HTTP/1.1" 200 116
190.171.141.138 - - [30/Sep/2024:10:04:47 -0300] "GET /cormun/servlet/hpexe_return? HTTP/1.1" 200 1039
190.171.141.138 - - [30/Sep/2024:10:04:47 -0300] "GET /cormun/servlet/trpermisosadjuntos?9031333,20240925153116,P, HTTP/1.1" 200 7330
190.171.141.138 - - [30/Sep/2024:10:04:49 -0300] "POST /cormun/servlet/trpermisosadjuntos?6019bace9557d9a3a4579f2488561309,9031333,20240925153116,P,,gx-no-cache=1727701454413 HTTP/1.1" 200 90
190.171.141.138 - - [30/Sep/2024:10:04:49 -0300] "GET /cormun/servlet/hpexe_link HTTP/1.1" 200 1006
190.171.141.138 - - [30/Sep/2024:10:04:49 -0300] "GET /cormun/servlet/trpermisosgoce?gx-no-cache=1727701190207 HTTP/1.1" 200 13764
190.171.141.138 - - [30/Sep/2024:10:04:55 -0300] "GET /cormun/servlet/trpermisosadjuntos?7463753,20240925153517,P, HTTP/1.1" 200 6848
