190.171.141.138 - - [30/Sep/2024:10:04:56 -0300] "GET /cormun/servlet/permisosadjuntos?INS,7463753,P,20240925153517,, HTTP/1.1" 200 6120
190.171.141.138 - - [30/Sep/2024:10:04:56 -0300] "GET /cormun/static/about:blank HTTP/1.1" 404 1011
190.171.141.138 - - [30/Sep/2024:10:05:02 -0300] "POST /cormun/servlet/permisosadjuntos?6019bace9557d9a3a4579f2488561309,INS,7463753,P,20240925153517,, HTTP/1.1" 200 116
190.171.141.138 - - [30/Sep/2024:10:05:03 -0300] "GET /cormun/servlet/hpexe_return? HTTP/1.1" 200 1039
190.171.141.138 - - [30/Sep/2024:10:05:03 -0300] "GET /cormun/servlet/trpermisosadjuntos?7463753,20240925153517,P, HTTP/1.1" 200 7335
190.171.141.138 - - [30/Sep/2024:10:05:05 -0300] "POST /cormun/servlet/trpermisosadjuntos?6019bace9557d9a3a4579f2488561309,7463753,20240925153517,P,,gx-no-cache=1727701470493 HTTP/1.1" 200 90
190.171.141.138 - - [30/Sep/2024:10:05:05 -0300] "GET /cormun/servlet/hpexe_link HTTP/1.1" 200 1006
190.171.141.138 - - [30/Sep/2024:10:05:05 -0300] "GET /cormun/servlet/trpermisosgoce?gx-no-cache=1727701190207 HTTP/1.1" 200 13764
190.171.141.138 - - [30/Sep/2024:10:05:09 -0300] "POST /cormun/servlet/trpermisosgoce?6019bace9557d9a3a4579f2488561309,gx-no-cache=1727701190207,gx-no-cache=1727701473735 HTTP/1.1" 200 10755
190.171.141.138 - - [30/Sep/2024:10:05:10 -0300] "POST /cormun/servlet/trpermisosgoce?6019bace9557d9a3a4579f2488561309,gx-no-cache=1727701190207,gx-no-cache=1727701475398 HTTP/1.1" 200 10739
190.171.141.138 - - [30/Sep/2024:10:05:13 -0300] "GET /cormun/servlet/trpermisosadjuntos?9330247,20240925153715,P, HTTP/1.1" 200 6850
190.171.141.138 - - [30/Sep/2024:10:05:14 -0300] "GET /cormun/servlet/permisosadjuntos?INS,9330247,P,20240925153715,, HTTP/1.1" 200 6124
190.171.141.138 - - [30/Sep/2024:10:05:14 -0300] "GET /cormun/static/about:blank HTTP/1.1" 404 1011
190.171.141.138 - - [30/Sep/2024:10:05:20 -0300] "POST /cormun/servlet/permisosadjuntos?6019bace9557d9a3a4579f2488561309,INS,9330247,P,20240925153715,, HTTP/1.1" 200 116
190.171.141.138 - - [30/Sep/2024:10:05:20 -0300] "GET /cormun/servlet/hpexe_return? HTTP/1.1" 200 1039
190.171.141.138 - - [30/Sep/2024:10:05:20 -0300] "GET /cormun/servlet/trpermisosadjuntos?9330247,20240925153715,P, HTTP/1.1" 200 7335
190.171.141.138 - - [30/Sep/2024:10:05:22 -0300] "POST /cormun/servlet/trpermisosadjuntos?6019bace9557d9a3a4579f2488561309,9330247,20240925153715,P,,gx-no-cache=1727701487222 HTTP/1.1" 200 90
190.171.141.138 - - [30/Sep/2024:10:05:22 -0300] "GET /cormun/servlet/hpexe_link HTTP/1.1" 200 1006
190.171.141.138 - - [30/Sep/2024:10:05:22 -0300] "GET /cormun/servlet/trpermisosgoce?gx-no-cache=1727701190207 HTTP/1.1" 200 13739
190.171.141.138 - - [30/Sep/2024:10:05:25 -0300] "POST /cormun/servlet/trpermisosgoce?6019bace9557d9a3a4579f2488561309,gx-no-cache=1727701190207,gx-no-cache=1727701489895 HTTP/1.1" 200 10730
190.171.141.138 - - [30/Sep/2024:10:05:27 -0300] "GET /cormun/servlet/trpermisosadjuntos?12290623,20240925153855,P, HTTP/1.1" 200 6848
190.171.141.138 - - [30/Sep/2024:10:05:28 -0300] "GET /cormun/servlet/permisosadjuntos?INS,12290623,P,20240925153855,, HTTP/1.1" 200 6127
190.171.141.138 - - [30/Sep/2024:10:05:28 -0300] "GET /cormun/static/about:blank HTTP/1.1" 404 1011
190.171.141.138 - - [30/Sep/2024:10:05:34 -0300] "POST /cormun/servlet/permisosadjuntos?6019bace9557d9a3a4579f2488561309,INS,12290623,P,20240925153855,, HTTP/1.1" 200 116
190.171.141.138 - - [30/Sep/2024:10:05:34 -0300] "GET /cormun/servlet/hpexe_return? HTTP/1.1" 200 1040
190.171.141.138 - - [30/Sep/2024:10:05:34 -0300] "GET /cormun/servlet/trpermisosadjuntos?12290623,20240925153855,P, HTTP/1.1" 200 7331
190.171.141.138 - - [30/Sep/2024:10:05:36 -0300] "POST /cormun/servlet/trpermisosadjuntos?6019bace9557d9a3a4579f2488561309,12290623,20240925153855,P,,gx-no-cache=1727701501030 HTTP/1.1" 200 90
190.171.141.138 - - [30/Sep/2024:10:05:36 -0300] "GET /cormun/servlet/hpexe_link HTTP/1.1" 200 1007
190.171.141.138 - - [30/Sep/2024:10:05:36 -0300] "GET /cormun/servlet/trpermisosgoce?gx-no-cache=1727701190207 HTTP/1.1" 200 13728
190.171.141.138 - - [30/Sep/2024:10:05:40 -0300] "POST /cormun/servlet/trpermisosgoce?6019bace9557d9a3a4579f2488561309,gx-no-cache=1727701190207,gx-no-cache=1727701505487 HTTP/1.1" 200 10719
190.171.141.138 - - [30/Sep/2024:10:05:42 -0300] "GET /cormun/servlet/trpermisosadjuntos?14203755,20240925155427,P, HTTP/1.1" 200 6844
190.171.141.138 - - [30/Sep/2024:10:05:43 -0300] "GET /cormun/servlet/permisosadjuntos?INS,14203755,P,20240925155427,, HTTP/1.1" 200 6121
190.171.141.138 - - [30/Sep/2024:10:05:44 -0300] "GET /cormun/static/about:blank HTTP/1.1" 404 1011
190.171.141.138 - - [30/Sep/2024:10:05:51 -0300] "POST /cormun/servlet/permisosadjuntos?6019bace9557d9a3a4579f2488561309,INS,14203755,P,20240925155427,, HTTP/1.1" 200 116
190.171.141.138 - - [30/Sep/2024:10:05:51 -0300] "GET /cormun/servlet/hpexe_return? HTTP/1.1" 200 1040
190.171.141.138 - - [30/Sep/2024:10:05:51 -0300] "GET /cormun/servlet/trpermisosadjuntos?14203755,20240925155427,P, HTTP/1.1" 200 7329
190.171.141.138 - - [30/Sep/2024:10:05:53 -0300] "POST /cormun/servlet/trpermisosadjuntos?6019bace9557d9a3a4579f2488561309,14203755,20240925155427,P,,gx-no-cache=1727701518190 HTTP/1.1" 200 90
190.171.141.138 - - [30/Sep/2024:10:05:53 -0300] "GET /cormun/servlet/hpexe_link HTTP/1.1" 200 1007
190.171.141.138 - - [30/Sep/2024:10:05:53 -0300] "GET /cormun/servlet/trpermisosgoce?gx-no-cache=1727701190207 HTTP/1.1" 200 13717
190.171.141.138 - - [30/Sep/2024:10:05:56 -0300] "POST /cormun/servlet/trpermisosgoce?6019bace9557d9a3a4579f2488561309,gx-no-cache=1727701190207,gx-no-cache=1727701520983 HTTP/1.1" 200 10711
190.171.141.138 - - [30/Sep/2024:10:05:59 -0300] "GET /cormun/servlet/trpermisosadjuntos?18041194,20240924100728,P, HTTP/1.1" 200 6846
190.171.141.138 - - [30/Sep/2024:10:06:00 -0300] "GET /cormun/servlet/permisosadjuntos?INS,18041194,P,20240924100728,, HTTP/1.1" 200 6119
190.171.141.138 - - [30/Sep/2024:10:06:00 -0300] "GET /cormun/static/about:blank HTTP/1.1" 404 1011
190.171.141.138 - - [30/Sep/2024:10:06:07 -0300] "POST /cormun/servlet/permisosadjuntos?6019bace9557d9a3a4579f2488561309,INS,18041194,P,20240924100728,, HTTP/1.1" 200 116
190.171.141.138 - - [30/Sep/2024:10:06:07 -0300] "GET /cormun/servlet/hpexe_return? HTTP/1.1" 200 1041
190.171.141.138 - - [30/Sep/2024:10:06:07 -0300] "GET /cormun/servlet/trpermisosadjuntos?18041194,20240924100728,P, HTTP/1.1" 200 7314
190.171.141.138 - - [30/Sep/2024:10:06:09 -0300] "POST /cormun/servlet/trpermisosadjuntos?6019bace9557d9a3a4579f2488561309,18041194,20240924100728,P,,gx-no-cache=1727701533878 HTTP/1.1" 200 90
190.171.141.138 - - [30/Sep/2024:10:06:09 -0300] "GET /cormun/servlet/hpexe_link HTTP/1.1" 200 1006
190.171.141.138 - - [30/Sep/2024:10:06:09 -0300] "GET /cormun/servlet/trpermisosgoce?gx-no-cache=1727701190207 HTTP/1.1" 200 13711
190.171.141.138 - - [30/Sep/2024:10:06:12 -0300] "POST /cormun/servlet/trpermisosgoce?6019bace9557d9a3a4579f2488561309,gx-no-cache=1727701190207,gx-no-cache=1727701537247 HTTP/1.1" 200 10703
190.171.141.138 - - [30/Sep/2024:10:06:36 -0300] "GET /cormun/servlet/trautorizarpermisogoce? HTTP/1.1" 200 12111
190.171.141.138 - - [30/Sep/2024:10:06:36 -0300] "GET /cormun/static/gxcfg.js?2020121645532 HTTP/1.1" 200 953
190.171.141.138 - - [30/Sep/2024:10:06:36 -0300] "GET /cormun/static/trautorizarpermisogoce.js?2020121651492 HTTP/1.1" 200 34948
190.171.141.138 - - [30/Sep/2024:10:06:40 -0300] "POST /cormun/servlet/trautorizarpermisogoce?6019bace9557d9a3a4579f2488561309,,gx-no-cache=1727701564719 HTTP/1.1" 200 9032
190.171.141.138 - - [30/Sep/2024:10:06:41 -0300] "POST /cormun/servlet/trautorizarpermisogoce?6019bace9557d9a3a4579f2488561309,,gx-no-cache=1727701565598 HTTP/1.1" 200 8825
190.171.141.138 - - [30/Sep/2024:10:06:41 -0300] "POST /cormun/servlet/trautorizarpermisogoce?6019bace9557d9a3a4579f2488561309,,gx-no-cache=1727701565997 HTTP/1.1" 200 8554
190.171.141.138 - - [30/Sep/2024:10:06:41 -0300] "POST /cormun/servlet/trautorizarpermisogoce?6019bace9557d9a3a4579f2488561309,,gx-no-cache=1727701566348 HTTP/1.1" 200 8364
190.171.141.138 - - [30/Sep/2024:10:06:42 -0300] "POST /cormun/servlet/trautorizarpermisogoce?6019bace9557d9a3a4579f2488561309,,gx-no-cache=1727701566669 HTTP/1.1" 200 8116
190.171.141.138 - - [30/Sep/2024:10:06:42 -0300] "POST /cormun/servlet/trautorizarpermisogoce?6019bace9557d9a3a4579f2488561309,,gx-no-cache=1727701567022 HTTP/1.1" 200 7945
190.171.141.138 - - [30/Sep/2024:10:06:42 -0300] "POST /cormun/servlet/trautorizarpermisogoce?6019bace9557d9a3a4579f2488561309,,gx-no-cache=1727701567365 HTTP/1.1" 200 7730
190.171.141.138 - - [30/Sep/2024:10:06:45 -0300] "POST /cormun/servlet/trautorizarpermisogoce?6019bace9557d9a3a4579f2488561309,,gx-no-cache=1727701570277 HTTP/1.1" 200 7477
190.171.141.138 - - [30/Sep/2024:10:06:47 -0300] "POST /cormun/servlet/trautorizarpermisogoce?6019bace9557d9a3a4579f2488561309,,gx-no-cache=1727701571853 HTTP/1.1" 200 7201
190.171.141.138 - - [30/Sep/2024:10:06:47 -0300] "POST /cormun/servlet/trautorizarpermisogoce?6019bace9557d9a3a4579f2488561309,,gx-no-cache=1727701572533 HTTP/1.1" 200 6966
190.171.141.138 - - [30/Sep/2024:10:06:48 -0300] "POST /cormun/servlet/trautorizarpermisogoce?6019bace9557d9a3a4579f2488561309,,gx-no-cache=1727701573389 HTTP/1.1" 200 6736
190.171.141.138 - - [30/Sep/2024:10:06:50 -0300] "POST /cormun/servlet/trautorizarpermisogoce?6019bace9557d9a3a4579f2488561309,,gx-no-cache=1727701575157 HTTP/1.1" 200 6526
190.171.141.138 - - [30/Sep/2024:10:06:51 -0300] "POST /cormun/servlet/trautorizarpermisogoce?6019bace9557d9a3a4579f2488561309,,gx-no-cache=1727701576429 HTTP/1.1" 200 6309
190.171.141.138 - - [30/Sep/2024:10:06:52 -0300] "POST /cormun/servlet/trautorizarpermisogoce?6019bace9557d9a3a4579f2488561309,,gx-no-cache=1727701577380 HTTP/1.1" 200 6077
190.171.141.138 - - [30/Sep/2024:10:06:54 -0300] "POST /cormun/servlet/trautorizarpermisogoce?6019bace9557d9a3a4579f2488561309,,gx-no-cache=1727701578589 HTTP/1.1" 200 5830
190.171.141.138 - - [30/Sep/2024:10:06:55 -0300] "POST /cormun/servlet/trautorizarpermisogoce?6019bace9557d9a3a4579f2488561309,,gx-no-cache=1727701579557 HTTP/1.1" 200 5577
190.171.141.138 - - [30/Sep/2024:10:06:57 -0300] "POST /cormun/servlet/trautorizarpermisogoce?6019bace9557d9a3a4579f2488561309,,gx-no-cache=1727701581862 HTTP/1.1" 200 5303
190.171.153.26 - - [30/Sep/2024:10:08:15 -0300] "GET /cormun/servlet/trsolicitudot? HTTP/1.1" 200 8515
190.171.141.138 - - [30/Sep/2024:10:08:30 -0300] "GET /cormun/servlet/trpermisosgoce? HTTP/1.1" 200 13699
190.171.153.26 - - [30/Sep/2024:10:08:41 -0300] "POST /cormun/servlet/trsolicitudot?a52053652dbc3e234669825c014219ed,,gx-no-cache=1727701732259 HTTP/1.1" 200 4339
190.171.153.26 - - [30/Sep/2024:10:08:41 -0300] "GET /cormun/static/Shared/jqueryui/images/ui-bg_highlight-soft_100_c6c2c8_1x100.png HTTP/1.1" 404 1117
190.171.153.26 - - [30/Sep/2024:10:08:41 -0300] "GET /cormun/static/Shared/jqueryui/images/ui-icons_82798d_256x240.png HTTP/1.1" 404 1089
190.171.153.26 - - [30/Sep/2024:10:08:41 -0300] "GET /cormun/static/Shared/jqueryui/images/ui-icons_8d78a5_256x240.png HTTP/1.1" 404 1089
190.171.153.26 - - [30/Sep/2024:10:08:41 -0300] "GET /cormun/static/Shared/jqueryui/images/ui-bg_flat_55_fafafa_40x100.png HTTP/1.1" 404 1097
190.171.153.26 - - [30/Sep/2024:10:08:42 -0300] "POST /cormun/servlet/trsolicitudot?a52053652dbc3e234669825c014219ed,,gx-no-cache=1727701732454 HTTP/1.1" 200 4086
186.11.90.38 - - [30/Sep/2024:10:09:01 -0300] "GET /cormun/servlet/hlogin HTTP/1.1" 200 1769
186.11.90.38 - - [30/Sep/2024:10:09:01 -0300] "GET /cormun/static/gxtimezone.js?85251 HTTP/1.1" 200 5781
186.11.90.38 - - [30/Sep/2024:10:09:01 -0300] "GET /cormun/static/gxfxSD.js?85251 HTTP/1.1" 200 15384
186.11.90.38 - - [30/Sep/2024:10:09:01 -0300] "GET /cormun/static/gxpopupSD.js?85251 HTTP/1.1" 200 22377
186.11.90.38 - - [30/Sep/2024:10:09:01 -0300] "GET /cormun/static/gxtypesSD.js?85251 HTTP/1.1" 200 24551
186.11.90.38 - - [30/Sep/2024:10:09:01 -0300] "GET /cormun/static/gxapiSD.js?85251 HTTP/1.1" 200 78773
186.11.90.38 - - [30/Sep/2024:10:09:01 -0300] "GET /cormun/static/gxhtmlSD.js?85251 HTTP/1.1" 200 50424
186.11.90.38 - - [30/Sep/2024:10:09:01 -0300] "GET /cormun/static/JavaScripTableSD.js?85251 HTTP/1.1" 200 25100
186.11.90.38 - - [30/Sep/2024:10:09:01 -0300] "GET /cormun/static/Resources/Spanish/PXTools.css?1759030 HTTP/1.1" 200 100853
186.11.90.38 - - [30/Sep/2024:10:09:01 -0300] "GET /cormun/static/gxgridSD.js?85251 HTTP/1.1" 200 50735
186.11.90.38 - - [30/Sep/2024:10:09:01 -0300] "GET /cormun/static/gxgralSD.js?85251 HTTP/1.1" 200 20927
186.11.90.38 - - [30/Sep/2024:10:09:01 -0300] "GET /cormun/static/rijndaelSD.js?85251 HTTP/1.1" 200 6763
186.11.90.38 - - [30/Sep/2024:10:09:02 -0300] "GET /cormun/static/gxcfg.js?85251 HTTP/1.1" 200 953
186.11.90.38 - - [30/Sep/2024:10:09:02 -0300] "GET /cormun/static/messages.spa.js?85251 HTTP/1.1" 200 30736
186.11.90.38 - - [30/Sep/2024:10:09:02 -0300] "GET /cormun/static/hlogin.js?2022112219184458 HTTP/1.1" 200 2156
186.11.90.38 - - [30/Sep/2024:10:09:02 -0300] "GET /cormun/static/gxfrmutlSD.js?85251 HTTP/1.1" 200 89044
186.11.90.38 - - [30/Sep/2024:10:09:02 -0300] "GET /cormun/static/Resources/CormunLogin.png HTTP/1.1" 200 19132
186.11.90.38 - - [30/Sep/2024:10:09:02 -0300] "GET /cormun/static/Resources/PXToolsLoginTop.png HTTP/1.1" 200 1337
186.11.90.38 - - [30/Sep/2024:10:09:02 -0300] "GET /cormun/static/Resources/PXToolsButtonRight.png HTTP/1.1" 200 1294
186.11.90.38 - - [30/Sep/2024:10:09:02 -0300] "GET /cormun/static/Resources/PXToolsButtonBackground.png HTTP/1.1" 200 1176
186.11.90.38 - - [30/Sep/2024:10:09:02 -0300] "GET /cormun/static/Resources/PXToolsLoginBottom.png HTTP/1.1" 200 1389
186.11.90.38 - - [30/Sep/2024:10:09:02 -0300] "GET /cormun/servlet/hlogin HTTP/1.1" 200 1779
186.11.90.38 - - [30/Sep/2024:10:09:02 -0300] "GET /cormun/static/Resources/CormunLogin.png HTTP/1.1" 200 19132
186.11.90.38 - - [30/Sep/2024:10:09:03 -0300] "GET /cormun/static/Resources/PXToolsButtonRight.png HTTP/1.1" 200 1294
186.11.90.38 - - [30/Sep/2024:10:09:03 -0300] "GET /cormun/static/Resources/PXToolsLoginBottom.png HTTP/1.1" 200 1389
186.11.90.38 - - [30/Sep/2024:10:09:03 -0300] "GET /cormun/static/Resources/indicator.gif HTTP/1.1" 200 1553
186.11.90.38 - - [30/Sep/2024:10:09:03 -0300] "GET /cormun/static/Resources/PXToolsButtonBackground.png HTTP/1.1" 200 1176
186.11.90.38 - - [30/Sep/2024:10:09:03 -0300] "GET /cormun/static/Resources/PXToolsButtonLeft.png HTTP/1.1" 200 1310
186.11.90.38 - - [30/Sep/2024:10:09:03 -0300] "GET /cormun/static/Resources/PXToolsLoginBackground.png HTTP/1.1" 200 1164
186.11.90.38 - - [30/Sep/2024:10:09:03 -0300] "GET /cormun/static/Resources/PXToolsLoginTop.png HTTP/1.1" 200 1337
186.11.90.38 - - [30/Sep/2024:10:09:03 -0300] "GET /favicon.ico HTTP/1.1" 200 21630
190.171.141.138 - - [30/Sep/2024:10:09:25 -0300] "POST /cormun/servlet/trpermisosgoce?6019bace9557d9a3a4579f2488561309,,gx-no-cache=1727701730542 HTTP/1.1" 200 4488
186.11.90.38 - - [30/Sep/2024:10:09:26 -0300] "POST /cormun/servlet/hlogin?72494ef753388fc63d326ea91f4651d2,gx-no-cache=1727701730900 HTTP/1.1" 200 445
186.11.90.38 - - [30/Sep/2024:10:09:39 -0300] "POST /cormun/servlet/hlogin?72494ef753388fc63d326ea91f4651d2,gx-no-cache=1727701744196 HTTP/1.1" 200 445
190.171.141.138 - - [30/Sep/2024:10:09:55 -0300] "GET /cormun/servlet/trlicencias? HTTP/1.1" 200 15277
190.171.152.234 - - [30/Sep/2024:10:10:58 -0300] "GET /cormun/servlet/permisogoce?d9a05513c869d5d01ec5658f22c4dc02a58678602f0270c13fcbf54801e2c722967215206e078c77a3169a9f9097ce420764a090937126d06964eeb43e822c62,gx-no-cache=1727701863855 HTTP/1.1" 200 45
190.171.141.82 - - [30/Sep/2024:10:11:18 -0300] "GET /cormun/servlet/trpermisosgoce? HTTP/1.1" 200 6036
190.171.152.234 - - [30/Sep/2024:10:11:18 -0300] "POST /cormun/servlet/permisogoce?f526a4dc85dd2f543bb9991cc8e22f3e,INS,0,,,,gx-no-cache=1727701883760 HTTP/1.1" 200 93
190.171.152.234 - - [30/Sep/2024:10:11:18 -0300] "GET /cormun/servlet/hpexe_return? HTTP/1.1" 200 1008
190.171.141.82 - - [30/Sep/2024:10:11:19 -0300] "GET /cormun/servlet/hlogin HTTP/1.1" 200 1742
190.171.152.234 - - [30/Sep/2024:10:11:21 -0300] "GET /cormun/servlet/trpermisosgoce HTTP/1.1" 200 13472
190.171.141.82 - - [30/Sep/2024:10:11:21 -0300] "POST /cormun/servlet/hlogin?095cfd1686cd017ab7f22e17cdc4aa6a,gx-no-cache=1727701846193 HTTP/1.1" 200 90
190.171.141.82 - - [30/Sep/2024:10:11:21 -0300] "GET /cormun/servlet/hpexe_link HTTP/1.1" 200 959
190.171.141.82 - - [30/Sep/2024:10:11:21 -0300] "GET /cormun/servlet/trpermisosgoce HTTP/1.1" 200 12111
190.171.141.82 - - [30/Sep/2024:10:11:25 -0300] "GET /cormun/servlet/trpermisosgoce? HTTP/1.1" 200 12114
190.171.152.234 - - [30/Sep/2024:10:11:27 -0300] "GET /cormun/servlet/permisogoce?INS,0,,, HTTP/1.1" 200 7178
190.171.141.82 - - [30/Sep/2024:10:11:28 -0300] "GET /cormun/servlet/trpermisosgoce? HTTP/1.1" 200 12114
190.171.141.82 - - [30/Sep/2024:10:11:29 -0300] "GET /cormun/servlet/permisogoce?INS,0,,, HTTP/1.1" 200 7234
190.171.152.234 - - [30/Sep/2024:10:11:33 -0300] "GET /cormun/servlet/permisogoce?d9a05513c869d5d01ec5658f22c4dc02bf3a1e3743f4a43b982de6e4789c3a2776576480f817a2690f215e7add8f872168f409379cb7476549deb077c08983f6,gx-no-cache=1727701898785 HTTP/1.1" 200 77
190.171.141.82 - - [30/Sep/2024:10:11:34 -0300] "GET /cormun/servlet/permisogoce?b52ed63ece66d28356dc41d4e0b06cdc64ec53141984b3369f07a9b5a472d63e97eee88d5b9e828f5c9f318d79b0576cb7fca3301465b7e1e895128d0b3b6f3a,gx-no-cache=1727701859171 HTTP/1.1" 200 80
190.171.152.234 - - [30/Sep/2024:10:11:36 -0300] "GET /cormun/static/menuarrow.gif HTTP/1.1" 404 1015
190.171.141.82 - - [30/Sep/2024:10:11:36 -0300] "GET /cormun/static/menuarrow.gif HTTP/1.1" 404 1015
190.171.141.82 - - [30/Sep/2024:10:11:39 -0300] "GET /cormun/servlet/permisogoce?b52ed63ece66d28356dc41d4e0b06cdc9f41e8cff423c670e810e0e28a46004d2db5a6a46843fe4f61615aa1b7c64c978cf6e112ba2b6c386a14ed3ef9890c9b,gx-no-cache=1727701863703 HTTP/1.1" 200 48
190.171.141.82 - - [30/Sep/2024:10:11:40 -0300] "POST /cormun/servlet/permisogoce?095cfd1686cd017ab7f22e17cdc4aa6a,INS,0,,,,gx-no-cache=1727701864538 HTTP/1.1" 200 93
190.171.141.82 - - [30/Sep/2024:10:11:40 -0300] "GET /cormun/servlet/hpexe_return? HTTP/1.1" 200 1012
190.171.141.82 - - [30/Sep/2024:10:11:40 -0300] "GET /cormun/servlet/trpermisosgoce HTTP/1.1" 200 12372
190.171.141.82 - - [30/Sep/2024:10:11:42 -0300] "GET /cormun/servlet/apermisogoceprn?16492328,P,20240930101105,PU HTTP/1.1" 200 1652
190.171.152.234 - - [30/Sep/2024:10:12:00 -0300] "GET /cormun/servlet/permisogoce?d9a05513c869d5d01ec5658f22c4dc0295e3dd1d3a87371f3f488c5d65bf3481b5f3d887e52ff17c0e0df96eb959a7ad0764a090937126d06964eeb43e822c62,gx-no-cache=1727701926071 HTTP/1.1" 200 48
190.171.141.82 - - [30/Sep/2024:10:12:00 -0300] "GET /cormun/servlet/permisogoce?INS,0,,, HTTP/1.1" 200 7234
190.171.152.234 - - [30/Sep/2024:10:12:05 -0300] "POST /cormun/servlet/permisogoce?f526a4dc85dd2f543bb9991cc8e22f3e,INS,0,,,,gx-no-cache=1727701930137 HTTP/1.1" 200 93
190.171.152.234 - - [30/Sep/2024:10:12:05 -0300] "GET /cormun/servlet/hpexe_return? HTTP/1.1" 200 1008
190.171.152.234 - - [30/Sep/2024:10:12:05 -0300] "GET /cormun/servlet/trpermisosgoce HTTP/1.1" 200 13656
190.171.141.138 - - [30/Sep/2024:10:12:09 -0300] "GET /cormun/servlet/trpermisosgoce? HTTP/1.1" 200 7422
190.171.141.82 - - [30/Sep/2024:10:12:11 -0300] "GET /cormun/servlet/permisogoce?b52ed63ece66d28356dc41d4e0b06cdce3416f2a62f03126880f6ab12cab61540cdae3f80ace8609c3dfcec1c73d9cbe491d1e4ef915554e397e77b84ed11a46,gx-no-cache=1727701895954 HTTP/1.1" 200 77
190.171.141.138 - - [30/Sep/2024:10:12:15 -0300] "POST /cormun/servlet/trpermisosgoce?6019bace9557d9a3a4579f2488561309,,gx-no-cache=1727701899743 HTTP/1.1" 200 10672
190.171.141.82 - - [30/Sep/2024:10:12:15 -0300] "GET /cormun/servlet/permisogoce?b52ed63ece66d28356dc41d4e0b06cdc98cb8549b78aec6c4e2072b341f88b71111c161ae0420cc47331fb21227c4c7fad8cd6d9a687a18ba8b02a650c06a944,gx-no-cache=1727701900078 HTTP/1.1" 200 47
190.171.152.234 - - [30/Sep/2024:10:12:16 -0300] "GET /cormun/servlet/permisogoce?INS,0,,, HTTP/1.1" 200 7176
190.171.141.82 - - [30/Sep/2024:10:12:16 -0300] "POST /cormun/servlet/permisogoce?095cfd1686cd017ab7f22e17cdc4aa6a,INS,0,,,,gx-no-cache=1727701901019 HTTP/1.1" 200 93
190.171.141.82 - - [30/Sep/2024:10:12:16 -0300] "GET /cormun/servlet/hpexe_return? HTTP/1.1" 200 1012
190.171.141.82 - - [30/Sep/2024:10:12:17 -0300] "GET /cormun/servlet/trpermisosgoce HTTP/1.1" 200 12636
190.171.141.138 - - [30/Sep/2024:10:12:18 -0300] "GET /cormun/servlet/permisogoce?INS,0,,, HTTP/1.1" 200 7381
190.171.141.82 - - [30/Sep/2024:10:12:19 -0300] "GET /cormun/servlet/apermisogoceprn?7594271,P,20240930101136,PU HTTP/1.1" 200 1651
190.171.141.138 - - [30/Sep/2024:10:12:20 -0300] "GET /cormun/servlet/prfichaempleado?,MD,,gxPopupLevel%3D0%3B HTTP/1.1" 200 9528
190.171.141.138 - - [30/Sep/2024:10:12:20 -0300] "GET /cormun/static/gxcfg.js?20201215571085 HTTP/1.1" 304 -
190.171.141.138 - - [30/Sep/2024:10:12:20 -0300] "GET /cormun/static/prfichaempleado.js?20201215572193 HTTP/1.1" 304 -
190.171.141.138 - - [30/Sep/2024:10:12:20 -0300] "GET /cormun/static/menusearch.js?20201214473581 HTTP/1.1" 304 -
190.171.141.138 - - [30/Sep/2024:10:12:20 -0300] "GET /cormun/static/hmpwkw011.js?202211298443482 HTTP/1.1" 304 -
190.171.149.74 - - [30/Sep/2024:10:12:22 -0300] "GET /cormun/servlet/trlicencias? HTTP/1.1" 200 6055
190.171.149.74 - - [30/Sep/2024:10:12:22 -0300] "GET /cormun/servlet/hlogin HTTP/1.1" 200 1736
190.171.149.74 - - [30/Sep/2024:10:12:22 -0300] "GET /favicon.ico HTTP/1.1" 200 21630
190.171.152.234 - - [30/Sep/2024:10:12:24 -0300] "GET /cormun/servlet/permisogoce?d9a05513c869d5d01ec5658f22c4dc02e0797a07768f85800d9ec9fc5626724a76576480f817a2690f215e7add8f872168f409379cb7476549deb077c08983f6,gx-no-cache=1727701949498 HTTP/1.1" 200 226
190.171.152.234 - - [30/Sep/2024:10:12:24 -0300] "GET /cormun/static/Shared/jqueryui/images/ui-icons_82798d_256x240.png HTTP/1.1" 404 1089
190.171.152.234 - - [30/Sep/2024:10:12:24 -0300] "GET /cormun/static/Shared/jqueryui/images/ui-bg_highlight-soft_100_c6c2c8_1x100.png HTTP/1.1" 404 1117
190.171.152.234 - - [30/Sep/2024:10:12:24 -0300] "GET /cormun/static/Shared/jqueryui/images/ui-icons_ebccce_256x240.png HTTP/1.1" 404 1089
190.171.152.234 - - [30/Sep/2024:10:12:24 -0300] "GET /cormun/static/Shared/jqueryui/images/ui-bg_flat_55_994d53_40x100.png HTTP/1.1" 404 1097
190.171.149.74 - - [30/Sep/2024:10:12:26 -0300] "POST /cormun/servlet/hlogin?0f5859a86ace7251d02e57704f014e83,gx-no-cache=1727701905571 HTTP/1.1" 200 90
190.171.149.74 - - [30/Sep/2024:10:12:26 -0300] "GET /cormun/servlet/hpexe_link HTTP/1.1" 200 955
190.171.149.74 - - [30/Sep/2024:10:12:27 -0300] "GET /cormun/servlet/trlicencias HTTP/1.1" 200 13006
190.171.141.138 - - [30/Sep/2024:10:12:29 -0300] "POST /cormun/servlet/prfichaempleado?6019bace9557d9a3a4579f2488561309,,MD,,gxPopupLevel%3D0%3B,gx-no-cache=1727701914470 HTTP/1.1" 200 3175
190.171.141.138 - - [30/Sep/2024:10:12:31 -0300] "POST /cormun/servlet/prfichaempleado?6019bace9557d9a3a4579f2488561309,,MD,,gxPopupLevel%3D0%3B,gx-no-cache=1727701916486 HTTP/1.1" 200 3175
190.171.152.234 - - [30/Sep/2024:10:12:43 -0300] "GET /cormun/servlet/permisogoce?d9a05513c869d5d01ec5658f22c4dc02cc6930b920367f92ee8bcc232f80ff0276576480f817a2690f215e7add8f872168f409379cb7476549deb077c08983f6,gx-no-cache=1727701968432 HTTP/1.1" 200 80
190.171.152.234 - - [30/Sep/2024:10:12:49 -0300] "GET /cormun/static/menuarrow.gif HTTP/1.1" 404 1015
190.171.152.234 - - [30/Sep/2024:10:12:58 -0300] "GET /cormun/servlet/permisogoce?d9a05513c869d5d01ec5658f22c4dc02b4e21a9926fb288c5a349da0c374e792c8347ca1fcd997726124d59bb70a93030764a090937126d06964eeb43e822c62,gx-no-cache=1727701983662 HTTP/1.1" 200 47
186.11.90.38 - - [30/Sep/2024:10:13:01 -0300] "GET /cormun/servlet/hlogin HTTP/1.1" 200 1769
190.171.152.234 - - [30/Sep/2024:10:13:03 -0300] "POST /cormun/servlet/permisogoce?f526a4dc85dd2f543bb9991cc8e22f3e,INS,0,,,,gx-no-cache=1727701988376 HTTP/1.1" 200 93
190.171.152.234 - - [30/Sep/2024:10:13:03 -0300] "GET /cormun/servlet/hpexe_return? HTTP/1.1" 200 1008
190.171.152.234 - - [30/Sep/2024:10:13:03 -0300] "GET /cormun/servlet/trpermisosgoce HTTP/1.1" 200 13925
190.171.149.74 - - [30/Sep/2024:10:13:06 -0300] "POST /cormun/servlet/trlicencias?0f5859a86ace7251d02e57704f014e83,gx-no-cache=1727701945397 HTTP/1.1" 200 10625
190.171.149.74 - - [30/Sep/2024:10:13:10 -0300] "POST /cormun/servlet/trlicencias?0f5859a86ace7251d02e57704f014e83,gx-no-cache=1727701949396 HTTP/1.1" 200 10626
190.171.149.74 - - [30/Sep/2024:10:13:11 -0300] "POST /cormun/servlet/trlicencias?0f5859a86ace7251d02e57704f014e83,gx-no-cache=1727701950491 HTTP/1.1" 200 10625
190.171.152.234 - - [30/Sep/2024:10:13:22 -0300] "GET /cormun/servlet/permisogoce?UPD,17129319,P,20240930101152, HTTP/1.1" 200 7238
190.171.152.234 - - [30/Sep/2024:10:13:22 -0300] "GET /cormun/servlet/permisogoce?d9a05513c869d5d01ec5658f22c4dc02cc6930b920367f92ee8bcc232f80ff02e85638bc7df29df8b641fea3dfd8cdc24d025af4397981c53792efd8374dd0e3,gx-no-cache=1727702007998 HTTP/1.1" 200 83
186.11.90.38 - - [30/Sep/2024:10:13:24 -0300] "POST /cormun/servlet/hlogin?72494ef753388fc63d326ea91f4651d2,gx-no-cache=1727701969014 HTTP/1.1" 200 428
190.171.149.74 - - [30/Sep/2024:10:13:24 -0300] "POST /cormun/servlet/trlicencias?0f5859a86ace7251d02e57704f014e83,gx-no-cache=1727701963459 HTTP/1.1" 200 10625
190.171.152.234 - - [30/Sep/2024:10:13:26 -0300] "GET /cormun/static/menuarrow.gif HTTP/1.1" 404 1015
190.171.149.74 - - [30/Sep/2024:10:13:28 -0300] "POST /cormun/servlet/trlicencias?0f5859a86ace7251d02e57704f014e83,gx-no-cache=1727701966875 HTTP/1.1" 200 10625
190.171.141.138 - - [30/Sep/2024:10:13:32 -0300] "GET /cormun/servlet/permisogoce?26d81b8cadecb9dc12957a2fce715c2b0b649fd8a1e078768c84eec77ce03f62531da36c2ba020254f0eb31ab73622133f6ed1f37fdb3d60f54ceaecfad7fe78,gx-no-cache=1727701976838 HTTP/1.1" 200 83
190.171.141.138 - - [30/Sep/2024:10:13:32 -0300] "GET /cormun/static/menuarrow.gif HTTP/1.1" 404 1015
190.171.152.234 - - [30/Sep/2024:10:13:34 -0300] "GET /cormun/servlet/permisogoce?d9a05513c869d5d01ec5658f22c4dc02b4e21a9926fb288c5a349da0c374e7920ef0f8d8d57b2176c6a11dfdf4c027e2a966c4e3ae911e399f1c1d8fc951fa5a,gx-no-cache=1727702019279 HTTP/1.1" 200 47
190.171.149.74 - - [30/Sep/2024:10:13:34 -0300] "POST /cormun/servlet/trlicencias?0f5859a86ace7251d02e57704f014e83,gx-no-cache=1727701972772 HTTP/1.1" 200 10623
190.171.141.138 - - [30/Sep/2024:10:13:37 -0300] "GET /cormun/servlet/permisogoce?26d81b8cadecb9dc12957a2fce715c2b3f59190e5e8b47946818d7ae22c902d6d25b3f4bc00d1438003f8e78cdf879ec27ea08c1890dd6b23065291203392ef6,gx-no-cache=1727701982205 HTTP/1.1" 200 47
190.171.141.138 - - [30/Sep/2024:10:13:37 -0300] "POST /cormun/servlet/permisogoce?6019bace9557d9a3a4579f2488561309,INS,0,,,,gx-no-cache=1727701982229 HTTP/1.1" 200 93
190.171.141.138 - - [30/Sep/2024:10:13:38 -0300] "GET /cormun/servlet/hpexe_return? HTTP/1.1" 200 1012
190.171.141.138 - - [30/Sep/2024:10:13:38 -0300] "GET /cormun/servlet/trpermisosgoce? HTTP/1.1" 200 13987
190.171.141.138 - - [30/Sep/2024:10:13:40 -0300] "GET /cormun/servlet/apermisogoceprn?18104458,P,20240930101153,PU HTTP/1.1" 200 1678
190.171.152.234 - - [30/Sep/2024:10:13:44 -0300] "POST /cormun/servlet/permisogoce?f526a4dc85dd2f543bb9991cc8e22f3e,UPD,17129319,P,20240930101152,,gx-no-cache=1727702029808 HTTP/1.1" 200 93
190.171.152.234 - - [30/Sep/2024:10:13:44 -0300] "GET /cormun/servlet/hpexe_return? HTTP/1.1" 200 1026
190.171.152.234 - - [30/Sep/2024:10:13:45 -0300] "GET /cormun/servlet/trpermisosgoce HTTP/1.1" 200 13931
190.171.149.74 - - [30/Sep/2024:10:13:45 -0300] "POST /cormun/servlet/trlicencias?0f5859a86ace7251d02e57704f014e83,gx-no-cache=1727701983844 HTTP/1.1" 200 10625
190.171.152.234 - - [30/Sep/2024:10:14:06 -0300] "GET /cormun/servlet/permisogoce?INS,0,,, HTTP/1.1" 200 7176
190.171.152.234 - - [30/Sep/2024:10:14:13 -0300] "GET /cormun/servlet/permisogoce?d9a05513c869d5d01ec5658f22c4dc027ca90a541dba02a0e834001d6b62088476576480f817a2690f215e7add8f872168f409379cb7476549deb077c08983f6,gx-no-cache=1727702058681 HTTP/1.1" 200 75
190.171.152.234 - - [30/Sep/2024:10:14:32 -0300] "GET /cormun/servlet/permisogoce?d9a05513c869d5d01ec5658f22c4dc02939239f03ce146c9eb66e3d86d6cf98edaaadebaa512fa4a95523b166316e7240764a090937126d06964eeb43e822c62,gx-no-cache=1727702077591 HTTP/1.1" 200 48
190.171.152.234 - - [30/Sep/2024:10:14:38 -0300] "POST /cormun/servlet/permisogoce?f526a4dc85dd2f543bb9991cc8e22f3e,INS,0,,,,gx-no-cache=1727702083249 HTTP/1.1" 200 93
190.171.152.234 - - [30/Sep/2024:10:14:38 -0300] "GET /cormun/servlet/hpexe_return? HTTP/1.1" 200 1008
190.171.152.234 - - [30/Sep/2024:10:14:38 -0300] "GET /cormun/servlet/trpermisosgoce HTTP/1.1" 200 14154
190.171.152.234 - - [30/Sep/2024:10:14:47 -0300] "GET /cormun/servlet/permisogoce?INS,0,,, HTTP/1.1" 200 7175
190.171.152.234 - - [30/Sep/2024:10:14:56 -0300] "GET /cormun/servlet/permisogoce?d9a05513c869d5d01ec5658f22c4dc0237d0f7edbb6ed4344df4c10b6a21ca8976576480f817a2690f215e7add8f872168f409379cb7476549deb077c08983f6,gx-no-cache=1727702101537 HTTP/1.1" 200 80
190.171.142.42 - - [30/Sep/2024:10:15:55 -0300] "GET /cormun/servlet/hlogin HTTP/1.1" 200 1717
190.171.142.42 - - [30/Sep/2024:10:16:02 -0300] "POST /cormun/servlet/hlogin?289c30a1da8086602d50d26d34a15f09,gx-no-cache=1727702125165 HTTP/1.1" 200 90
190.171.142.42 - - [30/Sep/2024:10:16:02 -0300] "GET /cormun/servlet/hpexe_link HTTP/1.1" 200 948
190.171.142.42 - - [30/Sep/2024:10:16:02 -0300] "GET /cormun/servlet/hhome HTTP/1.1" 200 3906
190.171.152.234 - - [30/Sep/2024:10:16:16 -0300] "GET /cormun/static/menuarrow.gif HTTP/1.1" 404 1015
190.171.141.82 - - [30/Sep/2024:10:16:19 -0300] "GET /cormun/servlet/hlogin HTTP/1.1" 200 1722
190.171.152.234 - - [30/Sep/2024:10:16:23 -0300] "GET /cormun/servlet/permisogoce?d9a05513c869d5d01ec5658f22c4dc024ae6f463fb91697e37329c7bf701dd95e0a6f38524090f2685fcfa938b7bce1e0764a090937126d06964eeb43e822c62,gx-no-cache=1727702188983 HTTP/1.1" 200 47
190.171.141.82 - - [30/Sep/2024:10:16:25 -0300] "POST /cormun/servlet/hlogin?212b3830a66079b7dff779c85592b526,gx-no-cache=1727702147147 HTTP/1.1" 200 90
190.171.141.82 - - [30/Sep/2024:10:16:25 -0300] "GET /cormun/servlet/hpexe_link HTTP/1.1" 200 952
190.171.141.82 - - [30/Sep/2024:10:16:25 -0300] "GET /cormun/servlet/hhome HTTP/1.1" 200 4341
190.171.152.234 - - [30/Sep/2024:10:16:30 -0300] "POST /cormun/servlet/permisogoce?f526a4dc85dd2f543bb9991cc8e22f3e,INS,0,,,,gx-no-cache=1727702194905 HTTP/1.1" 200 93
190.171.152.234 - - [30/Sep/2024:10:16:30 -0300] "GET /cormun/servlet/hpexe_return? HTTP/1.1" 200 1008
190.171.152.234 - - [30/Sep/2024:10:16:30 -0300] "GET /cormun/servlet/trpermisosgoce HTTP/1.1" 200 14375
190.171.142.42 - - [30/Sep/2024:10:16:47 -0300] "GET /cormun/servlet/trpermisosgoce? HTTP/1.1" 200 13662
190.171.142.42 - - [30/Sep/2024:10:16:54 -0300] "POST /cormun/servlet/trpermisosgoce?289c30a1da8086602d50d26d34a15f09,,gx-no-cache=1727702176788 HTTP/1.1" 200 10744
190.171.142.42 - - [30/Sep/2024:10:16:54 -0300] "POST /cormun/servlet/trpermisosgoce?289c30a1da8086602d50d26d34a15f09,,gx-no-cache=1727702177033 HTTP/1.1" 200 10720
190.171.152.234 - - [30/Sep/2024:10:17:57 -0300] "GET /cormun/servlet/permisogoce?INS,0,,, HTTP/1.1" 200 7175
190.171.152.234 - - [30/Sep/2024:10:18:07 -0300] "POST /cormun/servlet/permisogoce?f526a4dc85dd2f543bb9991cc8e22f3e,INS,0,,,,gx-no-cache=1727702292578 HTTP/1.1" 200 93
190.171.152.234 - - [30/Sep/2024:10:18:07 -0300] "GET /cormun/servlet/hpexe_return? HTTP/1.1" 200 1008
190.171.152.234 - - [30/Sep/2024:10:18:07 -0300] "GET /cormun/servlet/trpermisosgoce HTTP/1.1" 200 14375
190.171.152.234 - - [30/Sep/2024:10:18:39 -0300] "GET /cormun/servlet/permisogoce?INS,0,,, HTTP/1.1" 200 7176
190.171.152.234 - - [30/Sep/2024:10:18:45 -0300] "GET /cormun/servlet/permisogoce?d9a05513c869d5d01ec5658f22c4dc02cbbcfb1f5c589de6f451f22be8ee658776576480f817a2690f215e7add8f872168f409379cb7476549deb077c08983f6,gx-no-cache=1727702330497 HTTP/1.1" 200 83
190.171.152.234 - - [30/Sep/2024:10:18:49 -0300] "GET /cormun/static/menuarrow.gif HTTP/1.1" 404 1015
190.171.152.234 - - [30/Sep/2024:10:19:00 -0300] "GET /cormun/servlet/permisogoce?d9a05513c869d5d01ec5658f22c4dc0240f456bab06e07bf658d69cb44c866696a59dad6b344333fd95f809dc95fa5e30764a090937126d06964eeb43e822c62,gx-no-cache=1727702345622 HTTP/1.1" 200 48
190.171.152.234 - - [30/Sep/2024:10:19:03 -0300] "POST /cormun/servlet/permisogoce?f526a4dc85dd2f543bb9991cc8e22f3e,INS,0,,,,gx-no-cache=1727702348040 HTTP/1.1" 200 93
190.171.152.234 - - [30/Sep/2024:10:19:03 -0300] "GET /cormun/servlet/hpexe_return? HTTP/1.1" 200 1008
190.171.152.234 - - [30/Sep/2024:10:19:03 -0300] "GET /cormun/servlet/trpermisosgoce HTTP/1.1" 200 14602
190.171.143.106 - - [30/Sep/2024:10:19:37 -0300] "GET /cormun/servlet/hlogin HTTP/1.1" 200 1716
190.171.143.106 - - [30/Sep/2024:10:19:37 -0300] "GET /cormun/servlet/hlogin HTTP/1.1" 200 1726
190.171.143.106 - - [30/Sep/2024:10:19:40 -0300] "POST /cormun/servlet/hlogin?fcc48c57fde961764b42465597bd1234,gx-no-cache=1727702345602 HTTP/1.1" 200 90
190.171.143.106 - - [30/Sep/2024:10:19:40 -0300] "GET /cormun/servlet/hpexe_link HTTP/1.1" 200 947
190.171.143.106 - - [30/Sep/2024:10:19:40 -0300] "GET /cormun/servlet/hhome HTTP/1.1" 200 4267
190.171.143.106 - - [30/Sep/2024:10:19:43 -0300] "GET /cormun/servlet/trlicencias? HTTP/1.1" 200 12147
190.171.142.42 - - [30/Sep/2024:10:19:47 -0300] "GET /cormun/servlet/permisogoce?INS,0,,, HTTP/1.1" 200 6769
190.171.152.234 - - [30/Sep/2024:10:19:49 -0300] "GET /cormun/servlet/permisogoce?INS,0,,, HTTP/1.1" 200 7176
190.171.152.234 - - [30/Sep/2024:10:19:57 -0300] "GET /cormun/servlet/permisogoce?d9a05513c869d5d01ec5658f22c4dc02f095291d50dc98a9b345c1791f7c16bb76576480f817a2690f215e7add8f872168f409379cb7476549deb077c08983f6,gx-no-cache=1727702402825 HTTP/1.1" 200 77
190.171.142.42 - - [30/Sep/2024:10:20:11 -0300] "POST /cormun/servlet/permisogoce?289c30a1da8086602d50d26d34a15f09,INS,0,,,,gx-no-cache=1727702373565 HTTP/1.1" 200 4489
190.171.142.42 - - [30/Sep/2024:10:20:11 -0300] "GET /cormun/static/Shared/jqueryui/images/ui-bg_highlight-soft_100_c6c2c8_1x100.png HTTP/1.1" 404 1117
190.171.142.42 - - [30/Sep/2024:10:20:11 -0300] "GET /cormun/static/Shared/jqueryui/images/ui-bg_flat_55_994d53_40x100.png HTTP/1.1" 404 1097
190.171.142.42 - - [30/Sep/2024:10:20:11 -0300] "GET /cormun/static/Shared/jqueryui/images/ui-icons_82798d_256x240.png HTTP/1.1" 404 1089
190.171.142.42 - - [30/Sep/2024:10:20:11 -0300] "GET /cormun/static/Shared/jqueryui/images/ui-icons_ebccce_256x240.png HTTP/1.1" 404 1089
190.171.142.42 - - [30/Sep/2024:10:20:12 -0300] "GET /cormun/servlet/permisogoce?b6e14ca63543ddfbbb6fb1b92179080af6a4089432ae82ec1f05ee2673024d4ff0bc2b4372994f5eac34a998c69d97c237711335cb5314c33a28fa2c8a84803cee8d514592c6c2b4d0a366c36ebee01c852d8ae93b7f80aba9a0b3dd67a7231c07a982b07f565e0a7e05cb704de08427852d8ae93b7f80aba9a0b3dd67a7231c37711335cb5314c33a28fa2c8a84803c38203cda05a8c4d0134d227848ce1c5d27b8c59e307cecc29fc435cce7e91ad380e8437ff268fba2614e59e76a061e7ce13bcfb3de0b7ebab2029533b0783183,gx-no-cache=1727702375008 HTTP/1.1" 200 80
190.171.142.42 - - [30/Sep/2024:10:20:12 -0300] "GET /cormun/static/menuarrow.gif HTTP/1.1" 404 1015
190.171.142.42 - - [30/Sep/2024:10:20:18 -0300] "GET /cormun/servlet/permisogoce?b6e14ca63543ddfbbb6fb1b92179080a77b407e9a811e60718cc2cc8ccab9a7fb42c12fcbeecf316f012e61fe93c5da3b511fba9e13a6ced0d7d83e093423954,gx-no-cache=1727702381070 HTTP/1.1" 200 48
190.171.143.106 - - [30/Sep/2024:10:20:19 -0300] "POST /cormun/servlet/trlicencias?fcc48c57fde961764b42465597bd1234,,gx-no-cache=1727702384787 HTTP/1.1" 200 101
190.171.143.106 - - [30/Sep/2024:10:20:19 -0300] "POST /cormun/servlet/trlicencias?fcc48c57fde961764b42465597bd1234,,gx-no-cache=1727702384917 HTTP/1.1" 200 9623
190.171.143.106 - - [30/Sep/2024:10:20:19 -0300] "GET /cormun/Licencias-8091.xls HTTP/1.1" 200 9216
190.171.152.234 - - [30/Sep/2024:10:20:20 -0300] "GET /cormun/servlet/permisogoce?d9a05513c869d5d01ec5658f22c4dc022c7ab3c11bb79eb2327bed664d2a69f9d845758908849c0a0886855d9028816e0764a090937126d06964eeb43e822c62,gx-no-cache=1727702425591 HTTP/1.1" 200 48
190.171.142.42 - - [30/Sep/2024:10:20:22 -0300] "POST /cormun/servlet/permisogoce?289c30a1da8086602d50d26d34a15f09,INS,0,,,,gx-no-cache=1727702384828 HTTP/1.1" 200 93
190.171.142.42 - - [30/Sep/2024:10:20:22 -0300] "GET /cormun/servlet/hpexe_return? HTTP/1.1" 200 1006
190.171.142.42 - - [30/Sep/2024:10:20:23 -0300] "GET /cormun/servlet/trpermisosgoce? HTTP/1.1" 200 13683
190.171.143.106 - - [30/Sep/2024:10:20:28 -0300] "POST /cormun/servlet/trlicencias?fcc48c57fde961764b42465597bd1234,,gx-no-cache=1727702393642 HTTP/1.1" 200 100
190.171.143.106 - - [30/Sep/2024:10:20:28 -0300] "POST /cormun/servlet/trlicencias?fcc48c57fde961764b42465597bd1234,,gx-no-cache=1727702393750 HTTP/1.1" 200 9623
190.171.143.106 - - [30/Sep/2024:10:20:28 -0300] "GET /cormun/Licencias-994.xls HTTP/1.1" 200 9216
190.171.152.234 - - [30/Sep/2024:10:20:30 -0300] "POST /cormun/servlet/permisogoce?f526a4dc85dd2f543bb9991cc8e22f3e,INS,0,,,,gx-no-cache=1727702435264 HTTP/1.1" 200 93
190.171.152.234 - - [30/Sep/2024:10:20:30 -0300] "GET /cormun/servlet/hpexe_return? HTTP/1.1" 200 1008
190.171.152.234 - - [30/Sep/2024:10:20:30 -0300] "GET /cormun/servlet/trpermisosgoce HTTP/1.1" 200 14824
190.171.152.234 - - [30/Sep/2024:10:20:33 -0300] "GET /cormun/servlet/permisogoce?INS,0,,, HTTP/1.1" 200 7176
190.171.152.234 - - [30/Sep/2024:10:20:40 -0300] "GET /cormun/servlet/permisogoce?d9a05513c869d5d01ec5658f22c4dc02f67c84ab7f52424edbc579523928424f76576480f817a2690f215e7add8f872168f409379cb7476549deb077c08983f6,gx-no-cache=1727702445616 HTTP/1.1" 200 81
190.171.152.234 - - [30/Sep/2024:10:20:45 -0300] "GET /cormun/static/menuarrow.gif HTTP/1.1" 404 1015
190.171.143.106 - - [30/Sep/2024:10:20:52 -0300] "POST /cormun/servlet/trlicencias?fcc48c57fde961764b42465597bd1234,,gx-no-cache=1727702417714 HTTP/1.1" 200 100
190.171.143.106 - - [30/Sep/2024:10:20:52 -0300] "POST /cormun/servlet/trlicencias?fcc48c57fde961764b42465597bd1234,,gx-no-cache=1727702417846 HTTP/1.1" 200 9625
190.171.143.106 - - [30/Sep/2024:10:20:52 -0300] "GET /cormun/Licencias-164.xls HTTP/1.1" 200 9216
190.171.152.234 - - [30/Sep/2024:10:20:53 -0300] "GET /cormun/servlet/permisogoce?d9a05513c869d5d01ec5658f22c4dc023ab6eec4f3afc13322ec89645fea04caa26ee86125cc2e146e4130e1051acd5b0764a090937126d06964eeb43e822c62,gx-no-cache=1727702458231 HTTP/1.1" 200 48
190.171.152.234 - - [30/Sep/2024:10:20:55 -0300] "POST /cormun/servlet/permisogoce?f526a4dc85dd2f543bb9991cc8e22f3e,INS,0,,,,gx-no-cache=1727702460664 HTTP/1.1" 200 93
190.171.152.234 - - [30/Sep/2024:10:20:55 -0300] "GET /cormun/servlet/hpexe_return? HTTP/1.1" 200 1008
190.171.152.234 - - [30/Sep/2024:10:20:56 -0300] "GET /cormun/servlet/trpermisosgoce HTTP/1.1" 200 15012
190.171.152.234 - - [30/Sep/2024:10:21:30 -0300] "GET /cormun/servlet/permisogoce?INS,0,,, HTTP/1.1" 200 7176
190.171.152.234 - - [30/Sep/2024:10:21:41 -0300] "GET /cormun/servlet/permisogoce?d9a05513c869d5d01ec5658f22c4dc0213c43c3867d1db7518e88bb8d0ea25ff76576480f817a2690f215e7add8f872168f409379cb7476549deb077c08983f6,gx-no-cache=1727702506288 HTTP/1.1" 200 91
190.171.152.234 - - [30/Sep/2024:10:21:45 -0300] "GET /cormun/static/menuarrow.gif HTTP/1.1" 404 1015
190.171.152.234 - - [30/Sep/2024:10:22:15 -0300] "GET /cormun/servlet/permisogoce?d9a05513c869d5d01ec5658f22c4dc02146318593180d0e189ab9ab1ee053f80cfa4dc2ce5d7e83b776efce7a0aacc820764a090937126d06964eeb43e822c62,gx-no-cache=1727702540838 HTTP/1.1" 200 47
190.171.152.234 - - [30/Sep/2024:10:22:18 -0300] "POST /cormun/servlet/permisogoce?f526a4dc85dd2f543bb9991cc8e22f3e,INS,0,,,,gx-no-cache=1727702543610 HTTP/1.1" 200 93
190.171.152.234 - - [30/Sep/2024:10:22:18 -0300] "GET /cormun/servlet/hpexe_return? HTTP/1.1" 200 1008
190.171.152.234 - - [30/Sep/2024:10:22:19 -0300] "GET /cormun/servlet/trpermisosgoce HTTP/1.1" 200 15243
190.171.152.234 - - [30/Sep/2024:10:22:28 -0300] "GET /cormun/servlet/permisogoce?INS,0,,, HTTP/1.1" 200 7176
190.171.153.50 - - [30/Sep/2024:10:22:30 -0300] "GET /cormun/servlet/hlogin HTTP/1.1" 200 1729
190.171.153.50 - - [30/Sep/2024:10:22:31 -0300] "GET /cormun/servlet/hlogin HTTP/1.1" 200 1739
190.171.152.234 - - [30/Sep/2024:10:22:38 -0300] "GET /cormun/servlet/permisogoce?d9a05513c869d5d01ec5658f22c4dc0261d2a94171d3f5a3e8ccec5d1f26c30976576480f817a2690f215e7add8f872168f409379cb7476549deb077c08983f6,gx-no-cache=1727702563920 HTTP/1.1" 200 86
190.171.153.50 - - [30/Sep/2024:10:22:39 -0300] "POST /cormun/servlet/hlogin?89bdcac8b2c72d8a4825bc10a88fcf0f,gx-no-cache=1727702525696 HTTP/1.1" 200 90
190.171.153.50 - - [30/Sep/2024:10:22:39 -0300] "GET /cormun/servlet/hpexe_link HTTP/1.1" 200 957
190.171.153.50 - - [30/Sep/2024:10:22:39 -0300] "GET /cormun/servlet/hhome HTTP/1.1" 200 4190
190.171.153.50 - - [30/Sep/2024:10:22:42 -0300] "GET /cormun/servlet/trlicencias? HTTP/1.1" 200 10450
190.171.152.234 - - [30/Sep/2024:10:22:43 -0300] "GET /cormun/static/menuarrow.gif HTTP/1.1" 404 1015
190.171.152.234 - - [30/Sep/2024:10:22:49 -0300] "GET /cormun/servlet/permisogoce?d9a05513c869d5d01ec5658f22c4dc029cfb2344d7b9f91f408bcbeced45af01e1760241594d757e9e152d5be1b6a2850764a090937126d06964eeb43e822c62,gx-no-cache=1727702575110 HTTP/1.1" 200 49
190.171.152.234 - - [30/Sep/2024:10:22:52 -0300] "POST /cormun/servlet/permisogoce?f526a4dc85dd2f543bb9991cc8e22f3e,INS,0,,,,gx-no-cache=1727702577624 HTTP/1.1" 200 93
190.171.152.234 - - [30/Sep/2024:10:22:52 -0300] "GET /cormun/servlet/hpexe_return? HTTP/1.1" 200 1008
190.171.152.234 - - [30/Sep/2024:10:22:52 -0300] "GET /cormun/servlet/trpermisosgoce HTTP/1.1" 200 15417
190.95.15.15 - - [30/Sep/2024:10:23:11 -0300] "GET /cormun/servlet/trlicencias HTTP/1.1" 200 6044
190.95.15.15 - - [30/Sep/2024:10:23:11 -0300] "GET /cormun/servlet/hlogin HTTP/1.1" 200 1730
190.95.15.15 - - [30/Sep/2024:10:23:21 -0300] "POST /cormun/servlet/hlogin?836c7ccbd65c879bd90594a6ea0b636b,gx-no-cache=1727702565540 HTTP/1.1" 200 90
190.95.15.15 - - [30/Sep/2024:10:23:21 -0300] "GET /cormun/servlet/hpexe_link HTTP/1.1" 200 951
190.95.15.15 - - [30/Sep/2024:10:23:21 -0300] "GET /cormun/servlet/trlicencias HTTP/1.1" 200 11742
190.171.153.50 - - [30/Sep/2024:10:23:58 -0300] "GET /cormun/servlet/hlogin HTTP/1.1" 200 1743
190.171.152.234 - - [30/Sep/2024:10:24:04 -0300] "GET /cormun/servlet/permisogoce?INS,0,,, HTTP/1.1" 200 7176
190.171.152.234 - - [30/Sep/2024:10:24:26 -0300] "GET /cormun/servlet/permisogoce?d9a05513c869d5d01ec5658f22c4dc0261d2a94171d3f5a3e8ccec5d1f26c30976576480f817a2690f215e7add8f872168f409379cb7476549deb077c08983f6,gx-no-cache=1727702670272 HTTP/1.1" 200 86
190.171.152.234 - - [30/Sep/2024:10:24:32 -0300] "POST /cormun/servlet/permisogoce?f526a4dc85dd2f543bb9991cc8e22f3e,INS,0,,,,gx-no-cache=1727702677743 HTTP/1.1" 200 93
190.171.152.234 - - [30/Sep/2024:10:24:32 -0300] "GET /cormun/servlet/hpexe_return? HTTP/1.1" 200 1008
190.171.152.234 - - [30/Sep/2024:10:24:34 -0300] "GET /cormun/servlet/trpermisosgoce HTTP/1.1" 200 15417
190.171.152.234 - - [30/Sep/2024:10:24:53 -0300] "GET /cormun/servlet/permisogoce?INS,0,,, HTTP/1.1" 200 7176
190.171.152.234 - - [30/Sep/2024:10:25:01 -0300] "GET /cormun/servlet/permisogoce?d9a05513c869d5d01ec5658f22c4dc02cbbcfb1f5c589de6f451f22be8ee658776576480f817a2690f215e7add8f872168f409379cb7476549deb077c08983f6,gx-no-cache=1727702706368 HTTP/1.1" 200 86
190.171.152.234 - - [30/Sep/2024:10:25:03 -0300] "GET /cormun/static/menuarrow.gif HTTP/1.1" 404 1015
190.171.152.234 - - [30/Sep/2024:10:25:17 -0300] "GET /cormun/servlet/permisogoce?d9a05513c869d5d01ec5658f22c4dc0240f456bab06e07bf658d69cb44c86669f881dbb9c086221c757a8362a12e365d0764a090937126d06964eeb43e822c62,gx-no-cache=1727702722406 HTTP/1.1" 200 124
190.171.152.234 - - [30/Sep/2024:10:25:17 -0300] "GET /cormun/static/Shared/jqueryui/images/ui-bg_highlight-soft_100_c6c2c8_1x100.png HTTP/1.1" 404 1117
190.171.152.234 - - [30/Sep/2024:10:25:17 -0300] "GET /cormun/static/Shared/jqueryui/images/ui-bg_flat_55_994d53_40x100.png HTTP/1.1" 404 1097
190.171.152.234 - - [30/Sep/2024:10:25:17 -0300] "GET /cormun/static/Shared/jqueryui/images/ui-icons_82798d_256x240.png HTTP/1.1" 404 1089
190.171.152.234 - - [30/Sep/2024:10:25:17 -0300] "GET /cormun/static/Shared/jqueryui/images/ui-icons_ebccce_256x240.png HTTP/1.1" 404 1089
190.171.152.234 - - [30/Sep/2024:10:25:21 -0300] "GET /cormun/servlet/permisogoce?d9a05513c869d5d01ec5658f22c4dc0240f456bab06e07bf658d69cb44c86669f881dbb9c086221c757a8362a12e365d0764a090937126d06964eeb43e822c62,gx-no-cache=1727702726463 HTTP/1.1" 200 124
190.171.143.82 - - [30/Sep/2024:10:25:32 -0300] "GET /cormun/servlet/trpermisosgoce HTTP/1.1" 200 6037
190.171.152.114 - - [30/Sep/2024:10:25:33 -0300] "GET /cormun/servlet/trpermisosgoce? HTTP/1.1" 200 6035
190.171.152.114 - - [30/Sep/2024:10:25:33 -0300] "GET /cormun/servlet/hlogin HTTP/1.1" 200 1740
190.171.143.82 - - [30/Sep/2024:10:25:37 -0300] "GET /cormun/servlet/hlogin HTTP/1.1" 200 1740
190.171.152.234 - - [30/Sep/2024:10:25:37 -0300] "GET /cormun/servlet/permisogoce?d9a05513c869d5d01ec5658f22c4dc0240f456bab06e07bf658d69cb44c86669f881dbb9c086221c757a8362a12e365d30dae74043b6aa1c346c4e69d4b97b75,gx-no-cache=1727702743135 HTTP/1.1" 200 124
190.171.152.234 - - [30/Sep/2024:10:25:38 -0300] "POST /cormun/servlet/permisogoce?f526a4dc85dd2f543bb9991cc8e22f3e,INS,0,,,,gx-no-cache=1727702743152 HTTP/1.1" 200 4770
190.171.152.114 - - [30/Sep/2024:10:25:49 -0300] "POST /cormun/servlet/hlogin?b371682539b208ff10ea4aece393c244,gx-no-cache=1727702715137 HTTP/1.1" 200 90
190.171.152.114 - - [30/Sep/2024:10:25:49 -0300] "GET /cormun/servlet/hpexe_link HTTP/1.1" 200 957
190.171.152.114 - - [30/Sep/2024:10:25:49 -0300] "GET /cormun/servlet/trpermisosgoce HTTP/1.1" 200 13064
190.171.152.234 - - [30/Sep/2024:10:25:54 -0300] "POST /cormun/servlet/permisogoce?f526a4dc85dd2f543bb9991cc8e22f3e,INS,0,,,,gx-no-cache=1727702759975 HTTP/1.1" 200 93
190.171.152.234 - - [30/Sep/2024:10:25:54 -0300] "GET /cormun/servlet/hpexe_return? HTTP/1.1" 200 1008
190.171.152.234 - - [30/Sep/2024:10:25:54 -0300] "GET /cormun/servlet/trpermisosgoce HTTP/1.1" 200 15417
190.171.152.114 - - [30/Sep/2024:10:25:58 -0300] "GET /cormun/servlet/trlicencias? HTTP/1.1" 200 16053
190.171.152.234 - - [30/Sep/2024:10:26:03 -0300] "GET /cormun/static/menuarrow.gif HTTP/1.1" 404 1015
190.171.152.114 - - [30/Sep/2024:10:26:04 -0300] "GET /cormun/servlet/trpermisosgoce? HTTP/1.1" 200 13062
190.171.152.114 - - [30/Sep/2024:10:26:07 -0300] "GET /cormun/servlet/permisogoce?INS,0,,, HTTP/1.1" 200 7223
190.171.152.114 - - [30/Sep/2024:10:26:13 -0300] "GET /cormun/servlet/permisogoce?57d1ba4cf46ca69901252d0a849707eee5caa33da5264bd36dd2149874e26beb4e2e1230fc33f13a9428582dc17adc776dbfaab66b794b5d9c2b956a53dbff86,gx-no-cache=1727702739096 HTTP/1.1" 200 80
190.171.152.114 - - [30/Sep/2024:10:26:15 -0300] "GET /cormun/static/menuarrow.gif HTTP/1.1" 404 1015
190.171.152.234 - - [30/Sep/2024:10:26:21 -0300] "POST /cormun/servlet/trpermisosgoce?f526a4dc85dd2f543bb9991cc8e22f3e,gx-no-cache=1727702786610 HTTP/1.1" 200 6234
190.171.152.114 - - [30/Sep/2024:10:26:23 -0300] "GET /cormun/servlet/permisogoce?57d1ba4cf46ca69901252d0a849707ee7fd04b379fb2729a83913a47ce0d646850dd8852d92ec2e3ad6de1d0d4f899e9e9cf7f79c8737e72eb106e97fcc5b02c,gx-no-cache=1727702749257 HTTP/1.1" 200 46
190.171.152.114 - - [30/Sep/2024:10:26:25 -0300] "POST /cormun/servlet/permisogoce?b371682539b208ff10ea4aece393c244,INS,0,,,,gx-no-cache=1727702750804 HTTP/1.1" 200 93
190.171.152.114 - - [30/Sep/2024:10:26:25 -0300] "GET /cormun/servlet/hpexe_return? HTTP/1.1" 200 1011
190.171.152.114 - - [30/Sep/2024:10:26:25 -0300] "GET /cormun/servlet/trpermisosgoce HTTP/1.1" 200 13320
190.171.152.114 - - [30/Sep/2024:10:26:28 -0300] "GET /cormun/servlet/apermisogoceprn?15994276,P,20240930102542,PU HTTP/1.1" 200 1673
190.171.152.234 - - [30/Sep/2024:10:26:47 -0300] "POST /cormun/servlet/trpermisosgoce?f526a4dc85dd2f543bb9991cc8e22f3e,gx-no-cache=1727702812296 HTTP/1.1" 200 5540
190.171.152.234 - - [30/Sep/2024:10:26:58 -0300] "GET /cormun/servlet/permisogoce?INS,0,,, HTTP/1.1" 200 7175
190.171.152.234 - - [30/Sep/2024:10:27:06 -0300] "GET /cormun/servlet/permisogoce?d9a05513c869d5d01ec5658f22c4dc02ef695c06711c48367bde4ac07c9bb6bd76576480f817a2690f215e7add8f872168f409379cb7476549deb077c08983f6,gx-no-cache=1727702832040 HTTP/1.1" 200 77
190.171.152.234 - - [30/Sep/2024:10:27:06 -0300] "GET /cormun/static/menuarrow.gif HTTP/1.1" 404 1015
190.171.152.234 - - [30/Sep/2024:10:27:13 -0300] "GET /cormun/servlet/permisogoce?d9a05513c869d5d01ec5658f22c4dc02e4f6c41fca58aaa28e2fbf29427f60587070db78174294df9caca44bdc1462600764a090937126d06964eeb43e822c62,gx-no-cache=1727702839062 HTTP/1.1" 200 48
190.171.152.234 - - [30/Sep/2024:10:27:16 -0300] "POST /cormun/servlet/permisogoce?f526a4dc85dd2f543bb9991cc8e22f3e,INS,0,,,,gx-no-cache=1727702841376 HTTP/1.1" 200 93
190.171.152.234 - - [30/Sep/2024:10:27:16 -0300] "GET /cormun/servlet/hpexe_return? HTTP/1.1" 200 1030
190.171.152.234 - - [30/Sep/2024:10:27:16 -0300] "GET /cormun/servlet/trpermisosgoce?gx-no-cache=1727702812296 HTTP/1.1" 200 8571
190.171.152.234 - - [30/Sep/2024:10:27:31 -0300] "POST /cormun/servlet/trpermisosgoce?f526a4dc85dd2f543bb9991cc8e22f3e,gx-no-cache=1727702812296,gx-no-cache=1727702856273 HTTP/1.1" 200 5371
190.171.152.234 - - [30/Sep/2024:10:27:37 -0300] "GET /cormun/servlet/permisogoce?INS,0,,, HTTP/1.1" 200 7199
190.171.152.234 - - [30/Sep/2024:10:27:43 -0300] "GET /cormun/servlet/permisogoce?d9a05513c869d5d01ec5658f22c4dc02d4f7b4ae0132a0e070942171b3b1b6ad76576480f817a2690f215e7add8f872168f409379cb7476549deb077c08983f6,gx-no-cache=1727702868384 HTTP/1.1" 200 79
181.212.43.89 - - [30/Sep/2024:10:27:50 -0300] "GET /cormun/servlet/hlogin HTTP/1.1" 200 1716
181.212.43.89 - - [30/Sep/2024:10:27:52 -0300] "POST /cormun/servlet/hlogin?28badaeb465f40e803fba213cce31f95,gx-no-cache=1727702837395 HTTP/1.1" 200 90
