200.54.103.162 - - [26/Sep/2024:15:16:05 -0300] "GET /cormun/servlet/hhome HTTP/1.1" 200 3320
200.54.103.162 - - [26/Sep/2024:15:16:05 -0300] "GET /cormun/servlet/hlogin HTTP/1.1" 200 1728
200.54.103.162 - - [26/Sep/2024:15:16:08 -0300] "POST /cormun/servlet/hlogin?8524977e2f6786f594019ca6e8551f24,gx-no-cache=1727374540364 HTTP/1.1" 200 90
200.54.103.162 - - [26/Sep/2024:15:16:08 -0300] "GET /cormun/servlet/hpexe_link HTTP/1.1" 200 948
200.54.103.162 - - [26/Sep/2024:15:16:08 -0300] "GET /cormun/servlet/hhome HTTP/1.1" 200 4340
200.54.103.162 - - [26/Sep/2024:15:16:11 -0300] "GET /cormun/servlet/trlicencias? HTTP/1.1" 200 13176
201.186.225.191 - - [26/Sep/2024:15:19:57 -0300] "GET /cormun/servlet/hlogin HTTP/1.1" 200 1723
201.186.225.191 - - [26/Sep/2024:15:20:05 -0300] "POST /cormun/servlet/hlogin?873ae731919f55c0b4488955ba790865,gx-no-cache=1727374775248 HTTP/1.1" 200 90
201.186.225.191 - - [26/Sep/2024:15:20:05 -0300] "GET /cormun/servlet/hpexe_link HTTP/1.1" 200 951
201.186.225.191 - - [26/Sep/2024:15:20:05 -0300] "GET /cormun/servlet/hhome HTTP/1.1" 200 4182
201.186.225.191 - - [26/Sep/2024:15:20:07 -0300] "GET /cormun/servlet/trlicencias? HTTP/1.1" 200 9932
201.186.225.191 - - [26/Sep/2024:15:20:13 -0300] "GET /cormun/servlet/trpermisosgoce? HTTP/1.1" 200 7097
201.186.225.191 - - [26/Sep/2024:15:20:19 -0300] "GET /cormun/static/menuarrow.gif HTTP/1.1" 404 1015
201.186.225.191 - - [26/Sep/2024:15:20:26 -0300] "POST /cormun/servlet/trpermisosgoce?873ae731919f55c0b4488955ba790865,,gx-no-cache=1727374796513 HTTP/1.1" 200 15493
201.186.225.191 - - [26/Sep/2024:15:20:26 -0300] "GET /cormun/static/Resources/PXToolsGridNext.gif HTTP/1.1" 200 369
201.186.225.191 - - [26/Sep/2024:15:20:26 -0300] "GET /cormun/static/Resources/PXToolsGridLast.gif HTTP/1.1" 200 370
201.186.225.191 - - [26/Sep/2024:15:20:44 -0300] "POST /cormun/servlet/trpermisosgoce?873ae731919f55c0b4488955ba790865,,gx-no-cache=1727374814489 HTTP/1.1" 200 6122
201.186.225.191 - - [26/Sep/2024:15:22:39 -0300] "POST /cormun/servlet/trpermisosgoce?873ae731919f55c0b4488955ba790865,,gx-no-cache=1727374929440 HTTP/1.1" 200 5344
200.54.107.2 - - [26/Sep/2024:15:24:36 -0300] "GET /cormun/servlet/hlogin HTTP/1.1" 200 1721
181.212.40.185 - - [26/Sep/2024:15:24:38 -0300] "POST /cormun/servlet/trlicencias?a4fa2882b956d55706480bb5274fa0fd,gx-no-cache=1727375047708 HTTP/1.1" 440 972
181.212.40.185 - - [26/Sep/2024:15:24:40 -0300] "GET /cormun/servlet/trlicencias HTTP/1.1" 200 6046
181.212.40.185 - - [26/Sep/2024:15:24:40 -0300] "GET /cormun/servlet/hlogin HTTP/1.1" 200 1733
200.54.107.2 - - [26/Sep/2024:15:24:46 -0300] "POST /cormun/servlet/hlogin?8d1b3f6424b552de0309c447817da241,gx-no-cache=1727375056579 HTTP/1.1" 200 90
200.54.107.2 - - [26/Sep/2024:15:24:46 -0300] "GET /cormun/servlet/hpexe_link HTTP/1.1" 200 951
200.54.107.2 - - [26/Sep/2024:15:24:47 -0300] "GET /cormun/servlet/hhome HTTP/1.1" 200 4355
200.54.107.2 - - [26/Sep/2024:15:24:53 -0300] "GET /cormun/servlet/trlicencias? HTTP/1.1" 200 10559
181.212.40.185 - - [26/Sep/2024:15:25:01 -0300] "POST /cormun/servlet/hlogin?e917ec90f664bd7df3b784156e6ed831,gx-no-cache=1727375070771 HTTP/1.1" 200 90
181.212.40.185 - - [26/Sep/2024:15:25:01 -0300] "GET /cormun/servlet/hpexe_link HTTP/1.1" 200 951
181.212.40.185 - - [26/Sep/2024:15:25:01 -0300] "GET /cormun/servlet/trlicencias HTTP/1.1" 200 17377
40.83.135.138 - - [26/Sep/2024:15:26:09 -0300] "GET /manager/text/list HTTP/1.1" 401 2474
201.186.225.191 - - [26/Sep/2024:15:37:06 -0300] "GET /cormun/servlet/permisogoce?INS,0,,, HTTP/1.1" 200 7049
201.186.225.191 - - [26/Sep/2024:15:37:06 -0300] "GET /cormun/static/gxcfg.js?20201215124560 HTTP/1.1" 200 953
201.186.225.191 - - [26/Sep/2024:15:37:06 -0300] "GET /cormun/static/permisogoce.js?20201215124939 HTTP/1.1" 200 27790
52.167.144.203 - - [26/Sep/2024:15:40:04 -0300] "GET /cormun/servlet/hlogin HTTP/1.1" 200 1721
181.212.43.89 - - [26/Sep/2024:15:41:18 -0300] "GET /cormun/servlet/trlicencias? HTTP/1.1" 200 6051
181.212.43.89 - - [26/Sep/2024:15:41:18 -0300] "GET /cormun/servlet/hlogin HTTP/1.1" 200 1731
181.212.43.89 - - [26/Sep/2024:15:41:21 -0300] "POST /cormun/servlet/hlogin?d8487c0603d6116f2fa935effb35516a,gx-no-cache=1727376048655 HTTP/1.1" 200 90
181.212.43.89 - - [26/Sep/2024:15:41:21 -0300] "GET /cormun/servlet/hpexe_link HTTP/1.1" 200 952
181.212.43.89 - - [26/Sep/2024:15:41:21 -0300] "GET /cormun/servlet/trlicencias HTTP/1.1" 200 15504
190.171.149.82 - - [26/Sep/2024:15:41:57 -0300] "GET /cormun/servlet/hlogin HTTP/1.1" 200 1723
190.171.149.82 - - [26/Sep/2024:15:41:57 -0300] "GET /cormun/servlet/hlogin HTTP/1.1" 200 1733
190.171.149.82 - - [26/Sep/2024:15:41:58 -0300] "POST /cormun/servlet/hlogin?83849a60d6460d25d63aa0b38eafbc53,gx-no-cache=1727376088747 HTTP/1.1" 200 90
190.171.149.82 - - [26/Sep/2024:15:41:58 -0300] "GET /cormun/servlet/hpexe_link HTTP/1.1" 200 952
190.171.149.82 - - [26/Sep/2024:15:41:58 -0300] "GET /cormun/servlet/hhome HTTP/1.1" 200 3934
190.171.149.82 - - [26/Sep/2024:15:42:01 -0300] "GET /cormun/servlet/trlicencias? HTTP/1.1" 200 9626
181.212.43.89 - - [26/Sep/2024:15:42:09 -0300] "GET /cormun/servlet/trlicencias? HTTP/1.1" 200 15506
201.186.225.191 - - [26/Sep/2024:15:49:06 -0300] "GET /cormun/servlet/trcontratosolicitud? HTTP/1.1" 200 14675
201.186.225.191 - - [26/Sep/2024:15:49:06 -0300] "GET /cormun/static/gxcfg.js?202211298514361 HTTP/1.1" 200 953
201.186.225.191 - - [26/Sep/2024:15:49:06 -0300] "GET /cormun/static/trcontratosolicitud.js?202211298514531 HTTP/1.1" 200 28237
201.186.225.191 - - [26/Sep/2024:15:49:07 -0300] "GET /cormun//static/Resources/PXToolsGridNew.png HTTP/1.1" 200 427
201.186.225.191 - - [26/Sep/2024:15:50:31 -0300] "GET /cormun/servlet/permisogoce?c4ca9b23177fc0ef731a60fc7ca7ecd64a086f446a210c4cfcb3f198f7d002a51d5448a68b17abe422c80b69eeaaf3cecddf7bc3da3fd318700735d20c5d47d7,gx-no-cache=1727376601308 HTTP/1.1" 200 78
201.186.225.191 - - [26/Sep/2024:15:50:31 -0300] "GET /cormun/static/menuarrow.gif HTTP/1.1" 404 1015
201.186.225.191 - - [26/Sep/2024:15:50:37 -0300] "GET /cormun/servlet/permisogoce?c4ca9b23177fc0ef731a60fc7ca7ecd60b8ca38f008e2aca911c2a43bec14e1988e7c777443183a034e3175b3ac4202e57fd896d190fbfcc09a06d02bad9f8a5,gx-no-cache=1727376607921 HTTP/1.1" 200 47
201.186.225.191 - - [26/Sep/2024:15:50:39 -0300] "POST /cormun/servlet/permisogoce?873ae731919f55c0b4488955ba790865,INS,0,,,,gx-no-cache=1727376609316 HTTP/1.1" 200 93
201.186.225.191 - - [26/Sep/2024:15:50:39 -0300] "GET /cormun/servlet/hpexe_return? HTTP/1.1" 200 1007
201.186.225.191 - - [26/Sep/2024:15:50:39 -0300] "GET /cormun/static/gxcfg.js?20221129846035 HTTP/1.1" 200 953
201.186.225.191 - - [26/Sep/2024:15:50:39 -0300] "GET /cormun/static/hpexe_return.js?20221129846037 HTTP/1.1" 200 1633
201.186.225.191 - - [26/Sep/2024:15:50:39 -0300] "GET /cormun/servlet/permisogoce?INS,0,,, HTTP/1.1" 200 7052
201.186.225.191 - - [26/Sep/2024:15:50:48 -0300] "GET /cormun/servlet/trpermisosgoce? HTTP/1.1" 200 7981
201.186.225.191 - - [26/Sep/2024:15:50:59 -0300] "POST /cormun/servlet/trpermisosgoce?873ae731919f55c0b4488955ba790865,,gx-no-cache=1727376629372 HTTP/1.1" 200 15626
201.186.225.191 - - [26/Sep/2024:15:50:59 -0300] "GET /cormun//static/Resources/PXToolsGridUpdate.png HTTP/1.1" 200 470
201.186.225.191 - - [26/Sep/2024:15:51:09 -0300] "GET /cormun/servlet/trpermisosadjuntos?16495395,20240926153652,P, HTTP/1.1" 200 6494
201.186.225.191 - - [26/Sep/2024:15:51:09 -0300] "GET /cormun/static/gxcfg.js?2020121641683 HTTP/1.1" 200 953
201.186.225.191 - - [26/Sep/2024:15:51:09 -0300] "GET /cormun/static/trpermisosadjuntos.js?2020121642996 HTTP/1.1" 200 20158
201.186.225.191 - - [26/Sep/2024:15:51:11 -0300] "GET /cormun/servlet/permisosadjuntos?INS,16495395,P,20240926153652,, HTTP/1.1" 200 5821
201.186.225.191 - - [26/Sep/2024:15:51:11 -0300] "GET /cormun/static/gxcfg.js?20201215134212 HTTP/1.1" 200 953
201.186.225.191 - - [26/Sep/2024:15:51:11 -0300] "GET /cormun/static/permisosadjuntos.js?20201215134285 HTTP/1.1" 200 8724
201.186.225.191 - - [26/Sep/2024:15:51:11 -0300] "GET /cormun/static/about:blank HTTP/1.1" 404 1011
10.40.40.2 - - [26/Sep/2024:15:51:31 -0300] "GET /cormun/servlet/hlogin HTTP/1.1" 200 1724
10.40.40.2 - - [26/Sep/2024:15:51:32 -0300] "GET /cormun/servlet/hlogin HTTP/1.1" 200 1735
10.40.40.2 - - [26/Sep/2024:15:51:35 -0300] "POST /cormun/servlet/hlogin?bffe0d6275abc8c012e06c7d7f3f9206,gx-no-cache=1727376699705 HTTP/1.1" 200 90
10.40.40.2 - - [26/Sep/2024:15:51:35 -0300] "GET /cormun/servlet/hpexe_link HTTP/1.1" 200 953
10.40.40.2 - - [26/Sep/2024:15:51:36 -0300] "GET /cormun/servlet/hhome HTTP/1.1" 200 3823
181.212.43.89 - - [26/Sep/2024:15:51:37 -0300] "GET /cormun/static/menuarrow.gif HTTP/1.1" 404 1015
201.186.225.191 - - [26/Sep/2024:15:51:38 -0300] "POST /cormun/servlet/permisosadjuntos?873ae731919f55c0b4488955ba790865,INS,16495395,P,20240926153652,, HTTP/1.1" 200 116
201.186.225.191 - - [26/Sep/2024:15:51:38 -0300] "GET /cormun/servlet/hpexe_return? HTTP/1.1" 200 1039
201.186.225.191 - - [26/Sep/2024:15:51:38 -0300] "GET /cormun/servlet/trpermisosadjuntos?16495395,20240926153652,P, HTTP/1.1" 200 6972
10.40.40.2 - - [26/Sep/2024:15:51:39 -0300] "GET /cormun/servlet/trsolicitudgral? HTTP/1.1" 200 13191
201.186.225.191 - - [26/Sep/2024:15:51:42 -0300] "GET /cormun/servlet/trpermisosgoce? HTTP/1.1" 200 18243
181.212.43.89 - - [26/Sep/2024:15:51:56 -0300] "POST /cormun/servlet/trlicencias?d8487c0603d6116f2fa935effb35516a,,gx-no-cache=1727376682651 HTTP/1.1" 200 18195
181.212.43.89 - - [26/Sep/2024:15:52:01 -0300] "POST /cormun/servlet/trlicencias?d8487c0603d6116f2fa935effb35516a,,gx-no-cache=1727376687675 HTTP/1.1" 200 100
181.212.43.89 - - [26/Sep/2024:15:52:01 -0300] "GET /cormun/Licencias-288.xls HTTP/1.1" 200 57856
190.171.143.82 - - [26/Sep/2024:15:52:02 -0300] "GET /cormun/servlet/hhome HTTP/1.1" 200 3316
190.171.143.82 - - [26/Sep/2024:15:52:03 -0300] "GET /cormun/servlet/hlogin HTTP/1.1" 200 1726
190.171.143.82 - - [26/Sep/2024:15:52:06 -0300] "POST /cormun/servlet/hlogin?1e5d2a9a9a5c831235aea3fd0c10e603,gx-no-cache=1727376696570 HTTP/1.1" 200 90
190.171.143.82 - - [26/Sep/2024:15:52:06 -0300] "GET /cormun/servlet/hpexe_link HTTP/1.1" 200 945
190.171.143.82 - - [26/Sep/2024:15:52:06 -0300] "GET /cormun/servlet/hhome HTTP/1.1" 200 4257
190.171.143.82 - - [26/Sep/2024:15:52:19 -0300] "GET /cormun/servlet/trpermisosgoce? HTTP/1.1" 200 14863
190.171.143.82 - - [26/Sep/2024:15:52:40 -0300] "GET /cormun/servlet/permisogoce?INS,0,,, HTTP/1.1" 200 7149
190.171.143.82 - - [26/Sep/2024:15:52:58 -0300] "GET /cormun/servlet/trpermisosgoce? HTTP/1.1" 200 14855
201.186.225.191 - - [26/Sep/2024:15:55:11 -0300] "GET /cormun/servlet/trpermisosgoce? HTTP/1.1" 200 18243
201.186.225.191 - - [26/Sep/2024:15:55:14 -0300] "GET /cormun/servlet/permisogoce?INS,0,,, HTTP/1.1" 200 7049
10.40.40.2 - - [26/Sep/2024:15:56:08 -0300] "GET /cormun/servlet/trsolicitudgral? HTTP/1.1" 200 13188
10.40.40.2 - - [26/Sep/2024:15:56:13 -0300] "POST /cormun/servlet/trsolicitudgral?bffe0d6275abc8c012e06c7d7f3f9206,,gx-no-cache=1727376978346 HTTP/1.1" 200 5256
201.186.225.191 - - [26/Sep/2024:15:56:16 -0300] "GET /cormun/servlet/permisogoce?c4ca9b23177fc0ef731a60fc7ca7ecd6b1a2d4abd7b4858ab3c816d2162013231d5448a68b17abe422c80b69eeaaf3cecddf7bc3da3fd318700735d20c5d47d7,gx-no-cache=1727376947095 HTTP/1.1" 200 78
201.186.225.191 - - [26/Sep/2024:15:56:16 -0300] "GET /cormun/static/menuarrow.gif HTTP/1.1" 404 1015
10.40.40.2 - - [26/Sep/2024:15:56:22 -0300] "POST /cormun/servlet/trsolicitudgral?bffe0d6275abc8c012e06c7d7f3f9206,,gx-no-cache=1727376986671 HTTP/1.1" 200 6671
10.40.40.2 - - [26/Sep/2024:15:56:29 -0300] "GET /cormun/servlet/vesolicitudgral?2024,21724,, HTTP/1.1" 200 8392
10.40.40.2 - - [26/Sep/2024:15:56:29 -0300] "GET /cormun/pexe_scrolldiv.js HTTP/1.1" 404 1009
201.186.225.191 - - [26/Sep/2024:15:56:30 -0300] "GET /cormun/servlet/permisogoce?c4ca9b23177fc0ef731a60fc7ca7ecd65de80890283de28c7c2e56a35aaf5a4e89c27b316ed2ad56a41238a316cae2be57fd896d190fbfcc09a06d02bad9f8a5,gx-no-cache=1727376960574 HTTP/1.1" 200 47
201.186.225.191 - - [26/Sep/2024:15:56:33 -0300] "POST /cormun/servlet/permisogoce?873ae731919f55c0b4488955ba790865,INS,0,,,,gx-no-cache=1727376963279 HTTP/1.1" 200 93
201.186.225.191 - - [26/Sep/2024:15:56:33 -0300] "GET /cormun/servlet/hpexe_return? HTTP/1.1" 200 1010
201.186.225.191 - - [26/Sep/2024:15:56:33 -0300] "GET /cormun/servlet/trpermisosgoce HTTP/1.1" 200 18291
190.171.153.26 - - [26/Sep/2024:15:56:35 -0300] "GET /cormun/servlet/hlogin HTTP/1.1" 200 1720
190.171.153.26 - - [26/Sep/2024:15:56:35 -0300] "GET /cormun/servlet/hlogin HTTP/1.1" 200 1731
201.186.225.191 - - [26/Sep/2024:15:56:39 -0300] "GET /cormun/servlet/trpermisosadjuntos?14725476,20240926155500,P, HTTP/1.1" 200 6496
190.171.153.26 - - [26/Sep/2024:15:56:41 -0300] "POST /cormun/servlet/hlogin?f08ebfa1697e8cd84971ea5c704443f8,gx-no-cache=1727377014695 HTTP/1.1" 200 90
190.171.153.26 - - [26/Sep/2024:15:56:41 -0300] "GET /cormun/servlet/hpexe_link HTTP/1.1" 200 952
190.171.153.26 - - [26/Sep/2024:15:56:41 -0300] "GET /cormun/servlet/hhome HTTP/1.1" 200 3968
201.186.225.191 - - [26/Sep/2024:15:56:42 -0300] "GET /cormun/servlet/permisosadjuntos?INS,14725476,P,20240926155500,, HTTP/1.1" 200 5824
201.186.225.191 - - [26/Sep/2024:15:56:42 -0300] "GET /cormun/static/about:blank HTTP/1.1" 404 1011
190.171.153.26 - - [26/Sep/2024:15:56:48 -0300] "GET /cormun/servlet/trpermisosgoce? HTTP/1.1" 200 10612
201.186.225.191 - - [26/Sep/2024:15:56:53 -0300] "POST /cormun/servlet/permisosadjuntos?873ae731919f55c0b4488955ba790865,INS,14725476,P,20240926155500,, HTTP/1.1" 200 116
201.186.225.191 - - [26/Sep/2024:15:56:53 -0300] "GET /cormun/servlet/hpexe_return? HTTP/1.1" 200 1038
201.186.225.191 - - [26/Sep/2024:15:56:53 -0300] "GET /cormun/servlet/trpermisosadjuntos?14725476,20240926155500,P, HTTP/1.1" 200 6977
190.171.153.26 - - [26/Sep/2024:15:57:10 -0300] "GET /cormun/static/menuarrow.gif HTTP/1.1" 404 1015
190.171.153.26 - - [26/Sep/2024:15:57:16 -0300] "POST /cormun/servlet/trpermisosgoce?f08ebfa1697e8cd84971ea5c704443f8,,gx-no-cache=1727377050019 HTTP/1.1" 200 5039
190.171.153.26 - - [26/Sep/2024:15:57:19 -0300] "GET /cormun/servlet/permisogoce?INS,0,,, HTTP/1.1" 200 6834
190.171.153.26 - - [26/Sep/2024:15:57:32 -0300] "GET /cormun/servlet/permisogoce?5395efee743ab636abd4d43a1ec35e57dd141ef9eae8e09de4e73bdaadc61c58edb66f651f9c307b7d63a8102b2dceeb27b7eb8a13839e8b3e52cb559b2ea44f,gx-no-cache=1727377065854 HTTP/1.1" 200 86
201.186.225.191 - - [26/Sep/2024:15:57:32 -0300] "GET /cormun/servlet/trpermisosgoce? HTTP/1.1" 200 18299
201.186.225.191 - - [26/Sep/2024:15:57:39 -0300] "POST /cormun/servlet/trpermisosgoce?873ae731919f55c0b4488955ba790865,,gx-no-cache=1727377029259 HTTP/1.1" 200 15692
201.186.225.191 - - [26/Sep/2024:15:57:39 -0300] "GET /cormun/static/Shared/jqueryui/images/ui-bg_highlight-soft_100_c6c2c8_1x100.png HTTP/1.1" 404 1117
201.186.225.191 - - [26/Sep/2024:15:57:39 -0300] "GET /cormun/static/Shared/jqueryui/images/ui-icons_82798d_256x240.png HTTP/1.1" 404 1089
201.186.225.191 - - [26/Sep/2024:15:57:39 -0300] "GET /cormun/static/Shared/jqueryui/images/ui-bg_flat_55_fafafa_40x100.png HTTP/1.1" 404 1097
201.186.225.191 - - [26/Sep/2024:15:57:39 -0300] "GET /cormun/static/Shared/jqueryui/images/ui-icons_8d78a5_256x240.png HTTP/1.1" 404 1089
190.171.153.26 - - [26/Sep/2024:15:57:41 -0300] "GET /cormun/servlet/permisogoce?5395efee743ab636abd4d43a1ec35e57b6be840bc786494f2c3df8077deb22e64406f883d0afd42f6eeaac3016d37902323a92eafe38fb437c4e3710802f14bf,gx-no-cache=1727377075082 HTTP/1.1" 200 48
201.186.225.191 - - [26/Sep/2024:15:57:42 -0300] "POST /cormun/servlet/trpermisosgoce?873ae731919f55c0b4488955ba790865,,gx-no-cache=1727377031817 HTTP/1.1" 200 15595
190.171.153.26 - - [26/Sep/2024:15:57:44 -0300] "POST /cormun/servlet/permisogoce?f08ebfa1697e8cd84971ea5c704443f8,INS,0,,,,gx-no-cache=1727377077657 HTTP/1.1" 200 93
190.171.153.26 - - [26/Sep/2024:15:57:44 -0300] "GET /cormun/servlet/hpexe_return? HTTP/1.1" 200 1010
190.171.153.26 - - [26/Sep/2024:15:57:44 -0300] "GET /cormun/servlet/trpermisosgoce? HTTP/1.1" 200 8024
201.186.225.191 - - [26/Sep/2024:15:57:45 -0300] "GET /cormun/servlet/permisogoce?INS,0,,, HTTP/1.1" 200 7049
190.171.153.26 - - [26/Sep/2024:15:57:49 -0300] "GET /cormun/servlet/apermisogoceprn?8890041,P,20240926155705,PU HTTP/1.1" 200 1655
190.171.143.82 - - [26/Sep/2024:15:58:50 -0300] "GET /cormun/servlet/trpermisosadjuntos?16252974,20240926091922,P, HTTP/1.1" 200 6575
190.171.143.82 - - [26/Sep/2024:15:58:52 -0300] "GET /cormun/servlet/permisosadjuntos?INS,16252974,P,20240926091922,, HTTP/1.1" 200 5901
190.171.143.82 - - [26/Sep/2024:15:58:52 -0300] "GET /cormun/static/about:blank HTTP/1.1" 404 1011
201.186.225.191 - - [26/Sep/2024:15:58:57 -0300] "GET /cormun/servlet/permisogoce?c4ca9b23177fc0ef731a60fc7ca7ecd6a6f85ad8875d9f23480e8331e4d860301d5448a68b17abe422c80b69eeaaf3cecddf7bc3da3fd318700735d20c5d47d7,gx-no-cache=1727377107823 HTTP/1.1" 200 79
201.186.225.191 - - [26/Sep/2024:15:59:03 -0300] "GET /cormun/servlet/permisogoce?c4ca9b23177fc0ef731a60fc7ca7ecd6ff0950f2cc8ac1f413bd578715bd1ed0b1ad23dee581bde0549fa9f291b95b8557fd896d190fbfcc09a06d02bad9f8a5,gx-no-cache=1727377113973 HTTP/1.1" 200 47
190.171.143.82 - - [26/Sep/2024:15:59:04 -0300] "POST /cormun/servlet/permisosadjuntos?1e5d2a9a9a5c831235aea3fd0c10e603,INS,16252974,P,20240926091922,, HTTP/1.1" 200 116
190.171.143.82 - - [26/Sep/2024:15:59:04 -0300] "GET /cormun/servlet/hpexe_return? HTTP/1.1" 200 1032
190.171.143.82 - - [26/Sep/2024:15:59:04 -0300] "GET /cormun/servlet/trpermisosadjuntos?16252974,20240926091922,P, HTTP/1.1" 200 7087
201.186.225.191 - - [26/Sep/2024:15:59:06 -0300] "POST /cormun/servlet/permisogoce?873ae731919f55c0b4488955ba790865,INS,0,,,,gx-no-cache=1727377116135 HTTP/1.1" 200 93
201.186.225.191 - - [26/Sep/2024:15:59:06 -0300] "GET /cormun/servlet/hpexe_return? HTTP/1.1" 200 1010
201.186.225.191 - - [26/Sep/2024:15:59:06 -0300] "GET /cormun/servlet/trpermisosgoce? HTTP/1.1" 200 18265
190.171.143.82 - - [26/Sep/2024:15:59:07 -0300] "POST /cormun/servlet/trpermisosadjuntos?1e5d2a9a9a5c831235aea3fd0c10e603,16252974,20240926091922,P,,gx-no-cache=1727377117613 HTTP/1.1" 200 90
190.171.143.82 - - [26/Sep/2024:15:59:07 -0300] "GET /cormun/servlet/hpexe_link HTTP/1.1" 200 977
190.171.143.82 - - [26/Sep/2024:15:59:07 -0300] "GET /cormun/servlet/trpermisosgoce HTTP/1.1" 200 14844
190.171.143.82 - - [26/Sep/2024:15:59:10 -0300] "POST /cormun/servlet/trpermisosgoce?1e5d2a9a9a5c831235aea3fd0c10e603,gx-no-cache=1727377120175 HTTP/1.1" 200 12134
190.171.143.82 - - [26/Sep/2024:15:59:10 -0300] "GET /cormun/static/Shared/jqueryui/images/ui-bg_highlight-soft_100_c6c2c8_1x100.png HTTP/1.1" 404 1117
190.171.143.82 - - [26/Sep/2024:15:59:10 -0300] "GET /cormun/static/Shared/jqueryui/images/ui-bg_flat_55_fafafa_40x100.png HTTP/1.1" 404 1097
190.171.143.82 - - [26/Sep/2024:15:59:10 -0300] "GET /cormun/static/Shared/jqueryui/images/ui-icons_8d78a5_256x240.png HTTP/1.1" 404 1089
190.171.143.82 - - [26/Sep/2024:15:59:10 -0300] "GET /cormun/static/Shared/jqueryui/images/ui-icons_82798d_256x240.png HTTP/1.1" 404 1089
201.186.225.191 - - [26/Sep/2024:15:59:12 -0300] "GET /cormun/servlet/trpermisosadjuntos?16923734,20240926155731,P, HTTP/1.1" 200 6499
190.171.143.82 - - [26/Sep/2024:15:59:12 -0300] "GET /cormun/servlet/trpermisosadjuntos?18955083,20240924121746,P, HTTP/1.1" 200 6574
201.186.225.191 - - [26/Sep/2024:15:59:13 -0300] "GET /cormun/servlet/permisosadjuntos?INS,16923734,P,20240926155731,, HTTP/1.1" 200 5823
201.186.225.191 - - [26/Sep/2024:15:59:13 -0300] "GET /cormun/static/about:blank HTTP/1.1" 404 1011
190.171.143.82 - - [26/Sep/2024:15:59:14 -0300] "GET /cormun/servlet/permisosadjuntos?INS,18955083,P,20240924121746,, HTTP/1.1" 200 5905
190.171.143.82 - - [26/Sep/2024:15:59:14 -0300] "GET /cormun/static/about:blank HTTP/1.1" 404 1011
201.186.225.191 - - [26/Sep/2024:15:59:22 -0300] "POST /cormun/servlet/permisosadjuntos?873ae731919f55c0b4488955ba790865,INS,16923734,P,20240926155731,, HTTP/1.1" 200 116
201.186.225.191 - - [26/Sep/2024:15:59:22 -0300] "GET /cormun/servlet/hpexe_return? HTTP/1.1" 200 1039
201.186.225.191 - - [26/Sep/2024:15:59:22 -0300] "GET /cormun/servlet/trpermisosadjuntos?16923734,20240926155731,P, HTTP/1.1" 200 6979
190.171.143.82 - - [26/Sep/2024:15:59:27 -0300] "POST /cormun/servlet/permisosadjuntos?1e5d2a9a9a5c831235aea3fd0c10e603,INS,18955083,P,20240924121746,, HTTP/1.1" 200 116
190.171.143.82 - - [26/Sep/2024:15:59:27 -0300] "GET /cormun/servlet/hpexe_return? HTTP/1.1" 200 1031
190.171.143.82 - - [26/Sep/2024:15:59:27 -0300] "GET /cormun/servlet/trpermisosadjuntos?18955083,20240924121746,P, HTTP/1.1" 200 7093
190.171.143.82 - - [26/Sep/2024:15:59:30 -0300] "POST /cormun/servlet/trpermisosadjuntos?1e5d2a9a9a5c831235aea3fd0c10e603,18955083,20240924121746,P,,gx-no-cache=1727377140445 HTTP/1.1" 200 90
190.171.143.82 - - [26/Sep/2024:15:59:30 -0300] "GET /cormun/servlet/hpexe_link HTTP/1.1" 200 998
190.171.143.82 - - [26/Sep/2024:15:59:30 -0300] "GET /cormun/servlet/trpermisosgoce?gx-no-cache=1727377120175 HTTP/1.1" 200 14807
201.186.225.191 - - [26/Sep/2024:15:59:34 -0300] "GET /cormun/servlet/trpermisosgoce? HTTP/1.1" 200 18269
190.171.143.82 - - [26/Sep/2024:15:59:35 -0300] "POST /cormun/servlet/trpermisosgoce?1e5d2a9a9a5c831235aea3fd0c10e603,gx-no-cache=1727377120175,gx-no-cache=1727377145198 HTTP/1.1" 200 12121
190.171.143.82 - - [26/Sep/2024:15:59:37 -0300] "GET /cormun/servlet/trpermisosadjuntos?8814198,20240923085241,P, HTTP/1.1" 200 6605
190.171.143.82 - - [26/Sep/2024:15:59:39 -0300] "GET /cormun/servlet/permisosadjuntos?INS,8814198,P,20240923085241,, HTTP/1.1" 200 5910
190.171.143.82 - - [26/Sep/2024:15:59:39 -0300] "GET /cormun/static/about:blank HTTP/1.1" 404 1011
201.186.225.191 - - [26/Sep/2024:15:59:39 -0300] "POST /cormun/servlet/trpermisosgoce?873ae731919f55c0b4488955ba790865,,gx-no-cache=1727377149218 HTTP/1.1" 200 15628
201.186.225.191 - - [26/Sep/2024:15:59:45 -0300] "GET /cormun/servlet/trpermisosgoce? HTTP/1.1" 200 18220
190.171.143.82 - - [26/Sep/2024:15:59:47 -0300] "POST /cormun/servlet/permisosadjuntos?1e5d2a9a9a5c831235aea3fd0c10e603,INS,8814198,P,20240923085241,, HTTP/1.1" 200 116
190.171.143.82 - - [26/Sep/2024:15:59:47 -0300] "GET /cormun/servlet/hpexe_return? HTTP/1.1" 200 1029
190.171.143.82 - - [26/Sep/2024:15:59:47 -0300] "GET /cormun/servlet/trpermisosadjuntos?8814198,20240923085241,P, HTTP/1.1" 200 7104
201.186.225.191 - - [26/Sep/2024:15:59:50 -0300] "GET /cormun/servlet/permisogoce?INS,0,,, HTTP/1.1" 200 7049
190.171.143.82 - - [26/Sep/2024:15:59:52 -0300] "POST /cormun/servlet/trpermisosadjuntos?1e5d2a9a9a5c831235aea3fd0c10e603,8814198,20240923085241,P,,gx-no-cache=1727377163165 HTTP/1.1" 200 90
190.171.143.82 - - [26/Sep/2024:15:59:52 -0300] "GET /cormun/servlet/hpexe_link HTTP/1.1" 200 997
190.171.143.82 - - [26/Sep/2024:15:59:53 -0300] "GET /cormun/servlet/trpermisosgoce?gx-no-cache=1727377120175 HTTP/1.1" 200 14800
190.171.143.82 - - [26/Sep/2024:15:59:57 -0300] "POST /cormun/servlet/trpermisosgoce?1e5d2a9a9a5c831235aea3fd0c10e603,gx-no-cache=1727377120175,gx-no-cache=1727377167974 HTTP/1.1" 200 12088
201.186.225.191 - - [26/Sep/2024:16:00:00 -0300] "GET /cormun/servlet/permisogoce?c4ca9b23177fc0ef731a60fc7ca7ecd61a22186570fa9c3a66a28a1b1f6693401d5448a68b17abe422c80b69eeaaf3cecddf7bc3da3fd318700735d20c5d47d7,gx-no-cache=1727377170593 HTTP/1.1" 200 81
201.186.225.191 - - [26/Sep/2024:16:00:08 -0300] "GET /cormun/servlet/permisogoce?c4ca9b23177fc0ef731a60fc7ca7ecd6d566e3eeff1c12f28f051d06456e38462046a10b70952b3f9d7be253630f0e9c57fd896d190fbfcc09a06d02bad9f8a5,gx-no-cache=1727377178446 HTTP/1.1" 200 48
201.186.225.191 - - [26/Sep/2024:16:00:10 -0300] "POST /cormun/servlet/permisogoce?873ae731919f55c0b4488955ba790865,INS,0,,,,gx-no-cache=1727377180006 HTTP/1.1" 200 93
201.186.225.191 - - [26/Sep/2024:16:00:10 -0300] "GET /cormun/servlet/hpexe_return? HTTP/1.1" 200 1010
201.186.225.191 - - [26/Sep/2024:16:00:10 -0300] "GET /cormun/servlet/trpermisosgoce HTTP/1.1" 200 18309
190.171.143.82 - - [26/Sep/2024:16:00:11 -0300] "GET /cormun/servlet/trautorizarpermisogoce? HTTP/1.1" 200 8481
190.171.143.82 - - [26/Sep/2024:16:00:14 -0300] "POST /cormun/servlet/trautorizarpermisogoce?1e5d2a9a9a5c831235aea3fd0c10e603,,gx-no-cache=1727377184271 HTTP/1.1" 200 5571
190.171.143.82 - - [26/Sep/2024:16:00:14 -0300] "POST /cormun/servlet/trautorizarpermisogoce?1e5d2a9a9a5c831235aea3fd0c10e603,,gx-no-cache=1727377185028 HTTP/1.1" 200 5296
190.171.143.82 - - [26/Sep/2024:16:00:15 -0300] "POST /cormun/servlet/trautorizarpermisogoce?1e5d2a9a9a5c831235aea3fd0c10e603,,gx-no-cache=1727377185740 HTTP/1.1" 200 4534
190.171.143.82 - - [26/Sep/2024:16:00:21 -0300] "GET /cormun/servlet/trpermisosgoce? HTTP/1.1" 200 14736
201.186.225.191 - - [26/Sep/2024:16:00:51 -0300] "GET /cormun/servlet/trpermisosadjuntos?13581561,20240926155936,P, HTTP/1.1" 200 6495
201.186.225.191 - - [26/Sep/2024:16:00:52 -0300] "GET /cormun/servlet/permisosadjuntos?INS,13581561,P,20240926155936,, HTTP/1.1" 200 5820
201.186.225.191 - - [26/Sep/2024:16:00:53 -0300] "GET /cormun/static/about:blank HTTP/1.1" 404 1011
201.186.225.191 - - [26/Sep/2024:16:01:05 -0300] "POST /cormun/servlet/permisosadjuntos?873ae731919f55c0b4488955ba790865,INS,13581561,P,20240926155936,, HTTP/1.1" 200 116
201.186.225.191 - - [26/Sep/2024:16:01:05 -0300] "GET /cormun/servlet/hpexe_return? HTTP/1.1" 200 1038
201.186.225.191 - - [26/Sep/2024:16:01:05 -0300] "GET /cormun/servlet/trpermisosadjuntos?13581561,20240926155936,P, HTTP/1.1" 200 6979
201.186.225.191 - - [26/Sep/2024:16:01:11 -0300] "GET /cormun/servlet/trpermisosgoce? HTTP/1.1" 200 18305
201.186.225.191 - - [26/Sep/2024:16:01:15 -0300] "POST /cormun/servlet/trpermisosgoce?873ae731919f55c0b4488955ba790865,,gx-no-cache=1727377245044 HTTP/1.1" 200 15613
201.186.225.191 - - [26/Sep/2024:16:01:22 -0300] "GET /cormun/servlet/permisogoce?INS,0,,, HTTP/1.1" 200 7049
201.186.225.191 - - [26/Sep/2024:16:01:40 -0300] "POST /cormun/servlet/trcontratosolicitud?873ae731919f55c0b4488955ba790865,,gx-no-cache=1727377270111 HTTP/1.1" 200 12583
201.186.225.191 - - [26/Sep/2024:16:01:41 -0300] "POST /cormun/servlet/trcontratosolicitud?873ae731919f55c0b4488955ba790865,,gx-no-cache=1727377271275 HTTP/1.1" 200 6675
201.186.225.191 - - [26/Sep/2024:16:01:41 -0300] "GET /cormun/static/Resources/PXToolsGridFirst.gif HTTP/1.1" 200 379
201.186.225.191 - - [26/Sep/2024:16:01:41 -0300] "GET /cormun/static/Resources/PXToolsGridPrevious.gif HTTP/1.1" 200 369
201.186.225.191 - - [26/Sep/2024:16:02:00 -0300] "GET /cormun/servlet/permisogoce?c4ca9b23177fc0ef731a60fc7ca7ecd63a0b725e987b69619c18e585f5648f001d5448a68b17abe422c80b69eeaaf3cecddf7bc3da3fd318700735d20c5d47d7,gx-no-cache=1727377290483 HTTP/1.1" 200 82
201.186.225.191 - - [26/Sep/2024:16:02:06 -0300] "GET /cormun/servlet/permisogoce?c4ca9b23177fc0ef731a60fc7ca7ecd63d3d51479a312bde8f87a6d9f0796450cd98822cb894d262fee5eedaa296642457fd896d190fbfcc09a06d02bad9f8a5,gx-no-cache=1727377296655 HTTP/1.1" 200 46
201.186.225.191 - - [26/Sep/2024:16:02:09 -0300] "POST /cormun/servlet/permisogoce?873ae731919f55c0b4488955ba790865,INS,0,,,,gx-no-cache=1727377298755 HTTP/1.1" 200 93
201.186.225.191 - - [26/Sep/2024:16:02:09 -0300] "GET /cormun/servlet/hpexe_return? HTTP/1.1" 200 1007
201.186.225.191 - - [26/Sep/2024:16:02:09 -0300] "GET /cormun/servlet/permisogoce?INS,0,,, HTTP/1.1" 200 7052
201.186.225.191 - - [26/Sep/2024:16:02:12 -0300] "GET /cormun/servlet/trpermisosgoce? HTTP/1.1" 200 18306
201.186.225.191 - - [26/Sep/2024:16:02:16 -0300] "GET /cormun/servlet/trpermisosadjuntos?20369502,20240926160109,P, HTTP/1.1" 200 6501
201.186.225.191 - - [26/Sep/2024:16:02:18 -0300] "GET /cormun/servlet/permisosadjuntos?INS,20369502,P,20240926160109,, HTTP/1.1" 200 5829
201.186.225.191 - - [26/Sep/2024:16:02:18 -0300] "GET /cormun/static/about:blank HTTP/1.1" 404 1011
201.186.225.191 - - [26/Sep/2024:16:02:25 -0300] "POST /cormun/servlet/permisosadjuntos?873ae731919f55c0b4488955ba790865,INS,20369502,P,20240926160109,, HTTP/1.1" 200 116
201.186.225.191 - - [26/Sep/2024:16:02:25 -0300] "GET /cormun/servlet/hpexe_return? HTTP/1.1" 200 1037
201.186.225.191 - - [26/Sep/2024:16:02:25 -0300] "GET /cormun/servlet/trpermisosadjuntos?20369502,20240926160109,P, HTTP/1.1" 200 7000
201.186.225.191 - - [26/Sep/2024:16:02:34 -0300] "GET /cormun/servlet/trpermisosgoce? HTTP/1.1" 200 18315
201.186.225.191 - - [26/Sep/2024:16:02:38 -0300] "POST /cormun/servlet/trpermisosgoce?873ae731919f55c0b4488955ba790865,,gx-no-cache=1727377327933 HTTP/1.1" 200 15643
190.171.143.82 - - [26/Sep/2024:16:02:39 -0300] "GET /cormun/servlet/permisogoce?INS,0,,, HTTP/1.1" 200 7149
201.186.225.191 - - [26/Sep/2024:16:03:01 -0300] "POST /cormun/servlet/trcontratosolicitud?873ae731919f55c0b4488955ba790865,,gx-no-cache=1727377352033 HTTP/1.1" 200 12579
190.171.143.82 - - [26/Sep/2024:16:03:03 -0300] "GET /cormun/servlet/permisogoce?96a48de280364862161ff911ec0371c66d0d097a3eb1c8e7f0b305d51c25d5d0dc5ddf608b986846b795a433103ebc3a0e22cef5ed40fe56533b710d6b2c60c9,gx-no-cache=1727377353311 HTTP/1.1" 200 89
190.171.143.82 - - [26/Sep/2024:16:03:09 -0300] "GET /cormun/servlet/permisogoce?96a48de280364862161ff911ec0371c67b0559378aed2502c7262a98acb003d3ca458e9882e1ad0dc3e9bcff11f81ef33a744bd21762aa5c0f3e36b4fa63f296,gx-no-cache=1727377360221 HTTP/1.1" 200 49
190.171.143.82 - - [26/Sep/2024:16:03:13 -0300] "POST /cormun/servlet/permisogoce?1e5d2a9a9a5c831235aea3fd0c10e603,INS,0,,,,gx-no-cache=1727377363230 HTTP/1.1" 200 93
190.171.143.82 - - [26/Sep/2024:16:03:13 -0300] "GET /cormun/servlet/hpexe_return? HTTP/1.1" 200 1002
190.171.143.82 - - [26/Sep/2024:16:03:13 -0300] "GET /cormun/servlet/trpermisosgoce HTTP/1.1" 200 15014
190.171.143.82 - - [26/Sep/2024:16:03:27 -0300] "GET /cormun/servlet/apermisogoceprn?9623778,P,20240926160225,PU HTTP/1.1" 200 1670
201.186.225.191 - - [26/Sep/2024:16:04:57 -0300] "GET /cormun/servlet/permisogoce?INS,0,,, HTTP/1.1" 200 7050
201.186.225.191 - - [26/Sep/2024:16:05:04 -0300] "GET /cormun/servlet/permisogoce?c4ca9b23177fc0ef731a60fc7ca7ecd6aaff7a42299bd7010288ffd4382c048d1d5448a68b17abe422c80b69eeaaf3cecddf7bc3da3fd318700735d20c5d47d7,gx-no-cache=1727377474212 HTTP/1.1" 200 85
201.186.225.191 - - [26/Sep/2024:16:05:12 -0300] "GET /cormun/servlet/permisogoce?c4ca9b23177fc0ef731a60fc7ca7ecd651f8801fd1d137b40a33ed58dd22093e04da536441a46a42b2d184e6a661d1f257fd896d190fbfcc09a06d02bad9f8a5,gx-no-cache=1727377482842 HTTP/1.1" 200 47
201.186.225.191 - - [26/Sep/2024:16:05:20 -0300] "POST /cormun/servlet/permisogoce?873ae731919f55c0b4488955ba790865,INS,0,,,,gx-no-cache=1727377490274 HTTP/1.1" 200 93
201.186.225.191 - - [26/Sep/2024:16:05:20 -0300] "GET /cormun/servlet/hpexe_return? HTTP/1.1" 200 1016
201.186.225.191 - - [26/Sep/2024:16:05:20 -0300] "GET /cormun/servlet/trcontratosolicitud? HTTP/1.1" 200 14673
190.95.15.15 - - [26/Sep/2024:16:05:29 -0300] "GET /cormun/servlet/trpermisosgoce? HTTP/1.1" 200 6032
190.95.15.15 - - [26/Sep/2024:16:05:29 -0300] "GET /cormun/servlet/hlogin HTTP/1.1" 200 1740
190.95.15.15 - - [26/Sep/2024:16:05:36 -0300] "POST /cormun/servlet/hlogin?328c62d06e075c818feab67fe04cc003,gx-no-cache=1727377505585 HTTP/1.1" 200 90
190.95.15.15 - - [26/Sep/2024:16:05:36 -0300] "GET /cormun/servlet/hpexe_link HTTP/1.1" 200 956
190.95.15.15 - - [26/Sep/2024:16:05:36 -0300] "GET /cormun/servlet/trpermisosgoce HTTP/1.1" 200 11132
201.186.225.191 - - [26/Sep/2024:16:05:38 -0300] "GET /cormun/servlet/trpermisosgoce? HTTP/1.1" 200 18314
190.95.15.15 - - [26/Sep/2024:16:05:39 -0300] "GET /cormun/servlet/permisogoce?INS,0,,, HTTP/1.1" 200 6842
201.186.225.191 - - [26/Sep/2024:16:05:43 -0300] "GET /cormun/servlet/trpermisosadjuntos?20659975,20240926160443,P, HTTP/1.1" 200 6501
201.186.225.191 - - [26/Sep/2024:16:05:44 -0300] "GET /cormun/servlet/permisosadjuntos?INS,20659975,P,20240926160443,, HTTP/1.1" 200 5826
201.186.225.191 - - [26/Sep/2024:16:05:44 -0300] "GET /cormun/static/about:blank HTTP/1.1" 404 1011
190.95.15.15 - - [26/Sep/2024:16:05:47 -0300] "GET /cormun/servlet/permisogoce?3628a92be7ef5e3ed6f32c50b9839a4d159f8a54950d93c1f463fb309a2f2ae8e7ba0df362020ebeba9762a8b8fa981837ba23151c5b5c98347c6b55f85431c5,gx-no-cache=1727377517099 HTTP/1.1" 200 78
190.95.15.15 - - [26/Sep/2024:16:05:47 -0300] "GET /cormun/static/menuarrow.gif HTTP/1.1" 404 1015
190.95.15.15 - - [26/Sep/2024:16:05:53 -0300] "GET /cormun/servlet/permisogoce?3628a92be7ef5e3ed6f32c50b9839a4dcab6727fb30ecf0c953b41829339bd8289ed6a45ee5dad4a91fc2478529baf5ad00fb6487579c7649f51cc4268816c5c,gx-no-cache=1727377523083 HTTP/1.1" 200 47
190.95.15.15 - - [26/Sep/2024:16:05:55 -0300] "POST /cormun/servlet/permisogoce?328c62d06e075c818feab67fe04cc003,INS,0,,,,gx-no-cache=1727377524521 HTTP/1.1" 200 93
190.95.15.15 - - [26/Sep/2024:16:05:55 -0300] "GET /cormun/servlet/hpexe_return? HTTP/1.1" 200 1008
190.95.15.15 - - [26/Sep/2024:16:05:55 -0300] "GET /cormun/servlet/trpermisosgoce HTTP/1.1" 200 11453
201.186.225.191 - - [26/Sep/2024:16:05:56 -0300] "POST /cormun/servlet/permisosadjuntos?873ae731919f55c0b4488955ba790865,INS,20659975,P,20240926160443,, HTTP/1.1" 200 116
201.186.225.191 - - [26/Sep/2024:16:05:56 -0300] "GET /cormun/servlet/hpexe_return? HTTP/1.1" 200 1038
201.186.225.191 - - [26/Sep/2024:16:05:56 -0300] "GET /cormun/servlet/trpermisosadjuntos?20659975,20240926160443,P, HTTP/1.1" 200 7001
190.95.15.15 - - [26/Sep/2024:16:05:58 -0300] "GET /cormun/servlet/apermisogoceprn?16090696,P,20240926160526,PU HTTP/1.1" 200 1658
201.186.225.191 - - [26/Sep/2024:16:06:08 -0300] "GET /cormun/servlet/trpermisosgoce? HTTP/1.1" 200 18326
201.186.225.191 - - [26/Sep/2024:16:06:12 -0300] "POST /cormun/servlet/trpermisosgoce?873ae731919f55c0b4488955ba790865,,gx-no-cache=1727377542173 HTTP/1.1" 200 15663
201.186.225.191 - - [26/Sep/2024:16:06:15 -0300] "GET /cormun/servlet/permisogoce?INS,0,,, HTTP/1.1" 200 7048
201.186.225.191 - - [26/Sep/2024:16:06:23 -0300] "GET /cormun/servlet/permisogoce?c4ca9b23177fc0ef731a60fc7ca7ecd6fa204ddab3b5ac3db385322bca25eb891d5448a68b17abe422c80b69eeaaf3cecddf7bc3da3fd318700735d20c5d47d7,gx-no-cache=1727377553770 HTTP/1.1" 200 84
201.186.225.191 - - [26/Sep/2024:16:06:28 -0300] "GET /cormun/servlet/permisogoce?c4ca9b23177fc0ef731a60fc7ca7ecd64af10a1982f0a755caf5027f7a3d6e3a9ca180c15320ec8454ed3c20d8c524e557fd896d190fbfcc09a06d02bad9f8a5,gx-no-cache=1727377559119 HTTP/1.1" 200 48
201.186.225.191 - - [26/Sep/2024:16:06:30 -0300] "POST /cormun/servlet/permisogoce?873ae731919f55c0b4488955ba790865,INS,0,,,,gx-no-cache=1727377560585 HTTP/1.1" 200 93
201.186.225.191 - - [26/Sep/2024:16:06:30 -0300] "GET /cormun/servlet/hpexe_return? HTTP/1.1" 200 1010
201.186.225.191 - - [26/Sep/2024:16:06:31 -0300] "GET /cormun/servlet/trpermisosgoce? HTTP/1.1" 200 18326
201.186.225.191 - - [26/Sep/2024:16:06:34 -0300] "GET /cormun/servlet/trpermisosadjuntos?19360400,20240926160601,P, HTTP/1.1" 200 6501
201.186.225.191 - - [26/Sep/2024:16:06:36 -0300] "GET /cormun/servlet/permisosadjuntos?INS,19360400,P,20240926160601,, HTTP/1.1" 200 5825
201.186.225.191 - - [26/Sep/2024:16:06:36 -0300] "GET /cormun/static/about:blank HTTP/1.1" 404 1011
201.186.225.191 - - [26/Sep/2024:16:06:50 -0300] "POST /cormun/servlet/permisosadjuntos?873ae731919f55c0b4488955ba790865,INS,19360400,P,20240926160601,, HTTP/1.1" 200 116
201.186.225.191 - - [26/Sep/2024:16:06:50 -0300] "GET /cormun/servlet/hpexe_return? HTTP/1.1" 200 1038
201.186.225.191 - - [26/Sep/2024:16:06:50 -0300] "GET /cormun/servlet/trpermisosadjuntos?19360400,20240926160601,P, HTTP/1.1" 200 6976
201.186.225.191 - - [26/Sep/2024:16:06:59 -0300] "GET /cormun/servlet/trpermisosgoce? HTTP/1.1" 200 18335
201.186.225.191 - - [26/Sep/2024:16:07:02 -0300] "POST /cormun/servlet/trpermisosgoce?873ae731919f55c0b4488955ba790865,,gx-no-cache=1727377592649 HTTP/1.1" 200 15651
201.186.225.191 - - [26/Sep/2024:16:07:06 -0300] "GET /cormun/servlet/permisogoce?INS,0,,, HTTP/1.1" 200 7049
201.186.225.191 - - [26/Sep/2024:16:07:16 -0300] "GET /cormun/servlet/permisogoce?c4ca9b23177fc0ef731a60fc7ca7ecd6d8dee18842f18eb9a10b01397cf6e9451d5448a68b17abe422c80b69eeaaf3cecddf7bc3da3fd318700735d20c5d47d7,gx-no-cache=1727377607162 HTTP/1.1" 200 85
201.186.225.191 - - [26/Sep/2024:16:07:24 -0300] "GET /cormun/servlet/permisogoce?c4ca9b23177fc0ef731a60fc7ca7ecd67e0736a65630b9e6725d498689a8802d9bc591dd6daf11f62c1b52caa88f2e0c57fd896d190fbfcc09a06d02bad9f8a5,gx-no-cache=1727377614729 HTTP/1.1" 200 45
201.186.225.191 - - [26/Sep/2024:16:07:26 -0300] "POST /cormun/servlet/permisogoce?873ae731919f55c0b4488955ba790865,INS,0,,,,gx-no-cache=1727377616645 HTTP/1.1" 200 93
201.186.225.191 - - [26/Sep/2024:16:07:26 -0300] "GET /cormun/servlet/hpexe_return? HTTP/1.1" 200 1010
201.186.225.191 - - [26/Sep/2024:16:07:27 -0300] "GET /cormun/servlet/trpermisosgoce? HTTP/1.1" 200 18310
201.186.225.191 - - [26/Sep/2024:16:07:31 -0300] "GET /cormun/servlet/trpermisosadjuntos?21438226,20240926160653,P, HTTP/1.1" 200 6508
201.186.225.191 - - [26/Sep/2024:16:07:32 -0300] "GET /cormun/servlet/permisosadjuntos?INS,21438226,P,20240926160653,, HTTP/1.1" 200 5831
201.186.225.191 - - [26/Sep/2024:16:07:32 -0300] "GET /cormun/static/about:blank HTTP/1.1" 404 1011
201.186.225.191 - - [26/Sep/2024:16:07:51 -0300] "POST /cormun/servlet/permisosadjuntos?873ae731919f55c0b4488955ba790865,INS,21438226,P,20240926160653,, HTTP/1.1" 200 116
201.186.225.191 - - [26/Sep/2024:16:07:51 -0300] "GET /cormun/servlet/hpexe_return? HTTP/1.1" 200 1037
201.186.225.191 - - [26/Sep/2024:16:07:51 -0300] "GET /cormun/servlet/trpermisosadjuntos?21438226,20240926160653,P, HTTP/1.1" 200 6999
201.186.225.191 - - [26/Sep/2024:16:07:55 -0300] "GET /cormun/servlet/trpermisosgoce? HTTP/1.1" 200 18314
201.186.225.191 - - [26/Sep/2024:16:07:58 -0300] "POST /cormun/servlet/trpermisosgoce?873ae731919f55c0b4488955ba790865,,gx-no-cache=1727377647890 HTTP/1.1" 200 15639
201.186.225.191 - - [26/Sep/2024:16:08:00 -0300] "GET /cormun/servlet/permisogoce?INS,0,,, HTTP/1.1" 200 7049
201.186.225.191 - - [26/Sep/2024:16:08:08 -0300] "GET /cormun/servlet/permisogoce?c4ca9b23177fc0ef731a60fc7ca7ecd6b640e3118e578c87069c7f391ff17b4f1d5448a68b17abe422c80b69eeaaf3cecddf7bc3da3fd318700735d20c5d47d7,gx-no-cache=1727377658590 HTTP/1.1" 200 81
201.186.225.191 - - [26/Sep/2024:16:08:14 -0300] "GET /cormun/servlet/permisogoce?c4ca9b23177fc0ef731a60fc7ca7ecd623c3aaa5d6a7d4437493a1067d0486a704bc61a0ba9d389b34d4ba5e4f60518f57fd896d190fbfcc09a06d02bad9f8a5,gx-no-cache=1727377664538 HTTP/1.1" 200 47
190.171.149.74 - - [26/Sep/2024:16:08:15 -0300] "GET /cormun/servlet/trlicencias? HTTP/1.1" 200 6053
190.171.149.74 - - [26/Sep/2024:16:08:15 -0300] "GET /cormun/servlet/hlogin HTTP/1.1" 200 1744
201.186.225.191 - - [26/Sep/2024:16:08:16 -0300] "POST /cormun/servlet/permisogoce?873ae731919f55c0b4488955ba790865,INS,0,,,,gx-no-cache=1727377666622 HTTP/1.1" 200 93
201.186.225.191 - - [26/Sep/2024:16:08:16 -0300] "GET /cormun/servlet/hpexe_return? HTTP/1.1" 200 1010
201.186.225.191 - - [26/Sep/2024:16:08:17 -0300] "GET /cormun/servlet/trpermisosgoce? HTTP/1.1" 200 18313
190.171.149.74 - - [26/Sep/2024:16:08:20 -0300] "POST /cormun/servlet/hlogin?5dc96072abec9f06d3181e2c9b875b67,gx-no-cache=1727377667330 HTTP/1.1" 200 90
190.171.149.74 - - [26/Sep/2024:16:08:20 -0300] "GET /cormun/servlet/hpexe_link HTTP/1.1" 200 960
190.171.149.74 - - [26/Sep/2024:16:08:20 -0300] "GET /cormun/servlet/trlicencias HTTP/1.1" 200 13474
201.186.225.191 - - [26/Sep/2024:16:08:22 -0300] "GET /cormun/servlet/trpermisosadjuntos?13250827,20240926160746,P, HTTP/1.1" 200 6493
201.186.225.191 - - [26/Sep/2024:16:08:23 -0300] "GET /cormun/servlet/permisosadjuntos?INS,13250827,P,20240926160746,, HTTP/1.1" 200 5821
201.186.225.191 - - [26/Sep/2024:16:08:24 -0300] "GET /cormun/static/about:blank HTTP/1.1" 404 1011
201.186.225.191 - - [26/Sep/2024:16:08:38 -0300] "POST /cormun/servlet/permisosadjuntos?873ae731919f55c0b4488955ba790865,INS,13250827,P,20240926160746,, HTTP/1.1" 200 116
201.186.225.191 - - [26/Sep/2024:16:08:38 -0300] "GET /cormun/servlet/hpexe_return? HTTP/1.1" 200 1039
201.186.225.191 - - [26/Sep/2024:16:08:38 -0300] "GET /cormun/servlet/trpermisosadjuntos?13250827,20240926160746,P, HTTP/1.1" 200 6969
201.186.225.191 - - [26/Sep/2024:16:08:43 -0300] "GET /cormun/servlet/trpermisosgoce? HTTP/1.1" 200 18321
201.186.225.191 - - [26/Sep/2024:16:08:47 -0300] "POST /cormun/servlet/trpermisosgoce?873ae731919f55c0b4488955ba790865,,gx-no-cache=1727377697096 HTTP/1.1" 200 15668
201.186.225.191 - - [26/Sep/2024:16:08:51 -0300] "GET /cormun/servlet/trautorizarpermisogoce? HTTP/1.1" 200 9620
201.186.225.191 - - [26/Sep/2024:16:08:51 -0300] "GET /cormun/static/gxcfg.js?2020121645532 HTTP/1.1" 200 953
201.186.225.191 - - [26/Sep/2024:16:08:51 -0300] "GET /cormun/static/trautorizarpermisogoce.js?2020121651492 HTTP/1.1" 200 34948
201.186.225.191 - - [26/Sep/2024:16:08:56 -0300] "POST /cormun/servlet/trautorizarpermisogoce?873ae731919f55c0b4488955ba790865,,gx-no-cache=1727377706342 HTTP/1.1" 200 6840
201.186.225.191 - - [26/Sep/2024:16:08:57 -0300] "POST /cormun/servlet/trautorizarpermisogoce?873ae731919f55c0b4488955ba790865,,gx-no-cache=1727377707150 HTTP/1.1" 200 6625
201.186.225.191 - - [26/Sep/2024:16:08:57 -0300] "POST /cormun/servlet/trautorizarpermisogoce?873ae731919f55c0b4488955ba790865,,gx-no-cache=1727377707917 HTTP/1.1" 200 6414
201.186.225.191 - - [26/Sep/2024:16:08:58 -0300] "POST /cormun/servlet/trautorizarpermisogoce?873ae731919f55c0b4488955ba790865,,gx-no-cache=1727377708676 HTTP/1.1" 200 6200
201.186.225.191 - - [26/Sep/2024:16:08:59 -0300] "POST /cormun/servlet/trautorizarpermisogoce?873ae731919f55c0b4488955ba790865,,gx-no-cache=1727377709366 HTTP/1.1" 200 5979
201.186.225.191 - - [26/Sep/2024:16:09:00 -0300] "POST /cormun/servlet/trautorizarpermisogoce?873ae731919f55c0b4488955ba790865,,gx-no-cache=1727377710013 HTTP/1.1" 200 5762
201.186.225.191 - - [26/Sep/2024:16:09:00 -0300] "POST /cormun/servlet/trautorizarpermisogoce?873ae731919f55c0b4488955ba790865,,gx-no-cache=1727377710708 HTTP/1.1" 200 5544
201.186.225.191 - - [26/Sep/2024:16:09:01 -0300] "POST /cormun/servlet/trautorizarpermisogoce?873ae731919f55c0b4488955ba790865,,gx-no-cache=1727377711372 HTTP/1.1" 200 5282
201.186.225.191 - - [26/Sep/2024:16:09:01 -0300] "POST /cormun/servlet/trautorizarpermisogoce?873ae731919f55c0b4488955ba790865,,gx-no-cache=1727377712036 HTTP/1.1" 200 4522
201.186.225.191 - - [26/Sep/2024:16:09:13 -0300] "GET /cormun/servlet/hlogin HTTP/1.1" 200 1745
201.186.225.191 - - [26/Sep/2024:16:12:26 -0300] "POST /cormun/servlet/hlogin?873ae731919f55c0b4488955ba790865,gx-no-cache=1727377916788 HTTP/1.1" 200 90
201.186.225.191 - - [26/Sep/2024:16:12:26 -0300] "GET /cormun/servlet/hpexe_link HTTP/1.1" 200 964
201.186.225.191 - - [26/Sep/2024:16:12:26 -0300] "GET /cormun/servlet/trautorizarpermisogoce? HTTP/1.1" 200 6998
201.186.225.191 - - [26/Sep/2024:16:12:30 -0300] "GET /cormun/servlet/trpermisosgoce? HTTP/1.1" 200 18270
201.186.225.191 - - [26/Sep/2024:16:12:43 -0300] "POST /cormun/servlet/trpermisosgoce?873ae731919f55c0b4488955ba790865,,gx-no-cache=1727377934071 HTTP/1.1" 200 5567
201.186.225.191 - - [26/Sep/2024:16:12:46 -0300] "GET /cormun/servlet/hlogin HTTP/1.1" 200 1740
181.212.42.153 - - [26/Sep/2024:16:13:43 -0300] "GET /cormun/servlet/trsolicitudot? HTTP/1.1" 200 6326
181.212.42.153 - - [26/Sep/2024:16:13:43 -0300] "GET /cormun/servlet/hlogin HTTP/1.1" 200 1738
181.212.42.153 - - [26/Sep/2024:16:14:31 -0300] "POST /cormun/servlet/hlogin?e43f40a60174e43b7e003eb33a81b590,gx-no-cache=1727378042722 HTTP/1.1" 200 90
181.212.42.153 - - [26/Sep/2024:16:14:31 -0300] "GET /cormun/servlet/hpexe_link HTTP/1.1" 200 956
181.212.42.153 - - [26/Sep/2024:16:14:31 -0300] "GET /cormun/servlet/trsolicitudot HTTP/1.1" 200 7007
181.212.42.153 - - [26/Sep/2024:16:14:35 -0300] "GET /cormun/servlet/trsolicitudot? HTTP/1.1" 200 7006
181.212.42.153 - - [26/Sep/2024:16:15:54 -0300] "GET /cormun/servlet/solicitudot?INS,0,0,false, HTTP/1.1" 200 15954
190.171.142.42 - - [26/Sep/2024:16:16:01 -0300] "POST /cormun/servlet/hlogin?c0de5803524e8db6a752ecd9015e6010,gx-no-cache=1727378125686 HTTP/1.1" 440 972
190.171.142.42 - - [26/Sep/2024:16:16:05 -0300] "GET /cormun/servlet/hlogin HTTP/1.1" 200 1733
190.171.142.42 - - [26/Sep/2024:16:16:20 -0300] "POST /cormun/servlet/hlogin?d9a0992120dea4036fab2dd045591a54,gx-no-cache=1727378149328 HTTP/1.1" 200 90
190.171.142.42 - - [26/Sep/2024:16:16:20 -0300] "GET /cormun/servlet/hpexe_link HTTP/1.1" 200 954
190.171.142.42 - - [26/Sep/2024:16:16:20 -0300] "GET /cormun/servlet/hhome HTTP/1.1" 200 3918
181.212.42.153 - - [26/Sep/2024:16:16:47 -0300] "POST /cormun/servlet/solicitudot?gx-no-cache=1727378178082 HTTP/1.1" 200 4030
181.212.42.153 - - [26/Sep/2024:16:16:47 -0300] "POST /cormun/servlet/solicitudot?e43f40a60174e43b7e003eb33a81b590,INS,0,0,false,,gx-no-cache=1727378178197 HTTP/1.1" 200 12605
181.212.42.153 - - [26/Sep/2024:16:16:48 -0300] "GET /cormun/servlet/solicitudot?142d4206224386ab479c7a8464bb324b8593d880f61125a9d14670ac3a9cabe07a84459495e4bba03b8637e1869feba8,gx-no-cache=1727378179892 HTTP/1.1" 200 30
181.212.42.153 - - [26/Sep/2024:16:17:59 -0300] "GET /cormun/servlet/prbanco?,MD,,gxPopupLevel%3D0%3B HTTP/1.1" 200 6596
181.212.42.153 - - [26/Sep/2024:16:17:59 -0300] "GET /cormun/static/gxcfg.js?20201216131581 HTTP/1.1" 200 953
181.212.42.153 - - [26/Sep/2024:16:17:59 -0300] "GET /cormun/static/prbanco.js?20201216132311 HTTP/1.1" 200 10693
181.212.42.153 - - [26/Sep/2024:16:18:02 -0300] "GET /cormun/servlet/solicitudot?142d4206224386ab479c7a8464bb324b105e4485efa0f05c3ff00bcd0e6f9f26a4077e7f98861de623d77dd48fb56be1ddab6aab3d2ad3b499c05850b7cd2d85,gx-no-cache=1727378253189 HTTP/1.1" 200 30
181.212.42.153 - - [26/Sep/2024:16:18:03 -0300] "GET /cormun/servlet/solicitudot?142d4206224386ab479c7a8464bb324bf8e5871ced43511189517de1eaf99a70,gx-no-cache=1727378254278 HTTP/1.1" 200 53
10.40.40.2 - - [26/Sep/2024:16:18:06 -0300] "GET /cormun/servlet/trsolicitudgral? HTTP/1.1" 200 9729
181.212.42.153 - - [26/Sep/2024:16:18:10 -0300] "POST /cormun/servlet/solicitudot?gx-no-cache=1727378261769 HTTP/1.1" 200 240
181.212.42.153 - - [26/Sep/2024:16:18:14 -0300] "GET /cormun/servlet/solicitudot?142d4206224386ab479c7a8464bb324bf1c67cf2ac768e78f2300691a0332dee9bf8e527cd82ec8f8271bf01060e39ca2258dec161024a0d6ae682a3b57bf41a72b997d60a8736379f0a55f50cdb2553dd1c2cb7e5ba3b4b6e33fb1525809aa1973fc42cfd53d2500d83b1fd4d1ab3901bde436e851d450d6050b6966e79b9270a059835ffe78cb063f9a917e1caa7c049a2536893a72931a3125414eaab107c35c317d49497558e580466e8cb6e144c74ab3fd6da010232cf66c4c5c10d1f54e9a820e79e7efd18571fdc7adabde565d7688cc44bf873a837a9e5be091cf7d696e944a794690594f4a90e2c8989712159c9a99cb87544ec222d3ca42d53f468f37d7c86d355a63b557fa7cdfe17fe10c1e9473b6e552d83c4c50cd24ecf1f256f959ac701d6895fe5f4ce661da938d95d99d861a4bd49ee9cd96f302a94b3439ee34872a384ecb0fc7a6df707ab3d7f565ccb12c676db3470f351e782a574df53d4f4a91d7a783805584b8dd2a9f41abe8757b5ca62d5ad42c86bd622a7adc3,gx-no-cache=1727378265242 HTTP/1.1" 200 30
181.212.42.153 - - [26/Sep/2024:16:18:17 -0300] "POST /cormun/servlet/solicitudot?gx-no-cache=1727378268421 HTTP/1.1" 200 30
181.212.42.153 - - [26/Sep/2024:16:18:30 -0300] "GET /cormun/servlet/prfichaempleado?,MD,,gxPopupLevel%3D0%3B HTTP/1.1" 200 9265
181.212.42.153 - - [26/Sep/2024:16:18:30 -0300] "GET /cormun/static/gxcfg.js?20201215571085 HTTP/1.1" 200 953
181.212.42.153 - - [26/Sep/2024:16:18:30 -0300] "GET /cormun/static/prfichaempleado.js?20201215572193 HTTP/1.1" 200 16005
181.212.42.153 - - [26/Sep/2024:16:18:42 -0300] "POST /cormun/servlet/solicitudot?gx-no-cache=1727378293894 HTTP/1.1" 200 1481
181.212.42.153 - - [26/Sep/2024:16:18:44 -0300] "GET /cormun/servlet/prlicenciaspermisos?10621414,L,,MD,,gxPopupLevel%3D0%3B HTTP/1.1" 200 5537
181.212.42.153 - - [26/Sep/2024:16:18:44 -0300] "GET /cormun/static/gxcfg.js?2020121559567 HTTP/1.1" 200 953
181.212.42.153 - - [26/Sep/2024:16:18:44 -0300] "GET /cormun/static/prlicenciaspermisos.js?2020121559821 HTTP/1.1" 200 13379
181.212.42.153 - - [26/Sep/2024:16:18:58 -0300] "POST /cormun/servlet/solicitudot?gx-no-cache=1727378309296 HTTP/1.1" 200 41
190.171.143.82 - - [26/Sep/2024:16:19:00 -0300] "GET /cormun/servlet/permisogoce?INS,0,,, HTTP/1.1" 200 7150
190.171.142.42 - - [26/Sep/2024:16:19:01 -0300] "GET /cormun/servlet/trlicencias? HTTP/1.1" 200 13231
190.171.142.42 - - [26/Sep/2024:16:19:04 -0300] "GET /cormun/static/menuarrow.gif HTTP/1.1" 404 1015
190.171.143.82 - - [26/Sep/2024:16:19:09 -0300] "GET /cormun/servlet/permisogoce?96a48de280364862161ff911ec0371c6277c7c94aa9a7d0c3e9361389d66fee71fa5cc979840bfc1b301115b8896494b222be9767bb95982c715382994c78deb,gx-no-cache=1727378319944 HTTP/1.1" 200 82
190.171.143.82 - - [26/Sep/2024:16:19:15 -0300] "GET /cormun/servlet/permisogoce?96a48de280364862161ff911ec0371c638c63a1e4bdb2f7a5815ba5af78983a14b599970b428037b151fee1cb047bf3e523e178393f19226dcb92a29754d8439,gx-no-cache=1727378326160 HTTP/1.1" 200 49
190.171.143.82 - - [26/Sep/2024:16:19:17 -0300] "POST /cormun/servlet/permisogoce?1e5d2a9a9a5c831235aea3fd0c10e603,INS,0,,,,gx-no-cache=1727378327716 HTTP/1.1" 200 93
190.171.143.82 - - [26/Sep/2024:16:19:17 -0300] "GET /cormun/servlet/hpexe_return? HTTP/1.1" 200 1002
190.171.143.82 - - [26/Sep/2024:16:19:18 -0300] "GET /cormun/servlet/trpermisosgoce HTTP/1.1" 200 15244
190.171.143.82 - - [26/Sep/2024:16:19:24 -0300] "GET /cormun/servlet/apermisogoceprn?20442017,P,20240926161847,PU HTTP/1.1" 200 1661
181.212.43.89 - - [26/Sep/2024:16:19:24 -0300] "GET /cormun/servlet/trautorizarpermisogoce? HTTP/1.1" 200 12821
181.212.43.89 - - [26/Sep/2024:16:19:24 -0300] "GET /cormun/static/gxcfg.js?2020121645532 HTTP/1.1" 200 953
181.212.43.89 - - [26/Sep/2024:16:19:24 -0300] "GET /cormun/static/trautorizarpermisogoce.js?2020121651492 HTTP/1.1" 200 34948
181.212.43.89 - - [26/Sep/2024:16:19:32 -0300] "POST /cormun/servlet/trautorizarpermisogoce?d8487c0603d6116f2fa935effb35516a,,gx-no-cache=1727378338883 HTTP/1.1" 200 9881
