190.171.152.114 - - [24/Sep/2024:15:21:45 -0300] "GET /cormun/servlet/solicitudot?UPD,2024,21769,false, HTTP/1.1" 200 16905
190.171.152.114 - - [24/Sep/2024:15:21:46 -0300] "POST /cormun/servlet/solicitudot?gx-no-cache=1727202080648 HTTP/1.1" 200 4100
190.171.152.114 - - [24/Sep/2024:15:21:46 -0300] "POST /cormun/servlet/solicitudot?a69e007cc2eed522a8f1fd7552f34c01,UPD,2024,21769,false,,gx-no-cache=1727202080745 HTTP/1.1" 200 13035
190.171.152.114 - - [24/Sep/2024:15:21:46 -0300] "GET /cormun/servlet/solicitudot?0406eb5e4895d50b2445f2e1ad0e142dc3dabd2cb775747097b6dfcc2f813689de7f31a374b88aac3f35544d2185f505,gx-no-cache=1727202080864 HTTP/1.1" 200 30
190.171.152.114 - - [24/Sep/2024:15:21:46 -0300] "GET /cormun/servlet/solicitudot?0406eb5e4895d50b2445f2e1ad0e142d93253c3d0f95f62e7e2d24b147c17f163aeaf406df2ba097eba6f5d16d6c2f84197f26943fb6b1595487cc52eed5ea4a,gx-no-cache=1727202080882 HTTP/1.1" 200 30
190.171.152.114 - - [24/Sep/2024:15:21:46 -0300] "GET /cormun/servlet/solicitudot?0406eb5e4895d50b2445f2e1ad0e142d4c0bb5d9c92210545013b4e069a1cb02562710f009f16d17254fe247bc719b99,gx-no-cache=1727202080896 HTTP/1.1" 200 45
190.171.152.114 - - [24/Sep/2024:15:21:46 -0300] "POST /cormun/servlet/solicitudot?gx-no-cache=1727202080911 HTTP/1.1" 200 254
190.171.152.114 - - [24/Sep/2024:15:21:46 -0300] "GET /cormun/servlet/solicitudot?0406eb5e4895d50b2445f2e1ad0e142d3c17292829c3d2741a7d9cab36b1b97ead11ce933a22a3a7f25b74cb24bf41df1b25ec12f4e4c674a15b5511972bbcfc4f333928064beba3b7e9f23470f525cf64c05fed0c1dc7ea529bb2082a9a6f2f15db6cbcfb2444b1cdd25072d63d8682369b38dcb76de44e3ceeaa0d0038683211c48b576761107fb153c9edecfd1283fa56846eaed0d3e4a00ff2dea3544d3dc5883ace68dd7a8d48ff7d58c1e0789f13dfc667234022b13273cffba81e2cf067c2fa1722cbb7ffdfc7dda5b41c9a5cc474c668f6193081958a508a98cc31ec64be926e3670edcf7fbbcd168e3ea9352f410493249ef51f50d84c05c6a448707496ff231b168720bf026933d90c66f213ddf828a027672ed461769a0272bfb0f791da307af0d17099d3059353ad49cfbecc18f1050875fb587228cc914ea22140f4cd7dc7266b6f795be0d147da2fb420ebea11723c1e74dbac444cc32bd1b14127f5352fad667e1b63cd73802521b8772dfcdee4e7fcbbab89cff7e1cca443,gx-no-cache=1727202080935 HTTP/1.1" 200 30
190.171.152.114 - - [24/Sep/2024:15:21:46 -0300] "POST /cormun/servlet/solicitudot?gx-no-cache=1727202080956 HTTP/1.1" 200 30
190.171.152.114 - - [24/Sep/2024:15:21:46 -0300] "POST /cormun/servlet/solicitudot?gx-no-cache=1727202080991 HTTP/1.1" 200 1482
190.171.152.114 - - [24/Sep/2024:15:21:46 -0300] "POST /cormun/servlet/solicitudot?gx-no-cache=1727202081029 HTTP/1.1" 200 41
190.171.152.114 - - [24/Sep/2024:15:21:48 -0300] "GET /cormun/servlet/solicitudot?0406eb5e4895d50b2445f2e1ad0e142da111a5484c48e6d460909afdbb091b52ae030d17e702309b53cdd1274dd75e642c014092f30a62a8a95cf5d5a8e1d6d5bf400d0c5e0ad8a951df7456a1f504c18b5e7f380d127a27c2f63351fa92de0d08edd3a18b18048a6e630fc69238c581,gx-no-cache=1727202082454 HTTP/1.1" 200 110
190.171.152.114 - - [24/Sep/2024:15:21:48 -0300] "POST /cormun/servlet/solicitudot?gx-no-cache=1727202082480 HTTP/1.1" 200 97
190.171.152.114 - - [24/Sep/2024:15:21:48 -0300] "GET /cormun/servlet/solicitudot?0406eb5e4895d50b2445f2e1ad0e142d2bee33c6ac47671a3dd2fb8b83f53967c1138afa7d6ec36e8bd4abb0f6c23077636b36a69a276cb6ba7e7f84b2f5352ff7fd5d5c235016df1b7962b9e2fdf5386e1e4bdd6050404096ea72f71fe1a4536452db1b5911b130d4a6c38fdf6689c649a5b5d99425fefc3a1e353630059e855f77fae4a9079c5459eb5744881b45172433dd33b91ff0a55a9ed7acb743778d,gx-no-cache=1727202082505 HTTP/1.1" 200 29
190.171.152.114 - - [24/Sep/2024:15:21:48 -0300] "GET /cormun/servlet/solicitudot?0406eb5e4895d50b2445f2e1ad0e142db73fbc263601a14d36d6e29e3b1c4cfba3d7dd578e5edb3b85483feaf3c809ae,gx-no-cache=1727202082524 HTTP/1.1" 200 30
190.171.152.114 - - [24/Sep/2024:15:21:48 -0300] "POST /cormun/servlet/solicitudot?gx-no-cache=1727202082546 HTTP/1.1" 200 30
10.40.40.2 - - [24/Sep/2024:15:21:50 -0300] "GET /cormun/PublicTempStorage/cv_-_aguilera_galvez_nathaly_gisselle3333871.pdf HTTP/1.1" 200 79212
201.186.225.191 - - [24/Sep/2024:15:21:53 -0300] "POST /cormun/servlet/trpermisosgoce?1164bb2f0a6bf25ac66accaa9fc1f764,,gx-no-cache=1727202086292 HTTP/1.1" 200 4495
190.171.152.114 - - [24/Sep/2024:15:22:12 -0300] "POST /cormun/servlet/solicitudot?a69e007cc2eed522a8f1fd7552f34c01,UPD,2024,21769,false,,gx-no-cache=1727202107139 HTTP/1.1" 200 93
190.171.152.114 - - [24/Sep/2024:15:22:13 -0300] "GET /cormun/servlet/hpexe_return? HTTP/1.1" 200 1007
190.171.152.114 - - [24/Sep/2024:15:22:13 -0300] "GET /cormun/servlet/trsolicitudot HTTP/1.1" 200 8813
10.40.40.2 - - [24/Sep/2024:15:22:35 -0300] "GET /cormun/servlet/vesolicitudgral?2024,21738,,SolicitudOTAdjuntos HTTP/1.1" 200 10981
10.40.40.2 - - [24/Sep/2024:15:22:36 -0300] "POST /cormun/servlet/acontrolpreferencessavestate?None,RRHH+DANIELA,true HTTP/1.1" 200 35
10.40.40.2 - - [24/Sep/2024:15:22:39 -0300] "GET /cormun/servlet/vesolicitudgral?2024,21738,,General HTTP/1.1" 200 8389
10.40.40.2 - - [24/Sep/2024:15:22:39 -0300] "GET /cormun/pexe_scrolldiv.js HTTP/1.1" 404 1009
10.40.40.2 - - [24/Sep/2024:15:28:13 -0300] "GET /cormun/servlet/trsolicitudgral? HTTP/1.1" 200 8317
10.40.40.2 - - [24/Sep/2024:15:28:28 -0300] "POST /cormun/servlet/trsolicitudgral?1dc1414dcc4bf5e7f8937d50f3fe58d2,,gx-no-cache=1727202515458 HTTP/1.1" 200 8051
154.213.184.25 - - [24/Sep/2024:15:28:35 -0300] "CONNECT google.com:443 HTTP/1.1" 400 -
10.40.40.2 - - [24/Sep/2024:15:29:00 -0300] "GET /cormun/servlet/trautorizarot? HTTP/1.1" 200 8150
10.40.40.2 - - [24/Sep/2024:15:29:44 -0300] "GET /cormun/servlet/trsolicitudgral? HTTP/1.1" 200 11081
10.40.40.2 - - [24/Sep/2024:15:29:49 -0300] "POST /cormun/servlet/trsolicitudgral?1dc1414dcc4bf5e7f8937d50f3fe58d2,,gx-no-cache=1727202596315 HTTP/1.1" 200 5244
10.40.40.2 - - [24/Sep/2024:15:29:54 -0300] "POST /cormun/servlet/trsolicitudgral?1dc1414dcc4bf5e7f8937d50f3fe58d2,,gx-no-cache=1727202601639 HTTP/1.1" 200 8046
10.40.40.2 - - [24/Sep/2024:15:29:57 -0300] "GET /cormun/servlet/vesolicitudgral?2024,21768,, HTTP/1.1" 200 8364
10.40.40.2 - - [24/Sep/2024:15:29:57 -0300] "GET /cormun/pexe_scrolldiv.js HTTP/1.1" 404 1009
201.186.225.191 - - [24/Sep/2024:15:34:41 -0300] "POST /cormun/servlet/trpermisosgoce?1164bb2f0a6bf25ac66accaa9fc1f764,,gx-no-cache=1727202854438 HTTP/1.1" 200 5784
190.171.152.242 - - [24/Sep/2024:15:34:49 -0300] "GET /cormun/servlet/hlogin HTTP/1.1" 200 1728
190.171.152.242 - - [24/Sep/2024:15:34:55 -0300] "POST /cormun/servlet/hlogin?0bb08527915084a03de9ff467bcf8832,gx-no-cache=1727202867813 HTTP/1.1" 200 90
190.171.152.242 - - [24/Sep/2024:15:34:55 -0300] "GET /cormun/servlet/hpexe_link HTTP/1.1" 200 955
190.171.152.242 - - [24/Sep/2024:15:34:55 -0300] "GET /cormun/servlet/hhome HTTP/1.1" 200 4004
190.171.152.242 - - [24/Sep/2024:15:34:58 -0300] "GET /cormun/servlet/trlicencias? HTTP/1.1" 200 10466
10.40.40.2 - - [24/Sep/2024:15:35:14 -0300] "POST /cormun/servlet/vesolicitudgral?1dc1414dcc4bf5e7f8937d50f3fe58d2,2024,21768,,,gx-no-cache=1727202921116 HTTP/1.1" 200 12318
10.40.40.2 - - [24/Sep/2024:15:35:14 -0300] "POST /cormun/servlet/vesolicitudgral?1dc1414dcc4bf5e7f8937d50f3fe58d2,2024,21768,,,gx-no-cache=1727202921335 HTTP/1.1" 200 12251
10.40.40.2 - - [24/Sep/2024:15:35:14 -0300] "GET /cormun//static/Resources/PXToolsTabLastUnselected.png HTTP/1.1" 200 1297
10.40.40.2 - - [24/Sep/2024:15:35:17 -0300] "GET /cormun/servlet/trautorizarot? HTTP/1.1" 200 9585
10.40.40.2 - - [24/Sep/2024:15:35:20 -0300] "POST /cormun/servlet/trautorizarot?1dc1414dcc4bf5e7f8937d50f3fe58d2,,gx-no-cache=1727202926812 HTTP/1.1" 200 5356
10.40.40.2 - - [24/Sep/2024:15:35:22 -0300] "GET /cormun/servlet/trsolicitudgral? HTTP/1.1" 200 10631
190.171.143.82 - - [24/Sep/2024:15:35:24 -0300] "POST /cormun/servlet/trpermisosgoce?f89714def952a2e5dd6b46e0e2fe54d3,,gx-no-cache=1727202897269 HTTP/1.1" 440 972
10.40.40.2 - - [24/Sep/2024:15:35:26 -0300] "POST /cormun/servlet/trsolicitudgral?1dc1414dcc4bf5e7f8937d50f3fe58d2,,gx-no-cache=1727202933609 HTTP/1.1" 200 6662
190.171.143.82 - - [24/Sep/2024:15:35:26 -0300] "GET /cormun/servlet/trpermisosgoce? HTTP/1.1" 200 6030
190.171.143.82 - - [24/Sep/2024:15:35:28 -0300] "GET /cormun/servlet/hlogin HTTP/1.1" 200 1738
190.171.143.82 - - [24/Sep/2024:15:35:33 -0300] "POST /cormun/servlet/hlogin?905f2e24f018d93cb792deb2ba048226,gx-no-cache=1727202905487 HTTP/1.1" 200 90
190.171.143.82 - - [24/Sep/2024:15:35:33 -0300] "GET /cormun/servlet/hpexe_link HTTP/1.1" 200 956
190.171.143.82 - - [24/Sep/2024:15:35:33 -0300] "GET /cormun/servlet/trpermisosgoce HTTP/1.1" 200 14770
10.40.40.2 - - [24/Sep/2024:15:35:39 -0300] "POST /cormun/servlet/trsolicitudgral?1dc1414dcc4bf5e7f8937d50f3fe58d2,,gx-no-cache=1727202946329 HTTP/1.1" 200 7576
190.171.143.82 - - [24/Sep/2024:15:35:42 -0300] "GET /cormun/static/menuarrow.gif HTTP/1.1" 404 1015
10.40.40.2 - - [24/Sep/2024:15:35:43 -0300] "GET /cormun/servlet/trsolicitudgral? HTTP/1.1" 200 10631
10.40.40.2 - - [24/Sep/2024:15:35:48 -0300] "POST /cormun/servlet/trsolicitudgral?1dc1414dcc4bf5e7f8937d50f3fe58d2,,gx-no-cache=1727202954834 HTTP/1.1" 200 6657
190.171.143.82 - - [24/Sep/2024:15:35:50 -0300] "POST /cormun/servlet/trpermisosgoce?905f2e24f018d93cb792deb2ba048226,gx-no-cache=1727202922420 HTTP/1.1" 200 6423
201.186.225.191 - - [24/Sep/2024:15:36:23 -0300] "POST /cormun/servlet/trpermisosgoce?1164bb2f0a6bf25ac66accaa9fc1f764,,gx-no-cache=1727202956210 HTTP/1.1" 200 5764
200.54.103.162 - - [24/Sep/2024:15:36:49 -0300] "GET /cormun/servlet/hhome HTTP/1.1" 200 3323
200.54.103.162 - - [24/Sep/2024:15:36:49 -0300] "GET /cormun/servlet/hlogin HTTP/1.1" 200 1734
200.54.103.162 - - [24/Sep/2024:15:36:52 -0300] "POST /cormun/servlet/hlogin?390f557bfeae42148cece095d0db02ed,gx-no-cache=1727202985525 HTTP/1.1" 200 90
200.54.103.162 - - [24/Sep/2024:15:36:52 -0300] "GET /cormun/servlet/hpexe_link HTTP/1.1" 200 949
200.54.103.162 - - [24/Sep/2024:15:36:52 -0300] "GET /cormun/servlet/hhome HTTP/1.1" 200 4343
200.54.103.162 - - [24/Sep/2024:15:36:55 -0300] "GET /cormun/servlet/trlicencias? HTTP/1.1" 200 13183
10.40.40.2 - - [24/Sep/2024:15:37:30 -0300] "GET /cormun/servlet/vesolicitudgral?2024,21768,, HTTP/1.1" 200 8370
10.40.40.2 - - [24/Sep/2024:15:37:30 -0300] "GET /cormun/pexe_scrolldiv.js HTTP/1.1" 404 1009
201.186.225.191 - - [24/Sep/2024:15:38:35 -0300] "POST /cormun/servlet/trpermisosgoce?1164bb2f0a6bf25ac66accaa9fc1f764,,gx-no-cache=1727203088689 HTTP/1.1" 200 5576
201.186.225.191 - - [24/Sep/2024:15:39:28 -0300] "POST /cormun/servlet/trpermisosgoce?1164bb2f0a6bf25ac66accaa9fc1f764,,gx-no-cache=1727203141376 HTTP/1.1" 200 5347
10.40.40.2 - - [24/Sep/2024:15:39:47 -0300] "GET /cormun/servlet/trsolicitudgral? HTTP/1.1" 200 8314
201.186.225.191 - - [24/Sep/2024:15:40:21 -0300] "POST /cormun/servlet/trpermisosgoce?1164bb2f0a6bf25ac66accaa9fc1f764,,gx-no-cache=1727203194001 HTTP/1.1" 200 4489
201.186.225.191 - - [24/Sep/2024:15:40:26 -0300] "POST /cormun/servlet/trpermisosgoce?1164bb2f0a6bf25ac66accaa9fc1f764,,gx-no-cache=1727203199664 HTTP/1.1" 200 4491
10.40.40.2 - - [24/Sep/2024:15:40:31 -0300] "POST /cormun/servlet/trsolicitudgral?1dc1414dcc4bf5e7f8937d50f3fe58d2,,gx-no-cache=1727203237746 HTTP/1.1" 200 6637
201.186.225.191 - - [24/Sep/2024:15:40:34 -0300] "POST /cormun/servlet/trpermisosgoce?1164bb2f0a6bf25ac66accaa9fc1f764,,gx-no-cache=1727203207753 HTTP/1.1" 200 5567
10.40.40.2 - - [24/Sep/2024:15:40:38 -0300] "GET /cormun/servlet/vesolicitudgral?2024,21769,, HTTP/1.1" 200 8413
10.40.40.2 - - [24/Sep/2024:15:40:38 -0300] "GET /cormun/pexe_scrolldiv.js HTTP/1.1" 404 1009
10.40.40.2 - - [24/Sep/2024:15:40:40 -0300] "GET /cormun/servlet/vesolicitudgral?2024,21769,,SolicitudOTLog HTTP/1.1" 200 9954
10.40.40.2 - - [24/Sep/2024:15:40:40 -0300] "GET /cormun/static/Resources/PXToolsTabLastSelected.png HTTP/1.1" 200 1274
10.40.40.2 - - [24/Sep/2024:15:40:40 -0300] "GET /cormun/pexe_scrolldiv.js HTTP/1.1" 404 1009
10.40.40.2 - - [24/Sep/2024:15:40:40 -0300] "GET /cormun/static/tbsolicitudgral03.js?202211298372893 HTTP/1.1" 200 13342
10.40.40.2 - - [24/Sep/2024:15:40:41 -0300] "POST /cormun/servlet/acontrolpreferencessavestate?None,RRHH+DANIELA,true HTTP/1.1" 200 35
10.40.40.2 - - [24/Sep/2024:15:41:08 -0300] "GET /cormun/servlet/vesolicitudgral?2024,21769,,General HTTP/1.1" 200 8417
10.40.40.2 - - [24/Sep/2024:15:41:09 -0300] "GET /cormun/pexe_scrolldiv.js HTTP/1.1" 404 1009
201.186.225.191 - - [24/Sep/2024:15:41:15 -0300] "POST /cormun/servlet/trpermisosgoce?1164bb2f0a6bf25ac66accaa9fc1f764,,gx-no-cache=1727203248329 HTTP/1.1" 200 5344
10.40.40.2 - - [24/Sep/2024:15:41:23 -0300] "GET /cormun/servlet/hlogin HTTP/1.1" 200 1740
10.40.40.2 - - [24/Sep/2024:15:41:35 -0300] "GET /cormun/servlet/vesolicitudgral?2024,21769,,SolicitudOTLog HTTP/1.1" 200 9956
10.40.40.2 - - [24/Sep/2024:15:41:35 -0300] "GET /cormun/pexe_scrolldiv.js HTTP/1.1" 404 1009
10.40.40.2 - - [24/Sep/2024:15:41:36 -0300] "POST /cormun/servlet/acontrolpreferencessavestate?None,RRHH+DANIELA,true HTTP/1.1" 200 35
201.186.225.191 - - [24/Sep/2024:15:41:46 -0300] "POST /cormun/servlet/trpermisosgoce?1164bb2f0a6bf25ac66accaa9fc1f764,,gx-no-cache=1727203279089 HTTP/1.1" 200 5589
10.40.40.2 - - [24/Sep/2024:15:42:07 -0300] "GET /cormun/servlet/trsolicitudgral? HTTP/1.1" 200 9717
10.40.40.2 - - [24/Sep/2024:15:42:13 -0300] "POST /cormun/servlet/trsolicitudgral?1dc1414dcc4bf5e7f8937d50f3fe58d2,,gx-no-cache=1727203340458 HTTP/1.1" 200 7585
201.186.225.191 - - [24/Sep/2024:15:42:55 -0300] "POST /cormun/servlet/trpermisosgoce?1164bb2f0a6bf25ac66accaa9fc1f764,,gx-no-cache=1727203348396 HTTP/1.1" 200 4490
201.186.225.191 - - [24/Sep/2024:15:43:05 -0300] "POST /cormun/servlet/trpermisosgoce?1164bb2f0a6bf25ac66accaa9fc1f764,,gx-no-cache=1727203358652 HTTP/1.1" 200 4490
201.186.225.191 - - [24/Sep/2024:15:43:20 -0300] "POST /cormun/servlet/trpermisosgoce?1164bb2f0a6bf25ac66accaa9fc1f764,,gx-no-cache=1727203373852 HTTP/1.1" 200 5575
201.186.225.191 - - [24/Sep/2024:15:43:54 -0300] "POST /cormun/servlet/trpermisosgoce?1164bb2f0a6bf25ac66accaa9fc1f764,,gx-no-cache=1727203406900 HTTP/1.1" 200 4491
201.186.225.191 - - [24/Sep/2024:15:44:02 -0300] "POST /cormun/servlet/trpermisosgoce?1164bb2f0a6bf25ac66accaa9fc1f764,,gx-no-cache=1727203415668 HTTP/1.1" 200 4491
181.212.40.185 - - [24/Sep/2024:15:44:23 -0300] "POST /cormun/servlet/trlicencias?3b219bd2197bb731d273c78bbab3b685,gx-no-cache=1727203437108 HTTP/1.1" 440 972
181.212.40.185 - - [24/Sep/2024:15:44:25 -0300] "GET /cormun/servlet/trlicencias HTTP/1.1" 200 6052
181.212.40.185 - - [24/Sep/2024:15:44:25 -0300] "GET /cormun/servlet/hlogin HTTP/1.1" 200 1740
201.186.225.191 - - [24/Sep/2024:15:44:31 -0300] "POST /cormun/servlet/trpermisosgoce?1164bb2f0a6bf25ac66accaa9fc1f764,,gx-no-cache=1727203444540 HTTP/1.1" 200 5971
181.212.40.185 - - [24/Sep/2024:15:44:34 -0300] "POST /cormun/servlet/hlogin?29a5663529fbdcd193bcab3c8033f547,gx-no-cache=1727203448334 HTTP/1.1" 200 90
181.212.40.185 - - [24/Sep/2024:15:44:34 -0300] "GET /cormun/servlet/hpexe_link HTTP/1.1" 200 959
181.212.40.185 - - [24/Sep/2024:15:44:34 -0300] "GET /cormun/servlet/trlicencias HTTP/1.1" 200 17165
190.171.152.114 - - [24/Sep/2024:15:45:44 -0300] "POST /cormun/servlet/trsolicitudot?a69e007cc2eed522a8f1fd7552f34c01,gx-no-cache=1727203518822 HTTP/1.1" 200 4580
190.171.152.114 - - [24/Sep/2024:15:45:44 -0300] "GET /cormun/static/Shared/jqueryui/images/ui-bg_highlight-soft_100_c6c2c8_1x100.png HTTP/1.1" 404 1117
190.171.152.114 - - [24/Sep/2024:15:45:44 -0300] "GET /cormun/static/Shared/jqueryui/images/ui-bg_flat_55_fafafa_40x100.png HTTP/1.1" 404 1097
190.171.152.114 - - [24/Sep/2024:15:45:44 -0300] "GET /cormun/static/Shared/jqueryui/images/ui-icons_82798d_256x240.png HTTP/1.1" 404 1089
190.171.152.114 - - [24/Sep/2024:15:45:44 -0300] "GET /cormun/static/Shared/jqueryui/images/ui-icons_8d78a5_256x240.png HTTP/1.1" 404 1089
190.171.152.114 - - [24/Sep/2024:15:45:44 -0300] "POST /cormun/servlet/trsolicitudot?a69e007cc2eed522a8f1fd7552f34c01,gx-no-cache=1727203519002 HTTP/1.1" 200 4341
190.171.152.114 - - [24/Sep/2024:15:45:47 -0300] "GET /cormun/servlet/trautorizarsolicitud? HTTP/1.1" 200 8832
190.171.152.114 - - [24/Sep/2024:15:45:50 -0300] "POST /cormun/servlet/trautorizarsolicitud?a69e007cc2eed522a8f1fd7552f34c01,,gx-no-cache=1727203524916 HTTP/1.1" 200 4771
190.171.152.114 - - [24/Sep/2024:15:45:50 -0300] "GET /cormun/static/Shared/jqueryui/images/ui-icons_82798d_256x240.png HTTP/1.1" 404 1089
190.171.152.114 - - [24/Sep/2024:15:45:50 -0300] "GET /cormun/static/Shared/jqueryui/images/ui-bg_highlight-soft_100_c6c2c8_1x100.png HTTP/1.1" 404 1117
190.171.152.114 - - [24/Sep/2024:15:45:50 -0300] "GET /cormun/static/Shared/jqueryui/images/ui-bg_flat_55_fafafa_40x100.png HTTP/1.1" 404 1097
190.171.152.114 - - [24/Sep/2024:15:45:50 -0300] "GET /cormun/static/Shared/jqueryui/images/ui-icons_8d78a5_256x240.png HTTP/1.1" 404 1089
190.171.152.114 - - [24/Sep/2024:15:45:50 -0300] "POST /cormun/servlet/trautorizarsolicitud?a69e007cc2eed522a8f1fd7552f34c01,,gx-no-cache=1727203525055 HTTP/1.1" 200 4533
201.186.225.191 - - [24/Sep/2024:15:48:22 -0300] "POST /cormun/servlet/trpermisosgoce?1164bb2f0a6bf25ac66accaa9fc1f764,,gx-no-cache=1727203675451 HTTP/1.1" 200 5342
201.186.225.191 - - [24/Sep/2024:15:48:50 -0300] "POST /cormun/servlet/trpermisosgoce?1164bb2f0a6bf25ac66accaa9fc1f764,,gx-no-cache=1727203703918 HTTP/1.1" 200 4488
201.186.225.191 - - [24/Sep/2024:15:49:07 -0300] "POST /cormun/servlet/trpermisosgoce?1164bb2f0a6bf25ac66accaa9fc1f764,,gx-no-cache=1727203720167 HTTP/1.1" 200 4491
201.186.225.191 - - [24/Sep/2024:15:49:20 -0300] "POST /cormun/servlet/trpermisosgoce?1164bb2f0a6bf25ac66accaa9fc1f764,,gx-no-cache=1727203733155 HTTP/1.1" 200 5347
201.186.225.191 - - [24/Sep/2024:15:49:52 -0300] "POST /cormun/servlet/trpermisosgoce?1164bb2f0a6bf25ac66accaa9fc1f764,,gx-no-cache=1727203765540 HTTP/1.1" 200 5359
201.186.225.191 - - [24/Sep/2024:15:50:22 -0300] "POST /cormun/servlet/trpermisosgoce?1164bb2f0a6bf25ac66accaa9fc1f764,,gx-no-cache=1727203795407 HTTP/1.1" 200 4491
154.213.187.241 - - [24/Sep/2024:15:50:34 -0300] "CONNECT google.com:443 HTTP/1.1" 400 -
201.186.225.191 - - [24/Sep/2024:15:50:34 -0300] "POST /cormun/servlet/trpermisosgoce?1164bb2f0a6bf25ac66accaa9fc1f764,,gx-no-cache=1727203807519 HTTP/1.1" 200 5338
201.186.225.191 - - [24/Sep/2024:15:50:56 -0300] "POST /cormun/servlet/trpermisosgoce?1164bb2f0a6bf25ac66accaa9fc1f764,,gx-no-cache=1727203829639 HTTP/1.1" 200 5555
201.186.225.191 - - [24/Sep/2024:15:51:21 -0300] "POST /cormun/servlet/trpermisosgoce?1164bb2f0a6bf25ac66accaa9fc1f764,,gx-no-cache=1727203854063 HTTP/1.1" 200 5569
201.186.225.191 - - [24/Sep/2024:15:51:46 -0300] "POST /cormun/servlet/trpermisosgoce?1164bb2f0a6bf25ac66accaa9fc1f764,,gx-no-cache=1727203878934 HTTP/1.1" 200 5352
194.165.16.76 - - [24/Sep/2024:15:51:58 -0300] "/*àCookie: mstshash=Administr " 400 -
201.186.225.191 - - [24/Sep/2024:15:52:20 -0300] "POST /cormun/servlet/trpermisosgoce?1164bb2f0a6bf25ac66accaa9fc1f764,,gx-no-cache=1727203913239 HTTP/1.1" 200 6259
201.186.225.191 - - [24/Sep/2024:15:53:07 -0300] "POST /cormun/servlet/trpermisosgoce?1164bb2f0a6bf25ac66accaa9fc1f764,,gx-no-cache=1727203960423 HTTP/1.1" 200 5580
201.186.225.191 - - [24/Sep/2024:15:53:25 -0300] "POST /cormun/servlet/trpermisosgoce?1164bb2f0a6bf25ac66accaa9fc1f764,,gx-no-cache=1727203978527 HTTP/1.1" 200 5783
201.186.225.191 - - [24/Sep/2024:15:54:15 -0300] "POST /cormun/servlet/trpermisosgoce?1164bb2f0a6bf25ac66accaa9fc1f764,,gx-no-cache=1727204028751 HTTP/1.1" 200 6125
201.186.225.191 - - [24/Sep/2024:15:54:31 -0300] "GET /cormun/servlet/hlogin HTTP/1.1" 200 1743
10.40.40.2 - - [24/Sep/2024:15:56:57 -0300] "POST /cormun/servlet/trsolicitudgral?1dc1414dcc4bf5e7f8937d50f3fe58d2,,gx-no-cache=1727204223888 HTTP/1.1" 200 6640
10.40.40.2 - - [24/Sep/2024:15:56:58 -0300] "GET /cormun/servlet/vesolicitudgral?2024,21759,, HTTP/1.1" 200 8405
10.40.40.2 - - [24/Sep/2024:15:56:58 -0300] "GET /cormun/pexe_scrolldiv.js HTTP/1.1" 404 1009
10.40.40.2 - - [24/Sep/2024:15:57:01 -0300] "GET /cormun/servlet/vesolicitudgral?2024,21759,,SolicitudOTAdjuntos HTTP/1.1" 200 7083
10.40.40.2 - - [24/Sep/2024:15:57:02 -0300] "GET /cormun/pexe_scrolldiv.js HTTP/1.1" 404 1009
10.40.40.2 - - [24/Sep/2024:15:57:03 -0300] "POST /cormun/servlet/acontrolpreferencessavestate?None,RRHH+DANIELA,true HTTP/1.1" 200 35
10.40.40.2 - - [24/Sep/2024:15:57:04 -0300] "GET /cormun/servlet/vesolicitudgral?2024,21759,,General HTTP/1.1" 200 8407
10.40.40.2 - - [24/Sep/2024:15:57:04 -0300] "GET /cormun/pexe_scrolldiv.js HTTP/1.1" 404 1009
10.40.40.2 - - [24/Sep/2024:15:58:24 -0300] "POST /cormun/servlet/hlogin?f467cfeb856f8b7631a5ab8dd07da46e,gx-no-cache=1727204319096 HTTP/1.1" 200 90
10.40.40.2 - - [24/Sep/2024:15:58:24 -0300] "GET /cormun/servlet/hpexe_link HTTP/1.1" 200 953
10.40.40.2 - - [24/Sep/2024:15:58:24 -0300] "GET /cormun/servlet/hhome HTTP/1.1" 200 3819
10.40.40.2 - - [24/Sep/2024:15:58:26 -0300] "GET /cormun/servlet/trsolicitudgral? HTTP/1.1" 200 11052
10.40.40.2 - - [24/Sep/2024:15:58:27 -0300] "GET /cormun/servlet/trsolicitudgral? HTTP/1.1" 200 11050
10.40.40.2 - - [24/Sep/2024:15:58:33 -0300] "POST /cormun/servlet/trsolicitudgral?f467cfeb856f8b7631a5ab8dd07da46e,,gx-no-cache=1727204328417 HTTP/1.1" 200 5253
10.40.40.2 - - [24/Sep/2024:15:58:33 -0300] "POST /cormun/servlet/trsolicitudgral?f467cfeb856f8b7631a5ab8dd07da46e,,gx-no-cache=1727204329087 HTTP/1.1" 200 5253
10.40.40.2 - - [24/Sep/2024:15:58:37 -0300] "POST /cormun/servlet/trsolicitudgral?f467cfeb856f8b7631a5ab8dd07da46e,,gx-no-cache=1727204332351 HTTP/1.1" 200 6631
10.40.40.2 - - [24/Sep/2024:15:58:43 -0300] "GET /cormun/servlet/vesolicitudgral?2024,21759,, HTTP/1.1" 200 8408
10.40.40.2 - - [24/Sep/2024:15:58:43 -0300] "GET /cormun/static/gxcfg.js?20201215594983 HTTP/1.1" 200 953
10.40.40.2 - - [24/Sep/2024:15:58:43 -0300] "GET /cormun/pexe_scrolldiv.js HTTP/1.1" 404 1009
10.40.40.2 - - [24/Sep/2024:15:58:43 -0300] "GET /cormun/static/Resources/PXToolsTabFirstSelected.png HTTP/1.1" 200 1270
10.40.40.2 - - [24/Sep/2024:15:58:43 -0300] "GET /cormun/static/vesolicitudgral.js?20201215595069 HTTP/1.1" 200 6721
10.40.40.2 - - [24/Sep/2024:15:58:43 -0300] "GET /cormun/static/hwcviewtabs.js?201991422154026 HTTP/1.1" 200 1074
10.40.40.2 - - [24/Sep/2024:15:58:43 -0300] "GET /cormun/static/hpexe_tabsview.js?2020121447381 HTTP/1.1" 200 1661
10.40.40.2 - - [24/Sep/2024:15:58:43 -0300] "GET /cormun/static/Resources/PXToolsTabPrevious.gif HTTP/1.1" 200 172
10.40.40.2 - - [24/Sep/2024:15:58:43 -0300] "GET /cormun/static/Resources/PXToolsTabLastUnselected.png HTTP/1.1" 200 1297
10.40.40.2 - - [24/Sep/2024:15:58:43 -0300] "GET /cormun/static/Resources/PXToolsTabNext.gif HTTP/1.1" 200 168
10.40.40.2 - - [24/Sep/2024:15:58:43 -0300] "GET /cormun/static/tbsolicitudgral01.js?20199142226376 HTTP/1.1" 200 31320
10.40.40.2 - - [24/Sep/2024:15:58:43 -0300] "GET /cormun/static/calendar-system.css HTTP/1.1" 200 5572
10.40.40.2 - - [24/Sep/2024:15:58:43 -0300] "GET /cormun/static/Resources/PXToolsTabBackUnselected.png HTTP/1.1" 200 1175
10.40.40.2 - - [24/Sep/2024:15:58:43 -0300] "GET /cormun/static/Resources/PXToolsTabBackSelected.png HTTP/1.1" 200 1157
10.40.40.2 - - [24/Sep/2024:15:58:43 -0300] "GET /cormun/static/Resources/PXToolsTabSelectedUnselected.png HTTP/1.1" 200 1451
10.40.40.2 - - [24/Sep/2024:15:58:43 -0300] "GET /cormun/static/Resources/PXToolsTabUnselectedUnselected.png HTTP/1.1" 200 1470
10.40.40.2 - - [24/Sep/2024:15:58:44 -0300] "GET /cormun/servlet/vesolicitudgral?2024,21759,,SolicitudOTAdjuntos HTTP/1.1" 200 7090
10.40.40.2 - - [24/Sep/2024:15:58:45 -0300] "GET /cormun/static/tbsolicitudgral02.js?202211298373061 HTTP/1.1" 200 13312
10.40.40.2 - - [24/Sep/2024:15:58:45 -0300] "GET /cormun/pexe_scrolldiv.js HTTP/1.1" 404 1009
10.40.40.2 - - [24/Sep/2024:15:58:45 -0300] "GET /cormun/static/gxui/gxui-all.css HTTP/1.1" 200 2179
10.40.40.2 - - [24/Sep/2024:15:58:45 -0300] "GET /cormun/static/Resources/PXToolsTabFirstUnselected.png HTTP/1.1" 200 1278
10.40.40.2 - - [24/Sep/2024:15:58:45 -0300] "GET /cormun/static/Resources/PXToolsTabUnselectedSelected.png HTTP/1.1" 200 1458
10.40.40.2 - - [24/Sep/2024:15:58:45 -0300] "GET /cormun/static/Shared/ext/resources/css/ext-all.css HTTP/1.1" 200 416045
10.40.40.2 - - [24/Sep/2024:15:58:46 -0300] "POST /cormun/servlet/acontrolpreferencessavestate?None,RRHH+DANIELA,true HTTP/1.1" 200 35
10.40.40.2 - - [24/Sep/2024:15:58:47 -0300] "POST /cormun/servlet/vesolicitudgral?f467cfeb856f8b7631a5ab8dd07da46e,2024,21759,,SolicitudOTAdjuntos,gx-no-cache=1727204342481 HTTP/1.1" 200 90
10.40.40.2 - - [24/Sep/2024:15:58:47 -0300] "GET /cormun/servlet/hpexe_link HTTP/1.1" 200 981
10.40.40.2 - - [24/Sep/2024:15:58:47 -0300] "GET /cormun/servlet/trsolicitudgral? HTTP/1.1" 200 9705
10.40.40.2 - - [24/Sep/2024:16:00:35 -0300] "GET /cormun/servlet/trsolicitudgral? HTTP/1.1" 200 9697
10.40.40.2 - - [24/Sep/2024:16:00:40 -0300] "POST /cormun/servlet/trsolicitudgral?1dc1414dcc4bf5e7f8937d50f3fe58d2,,gx-no-cache=1727204446888 HTTP/1.1" 200 7982
10.40.40.2 - - [24/Sep/2024:16:00:46 -0300] "GET /cormun/servlet/vesolicitudgral?2024,21769,, HTTP/1.1" 200 8402
10.40.40.2 - - [24/Sep/2024:16:00:46 -0300] "GET /cormun/pexe_scrolldiv.js HTTP/1.1" 404 1009
10.40.40.2 - - [24/Sep/2024:16:01:35 -0300] "GET /cormun/servlet/trsolicitudgral? HTTP/1.1" 200 11046
201.186.225.191 - - [24/Sep/2024:16:06:40 -0300] "GET /cormun/servlet/hlogin HTTP/1.1" 200 1724
190.171.143.82 - - [24/Sep/2024:16:11:40 -0300] "GET /cormun/servlet/trpermisosgoce? HTTP/1.1" 200 6030
190.171.143.82 - - [24/Sep/2024:16:11:41 -0300] "GET /cormun/servlet/hlogin HTTP/1.1" 200 1742
190.171.143.82 - - [24/Sep/2024:16:11:43 -0300] "POST /cormun/servlet/hlogin?2f1285e5f7adeae9696e8d4ca73636a9,gx-no-cache=1727205076012 HTTP/1.1" 200 90
190.171.143.82 - - [24/Sep/2024:16:11:43 -0300] "GET /cormun/servlet/hpexe_link HTTP/1.1" 200 957
190.171.143.82 - - [24/Sep/2024:16:11:43 -0300] "GET /cormun/servlet/trpermisosgoce HTTP/1.1" 200 14755
190.171.153.26 - - [24/Sep/2024:16:12:17 -0300] "GET /cormun/servlet/hlogin HTTP/1.1" 200 1720
190.171.153.26 - - [24/Sep/2024:16:12:23 -0300] "POST /cormun/servlet/hlogin?68506e45430170702cdeb02fdf5c4e51,gx-no-cache=1727205159558 HTTP/1.1" 200 90
190.171.153.26 - - [24/Sep/2024:16:12:23 -0300] "GET /cormun/servlet/hpexe_link HTTP/1.1" 200 952
190.171.153.26 - - [24/Sep/2024:16:12:24 -0300] "GET /cormun/servlet/hhome HTTP/1.1" 200 3972
190.171.153.26 - - [24/Sep/2024:16:12:26 -0300] "GET /cormun/servlet/trpermisosgoce? HTTP/1.1" 200 9828
190.171.153.26 - - [24/Sep/2024:16:12:29 -0300] "GET /cormun/static/menuarrow.gif HTTP/1.1" 404 1015
190.171.153.26 - - [24/Sep/2024:16:12:43 -0300] "POST /cormun/servlet/trpermisosgoce?68506e45430170702cdeb02fdf5c4e51,,gx-no-cache=1727205179215 HTTP/1.1" 200 5442
190.171.153.26 - - [24/Sep/2024:16:13:15 -0300] "POST /cormun/servlet/trpermisosgoce?68506e45430170702cdeb02fdf5c4e51,,gx-no-cache=1727205210894 HTTP/1.1" 200 15671
181.212.40.185 - - [24/Sep/2024:16:15:20 -0300] "GET /cormun/servlet/trlicencias? HTTP/1.1" 200 6048
181.212.40.185 - - [24/Sep/2024:16:15:20 -0300] "GET /cormun/servlet/hlogin HTTP/1.1" 200 1738
190.171.152.138 - - [24/Sep/2024:16:15:21 -0300] "GET /cormun/servlet/hlogin HTTP/1.1" 200 1714
181.212.40.185 - - [24/Sep/2024:16:15:30 -0300] "POST /cormun/servlet/hlogin?dce563709a2b329c0e96c4e6e5328aae,gx-no-cache=1727205304474 HTTP/1.1" 200 90
181.212.40.185 - - [24/Sep/2024:16:15:30 -0300] "GET /cormun/servlet/hpexe_link HTTP/1.1" 200 956
181.212.40.185 - - [24/Sep/2024:16:15:30 -0300] "GET /cormun/servlet/trlicencias HTTP/1.1" 200 17146
190.171.152.138 - - [24/Sep/2024:16:15:34 -0300] "POST /cormun/servlet/hlogin?5b7483ae866e79e790a0941d0bf86c5c,gx-no-cache=1727205307750 HTTP/1.1" 200 90
190.171.152.138 - - [24/Sep/2024:16:15:35 -0300] "GET /cormun/servlet/hpexe_link HTTP/1.1" 200 945
190.171.152.138 - - [24/Sep/2024:16:15:35 -0300] "GET /cormun/servlet/hhome HTTP/1.1" 200 3857
190.171.152.138 - - [24/Sep/2024:16:15:39 -0300] "GET /cormun/servlet/trlicencias? HTTP/1.1" 200 9822
190.171.152.138 - - [24/Sep/2024:16:17:04 -0300] "GET /cormun/servlet/hlogin HTTP/1.1" 200 1731
181.212.40.185 - - [24/Sep/2024:16:24:50 -0300] "GET /cormun/servlet/trlicencias? HTTP/1.1" 200 17144
181.212.40.185 - - [24/Sep/2024:16:25:53 -0300] "POST /cormun/servlet/trlicencias?dce563709a2b329c0e96c4e6e5328aae,,gx-no-cache=1727205926968 HTTP/1.1" 200 15256
10.40.40.2 - - [24/Sep/2024:16:26:51 -0300] "GET /cormun/servlet/trsolicitudgral? HTTP/1.1" 200 11045
190.95.15.9 - - [24/Sep/2024:16:28:13 -0300] "GET /cormun/servlet/hlogin HTTP/1.1" 200 1722
190.95.15.9 - - [24/Sep/2024:16:28:24 -0300] "POST /cormun/servlet/hlogin?95de379f5ef8eb95ea872a95b920e427,gx-no-cache=1727206074394 HTTP/1.1" 200 90
190.95.15.9 - - [24/Sep/2024:16:28:24 -0300] "GET /cormun/servlet/hpexe_link HTTP/1.1" 200 951
190.95.15.9 - - [24/Sep/2024:16:28:24 -0300] "GET /cormun/servlet/hhome HTTP/1.1" 200 4176
190.95.15.9 - - [24/Sep/2024:16:28:27 -0300] "GET /cormun/servlet/trlicencias? HTTP/1.1" 200 13111
190.95.15.9 - - [24/Sep/2024:16:28:54 -0300] "GET /cormun/servlet/licenciaspermisos?DSP,8164206,L,20240923000000, HTTP/1.1" 200 7273
190.95.15.9 - - [24/Sep/2024:16:28:54 -0300] "GET /cormun/static/gxcfg.js?202012153173 HTTP/1.1" 200 953
190.95.15.9 - - [24/Sep/2024:16:28:54 -0300] "GET /cormun/static/licenciaspermisos.js?2020121532136 HTTP/1.1" 200 38753
190.95.15.9 - - [24/Sep/2024:16:29:04 -0300] "GET /cormun/servlet/trlicencias? HTTP/1.1" 200 13109
190.95.15.9 - - [24/Sep/2024:16:29:31 -0300] "GET /cormun/servlet/hlogin HTTP/1.1" 200 1741
186.103.157.42 - - [24/Sep/2024:16:32:27 -0300] "GET /cormun/servlet/hlogin HTTP/1.1" 200 1710
186.103.157.42 - - [24/Sep/2024:16:32:31 -0300] "POST /cormun/servlet/hlogin?95ca0d7e055c276c23c7e9315e269989,gx-no-cache=1727206348492 HTTP/1.1" 200 90
186.103.157.42 - - [24/Sep/2024:16:32:31 -0300] "GET /cormun/servlet/hpexe_link HTTP/1.1" 200 942
186.103.157.42 - - [24/Sep/2024:16:32:31 -0300] "GET /cormun/servlet/hhome HTTP/1.1" 200 4367
186.103.157.42 - - [24/Sep/2024:16:32:39 -0300] "GET /cormun/servlet/trsolicitudot? HTTP/1.1" 200 8987
186.103.157.42 - - [24/Sep/2024:16:33:16 -0300] "POST /cormun/servlet/trsolicitudot?95ca0d7e055c276c23c7e9315e269989,,gx-no-cache=1727206393752 HTTP/1.1" 200 107
186.103.157.42 - - [24/Sep/2024:16:33:16 -0300] "GET /cormun/servlet/trsolicitudadjuntos?2024,21759, HTTP/1.1" 200 6473
186.103.157.42 - - [24/Sep/2024:16:33:16 -0300] "GET /cormun/static/gxcfg.js?20201215574222 HTTP/1.1" 200 953
186.103.157.42 - - [24/Sep/2024:16:33:16 -0300] "GET /cormun/static/Resources/PXToolsGridNew.png HTTP/1.1" 200 427
186.103.157.42 - - [24/Sep/2024:16:33:16 -0300] "GET /cormun/static/trsolicitudadjuntos.js?20201215574932 HTTP/1.1" 200 17921
186.103.157.42 - - [24/Sep/2024:16:33:18 -0300] "GET /cormun/servlet/solicitudotadjuntos?INS,2024,21759,,1, HTTP/1.1" 200 6417
186.103.157.42 - - [24/Sep/2024:16:33:18 -0300] "GET /cormun/static/gxcfg.js?202211298385187 HTTP/1.1" 200 953
186.103.157.42 - - [24/Sep/2024:16:33:18 -0300] "GET /cormun/static/solicitudotadjuntos.js?202211298385196 HTTP/1.1" 200 11771
186.103.157.42 - - [24/Sep/2024:16:33:19 -0300] "GET /cormun/static/about:blank HTTP/1.1" 404 1011
186.103.157.42 - - [24/Sep/2024:16:33:19 -0300] "GET /cormun/servlet/solicitudotadjuntos?2d39892a6f9b0a377233a024584557a962edb5c8b192d3167b03e60443f23a4c25257cacfdaa37831a79a3bee190711d,gx-no-cache=1727206396771 HTTP/1.1" 200 30
186.103.157.42 - - [24/Sep/2024:16:33:19 -0300] "POST /cormun/servlet/solicitudotadjuntos?95ca0d7e055c276c23c7e9315e269989,INS,2024,21759,,1,,gx-no-cache=1727206396800 HTTP/1.1" 200 4179
186.103.157.42 - - [24/Sep/2024:16:33:25 -0300] "POST /cormun/servlet/solicitudotadjuntos?gx-no-cache=1727206402962 HTTP/1.1" 200 26
186.103.157.42 - - [24/Sep/2024:16:33:53 -0300] "GET /cormun/servlet/solicitudotadjuntos?2d39892a6f9b0a377233a024584557a9090d850e030941354be17eb6c65f36dd,gx-no-cache=1727206430252 HTTP/1.1" 200 30
186.103.157.42 - - [24/Sep/2024:16:33:53 -0300] "GET /cormun/servlet/solicitudotadjuntos?2d39892a6f9b0a377233a024584557a9090d850e030941354be17eb6c65f36dd,gx-no-cache=1727206430294 HTTP/1.1" 200 30
186.103.157.42 - - [24/Sep/2024:16:33:53 -0300] "POST /cormun/servlet/solicitudotadjuntos?95ca0d7e055c276c23c7e9315e269989,INS,2024,21759,,1, HTTP/1.1" 200 116
186.103.157.42 - - [24/Sep/2024:16:33:53 -0300] "GET /cormun/servlet/hpexe_return? HTTP/1.1" 200 1017
186.103.157.42 - - [24/Sep/2024:16:33:53 -0300] "GET /cormun/servlet/trsolicitudadjuntos?2024,21759, HTTP/1.1" 200 9479
190.171.141.138 - - [24/Sep/2024:16:33:54 -0300] "GET /cormun/servlet/hlogin HTTP/1.1" 200 1716
186.103.157.42 - - [24/Sep/2024:16:33:56 -0300] "GET /cormun/servlet/solicitudotadjuntos?INS,2024,21759,,1, HTTP/1.1" 200 6417
186.103.157.42 - - [24/Sep/2024:16:33:57 -0300] "GET /cormun/static/about:blank HTTP/1.1" 404 1011
190.171.141.138 - - [24/Sep/2024:16:33:57 -0300] "POST /cormun/servlet/hlogin?cffed66fbd474ba0c78d09e07f4e71fa,gx-no-cache=1727206409044 HTTP/1.1" 200 90
190.171.141.138 - - [24/Sep/2024:16:33:57 -0300] "GET /cormun/servlet/hpexe_link HTTP/1.1" 200 944
190.171.141.138 - - [24/Sep/2024:16:33:57 -0300] "GET /cormun/servlet/hhome HTTP/1.1" 200 4469
186.103.157.42 - - [24/Sep/2024:16:33:57 -0300] "GET /cormun/servlet/solicitudotadjuntos?2d39892a6f9b0a377233a024584557a962edb5c8b192d3167b03e60443f23a4c25257cacfdaa37831a79a3bee190711d,gx-no-cache=1727206434763 HTTP/1.1" 200 30
186.103.157.42 - - [24/Sep/2024:16:33:57 -0300] "POST /cormun/servlet/solicitudotadjuntos?95ca0d7e055c276c23c7e9315e269989,INS,2024,21759,,1,,gx-no-cache=1727206434823 HTTP/1.1" 200 4179
186.103.157.42 - - [24/Sep/2024:16:34:01 -0300] "POST /cormun/servlet/solicitudotadjuntos?gx-no-cache=1727206438204 HTTP/1.1" 200 26
190.171.141.138 - - [24/Sep/2024:16:34:01 -0300] "GET /cormun/servlet/trpermisosgoce? HTTP/1.1" 200 13847
190.171.141.138 - - [24/Sep/2024:16:34:03 -0300] "GET /cormun/servlet/permisogoce?INS,0,,, HTTP/1.1" 200 7367
186.103.157.42 - - [24/Sep/2024:16:34:10 -0300] "GET /cormun/servlet/solicitudotadjuntos?2d39892a6f9b0a377233a024584557a9090d850e030941354be17eb6c65f36dd,gx-no-cache=1727206447195 HTTP/1.1" 200 30
186.103.157.42 - - [24/Sep/2024:16:34:10 -0300] "GET /cormun/servlet/solicitudotadjuntos?2d39892a6f9b0a377233a024584557a9090d850e030941354be17eb6c65f36dd,gx-no-cache=1727206447217 HTTP/1.1" 200 30
186.103.157.42 - - [24/Sep/2024:16:34:10 -0300] "POST /cormun/servlet/solicitudotadjuntos?95ca0d7e055c276c23c7e9315e269989,INS,2024,21759,,1, HTTP/1.1" 200 116
186.103.157.42 - - [24/Sep/2024:16:34:10 -0300] "GET /cormun/servlet/hpexe_return? HTTP/1.1" 200 1017
186.103.157.42 - - [24/Sep/2024:16:34:10 -0300] "GET /cormun/servlet/trsolicitudadjuntos?2024,21759, HTTP/1.1" 200 9712
190.171.141.138 - - [24/Sep/2024:16:34:11 -0300] "GET /cormun/servlet/permisogoce?9f64fd33fb88f6bacdfd1f127031e9ff203bfbe25f58356e48c4e9f8c3b8ffe974be38f90bcbd9a95d8d62cad38e91b0dfd08f5fb168fb4e18be5d1798dd07ff,gx-no-cache=1727206423116 HTTP/1.1" 200 72
190.171.141.138 - - [24/Sep/2024:16:34:12 -0300] "GET /cormun/static/menuarrow.gif HTTP/1.1" 404 1015
186.103.157.42 - - [24/Sep/2024:16:34:15 -0300] "GET /cormun/servlet/solicitudotadjuntos?INS,2024,21759,,1, HTTP/1.1" 200 6417
186.103.157.42 - - [24/Sep/2024:16:34:15 -0300] "GET /cormun/static/about:blank HTTP/1.1" 404 1011
186.103.157.42 - - [24/Sep/2024:16:34:15 -0300] "GET /cormun/servlet/solicitudotadjuntos?2d39892a6f9b0a377233a024584557a962edb5c8b192d3167b03e60443f23a4c25257cacfdaa37831a79a3bee190711d,gx-no-cache=1727206452909 HTTP/1.1" 200 30
186.103.157.42 - - [24/Sep/2024:16:34:15 -0300] "POST /cormun/servlet/solicitudotadjuntos?95ca0d7e055c276c23c7e9315e269989,INS,2024,21759,,1,,gx-no-cache=1727206452932 HTTP/1.1" 200 4177
190.171.141.138 - - [24/Sep/2024:16:34:15 -0300] "GET /cormun/servlet/permisogoce?9f64fd33fb88f6bacdfd1f127031e9ff9ee9bd12144e1cb6ef18247924bd5c27c0fae7362c32d87ef5a63ef13c013136023aa89967c07b71b2776014434a5d86,gx-no-cache=1727206427696 HTTP/1.1" 200 48
190.171.141.138 - - [24/Sep/2024:16:34:19 -0300] "GET /cormun/servlet/permisogoce?9f64fd33fb88f6bacdfd1f127031e9ff9ee9bd12144e1cb6ef18247924bd5c2756024a366f0e996c7ff122a70053705150b11ff208c3957358b0052693bf735e,gx-no-cache=1727206431123 HTTP/1.1" 200 48
186.103.157.42 - - [24/Sep/2024:16:34:20 -0300] "POST /cormun/servlet/solicitudotadjuntos?gx-no-cache=1727206457660 HTTP/1.1" 200 26
186.103.157.42 - - [24/Sep/2024:16:34:29 -0300] "GET /cormun/servlet/solicitudotadjuntos?2d39892a6f9b0a377233a024584557a9090d850e030941354be17eb6c65f36dd,gx-no-cache=1727206467163 HTTP/1.1" 200 30
186.103.157.42 - - [24/Sep/2024:16:34:29 -0300] "GET /cormun/servlet/solicitudotadjuntos?2d39892a6f9b0a377233a024584557a9090d850e030941354be17eb6c65f36dd,gx-no-cache=1727206467174 HTTP/1.1" 200 30
186.103.157.42 - - [24/Sep/2024:16:34:30 -0300] "POST /cormun/servlet/solicitudotadjuntos?95ca0d7e055c276c23c7e9315e269989,INS,2024,21759,,1, HTTP/1.1" 200 116
186.103.157.42 - - [24/Sep/2024:16:34:30 -0300] "GET /cormun/servlet/hpexe_return? HTTP/1.1" 200 1017
186.103.157.42 - - [24/Sep/2024:16:34:30 -0300] "GET /cormun/servlet/trsolicitudadjuntos?2024,21759, HTTP/1.1" 200 9966
190.171.141.138 - - [24/Sep/2024:16:34:30 -0300] "POST /cormun/servlet/permisogoce?cffed66fbd474ba0c78d09e07f4e71fa,INS,0,,,,gx-no-cache=1727206441628 HTTP/1.1" 200 93
190.171.141.138 - - [24/Sep/2024:16:34:30 -0300] "GET /cormun/servlet/hpexe_return? HTTP/1.1" 200 1004
190.171.141.138 - - [24/Sep/2024:16:34:30 -0300] "GET /cormun/servlet/trpermisosgoce HTTP/1.1" 200 14101
186.103.157.42 - - [24/Sep/2024:16:34:32 -0300] "GET /cormun/servlet/solicitudotadjuntos?INS,2024,21759,,1, HTTP/1.1" 200 6417
186.103.157.42 - - [24/Sep/2024:16:34:32 -0300] "GET /cormun/static/about:blank HTTP/1.1" 404 1011
190.171.141.138 - - [24/Sep/2024:16:34:33 -0300] "GET /cormun/servlet/apermisogoceprn?16492844,P,20240924163352,PU HTTP/1.1" 200 1673
186.103.157.42 - - [24/Sep/2024:16:34:33 -0300] "GET /cormun/servlet/solicitudotadjuntos?2d39892a6f9b0a377233a024584557a962edb5c8b192d3167b03e60443f23a4c25257cacfdaa37831a79a3bee190711d,gx-no-cache=1727206470398 HTTP/1.1" 200 30
186.103.157.42 - - [24/Sep/2024:16:34:33 -0300] "POST /cormun/servlet/solicitudotadjuntos?95ca0d7e055c276c23c7e9315e269989,INS,2024,21759,,1,,gx-no-cache=1727206470412 HTTP/1.1" 200 4177
186.103.157.42 - - [24/Sep/2024:16:34:37 -0300] "POST /cormun/servlet/solicitudotadjuntos?gx-no-cache=1727206474412 HTTP/1.1" 200 26
186.103.157.42 - - [24/Sep/2024:16:34:44 -0300] "GET /cormun/servlet/solicitudotadjuntos?2d39892a6f9b0a377233a024584557a9090d850e030941354be17eb6c65f36dd,gx-no-cache=1727206481419 HTTP/1.1" 200 30
186.103.157.42 - - [24/Sep/2024:16:34:44 -0300] "GET /cormun/servlet/solicitudotadjuntos?2d39892a6f9b0a377233a024584557a9090d850e030941354be17eb6c65f36dd,gx-no-cache=1727206481432 HTTP/1.1" 200 30
186.103.157.42 - - [24/Sep/2024:16:34:44 -0300] "POST /cormun/servlet/solicitudotadjuntos?95ca0d7e055c276c23c7e9315e269989,INS,2024,21759,,1, HTTP/1.1" 200 116
186.103.157.42 - - [24/Sep/2024:16:34:44 -0300] "GET /cormun/servlet/hpexe_return? HTTP/1.1" 200 1017
186.103.157.42 - - [24/Sep/2024:16:34:44 -0300] "GET /cormun/servlet/trsolicitudadjuntos?2024,21759, HTTP/1.1" 200 10213
186.103.157.42 - - [24/Sep/2024:16:34:47 -0300] "GET /cormun/servlet/solicitudotadjuntos?INS,2024,21759,,1, HTTP/1.1" 200 6417
186.103.157.42 - - [24/Sep/2024:16:34:47 -0300] "GET /cormun/static/about:blank HTTP/1.1" 404 1011
186.103.157.42 - - [24/Sep/2024:16:34:48 -0300] "GET /cormun/servlet/solicitudotadjuntos?2d39892a6f9b0a377233a024584557a962edb5c8b192d3167b03e60443f23a4c25257cacfdaa37831a79a3bee190711d,gx-no-cache=1727206485590 HTTP/1.1" 200 30
186.103.157.42 - - [24/Sep/2024:16:34:48 -0300] "POST /cormun/servlet/solicitudotadjuntos?95ca0d7e055c276c23c7e9315e269989,INS,2024,21759,,1,,gx-no-cache=1727206485613 HTTP/1.1" 200 4177
186.103.157.42 - - [24/Sep/2024:16:34:51 -0300] "POST /cormun/servlet/solicitudotadjuntos?gx-no-cache=1727206489052 HTTP/1.1" 200 26
186.103.157.42 - - [24/Sep/2024:16:34:58 -0300] "GET /cormun/servlet/solicitudotadjuntos?2d39892a6f9b0a377233a024584557a9090d850e030941354be17eb6c65f36dd,gx-no-cache=1727206495772 HTTP/1.1" 200 30
186.103.157.42 - - [24/Sep/2024:16:34:58 -0300] "GET /cormun/servlet/solicitudotadjuntos?2d39892a6f9b0a377233a024584557a9090d850e030941354be17eb6c65f36dd,gx-no-cache=1727206495783 HTTP/1.1" 200 30
186.103.157.42 - - [24/Sep/2024:16:34:58 -0300] "POST /cormun/servlet/solicitudotadjuntos?95ca0d7e055c276c23c7e9315e269989,INS,2024,21759,,1, HTTP/1.1" 200 116
186.103.157.42 - - [24/Sep/2024:16:34:58 -0300] "GET /cormun/servlet/hpexe_return? HTTP/1.1" 200 1017
186.103.157.42 - - [24/Sep/2024:16:34:58 -0300] "GET /cormun/servlet/trsolicitudadjuntos?2024,21759, HTTP/1.1" 200 10465
186.103.157.42 - - [24/Sep/2024:16:35:02 -0300] "GET /cormun/servlet/solicitudotadjuntos?INS,2024,21759,,1, HTTP/1.1" 200 6417
186.103.157.42 - - [24/Sep/2024:16:35:02 -0300] "GET /cormun/static/about:blank HTTP/1.1" 404 1011
186.103.157.42 - - [24/Sep/2024:16:35:03 -0300] "GET /cormun/servlet/solicitudotadjuntos?2d39892a6f9b0a377233a024584557a962edb5c8b192d3167b03e60443f23a4c25257cacfdaa37831a79a3bee190711d,gx-no-cache=1727206500283 HTTP/1.1" 200 30
186.103.157.42 - - [24/Sep/2024:16:35:03 -0300] "POST /cormun/servlet/solicitudotadjuntos?95ca0d7e055c276c23c7e9315e269989,INS,2024,21759,,1,,gx-no-cache=1727206500309 HTTP/1.1" 200 4177
186.103.157.42 - - [24/Sep/2024:16:35:06 -0300] "POST /cormun/servlet/solicitudotadjuntos?gx-no-cache=1727206503708 HTTP/1.1" 200 26
186.103.157.42 - - [24/Sep/2024:16:35:13 -0300] "GET /cormun/servlet/solicitudotadjuntos?2d39892a6f9b0a377233a024584557a9090d850e030941354be17eb6c65f36dd,gx-no-cache=1727206510684 HTTP/1.1" 200 30
186.103.157.42 - - [24/Sep/2024:16:35:13 -0300] "GET /cormun/servlet/solicitudotadjuntos?2d39892a6f9b0a377233a024584557a9090d850e030941354be17eb6c65f36dd,gx-no-cache=1727206510872 HTTP/1.1" 200 30
186.103.157.42 - - [24/Sep/2024:16:35:14 -0300] "POST /cormun/servlet/solicitudotadjuntos?95ca0d7e055c276c23c7e9315e269989,INS,2024,21759,,1, HTTP/1.1" 200 116
186.103.157.42 - - [24/Sep/2024:16:35:14 -0300] "GET /cormun/servlet/hpexe_return? HTTP/1.1" 200 1017
186.103.157.42 - - [24/Sep/2024:16:35:14 -0300] "GET /cormun/servlet/trsolicitudadjuntos?2024,21759, HTTP/1.1" 200 10623
181.212.40.185 - - [24/Sep/2024:16:35:23 -0300] "GET /cormun/servlet/trpermisosgoce? HTTP/1.1" 200 19491
186.103.157.42 - - [24/Sep/2024:16:35:23 -0300] "POST /cormun/servlet/trsolicitudadjuntos?95ca0d7e055c276c23c7e9315e269989,2024,21759,,gx-no-cache=1727206520614 HTTP/1.1" 200 90
186.103.157.42 - - [24/Sep/2024:16:35:23 -0300] "GET /cormun/servlet/hpexe_link HTTP/1.1" 200 959
186.103.157.42 - - [24/Sep/2024:16:35:23 -0300] "GET /cormun/servlet/trsolicitudot HTTP/1.1" 200 8986
181.212.40.185 - - [24/Sep/2024:16:35:25 -0300] "GET /cormun/static/menuarrow.gif HTTP/1.1" 404 1015
186.103.157.42 - - [24/Sep/2024:16:35:30 -0300] "POST /cormun/servlet/trsolicitudot?95ca0d7e055c276c23c7e9315e269989,gx-no-cache=1727206527406 HTTP/1.1" 200 4845
186.103.157.42 - - [24/Sep/2024:16:35:30 -0300] "GET /cormun/static/Shared/jqueryui/images/ui-bg_highlight-soft_100_c6c2c8_1x100.png HTTP/1.1" 404 1117
186.103.157.42 - - [24/Sep/2024:16:35:30 -0300] "GET /cormun/static/Shared/jqueryui/images/ui-icons_82798d_256x240.png HTTP/1.1" 404 1089
186.103.157.42 - - [24/Sep/2024:16:35:30 -0300] "GET /cormun/static/Shared/jqueryui/images/ui-bg_flat_55_fafafa_40x100.png HTTP/1.1" 404 1097
186.103.157.42 - - [24/Sep/2024:16:35:30 -0300] "GET /cormun/static/Shared/jqueryui/images/ui-icons_8d78a5_256x240.png HTTP/1.1" 404 1089
186.103.157.42 - - [24/Sep/2024:16:35:30 -0300] "POST /cormun/servlet/trsolicitudot?95ca0d7e055c276c23c7e9315e269989,gx-no-cache=1727206527533 HTTP/1.1" 200 4604
186.103.157.42 - - [24/Sep/2024:16:35:33 -0300] "GET /cormun/servlet/trautorizarsolicitud? HTTP/1.1" 200 8881
181.212.40.185 - - [24/Sep/2024:16:35:33 -0300] "POST /cormun/servlet/trpermisosgoce?dce563709a2b329c0e96c4e6e5328aae,,gx-no-cache=1727206506892 HTTP/1.1" 200 16871
181.212.40.185 - - [24/Sep/2024:16:35:36 -0300] "POST /cormun/servlet/trpermisosgoce?dce563709a2b329c0e96c4e6e5328aae,,gx-no-cache=1727206509292 HTTP/1.1" 200 104
181.212.40.185 - - [24/Sep/2024:16:35:36 -0300] "GET /cormun/PermisosGoce-9326.xls HTTP/1.1" 200 77312
186.103.157.42 - - [24/Sep/2024:16:35:38 -0300] "POST /cormun/servlet/trautorizarsolicitud?95ca0d7e055c276c23c7e9315e269989,,gx-no-cache=1727206534351 HTTP/1.1" 200 107
186.103.157.42 - - [24/Sep/2024:16:35:38 -0300] "GET /cormun/servlet/trsolicitudadjuntos?2024,21759, HTTP/1.1" 200 10519
186.103.157.42 - - [24/Sep/2024:16:35:44 -0300] "POST /cormun/servlet/trsolicitudadjuntos?95ca0d7e055c276c23c7e9315e269989,2024,21759,,gx-no-cache=1727206541462 HTTP/1.1" 200 90
186.103.157.42 - - [24/Sep/2024:16:35:44 -0300] "GET /cormun/servlet/hpexe_link HTTP/1.1" 200 966
186.103.157.42 - - [24/Sep/2024:16:35:44 -0300] "GET /cormun/servlet/trautorizarsolicitud HTTP/1.1" 200 8882
186.103.157.42 - - [24/Sep/2024:16:36:03 -0300] "POST /cormun/servlet/trautorizarsolicitud?95ca0d7e055c276c23c7e9315e269989,gx-no-cache=1727206561022 HTTP/1.1" 200 4772
186.103.157.42 - - [24/Sep/2024:16:36:03 -0300] "POST /cormun/servlet/trautorizarsolicitud?95ca0d7e055c276c23c7e9315e269989,gx-no-cache=1727206561145 HTTP/1.1" 200 4533
186.103.157.42 - - [24/Sep/2024:16:36:07 -0300] "GET /cormun/servlet/trautorizarsolicitud? HTTP/1.1" 200 7487
154.213.184.18 - - [24/Sep/2024:16:41:27 -0300] "CONNECT example.com:443 HTTP/1.1" 400 -
181.212.40.185 - - [24/Sep/2024:16:42:17 -0300] "POST /cormun/servlet/trpermisosgoce?dce563709a2b329c0e96c4e6e5328aae,,gx-no-cache=1727206911330 HTTP/1.1" 200 16850
201.186.225.191 - - [24/Sep/2024:16:42:53 -0300] "GET /cormun/servlet/hlogin HTTP/1.1" 200 1722
201.186.225.191 - - [24/Sep/2024:16:43:00 -0300] "POST /cormun/servlet/hlogin?4c1711a40f404bd1cf33b03a5e616eff,gx-no-cache=1727206953918 HTTP/1.1" 200 430
201.186.225.191 - - [24/Sep/2024:16:43:07 -0300] "POST /cormun/servlet/hlogin?4c1711a40f404bd1cf33b03a5e616eff,gx-no-cache=1727206960143 HTTP/1.1" 200 90
201.186.225.191 - - [24/Sep/2024:16:43:07 -0300] "GET /cormun/servlet/hpexe_link HTTP/1.1" 200 952
201.186.225.191 - - [24/Sep/2024:16:43:07 -0300] "GET /cormun/servlet/hhome HTTP/1.1" 200 4181
201.186.225.191 - - [24/Sep/2024:16:43:09 -0300] "GET /cormun/servlet/trlicencias? HTTP/1.1" 200 10236
201.186.225.191 - - [24/Sep/2024:16:43:21 -0300] "GET /cormun/servlet/hlogin HTTP/1.1" 200 1738
190.171.142.42 - - [24/Sep/2024:16:44:56 -0300] "POST /cormun/servlet/hlogin?88d4976339ce4a6875bab1a5ceed0f9e,gx-no-cache=1727207064997 HTTP/1.1" 440 972
190.171.142.42 - - [24/Sep/2024:16:48:36 -0300] "GET /cormun/servlet/hlogin HTTP/1.1" 200 1733
87.120.166.244 - - [24/Sep/2024:16:55:43 -0300] "CONNECT google.com:443 HTTP/1.1" 400 -
190.171.153.26 - - [24/Sep/2024:16:58:17 -0300] "GET /cormun/servlet/hlogin HTTP/1.1" 200 1742
190.171.141.138 - - [24/Sep/2024:16:58:21 -0300] "GET /cormun/servlet/trlicencias? HTTP/1.1" 200 15875
190.171.141.138 - - [24/Sep/2024:16:58:33 -0300] "POST /cormun/servlet/trlicencias?cffed66fbd474ba0c78d09e07f4e71fa,,gx-no-cache=1727207885151 HTTP/1.1" 200 5683
190.171.142.42 - - [24/Sep/2024:17:02:43 -0300] "POST /cormun/servlet/hlogin?96f8955a13b5183ca45dd6b3f3bc5052,gx-no-cache=1727208132407 HTTP/1.1" 200 90
190.171.142.42 - - [24/Sep/2024:17:02:43 -0300] "GET /cormun/servlet/hpexe_link HTTP/1.1" 200 954
190.171.142.42 - - [24/Sep/2024:17:02:43 -0300] "GET /cormun/servlet/hhome HTTP/1.1" 200 3915
190.171.142.42 - - [24/Sep/2024:17:02:46 -0300] "GET /cormun/servlet/trpermisosgoce? HTTP/1.1" 200 13589
190.171.142.42 - - [24/Sep/2024:17:02:59 -0300] "GET /cormun/servlet/trpermisosgoce? HTTP/1.1" 200 13587
190.171.142.42 - - [24/Sep/2024:17:03:02 -0300] "GET /cormun/servlet/permisogoce?INS,0,,, HTTP/1.1" 200 6776
190.171.142.42 - - [24/Sep/2024:17:03:12 -0300] "GET /cormun/servlet/permisogoce?ca9a67497066a8cc793610bd08f6d86ec4f7759008f444a4abf6402e606e3e26a469b1b093774cbf571f0f8feeac67bad26633173699d0ce1422934d2c43aafc,gx-no-cache=1727208164132 HTTP/1.1" 200 83
190.171.142.42 - - [24/Sep/2024:17:03:12 -0300] "GET /cormun/static/menuarrow.gif HTTP/1.1" 404 1015
190.171.142.42 - - [24/Sep/2024:17:03:20 -0300] "GET /cormun/servlet/permisogoce?ca9a67497066a8cc793610bd08f6d86ecda922d3d56f8703d31819d8fae5f477083d51a35bcd5678beb629bb75bef15f5cf5178c9c410c63b52ca6c4c09fc3de,gx-no-cache=1727208172512 HTTP/1.1" 200 48
190.171.142.42 - - [24/Sep/2024:17:03:23 -0300] "POST /cormun/servlet/permisogoce?96f8955a13b5183ca45dd6b3f3bc5052,INS,0,,,,gx-no-cache=1727208175186 HTTP/1.1" 200 93
190.171.142.42 - - [24/Sep/2024:17:03:23 -0300] "GET /cormun/servlet/hpexe_return? HTTP/1.1" 200 1013
190.171.142.42 - - [24/Sep/2024:17:03:23 -0300] "GET /cormun/servlet/trpermisosgoce HTTP/1.1" 200 13810
190.171.142.42 - - [24/Sep/2024:17:04:14 -0300] "GET /cormun/servlet/permisogoce?INS,0,,, HTTP/1.1" 200 6775
190.171.142.42 - - [24/Sep/2024:17:04:23 -0300] "POST /cormun/servlet/permisogoce?96f8955a13b5183ca45dd6b3f3bc5052,INS,0,,,,gx-no-cache=1727208235068 HTTP/1.1" 200 4493
190.171.142.42 - - [24/Sep/2024:17:04:23 -0300] "GET /cormun/static/Shared/jqueryui/images/ui-bg_highlight-soft_100_c6c2c8_1x100.png HTTP/1.1" 404 1117
190.171.142.42 - - [24/Sep/2024:17:04:23 -0300] "GET /cormun/static/Shared/jqueryui/images/ui-icons_82798d_256x240.png HTTP/1.1" 404 1089
190.171.142.42 - - [24/Sep/2024:17:04:23 -0300] "GET /cormun/static/Shared/jqueryui/images/ui-icons_ebccce_256x240.png HTTP/1.1" 404 1089
190.171.142.42 - - [24/Sep/2024:17:04:23 -0300] "GET /cormun/static/Shared/jqueryui/images/ui-bg_flat_55_994d53_40x100.png HTTP/1.1" 404 1097
