200.54.107.2 - - [24/Sep/2024:12:14:48 -0300] "POST /cormun/servlet/solicitudot?gx-no-cache=1727190860688 HTTP/1.1" 200 1483
10.40.40.2 - - [24/Sep/2024:12:14:48 -0300] "GET /cormun/PublicTempStorage/certificado_fonasa3751530.pdf HTTP/1.1" 200 71977
200.54.107.2 - - [24/Sep/2024:12:14:50 -0300] "POST /cormun/servlet/solicitudot?gx-no-cache=1727190862829 HTTP/1.1" 200 41
181.212.40.185 - - [24/Sep/2024:12:15:14 -0300] "GET /cormun/servlet/permisosadjuntos?INS,15993605,P,20240924121356,, HTTP/1.1" 200 5851
181.212.40.185 - - [24/Sep/2024:12:15:14 -0300] "GET /cormun/static/about:blank HTTP/1.1" 404 1011
181.212.40.185 - - [24/Sep/2024:12:15:25 -0300] "POST /cormun/servlet/permisosadjuntos?b24339005218edaa84caed8704a13ddc,INS,15993605,P,20240924121356,, HTTP/1.1" 200 116
181.212.40.185 - - [24/Sep/2024:12:15:25 -0300] "GET /cormun/servlet/hpexe_return? HTTP/1.1" 200 1036
181.212.40.185 - - [24/Sep/2024:12:15:25 -0300] "GET /cormun/servlet/trpermisosadjuntos?15993605,20240924121356,P, HTTP/1.1" 200 7063
181.212.40.185 - - [24/Sep/2024:12:15:28 -0300] "POST /cormun/servlet/trpermisosadjuntos?b24339005218edaa84caed8704a13ddc,15993605,20240924121356,P,,gx-no-cache=1727190901632 HTTP/1.1" 200 90
181.212.40.185 - - [24/Sep/2024:12:15:28 -0300] "GET /cormun/servlet/hpexe_link HTTP/1.1" 200 1003
181.212.40.185 - - [24/Sep/2024:12:15:28 -0300] "GET /cormun/servlet/trpermisosgoce?gx-no-cache=1727190346618 HTTP/1.1" 200 19460
181.212.40.185 - - [24/Sep/2024:12:15:31 -0300] "POST /cormun/servlet/trpermisosgoce?b24339005218edaa84caed8704a13ddc,gx-no-cache=1727190346618,gx-no-cache=1727190904320 HTTP/1.1" 200 16827
200.54.107.2 - - [24/Sep/2024:12:16:43 -0300] "GET /cormun/servlet/solicitudot?2c359a8dc3a67f7341415bf97864745337484a013b8fa72cb1ad070d655d1d5c7627540134dd7b7f527e07c8b0c1ad5ceca231ccef7ee0999c6c923fe4621533783938c94bed100cef0827e935e7627981c22e37b1e920b0efac38b6fac633f92fd1a79858dc8a1c83a4d86c335b909a,gx-no-cache=1727190976022 HTTP/1.1" 200 110
200.54.107.2 - - [24/Sep/2024:12:16:43 -0300] "POST /cormun/servlet/solicitudot?gx-no-cache=1727190976064 HTTP/1.1" 200 79
200.54.107.2 - - [24/Sep/2024:12:16:47 -0300] "GET /cormun/servlet/solicitudot?2c359a8dc3a67f7341415bf978647453f6ed0e92c11b1241b1bcfbde86ea9be381d7c992b14e0b02f1f6838a1904a4f7aa30f33c78c53a04d559143a96214894e42ed1ee124e9412776cf0443358e0d0803d93748ec8743395bae5739685d6fac2fb284c9e6465e68a14aacd379260c3,gx-no-cache=1727190980203 HTTP/1.1" 200 29
200.54.107.2 - - [24/Sep/2024:12:16:47 -0300] "GET /cormun/static/menuarrow.gif HTTP/1.1" 404 1015
200.54.107.2 - - [24/Sep/2024:12:16:51 -0300] "GET /cormun/servlet/solicitudot?2c359a8dc3a67f7341415bf978647453a3ad9e88f366154817ff341947e1d353cd2748d99fce124092eab68b9b3c9dbe,gx-no-cache=1727190984545 HTTP/1.1" 200 30
200.54.107.2 - - [24/Sep/2024:12:16:51 -0300] "POST /cormun/servlet/solicitudot?gx-no-cache=1727190984572 HTTP/1.1" 200 34
200.54.107.2 - - [24/Sep/2024:12:17:21 -0300] "POST /cormun/servlet/solicitudot?b1a0cf3d0526f44fdc3e1fcfa7ec60b5,INS,0,0,false,,gx-no-cache=1727191012725 HTTP/1.1" 200 93
200.54.107.2 - - [24/Sep/2024:12:17:21 -0300] "GET /cormun/servlet/hpexe_return? HTTP/1.1" 200 1012
200.54.107.2 - - [24/Sep/2024:12:17:21 -0300] "GET /cormun/servlet/trsolicitudot HTTP/1.1" 200 9011
190.171.143.82 - - [24/Sep/2024:12:17:52 -0300] "GET /cormun/servlet/permisogoce?INS,0,,, HTTP/1.1" 200 6031
190.171.143.82 - - [24/Sep/2024:12:17:52 -0300] "GET /cormun/servlet/hlogin HTTP/1.1" 200 1745
190.171.143.82 - - [24/Sep/2024:12:17:55 -0300] "POST /cormun/servlet/hlogin?f89714def952a2e5dd6b46e0e2fe54d3,gx-no-cache=1727191048664 HTTP/1.1" 200 90
190.171.143.82 - - [24/Sep/2024:12:17:55 -0300] "GET /cormun/servlet/hpexe_link HTTP/1.1" 200 964
190.171.143.82 - - [24/Sep/2024:12:17:55 -0300] "GET /cormun/servlet/permisogoce?INS,0,,, HTTP/1.1" 200 6969
190.171.143.82 - - [24/Sep/2024:12:18:09 -0300] "GET /cormun/servlet/permisogoce?a45d840b9f565df5395be1ae7571c522266d990679fb83b8c64ddd62735a566d887729b8ca1eac218866ad8dd850747bd15b7a4028cba116ffeec43d0284e264,gx-no-cache=1727191062322 HTTP/1.1" 200 86
190.171.143.82 - - [24/Sep/2024:12:18:14 -0300] "GET /cormun/servlet/permisogoce?a45d840b9f565df5395be1ae7571c522cc8d02ea48561668de222d5121b6851f50e25cd3b948a9ce77dae28fcdaae3206da5a6d246bd609c0461774db1b5afed,gx-no-cache=1727191067205 HTTP/1.1" 200 49
190.171.143.82 - - [24/Sep/2024:12:18:16 -0300] "POST /cormun/servlet/permisogoce?f89714def952a2e5dd6b46e0e2fe54d3,INS,0,,,,gx-no-cache=1727191068722 HTTP/1.1" 200 93
190.171.143.82 - - [24/Sep/2024:12:18:16 -0300] "GET /cormun/servlet/hpexe_return? HTTP/1.1" 200 1006
190.171.143.82 - - [24/Sep/2024:12:18:16 -0300] "GET /cormun/servlet/hhome HTTP/1.1" 200 4267
190.171.143.82 - - [24/Sep/2024:12:18:19 -0300] "GET /cormun/servlet/trpermisosgoce? HTTP/1.1" 200 14910
190.171.143.82 - - [24/Sep/2024:12:18:23 -0300] "GET /cormun/servlet/apermisogoceprn?18955083,P,20240924121746,PU HTTP/1.1" 200 1655
181.212.40.185 - - [24/Sep/2024:12:21:33 -0300] "GET /cormun/servlet/permisogoce?INS,0,,, HTTP/1.1" 200 7120
181.212.40.185 - - [24/Sep/2024:12:21:39 -0300] "GET /cormun/servlet/permisogoce?c0b2c539e7760148ecc36c8b97cf733fbbf2879de657ec80c34a46aa957cd9944afeeb400190ad9dfaf575c0446872761f050615503e6813d8831046ef20ab9a,gx-no-cache=1727191272208 HTTP/1.1" 200 226
181.212.40.185 - - [24/Sep/2024:12:21:39 -0300] "GET /cormun/static/Shared/jqueryui/images/ui-icons_82798d_256x240.png HTTP/1.1" 404 1089
181.212.40.185 - - [24/Sep/2024:12:21:39 -0300] "GET /cormun/static/Shared/jqueryui/images/ui-bg_highlight-soft_100_c6c2c8_1x100.png HTTP/1.1" 404 1117
181.212.40.185 - - [24/Sep/2024:12:21:39 -0300] "GET /cormun/static/Shared/jqueryui/images/ui-bg_flat_55_994d53_40x100.png HTTP/1.1" 404 1097
181.212.40.185 - - [24/Sep/2024:12:21:39 -0300] "GET /cormun/static/Shared/jqueryui/images/ui-icons_ebccce_256x240.png HTTP/1.1" 404 1089
181.212.40.185 - - [24/Sep/2024:12:23:04 -0300] "GET /cormun/servlet/permisogoce?c0b2c539e7760148ecc36c8b97cf733f31c33d9456bd6121da6922b9b04b71fe4afeeb400190ad9dfaf575c0446872761f050615503e6813d8831046ef20ab9a,gx-no-cache=1727191357523 HTTP/1.1" 200 77
181.212.40.185 - - [24/Sep/2024:12:23:08 -0300] "GET /cormun/static/menuarrow.gif HTTP/1.1" 404 1015
181.212.40.185 - - [24/Sep/2024:12:23:15 -0300] "GET /cormun/servlet/permisogoce?c0b2c539e7760148ecc36c8b97cf733f89ee31d477d0061a47bf41c65ad1df5f83995f4c7069bfd2084ab68dc364f99a0e85d7f08ae2a107eb66928f5c2ea6e6,gx-no-cache=1727191368774 HTTP/1.1" 200 47
181.212.40.185 - - [24/Sep/2024:12:23:32 -0300] "POST /cormun/servlet/permisogoce?b24339005218edaa84caed8704a13ddc,INS,0,,,,gx-no-cache=1727191384864 HTTP/1.1" 200 93
181.212.40.185 - - [24/Sep/2024:12:23:32 -0300] "GET /cormun/servlet/hpexe_return? HTTP/1.1" 200 1030
181.212.40.185 - - [24/Sep/2024:12:23:32 -0300] "GET /cormun/servlet/trpermisosgoce?gx-no-cache=1727190346618 HTTP/1.1" 200 19520
181.212.40.185 - - [24/Sep/2024:12:23:37 -0300] "GET /cormun/servlet/trpermisosadjuntos?12163978,20240924122124,P, HTTP/1.1" 200 6546
181.212.40.185 - - [24/Sep/2024:12:23:38 -0300] "GET /cormun/servlet/permisosadjuntos?INS,12163978,P,20240924122124,, HTTP/1.1" 200 5846
181.212.40.185 - - [24/Sep/2024:12:23:38 -0300] "GET /cormun/static/about:blank HTTP/1.1" 404 1011
181.212.40.185 - - [24/Sep/2024:12:23:42 -0300] "POST /cormun/servlet/permisosadjuntos?b24339005218edaa84caed8704a13ddc,INS,12163978,P,20240924122124,, HTTP/1.1" 200 116
181.212.40.185 - - [24/Sep/2024:12:23:42 -0300] "GET /cormun/servlet/hpexe_return? HTTP/1.1" 200 1036
181.212.40.185 - - [24/Sep/2024:12:23:42 -0300] "GET /cormun/servlet/trpermisosadjuntos?12163978,20240924122124,P, HTTP/1.1" 200 7060
181.212.40.185 - - [24/Sep/2024:12:23:46 -0300] "POST /cormun/servlet/trpermisosadjuntos?b24339005218edaa84caed8704a13ddc,12163978,20240924122124,P,,gx-no-cache=1727191399295 HTTP/1.1" 200 90
181.212.40.185 - - [24/Sep/2024:12:23:46 -0300] "GET /cormun/servlet/hpexe_link HTTP/1.1" 200 1003
181.212.40.185 - - [24/Sep/2024:12:23:46 -0300] "GET /cormun/servlet/trpermisosgoce?gx-no-cache=1727190346618 HTTP/1.1" 200 19512
181.212.40.185 - - [24/Sep/2024:12:23:48 -0300] "POST /cormun/servlet/trpermisosgoce?b24339005218edaa84caed8704a13ddc,gx-no-cache=1727190346618,gx-no-cache=1727191401751 HTTP/1.1" 200 16840
181.212.40.185 - - [24/Sep/2024:12:23:48 -0300] "GET /cormun/static/Shared/jqueryui/images/ui-bg_flat_55_fafafa_40x100.png HTTP/1.1" 404 1097
181.212.40.185 - - [24/Sep/2024:12:23:48 -0300] "GET /cormun/static/Shared/jqueryui/images/ui-icons_8d78a5_256x240.png HTTP/1.1" 404 1089
154.213.187.186 - - [24/Sep/2024:12:24:06 -0300] "CONNECT google.com:443 HTTP/1.1" 400 -
190.95.15.15 - - [24/Sep/2024:12:26:20 -0300] "GET /cormun/servlet/trlicencias HTTP/1.1" 200 6048
190.95.15.15 - - [24/Sep/2024:12:26:20 -0300] "GET /cormun/servlet/hlogin HTTP/1.1" 200 1733
190.95.15.15 - - [24/Sep/2024:12:26:28 -0300] "POST /cormun/servlet/hlogin?413544c81e82cccd83f69f4b312d490b,gx-no-cache=1727191560952 HTTP/1.1" 200 90
190.95.15.15 - - [24/Sep/2024:12:26:28 -0300] "GET /cormun/servlet/hpexe_link HTTP/1.1" 200 953
190.95.15.15 - - [24/Sep/2024:12:26:29 -0300] "GET /cormun/servlet/trlicencias HTTP/1.1" 200 11788
190.171.143.82 - - [24/Sep/2024:12:26:34 -0300] "GET /cormun/servlet/trpermisosadjuntos?19018878,20240924091406,P, HTTP/1.1" 200 6576
190.171.143.82 - - [24/Sep/2024:12:26:35 -0300] "GET /cormun/servlet/permisosadjuntos?INS,19018878,P,20240924091406,, HTTP/1.1" 200 5904
190.171.143.82 - - [24/Sep/2024:12:26:36 -0300] "GET /cormun/static/about:blank HTTP/1.1" 404 1011
190.171.143.82 - - [24/Sep/2024:12:26:48 -0300] "POST /cormun/servlet/permisosadjuntos?f89714def952a2e5dd6b46e0e2fe54d3,INS,19018878,P,20240924091406,, HTTP/1.1" 200 116
190.171.143.82 - - [24/Sep/2024:12:26:49 -0300] "GET /cormun/servlet/hpexe_return? HTTP/1.1" 200 1035
190.171.143.82 - - [24/Sep/2024:12:26:49 -0300] "GET /cormun/servlet/trpermisosadjuntos?19018878,20240924091406,P, HTTP/1.1" 200 7096
190.171.143.82 - - [24/Sep/2024:12:26:54 -0300] "POST /cormun/servlet/trpermisosadjuntos?f89714def952a2e5dd6b46e0e2fe54d3,19018878,20240924091406,P,,gx-no-cache=1727191586994 HTTP/1.1" 200 90
190.171.143.82 - - [24/Sep/2024:12:26:54 -0300] "GET /cormun/servlet/hpexe_link HTTP/1.1" 200 981
190.171.143.82 - - [24/Sep/2024:12:26:54 -0300] "GET /cormun/servlet/trpermisosgoce HTTP/1.1" 200 14874
190.171.143.82 - - [24/Sep/2024:12:27:01 -0300] "GET /cormun/servlet/trpermisosadjuntos?19083549,20240924095538,P, HTTP/1.1" 200 6588
190.171.143.82 - - [24/Sep/2024:12:27:03 -0300] "GET /cormun/servlet/permisosadjuntos?INS,19083549,P,20240924095538,, HTTP/1.1" 200 5917
190.171.143.82 - - [24/Sep/2024:12:27:03 -0300] "GET /cormun/static/about:blank HTTP/1.1" 404 1011
190.171.143.82 - - [24/Sep/2024:12:27:10 -0300] "POST /cormun/servlet/permisosadjuntos?f89714def952a2e5dd6b46e0e2fe54d3,INS,19083549,P,20240924095538,, HTTP/1.1" 200 116
190.171.143.82 - - [24/Sep/2024:12:27:10 -0300] "GET /cormun/servlet/hpexe_return? HTTP/1.1" 200 1035
190.171.143.82 - - [24/Sep/2024:12:27:10 -0300] "GET /cormun/servlet/trpermisosadjuntos?19083549,20240924095538,P, HTTP/1.1" 200 7109
190.171.143.82 - - [24/Sep/2024:12:27:15 -0300] "POST /cormun/servlet/trpermisosadjuntos?f89714def952a2e5dd6b46e0e2fe54d3,19083549,20240924095538,P,,gx-no-cache=1727191607986 HTTP/1.1" 200 90
190.171.143.82 - - [24/Sep/2024:12:27:15 -0300] "GET /cormun/servlet/hpexe_link HTTP/1.1" 200 981
190.171.143.82 - - [24/Sep/2024:12:27:15 -0300] "GET /cormun/servlet/trpermisosgoce HTTP/1.1" 200 14874
190.171.143.82 - - [24/Sep/2024:12:27:19 -0300] "GET /cormun/servlet/trpermisosadjuntos?13718866,20240924114158,P, HTTP/1.1" 200 6584
190.171.143.82 - - [24/Sep/2024:12:27:21 -0300] "GET /cormun/servlet/permisosadjuntos?INS,13718866,P,20240924114158,, HTTP/1.1" 200 5913
190.171.143.82 - - [24/Sep/2024:12:27:21 -0300] "GET /cormun/static/about:blank HTTP/1.1" 404 1011
190.171.143.82 - - [24/Sep/2024:12:27:30 -0300] "POST /cormun/servlet/permisosadjuntos?f89714def952a2e5dd6b46e0e2fe54d3,INS,13718866,P,20240924114158,, HTTP/1.1" 200 116
190.171.143.82 - - [24/Sep/2024:12:27:30 -0300] "GET /cormun/servlet/hpexe_return? HTTP/1.1" 200 1038
190.171.143.82 - - [24/Sep/2024:12:27:30 -0300] "GET /cormun/servlet/trpermisosadjuntos?13718866,20240924114158,P, HTTP/1.1" 200 7099
190.171.143.82 - - [24/Sep/2024:12:27:34 -0300] "POST /cormun/servlet/trpermisosadjuntos?f89714def952a2e5dd6b46e0e2fe54d3,13718866,20240924114158,P,,gx-no-cache=1727191627378 HTTP/1.1" 200 90
190.171.143.82 - - [24/Sep/2024:12:27:34 -0300] "GET /cormun/servlet/hpexe_link HTTP/1.1" 200 983
190.171.143.82 - - [24/Sep/2024:12:27:34 -0300] "GET /cormun/servlet/trpermisosgoce HTTP/1.1" 200 14887
10.40.40.2 - - [24/Sep/2024:12:27:36 -0300] "GET /cormun/servlet/vesolicitudgral?2024,21766,,SolicitudOTAdjuntos HTTP/1.1" 200 11255
10.40.40.2 - - [24/Sep/2024:12:27:37 -0300] "POST /cormun/servlet/acontrolpreferencessavestate?None,RRHH+DANIELA,true HTTP/1.1" 200 35
10.40.40.2 - - [24/Sep/2024:12:27:37 -0300] "GET /cormun/servlet/vesolicitudgral?2024,21766,,General HTTP/1.1" 200 8411
10.40.40.2 - - [24/Sep/2024:12:27:37 -0300] "GET /cormun/pexe_scrolldiv.js HTTP/1.1" 404 1009
190.171.143.82 - - [24/Sep/2024:12:27:38 -0300] "POST /cormun/servlet/trpermisosgoce?f89714def952a2e5dd6b46e0e2fe54d3,gx-no-cache=1727191631436 HTTP/1.1" 200 12253
190.171.143.82 - - [24/Sep/2024:12:27:38 -0300] "GET /cormun/static/Shared/jqueryui/images/ui-bg_highlight-soft_100_c6c2c8_1x100.png HTTP/1.1" 404 1117
190.171.143.82 - - [24/Sep/2024:12:27:38 -0300] "GET /cormun/static/Shared/jqueryui/images/ui-icons_82798d_256x240.png HTTP/1.1" 404 1089
190.171.143.82 - - [24/Sep/2024:12:27:38 -0300] "GET /cormun/static/Shared/jqueryui/images/ui-icons_8d78a5_256x240.png HTTP/1.1" 404 1089
190.171.143.82 - - [24/Sep/2024:12:27:38 -0300] "GET /cormun/static/Shared/jqueryui/images/ui-bg_flat_55_fafafa_40x100.png HTTP/1.1" 404 1097
190.171.143.82 - - [24/Sep/2024:12:27:41 -0300] "POST /cormun/servlet/trpermisosgoce?f89714def952a2e5dd6b46e0e2fe54d3,gx-no-cache=1727191634457 HTTP/1.1" 200 12220
190.171.143.82 - - [24/Sep/2024:12:27:45 -0300] "POST /cormun/servlet/trpermisosgoce?f89714def952a2e5dd6b46e0e2fe54d3,gx-no-cache=1727191638513 HTTP/1.1" 200 12194
190.171.143.82 - - [24/Sep/2024:12:27:50 -0300] "GET /cormun/servlet/trautorizarpermisogoce? HTTP/1.1" 200 8464
190.171.143.82 - - [24/Sep/2024:12:27:55 -0300] "POST /cormun/servlet/trautorizarpermisogoce?f89714def952a2e5dd6b46e0e2fe54d3,,gx-no-cache=1727191648363 HTTP/1.1" 200 5554
190.171.143.82 - - [24/Sep/2024:12:27:56 -0300] "POST /cormun/servlet/trautorizarpermisogoce?f89714def952a2e5dd6b46e0e2fe54d3,,gx-no-cache=1727191649160 HTTP/1.1" 200 5272
190.171.143.82 - - [24/Sep/2024:12:27:57 -0300] "POST /cormun/servlet/trautorizarpermisogoce?f89714def952a2e5dd6b46e0e2fe54d3,,gx-no-cache=1727191649832 HTTP/1.1" 200 4518
190.171.143.82 - - [24/Sep/2024:12:28:00 -0300] "GET /cormun/servlet/trpermisosgoce? HTTP/1.1" 200 14867
154.213.184.25 - - [24/Sep/2024:12:29:50 -0300] "CONNECT google.com:443 HTTP/1.1" 400 -
190.171.141.82 - - [24/Sep/2024:12:29:53 -0300] "GET /cormun/PublicTempStorage/afp_-_aguilera_galvez_nathaly_gisselle9053646.pdf HTTP/1.1" 200 445840
10.40.40.2 - - [24/Sep/2024:12:30:03 -0300] "GET /cormun/servlet/trsolicitudgral? HTTP/1.1" 200 9756
10.40.40.2 - - [24/Sep/2024:12:30:09 -0300] "POST /cormun/servlet/trsolicitudgral?ff848783c4f379ec7582461a2aaee92f,,gx-no-cache=1727191816490 HTTP/1.1" 200 7581
190.171.141.82 - - [24/Sep/2024:12:30:16 -0300] "GET /cormun/servlet/trsolicitudadjuntos?2024,21738, HTTP/1.1" 200 10470
10.40.40.2 - - [24/Sep/2024:12:31:30 -0300] "POST /cormun/servlet/trsolicitudgral?ff848783c4f379ec7582461a2aaee92f,,gx-no-cache=1727191897593 HTTP/1.1" 200 7582
190.171.143.82 - - [24/Sep/2024:12:32:37 -0300] "GET /cormun/static/menuarrow.gif HTTP/1.1" 404 1015
190.171.143.82 - - [24/Sep/2024:12:32:57 -0300] "POST /cormun/servlet/trpermisosgoce?f89714def952a2e5dd6b46e0e2fe54d3,,gx-no-cache=1727191950418 HTTP/1.1" 200 5939
190.171.143.82 - - [24/Sep/2024:12:33:22 -0300] "POST /cormun/servlet/trpermisosgoce?f89714def952a2e5dd6b46e0e2fe54d3,,gx-no-cache=1727191975335 HTTP/1.1" 200 5561
190.171.143.82 - - [24/Sep/2024:12:33:36 -0300] "POST /cormun/servlet/trpermisosgoce?f89714def952a2e5dd6b46e0e2fe54d3,,gx-no-cache=1727191989543 HTTP/1.1" 200 5934
190.171.143.82 - - [24/Sep/2024:12:33:57 -0300] "POST /cormun/servlet/trpermisosgoce?f89714def952a2e5dd6b46e0e2fe54d3,,gx-no-cache=1727192010383 HTTP/1.1" 200 5916
190.171.149.74 - - [24/Sep/2024:12:34:30 -0300] "GET /cormun/servlet/trpermisosgoce? HTTP/1.1" 200 6020
190.171.149.74 - - [24/Sep/2024:12:34:30 -0300] "GET /cormun/servlet/hlogin HTTP/1.1" 200 1740
190.171.149.74 - - [24/Sep/2024:12:34:36 -0300] "POST /cormun/servlet/hlogin?60ba757bd82791f2ba48041576002e05,gx-no-cache=1727192048756 HTTP/1.1" 200 90
190.171.149.74 - - [24/Sep/2024:12:34:36 -0300] "GET /cormun/servlet/hpexe_link HTTP/1.1" 200 954
190.171.149.74 - - [24/Sep/2024:12:34:36 -0300] "GET /cormun/servlet/trpermisosgoce HTTP/1.1" 200 15101
190.171.149.74 - - [24/Sep/2024:12:34:44 -0300] "GET /cormun/servlet/trsolicitudot? HTTP/1.1" 200 7202
190.171.149.74 - - [24/Sep/2024:12:34:44 -0300] "GET /cormun/static/gxcfg.js?20221129846531 HTTP/1.1" 200 953
190.171.149.74 - - [24/Sep/2024:12:34:44 -0300] "GET /cormun/static/trsolicitudot.js?202211298465651 HTTP/1.1" 200 54040
190.171.149.74 - - [24/Sep/2024:12:34:47 -0300] "GET /cormun/servlet/solicitudot?INS,0,0,false, HTTP/1.1" 200 15974
190.171.149.74 - - [24/Sep/2024:12:34:47 -0300] "GET /cormun/static/gxcfg.js?20221129840861 HTTP/1.1" 200 953
190.171.149.74 - - [24/Sep/2024:12:34:47 -0300] "GET /cormun/static/solicitudot.js?20221129840983 HTTP/1.1" 200 74072
190.171.149.74 - - [24/Sep/2024:12:34:57 -0300] "POST /cormun/servlet/solicitudot?gx-no-cache=1727192069710 HTTP/1.1" 200 4040
190.171.149.74 - - [24/Sep/2024:12:34:57 -0300] "POST /cormun/servlet/solicitudot?60ba757bd82791f2ba48041576002e05,INS,0,0,false,,gx-no-cache=1727192069844 HTTP/1.1" 200 12610
190.171.149.74 - - [24/Sep/2024:12:34:58 -0300] "GET /cormun/servlet/solicitudot?e5ffc3e0731aae4703fff678143fd4ef526352040b1aae5e0c2e0a36359a1257d423709726cb61e5ea8e6202a59f20fa,gx-no-cache=1727192070445 HTTP/1.1" 200 30
190.171.143.82 - - [24/Sep/2024:12:35:09 -0300] "POST /cormun/servlet/trpermisosgoce?f89714def952a2e5dd6b46e0e2fe54d3,,gx-no-cache=1727192082503 HTTP/1.1" 200 5755
190.171.143.82 - - [24/Sep/2024:12:36:00 -0300] "POST /cormun/servlet/trpermisosgoce?f89714def952a2e5dd6b46e0e2fe54d3,,gx-no-cache=1727192133159 HTTP/1.1" 200 5560
181.212.40.185 - - [24/Sep/2024:12:36:14 -0300] "GET /cormun/servlet/permisogoce?INS,0,,, HTTP/1.1" 200 7119
190.171.142.18 - - [24/Sep/2024:12:36:18 -0300] "w+8Mød?\~—[Ô¡îÈ_9 †ôÃ:ãåôà41΄ .ž yYð+£KåWÇW¶¦Uœeå«C¬‘È2œÉs´ úų̩́À+À/À,À0ÀÀœ/5°úú#+::Dih2servicioos.cormun.clþ" 400 -
190.171.142.18 - - [24/Sep/2024:12:36:18 -0300] "ÝÙÞ«¶^\t./¼fŠ×g F} 2ú÷g»òe⊗R? :à’'A½r¥ÔaFÛ zß¡&Õ=ùÛÔWr¦K jj̨̩À+À/À,À0ÀÀœ/5p:: -3ï횚c™Àë>„´MôXùúÆSÄ׈²*“RföXCÒ"û2]a¦+ªL‡ƒÕ€åTK‰ÈrËu3œ1XKYj!PÔ{„bf2€#BÑ(S#øC}¨%wûhÃÒÀ®JØup3[’­q(Íàl—rwqŸ³ƒ¨#¦—]¶hz¦™Ã2!¨å 4¹…,RqÂ÷sªEWʁEë4)8Csjc:lY×e¹¼ `¯)Jݕ¯i<@!wó“ˆHÏ*¶T3ÑÉc»”"Y´óê›>ñˆ¡%e@xw ?:D€Tu!ëWŸòW‘K̈1þÉ!e£#ïæ®…¤Åõ,ú„á¸ÌºÁwù8l–YL²I'u[‹æ0Ä1àw€ì1!ãúÇ¥‰|Ô 7,jU¡­4¹4 ;$FÜ}(À>‚&õgĚ3)v´W!" 400 -
190.171.142.18 - - [24/Sep/2024:12:36:18 -0300] "GET /cormun/servlet/hlogin HTTP/1.1" 200 1711
190.171.142.18 - - [24/Sep/2024:12:36:18 -0300] "GET /cormun/static/gxtimezone.js?85251 HTTP/1.1" 200 5781
190.171.142.18 - - [24/Sep/2024:12:36:18 -0300] "GET /cormun/static/gxcfg.js?2022112219184450 HTTP/1.1" 200 953
190.171.142.18 - - [24/Sep/2024:12:36:18 -0300] "GET /cormun/static/messages.spa.js?85251 HTTP/1.1" 200 30736
190.171.142.18 - - [24/Sep/2024:12:36:18 -0300] "GET /cormun/static/Resources/CormunLogin.png HTTP/1.1" 200 19132
190.171.142.18 - - [24/Sep/2024:12:36:18 -0300] "GET /cormun/static/Resources/Spanish/PXTools.css?1759030 HTTP/1.1" 200 100853
190.171.142.18 - - [24/Sep/2024:12:36:18 -0300] "GET /cormun/static/hlogin.js?2022112219184458 HTTP/1.1" 200 2156
190.171.142.18 - - [24/Sep/2024:12:36:18 -0300] "GET /cormun/static/gxgral.js?85251 HTTP/1.1" 200 384558
190.171.142.18 - - [24/Sep/2024:12:36:18 -0300] "GET /cormun/static/Resources/PXToolsLoginTop.png HTTP/1.1" 200 1337
190.171.142.18 - - [24/Sep/2024:12:36:18 -0300] "GET /cormun/static/Resources/PXToolsLoginBackground.png HTTP/1.1" 200 1164
190.171.142.18 - - [24/Sep/2024:12:36:18 -0300] "GET /cormun/static/Resources/PXToolsLoginBottom.png HTTP/1.1" 200 1389
190.171.142.18 - - [24/Sep/2024:12:36:18 -0300] "GET /cormun/static/Resources/PXToolsButtonLeft.png HTTP/1.1" 200 1310
190.171.142.18 - - [24/Sep/2024:12:36:18 -0300] "GET /cormun/static/Resources/PXToolsButtonRight.png HTTP/1.1" 200 1294
190.171.142.18 - - [24/Sep/2024:12:36:18 -0300] "GET /cormun/static/Resources/PXToolsButtonBackground.png HTTP/1.1" 200 1176
190.171.142.18 - - [24/Sep/2024:12:36:18 -0300] "GET /cormun/static/Resources/indicator.gif HTTP/1.1" 200 1553
190.171.142.18 - - [24/Sep/2024:12:36:18 -0300] "GET /cormun/servlet/hlogin HTTP/1.1" 200 1721
190.171.142.18 - - [24/Sep/2024:12:36:19 -0300] "GET /favicon.ico HTTP/1.1" 200 21630
190.171.143.82 - - [24/Sep/2024:12:36:19 -0300] "POST /cormun/servlet/trpermisosgoce?f89714def952a2e5dd6b46e0e2fe54d3,,gx-no-cache=1727192152103 HTTP/1.1" 200 5567
181.212.40.185 - - [24/Sep/2024:12:36:21 -0300] "GET /cormun/servlet/permisogoce?c0b2c539e7760148ecc36c8b97cf733f97481968b0b9a265389939f32cc7de0d4afeeb400190ad9dfaf575c0446872761f050615503e6813d8831046ef20ab9a,gx-no-cache=1727192155000 HTTP/1.1" 200 76
190.171.142.18 - - [24/Sep/2024:12:36:23 -0300] "POST /cormun/servlet/hlogin?e541649afb1f67fd2650fcb92f2f9160,gx-no-cache=1727192180617 HTTP/1.1" 200 90
190.171.142.18 - - [24/Sep/2024:12:36:23 -0300] "GET /cormun/servlet/hpexe_link HTTP/1.1" 200 941
190.171.142.18 - - [24/Sep/2024:12:36:23 -0300] "GET /cormun/static/gxcfg.js?20221129847421 HTTP/1.1" 200 953
190.171.142.18 - - [24/Sep/2024:12:36:23 -0300] "GET /cormun/static/hpexe_link.js?20221129847423 HTTP/1.1" 200 625
190.171.142.18 - - [24/Sep/2024:12:36:23 -0300] "GET /cormun/static/Resources/Spanish/PXTools.css?8354383 HTTP/1.1" 200 100853
190.171.142.18 - - [24/Sep/2024:12:36:23 -0300] "GET /cormun/servlet/hhome HTTP/1.1" 200 4368
181.212.40.185 - - [24/Sep/2024:12:36:23 -0300] "GET /cormun/static/menuarrow.gif HTTP/1.1" 404 1015
190.171.142.18 - - [24/Sep/2024:12:36:24 -0300] "GET /cormun/static/Resources/Spanish/PXTools.css?14345360 HTTP/1.1" 200 100853
190.171.142.18 - - [24/Sep/2024:12:36:24 -0300] "GET /cormun/static/Shared/jqueryui/jquery-ui.min.css?1345370 HTTP/1.1" 200 30288
190.171.142.18 - - [24/Sep/2024:12:36:24 -0300] "GET /cormun/static/SmoothNavMenu/resources/ddsmoothmenu.css?1112540 HTTP/1.1" 200 2223
190.171.142.18 - - [24/Sep/2024:12:36:24 -0300] "GET /cormun/static/SmoothNavMenu/resources/ddsmoothmenu-v.css?1112540 HTTP/1.1" 200 1188
190.171.142.18 - - [24/Sep/2024:12:36:24 -0300] "GET /cormun/static/scaMessage/css/jquery.pnotify.default.css?1816380 HTTP/1.1" 200 1707
190.171.142.18 - - [24/Sep/2024:12:36:24 -0300] "GET /cormun/static/gxcfg.js?20201215495537 HTTP/1.1" 200 953
190.171.142.18 - - [24/Sep/2024:12:36:24 -0300] "GET /cormun/static/PXToolsJavascripts/pexe_autoreload.js HTTP/1.1" 200 1762
190.171.142.18 - - [24/Sep/2024:12:36:24 -0300] "GET /cormun/static/PXToolsJavascripts/pexe_cookies.js HTTP/1.1" 200 792
190.171.142.18 - - [24/Sep/2024:12:36:24 -0300] "GET /cormun/static/PXToolsJavascripts/pexe_griddivfix.js HTTP/1.1" 200 6946
190.171.142.18 - - [24/Sep/2024:12:36:24 -0300] "GET /cormun/static/PXToolsJavascripts/pexe_grid.js HTTP/1.1" 200 7559
190.171.142.18 - - [24/Sep/2024:12:36:24 -0300] "GET /cormun/static/PXToolsJavascripts/pexe_link.js HTTP/1.1" 200 5671
190.171.142.18 - - [24/Sep/2024:12:36:24 -0300] "GET /cormun/static/PXToolsJavascripts/pexe_menudivfix.js HTTP/1.1" 200 333
190.171.142.18 - - [24/Sep/2024:12:36:24 -0300] "GET /cormun/static/PXToolsJavascripts/pexe_windows.js HTTP/1.1" 200 15249
190.171.142.18 - - [24/Sep/2024:12:36:24 -0300] "GET /cormun/static/PXToolsJavascripts/pexe_menus.js HTTP/1.1" 200 1286
190.171.142.18 - - [24/Sep/2024:12:36:24 -0300] "GET /cormun/static/PXToolsJavascripts/pexe_layers.js HTTP/1.1" 200 4114
190.171.142.18 - - [24/Sep/2024:12:36:24 -0300] "GET /cormun/static/PXToolsJavascripts/pexe_oav.js HTTP/1.1" 200 645
190.171.142.18 - - [24/Sep/2024:12:36:24 -0300] "GET /cormun/static/PXToolsJavascripts/pexe_oavdivfix.js HTTP/1.1" 200 639
190.171.142.18 - - [24/Sep/2024:12:36:24 -0300] "GET /cormun/static/PXToolsJavascripts/pexe_picture.js HTTP/1.1" 200 689
190.171.142.18 - - [24/Sep/2024:12:36:24 -0300] "GET /cormun/static/PXToolsJavascripts/pexe_popup.js HTTP/1.1" 200 15149
190.171.142.18 - - [24/Sep/2024:12:36:24 -0300] "GET /cormun/static/PXToolsJavascripts/pexe_scrolldiv.js HTTP/1.1" 200 4138
190.171.142.18 - - [24/Sep/2024:12:36:24 -0300] "GET /cormun/static/PXToolsJavascripts/pexe_tabdivfix.js HTTP/1.1" 200 898
190.171.142.18 - - [24/Sep/2024:12:36:24 -0300] "GET /cormun/static/PXToolsJavascripts/pexe_tabs.js HTTP/1.1" 200 3748
190.171.142.18 - - [24/Sep/2024:12:36:24 -0300] "GET /cormun/static/PXToolsJavascripts/pexe_upload.js HTTP/1.1" 200 1423
190.171.142.18 - - [24/Sep/2024:12:36:24 -0300] "GET /cormun/static/PXToolsJavascripts/PXToolsJavascriptsRender.js HTTP/1.1" 200 367
190.171.142.18 - - [24/Sep/2024:12:36:24 -0300] "GET /cormun/static/Resources/CormunMP2.png HTTP/1.1" 200 6878
190.171.142.18 - - [24/Sep/2024:12:36:24 -0300] "GET /cormun/static/Resources/ImgHome.png HTTP/1.1" 200 1364
190.171.142.18 - - [24/Sep/2024:12:36:24 -0300] "GET /cormun/static/Resources/ImgLogin.png HTTP/1.1" 200 1432
190.171.142.18 - - [24/Sep/2024:12:36:24 -0300] "GET /cormun/static/RunJS/RunJS.js HTTP/1.1" 200 288
190.171.142.18 - - [24/Sep/2024:12:36:24 -0300] "GET /cormun/static/Resources/Llave.png HTTP/1.1" 200 1395
190.171.142.18 - - [24/Sep/2024:12:36:24 -0300] "GET /cormun/static/Shared/ext/locale/ext-lang-en.js HTTP/1.1" 200 10940
190.171.142.18 - - [24/Sep/2024:12:36:24 -0300] "GET /cormun/static/hhome.js?20201215495544 HTTP/1.1" 200 777
190.171.142.18 - - [24/Sep/2024:12:36:24 -0300] "GET /cormun/static/hwchdr01.js?2022112219251119 HTTP/1.1" 200 996
190.171.142.18 - - [24/Sep/2024:12:36:24 -0300] "GET /cormun/static/hpexe_recentlink.js?20201214471090 HTTP/1.1" 200 2144
190.171.142.18 - - [24/Sep/2024:12:36:24 -0300] "GET /cormun/static/Resources/PXToolsDataTitle.png HTTP/1.1" 200 1173
190.171.142.18 - - [24/Sep/2024:12:36:24 -0300] "GET /cormun/static/hpexe_scripts.js?20201214471411 HTTP/1.1" 200 1544
190.171.142.18 - - [24/Sep/2024:12:36:24 -0300] "GET /cormun/static/hpexe_messagecontroller.js?202211298371222 HTTP/1.1" 200 870
190.171.142.18 - - [24/Sep/2024:12:36:24 -0300] "GET /cormun/static/hpexe_messagepopupcomponent.js?2020121447232 HTTP/1.1" 200 605
190.171.142.18 - - [24/Sep/2024:12:36:24 -0300] "GET /cormun/static/hpexe_messagegenexuscomponent.js?20221129836373 HTTP/1.1" 200 587
190.171.142.18 - - [24/Sep/2024:12:36:24 -0300] "GET /cormun/static/gxui/gxui-all.js HTTP/1.1" 200 107772
190.171.142.18 - - [24/Sep/2024:12:36:24 -0300] "GET /cormun/static/cmcontrolpreferences.js?20199141926336 HTTP/1.1" 200 1375
190.171.142.18 - - [24/Sep/2024:12:36:24 -0300] "GET /cormun/static/SmoothNavMenu/resources/ddsmoothmenu.js HTTP/1.1" 200 12712
190.171.142.18 - - [24/Sep/2024:12:36:24 -0300] "GET /cormun/static/SmoothNavMenu/resources/SmoothNavMenuRender.js HTTP/1.1" 200 5951
190.171.142.18 - - [24/Sep/2024:12:36:24 -0300] "GET /cormun/static/scaMessage/js/jquery.pnotify.min.js HTTP/1.1" 200 13038
190.171.142.18 - - [24/Sep/2024:12:36:24 -0300] "GET /cormun/static/scaMessage/scaMessageRender.js HTTP/1.1" 200 11977
190.171.142.18 - - [24/Sep/2024:12:36:24 -0300] "GET /cormun/static/hmpwkw03.js?20221129844354 HTTP/1.1" 200 3971
190.171.142.18 - - [24/Sep/2024:12:36:24 -0300] "GET /cormun/static/Shared/jquery/jquery-1.4.2.min.js HTTP/1.1" 200 72174
190.171.142.18 - - [24/Sep/2024:12:36:24 -0300] "GET /cormun/static/Shared/jquery/jquery-1.10.2.min.js HTTP/1.1" 200 273199
190.171.142.18 - - [24/Sep/2024:12:36:24 -0300] "GET /cormun/static/Shared/ext/ext-all.js HTTP/1.1" 200 1289687
190.171.142.18 - - [24/Sep/2024:12:36:24 -0300] "GET /cormun/static/Shared/jqueryui/jquery-ui.min.js HTTP/1.1" 200 240427
190.171.142.18 - - [24/Sep/2024:12:36:24 -0300] "GET /cormun/static/SmoothNavMenu/resources/images/down.gif HTTP/1.1" 200 854
190.171.142.18 - - [24/Sep/2024:12:36:24 -0300] "GET /cormun/static/SmoothNavMenu/resources/images/right.gif HTTP/1.1" 200 860
181.212.40.185 - - [24/Sep/2024:12:36:31 -0300] "GET /cormun/servlet/permisogoce?c0b2c539e7760148ecc36c8b97cf733fe0c755cfd80d2d3acfb765c9be6ca61d70365dba0414a6bb6273679488f102920e85d7f08ae2a107eb66928f5c2ea6e6,gx-no-cache=1727192164613 HTTP/1.1" 200 47
190.171.142.18 - - [24/Sep/2024:12:36:32 -0300] "GET /cormun/servlet/trsolicitudot? HTTP/1.1" 200 8988
190.171.142.18 - - [24/Sep/2024:12:36:32 -0300] "GET /cormun/static/gxui/gxui-all.css?120300 HTTP/1.1" 200 2179
190.171.142.18 - - [24/Sep/2024:12:36:32 -0300] "GET /cormun/static/calendar-setup.js?85251 HTTP/1.1" 200 2588
190.171.142.18 - - [24/Sep/2024:12:36:32 -0300] "GET /cormun/static/gxcfg.js?20221129846531 HTTP/1.1" 200 953
190.171.142.18 - - [24/Sep/2024:12:36:32 -0300] "GET /cormun/static/calendar-system.css?85620 HTTP/1.1" 200 5572
190.171.142.18 - - [24/Sep/2024:12:36:32 -0300] "GET /cormun/static/calendar.js?85251 HTTP/1.1" 200 26246
190.171.142.18 - - [24/Sep/2024:12:36:32 -0300] "GET /cormun/static/calendar-es.js?85251 HTTP/1.1" 200 1901
190.171.142.18 - - [24/Sep/2024:12:36:32 -0300] "GET /cormun/static/Resources/PXTools/calendar.png HTTP/1.1" 200 1306
190.171.142.18 - - [24/Sep/2024:12:36:32 -0300] "GET /cormun/static/gxdec.js?85251 HTTP/1.1" 200 19579
190.171.142.18 - - [24/Sep/2024:12:36:32 -0300] "GET /cormun/static/trsolicitudot.js?202211298465651 HTTP/1.1" 200 54040
190.171.142.18 - - [24/Sep/2024:12:36:32 -0300] "GET /cormun/static/Resources/PXToolsDataSearch.png HTTP/1.1" 200 435
190.171.142.18 - - [24/Sep/2024:12:36:32 -0300] "GET /cormun/static/Resources/PXToolsGridFirstDisabled.gif HTTP/1.1" 200 100
190.171.142.18 - - [24/Sep/2024:12:36:32 -0300] "GET /cormun/static/Shared/ext/resources/css/ext-all.css?215870 HTTP/1.1" 200 416045
190.171.142.18 - - [24/Sep/2024:12:36:32 -0300] "GET /cormun/static/Resources/PXToolsGridPreviousDisabled.gif HTTP/1.1" 200 90
190.171.142.18 - - [24/Sep/2024:12:36:32 -0300] "GET /cormun/static/Resources/PXToolsGridNextDisabled.gif HTTP/1.1" 200 90
190.171.142.18 - - [24/Sep/2024:12:36:32 -0300] "GET /cormun/static/Resources/PXToolsGridLastDisabled.gif HTTP/1.1" 200 98
190.171.142.18 - - [24/Sep/2024:12:36:32 -0300] "GET /cormun/static/Resources/PXToolsGridPage.gif HTTP/1.1" 200 725
190.171.142.18 - - [24/Sep/2024:12:36:32 -0300] "GET /cormun/static/Resources/PXToolsActionExcel.png HTTP/1.1" 200 727
190.171.142.18 - - [24/Sep/2024:12:36:32 -0300] "GET /cormun/static/Resources/PXToolsAddAllAction.png HTTP/1.1" 200 495
190.171.142.18 - - [24/Sep/2024:12:36:32 -0300] "GET /cormun//static/Resources/PXToolsGridUpdate.png HTTP/1.1" 200 470
190.171.142.18 - - [24/Sep/2024:12:36:32 -0300] "GET /cormun//static/Resources/PXToolsActionView.png HTTP/1.1" 200 398
190.171.142.18 - - [24/Sep/2024:12:36:32 -0300] "GET /cormun//static/Resources/PXToolsGridDelete.png HTTP/1.1" 200 538
190.171.142.18 - - [24/Sep/2024:12:36:32 -0300] "GET /cormun//static/Resources/PXToolsRemoveAllAction.png HTTP/1.1" 200 487
190.171.142.18 - - [24/Sep/2024:12:36:32 -0300] "GET /cormun/static/Resources/desc.gif HTTP/1.1" 200 65
190.171.142.18 - - [24/Sep/2024:12:36:32 -0300] "GET /cormun/static/Resources/asc.gif HTTP/1.1" 200 67
190.171.142.18 - - [24/Sep/2024:12:36:32 -0300] "GET /cormun//static/Resources/PXTools/ActionInsert.png HTTP/1.1" 200 1482
190.171.142.18 - - [24/Sep/2024:12:36:32 -0300] "GET /cormun/static/Shared/ext/resources/themes/images/default/panel/bg-headersPanel.png HTTP/1.1" 200 255
190.171.142.18 - - [24/Sep/2024:12:36:32 -0300] "GET /cormun/static/Shared/ext/resources/themes/images/default/tools/tool-sprites.gif HTTP/1.1" 200 5434
181.212.40.185 - - [24/Sep/2024:12:36:36 -0300] "POST /cormun/servlet/permisogoce?b24339005218edaa84caed8704a13ddc,INS,0,,,,gx-no-cache=1727192169589 HTTP/1.1" 200 93
181.212.40.185 - - [24/Sep/2024:12:36:36 -0300] "GET /cormun/servlet/hpexe_return? HTTP/1.1" 200 1030
181.212.40.185 - - [24/Sep/2024:12:36:36 -0300] "GET /cormun/servlet/trpermisosgoce?gx-no-cache=1727190346618 HTTP/1.1" 200 19491
190.171.143.82 - - [24/Sep/2024:12:36:38 -0300] "POST /cormun/servlet/trpermisosgoce?f89714def952a2e5dd6b46e0e2fe54d3,,gx-no-cache=1727192171527 HTTP/1.1" 200 5766
181.212.40.185 - - [24/Sep/2024:12:36:38 -0300] "GET /cormun/servlet/trpermisosadjuntos?16987356,20240924123605,P, HTTP/1.1" 200 6548
181.212.40.185 - - [24/Sep/2024:12:36:43 -0300] "GET /cormun/servlet/permisosadjuntos?INS,16987356,P,20240924123605,, HTTP/1.1" 200 5846
181.212.40.185 - - [24/Sep/2024:12:36:43 -0300] "GET /cormun/static/about:blank HTTP/1.1" 404 1011
190.171.142.18 - - [24/Sep/2024:12:36:44 -0300] "POST /cormun/servlet/trsolicitudot?e541649afb1f67fd2650fcb92f2f9160,,gx-no-cache=1727192201092 HTTP/1.1" 200 6278
190.171.142.18 - - [24/Sep/2024:12:36:44 -0300] "GET /cormun/static/Shared/jqueryui/images/ui-icons_82798d_256x240.png HTTP/1.1" 404 1089
190.171.142.18 - - [24/Sep/2024:12:36:44 -0300] "GET /cormun/static/Shared/jqueryui/images/ui-bg_highlight-soft_100_c6c2c8_1x100.png HTTP/1.1" 404 1117
190.171.142.18 - - [24/Sep/2024:12:36:44 -0300] "GET /cormun/static/Shared/jqueryui/images/ui-bg_flat_55_fafafa_40x100.png HTTP/1.1" 404 1097
190.171.142.18 - - [24/Sep/2024:12:36:44 -0300] "GET /cormun/static/Shared/jqueryui/images/ui-icons_8d78a5_256x240.png HTTP/1.1" 404 1089
181.212.40.185 - - [24/Sep/2024:12:36:50 -0300] "POST /cormun/servlet/permisosadjuntos?b24339005218edaa84caed8704a13ddc,INS,16987356,P,20240924123605,, HTTP/1.1" 200 116
181.212.40.185 - - [24/Sep/2024:12:36:50 -0300] "GET /cormun/servlet/hpexe_return? HTTP/1.1" 200 1037
181.212.40.185 - - [24/Sep/2024:12:36:51 -0300] "GET /cormun/servlet/trpermisosadjuntos?16987356,20240924123605,P, HTTP/1.1" 200 7039
190.171.142.18 - - [24/Sep/2024:12:36:52 -0300] "GET /cormun/servlet/trautorizarsolicitud? HTTP/1.1" 200 7488
190.171.142.18 - - [24/Sep/2024:12:36:52 -0300] "GET /cormun/static/trautorizarsolicitud.js?202211298474588 HTTP/1.1" 200 53909
190.171.142.18 - - [24/Sep/2024:12:36:52 -0300] "GET /cormun/static/gxcfg.js?202211298474254 HTTP/1.1" 200 953
181.212.40.185 - - [24/Sep/2024:12:36:52 -0300] "POST /cormun/servlet/trpermisosadjuntos?b24339005218edaa84caed8704a13ddc,16987356,20240924123605,P,,gx-no-cache=1727192186061 HTTP/1.1" 200 90
181.212.40.185 - - [24/Sep/2024:12:36:52 -0300] "GET /cormun/servlet/hpexe_link HTTP/1.1" 200 1004
181.212.40.185 - - [24/Sep/2024:12:36:53 -0300] "GET /cormun/servlet/trpermisosgoce?gx-no-cache=1727190346618 HTTP/1.1" 200 19483
181.212.40.185 - - [24/Sep/2024:12:36:55 -0300] "POST /cormun/servlet/trpermisosgoce?b24339005218edaa84caed8704a13ddc,gx-no-cache=1727190346618,gx-no-cache=1727192188847 HTTP/1.1" 200 16846
181.212.40.185 - - [24/Sep/2024:12:36:56 -0300] "GET /cormun/static/Shared/jqueryui/images/ui-icons_82798d_256x240.png HTTP/1.1" 404 1089
181.212.40.185 - - [24/Sep/2024:12:36:56 -0300] "GET /cormun/static/Shared/jqueryui/images/ui-bg_highlight-soft_100_c6c2c8_1x100.png HTTP/1.1" 404 1117
181.212.40.185 - - [24/Sep/2024:12:36:56 -0300] "GET /cormun/static/Shared/jqueryui/images/ui-bg_flat_55_fafafa_40x100.png HTTP/1.1" 404 1097
181.212.40.185 - - [24/Sep/2024:12:36:56 -0300] "GET /cormun/static/Shared/jqueryui/images/ui-icons_8d78a5_256x240.png HTTP/1.1" 404 1089
190.171.142.18 - - [24/Sep/2024:12:37:02 -0300] "GET /cormun/static/menuarrow.gif HTTP/1.1" 404 1015
190.171.143.82 - - [24/Sep/2024:12:37:05 -0300] "POST /cormun/servlet/trpermisosgoce?f89714def952a2e5dd6b46e0e2fe54d3,,gx-no-cache=1727192198263 HTTP/1.1" 200 4490
190.171.143.82 - - [24/Sep/2024:12:37:10 -0300] "POST /cormun/servlet/trpermisosgoce?f89714def952a2e5dd6b46e0e2fe54d3,,gx-no-cache=1727192203783 HTTP/1.1" 200 6143
190.171.149.74 - - [24/Sep/2024:12:37:18 -0300] "GET /cormun/servlet/solicitudot?e5ffc3e0731aae4703fff678143fd4ef7d561d4e9fee064f456ca44ee4f72313c3d289aea1e9d4ea214ff5c7d406893d330625b84b3cca103d4153f4b185b524,gx-no-cache=1727192210340 HTTP/1.1" 200 30
190.171.149.74 - - [24/Sep/2024:12:37:18 -0300] "GET /cormun/servlet/solicitudot?e5ffc3e0731aae4703fff678143fd4efcbb00909cf0435f97e8ed1f5822dd218,gx-no-cache=1727192210367 HTTP/1.1" 200 29
190.171.149.74 - - [24/Sep/2024:12:37:20 -0300] "POST /cormun/servlet/solicitudot?gx-no-cache=1727192212405 HTTP/1.1" 200 240
190.171.149.74 - - [24/Sep/2024:12:37:23 -0300] "GET /cormun/servlet/solicitudot?e5ffc3e0731aae4703fff678143fd4efbe8f30000121194bed3b61bcf7954ae64941007e71ef83f8d7a5310158903da8d233f56c76e5a06af9f7c509fe4e3ff1f349af8c23cc5b3a0d85b5d703621c08faa2cf8ccaa8e5d556dd97588e7cbc4c46631c06f4aec89d81a487bd29b0da53aaf78a0cf9bed27863bec2e572d3429c87ca077208d0724f7acc40749c9e406f0b0d54bf0d3bb14bcfae31dff08838a2590603950abe6db0e4e3582f3a494c4a36a198e57bc184ecf668f025070296eccbaa9b5406a53bb7005625990a6a00b14a152510c94d06e561a27fda2f34156a6f35ec1ca6499b0cbe373171705828b4da280e0dc1d338ecb8118fcd7124f6fbbbd6739839edb50f00594e40ccd27ddeb11d489b4a5968d1d7d17f7245bd23d7e7c8b661d761468c13d02c5760a98c5fecb3d34bb9d6d95d7a778c8e2ea747c52d5a7e4dfeef1bae76ebf7ba13e507a9f9f0a134b2d1af9d559a15faa3cfadc6a4fffff0611ea16aee01d2dffa7ccdba36fcd21001ea8b717fc9d3f99f563757,gx-no-cache=1727192215191 HTTP/1.1" 200 30
181.212.40.185 - - [24/Sep/2024:12:37:24 -0300] "GET /cormun/servlet/permisogoce?INS,0,,, HTTP/1.1" 200 7120
190.171.149.74 - - [24/Sep/2024:12:37:26 -0300] "POST /cormun/servlet/solicitudot?gx-no-cache=1727192218364 HTTP/1.1" 200 30
181.212.40.185 - - [24/Sep/2024:12:37:30 -0300] "GET /cormun/servlet/permisogoce?c0b2c539e7760148ecc36c8b97cf733f2c0094cdca7f52e45379e3fcac3a40d74afeeb400190ad9dfaf575c0446872761f050615503e6813d8831046ef20ab9a,gx-no-cache=1727192223638 HTTP/1.1" 200 82
190.171.149.74 - - [24/Sep/2024:12:37:30 -0300] "GET /cormun/static/Resources/resize.gif HTTP/1.1" 200 77
190.171.149.74 - - [24/Sep/2024:12:37:30 -0300] "GET /cormun/static/Resources/PXTools/ClosePrompt.png HTTP/1.1" 200 1036
190.171.149.74 - - [24/Sep/2024:12:37:31 -0300] "GET /cormun/servlet/prcontratosol?19588993,,,,,MD,,gxPopupLevel%3D0%3B HTTP/1.1" 200 8663
190.171.149.74 - - [24/Sep/2024:12:37:31 -0300] "GET /cormun/static/Resources/PXToolsMenuSearch.png HTTP/1.1" 200 336
190.171.149.74 - - [24/Sep/2024:12:37:31 -0300] "GET /cormun/static/gxcfg.js?202211298464198 HTTP/1.1" 200 953
190.171.149.74 - - [24/Sep/2024:12:37:31 -0300] "GET /cormun/static/menusearch.js?20201214473581 HTTP/1.1" 200 1424
190.171.149.74 - - [24/Sep/2024:12:37:31 -0300] "GET /cormun/static/prcontratosol.js?202211298464288 HTTP/1.1" 200 15806
190.171.149.74 - - [24/Sep/2024:12:37:31 -0300] "GET /cormun/static/hmpwkw011.js?202211298443482 HTTP/1.1" 200 1968
190.171.149.74 - - [24/Sep/2024:12:37:31 -0300] "GET /cormun/static/Resources/PXToolsMenuSearchCancel.png HTTP/1.1" 200 306
190.171.149.74 - - [24/Sep/2024:12:37:36 -0300] "POST /cormun/servlet/solicitudot?gx-no-cache=1727192228768 HTTP/1.1" 200 1563
190.171.149.74 - - [24/Sep/2024:12:37:36 -0300] "GET /cormun/static/Shared/jqueryui/images/ui-bg_highlight-soft_100_c6c2c8_1x100.png HTTP/1.1" 404 1117
190.171.149.74 - - [24/Sep/2024:12:37:36 -0300] "GET /cormun/static/Shared/jqueryui/images/ui-icons_82798d_256x240.png HTTP/1.1" 404 1089
190.171.149.74 - - [24/Sep/2024:12:37:36 -0300] "GET /cormun/static/Shared/jqueryui/images/ui-bg_flat_55_994d53_40x100.png HTTP/1.1" 404 1097
190.171.149.74 - - [24/Sep/2024:12:37:36 -0300] "GET /cormun/static/Shared/jqueryui/images/ui-icons_ebccce_256x240.png HTTP/1.1" 404 1089
190.171.149.74 - - [24/Sep/2024:12:37:36 -0300] "POST /cormun/servlet/solicitudot?gx-no-cache=1727192228825 HTTP/1.1" 200 117
190.171.149.74 - - [24/Sep/2024:12:37:36 -0300] "GET /cormun/servlet/solicitudot?e5ffc3e0731aae4703fff678143fd4efb4634d100023a0efd689675ef5a0ede8d4914d726fc564a6e1f0dd1a3742d79d9d9e12992b7fd937059f672df391d5d332c13f9e923670f2ce876d62416f1ec6377eafabe59419c71cd23394add61dc018edbab30b51aa66af6fb32902b5f135,gx-no-cache=1727192228863 HTTP/1.1" 200 110
190.171.149.74 - - [24/Sep/2024:12:37:36 -0300] "POST /cormun/servlet/solicitudot?gx-no-cache=1727192228885 HTTP/1.1" 200 64
190.171.149.74 - - [24/Sep/2024:12:37:36 -0300] "GET /cormun/servlet/solicitudot?e5ffc3e0731aae4703fff678143fd4ef7a263c4878d68e8501a71955634735158a7210658d9faac2cafbff955d19cf4333ecb506ac311acd018f6aa51bace6606c4f14b4271d9720a13a6b0ea387dda0554251b0c73a644f221de8d88ca7c76ca7685a58a698fd8281f3f21ba09ffb8f,gx-no-cache=1727192228907 HTTP/1.1" 200 29
190.171.149.74 - - [24/Sep/2024:12:37:36 -0300] "GET /cormun/servlet/solicitudot?e5ffc3e0731aae4703fff678143fd4ef4aeae5b42f46a1ed0ef75345adc100c72b8bf3349b5911450e418d3fd6c543ef,gx-no-cache=1727192228926 HTTP/1.1" 200 134
190.171.143.82 - - [24/Sep/2024:12:37:39 -0300] "POST /cormun/servlet/trpermisosgoce?f89714def952a2e5dd6b46e0e2fe54d3,,gx-no-cache=1727192232039 HTTP/1.1" 200 5728
181.212.40.185 - - [24/Sep/2024:12:37:39 -0300] "GET /cormun/servlet/permisogoce?c0b2c539e7760148ecc36c8b97cf733fd40d9316f57543d44a4f362a27e1964f00293fb52c4d05a29474bb580e9f9f770e85d7f08ae2a107eb66928f5c2ea6e6,gx-no-cache=1727192232943 HTTP/1.1" 200 47
181.212.40.185 - - [24/Sep/2024:12:37:49 -0300] "POST /cormun/servlet/permisogoce?b24339005218edaa84caed8704a13ddc,INS,0,,,,gx-no-cache=1727192242324 HTTP/1.1" 200 93
181.212.40.185 - - [24/Sep/2024:12:37:49 -0300] "GET /cormun/servlet/hpexe_return? HTTP/1.1" 200 1030
181.212.40.185 - - [24/Sep/2024:12:37:49 -0300] "GET /cormun/servlet/trpermisosgoce?gx-no-cache=1727190346618 HTTP/1.1" 200 19512
190.171.149.74 - - [24/Sep/2024:12:37:50 -0300] "POST /cormun/servlet/solicitudot?gx-no-cache=1727192242311 HTTP/1.1" 200 1482
190.171.149.74 - - [24/Sep/2024:12:37:52 -0300] "GET /cormun/servlet/prlicenciaspermisos?12912142,L,,MD,,gxPopupLevel%3D0%3B HTTP/1.1" 200 6803
190.171.149.74 - - [24/Sep/2024:12:37:52 -0300] "GET /cormun/static/prlicenciaspermisos.js?2020121559821 HTTP/1.1" 200 13379
190.171.149.74 - - [24/Sep/2024:12:37:52 -0300] "GET /cormun/static/gxcfg.js?2020121559567 HTTP/1.1" 200 953
181.212.40.185 - - [24/Sep/2024:12:37:54 -0300] "POST /cormun/servlet/trpermisosgoce?b24339005218edaa84caed8704a13ddc,gx-no-cache=1727190346618,gx-no-cache=1727192247599 HTTP/1.1" 200 16898
181.212.40.185 - - [24/Sep/2024:12:37:56 -0300] "GET /cormun/servlet/trpermisosadjuntos?20026886,20240924123714,P, HTTP/1.1" 200 6550
181.212.40.185 - - [24/Sep/2024:12:37:58 -0300] "GET /cormun/servlet/permisosadjuntos?INS,20026886,P,20240924123714,, HTTP/1.1" 200 5850
181.212.40.185 - - [24/Sep/2024:12:37:58 -0300] "GET /cormun/static/about:blank HTTP/1.1" 404 1011
190.171.149.74 - - [24/Sep/2024:12:38:00 -0300] "POST /cormun/servlet/solicitudot?gx-no-cache=1727192252406 HTTP/1.1" 200 41
190.171.143.82 - - [24/Sep/2024:12:38:02 -0300] "POST /cormun/servlet/trpermisosgoce?f89714def952a2e5dd6b46e0e2fe54d3,,gx-no-cache=1727192255127 HTTP/1.1" 200 5750
181.212.40.185 - - [24/Sep/2024:12:38:08 -0300] "POST /cormun/servlet/permisosadjuntos?b24339005218edaa84caed8704a13ddc,INS,20026886,P,20240924123714,, HTTP/1.1" 200 116
181.212.40.185 - - [24/Sep/2024:12:38:08 -0300] "GET /cormun/servlet/hpexe_return? HTTP/1.1" 200 1035
181.212.40.185 - - [24/Sep/2024:12:38:08 -0300] "GET /cormun/servlet/trpermisosadjuntos?20026886,20240924123714,P, HTTP/1.1" 200 7050
181.212.40.185 - - [24/Sep/2024:12:38:12 -0300] "POST /cormun/servlet/trpermisosadjuntos?b24339005218edaa84caed8704a13ddc,20026886,20240924123714,P,,gx-no-cache=1727192265317 HTTP/1.1" 200 90
181.212.40.185 - - [24/Sep/2024:12:38:12 -0300] "GET /cormun/servlet/hpexe_link HTTP/1.1" 200 1002
181.212.40.185 - - [24/Sep/2024:12:38:12 -0300] "GET /cormun/servlet/trpermisosgoce?gx-no-cache=1727190346618 HTTP/1.1" 200 19503
181.212.40.185 - - [24/Sep/2024:12:38:21 -0300] "POST /cormun/servlet/trpermisosgoce?b24339005218edaa84caed8704a13ddc,gx-no-cache=1727190346618,gx-no-cache=1727192274255 HTTP/1.1" 200 16859
190.171.143.82 - - [24/Sep/2024:12:38:21 -0300] "POST /cormun/servlet/trpermisosgoce?f89714def952a2e5dd6b46e0e2fe54d3,,gx-no-cache=1727192274103 HTTP/1.1" 200 5756
190.171.143.82 - - [24/Sep/2024:12:38:35 -0300] "POST /cormun/servlet/trpermisosgoce?f89714def952a2e5dd6b46e0e2fe54d3,,gx-no-cache=1727192287975 HTTP/1.1" 200 5939
190.171.142.18 - - [24/Sep/2024:12:38:51 -0300] "POST /cormun/servlet/trautorizarsolicitud?e541649afb1f67fd2650fcb92f2f9160,,gx-no-cache=1727192328345 HTTP/1.1" 200 11657
190.171.143.82 - - [24/Sep/2024:12:38:51 -0300] "POST /cormun/servlet/trpermisosgoce?f89714def952a2e5dd6b46e0e2fe54d3,,gx-no-cache=1727192304719 HTTP/1.1" 200 6139
190.171.141.90 - - [24/Sep/2024:12:39:11 -0300] "GET /cormun/servlet/hlogin HTTP/1.1" 200 1713
190.171.141.90 - - [24/Sep/2024:12:39:11 -0300] "GET /cormun/servlet/hlogin HTTP/1.1" 200 1724
190.171.141.90 - - [24/Sep/2024:12:39:17 -0300] "POST /cormun/servlet/hlogin?ccef686e5a40ddd2a901e5675f7ff811,gx-no-cache=1727192330954 HTTP/1.1" 200 444
190.171.143.82 - - [24/Sep/2024:12:39:18 -0300] "POST /cormun/servlet/trpermisosgoce?f89714def952a2e5dd6b46e0e2fe54d3,,gx-no-cache=1727192330822 HTTP/1.1" 200 5755
190.171.143.82 - - [24/Sep/2024:12:39:31 -0300] "POST /cormun/servlet/trpermisosgoce?f89714def952a2e5dd6b46e0e2fe54d3,,gx-no-cache=1727192344662 HTTP/1.1" 200 5750
190.171.141.90 - - [24/Sep/2024:12:39:32 -0300] "POST /cormun/servlet/hlogin?ccef686e5a40ddd2a901e5675f7ff811,gx-no-cache=1727192346048 HTTP/1.1" 200 90
190.171.141.90 - - [24/Sep/2024:12:39:32 -0300] "GET /cormun/servlet/hpexe_link HTTP/1.1" 200 945
190.171.141.90 - - [24/Sep/2024:12:39:33 -0300] "GET /cormun/servlet/hhome HTTP/1.1" 200 3963
190.171.141.90 - - [24/Sep/2024:12:39:36 -0300] "GET /cormun/servlet/trlicencias? HTTP/1.1" 200 15340
190.171.143.82 - - [24/Sep/2024:12:40:29 -0300] "POST /cormun/servlet/trpermisosgoce?f89714def952a2e5dd6b46e0e2fe54d3,,gx-no-cache=1727192401887 HTTP/1.1" 200 5590
10.40.40.2 - - [24/Sep/2024:12:40:58 -0300] "GET /cormun/servlet/trsolicitudgral? HTTP/1.1" 200 10631
190.171.143.82 - - [24/Sep/2024:12:41:32 -0300] "POST /cormun/servlet/trpermisosgoce?f89714def952a2e5dd6b46e0e2fe54d3,,gx-no-cache=1727192464927 HTTP/1.1" 200 5961
190.171.143.82 - - [24/Sep/2024:12:42:04 -0300] "POST /cormun/servlet/trpermisosgoce?f89714def952a2e5dd6b46e0e2fe54d3,,gx-no-cache=1727192497008 HTTP/1.1" 200 5578
190.171.143.82 - - [24/Sep/2024:12:42:18 -0300] "POST /cormun/servlet/trpermisosgoce?f89714def952a2e5dd6b46e0e2fe54d3,,gx-no-cache=1727192511030 HTTP/1.1" 200 5943
190.171.143.82 - - [24/Sep/2024:12:42:35 -0300] "POST /cormun/servlet/trpermisosgoce?f89714def952a2e5dd6b46e0e2fe54d3,,gx-no-cache=1727192528086 HTTP/1.1" 200 5322
190.171.143.82 - - [24/Sep/2024:12:42:49 -0300] "POST /cormun/servlet/trpermisosgoce?f89714def952a2e5dd6b46e0e2fe54d3,,gx-no-cache=1727192542166 HTTP/1.1" 200 5747
190.171.143.82 - - [24/Sep/2024:12:43:05 -0300] "POST /cormun/servlet/trpermisosgoce?f89714def952a2e5dd6b46e0e2fe54d3,,gx-no-cache=1727192558151 HTTP/1.1" 200 6105
190.171.143.82 - - [24/Sep/2024:12:43:21 -0300] "POST /cormun/servlet/trpermisosgoce?f89714def952a2e5dd6b46e0e2fe54d3,,gx-no-cache=1727192574206 HTTP/1.1" 200 6084
190.171.143.82 - - [24/Sep/2024:12:44:24 -0300] "POST /cormun/servlet/trpermisosgoce?f89714def952a2e5dd6b46e0e2fe54d3,,gx-no-cache=1727192637598 HTTP/1.1" 200 6111
190.171.149.74 - - [24/Sep/2024:12:44:44 -0300] "GET /cormun/servlet/solicitudot?e5ffc3e0731aae4703fff678143fd4efb4634d100023a0efd689675ef5a0ede8d4914d726fc564a6e1f0dd1a3742d79d9d9e12992b7fd937059f672df391d5d332c13f9e923670f2ce876d62416f1ec6377eafabe59419c71cd23394add61dc018edbab30b51aa66af6fb32902b5f135,gx-no-cache=1727192656574 HTTP/1.1" 200 110
190.171.149.74 - - [24/Sep/2024:12:44:44 -0300] "POST /cormun/servlet/solicitudot?gx-no-cache=1727192656625 HTTP/1.1" 200 97
190.171.149.74 - - [24/Sep/2024:12:45:08 -0300] "GET /cormun/static/menuarrow.gif HTTP/1.1" 404 1015
190.171.149.74 - - [24/Sep/2024:12:45:29 -0300] "GET /cormun/servlet/solicitudot?e5ffc3e0731aae4703fff678143fd4efb237a8a0095266c6907f60856766456fbcc5a54e05f1b2cc57c80135469a87f9,gx-no-cache=1727192701398 HTTP/1.1" 200 30
190.171.149.74 - - [24/Sep/2024:12:45:29 -0300] "POST /cormun/servlet/solicitudot?gx-no-cache=1727192701441 HTTP/1.1" 200 122
190.171.149.74 - - [24/Sep/2024:12:46:00 -0300] "POST /cormun/servlet/solicitudot?gx-no-cache=1727192732087 HTTP/1.1" 200 32
190.171.143.82 - - [24/Sep/2024:12:46:08 -0300] "POST /cormun/servlet/trpermisosgoce?f89714def952a2e5dd6b46e0e2fe54d3,,gx-no-cache=1727192741334 HTTP/1.1" 200 6279
190.171.143.82 - - [24/Sep/2024:12:46:19 -0300] "POST /cormun/servlet/trpermisosgoce?f89714def952a2e5dd6b46e0e2fe54d3,,gx-no-cache=1727192752670 HTTP/1.1" 200 6124
190.171.149.74 - - [24/Sep/2024:12:46:30 -0300] "POST /cormun/servlet/solicitudot?60ba757bd82791f2ba48041576002e05,INS,0,0,false,,gx-no-cache=1727192762014 HTTP/1.1" 200 12983
190.171.143.82 - - [24/Sep/2024:12:47:10 -0300] "POST /cormun/servlet/trpermisosgoce?f89714def952a2e5dd6b46e0e2fe54d3,,gx-no-cache=1727192803086 HTTP/1.1" 200 5746
