190.171.149.82 - - [23/Sep/2024:11:39:13 -0300] "POST /cormun/servlet/trlicencias?0b16cab870e5aa8e3b7c4dbbb78710f9,,gx-no-cache=1727102326958 HTTP/1.1" 200 6328
190.171.149.82 - - [23/Sep/2024:11:39:15 -0300] "GET /cormun/static/menuarrow.gif HTTP/1.1" 404 1015
190.171.149.90 - - [23/Sep/2024:11:39:15 -0300] "GET /cormun/servlet/trpermisosgoce? HTTP/1.1" 200 6027
190.171.149.90 - - [23/Sep/2024:11:39:15 -0300] "GET /cormun/servlet/hlogin HTTP/1.1" 200 1739
190.171.149.82 - - [23/Sep/2024:11:39:20 -0300] "POST /cormun/servlet/trlicencias?0b16cab870e5aa8e3b7c4dbbb78710f9,,gx-no-cache=1727102333463 HTTP/1.1" 200 8875
190.171.143.82 - - [23/Sep/2024:11:39:21 -0300] "POST /cormun/servlet/acontrolpreferencessavestate?None,MREYES,true HTTP/1.1" 200 35
190.171.149.90 - - [23/Sep/2024:11:39:22 -0300] "POST /cormun/servlet/hlogin?e9f34059cb12ed03cb4640c6d282ea98,gx-no-cache=1727102229076 HTTP/1.1" 200 449
190.171.152.114 - - [23/Sep/2024:11:39:23 -0300] "GET /cormun/servlet/trlicencias? HTTP/1.1" 200 14703
190.171.149.90 - - [23/Sep/2024:11:39:26 -0300] "POST /cormun/servlet/hlogin?e9f34059cb12ed03cb4640c6d282ea98,gx-no-cache=1727102233205 HTTP/1.1" 200 90
190.171.149.90 - - [23/Sep/2024:11:39:26 -0300] "GET /cormun/servlet/hpexe_link HTTP/1.1" 200 956
190.171.149.90 - - [23/Sep/2024:11:39:26 -0300] "GET /cormun/servlet/trpermisosgoce HTTP/1.1" 200 13026
190.171.149.90 - - [23/Sep/2024:11:39:37 -0300] "GET /cormun/servlet/permisogoce?INS,0,,, HTTP/1.1" 200 6708
190.95.15.15 - - [23/Sep/2024:11:39:45 -0300] "GET /cormun/servlet/trlicencias? HTTP/1.1" 200 11666
190.171.149.90 - - [23/Sep/2024:11:39:47 -0300] "GET /cormun/servlet/permisogoce?de0513ea0ffd14415a26e10f98693a83dd9567222481d8b9aab3861c99a08ffd4d5876942389ce31a88b5c54143a29b7b03b58e546376e4ed828dba5a3b43b51,gx-no-cache=1727102254384 HTTP/1.1" 200 79
190.171.149.82 - - [23/Sep/2024:11:40:01 -0300] "POST /cormun/servlet/trlicencias?0b16cab870e5aa8e3b7c4dbbb78710f9,,gx-no-cache=1727102374510 HTTP/1.1" 200 8876
190.171.149.82 - - [23/Sep/2024:11:40:01 -0300] "POST /cormun/servlet/trlicencias?0b16cab870e5aa8e3b7c4dbbb78710f9,,gx-no-cache=1727102374787 HTTP/1.1" 200 8876
190.171.149.82 - - [23/Sep/2024:11:40:01 -0300] "POST /cormun/servlet/trlicencias?0b16cab870e5aa8e3b7c4dbbb78710f9,,gx-no-cache=1727102375166 HTTP/1.1" 200 8876
190.171.149.82 - - [23/Sep/2024:11:40:02 -0300] "POST /cormun/servlet/trlicencias?0b16cab870e5aa8e3b7c4dbbb78710f9,,gx-no-cache=1727102375413 HTTP/1.1" 200 8876
190.171.149.82 - - [23/Sep/2024:11:40:02 -0300] "POST /cormun/servlet/trlicencias?0b16cab870e5aa8e3b7c4dbbb78710f9,,gx-no-cache=1727102375661 HTTP/1.1" 200 8876
190.171.149.82 - - [23/Sep/2024:11:40:02 -0300] "POST /cormun/servlet/trlicencias?0b16cab870e5aa8e3b7c4dbbb78710f9,,gx-no-cache=1727102375870 HTTP/1.1" 200 8875
190.171.149.82 - - [23/Sep/2024:11:40:02 -0300] "POST /cormun/servlet/trlicencias?0b16cab870e5aa8e3b7c4dbbb78710f9,,gx-no-cache=1727102376073 HTTP/1.1" 200 8875
190.171.149.82 - - [23/Sep/2024:11:40:03 -0300] "POST /cormun/servlet/trlicencias?0b16cab870e5aa8e3b7c4dbbb78710f9,,gx-no-cache=1727102376293 HTTP/1.1" 200 8875
190.171.149.82 - - [23/Sep/2024:11:40:03 -0300] "POST /cormun/servlet/trlicencias?0b16cab870e5aa8e3b7c4dbbb78710f9,,gx-no-cache=1727102376494 HTTP/1.1" 200 8876
190.171.149.82 - - [23/Sep/2024:11:40:03 -0300] "POST /cormun/servlet/trlicencias?0b16cab870e5aa8e3b7c4dbbb78710f9,,gx-no-cache=1727102376733 HTTP/1.1" 200 8875
190.171.149.82 - - [23/Sep/2024:11:40:03 -0300] "POST /cormun/servlet/trlicencias?0b16cab870e5aa8e3b7c4dbbb78710f9,,gx-no-cache=1727102376925 HTTP/1.1" 200 8876
190.171.149.82 - - [23/Sep/2024:11:40:03 -0300] "POST /cormun/servlet/trlicencias?0b16cab870e5aa8e3b7c4dbbb78710f9,,gx-no-cache=1727102377193 HTTP/1.1" 200 8875
190.171.149.82 - - [23/Sep/2024:11:40:04 -0300] "POST /cormun/servlet/trlicencias?0b16cab870e5aa8e3b7c4dbbb78710f9,,gx-no-cache=1727102377407 HTTP/1.1" 200 8875
190.171.149.82 - - [23/Sep/2024:11:40:04 -0300] "POST /cormun/servlet/trlicencias?0b16cab870e5aa8e3b7c4dbbb78710f9,,gx-no-cache=1727102377933 HTTP/1.1" 200 8876
190.171.143.82 - - [23/Sep/2024:11:40:05 -0300] "GET /cormun/servlet/trpermisosgoce? HTTP/1.1" 200 6036
190.171.143.82 - - [23/Sep/2024:11:40:05 -0300] "GET /cormun/static/gxcfg.js?2020121631564 HTTP/1.1" 200 953
190.171.143.82 - - [23/Sep/2024:11:40:05 -0300] "GET /cormun/static/trpermisosgoce.js?2020121633681 HTTP/1.1" 200 35904
190.171.143.82 - - [23/Sep/2024:11:40:06 -0300] "GET /cormun/servlet/hlogin HTTP/1.1" 200 1741
190.171.143.82 - - [23/Sep/2024:11:40:09 -0300] "POST /cormun/servlet/hlogin?051c31373d6dda0130a7657a94235df3,gx-no-cache=1727102317995 HTTP/1.1" 200 90
190.171.143.82 - - [23/Sep/2024:11:40:10 -0300] "GET /cormun/servlet/hpexe_link HTTP/1.1" 200 960
190.171.143.82 - - [23/Sep/2024:11:40:10 -0300] "GET /cormun/servlet/trpermisosgoce HTTP/1.1" 200 13702
190.171.143.82 - - [23/Sep/2024:11:40:10 -0300] "GET /cormun//static/Resources/PXToolsGridUpdate.png HTTP/1.1" 200 470
190.171.143.82 - - [23/Sep/2024:11:40:10 -0300] "GET /cormun//static/Resources/PXToolsGridDelete.png HTTP/1.1" 200 538
190.171.149.74 - - [23/Sep/2024:11:43:32 -0300] "GET /cormun/servlet/trlicencias? HTTP/1.1" 200 6048
190.171.149.74 - - [23/Sep/2024:11:43:32 -0300] "GET /cormun/servlet/hlogin HTTP/1.1" 200 1736
190.171.149.74 - - [23/Sep/2024:11:43:42 -0300] "POST /cormun/servlet/hlogin?6b3717061947370e96ca39cdd1464338,gx-no-cache=1727102584503 HTTP/1.1" 200 90
190.171.149.74 - - [23/Sep/2024:11:43:42 -0300] "GET /cormun/servlet/hpexe_link HTTP/1.1" 200 955
190.171.149.74 - - [23/Sep/2024:11:43:42 -0300] "GET /cormun/servlet/trlicencias HTTP/1.1" 200 13204
186.103.157.42 - - [23/Sep/2024:11:44:10 -0300] "GET /cormun/servlet/hlogin HTTP/1.1" 200 1713
186.103.157.42 - - [23/Sep/2024:11:44:14 -0300] "POST /cormun/servlet/hlogin?9035478c33aad7d5c03d534b0f453fdc,gx-no-cache=1727102652005 HTTP/1.1" 200 90
186.103.157.42 - - [23/Sep/2024:11:44:14 -0300] "GET /cormun/servlet/hpexe_link HTTP/1.1" 200 945
186.103.157.42 - - [23/Sep/2024:11:44:14 -0300] "GET /cormun/servlet/hhome HTTP/1.1" 200 4370
186.103.157.42 - - [23/Sep/2024:11:44:43 -0300] "GET /cormun/servlet/trlicencias? HTTP/1.1" 200 11440
190.171.141.98 - - [23/Sep/2024:11:47:45 -0300] "GET /cormun/servlet/trlicencias HTTP/1.1" 200 6054
190.171.141.98 - - [23/Sep/2024:11:47:45 -0300] "GET /cormun/servlet/hlogin HTTP/1.1" 200 1741
190.171.141.98 - - [23/Sep/2024:11:47:55 -0300] "POST /cormun/servlet/hlogin?b09c08bd319696225ad92f48a5f9cee5,gx-no-cache=1727102848931 HTTP/1.1" 200 90
190.171.141.98 - - [23/Sep/2024:11:47:55 -0300] "GET /cormun/servlet/hpexe_link HTTP/1.1" 200 959
190.171.141.98 - - [23/Sep/2024:11:47:55 -0300] "GET /cormun/servlet/trlicencias HTTP/1.1" 200 12756
190.171.144.234 - - [23/Sep/2024:12:00:37 -0300] "GET /cormun/servlet/hlogin HTTP/1.1" 200 1733
190.171.142.42 - - [23/Sep/2024:12:01:25 -0300] "GET /cormun/servlet/hlogin HTTP/1.1" 200 1726
190.171.142.26 - - [23/Sep/2024:12:02:44 -0300] "GET /cormun/servlet/hlogin HTTP/1.1" 200 1717
190.171.142.26 - - [23/Sep/2024:12:02:47 -0300] "POST /cormun/servlet/hlogin?d41b806a334903e389ce2a19b92b06af,gx-no-cache=1727103744281 HTTP/1.1" 200 90
190.171.142.26 - - [23/Sep/2024:12:02:47 -0300] "GET /cormun/servlet/hpexe_link HTTP/1.1" 200 947
190.171.142.26 - - [23/Sep/2024:12:02:47 -0300] "GET /cormun/servlet/hhome HTTP/1.1" 200 4291
190.171.142.26 - - [23/Sep/2024:12:02:49 -0300] "GET /cormun/servlet/trlicencias? HTTP/1.1" 200 14323
190.171.141.138 - - [23/Sep/2024:12:03:19 -0300] "GET /cormun/servlet/hlogin HTTP/1.1" 200 1712
190.171.141.90 - - [23/Sep/2024:12:03:22 -0300] "POST /cormun/servlet/trlicencias?c694677405c324dc251ea9f638dff95a,,gx-no-cache=1727103775976 HTTP/1.1" 440 972
190.171.141.138 - - [23/Sep/2024:12:03:22 -0300] "POST /cormun/servlet/hlogin?a346bb253b4aa5b53f8590369d273730,gx-no-cache=1727103776440 HTTP/1.1" 200 90
190.171.141.138 - - [23/Sep/2024:12:03:22 -0300] "GET /cormun/servlet/hpexe_link HTTP/1.1" 200 944
190.171.141.138 - - [23/Sep/2024:12:03:22 -0300] "GET /cormun/servlet/hhome HTTP/1.1" 200 4469
190.171.141.90 - - [23/Sep/2024:12:03:23 -0300] "GET /cormun/servlet/trlicencias? HTTP/1.1" 200 6050
190.171.141.90 - - [23/Sep/2024:12:03:24 -0300] "GET /cormun/servlet/hlogin HTTP/1.1" 200 1740
190.171.141.90 - - [23/Sep/2024:12:03:29 -0300] "POST /cormun/servlet/hlogin?97ea5f38d0f0836b5abdd0b3751d0629,gx-no-cache=1727103783320 HTTP/1.1" 200 90
190.171.141.90 - - [23/Sep/2024:12:03:29 -0300] "GET /cormun/servlet/hpexe_link HTTP/1.1" 200 957
190.171.141.138 - - [23/Sep/2024:12:03:29 -0300] "GET /cormun/servlet/trlicencias? HTTP/1.1" 200 14246
190.171.141.90 - - [23/Sep/2024:12:03:29 -0300] "GET /cormun/servlet/trlicencias HTTP/1.1" 200 15243
190.171.141.122 - - [23/Sep/2024:12:05:38 -0300] "GET /cormun/servlet/hlogin HTTP/1.1" 200 1719
190.171.141.122 - - [23/Sep/2024:12:05:44 -0300] "POST /cormun/servlet/hlogin?7574a6102498f3c46afbcb83bd060c1a,gx-no-cache=1727104022828 HTTP/1.1" 200 90
190.171.141.122 - - [23/Sep/2024:12:05:44 -0300] "GET /cormun/servlet/hpexe_link HTTP/1.1" 200 950
190.171.141.122 - - [23/Sep/2024:12:05:45 -0300] "GET /cormun/servlet/hhome HTTP/1.1" 200 3908
190.171.141.122 - - [23/Sep/2024:12:05:49 -0300] "GET /cormun/servlet/trlicencias? HTTP/1.1" 200 9955
190.171.143.98 - - [23/Sep/2024:12:07:22 -0300] "GET /cormun/servlet/hlogin HTTP/1.1" 200 1721
190.171.143.98 - - [23/Sep/2024:12:07:22 -0300] "GET /cormun/servlet/hlogin HTTP/1.1" 200 1731
190.171.143.98 - - [23/Sep/2024:12:07:22 -0300] "GET /favicon.ico HTTP/1.1" 200 21630
190.171.143.98 - - [23/Sep/2024:12:07:28 -0300] "POST /cormun/servlet/hlogin?fc530e4105d36e19fce959d29d95e7eb,gx-no-cache=1727104022186 HTTP/1.1" 200 90
190.171.143.98 - - [23/Sep/2024:12:07:28 -0300] "GET /cormun/servlet/hpexe_link HTTP/1.1" 200 952
190.171.143.98 - - [23/Sep/2024:12:07:29 -0300] "GET /cormun/servlet/hhome HTTP/1.1" 200 4313
190.171.143.98 - - [23/Sep/2024:12:07:34 -0300] "GET /cormun/servlet/trlicencias? HTTP/1.1" 200 10400
190.171.143.98 - - [23/Sep/2024:12:07:41 -0300] "GET /cormun/servlet/alicenciaprn?17522133,L,20240923000000,PU HTTP/1.1" 200 1541
190.171.143.98 - - [23/Sep/2024:12:07:41 -0300] "GET /cormun/servlet/alicenciaprn?17522133,L,20240923000000,PU HTTP/1.1" 200 1544
190.171.143.98 - - [23/Sep/2024:12:08:06 -0300] "GET /cormun/servlet/alicenciaprn?8448797,L,20240918000000,PU HTTP/1.1" 200 1546
190.171.143.98 - - [23/Sep/2024:12:08:07 -0300] "GET /cormun/servlet/alicenciaprn?8448797,L,20240918000000,PU HTTP/1.1" 200 1543
52.167.144.210 - - [23/Sep/2024:12:08:36 -0300] "GET /atom.xml HTTP/1.1" 404 977
181.212.40.185 - - [23/Sep/2024:12:09:51 -0300] "POST /cormun/servlet/trlicencias?a7344801ba182e026e89a3d4bcb0a7b4,gx-no-cache=1727104165112 HTTP/1.1" 440 972
181.212.40.185 - - [23/Sep/2024:12:09:53 -0300] "GET /cormun/servlet/trlicencias HTTP/1.1" 200 6045
181.212.40.185 - - [23/Sep/2024:12:09:53 -0300] "GET /cormun/servlet/hlogin HTTP/1.1" 200 1734
181.212.40.185 - - [23/Sep/2024:12:10:02 -0300] "POST /cormun/servlet/hlogin?ad621006005fad64266cd9355cdd4e74,gx-no-cache=1727104176747 HTTP/1.1" 200 90
181.212.40.185 - - [23/Sep/2024:12:10:03 -0300] "GET /cormun/servlet/hpexe_link HTTP/1.1" 200 953
181.212.40.185 - - [23/Sep/2024:12:10:03 -0300] "GET /cormun/servlet/trlicencias HTTP/1.1" 200 16501
190.171.141.106 - - [23/Sep/2024:12:11:20 -0300] "ó:4ù#¶fKâ¨Y²¨†r¥;ëï·$ÉéJj ƒ ˜Ž°.fôL " 400 -
190.171.141.106 - - [23/Sep/2024:12:11:20 -0300] "½¹fó×قÕP5™¹ØÇnâß]RHæî2’+1ßî 0$¼ ‘¹ŠŒâÓ3ûáªôÆuydl§ô”Þÿ " 400 -
190.171.141.106 - - [23/Sep/2024:12:11:20 -0300] "GET /cormun/servlet/hlogin HTTP/1.1" 200 1719
190.171.141.106 - - [23/Sep/2024:12:11:20 -0300] "GET /cormun/static/gxtimezone.js?85251 HTTP/1.1" 200 5781
190.171.141.106 - - [23/Sep/2024:12:11:20 -0300] "GET /cormun/static/gxcfg.js?2022112219184450 HTTP/1.1" 200 953
190.171.141.106 - - [23/Sep/2024:12:11:20 -0300] "GET /cormun/static/Resources/CormunLogin.png HTTP/1.1" 200 19132
190.171.141.106 - - [23/Sep/2024:12:11:20 -0300] "GET /cormun/static/messages.spa.js?85251 HTTP/1.1" 200 30736
190.171.141.106 - - [23/Sep/2024:12:11:20 -0300] "GET /cormun/static/Resources/Spanish/PXTools.css?1759030 HTTP/1.1" 200 100853
190.171.141.106 - - [23/Sep/2024:12:11:20 -0300] "GET /cormun/static/hlogin.js?2022112219184458 HTTP/1.1" 200 2156
190.171.141.106 - - [23/Sep/2024:12:11:20 -0300] "GET /cormun/static/gxgral.js?85251 HTTP/1.1" 200 384558
190.171.141.106 - - [23/Sep/2024:12:11:20 -0300] "GET /cormun/servlet/hlogin HTTP/1.1" 200 1729
190.171.141.106 - - [23/Sep/2024:12:11:20 -0300] "GET /cormun/static/Resources/PXToolsLoginBackground.png HTTP/1.1" 200 1164
190.171.141.106 - - [23/Sep/2024:12:11:20 -0300] "GET /cormun/static/Resources/PXToolsLoginTop.png HTTP/1.1" 200 1337
190.171.141.106 - - [23/Sep/2024:12:11:20 -0300] "GET /cormun/static/Resources/PXToolsButtonRight.png HTTP/1.1" 200 1294
190.171.141.106 - - [23/Sep/2024:12:11:20 -0300] "GET /cormun/static/Resources/PXToolsButtonLeft.png HTTP/1.1" 200 1310
190.171.141.106 - - [23/Sep/2024:12:11:20 -0300] "GET /cormun/static/Resources/PXToolsButtonBackground.png HTTP/1.1" 200 1176
190.171.141.106 - - [23/Sep/2024:12:11:20 -0300] "GET /cormun/static/Resources/PXToolsLoginBottom.png HTTP/1.1" 200 1389
190.171.141.106 - - [23/Sep/2024:12:11:20 -0300] "GET /cormun/static/Resources/indicator.gif HTTP/1.1" 200 1553
190.171.141.106 - - [23/Sep/2024:12:11:20 -0300] "GET /favicon.ico HTTP/1.1" 200 21630
190.171.141.106 - - [23/Sep/2024:12:11:30 -0300] "POST /cormun/servlet/hlogin?aa942f38685a64941fd7ecdc03b21e9f,gx-no-cache=1727104333088 HTTP/1.1" 200 446
200.54.107.2 - - [23/Sep/2024:12:11:32 -0300] "GET /cormun/servlet/trlicencias? HTTP/1.1" 200 6054
200.54.107.2 - - [23/Sep/2024:12:11:34 -0300] "GET /cormun/servlet/hlogin HTTP/1.1" 200 1735
190.171.141.106 - - [23/Sep/2024:12:11:34 -0300] "POST /cormun/servlet/hlogin?aa942f38685a64941fd7ecdc03b21e9f,gx-no-cache=1727104337686 HTTP/1.1" 200 446
200.54.107.2 - - [23/Sep/2024:12:11:38 -0300] "POST /cormun/servlet/hlogin?c6f49b14142a0043a3de43a042181cc4,gx-no-cache=1727104272030 HTTP/1.1" 200 90
200.54.107.2 - - [23/Sep/2024:12:11:38 -0300] "GET /cormun/servlet/hpexe_link HTTP/1.1" 200 955
200.54.107.2 - - [23/Sep/2024:12:11:38 -0300] "GET /cormun/servlet/trlicencias HTTP/1.1" 200 10419
190.171.141.106 - - [23/Sep/2024:12:11:40 -0300] "POST /cormun/servlet/hlogin?aa942f38685a64941fd7ecdc03b21e9f,gx-no-cache=1727104343653 HTTP/1.1" 200 446
190.171.141.106 - - [23/Sep/2024:12:11:50 -0300] "POST /cormun/servlet/hlogin?aa942f38685a64941fd7ecdc03b21e9f,gx-no-cache=1727104353556 HTTP/1.1" 200 447
190.171.141.138 - - [23/Sep/2024:12:12:02 -0300] "GET /cormun/servlet/hlogin HTTP/1.1" 200 1712
190.171.141.138 - - [23/Sep/2024:12:12:06 -0300] "POST /cormun/servlet/hlogin?a346bb253b4aa5b53f8590369d273730,gx-no-cache=1727104300032 HTTP/1.1" 200 90
190.171.141.138 - - [23/Sep/2024:12:12:06 -0300] "GET /cormun/servlet/hpexe_link HTTP/1.1" 200 948
190.171.141.138 - - [23/Sep/2024:12:12:06 -0300] "GET /cormun/servlet/trlicencias HTTP/1.1" 200 14267
190.171.141.138 - - [23/Sep/2024:12:12:20 -0300] "GET /cormun/servlet/trcontratosolicitud? HTTP/1.1" 200 14966
190.171.141.138 - - [23/Sep/2024:12:12:20 -0300] "GET /cormun/static/gxcfg.js?202211298514361 HTTP/1.1" 200 953
190.171.141.138 - - [23/Sep/2024:12:12:20 -0300] "GET /cormun/static/trcontratosolicitud.js?202211298514531 HTTP/1.1" 200 28237
190.171.141.138 - - [23/Sep/2024:12:12:20 -0300] "GET /cormun//static/Resources/PXToolsGridNew.png HTTP/1.1" 200 427
200.54.107.2 - - [23/Sep/2024:12:12:37 -0300] "GET /cormun/servlet/trautorizarsolicitud? HTTP/1.1" 200 7462
200.54.107.2 - - [23/Sep/2024:12:12:44 -0300] "POST /cormun/servlet/trautorizarsolicitud?c6f49b14142a0043a3de43a042181cc4,,gx-no-cache=1727104338363 HTTP/1.1" 200 7229
190.171.141.138 - - [23/Sep/2024:12:12:44 -0300] "GET /cormun/servlet/trsolicitudot? HTTP/1.1" 200 7686
190.171.141.138 - - [23/Sep/2024:12:12:56 -0300] "GET /cormun/servlet/solicitudot?INS,0,0,false, HTTP/1.1" 200 16470
200.54.107.2 - - [23/Sep/2024:12:13:04 -0300] "GET /cormun/servlet/trsolicitudot? HTTP/1.1" 200 8946
190.171.141.138 - - [23/Sep/2024:12:13:05 -0300] "POST /cormun/servlet/solicitudot?gx-no-cache=1727104359477 HTTP/1.1" 200 4040
190.171.141.138 - - [23/Sep/2024:12:13:05 -0300] "POST /cormun/servlet/solicitudot?a346bb253b4aa5b53f8590369d273730,INS,0,0,false,,gx-no-cache=1727104359573 HTTP/1.1" 200 12880
190.171.141.138 - - [23/Sep/2024:12:13:10 -0300] "GET /cormun/servlet/solicitudot?6b6aa6eb4f9532cd5ac41d43538fd2f410dfcedf7f585deee0157ab1ce866b3fd33bc12dcb04dcaa1686498f4dab6ce8,gx-no-cache=1727104363889 HTTP/1.1" 200 30
200.54.107.2 - - [23/Sep/2024:12:13:17 -0300] "POST /cormun/servlet/trsolicitudot?c6f49b14142a0043a3de43a042181cc4,,gx-no-cache=1727104370613 HTTP/1.1" 200 4842
200.54.107.2 - - [23/Sep/2024:12:13:17 -0300] "GET /cormun/static/Shared/jqueryui/images/ui-bg_highlight-soft_100_c6c2c8_1x100.png HTTP/1.1" 404 1117
200.54.107.2 - - [23/Sep/2024:12:13:17 -0300] "GET /cormun/static/Shared/jqueryui/images/ui-icons_82798d_256x240.png HTTP/1.1" 404 1089
200.54.107.2 - - [23/Sep/2024:12:13:17 -0300] "GET /cormun/static/Shared/jqueryui/images/ui-icons_8d78a5_256x240.png HTTP/1.1" 404 1089
200.54.107.2 - - [23/Sep/2024:12:13:17 -0300] "GET /cormun/static/Shared/jqueryui/images/ui-bg_flat_55_fafafa_40x100.png HTTP/1.1" 404 1097
200.54.107.2 - - [23/Sep/2024:12:13:17 -0300] "POST /cormun/servlet/trsolicitudot?c6f49b14142a0043a3de43a042181cc4,,gx-no-cache=1727104370995 HTTP/1.1" 200 4618
200.54.107.2 - - [23/Sep/2024:12:13:22 -0300] "POST /cormun/servlet/trsolicitudot?c6f49b14142a0043a3de43a042181cc4,,gx-no-cache=1727104376140 HTTP/1.1" 200 4636
200.54.107.2 - - [23/Sep/2024:12:13:25 -0300] "GET /cormun/servlet/solicitudot?INS,0,0,false, HTTP/1.1" 200 16350
190.171.141.138 - - [23/Sep/2024:12:13:38 -0300] "GET /cormun/servlet/prbanco?,MD,,gxPopupLevel%3D0%3B HTTP/1.1" 200 6866
190.171.141.138 - - [23/Sep/2024:12:13:45 -0300] "GET /cormun/servlet/solicitudot?6b6aa6eb4f9532cd5ac41d43538fd2f48d9ec82c73d01894887f297417f7b343c87d9deea4c8aef1fcc12309c20f022860460cc3f5e955abb7d259c03d43184bfab8e2cada9ba7f7aa1cc0051a1f5b28,gx-no-cache=1727104399132 HTTP/1.1" 200 30
190.171.141.138 - - [23/Sep/2024:12:13:47 -0300] "GET /cormun/servlet/solicitudot?6b6aa6eb4f9532cd5ac41d43538fd2f4c639c2d6380c5faf7ba7da84e5afdbd0,gx-no-cache=1727104400805 HTTP/1.1" 200 53
190.171.141.138 - - [23/Sep/2024:12:13:59 -0300] "POST /cormun/servlet/solicitudot?gx-no-cache=1727104413317 HTTP/1.1" 200 240
190.171.141.138 - - [23/Sep/2024:12:14:03 -0300] "GET /cormun/servlet/solicitudot?6b6aa6eb4f9532cd5ac41d43538fd2f4169a0ec978b6835769906421196a364559b5f06cf5be9699d1767ca4ceeb452bb72026e4c0dfdd2fe2d1d0bab8c639b4aadef5b3743dd638600d8d7efe79153806b1ff6ccec909336320a882655c4918ec31a3acfab1ca553bb047c73dac8d640d3e8957da44a487f1e687f4675d7458d1b676ec7302107236dabf4d0975b3eb9152ac2c4ca631cbed35c13105c5be877c9823cfb74a070314fe43b2b75e80bc81fb6000d422730a8e701a1cc35e755bbf7d3c57dfcc943a7331a6942f0ffed3ad23f097efc45f239d99452a094f6fa303cd6321ec70b2e01eab692b22d1dfb8f0fcba814faf9748ddcc51772ddf988a8f7c753abb80c833c4cf187e64ca753bb54ae5358f0b5db798ef2cd7bcddd9b5814a70cc0f040c7d646a7f3ce651ebcf92d92e8825cd4a0fdef883ef34d4b0577de1bd710351379e7930ba7a8ad1be43c02dc1c80baf6de443c045d7beaad6e21e4faa2cd49ef72451e7b3c8f0217bc2306c2a6af212b2425d1b6947934c9da6,gx-no-cache=1727104417141 HTTP/1.1" 200 30
200.54.107.2 - - [23/Sep/2024:12:14:33 -0300] "POST /cormun/servlet/solicitudot?gx-no-cache=1727104446782 HTTP/1.1" 200 4039
200.54.107.2 - - [23/Sep/2024:12:14:33 -0300] "POST /cormun/servlet/solicitudot?c6f49b14142a0043a3de43a042181cc4,INS,0,0,false,,gx-no-cache=1727104446911 HTTP/1.1" 200 12888
200.54.107.2 - - [23/Sep/2024:12:14:35 -0300] "GET /cormun/servlet/solicitudot?cb5da2e0a3f4284932f5b317bca79b95981bc5960570321ca8555540b7d591280cddf7754c873a9f39d2851894085603,gx-no-cache=1727104449578 HTTP/1.1" 200 30
200.54.107.2 - - [23/Sep/2024:12:15:37 -0300] "GET /cormun/servlet/solicitudot?cb5da2e0a3f4284932f5b317bca79b95a8505e8e931318d36b6d4a1fa815876271da79e133a3814f04969d9d8c0c9ac189c5cab2b2dafcd1dd1eeb3ab0afc15a,gx-no-cache=1727104511473 HTTP/1.1" 200 30
200.54.107.2 - - [23/Sep/2024:12:15:40 -0300] "GET /cormun/servlet/solicitudot?cb5da2e0a3f4284932f5b317bca79b958f506bc9ae25e07d9935197f829a11a9,gx-no-cache=1727104514112 HTTP/1.1" 200 53
200.54.107.2 - - [23/Sep/2024:12:15:50 -0300] "POST /cormun/servlet/solicitudot?c6f49b14142a0043a3de43a042181cc4,INS,0,0,false,,gx-no-cache=1727104524460 HTTP/1.1" 200 13107
200.54.107.2 - - [23/Sep/2024:12:15:58 -0300] "POST /cormun/servlet/solicitudot?gx-no-cache=1727104531805 HTTP/1.1" 200 240
200.54.107.2 - - [23/Sep/2024:12:16:02 -0300] "GET /cormun/servlet/solicitudot?cb5da2e0a3f4284932f5b317bca79b9552e7203de5d71d377e0137fb326bd073362ef7d4d51ee2a248c52ca07d12cca307de4da960ee7183bb0b4f591cd591407323d989e8a2d0a459a3041aca5ec3fa467086cf232fd9962e0114ecc9c535ca5c7b83784c706be90ffb36bea77991d177b62fd154c73442c11ef89862adbb40820ddcef4801875afc170d246e3e593541c969189ac5d98042ebe8a6201827045ffeefa54dfd5a5dd75c52202b1bac18c343a4b8cc519252fc340153027a0d040d83f197fa2b71342798925880893775b25fbea9704f54cd17edf7e186e241f15d6592709078cf18e707f6bb3c08406e2c2ee15f6ebf83b97396094eef1a3a6681e4beb4bc75304442ab351f03c53512dbae9187ec3e271efe82321bd76c1614585a891637a6fe43545da73cfabd212c2c4db6654813ef5185a753ff78682c0d6a1a4a5eb53f9727aad83c4e1452c3bd949ded68a41882c02fdd9d3576abed647664f05772b85e8ac55843184478a7b246549ef2f864bd1bb707dea7692d5a82,gx-no-cache=1727104536188 HTTP/1.1" 200 30
200.54.107.2 - - [23/Sep/2024:12:16:02 -0300] "POST /cormun/servlet/solicitudot?gx-no-cache=1727104536228 HTTP/1.1" 200 30
200.54.107.2 - - [23/Sep/2024:12:16:02 -0300] "POST /cormun/servlet/solicitudot?gx-no-cache=1727104536267 HTTP/1.1" 200 1481
200.54.107.2 - - [23/Sep/2024:12:16:02 -0300] "POST /cormun/servlet/solicitudot?gx-no-cache=1727104536312 HTTP/1.1" 200 38
190.171.149.82 - - [23/Sep/2024:12:16:07 -0300] "GET /cormun/servlet/hlogin HTTP/1.1" 200 1727
190.171.149.82 - - [23/Sep/2024:12:16:09 -0300] "POST /cormun/servlet/hlogin?565ca3b70818cc1216b07f3f1a3fb44d,gx-no-cache=1727104542591 HTTP/1.1" 200 90
190.171.149.82 - - [23/Sep/2024:12:16:09 -0300] "GET /cormun/servlet/hpexe_link HTTP/1.1" 200 954
190.171.149.82 - - [23/Sep/2024:12:16:09 -0300] "GET /cormun/servlet/hhome HTTP/1.1" 200 3933
190.171.149.82 - - [23/Sep/2024:12:16:12 -0300] "GET /cormun/servlet/trlicencias? HTTP/1.1" 200 8882
190.171.149.82 - - [23/Sep/2024:12:16:17 -0300] "POST /cormun/servlet/trlicencias?565ca3b70818cc1216b07f3f1a3fb44d,,gx-no-cache=1727104549800 HTTP/1.1" 200 6326
190.171.149.82 - - [23/Sep/2024:12:16:17 -0300] "POST /cormun/servlet/trlicencias?565ca3b70818cc1216b07f3f1a3fb44d,,gx-no-cache=1727104549999 HTTP/1.1" 200 6325
190.171.149.82 - - [23/Sep/2024:12:16:17 -0300] "POST /cormun/servlet/trlicencias?565ca3b70818cc1216b07f3f1a3fb44d,,gx-no-cache=1727104550175 HTTP/1.1" 200 6326
190.171.149.82 - - [23/Sep/2024:12:16:17 -0300] "POST /cormun/servlet/trlicencias?565ca3b70818cc1216b07f3f1a3fb44d,,gx-no-cache=1727104550350 HTTP/1.1" 200 6325
200.54.107.2 - - [23/Sep/2024:12:16:26 -0300] "POST /cormun/servlet/solicitudot?gx-no-cache=1727104560317 HTTP/1.1" 200 1481
200.54.107.2 - - [23/Sep/2024:12:16:26 -0300] "POST /cormun/servlet/solicitudot?gx-no-cache=1727104560389 HTTP/1.1" 200 38
190.171.149.82 - - [23/Sep/2024:12:16:30 -0300] "POST /cormun/servlet/trlicencias?565ca3b70818cc1216b07f3f1a3fb44d,,gx-no-cache=1727104563143 HTTP/1.1" 200 6326
190.171.149.82 - - [23/Sep/2024:12:16:30 -0300] "POST /cormun/servlet/trlicencias?565ca3b70818cc1216b07f3f1a3fb44d,,gx-no-cache=1727104563316 HTTP/1.1" 200 6326
190.171.149.82 - - [23/Sep/2024:12:16:31 -0300] "POST /cormun/servlet/trlicencias?565ca3b70818cc1216b07f3f1a3fb44d,,gx-no-cache=1727104564391 HTTP/1.1" 200 6326
190.171.149.82 - - [23/Sep/2024:12:16:31 -0300] "POST /cormun/servlet/trlicencias?565ca3b70818cc1216b07f3f1a3fb44d,,gx-no-cache=1727104564574 HTTP/1.1" 200 6326
190.171.149.82 - - [23/Sep/2024:12:16:53 -0300] "POST /cormun/servlet/trlicencias?565ca3b70818cc1216b07f3f1a3fb44d,,gx-no-cache=1727104585735 HTTP/1.1" 200 6326
190.171.149.82 - - [23/Sep/2024:12:16:53 -0300] "GET /cormun/servlet/trlicencias? HTTP/1.1" 200 8882
200.54.107.2 - - [23/Sep/2024:12:16:55 -0300] "GET /cormun/servlet/solicitudot?cb5da2e0a3f4284932f5b317bca79b959716bda425ecb73530d236f8b211bccdb2cb5600364244e25a93716cfb26d9fa53db67b53bec72b8aebe631788fc674dfca91bc034a635cbbdac1d0455b8bf127cafffe6dd0ee54a4323eef278446c8d5c2007d288542f35e9e28311ee5fd65b,gx-no-cache=1727104589008 HTTP/1.1" 200 110
200.54.107.2 - - [23/Sep/2024:12:16:55 -0300] "POST /cormun/servlet/solicitudot?gx-no-cache=1727104589065 HTTP/1.1" 200 83
190.171.149.82 - - [23/Sep/2024:12:17:00 -0300] "POST /cormun/servlet/trlicencias?565ca3b70818cc1216b07f3f1a3fb44d,,gx-no-cache=1727104592800 HTTP/1.1" 200 6326
190.171.149.82 - - [23/Sep/2024:12:17:00 -0300] "POST /cormun/servlet/trlicencias?565ca3b70818cc1216b07f3f1a3fb44d,,gx-no-cache=1727104592971 HTTP/1.1" 200 6326
190.171.149.82 - - [23/Sep/2024:12:17:01 -0300] "POST /cormun/servlet/trlicencias?565ca3b70818cc1216b07f3f1a3fb44d,,gx-no-cache=1727104594151 HTTP/1.1" 200 6326
190.171.149.82 - - [23/Sep/2024:12:17:01 -0300] "POST /cormun/servlet/trlicencias?565ca3b70818cc1216b07f3f1a3fb44d,,gx-no-cache=1727104594334 HTTP/1.1" 200 6326
200.54.107.2 - - [23/Sep/2024:12:17:07 -0300] "GET /cormun/servlet/solicitudot?cb5da2e0a3f4284932f5b317bca79b954dd966d6a94847c153bbdd3dc6f3cffce96c6884202405f9eb6cd8bf025d71aefc364b4866733191824d59c8dfd45baaa301e21a7e2ff8b6734d0d78414b3dfeb678ed2a4ce5ac7c9027c615c1ef83a2fd845bf4e8c2bfee5a5d62da28850453,gx-no-cache=1727104600795 HTTP/1.1" 200 29
200.54.107.2 - - [23/Sep/2024:12:17:07 -0300] "GET /cormun/static/menuarrow.gif HTTP/1.1" 404 1015
190.171.149.82 - - [23/Sep/2024:12:17:09 -0300] "POST /cormun/servlet/trlicencias?565ca3b70818cc1216b07f3f1a3fb44d,,gx-no-cache=1727104601990 HTTP/1.1" 200 6327
190.171.149.82 - - [23/Sep/2024:12:17:09 -0300] "POST /cormun/servlet/trlicencias?565ca3b70818cc1216b07f3f1a3fb44d,,gx-no-cache=1727104602206 HTTP/1.1" 200 6326
200.54.107.2 - - [23/Sep/2024:12:17:15 -0300] "GET /cormun/servlet/solicitudot?cb5da2e0a3f4284932f5b317bca79b9590b8dc412cfdd314562dcb89b3d822fd3ddcdebcb1af30605d214dd4a796a540,gx-no-cache=1727104609426 HTTP/1.1" 200 30
200.54.107.2 - - [23/Sep/2024:12:17:27 -0300] "POST /cormun/servlet/solicitudot?gx-no-cache=1727104620973 HTTP/1.1" 200 30
200.54.107.2 - - [23/Sep/2024:12:18:02 -0300] "POST /cormun/servlet/solicitudot?c6f49b14142a0043a3de43a042181cc4,INS,0,0,false,,gx-no-cache=1727104656149 HTTP/1.1" 200 93
200.54.107.2 - - [23/Sep/2024:12:18:02 -0300] "GET /cormun/servlet/hpexe_return? HTTP/1.1" 200 1008
200.54.107.2 - - [23/Sep/2024:12:18:03 -0300] "GET /cormun/servlet/trsolicitudot? HTTP/1.1" 200 9007
200.54.107.2 - - [23/Sep/2024:12:18:15 -0300] "POST /cormun/servlet/trsolicitudot?c6f49b14142a0043a3de43a042181cc4,,gx-no-cache=1727104669069 HTTP/1.1" 200 4892
200.54.107.2 - - [23/Sep/2024:12:18:15 -0300] "POST /cormun/servlet/trsolicitudot?c6f49b14142a0043a3de43a042181cc4,,gx-no-cache=1727104669204 HTTP/1.1" 200 4617
190.95.15.15 - - [23/Sep/2024:12:18:17 -0300] "GET /cormun/servlet/trlicencias? HTTP/1.1" 200 6056
190.95.15.15 - - [23/Sep/2024:12:18:17 -0300] "GET /cormun/servlet/hlogin HTTP/1.1" 200 1738
190.95.15.15 - - [23/Sep/2024:12:18:25 -0300] "POST /cormun/servlet/hlogin?1860445f9184b9f85c77b2eae8098f35,gx-no-cache=1727104679078 HTTP/1.1" 200 90
190.95.15.15 - - [23/Sep/2024:12:18:25 -0300] "GET /cormun/servlet/hpexe_link HTTP/1.1" 200 956
190.95.15.15 - - [23/Sep/2024:12:18:25 -0300] "GET /cormun/servlet/trlicencias HTTP/1.1" 200 11536
200.54.107.2 - - [23/Sep/2024:12:18:27 -0300] "GET /cormun/servlet/trlicencias? HTTP/1.1" 200 10418
190.171.141.98 - - [23/Sep/2024:12:19:19 -0300] "GET /cormun/servlet/hlogin HTTP/1.1" 200 1728
190.171.149.90 - - [23/Sep/2024:12:20:07 -0300] "GET /cormun/servlet/trlicencias? HTTP/1.1" 200 6060
190.171.149.90 - - [23/Sep/2024:12:20:07 -0300] "GET /cormun/servlet/hlogin HTTP/1.1" 200 1744
190.171.149.90 - - [23/Sep/2024:12:20:14 -0300] "POST /cormun/servlet/hlogin?140e4c9ba699036612cd754f67648119,gx-no-cache=1727104681326 HTTP/1.1" 200 451
190.171.149.90 - - [23/Sep/2024:12:20:19 -0300] "POST /cormun/servlet/hlogin?140e4c9ba699036612cd754f67648119,gx-no-cache=1727104685711 HTTP/1.1" 200 90
190.171.149.90 - - [23/Sep/2024:12:20:19 -0300] "GET /cormun/servlet/hpexe_link HTTP/1.1" 200 962
190.171.149.90 - - [23/Sep/2024:12:20:19 -0300] "GET /cormun/servlet/trlicencias HTTP/1.1" 200 9393
191.126.185.74 - - [23/Sep/2024:12:20:47 -0300] "GET /cormun/servlet/hlogin HTTP/1.1" 200 1721
191.126.185.74 - - [23/Sep/2024:12:20:56 -0300] "POST /cormun/servlet/hlogin?6bede7c9b05245a9f9ddde5ef692ff31,gx-no-cache=1727104829852 HTTP/1.1" 200 90
191.126.185.74 - - [23/Sep/2024:12:20:56 -0300] "GET /cormun/servlet/hpexe_link HTTP/1.1" 200 952
191.126.185.74 - - [23/Sep/2024:12:20:56 -0300] "GET /cormun/servlet/hhome HTTP/1.1" 200 4095
191.126.185.74 - - [23/Sep/2024:12:21:06 -0300] "GET /cormun/servlet/trlicencias? HTTP/1.1" 200 12786
191.126.185.74 - - [23/Sep/2024:12:22:08 -0300] "POST /cormun/servlet/trlicencias?6bede7c9b05245a9f9ddde5ef692ff31,,gx-no-cache=1727104900802 HTTP/1.1" 200 10663
190.171.149.74 - - [23/Sep/2024:12:22:25 -0300] "GET /cormun/servlet/trpermisosgoce? HTTP/1.1" 200 6030
190.171.149.74 - - [23/Sep/2024:12:22:25 -0300] "GET /cormun/servlet/hlogin HTTP/1.1" 200 1739
191.126.185.74 - - [23/Sep/2024:12:22:30 -0300] "POST /cormun/servlet/trlicencias?6bede7c9b05245a9f9ddde5ef692ff31,,gx-no-cache=1727104923500 HTTP/1.1" 200 4445
190.171.149.74 - - [23/Sep/2024:12:22:31 -0300] "POST /cormun/servlet/hlogin?fcf76b52fef6e6437c48e2755a35e854,gx-no-cache=1727104913506 HTTP/1.1" 200 90
190.171.149.74 - - [23/Sep/2024:12:22:31 -0300] "GET /cormun/servlet/hpexe_link HTTP/1.1" 200 954
190.171.149.74 - - [23/Sep/2024:12:22:31 -0300] "GET /cormun/servlet/trpermisosgoce HTTP/1.1" 200 14543
191.126.185.74 - - [23/Sep/2024:12:22:52 -0300] "GET /cormun/servlet/hhome HTTP/1.1" 200 4095
191.126.185.74 - - [23/Sep/2024:12:22:55 -0300] "GET /cormun/servlet/trlicencias? HTTP/1.1" 200 7047
191.126.185.74 - - [23/Sep/2024:12:22:57 -0300] "GET /cormun/static/menuarrow.gif HTTP/1.1" 404 1015
191.126.185.74 - - [23/Sep/2024:12:23:14 -0300] "POST /cormun/servlet/trlicencias?6bede7c9b05245a9f9ddde5ef692ff31,,gx-no-cache=1727104967299 HTTP/1.1" 200 4446
191.126.185.74 - - [23/Sep/2024:12:23:20 -0300] "POST /cormun/servlet/trlicencias?6bede7c9b05245a9f9ddde5ef692ff31,,gx-no-cache=1727104973731 HTTP/1.1" 200 10663
191.126.185.74 - - [23/Sep/2024:12:23:40 -0300] "POST /cormun/servlet/trlicencias?6bede7c9b05245a9f9ddde5ef692ff31,,gx-no-cache=1727104992731 HTTP/1.1" 200 18489
190.171.143.82 - - [23/Sep/2024:12:23:40 -0300] "GET /cormun/servlet/trpermisosgoce HTTP/1.1" 200 6031
190.171.143.106 - - [23/Sep/2024:12:23:41 -0300] "GET /cormun/servlet/hlogin HTTP/1.1" 200 1721
190.171.143.106 - - [23/Sep/2024:12:23:42 -0300] "GET /cormun/servlet/hlogin HTTP/1.1" 200 1732
190.171.143.106 - - [23/Sep/2024:12:23:47 -0300] "POST /cormun/servlet/hlogin?f91abce558afdad2bd4801f0d87a4aa9,gx-no-cache=1727105000963 HTTP/1.1" 200 450
190.171.143.106 - - [23/Sep/2024:12:23:54 -0300] "GET /cormun/servlet/hhome HTTP/1.1" 200 3320
190.171.143.106 - - [23/Sep/2024:12:23:54 -0300] "GET /cormun/servlet/hlogin HTTP/1.1" 200 1729
190.171.143.82 - - [23/Sep/2024:12:23:56 -0300] "GET /cormun/servlet/hlogin HTTP/1.1" 200 1737
190.171.143.106 - - [23/Sep/2024:12:23:58 -0300] "POST /cormun/servlet/hlogin?fd040ed3571b36a7025f1648610309e7,gx-no-cache=1727105012035 HTTP/1.1" 200 90
190.171.143.106 - - [23/Sep/2024:12:23:59 -0300] "GET /cormun/servlet/hpexe_link HTTP/1.1" 200 949
190.171.143.106 - - [23/Sep/2024:12:23:59 -0300] "GET /cormun/servlet/hhome HTTP/1.1" 200 4269
190.171.143.106 - - [23/Sep/2024:12:24:03 -0300] "GET /cormun/servlet/trlicencias? HTTP/1.1" 200 12176
191.126.185.74 - - [23/Sep/2024:12:24:10 -0300] "POST /cormun/servlet/trlicencias?6bede7c9b05245a9f9ddde5ef692ff31,,gx-no-cache=1727105022614 HTTP/1.1" 200 18063
190.171.143.106 - - [23/Sep/2024:12:24:17 -0300] "POST /cormun/servlet/trlicencias?fd040ed3571b36a7025f1648610309e7,,gx-no-cache=1727105030843 HTTP/1.1" 200 101
190.171.143.106 - - [23/Sep/2024:12:24:17 -0300] "POST /cormun/servlet/trlicencias?fd040ed3571b36a7025f1648610309e7,,gx-no-cache=1727105031006 HTTP/1.1" 200 9648
190.171.143.106 - - [23/Sep/2024:12:24:17 -0300] "GET /cormun/Licencias-2183.xls HTTP/1.1" 200 9216
190.171.149.82 - - [23/Sep/2024:12:25:04 -0300] "POST /cormun/servlet/trlicencias?565ca3b70818cc1216b07f3f1a3fb44d,,gx-no-cache=1727105077470 HTTP/1.1" 200 6327
190.171.142.26 - - [23/Sep/2024:12:26:21 -0300] "GET /cormun/servlet/hlogin HTTP/1.1" 200 1720
190.171.142.26 - - [23/Sep/2024:12:26:28 -0300] "POST /cormun/servlet/hlogin?8245b3a9594bed81e9dc102ece4a8602,gx-no-cache=1727105162220 HTTP/1.1" 200 90
190.171.142.26 - - [23/Sep/2024:12:26:28 -0300] "GET /cormun/servlet/hpexe_link HTTP/1.1" 200 949
190.171.142.26 - - [23/Sep/2024:12:26:28 -0300] "GET /cormun/servlet/hhome HTTP/1.1" 200 4296
190.171.142.26 - - [23/Sep/2024:12:26:30 -0300] "GET /cormun/servlet/trlicencias? HTTP/1.1" 200 14325
190.171.143.82 - - [23/Sep/2024:12:26:34 -0300] "POST /cormun/servlet/hlogin?15c05474b3e5108cb13eadad058a1298,gx-no-cache=1727105168536 HTTP/1.1" 200 90
190.171.143.82 - - [23/Sep/2024:12:26:35 -0300] "GET /cormun/servlet/hpexe_link HTTP/1.1" 200 953
190.171.143.82 - - [23/Sep/2024:12:26:35 -0300] "GET /cormun/servlet/trpermisosgoce HTTP/1.1" 200 13703
190.171.141.138 - - [23/Sep/2024:12:26:58 -0300] "POST /cormun/servlet/solicitudot?gx-no-cache=1727105192645 HTTP/1.1" 200 30
190.171.141.138 - - [23/Sep/2024:12:26:58 -0300] "POST /cormun/servlet/solicitudot?gx-no-cache=1727105192689 HTTP/1.1" 200 1481
190.171.141.138 - - [23/Sep/2024:12:26:58 -0300] "POST /cormun/servlet/solicitudot?gx-no-cache=1727105192710 HTTP/1.1" 200 38
190.171.149.82 - - [23/Sep/2024:12:27:24 -0300] "POST /cormun/servlet/trlicencias?565ca3b70818cc1216b07f3f1a3fb44d,,gx-no-cache=1727105217222 HTTP/1.1" 200 6327
190.171.149.82 - - [23/Sep/2024:12:27:25 -0300] "POST /cormun/servlet/trlicencias?565ca3b70818cc1216b07f3f1a3fb44d,,gx-no-cache=1727105217942 HTTP/1.1" 200 6327
190.171.149.82 - - [23/Sep/2024:12:27:25 -0300] "POST /cormun/servlet/trlicencias?565ca3b70818cc1216b07f3f1a3fb44d,,gx-no-cache=1727105218135 HTTP/1.1" 200 6327
190.171.149.82 - - [23/Sep/2024:12:27:25 -0300] "POST /cormun/servlet/trlicencias?565ca3b70818cc1216b07f3f1a3fb44d,,gx-no-cache=1727105218343 HTTP/1.1" 200 6327
190.171.149.82 - - [23/Sep/2024:12:27:25 -0300] "POST /cormun/servlet/trlicencias?565ca3b70818cc1216b07f3f1a3fb44d,,gx-no-cache=1727105218534 HTTP/1.1" 200 6326
190.171.149.82 - - [23/Sep/2024:12:27:26 -0300] "POST /cormun/servlet/trlicencias?565ca3b70818cc1216b07f3f1a3fb44d,,gx-no-cache=1727105218725 HTTP/1.1" 200 6327
190.171.149.82 - - [23/Sep/2024:12:27:26 -0300] "POST /cormun/servlet/trlicencias?565ca3b70818cc1216b07f3f1a3fb44d,,gx-no-cache=1727105218934 HTTP/1.1" 200 6326
190.171.149.82 - - [23/Sep/2024:12:27:26 -0300] "POST /cormun/servlet/trlicencias?565ca3b70818cc1216b07f3f1a3fb44d,,gx-no-cache=1727105219126 HTTP/1.1" 200 6327
190.171.149.82 - - [23/Sep/2024:12:27:26 -0300] "POST /cormun/servlet/trlicencias?565ca3b70818cc1216b07f3f1a3fb44d,,gx-no-cache=1727105219302 HTTP/1.1" 200 6327
190.171.141.138 - - [23/Sep/2024:12:27:37 -0300] "POST /cormun/servlet/solicitudot?gx-no-cache=1727105231013 HTTP/1.1" 200 1481
190.171.141.138 - - [23/Sep/2024:12:27:37 -0300] "POST /cormun/servlet/solicitudot?gx-no-cache=1727105231041 HTTP/1.1" 200 38
190.171.141.138 - - [23/Sep/2024:12:27:37 -0300] "GET /cormun/servlet/solicitudot?6b6aa6eb4f9532cd5ac41d43538fd2f4a9da4ad7467948d0a6e29d310c5eada557f0c433be2109488494218ea11fa61e6fc31fe81ad3ac2d35e4d7b1c6102737b5a09ceb0b5efc34f6abd885fd79601f9f5e01fbc7902b35ea7f45137d87c3750a5172ab65a1072865f0f3f14c758b2c,gx-no-cache=1727105231054 HTTP/1.1" 200 110
190.171.141.138 - - [23/Sep/2024:12:27:37 -0300] "POST /cormun/servlet/solicitudot?gx-no-cache=1727105231068 HTTP/1.1" 200 110
190.171.141.138 - - [23/Sep/2024:12:27:37 -0300] "GET /cormun/servlet/solicitudot?6b6aa6eb4f9532cd5ac41d43538fd2f4e265f91adcaed8380e6fa99aee2bf75a17b7d6b9a3fca38613a051cba4213c06467e2f652172741cdc729eada19649d036969e33c42a9ff9abb105491059a65d30520eae7ce9e989057f793b47a5240c94992500800432f46d65120167be85ed,gx-no-cache=1727105231083 HTTP/1.1" 200 29
190.171.141.138 - - [23/Sep/2024:12:27:44 -0300] "GET /cormun/static/menuarrow.gif HTTP/1.1" 404 1015
191.126.185.74 - - [23/Sep/2024:12:27:48 -0300] "POST /cormun/servlet/trlicencias?6bede7c9b05245a9f9ddde5ef692ff31,,gx-no-cache=1727105240598 HTTP/1.1" 200 18486
190.171.141.138 - - [23/Sep/2024:12:27:48 -0300] "POST /cormun/servlet/solicitudot?gx-no-cache=1727105242497 HTTP/1.1" 200 1481
190.171.141.138 - - [23/Sep/2024:12:27:48 -0300] "POST /cormun/servlet/solicitudot?gx-no-cache=1727105242521 HTTP/1.1" 200 38
190.171.141.138 - - [23/Sep/2024:12:27:48 -0300] "GET /cormun/servlet/solicitudot?6b6aa6eb4f9532cd5ac41d43538fd2f4a9da4ad7467948d0a6e29d310c5eada557f0c433be2109488494218ea11fa61e6fc31fe81ad3ac2d35e4d7b1c6102737b5a09ceb0b5efc34f6abd885fd79601f9f5e01fbc7902b35ea7f45137d87c3750a5172ab65a1072865f0f3f14c758b2c,gx-no-cache=1727105242536 HTTP/1.1" 200 110
190.171.141.138 - - [23/Sep/2024:12:27:48 -0300] "POST /cormun/servlet/solicitudot?gx-no-cache=1727105242552 HTTP/1.1" 200 110
190.171.141.138 - - [23/Sep/2024:12:27:51 -0300] "GET /cormun/servlet/solicitudot?6b6aa6eb4f9532cd5ac41d43538fd2f447fbc462bea1a5d18bcc911ff09f61d6542265773e0f190f985a58fe99dd0ed9,gx-no-cache=1727105245091 HTTP/1.1" 200 30
190.171.141.138 - - [23/Sep/2024:12:28:16 -0300] "POST /cormun/servlet/solicitudot?gx-no-cache=1727105270661 HTTP/1.1" 200 30
190.171.141.138 - - [23/Sep/2024:12:28:20 -0300] "POST /cormun/servlet/solicitudot?a346bb253b4aa5b53f8590369d273730,INS,0,0,false,,gx-no-cache=1727105273703 HTTP/1.1" 200 93
190.171.141.138 - - [23/Sep/2024:12:28:20 -0300] "GET /cormun/servlet/hpexe_return? HTTP/1.1" 200 1001
190.171.141.138 - - [23/Sep/2024:12:28:20 -0300] "GET /cormun/servlet/trsolicitudot HTTP/1.1" 200 9133
190.171.142.26 - - [23/Sep/2024:12:28:22 -0300] "GET /cormun/servlet/hlogin HTTP/1.1" 200 1717
190.171.142.26 - - [23/Sep/2024:12:28:25 -0300] "POST /cormun/servlet/hlogin?d41b806a334903e389ce2a19b92b06af,gx-no-cache=1727105282243 HTTP/1.1" 200 90
190.171.142.26 - - [23/Sep/2024:12:28:25 -0300] "GET /cormun/servlet/hpexe_link HTTP/1.1" 200 952
190.171.142.26 - - [23/Sep/2024:12:28:25 -0300] "GET /cormun/servlet/trlicencias HTTP/1.1" 200 14335
190.171.142.42 - - [23/Sep/2024:12:28:55 -0300] "GET /cormun/servlet/hlogin HTTP/1.1" 200 1713
190.171.141.138 - - [23/Sep/2024:12:29:47 -0300] "POST /cormun/servlet/trsolicitudot?a346bb253b4aa5b53f8590369d273730,gx-no-cache=1727105361254 HTTP/1.1" 200 113
190.171.141.138 - - [23/Sep/2024:12:29:47 -0300] "GET /cormun/servlet/solicitudot?UPD,2024,21765,false, HTTP/1.1" 200 17067
190.171.141.138 - - [23/Sep/2024:12:29:48 -0300] "POST /cormun/servlet/solicitudot?gx-no-cache=1727105362168 HTTP/1.1" 200 4134
190.171.141.138 - - [23/Sep/2024:12:29:48 -0300] "POST /cormun/servlet/solicitudot?a346bb253b4aa5b53f8590369d273730,UPD,2024,21765,false,,gx-no-cache=1727105362256 HTTP/1.1" 200 13040
190.171.141.138 - - [23/Sep/2024:12:29:48 -0300] "GET /cormun/servlet/solicitudot?6b6aa6eb4f9532cd5ac41d43538fd2f410dfcedf7f585deee0157ab1ce866b3f76e337a5bee706915bdb00acbe954c13,gx-no-cache=1727105362350 HTTP/1.1" 200 30
190.171.141.138 - - [23/Sep/2024:12:29:48 -0300] "GET /cormun/servlet/solicitudot?6b6aa6eb4f9532cd5ac41d43538fd2f48d9ec82c73d01894887f297417f7b343c87d9deea4c8aef1fcc12309c20f022860460cc3f5e955abb7d259c03d43184b72640ed3d05b7b860303f5296f1c9a72,gx-no-cache=1727105362374 HTTP/1.1" 200 30
190.171.141.138 - - [23/Sep/2024:12:29:48 -0300] "GET /cormun/servlet/solicitudot?6b6aa6eb4f9532cd5ac41d43538fd2f4714e62bc82acb5f2dcbd072afb9544a36f95433f68d770d1e72f4c0a339fb77b53768629e7db26cbeafc364416857e54,gx-no-cache=1727105362387 HTTP/1.1" 200 53
190.171.141.138 - - [23/Sep/2024:12:29:48 -0300] "POST /cormun/servlet/solicitudot?gx-no-cache=1727105362401 HTTP/1.1" 200 240
190.171.141.138 - - [23/Sep/2024:12:29:48 -0300] "GET /cormun/servlet/solicitudot?6b6aa6eb4f9532cd5ac41d43538fd2f4169a0ec978b6835769906421196a364559b5f06cf5be9699d1767ca4ceeb452bb72026e4c0dfdd2fe2d1d0bab8c639b4aadef5b3743dd638600d8d7efe79153806b1ff6ccec909336320a882655c4918ec31a3acfab1ca553bb047c73dac8d640d3e8957da44a487f1e687f4675d7458d1b676ec7302107236dabf4d0975b3eb9152ac2c4ca631cbed35c13105c5be877c9823cfb74a070314fe43b2b75e80bc81fb6000d422730a8e701a1cc35e755bbf7d3c57dfcc943a7331a6942f0ffed3ad23f097efc45f239d99452a094f6fa303cd6321ec70b2e01eab692b22d1dfb8f0fcba814faf9748ddcc51772ddf988a8f7c753abb80c833c4cf187e64ca753bb54ae5358f0b5db798ef2cd7bcddd9b5814a70cc0f040c7d646a7f3ce651ebcf92d92e8825cd4a0fdef883ef34d4b0577de1bd710351379e7930ba7a8ad1be43c02dc1c80baf6de443c045d7beaad6e21e4faa2cd49ef72451e7b3c8f0217bc2260ffb2f3a9ee46bcbaf36da6a907231,gx-no-cache=1727105362417 HTTP/1.1" 200 30
190.171.141.138 - - [23/Sep/2024:12:29:48 -0300] "POST /cormun/servlet/solicitudot?gx-no-cache=1727105362430 HTTP/1.1" 200 30
190.171.141.138 - - [23/Sep/2024:12:29:48 -0300] "POST /cormun/servlet/solicitudot?gx-no-cache=1727105362445 HTTP/1.1" 200 1481
190.171.141.138 - - [23/Sep/2024:12:29:48 -0300] "POST /cormun/servlet/solicitudot?gx-no-cache=1727105362463 HTTP/1.1" 200 41
190.171.141.138 - - [23/Sep/2024:12:29:50 -0300] "GET /cormun/servlet/solicitudot?6b6aa6eb4f9532cd5ac41d43538fd2f4a9da4ad7467948d0a6e29d310c5eada557f0c433be2109488494218ea11fa61e6fc31fe81ad3ac2d35e4d7b1c6102737b5a09ceb0b5efc34f6abd885fd79601f9f5e01fbc7902b35ea7f45137d87c3750a5172ab65a1072865f0f3f14c758b2c,gx-no-cache=1727105364044 HTTP/1.1" 200 110
190.171.141.138 - - [23/Sep/2024:12:29:50 -0300] "POST /cormun/servlet/solicitudot?gx-no-cache=1727105364061 HTTP/1.1" 200 110
190.171.141.138 - - [23/Sep/2024:12:29:50 -0300] "GET /cormun/servlet/solicitudot?6b6aa6eb4f9532cd5ac41d43538fd2f44ce5e05faf2e6dd95ddb232a13dffbc0b892e9b4fc2a3db617a37755ff9b16f510831b53cef8ffff8690f78f6824c513ee55bc0210cbf70e65c13d4719e24dabf5f4f98771b2c5f53e67ee5ae4e31504e8fce48ac82c72f67411d65fb8361f8b4a39fb69be083845c3d0bde33a860545b16c7583421f8ca195bcd951aa983cec45cc222b39299b035746c307837d684f,gx-no-cache=1727105364078 HTTP/1.1" 200 29
190.171.141.138 - - [23/Sep/2024:12:29:50 -0300] "GET /cormun/servlet/solicitudot?6b6aa6eb4f9532cd5ac41d43538fd2f447fbc462bea1a5d18bcc911ff09f61d6542265773e0f190f985a58fe99dd0ed9,gx-no-cache=1727105364091 HTTP/1.1" 200 30
190.171.141.138 - - [23/Sep/2024:12:29:50 -0300] "POST /cormun/servlet/solicitudot?gx-no-cache=1727105364106 HTTP/1.1" 200 30
190.95.15.15 - - [23/Sep/2024:12:29:52 -0300] "GET /cormun/servlet/trpermisosgoce? HTTP/1.1" 200 11077
190.171.141.138 - - [23/Sep/2024:12:30:29 -0300] "POST /cormun/servlet/solicitudot?a346bb253b4aa5b53f8590369d273730,UPD,2024,21765,false,,gx-no-cache=1727105402582 HTTP/1.1" 200 93
190.171.141.138 - - [23/Sep/2024:12:30:29 -0300] "GET /cormun/servlet/hpexe_return? HTTP/1.1" 200 1008
190.171.141.138 - - [23/Sep/2024:12:30:29 -0300] "GET /cormun/servlet/trsolicitudot HTTP/1.1" 200 9133
190.171.141.138 - - [23/Sep/2024:12:30:42 -0300] "POST /cormun/servlet/trsolicitudot?a346bb253b4aa5b53f8590369d273730,gx-no-cache=1727105416273 HTTP/1.1" 200 113
190.171.141.138 - - [23/Sep/2024:12:30:42 -0300] "GET /cormun/servlet/solicitudot?UPD,2024,21765,false, HTTP/1.1" 200 17087
190.171.141.138 - - [23/Sep/2024:12:30:43 -0300] "POST /cormun/servlet/solicitudot?gx-no-cache=1727105416987 HTTP/1.1" 200 4134
190.171.141.138 - - [23/Sep/2024:12:30:43 -0300] "POST /cormun/servlet/solicitudot?a346bb253b4aa5b53f8590369d273730,UPD,2024,21765,false,,gx-no-cache=1727105417071 HTTP/1.1" 200 13057
190.171.141.138 - - [23/Sep/2024:12:30:43 -0300] "GET /cormun/servlet/solicitudot?6b6aa6eb4f9532cd5ac41d43538fd2f410dfcedf7f585deee0157ab1ce866b3f76e337a5bee706915bdb00acbe954c13,gx-no-cache=1727105417163 HTTP/1.1" 200 30
190.171.141.138 - - [23/Sep/2024:12:30:43 -0300] "GET /cormun/servlet/solicitudot?6b6aa6eb4f9532cd5ac41d43538fd2f48d9ec82c73d01894887f297417f7b343c87d9deea4c8aef1fcc12309c20f022860460cc3f5e955abb7d259c03d43184b72640ed3d05b7b860303f5296f1c9a72,gx-no-cache=1727105417181 HTTP/1.1" 200 30
190.171.141.138 - - [23/Sep/2024:12:30:43 -0300] "GET /cormun/servlet/solicitudot?6b6aa6eb4f9532cd5ac41d43538fd2f4714e62bc82acb5f2dcbd072afb9544a36f95433f68d770d1e72f4c0a339fb77b53768629e7db26cbeafc364416857e54,gx-no-cache=1727105417197 HTTP/1.1" 200 53
190.171.141.138 - - [23/Sep/2024:12:30:43 -0300] "POST /cormun/servlet/solicitudot?gx-no-cache=1727105417216 HTTP/1.1" 200 240
190.171.141.138 - - [23/Sep/2024:12:30:43 -0300] "GET /cormun/servlet/solicitudot?6b6aa6eb4f9532cd5ac41d43538fd2f4169a0ec978b6835769906421196a364559b5f06cf5be9699d1767ca4ceeb452bb72026e4c0dfdd2fe2d1d0bab8c639b4aadef5b3743dd638600d8d7efe79153806b1ff6ccec909336320a882655c4918ec31a3acfab1ca553bb047c73dac8d640d3e8957da44a487f1e687f4675d7458d1b676ec7302107236dabf4d0975b3eb9152ac2c4ca631cbed35c13105c5be877c9823cfb74a070314fe43b2b75e80bc81fb6000d422730a8e701a1cc35e755bbf7d3c57dfcc943a7331a6942f0ffed3ad23f097efc45f239d99452a094f6fa303cd6321ec70b2e01eab692b22d1dfb8f0fcba814faf9748ddcc51772ddf988a8f7c753abb80c833c4cf187e64ca753bb54ae5358f0b5db798ef2cd7bcddd9b5814a70cc0f040c7d646a7f3ce651ebcf92d92e8825cd4a0fdef883ef34d4b0577de1bd710351379e7930ba7a8ad1be43c02dc1c80baf6de443c045d7beaad6e21e4faa2cd49ef72451e7b3c8f0217bc2260ffb2f3a9ee46bcbaf36da6a907231,gx-no-cache=1727105417233 HTTP/1.1" 200 30
190.171.141.138 - - [23/Sep/2024:12:30:43 -0300] "POST /cormun/servlet/solicitudot?gx-no-cache=1727105417248 HTTP/1.1" 200 30
190.171.141.138 - - [23/Sep/2024:12:30:43 -0300] "POST /cormun/servlet/solicitudot?gx-no-cache=1727105417264 HTTP/1.1" 200 1481
190.171.141.138 - - [23/Sep/2024:12:30:43 -0300] "POST /cormun/servlet/solicitudot?gx-no-cache=1727105417286 HTTP/1.1" 200 41
190.171.141.138 - - [23/Sep/2024:12:30:56 -0300] "GET /cormun/servlet/solicitudot?6b6aa6eb4f9532cd5ac41d43538fd2f4a9da4ad7467948d0a6e29d310c5eada557f0c433be2109488494218ea11fa61e6fc31fe81ad3ac2d35e4d7b1c6102737b5a09ceb0b5efc34f6abd885fd79601f9f5e01fbc7902b35ea7f45137d87c3750a5172ab65a1072865f0f3f14c758b2c,gx-no-cache=1727105430039 HTTP/1.1" 200 110
190.171.141.138 - - [23/Sep/2024:12:30:56 -0300] "POST /cormun/servlet/solicitudot?gx-no-cache=1727105430057 HTTP/1.1" 200 110
190.171.141.138 - - [23/Sep/2024:12:30:57 -0300] "GET /cormun/servlet/solicitudot?6b6aa6eb4f9532cd5ac41d43538fd2f44ce5e05faf2e6dd95ddb232a13dffbc0b892e9b4fc2a3db617a37755ff9b16f50f3b1cf445658ad4454459c034a09c8aee55bc0210cbf70e65c13d4719e24dabf5f4f98771b2c5f53e67ee5ae4e31504e8fce48ac82c72f67411d65fb8361f8b4a39fb69be083845c3d0bde33a860545b16c7583421f8ca195bcd951aa983cec45cc222b39299b035746c307837d684f,gx-no-cache=1727105430799 HTTP/1.1" 200 30
190.171.141.138 - - [23/Sep/2024:12:31:01 -0300] "GET /cormun/servlet/solicitudot?6b6aa6eb4f9532cd5ac41d43538fd2f447fbc462bea1a5d18bcc911ff09f61d6542265773e0f190f985a58fe99dd0ed9,gx-no-cache=1727105435631 HTTP/1.1" 200 30
190.171.141.138 - - [23/Sep/2024:12:31:01 -0300] "POST /cormun/servlet/solicitudot?gx-no-cache=1727105435648 HTTP/1.1" 200 30
190.171.141.138 - - [23/Sep/2024:12:31:02 -0300] "POST /cormun/servlet/solicitudot?a346bb253b4aa5b53f8590369d273730,UPD,2024,21765,false,,gx-no-cache=1727105435664 HTTP/1.1" 200 93
190.171.141.138 - - [23/Sep/2024:12:31:02 -0300] "GET /cormun/servlet/hpexe_return? HTTP/1.1" 200 1008
190.171.141.138 - - [23/Sep/2024:12:31:02 -0300] "GET /cormun/servlet/trsolicitudot HTTP/1.1" 200 9133
190.171.143.82 - - [23/Sep/2024:12:31:50 -0300] "POST /cormun/servlet/trpermisosgoce?15c05474b3e5108cb13eadad058a1298,gx-no-cache=1727105484211 HTTP/1.1" 200 4206
190.171.143.82 - - [23/Sep/2024:12:31:53 -0300] "GET /cormun/servlet/permisogoce?INS,0,,, HTTP/1.1" 200 7153
190.171.143.82 - - [23/Sep/2024:12:31:55 -0300] "GET /cormun/static/Resources/resize.gif HTTP/1.1" 200 77
190.171.143.82 - - [23/Sep/2024:12:31:55 -0300] "GET /cormun/static/Resources/PXTools/ClosePrompt.png HTTP/1.1" 200 1036
190.171.143.82 - - [23/Sep/2024:12:31:56 -0300] "GET /cormun/servlet/prfichaempleado?,MD,,gxPopupLevel%3D0%3B HTTP/1.1" 200 9290
190.171.143.82 - - [23/Sep/2024:12:31:56 -0300] "GET /cormun/static/gxcfg.js?20201215571085 HTTP/1.1" 200 953
190.171.143.82 - - [23/Sep/2024:12:31:56 -0300] "GET /cormun/static/Resources/PXToolsMenuSearch.png HTTP/1.1" 200 336
190.171.143.82 - - [23/Sep/2024:12:31:56 -0300] "GET /cormun/static/menusearch.js?20201214473581 HTTP/1.1" 200 1424
190.171.143.82 - - [23/Sep/2024:12:31:56 -0300] "GET /cormun/static/prfichaempleado.js?20201215572193 HTTP/1.1" 200 16005
190.171.143.82 - - [23/Sep/2024:12:31:56 -0300] "GET /cormun/static/hmpwkw011.js?202211298443482 HTTP/1.1" 200 1968
190.171.143.82 - - [23/Sep/2024:12:31:56 -0300] "GET /cormun/static/Resources/PXToolsMenuSearchCancel.png HTTP/1.1" 200 306
190.171.143.82 - - [23/Sep/2024:12:32:08 -0300] "POST /cormun/servlet/prfichaempleado?15c05474b3e5108cb13eadad058a1298,,MD,,gxPopupLevel%3D0%3B,gx-no-cache=1727105501809 HTTP/1.1" 200 3400
190.171.143.82 - - [23/Sep/2024:12:32:13 -0300] "GET /cormun/servlet/permisogoce?ea6af75498c44fdf0d4e5e54f33408bddcfedd72e338f71987cd6a2930766ea118f472cb7f0c2474ca738ebcdf782be9cad855a3248a933ea28aa3454a28fd91,gx-no-cache=1727105507084 HTTP/1.1" 200 182
190.171.143.82 - - [23/Sep/2024:12:32:13 -0300] "GET /cormun/static/Shared/jqueryui/images/ui-bg_highlight-soft_100_c6c2c8_1x100.png HTTP/1.1" 404 1117
181.212.43.89 - - [23/Sep/2024:12:32:13 -0300] "GET /cormun/servlet/hlogin HTTP/1.1" 200 1717
190.171.143.82 - - [23/Sep/2024:12:32:13 -0300] "GET /cormun/static/Shared/jqueryui/images/ui-icons_82798d_256x240.png HTTP/1.1" 404 1089
