190.171.143.90 - - [11/Sep/2024:10:45:19 -0300] "GET /cormun/static/trsolicitudot.js?202211298465651 HTTP/1.1" 200 54040
190.171.143.90 - - [11/Sep/2024:10:45:23 -0300] "POST /cormun/servlet/trsolicitudot?648c83bdf6e93bd4c45da2b2ee4154a7,,gx-no-cache=1726062274509 HTTP/1.1" 200 4615
190.171.142.42 - - [11/Sep/2024:10:45:25 -0300] "GET /cormun/servlet/permisogoce?INS,0,,, HTTP/1.1" 200 6767
190.171.143.90 - - [11/Sep/2024:10:45:25 -0300] "POST /cormun/servlet/trsolicitudot?648c83bdf6e93bd4c45da2b2ee4154a7,,gx-no-cache=1726062277339 HTTP/1.1" 200 103
190.171.143.90 - - [11/Sep/2024:10:45:25 -0300] "POST /cormun/servlet/trsolicitudot?648c83bdf6e93bd4c45da2b2ee4154a7,,gx-no-cache=1726062277396 HTTP/1.1" 200 4597
190.171.143.90 - - [11/Sep/2024:10:45:26 -0300] "GET /cormun/SolicitudOT-6545.xls HTTP/1.1" 200 4608
190.171.143.90 - - [11/Sep/2024:10:45:29 -0300] "GET /cormun/servlet/solicitudot?INS,0,0,false, HTTP/1.1" 200 16300
190.171.143.90 - - [11/Sep/2024:10:45:29 -0300] "GET /cormun/static/gxcfg.js?20221129840861 HTTP/1.1" 200 953
190.171.143.90 - - [11/Sep/2024:10:45:29 -0300] "GET /cormun/static/Resources/prompt.gif HTTP/1.1" 200 902
190.171.143.90 - - [11/Sep/2024:10:45:29 -0300] "GET /cormun/static/solicitudot.js?20221129840983 HTTP/1.1" 200 74072
190.95.15.15 - - [11/Sep/2024:10:46:00 -0300] "GET /cormun/servlet/trlicencias? HTTP/1.1" 200 6047
190.95.15.15 - - [11/Sep/2024:10:46:00 -0300] "GET /cormun/servlet/hlogin HTTP/1.1" 200 1740
190.95.15.15 - - [11/Sep/2024:10:46:07 -0300] "POST /cormun/servlet/hlogin?3695d5840d6b3d1a56d6786740205b63,gx-no-cache=1726062319402 HTTP/1.1" 200 90
190.95.15.15 - - [11/Sep/2024:10:46:08 -0300] "GET /cormun/servlet/hpexe_link HTTP/1.1" 200 957
190.95.15.15 - - [11/Sep/2024:10:46:08 -0300] "GET /cormun/servlet/trlicencias HTTP/1.1" 200 13648
190.171.142.42 - - [11/Sep/2024:10:46:24 -0300] "GET /cormun/servlet/permisogoce?2f9c8b045081205a43a080fbb07ac6a7b1f13fd38e1049f629597e11d4e376d8c308b5ef3d7ecd86b7d6cd0cdbebcb0f276cd089a9a9da2a8265f1ad4c841f52,gx-no-cache=1726062335946 HTTP/1.1" 200 82
190.171.142.42 - - [11/Sep/2024:10:46:55 -0300] "GET /cormun/servlet/permisogoce?2f9c8b045081205a43a080fbb07ac6a7b8226631cb18baf2e6378de3992637d550c706da21ccb4c77c94aa736483c94491f2ccbdc4633baa4c4e79ab7deb4eaf,gx-no-cache=1726062367148 HTTP/1.1" 200 44
190.171.142.42 - - [11/Sep/2024:10:46:59 -0300] "POST /cormun/servlet/permisogoce?5af99b23d29cdcd975ce8007625a1aca,INS,0,,,,gx-no-cache=1726062370106 HTTP/1.1" 200 93
190.171.142.42 - - [11/Sep/2024:10:46:59 -0300] "GET /cormun/servlet/hpexe_return? HTTP/1.1" 200 1004
190.171.142.42 - - [11/Sep/2024:10:46:59 -0300] "GET /cormun/servlet/trpermisosgoce HTTP/1.1" 200 10502
190.171.142.42 - - [11/Sep/2024:10:47:20 -0300] "GET /cormun/servlet/permisogoce?INS,0,,, HTTP/1.1" 200 6767
190.171.142.42 - - [11/Sep/2024:10:47:29 -0300] "POST /cormun/servlet/permisogoce?5af99b23d29cdcd975ce8007625a1aca,INS,0,,,,gx-no-cache=1726062400394 HTTP/1.1" 200 4487
190.171.142.42 - - [11/Sep/2024:10:47:31 -0300] "GET /cormun/servlet/permisogoce?2f9c8b045081205a43a080fbb07ac6a784c0d23421331c449e82953fd752b7dda4643dddf428832d136ceec67deed592e0ccd514d9bd9444c9f3d7198bdeddda315fad7e9cae7090c5b4d3ef5a3dd59606390cdb2dfbaba87bf8b3b4053f96aca833151164196f189e7cc23ee9fe8df0e0ccd514d9bd9444c9f3d7198bdeddda315fad7e9cae7090c5b4d3ef5a3dd596f80c73fb0985cec0aa15dbfae462c51db9d968c0817bb81f861004af77cdecaeece88372a60e70703d6e232572d60d807f486f9f7900210751507b0c9897e69b,gx-no-cache=1726062402743 HTTP/1.1" 200 84
190.171.142.42 - - [11/Sep/2024:10:47:42 -0300] "GET /cormun/servlet/permisogoce?2f9c8b045081205a43a080fbb07ac6a7771e4173ed2ae502a27950924aef4744caa3bd32b99d6254e4a66e8596c838eb91f2ccbdc4633baa4c4e79ab7deb4eaf,gx-no-cache=1726062413786 HTTP/1.1" 200 48
190.171.142.42 - - [11/Sep/2024:10:47:45 -0300] "POST /cormun/servlet/permisogoce?5af99b23d29cdcd975ce8007625a1aca,INS,0,,,,gx-no-cache=1726062416856 HTTP/1.1" 200 93
190.171.142.42 - - [11/Sep/2024:10:47:45 -0300] "GET /cormun/servlet/hpexe_return? HTTP/1.1" 200 1004
190.171.142.42 - - [11/Sep/2024:10:47:46 -0300] "GET /cormun/servlet/trpermisosgoce HTTP/1.1" 200 10742
190.171.141.122 - - [11/Sep/2024:10:48:04 -0300] "GET /cormun/servlet/hlogin HTTP/1.1" 200 1721
190.171.143.90 - - [11/Sep/2024:10:48:07 -0300] "POST /cormun/servlet/solicitudot?gx-no-cache=1726062438696 HTTP/1.1" 200 4030
190.171.143.90 - - [11/Sep/2024:10:48:07 -0300] "POST /cormun/servlet/solicitudot?648c83bdf6e93bd4c45da2b2ee4154a7,INS,0,0,false,,gx-no-cache=1726062438805 HTTP/1.1" 200 12878
190.171.141.122 - - [11/Sep/2024:10:48:10 -0300] "POST /cormun/servlet/hlogin?730d285f3c7ea7723e7c8e8028e8fa73,gx-no-cache=1726062552932 HTTP/1.1" 200 90
190.171.141.122 - - [11/Sep/2024:10:48:10 -0300] "GET /cormun/servlet/hpexe_link HTTP/1.1" 200 954
190.171.141.122 - - [11/Sep/2024:10:48:10 -0300] "GET /cormun/servlet/trpermisosgoce HTTP/1.1" 200 13214
190.171.143.90 - - [11/Sep/2024:10:48:11 -0300] "GET /cormun/servlet/solicitudot?6bc5f90262d627d72b8e8073db3546c8a7297fa45c6b9c22b14ec16b4791d0a30938aaf2c9d6b382caa10ec8a7efeadb,gx-no-cache=1726062443066 HTTP/1.1" 200 30
190.171.141.122 - - [11/Sep/2024:10:48:13 -0300] "GET /cormun/servlet/trpermisosgoce? HTTP/1.1" 200 13210
186.10.129.164 - - [11/Sep/2024:10:49:39 -0300] "-" 400 -
186.10.129.164 - - [11/Sep/2024:10:49:40 -0300] "àÌ=5ói'‹SеÙàpsýáÄH HA\«X£QMÀ å^Ð&dýÜqSavQ " 400 -
186.10.129.164 - - [11/Sep/2024:10:49:41 -0300] "GET /cormun/servlet/hlogin HTTP/1.1" 200 1719
186.10.129.164 - - [11/Sep/2024:10:49:41 -0300] "GET /cormun/static/gxtimezone.js?85251 HTTP/1.1" 200 5781
186.10.129.164 - - [11/Sep/2024:10:49:41 -0300] "GET /cormun/static/gxcfg.js?2022112219184450 HTTP/1.1" 200 953
186.10.129.164 - - [11/Sep/2024:10:49:41 -0300] "GET /cormun/static/Resources/Spanish/PXTools.css?1759030 HTTP/1.1" 200 100853
186.10.129.164 - - [11/Sep/2024:10:49:42 -0300] "GET /cormun/static/gxgral.js?85251 HTTP/1.1" 200 384558
186.10.129.164 - - [11/Sep/2024:10:49:42 -0300] "GET /cormun/static/Resources/CormunLogin.png HTTP/1.1" 200 19132
186.10.129.164 - - [11/Sep/2024:10:49:42 -0300] "GET /cormun/static/messages.spa.js?85251 HTTP/1.1" 200 30736
186.10.129.164 - - [11/Sep/2024:10:49:42 -0300] "GET /cormun/static/hlogin.js?2022112219184458 HTTP/1.1" 200 2156
186.10.129.164 - - [11/Sep/2024:10:49:42 -0300] "GET /cormun/static/Resources/PXToolsLoginTop.png HTTP/1.1" 200 1337
186.10.129.164 - - [11/Sep/2024:10:49:43 -0300] "GET /cormun/static/Resources/PXToolsLoginBackground.png HTTP/1.1" 200 1164
186.10.129.164 - - [11/Sep/2024:10:49:43 -0300] "GET /cormun/static/Resources/PXToolsButtonLeft.png HTTP/1.1" 200 1310
186.10.129.164 - - [11/Sep/2024:10:49:43 -0300] "GET /cormun/static/Resources/PXToolsLoginBottom.png HTTP/1.1" 200 1389
186.10.129.164 - - [11/Sep/2024:10:49:43 -0300] "GET /cormun/static/Resources/PXToolsButtonRight.png HTTP/1.1" 200 1294
186.10.129.164 - - [11/Sep/2024:10:49:43 -0300] "GET /cormun/static/Resources/PXToolsButtonBackground.png HTTP/1.1" 200 1176
186.10.129.164 - - [11/Sep/2024:10:49:43 -0300] "GET /cormun/servlet/hlogin HTTP/1.1" 200 1729
186.10.129.164 - - [11/Sep/2024:10:49:43 -0300] "GET /cormun/static/Resources/indicator.gif HTTP/1.1" 200 1553
186.10.129.164 - - [11/Sep/2024:10:49:43 -0300] "GET /cormun/static/Resources/indicator.gif HTTP/1.1" 200 1553
186.10.129.164 - - [11/Sep/2024:10:49:43 -0300] "GET /favicon.ico HTTP/1.1" 200 21630
190.171.141.122 - - [11/Sep/2024:10:51:11 -0300] "GET /cormun/static/menuarrow.gif HTTP/1.1" 404 1015
190.171.142.42 - - [11/Sep/2024:10:51:19 -0300] "GET /cormun/servlet/permisogoce?INS,0,,, HTTP/1.1" 200 6766
190.171.142.42 - - [11/Sep/2024:10:51:24 -0300] "POST /cormun/servlet/permisogoce?5af99b23d29cdcd975ce8007625a1aca,INS,0,,,,gx-no-cache=1726062635754 HTTP/1.1" 200 4476
190.171.142.42 - - [11/Sep/2024:10:51:26 -0300] "GET /cormun/servlet/permisogoce?2f9c8b045081205a43a080fbb07ac6a7b1317be53e73e53c03f10ea411e49bb74ef2c8051b5233e077eb1fd0cdb13352315fad7e9cae7090c5b4d3ef5a3dd59606390cdb2dfbaba87bf8b3b4053f96ace0ccd514d9bd9444c9f3d7198bdeddda4e7e68290e1111f895d72fbbff239467e0ccd514d9bd9444c9f3d7198bdeddda315fad7e9cae7090c5b4d3ef5a3dd59606390cdb2dfbaba87bf8b3b4053f96ac60d06f0a8a7dd4411e801ab0d1647304d59fab7606d9469bdf0ac02db1d90d9ea13af456e5d98990db30ee342fb3836643d3bf19a15ea196a155019efca13a10,gx-no-cache=1726062637756 HTTP/1.1" 200 77
190.171.142.42 - - [11/Sep/2024:10:51:37 -0300] "GET /cormun/servlet/permisogoce?2f9c8b045081205a43a080fbb07ac6a7c3754675c274b168af04c6ec603f6d78520f0a758627740e5bbf51c7f67e2d4991f2ccbdc4633baa4c4e79ab7deb4eaf,gx-no-cache=1726062649183 HTTP/1.1" 200 47
190.171.142.42 - - [11/Sep/2024:10:51:42 -0300] "POST /cormun/servlet/permisogoce?5af99b23d29cdcd975ce8007625a1aca,INS,0,,,,gx-no-cache=1726062653258 HTTP/1.1" 200 93
190.171.142.42 - - [11/Sep/2024:10:51:42 -0300] "GET /cormun/servlet/hpexe_return? HTTP/1.1" 200 1004
190.171.142.42 - - [11/Sep/2024:10:51:42 -0300] "GET /cormun/servlet/trpermisosgoce HTTP/1.1" 200 10973
190.171.142.42 - - [11/Sep/2024:10:51:52 -0300] "GET /cormun/servlet/permisogoce?INS,0,,, HTTP/1.1" 200 6767
190.171.141.122 - - [11/Sep/2024:10:51:58 -0300] "GET /cormun/servlet/permisogoce?INS,0,,, HTTP/1.1" 200 6770
190.171.142.42 - - [11/Sep/2024:10:52:02 -0300] "GET /cormun/servlet/permisogoce?2f9c8b045081205a43a080fbb07ac6a7b1317be53e73e53c03f10ea411e49bb7c308b5ef3d7ecd86b7d6cd0cdbebcb0f276cd089a9a9da2a8265f1ad4c841f52,gx-no-cache=1726062673464 HTTP/1.1" 200 79
190.171.142.42 - - [11/Sep/2024:10:52:11 -0300] "GET /cormun/servlet/permisogoce?2f9c8b045081205a43a080fbb07ac6a7c3754675c274b168af04c6ec603f6d78b5910503ae30c689f43daa96c5ac8a1e749357c8b863b50e4dcf2bffc9f2b818,gx-no-cache=1726062682318 HTTP/1.1" 200 48
190.171.142.42 - - [11/Sep/2024:10:52:14 -0300] "POST /cormun/servlet/permisogoce?5af99b23d29cdcd975ce8007625a1aca,INS,0,,,,gx-no-cache=1726062685203 HTTP/1.1" 200 93
190.171.142.42 - - [11/Sep/2024:10:52:14 -0300] "GET /cormun/servlet/hpexe_return? HTTP/1.1" 200 1004
190.171.142.42 - - [11/Sep/2024:10:52:14 -0300] "GET /cormun/servlet/trpermisosgoce HTTP/1.1" 200 11153
190.171.141.122 - - [11/Sep/2024:10:52:18 -0300] "GET /cormun/servlet/permisogoce?f1f6c219c95d564fd7fe9f3505e8235d47beed3deed1f5119170f1439cfef13368c9ac24d3158b6976f5ab3b25d5a73459ac65955679b99c8bcb8671d056aa7f,gx-no-cache=1726062801436 HTTP/1.1" 200 84
190.171.142.42 - - [11/Sep/2024:10:52:20 -0300] "GET /cormun/servlet/permisogoce?INS,0,,, HTTP/1.1" 200 6767
190.171.141.122 - - [11/Sep/2024:10:52:26 -0300] "GET /cormun/servlet/permisogoce?f1f6c219c95d564fd7fe9f3505e8235dfd7f1bb8d80d0b64f796cfa195642873ee62e1ee6c6d973025885746f58a66bc42aebe1adf9c486441a313c57eb113e0,gx-no-cache=1726062809491 HTTP/1.1" 200 48
190.171.142.42 - - [11/Sep/2024:10:52:32 -0300] "GET /cormun/servlet/permisogoce?2f9c8b045081205a43a080fbb07ac6a7c992b20ca6c148bc5fd7d920d7713941cc420fb7b595066ade429df1643c4ec67e45434d3ce72c9acf71676e2e9246cd,gx-no-cache=1726062703636 HTTP/1.1" 200 88
190.171.141.122 - - [11/Sep/2024:10:52:40 -0300] "POST /cormun/servlet/permisogoce?730d285f3c7ea7723e7c8e8028e8fa73,INS,0,,,,gx-no-cache=1726062822943 HTTP/1.1" 200 93
190.171.141.122 - - [11/Sep/2024:10:52:40 -0300] "GET /cormun/servlet/hpexe_return? HTTP/1.1" 200 1007
190.171.141.122 - - [11/Sep/2024:10:52:40 -0300] "GET /cormun/servlet/trpermisosgoce HTTP/1.1" 200 13433
190.171.142.42 - - [11/Sep/2024:10:52:48 -0300] "GET /cormun/servlet/permisogoce?2f9c8b045081205a43a080fbb07ac6a71516467c3ba79125e9c8e96223e33561ab659689022dbb7a20d106d0eebb6d1af2d92bb30b8563f5fb7acd39fdfac61c,gx-no-cache=1726062720210 HTTP/1.1" 200 47
190.171.141.122 - - [11/Sep/2024:10:52:54 -0300] "GET /cormun/servlet/apermisogoceprn?15104608,P,20240911105134,PU HTTP/1.1" 200 1654
190.171.142.42 - - [11/Sep/2024:10:52:55 -0300] "POST /cormun/servlet/permisogoce?5af99b23d29cdcd975ce8007625a1aca,INS,0,,,,gx-no-cache=1726062726902 HTTP/1.1" 200 93
190.171.142.42 - - [11/Sep/2024:10:52:55 -0300] "GET /cormun/servlet/hpexe_return? HTTP/1.1" 200 1004
190.171.142.42 - - [11/Sep/2024:10:52:56 -0300] "GET /cormun/servlet/trpermisosgoce HTTP/1.1" 200 11427
190.171.142.42 - - [11/Sep/2024:10:53:19 -0300] "GET /cormun/servlet/permisogoce?INS,0,,, HTTP/1.1" 200 6767
190.171.142.42 - - [11/Sep/2024:10:53:24 -0300] "POST /cormun/servlet/permisogoce?5af99b23d29cdcd975ce8007625a1aca,INS,0,,,,gx-no-cache=1726062755992 HTTP/1.1" 200 4486
190.171.142.42 - - [11/Sep/2024:10:53:26 -0300] "GET /cormun/servlet/permisogoce?2f9c8b045081205a43a080fbb07ac6a7253186679acd39cf9094bc48f6d3e84b9c0d99cfa170fbc1ba2e3b8914442febe0ccd514d9bd9444c9f3d7198bdeddda315fad7e9cae7090c5b4d3ef5a3dd59606390cdb2dfbaba87bf8b3b4053f96acbb780abf37530f24a63246ce1ceb28e006390cdb2dfbaba87bf8b3b4053f96ace0ccd514d9bd9444c9f3d7198bdeddda315fad7e9cae7090c5b4d3ef5a3dd5969ed98f6e613705f5946a63e42e1114f70b8b0f425982c88dfcb2e97dcc8995c6b9342549321837ff176a28b3d48bf81a,gx-no-cache=1726062757721 HTTP/1.1" 200 80
190.171.142.42 - - [11/Sep/2024:10:53:35 -0300] "GET /cormun/servlet/permisogoce?2f9c8b045081205a43a080fbb07ac6a7d139536948ab35846c09f834a8ee78dd5c5b598348da3f8e0a719fbf5deeeffa749357c8b863b50e4dcf2bffc9f2b818,gx-no-cache=1726062766582 HTTP/1.1" 200 47
190.171.142.42 - - [11/Sep/2024:10:53:38 -0300] "POST /cormun/servlet/permisogoce?5af99b23d29cdcd975ce8007625a1aca,INS,0,,,,gx-no-cache=1726062769194 HTTP/1.1" 200 93
190.171.142.42 - - [11/Sep/2024:10:53:38 -0300] "GET /cormun/servlet/hpexe_return? HTTP/1.1" 200 1004
190.171.142.42 - - [11/Sep/2024:10:53:38 -0300] "GET /cormun/servlet/trpermisosgoce HTTP/1.1" 200 11667
190.171.142.42 - - [11/Sep/2024:10:53:58 -0300] "GET /cormun/servlet/permisogoce?INS,0,,, HTTP/1.1" 200 6768
190.171.142.42 - - [11/Sep/2024:10:54:09 -0300] "POST /cormun/servlet/permisogoce?5af99b23d29cdcd975ce8007625a1aca,INS,0,,,,gx-no-cache=1726062800985 HTTP/1.1" 200 4487
190.171.142.42 - - [11/Sep/2024:10:54:19 -0300] "GET /cormun/servlet/permisogoce?2f9c8b045081205a43a080fbb07ac6a7c98b8c6c7cac2c24b67c655c68d3fc7f8c025b08c919d76cfad8a0010f6f465f315fad7e9cae7090c5b4d3ef5a3dd59606390cdb2dfbaba87bf8b3b4053f96ace0ccd514d9bd9444c9f3d7198bdeddda06846d5fc858e2514e08ac59ddf58ab606390cdb2dfbaba87bf8b3b4053f96ace0ccd514d9bd9444c9f3d7198bdeddda225de04f328c57494bce33d1c2b7b85aa7a3c48ff22099eb7fd34adc33eef9d6858255d19bb556a81616a707e14d2768c49f3ad0db465e8c20c9d6ecb3525673,gx-no-cache=1726062810968 HTTP/1.1" 200 84
190.171.143.90 - - [11/Sep/2024:10:54:31 -0300] "GET /cormun/servlet/solicitudot?6bc5f90262d627d72b8e8073db3546c809cea890bdcfb158f02c7d2843c9962a961a9dfc92d4c59b01a266b0396febaa0938aaf2c9d6b382caa10ec8a7efeadb,gx-no-cache=1726062823037 HTTP/1.1" 200 30
190.171.143.90 - - [11/Sep/2024:10:54:32 -0300] "GET /cormun/servlet/solicitudot?6bc5f90262d627d72b8e8073db3546c82adab1e46a203731269a93f08952ec5a,gx-no-cache=1726062823732 HTTP/1.1" 200 29
190.171.143.90 - - [11/Sep/2024:10:54:37 -0300] "POST /cormun/servlet/solicitudot?gx-no-cache=1726062829018 HTTP/1.1" 200 297
190.171.143.90 - - [11/Sep/2024:10:54:40 -0300] "GET /cormun/servlet/solicitudot?6bc5f90262d627d72b8e8073db3546c8762dcf14c6ad4f143365adf69ae7189e783607cb8a026712de321809984bc5fbce205132a361b26bbe90b2a1b51375d739e631ec81b8c48e7e295584efe7a9278a4abe6bc6f9b4d9ad64371d1c2a784e05872a80b450b3e8bdced51ede08b25e35005abee02e157ead421a03e25f4e0153de68f68ba02b580938fb675531a7787ed07866de35689ca7467d20acff7bb7fb68c58184d08eaeb0ff6a30ae5e24556ee06a26e15ee5e95004efe70be467990a79a08a1fc78fcc61e1bd36f742381163af4ede8fb31b77bc088cba63b7f4137ab368700921eef05874468e54a7cb2664d35cbb76095c6a4236aec96cd0ab95768a876fd6563a67de3df55ba4517c3f4b74f7744be3f4e349772f38761c13af683790651925d1f84be0750555b857d1307853fade0d289f738d8af96c57d7b9306ce5a187710c181446b4db369a34a2301619878f1e8ec8b2e105f74d744fac060240248233dd4625570ab8485fae5f4eec84eb6322a3ebab5687f747e569e2e966cd60ceaf19dce802743c144a37d5,gx-no-cache=1726062831539 HTTP/1.1" 200 30
190.171.143.90 - - [11/Sep/2024:10:54:43 -0300] "POST /cormun/servlet/solicitudot?gx-no-cache=1726062835202 HTTP/1.1" 200 30
190.171.143.90 - - [11/Sep/2024:10:54:45 -0300] "POST /cormun/servlet/solicitudot?gx-no-cache=1726062837477 HTTP/1.1" 200 1479
190.171.143.90 - - [11/Sep/2024:10:54:46 -0300] "POST /cormun/servlet/solicitudot?gx-no-cache=1726062837509 HTTP/1.1" 200 38
190.171.143.90 - - [11/Sep/2024:10:55:19 -0300] "GET /cormun/servlet/solicitudot?6bc5f90262d627d72b8e8073db3546c828001e3793dd7ddc6f6bebc01587cee098dcc0c565e88019b470cbd34af72113f02ed2876cca2df50338a4e8b16fd8e35e44f0e9dbba412deac039ff8493568c0f20631f5200b513e67a3649a727a92455a5e3426df95a2ceeb96b51ca939dc1,gx-no-cache=1726062870851 HTTP/1.1" 200 110
190.171.143.90 - - [11/Sep/2024:10:56:00 -0300] "POST /cormun/servlet/solicitudot?gx-no-cache=1726062912355 HTTP/1.1" 200 79
190.171.143.82 - - [11/Sep/2024:10:56:09 -0300] "GET /cormun/servlet/trpermisosgoce? HTTP/1.1" 200 6034
190.171.143.82 - - [11/Sep/2024:10:56:13 -0300] "GET /cormun/servlet/hlogin HTTP/1.1" 200 1738
190.171.142.42 - - [11/Sep/2024:10:56:24 -0300] "GET /cormun/servlet/permisogoce?2f9c8b045081205a43a080fbb07ac6a75eabe4ff463711661020be263fbd00a3604948082fd2b8bb2bef1139f4ab068d749357c8b863b50e4dcf2bffc9f2b818,gx-no-cache=1726062935686 HTTP/1.1" 200 47
190.171.143.90 - - [11/Sep/2024:10:56:26 -0300] "GET /cormun/servlet/solicitudot?6bc5f90262d627d72b8e8073db3546c8ae2ef3f4a2142cdd4e0b38b66c6ce8f72d1431944171b7dd92cd5dc8c811ca1b4053897a7b2701387543b705992a64b85f24bb973191207ab5da5ddfcacb45a5a1aee592abac4cf082c59b79b1b607899c279cb6a3a578f643421e8a051fecc7,gx-no-cache=1726062938394 HTTP/1.1" 200 29
190.171.143.90 - - [11/Sep/2024:10:56:26 -0300] "GET /cormun/static/menuarrow.gif HTTP/1.1" 404 1015
190.171.142.42 - - [11/Sep/2024:10:56:27 -0300] "POST /cormun/servlet/permisogoce?5af99b23d29cdcd975ce8007625a1aca,INS,0,,,,gx-no-cache=1726062938686 HTTP/1.1" 200 93
190.171.142.42 - - [11/Sep/2024:10:56:27 -0300] "GET /cormun/servlet/hpexe_return? HTTP/1.1" 200 1004
190.171.142.42 - - [11/Sep/2024:10:56:27 -0300] "GET /cormun/servlet/trpermisosgoce HTTP/1.1" 200 11920
190.171.143.90 - - [11/Sep/2024:10:56:36 -0300] "GET /cormun/servlet/solicitudot?6bc5f90262d627d72b8e8073db3546c8c61a91b1019c229aa66b017044946d552ff2b36fb7589d4a9a01a8117f8374af,gx-no-cache=1726062947696 HTTP/1.1" 200 30
190.171.142.42 - - [11/Sep/2024:10:56:36 -0300] "GET /cormun/servlet/permisogoce?INS,0,,, HTTP/1.1" 200 6767
190.171.143.90 - - [11/Sep/2024:10:56:40 -0300] "POST /cormun/servlet/solicitudot?gx-no-cache=1726062952042 HTTP/1.1" 200 30
190.171.142.42 - - [11/Sep/2024:10:56:45 -0300] "GET /cormun/servlet/permisogoce?2f9c8b045081205a43a080fbb07ac6a73d472f8ab9bc65c0157dbdc6b316ff2bc308b5ef3d7ecd86b7d6cd0cdbebcb0f276cd089a9a9da2a8265f1ad4c841f52,gx-no-cache=1726062956566 HTTP/1.1" 200 88
190.171.142.42 - - [11/Sep/2024:10:56:53 -0300] "GET /cormun/servlet/permisogoce?2f9c8b045081205a43a080fbb07ac6a76a43b207b48c7dff9d63963b54436da14e30ac9170bb69767e54b8a058bdc61f749357c8b863b50e4dcf2bffc9f2b818,gx-no-cache=1726062964285 HTTP/1.1" 200 48
190.171.142.42 - - [11/Sep/2024:10:56:55 -0300] "POST /cormun/servlet/permisogoce?5af99b23d29cdcd975ce8007625a1aca,INS,0,,,,gx-no-cache=1726062966096 HTTP/1.1" 200 93
190.171.142.42 - - [11/Sep/2024:10:56:55 -0300] "GET /cormun/servlet/hpexe_return? HTTP/1.1" 200 1004
190.171.142.42 - - [11/Sep/2024:10:56:55 -0300] "GET /cormun/servlet/trpermisosgoce HTTP/1.1" 200 12196
190.171.142.26 - - [11/Sep/2024:10:56:58 -0300] "GET /cormun/servlet/hlogin HTTP/1.1" 200 1723
190.171.142.42 - - [11/Sep/2024:10:57:06 -0300] "GET /cormun/servlet/permisogoce?INS,0,,, HTTP/1.1" 200 6767
190.171.142.42 - - [11/Sep/2024:10:57:13 -0300] "POST /cormun/servlet/permisogoce?5af99b23d29cdcd975ce8007625a1aca,INS,0,,,,gx-no-cache=1726062984441 HTTP/1.1" 200 4488
190.171.142.42 - - [11/Sep/2024:10:57:16 -0300] "GET /cormun/servlet/permisogoce?2f9c8b045081205a43a080fbb07ac6a703baffc37d276f1b5947b9ced4f3249437275217db48c57096c02ea305a753f5315fad7e9cae7090c5b4d3ef5a3dd59606390cdb2dfbaba87bf8b3b4053f96ace0ccd514d9bd9444c9f3d7198bdeddda6248d08d80507d737e28ceda61f29ba6e0ccd514d9bd9444c9f3d7198bdeddda315fad7e9cae7090c5b4d3ef5a3dd596f80c73fb0985cec0aa15dbfae462c51d06e558ee28ddc7a5754d141fc7888854d2aaa0ef59032ba74ac722dc30854c05508f05a01099e877bdeaec38949524ad,gx-no-cache=1726062987478 HTTP/1.1" 200 80
181.212.42.153 - - [11/Sep/2024:10:58:15 -0300] "GET /cormun/servlet/trsolicitudot? HTTP/1.1" 200 6333
181.212.42.153 - - [11/Sep/2024:10:58:15 -0300] "GET /cormun/servlet/hlogin HTTP/1.1" 200 1741
190.171.143.90 - - [11/Sep/2024:10:58:16 -0300] "GET /cormun/static/Resources/resize.gif HTTP/1.1" 200 77
190.171.143.90 - - [11/Sep/2024:10:58:16 -0300] "GET /cormun/static/Resources/PXTools/ClosePrompt.png HTTP/1.1" 200 1036
190.171.143.90 - - [11/Sep/2024:10:58:16 -0300] "GET /cormun/servlet/prbanco?,MD,,gxPopupLevel%3D0%3B HTTP/1.1" 200 6677
190.171.143.90 - - [11/Sep/2024:10:58:16 -0300] "GET /cormun/static/gxcfg.js?20201216131581 HTTP/1.1" 200 953
190.171.143.90 - - [11/Sep/2024:10:58:16 -0300] "GET /cormun/static/Resources/PXToolsMenuSearch.png HTTP/1.1" 200 336
190.171.143.90 - - [11/Sep/2024:10:58:16 -0300] "GET /cormun/static/prbanco.js?20201216132311 HTTP/1.1" 200 10693
190.171.143.90 - - [11/Sep/2024:10:58:16 -0300] "GET /cormun/static/menusearch.js?20201214473581 HTTP/1.1" 200 1424
190.171.143.90 - - [11/Sep/2024:10:58:16 -0300] "GET /cormun/static/hmpwkw011.js?202211298443482 HTTP/1.1" 200 1968
190.171.143.90 - - [11/Sep/2024:10:58:16 -0300] "GET /cormun/static/Resources/PXToolsMenuSearchCancel.png HTTP/1.1" 200 306
181.212.42.153 - - [11/Sep/2024:10:58:23 -0300] "POST /cormun/servlet/hlogin?2b369679a3c94988aa21b5d0c44d353f,gx-no-cache=1726063055909 HTTP/1.1" 200 90
181.212.42.153 - - [11/Sep/2024:10:58:23 -0300] "GET /cormun/servlet/hpexe_link HTTP/1.1" 200 954
181.212.42.153 - - [11/Sep/2024:10:58:23 -0300] "GET /cormun/servlet/hhome HTTP/1.1" 200 3968
181.212.42.153 - - [11/Sep/2024:10:58:25 -0300] "GET /cormun/servlet/trpermisosgoce? HTTP/1.1" 200 18472
181.212.42.153 - - [11/Sep/2024:10:58:25 -0300] "GET /cormun/static/gxcfg.js?2020121631564 HTTP/1.1" 200 953
181.212.42.153 - - [11/Sep/2024:10:58:25 -0300] "GET /cormun/static/trpermisosgoce.js?2020121633681 HTTP/1.1" 200 35904
181.212.43.89 - - [11/Sep/2024:10:58:31 -0300] "GET /cormun/servlet/hlogin HTTP/1.1" 200 1727
181.212.42.153 - - [11/Sep/2024:10:58:32 -0300] "GET /cormun/servlet/permisogoce?INS,0,,, HTTP/1.1" 200 6831
181.212.43.89 - - [11/Sep/2024:10:58:35 -0300] "POST /cormun/servlet/hlogin?8d80c756ae6664650b6ce1c40e89640f,gx-no-cache=1726063066246 HTTP/1.1" 200 90
181.212.43.89 - - [11/Sep/2024:10:58:35 -0300] "GET /cormun/servlet/hpexe_link HTTP/1.1" 200 956
181.212.43.89 - - [11/Sep/2024:10:58:35 -0300] "GET /cormun/servlet/hhome HTTP/1.1" 200 4025
181.212.42.153 - - [11/Sep/2024:10:58:35 -0300] "GET /cormun/servlet/trpermisosgoce? HTTP/1.1" 200 18483
181.212.43.89 - - [11/Sep/2024:10:58:37 -0300] "GET /cormun/servlet/trlicencias? HTTP/1.1" 200 15699
181.212.42.153 - - [11/Sep/2024:10:58:38 -0300] "GET /cormun/servlet/permisogoce?INS,0,,, HTTP/1.1" 200 6831
181.212.43.89 - - [11/Sep/2024:10:58:52 -0300] "GET /cormun/servlet/hhome HTTP/1.1" 200 4023
181.212.42.153 - - [11/Sep/2024:10:59:02 -0300] "GET /cormun/servlet/permisogoce?e4c9973709fd836e153d2c45051acc248be540f3e7c0d04f937c827cf60ee70daa89f7fa0e4793823cb67ef03a7bfee7271b3bb924a3119442ddcf63d1a5d5dc,gx-no-cache=1726063094751 HTTP/1.1" 200 89
181.212.42.153 - - [11/Sep/2024:10:59:17 -0300] "GET /cormun/static/menuarrow.gif HTTP/1.1" 404 1015
181.212.42.153 - - [11/Sep/2024:10:59:21 -0300] "GET /cormun/servlet/permisogoce?e4c9973709fd836e153d2c45051acc244e9af97ad493ee3a702b3ce28371b2824eb4d26474cfaa22f9de9aa8a4b97af0e6b33bbfc82381280268afdae2367039,gx-no-cache=1726063113692 HTTP/1.1" 200 48
181.212.42.153 - - [11/Sep/2024:10:59:22 -0300] "POST /cormun/servlet/permisogoce?2b369679a3c94988aa21b5d0c44d353f,INS,0,,,,gx-no-cache=1726063114545 HTTP/1.1" 200 93
181.212.42.153 - - [11/Sep/2024:10:59:22 -0300] "GET /cormun/servlet/hpexe_return? HTTP/1.1" 200 1011
181.212.42.153 - - [11/Sep/2024:10:59:22 -0300] "GET /cormun/servlet/trpermisosgoce HTTP/1.1" 200 18498
181.212.42.153 - - [11/Sep/2024:10:59:24 -0300] "GET /cormun/servlet/apermisogoceprn?17235429,P,20240911105814,PU HTTP/1.1" 200 1664
181.212.47.137 - - [11/Sep/2024:10:59:30 -0300] "½¹@ŽæIó8²¡&<Ù0ZžŠºìBw®Á X–=„Ÿoìˆ Çt´ àr:~)Ô"Òõãm`ÀSI13ƒ:ݜ] " 505 -
181.212.47.137 - - [11/Sep/2024:10:59:30 -0300] "½¹ÀCu˜E>ùa 8<Ê ãt(²˜Nó'h°({ &Yõn4ôõÚ­÷y™ð…‰ÛÊ::§§õŒYu4B˜ߓ " 505 -
181.212.47.137 - - [11/Sep/2024:10:59:30 -0300] "GET /cormun/servlet/hlogin HTTP/1.1" 200 1715
181.212.47.137 - - [11/Sep/2024:10:59:30 -0300] "GET /cormun/static/gxtimezone.js?85251 HTTP/1.1" 200 5781
181.212.47.137 - - [11/Sep/2024:10:59:30 -0300] "GET /cormun/static/Resources/Spanish/PXTools.css?1759030 HTTP/1.1" 200 100853
181.212.47.137 - - [11/Sep/2024:10:59:30 -0300] "GET /cormun/static/gxgral.js?85251 HTTP/1.1" 200 384558
181.212.47.137 - - [11/Sep/2024:10:59:31 -0300] "GET /cormun/static/gxcfg.js?2022112219184450 HTTP/1.1" 200 953
181.212.47.137 - - [11/Sep/2024:10:59:31 -0300] "GET /cormun/static/Resources/CormunLogin.png HTTP/1.1" 200 19132
181.212.47.137 - - [11/Sep/2024:10:59:31 -0300] "GET /cormun/static/messages.spa.js?85251 HTTP/1.1" 200 30736
181.212.47.137 - - [11/Sep/2024:10:59:31 -0300] "GET /cormun/static/hlogin.js?2022112219184458 HTTP/1.1" 200 2156
181.212.47.137 - - [11/Sep/2024:10:59:31 -0300] "GET /cormun/static/Resources/PXToolsLoginTop.png HTTP/1.1" 200 1337
181.212.47.137 - - [11/Sep/2024:10:59:31 -0300] "GET /cormun/static/Resources/PXToolsLoginBackground.png HTTP/1.1" 200 1164
181.212.47.137 - - [11/Sep/2024:10:59:31 -0300] "GET /cormun/static/Resources/PXToolsButtonLeft.png HTTP/1.1" 200 1310
181.212.47.137 - - [11/Sep/2024:10:59:31 -0300] "GET /cormun/servlet/hlogin HTTP/1.1" 200 1726
181.212.47.137 - - [11/Sep/2024:10:59:31 -0300] "GET /cormun/static/Resources/PXToolsLoginBottom.png HTTP/1.1" 200 1389
181.212.47.137 - - [11/Sep/2024:10:59:31 -0300] "GET /cormun/static/Resources/PXToolsButtonRight.png HTTP/1.1" 200 1294
181.212.47.137 - - [11/Sep/2024:10:59:31 -0300] "GET /cormun/static/Resources/PXToolsButtonBackground.png HTTP/1.1" 200 1176
181.212.47.137 - - [11/Sep/2024:10:59:31 -0300] "GET /cormun/static/Resources/indicator.gif HTTP/1.1" 200 1553
181.212.47.137 - - [11/Sep/2024:10:59:31 -0300] "GET /cormun/static/Resources/PXToolsButtonBackground.png HTTP/1.1" 200 1176
181.212.47.137 - - [11/Sep/2024:10:59:31 -0300] "GET /cormun/static/Resources/indicator.gif HTTP/1.1" 200 1553
181.212.47.137 - - [11/Sep/2024:10:59:31 -0300] "GET /favicon.ico HTTP/1.1" 200 21630
190.171.142.26 - - [11/Sep/2024:10:59:40 -0300] "POST /cormun/servlet/hlogin?a0951583e9d4873e7ff720eb463f3a68,gx-no-cache=1726063132894 HTTP/1.1" 200 90
190.171.142.26 - - [11/Sep/2024:10:59:40 -0300] "GET /cormun/servlet/hpexe_link HTTP/1.1" 200 951
190.171.142.26 - - [11/Sep/2024:10:59:40 -0300] "GET /cormun/servlet/hhome HTTP/1.1" 200 4295
190.171.142.26 - - [11/Sep/2024:10:59:45 -0300] "GET /cormun/servlet/trpermisosgoce? HTTP/1.1" 200 17478
190.171.142.26 - - [11/Sep/2024:10:59:51 -0300] "GET /cormun/servlet/apermisogoceprn?10877867,P,20240906112300,PU HTTP/1.1" 200 1658
190.171.142.42 - - [11/Sep/2024:11:00:36 -0300] "GET /cormun/servlet/permisogoce?2f9c8b045081205a43a080fbb07ac6a7981e69a30bfbb1c2c90c49e5ac33bab5e87431b47105bc26c6349d5871a7f57b749357c8b863b50e4dcf2bffc9f2b818,gx-no-cache=1726063187379 HTTP/1.1" 200 48
190.171.142.42 - - [11/Sep/2024:11:00:38 -0300] "POST /cormun/servlet/permisogoce?5af99b23d29cdcd975ce8007625a1aca,INS,0,,,,gx-no-cache=1726063189749 HTTP/1.1" 200 93
190.171.142.42 - - [11/Sep/2024:11:00:38 -0300] "GET /cormun/servlet/hpexe_return? HTTP/1.1" 200 1004
190.171.142.42 - - [11/Sep/2024:11:00:38 -0300] "GET /cormun/servlet/trpermisosgoce HTTP/1.1" 200 12402
200.54.107.2 - - [11/Sep/2024:11:00:45 -0300] "GET /cormun/servlet/hlogin HTTP/1.1" 200 1724
190.171.142.42 - - [11/Sep/2024:11:00:46 -0300] "GET /cormun/servlet/permisogoce?INS,0,,, HTTP/1.1" 200 6766
190.171.142.42 - - [11/Sep/2024:11:00:55 -0300] "GET /cormun/servlet/permisogoce?2f9c8b045081205a43a080fbb07ac6a703baffc37d276f1b5947b9ced4f32494c308b5ef3d7ecd86b7d6cd0cdbebcb0f276cd089a9a9da2a8265f1ad4c841f52,gx-no-cache=1726063206523 HTTP/1.1" 200 79
200.54.107.2 - - [11/Sep/2024:11:00:59 -0300] "POST /cormun/servlet/hlogin?ff9c864a6d6ee80772cdcb47285e7dbd,gx-no-cache=1726063210837 HTTP/1.1" 200 90
200.54.107.2 - - [11/Sep/2024:11:00:59 -0300] "GET /cormun/servlet/hpexe_link HTTP/1.1" 200 953
200.54.107.2 - - [11/Sep/2024:11:00:59 -0300] "GET /cormun/servlet/hhome HTTP/1.1" 200 4355
190.171.142.42 - - [11/Sep/2024:11:01:03 -0300] "GET /cormun/servlet/permisogoce?2f9c8b045081205a43a080fbb07ac6a7981e69a30bfbb1c2c90c49e5ac33bab5a659f07c3065bb935be0ec7e9ca3b7d0749357c8b863b50e4dcf2bffc9f2b818,gx-no-cache=1726063214380 HTTP/1.1" 200 47
200.54.107.2 - - [11/Sep/2024:11:01:04 -0300] "GET /cormun/servlet/trlicencias? HTTP/1.1" 200 11151
190.171.142.42 - - [11/Sep/2024:11:01:05 -0300] "POST /cormun/servlet/permisogoce?5af99b23d29cdcd975ce8007625a1aca,INS,0,,,,gx-no-cache=1726063216355 HTTP/1.1" 200 93
190.171.142.42 - - [11/Sep/2024:11:01:05 -0300] "GET /cormun/servlet/hpexe_return? HTTP/1.1" 200 1004
190.171.142.42 - - [11/Sep/2024:11:01:05 -0300] "GET /cormun/servlet/trpermisosgoce HTTP/1.1" 200 12605
190.171.142.26 - - [11/Sep/2024:11:01:09 -0300] "GET /cormun/servlet/apermisogoceprn?11995895,P,20240906121517,PU HTTP/1.1" 200 1649
190.171.142.42 - - [11/Sep/2024:11:01:14 -0300] "GET /cormun/servlet/permisogoce?INS,0,,, HTTP/1.1" 200 6766
190.171.142.26 - - [11/Sep/2024:11:01:20 -0300] "GET /cormun/servlet/permisogoce?UPD,11995895,P,20240906121517, HTTP/1.1" 200 7241
190.171.142.26 - - [11/Sep/2024:11:01:21 -0300] "GET /cormun/servlet/permisogoce?0791d9076a5f2bd0c1131fcb524241d1fc6bfb7330a558a437ebdaa2155040c6c73a7c9de149d2367b3c5ded59bd7a21e497bebbf707aa62e93d9f15ad27a67c,gx-no-cache=1726063233377 HTTP/1.1" 200 75
190.171.142.26 - - [11/Sep/2024:11:01:22 -0300] "GET /cormun/servlet/permisogoce?0791d9076a5f2bd0c1131fcb524241d1ea4a0b48ed81ff065e0efcfc521d4c09a6d26e2961c4307f771538bee137a59ffccc6342f4df35dd784c0c42159a6233,gx-no-cache=1726063234942 HTTP/1.1" 200 48
190.171.142.26 - - [11/Sep/2024:11:01:29 -0300] "GET /cormun/servlet/permisogoce?0791d9076a5f2bd0c1131fcb524241d1ea4a0b48ed81ff065e0efcfc521d4c0942b531f58317c68a7dd43e47075cc6e01e8f24162e350f3d2244c440a57ad5b2,gx-no-cache=1726063241957 HTTP/1.1" 200 48
190.171.142.42 - - [11/Sep/2024:11:01:31 -0300] "GET /cormun/servlet/permisogoce?2f9c8b045081205a43a080fbb07ac6a703baffc37d276f1b5947b9ced4f32494c308b5ef3d7ecd86b7d6cd0cdbebcb0f276cd089a9a9da2a8265f1ad4c841f52,gx-no-cache=1726063242534 HTTP/1.1" 200 79
190.171.142.26 - - [11/Sep/2024:11:01:32 -0300] "POST /cormun/servlet/permisogoce?a0951583e9d4873e7ff720eb463f3a68,UPD,11995895,P,20240906121517,,gx-no-cache=1726063243819 HTTP/1.1" 200 93
190.171.142.26 - - [11/Sep/2024:11:01:32 -0300] "GET /cormun/servlet/hpexe_return? HTTP/1.1" 200 1028
190.171.142.26 - - [11/Sep/2024:11:01:32 -0300] "GET /cormun/servlet/trpermisosgoce HTTP/1.1" 200 17501
190.171.142.26 - - [11/Sep/2024:11:01:36 -0300] "GET /cormun/servlet/apermisogoceprn?11995895,P,20240906121517,PU HTTP/1.1" 200 1650
190.171.142.42 - - [11/Sep/2024:11:01:39 -0300] "GET /cormun/servlet/permisogoce?2f9c8b045081205a43a080fbb07ac6a7981e69a30bfbb1c2c90c49e5ac33bab5942e99ec0056b55056ccd42dcd58e71991f2ccbdc4633baa4c4e79ab7deb4eaf,gx-no-cache=1726063251260 HTTP/1.1" 200 48
190.171.142.42 - - [11/Sep/2024:11:01:43 -0300] "POST /cormun/servlet/permisogoce?5af99b23d29cdcd975ce8007625a1aca,INS,0,,,,gx-no-cache=1726063254030 HTTP/1.1" 200 93
190.171.142.42 - - [11/Sep/2024:11:01:43 -0300] "GET /cormun/servlet/hpexe_return? HTTP/1.1" 200 1004
190.171.142.42 - - [11/Sep/2024:11:01:43 -0300] "GET /cormun/servlet/trpermisosgoce HTTP/1.1" 200 12795
154.213.187.186 - - [11/Sep/2024:11:02:13 -0300] "CONNECT google.com:443 HTTP/1.1" 400 -
190.171.143.90 - - [11/Sep/2024:11:02:24 -0300] "GET /cormun/servlet/solicitudot?6bc5f90262d627d72b8e8073db3546c8b66d37d97b8d0fffd06af7db54ab2b1b,gx-no-cache=1726063295874 HTTP/1.1" 200 53
190.171.143.90 - - [11/Sep/2024:11:02:59 -0300] "GET /cormun/servlet/solicitudot?6bc5f90262d627d72b8e8073db3546c8762dcf14c6ad4f143365adf69ae7189e783607cb8a026712de321809984bc5fbce205132a361b26bbe90b2a1b51375d739e631ec81b8c48e7e295584efe7a9278a4abe6bc6f9b4d9ad64371d1c2a784e05872a80b450b3e8bdced51ede08b25e35005abee02e157ead421a03e25f4e0153de68f68ba02b580938fb675531a7787ed07866de35689ca7467d20acff7bb7fb68c58184d08eaeb0ff6a30ae5e24556ee06a26e15ee5e95004efe70be467990a79a08a1fc78fcc61e1bd36f742381163af4ede8fb31b77bc088cba63b7f4137ab368700921eef05874468e54a7cb2664d35cbb76095c6a4236aec96cd0ab95768a876fd6563a67de3df55ba4517c3f4b74f7744be3f4e349772f38761c13af683790651925d1f84be0750555b857d1307853fade0d289f738d8af96c57d7b9306ce5a187710c181446b4db369a34a2301619878f1e8ec8b2e105f74d744fac060240248233dd4625570ab8485fae5f3ec9801cbf3ee559ddf9acb621254117e966cd60ceaf19dce802743c144a37d5,gx-no-cache=1726063330643 HTTP/1.1" 200 30
190.171.143.90 - - [11/Sep/2024:11:02:59 -0300] "POST /cormun/servlet/solicitudot?gx-no-cache=1726063330668 HTTP/1.1" 200 30
190.171.143.90 - - [11/Sep/2024:11:02:59 -0300] "POST /cormun/servlet/solicitudot?gx-no-cache=1726063330691 HTTP/1.1" 200 1481
190.171.143.90 - - [11/Sep/2024:11:02:59 -0300] "POST /cormun/servlet/solicitudot?gx-no-cache=1726063330715 HTTP/1.1" 200 41
190.171.143.90 - - [11/Sep/2024:11:02:59 -0300] "GET /cormun/servlet/solicitudot?6bc5f90262d627d72b8e8073db3546c828001e3793dd7ddc6f6bebc01587cee098dcc0c565e88019b470cbd34af72113f02ed2876cca2df50338a4e8b16fd8e35e44f0e9dbba412deac039ff8493568c0f20631f5200b513e67a3649a727a92455a5e3426df95a2ceeb96b51ca939dc1,gx-no-cache=1726063330731 HTTP/1.1" 200 110
190.171.143.90 - - [11/Sep/2024:11:02:59 -0300] "POST /cormun/servlet/solicitudot?gx-no-cache=1726063330748 HTTP/1.1" 200 79
190.171.143.90 - - [11/Sep/2024:11:02:59 -0300] "GET /cormun/servlet/solicitudot?6bc5f90262d627d72b8e8073db3546c8c61a91b1019c229aa66b017044946d552ff2b36fb7589d4a9a01a8117f8374af,gx-no-cache=1726063330769 HTTP/1.1" 200 30
190.171.143.90 - - [11/Sep/2024:11:02:59 -0300] "POST /cormun/servlet/solicitudot?gx-no-cache=1726063330812 HTTP/1.1" 200 30
190.171.143.90 - - [11/Sep/2024:11:02:59 -0300] "POST /cormun/servlet/solicitudot?648c83bdf6e93bd4c45da2b2ee4154a7,INS,0,0,false,,gx-no-cache=1726063330840 HTTP/1.1" 200 93
190.171.143.90 - - [11/Sep/2024:11:02:59 -0300] "GET /cormun/servlet/hpexe_return? HTTP/1.1" 200 996
190.171.143.90 - - [11/Sep/2024:11:02:59 -0300] "GET /cormun/static/gxcfg.js?20221129846035 HTTP/1.1" 200 953
190.171.143.90 - - [11/Sep/2024:11:02:59 -0300] "GET /cormun/static/hpexe_return.js?20221129846037 HTTP/1.1" 200 1633
190.171.143.90 - - [11/Sep/2024:11:03:00 -0300] "GET /cormun/servlet/trsolicitudot? HTTP/1.1" 200 8928
190.171.143.90 - - [11/Sep/2024:11:03:00 -0300] "GET /cormun//static/Resources/PXToolsGridUpdate.png HTTP/1.1" 200 470
190.171.143.90 - - [11/Sep/2024:11:03:00 -0300] "GET /cormun//static/Resources/PXToolsActionView.png HTTP/1.1" 200 398
190.171.143.90 - - [11/Sep/2024:11:03:00 -0300] "GET /cormun//static/Resources/PXToolsGridDelete.png HTTP/1.1" 200 538
190.171.143.90 - - [11/Sep/2024:11:03:00 -0300] "GET /cormun//static/Resources/PXToolsRemoveAllAction.png HTTP/1.1" 200 487
190.171.143.82 - - [11/Sep/2024:11:04:55 -0300] "GET /cormun/servlet/hhome HTTP/1.1" 200 3322
190.171.143.82 - - [11/Sep/2024:11:04:56 -0300] "GET /cormun/servlet/hlogin HTTP/1.1" 200 1731
190.171.143.82 - - [11/Sep/2024:11:05:00 -0300] "POST /cormun/servlet/hlogin?63a1af10be13ce60f44723ea874831eb,gx-no-cache=1726063452468 HTTP/1.1" 200 90
190.171.143.82 - - [11/Sep/2024:11:05:00 -0300] "GET /cormun/servlet/hpexe_link HTTP/1.1" 200 951
190.171.143.82 - - [11/Sep/2024:11:05:00 -0300] "GET /cormun/servlet/hhome HTTP/1.1" 200 4265
190.171.143.82 - - [11/Sep/2024:11:05:03 -0300] "GET /cormun/servlet/trpermisosgoce? HTTP/1.1" 200 14289
190.171.143.82 - - [11/Sep/2024:11:05:10 -0300] "GET /cormun/static/menuarrow.gif HTTP/1.1" 404 1015
190.171.143.82 - - [11/Sep/2024:11:05:15 -0300] "POST /cormun/servlet/trpermisosgoce?63a1af10be13ce60f44723ea874831eb,,gx-no-cache=1726063468014 HTTP/1.1" 200 5326
190.171.143.82 - - [11/Sep/2024:11:05:24 -0300] "POST /cormun/servlet/trpermisosgoce?63a1af10be13ce60f44723ea874831eb,,gx-no-cache=1726063476493 HTTP/1.1" 200 6136
190.171.142.42 - - [11/Sep/2024:11:08:41 -0300] "GET /cormun/servlet/permisogoce?INS,0,,, HTTP/1.1" 200 6767
190.171.142.42 - - [11/Sep/2024:11:08:47 -0300] "POST /cormun/servlet/permisogoce?5af99b23d29cdcd975ce8007625a1aca,INS,0,,,,gx-no-cache=1726063679067 HTTP/1.1" 200 4487
190.171.142.42 - - [11/Sep/2024:11:08:50 -0300] "GET /cormun/servlet/permisogoce?2f9c8b045081205a43a080fbb07ac6a7c0ef37ed08c1cc4b05c5614360731ba743194679c1704cdd82b7c47d63e88be8e0ccd514d9bd9444c9f3d7198bdeddda315fad7e9cae7090c5b4d3ef5a3dd5968b7ebd269a286ca0a3fce4cbc159285993b9ef9c8019b4aea4ef754529a6c5a606390cdb2dfbaba87bf8b3b4053f96ace0ccd514d9bd9444c9f3d7198bdeddda225de04f328c57494bce33d1c2b7b85aab2d1e97354ad6d1680708e4bbb142490ed6b64a64b9fd0be7ea90dc599b18514291cf115ee425d2d8c58933c0304df9,gx-no-cache=1726063681430 HTTP/1.1" 200 84
190.171.142.42 - - [11/Sep/2024:11:08:59 -0300] "GET /cormun/servlet/permisogoce?2f9c8b045081205a43a080fbb07ac6a70223284596357f6dd98b3b39aaae0c0381629e1b6f49c1fc9f318d5db6894b23749357c8b863b50e4dcf2bffc9f2b818,gx-no-cache=1726063690482 HTTP/1.1" 200 48
190.171.142.42 - - [11/Sep/2024:11:09:01 -0300] "POST /cormun/servlet/permisogoce?5af99b23d29cdcd975ce8007625a1aca,INS,0,,,,gx-no-cache=1726063692744 HTTP/1.1" 200 93
190.171.142.42 - - [11/Sep/2024:11:09:01 -0300] "GET /cormun/servlet/hpexe_return? HTTP/1.1" 200 1004
190.171.142.42 - - [11/Sep/2024:11:09:02 -0300] "GET /cormun/servlet/trpermisosgoce HTTP/1.1" 200 13030
190.171.142.42 - - [11/Sep/2024:11:09:13 -0300] "GET /cormun/servlet/permisogoce?INS,0,,, HTTP/1.1" 200 6767
190.171.142.42 - - [11/Sep/2024:11:09:20 -0300] "GET /cormun/servlet/permisogoce?2f9c8b045081205a43a080fbb07ac6a7253186679acd39cf9094bc48f6d3e84bc308b5ef3d7ecd86b7d6cd0cdbebcb0f276cd089a9a9da2a8265f1ad4c841f52,gx-no-cache=1726063712170 HTTP/1.1" 200 80
190.171.143.90 - - [11/Sep/2024:11:11:13 -0300] "POST /cormun/servlet/trsolicitudot?648c83bdf6e93bd4c45da2b2ee4154a7,,gx-no-cache=1726063824027 HTTP/1.1" 200 107
190.171.143.90 - - [11/Sep/2024:11:11:13 -0300] "GET /cormun/servlet/trsolicitudadjuntos?2024,21752, HTTP/1.1" 200 6416
190.171.143.90 - - [11/Sep/2024:11:11:13 -0300] "GET /cormun/static/gxcfg.js?20201215574222 HTTP/1.1" 200 953
190.171.143.90 - - [11/Sep/2024:11:11:13 -0300] "GET /cormun/static/Resources/PXToolsGridNew.png HTTP/1.1" 200 427
190.171.143.90 - - [11/Sep/2024:11:11:13 -0300] "GET /cormun/static/trsolicitudadjuntos.js?20201215574932 HTTP/1.1" 200 17921
190.171.143.90 - - [11/Sep/2024:11:11:24 -0300] "GET /cormun/servlet/solicitudotadjuntos?INS,2024,21752,,1, HTTP/1.1" 200 6362
190.171.143.90 - - [11/Sep/2024:11:11:24 -0300] "GET /cormun/static/gxcfg.js?202211298385187 HTTP/1.1" 200 953
190.171.143.90 - - [11/Sep/2024:11:11:24 -0300] "GET /cormun/static/solicitudotadjuntos.js?202211298385196 HTTP/1.1" 200 11771
190.171.143.90 - - [11/Sep/2024:11:11:24 -0300] "GET /cormun/static/about:blank HTTP/1.1" 404 1011
190.171.143.90 - - [11/Sep/2024:11:11:25 -0300] "GET /cormun/servlet/solicitudotadjuntos?6bc5f90262d627d72b8e8073db3546c854a05a3c5e7171101dd009fbc6370e8d0182944f8112734b13a54a1f8fe0899c,gx-no-cache=1726063837001 HTTP/1.1" 200 30
190.171.143.90 - - [11/Sep/2024:11:11:25 -0300] "POST /cormun/servlet/solicitudotadjuntos?648c83bdf6e93bd4c45da2b2ee4154a7,INS,2024,21752,,1,,gx-no-cache=1726063837014 HTTP/1.1" 200 4137
190.171.143.90 - - [11/Sep/2024:11:11:29 -0300] "POST /cormun/servlet/solicitudotadjuntos?gx-no-cache=1726063840552 HTTP/1.1" 200 26
190.171.143.90 - - [11/Sep/2024:11:11:46 -0300] "GET /cormun/servlet/solicitudotadjuntos?6bc5f90262d627d72b8e8073db3546c804ef4dee9d408870442686d45b85f5e8,gx-no-cache=1726063858408 HTTP/1.1" 200 30
190.171.143.90 - - [11/Sep/2024:11:11:46 -0300] "GET /cormun/servlet/solicitudotadjuntos?6bc5f90262d627d72b8e8073db3546c804ef4dee9d408870442686d45b85f5e8,gx-no-cache=1726063858418 HTTP/1.1" 200 30
190.171.143.90 - - [11/Sep/2024:11:11:47 -0300] "POST /cormun/servlet/solicitudotadjuntos?648c83bdf6e93bd4c45da2b2ee4154a7,INS,2024,21752,,1, HTTP/1.1" 200 116
190.171.143.90 - - [11/Sep/2024:11:11:47 -0300] "GET /cormun/servlet/hpexe_return? HTTP/1.1" 200 1013
190.171.143.90 - - [11/Sep/2024:11:11:47 -0300] "GET /cormun/servlet/trsolicitudadjuntos?2024,21752, HTTP/1.1" 200 9469
190.171.143.90 - - [11/Sep/2024:11:11:49 -0300] "GET /cormun/servlet/solicitudotadjuntos?INS,2024,21752,,1, HTTP/1.1" 200 6362
190.171.143.90 - - [11/Sep/2024:11:11:49 -0300] "GET /cormun/static/about:blank HTTP/1.1" 404 1011
190.171.143.90 - - [11/Sep/2024:11:11:50 -0300] "GET /cormun/servlet/solicitudotadjuntos?6bc5f90262d627d72b8e8073db3546c854a05a3c5e7171101dd009fbc6370e8d0182944f8112734b13a54a1f8fe0899c,gx-no-cache=1726063861588 HTTP/1.1" 200 30
190.171.143.90 - - [11/Sep/2024:11:11:50 -0300] "POST /cormun/servlet/solicitudotadjuntos?648c83bdf6e93bd4c45da2b2ee4154a7,INS,2024,21752,,1,,gx-no-cache=1726063861600 HTTP/1.1" 200 4137
190.171.143.90 - - [11/Sep/2024:11:11:53 -0300] "POST /cormun/servlet/solicitudotadjuntos?gx-no-cache=1726063865216 HTTP/1.1" 200 26
190.171.143.90 - - [11/Sep/2024:11:12:06 -0300] "GET /cormun/servlet/solicitudotadjuntos?6bc5f90262d627d72b8e8073db3546c804ef4dee9d408870442686d45b85f5e8,gx-no-cache=1726063877960 HTTP/1.1" 200 30
190.171.143.90 - - [11/Sep/2024:11:12:06 -0300] "GET /cormun/servlet/solicitudotadjuntos?6bc5f90262d627d72b8e8073db3546c804ef4dee9d408870442686d45b85f5e8,gx-no-cache=1726063877970 HTTP/1.1" 200 30
190.171.143.90 - - [11/Sep/2024:11:12:06 -0300] "POST /cormun/servlet/solicitudotadjuntos?648c83bdf6e93bd4c45da2b2ee4154a7,INS,2024,21752,,1, HTTP/1.1" 200 116
190.171.143.90 - - [11/Sep/2024:11:12:06 -0300] "GET /cormun/servlet/hpexe_return? HTTP/1.1" 200 1013
190.171.143.90 - - [11/Sep/2024:11:12:06 -0300] "GET /cormun/servlet/trsolicitudadjuntos?2024,21752, HTTP/1.1" 200 9718
190.171.143.90 - - [11/Sep/2024:11:12:10 -0300] "GET /cormun/servlet/solicitudotadjuntos?INS,2024,21752,,1, HTTP/1.1" 200 6362
190.171.143.90 - - [11/Sep/2024:11:12:10 -0300] "GET /cormun/static/about:blank HTTP/1.1" 404 1011
190.171.143.90 - - [11/Sep/2024:11:12:11 -0300] "GET /cormun/servlet/solicitudotadjuntos?6bc5f90262d627d72b8e8073db3546c854a05a3c5e7171101dd009fbc6370e8d0182944f8112734b13a54a1f8fe0899c,gx-no-cache=1726063882627 HTTP/1.1" 200 30
190.171.143.90 - - [11/Sep/2024:11:12:11 -0300] "POST /cormun/servlet/solicitudotadjuntos?648c83bdf6e93bd4c45da2b2ee4154a7,INS,2024,21752,,1,,gx-no-cache=1726063882638 HTTP/1.1" 200 4137
190.171.143.90 - - [11/Sep/2024:11:12:14 -0300] "POST /cormun/servlet/solicitudotadjuntos?gx-no-cache=1726063885583 HTTP/1.1" 200 26
190.171.143.90 - - [11/Sep/2024:11:12:21 -0300] "GET /cormun/servlet/solicitudotadjuntos?6bc5f90262d627d72b8e8073db3546c804ef4dee9d408870442686d45b85f5e8,gx-no-cache=1726063893335 HTTP/1.1" 200 30
190.171.143.90 - - [11/Sep/2024:11:12:21 -0300] "GET /cormun/servlet/solicitudotadjuntos?6bc5f90262d627d72b8e8073db3546c804ef4dee9d408870442686d45b85f5e8,gx-no-cache=1726063893356 HTTP/1.1" 200 30
190.171.143.90 - - [11/Sep/2024:11:12:21 -0300] "POST /cormun/servlet/solicitudotadjuntos?648c83bdf6e93bd4c45da2b2ee4154a7,INS,2024,21752,,1, HTTP/1.1" 200 116
190.171.143.90 - - [11/Sep/2024:11:12:21 -0300] "GET /cormun/servlet/hpexe_return? HTTP/1.1" 200 1013
190.171.143.90 - - [11/Sep/2024:11:12:22 -0300] "GET /cormun/servlet/trsolicitudadjuntos?2024,21752, HTTP/1.1" 200 9972
190.171.143.90 - - [11/Sep/2024:11:12:25 -0300] "GET /cormun/servlet/solicitudotadjuntos?INS,2024,21752,,1, HTTP/1.1" 200 6362
190.171.143.90 - - [11/Sep/2024:11:12:25 -0300] "GET /cormun/static/about:blank HTTP/1.1" 404 1011
190.171.143.90 - - [11/Sep/2024:11:12:25 -0300] "GET /cormun/servlet/solicitudotadjuntos?6bc5f90262d627d72b8e8073db3546c854a05a3c5e7171101dd009fbc6370e8d0182944f8112734b13a54a1f8fe0899c,gx-no-cache=1726063897229 HTTP/1.1" 200 30
190.171.143.90 - - [11/Sep/2024:11:12:25 -0300] "POST /cormun/servlet/solicitudotadjuntos?648c83bdf6e93bd4c45da2b2ee4154a7,INS,2024,21752,,1,,gx-no-cache=1726063897241 HTTP/1.1" 200 4138
190.171.143.90 - - [11/Sep/2024:11:12:29 -0300] "POST /cormun/servlet/solicitudotadjuntos?gx-no-cache=1726063900751 HTTP/1.1" 200 26
190.171.143.90 - - [11/Sep/2024:11:12:38 -0300] "GET /cormun/servlet/solicitudotadjuntos?6bc5f90262d627d72b8e8073db3546c804ef4dee9d408870442686d45b85f5e8,gx-no-cache=1726063909624 HTTP/1.1" 200 30
190.171.143.90 - - [11/Sep/2024:11:12:38 -0300] "GET /cormun/servlet/solicitudotadjuntos?6bc5f90262d627d72b8e8073db3546c804ef4dee9d408870442686d45b85f5e8,gx-no-cache=1726063909634 HTTP/1.1" 200 30
190.171.143.90 - - [11/Sep/2024:11:12:38 -0300] "POST /cormun/servlet/solicitudotadjuntos?648c83bdf6e93bd4c45da2b2ee4154a7,INS,2024,21752,,1, HTTP/1.1" 200 116
190.171.143.90 - - [11/Sep/2024:11:12:38 -0300] "GET /cormun/servlet/hpexe_return? HTTP/1.1" 200 1013
190.171.143.90 - - [11/Sep/2024:11:12:38 -0300] "GET /cormun/servlet/trsolicitudadjuntos?2024,21752, HTTP/1.1" 200 10239
190.171.143.90 - - [11/Sep/2024:11:12:46 -0300] "GET /cormun/servlet/solicitudotadjuntos?INS,2024,21752,,1, HTTP/1.1" 200 6362
190.171.143.90 - - [11/Sep/2024:11:12:47 -0300] "GET /cormun/static/about:blank HTTP/1.1" 404 1011
190.171.143.90 - - [11/Sep/2024:11:12:47 -0300] "GET /cormun/servlet/solicitudotadjuntos?6bc5f90262d627d72b8e8073db3546c854a05a3c5e7171101dd009fbc6370e8d0182944f8112734b13a54a1f8fe0899c,gx-no-cache=1726063919040 HTTP/1.1" 200 30
190.171.143.90 - - [11/Sep/2024:11:12:47 -0300] "POST /cormun/servlet/solicitudotadjuntos?648c83bdf6e93bd4c45da2b2ee4154a7,INS,2024,21752,,1,,gx-no-cache=1726063919062 HTTP/1.1" 200 4138
190.171.143.90 - - [11/Sep/2024:11:12:53 -0300] "POST /cormun/servlet/solicitudotadjuntos?gx-no-cache=1726063924488 HTTP/1.1" 200 26
190.171.143.90 - - [11/Sep/2024:11:13:03 -0300] "GET /cormun/servlet/solicitudotadjuntos?6bc5f90262d627d72b8e8073db3546c804ef4dee9d408870442686d45b85f5e8,gx-no-cache=1726063934680 HTTP/1.1" 200 30
190.171.143.90 - - [11/Sep/2024:11:13:03 -0300] "GET /cormun/servlet/solicitudotadjuntos?6bc5f90262d627d72b8e8073db3546c804ef4dee9d408870442686d45b85f5e8,gx-no-cache=1726063934689 HTTP/1.1" 200 30
190.171.143.90 - - [11/Sep/2024:11:13:03 -0300] "POST /cormun/servlet/solicitudotadjuntos?648c83bdf6e93bd4c45da2b2ee4154a7,INS,2024,21752,,1, HTTP/1.1" 200 116
190.171.143.90 - - [11/Sep/2024:11:13:03 -0300] "GET /cormun/servlet/hpexe_return? HTTP/1.1" 200 1013
190.171.143.90 - - [11/Sep/2024:11:13:03 -0300] "GET /cormun/servlet/trsolicitudadjuntos?2024,21752, HTTP/1.1" 200 10499
190.171.143.90 - - [11/Sep/2024:11:13:06 -0300] "GET /cormun/servlet/solicitudotadjuntos?INS,2024,21752,,1, HTTP/1.1" 200 6362
190.171.143.90 - - [11/Sep/2024:11:13:06 -0300] "GET /cormun/static/about:blank HTTP/1.1" 404 1011
190.171.143.90 - - [11/Sep/2024:11:13:07 -0300] "GET /cormun/servlet/solicitudotadjuntos?6bc5f90262d627d72b8e8073db3546c854a05a3c5e7171101dd009fbc6370e8d0182944f8112734b13a54a1f8fe0899c,gx-no-cache=1726063938745 HTTP/1.1" 200 30
190.171.143.90 - - [11/Sep/2024:11:13:07 -0300] "POST /cormun/servlet/solicitudotadjuntos?648c83bdf6e93bd4c45da2b2ee4154a7,INS,2024,21752,,1,,gx-no-cache=1726063938774 HTTP/1.1" 200 4138
190.171.143.90 - - [11/Sep/2024:11:13:11 -0300] "POST /cormun/servlet/solicitudotadjuntos?gx-no-cache=1726063943120 HTTP/1.1" 200 26
190.95.15.15 - - [11/Sep/2024:11:13:17 -0300] "GET /cormun/servlet/trlicencias HTTP/1.1" 200 13650
190.171.143.90 - - [11/Sep/2024:11:13:19 -0300] "GET /cormun/servlet/solicitudotadjuntos?6bc5f90262d627d72b8e8073db3546c804ef4dee9d408870442686d45b85f5e8,gx-no-cache=1726063951087 HTTP/1.1" 200 30
190.171.143.90 - - [11/Sep/2024:11:13:19 -0300] "GET /cormun/servlet/solicitudotadjuntos?6bc5f90262d627d72b8e8073db3546c804ef4dee9d408870442686d45b85f5e8,gx-no-cache=1726063951103 HTTP/1.1" 200 30
190.171.143.90 - - [11/Sep/2024:11:13:22 -0300] "POST /cormun/servlet/solicitudotadjuntos?648c83bdf6e93bd4c45da2b2ee4154a7,INS,2024,21752,,1, HTTP/1.1" 200 116
190.171.143.90 - - [11/Sep/2024:11:13:22 -0300] "GET /cormun/servlet/hpexe_return? HTTP/1.1" 200 1013
190.171.143.90 - - [11/Sep/2024:11:13:22 -0300] "GET /cormun/servlet/trsolicitudadjuntos?2024,21752, HTTP/1.1" 200 10690
190.171.143.90 - - [11/Sep/2024:11:13:31 -0300] "GET /cormun/servlet/trautorizarsolicitud? HTTP/1.1" 200 8831
190.171.143.90 - - [11/Sep/2024:11:13:31 -0300] "GET /cormun/static/gxcfg.js?202211298474254 HTTP/1.1" 200 953
190.171.143.90 - - [11/Sep/2024:11:13:31 -0300] "GET /cormun/static/trautorizarsolicitud.js?202211298474588 HTTP/1.1" 200 53909
190.171.143.90 - - [11/Sep/2024:11:14:10 -0300] "GET /cormun/servlet/trvisualizadoreventos? HTTP/1.1" 200 7086
190.171.143.90 - - [11/Sep/2024:11:14:10 -0300] "GET /cormun/servlet/trvisualizadoreventos? HTTP/1.1" 200 7086
190.171.143.90 - - [11/Sep/2024:11:14:10 -0300] "GET /cormun/servlet/trvisualizadoreventos? HTTP/1.1" 200 7086
190.171.143.90 - - [11/Sep/2024:11:14:10 -0300] "GET /cormun/static/gxcfg.js?202211298474834 HTTP/1.1" 200 953
190.171.143.90 - - [11/Sep/2024:11:14:10 -0300] "GET /cormun/static/Resources/PXToolsActionPrint.png HTTP/1.1" 200 404
190.171.143.90 - - [11/Sep/2024:11:14:10 -0300] "GET /cormun/static/trvisualizadoreventos.js?202211298474971 HTTP/1.1" 200 19318
190.171.143.90 - - [11/Sep/2024:11:14:13 -0300] "POST /cormun/servlet/trvisualizadoreventos?648c83bdf6e93bd4c45da2b2ee4154a7,,gx-no-cache=1726064004499 HTTP/1.1" 200 4271
190.171.143.90 - - [11/Sep/2024:11:14:20 -0300] "GET /cormun/servlet/trautorizarsolicitud? HTTP/1.1" 200 8821
190.171.143.90 - - [11/Sep/2024:11:14:45 -0300] "POST /cormun/servlet/trautorizarsolicitud?648c83bdf6e93bd4c45da2b2ee4154a7,,gx-no-cache=1726064036577 HTTP/1.1" 200 5951
