201.186.225.187 - - [10/Sep/2024:08:26:34 -0300] "GET /cormun/static/Resources/PXToolsButtonBackground.png HTTP/1.1" 200 1176
201.186.225.187 - - [10/Sep/2024:08:26:34 -0300] "GET /cormun/static/Resources/PXToolsLoginBottom.png HTTP/1.1" 200 1389
201.186.225.187 - - [10/Sep/2024:08:26:34 -0300] "GET /cormun/static/Resources/PXToolsLoginTop.png HTTP/1.1" 200 1337
201.186.225.187 - - [10/Sep/2024:08:26:34 -0300] "GET /cormun/static/Resources/PXToolsButtonLeft.png HTTP/1.1" 200 1310
201.186.225.187 - - [10/Sep/2024:08:26:34 -0300] "GET /cormun/static/Resources/PXToolsButtonRight.png HTTP/1.1" 200 1294
201.186.225.187 - - [10/Sep/2024:08:26:34 -0300] "GET /cormun/servlet/hlogin HTTP/1.1" 200 1733
201.186.225.187 - - [10/Sep/2024:08:26:34 -0300] "GET /cormun/static/Resources/indicator.gif HTTP/1.1" 200 1553
201.186.225.187 - - [10/Sep/2024:08:26:34 -0300] "GET /favicon.ico HTTP/1.1" 200 21630
190.171.141.106 - - [10/Sep/2024:08:26:34 -0300] "GET /cormun/servlet/solicitudot?INS,0,0,false, HTTP/1.1" 200 16135
190.171.141.106 - - [10/Sep/2024:08:26:34 -0300] "GET /cormun/static/gxcfg.js?20221129840861 HTTP/1.1" 200 953
190.171.141.106 - - [10/Sep/2024:08:26:34 -0300] "GET /cormun/static/Resources/prompt.gif HTTP/1.1" 200 902
190.171.141.106 - - [10/Sep/2024:08:26:34 -0300] "GET /cormun/static/solicitudot.js?20221129840983 HTTP/1.1" 200 74072
201.186.225.187 - - [10/Sep/2024:08:26:40 -0300] "POST /cormun/servlet/hlogin?c8e96f925c228d863e53d8974ceee4bd,gx-no-cache=1725971129775 HTTP/1.1" 200 90
201.186.225.187 - - [10/Sep/2024:08:26:40 -0300] "GET /cormun/servlet/hpexe_link HTTP/1.1" 200 952
201.186.225.187 - - [10/Sep/2024:08:26:40 -0300] "GET /cormun/static/gxcfg.js?20221129847421 HTTP/1.1" 200 953
201.186.225.187 - - [10/Sep/2024:08:26:40 -0300] "GET /cormun/static/hpexe_link.js?20221129847423 HTTP/1.1" 200 625
201.186.225.187 - - [10/Sep/2024:08:26:40 -0300] "GET /cormun/static/Resources/Spanish/PXTools.css?8354383 HTTP/1.1" 200 100853
201.186.225.187 - - [10/Sep/2024:08:26:40 -0300] "GET /cormun/servlet/hhome HTTP/1.1" 200 3973
201.186.225.187 - - [10/Sep/2024:08:26:40 -0300] "GET /cormun/static/SmoothNavMenu/resources/ddsmoothmenu.css?1112540 HTTP/1.1" 200 2223
201.186.225.187 - - [10/Sep/2024:08:26:40 -0300] "GET /cormun/static/SmoothNavMenu/resources/ddsmoothmenu-v.css?1112540 HTTP/1.1" 200 1188
201.186.225.187 - - [10/Sep/2024:08:26:40 -0300] "GET /cormun/static/scaMessage/css/jquery.pnotify.default.css?1816380 HTTP/1.1" 200 1707
201.186.225.187 - - [10/Sep/2024:08:26:40 -0300] "GET /cormun/static/gxcfg.js?20201215495537 HTTP/1.1" 200 953
201.186.225.187 - - [10/Sep/2024:08:26:40 -0300] "GET /cormun/static/Shared/jqueryui/jquery-ui.min.css?1345370 HTTP/1.1" 200 30288
201.186.225.187 - - [10/Sep/2024:08:26:40 -0300] "GET /cormun/static/PXToolsJavascripts/pexe_autoreload.js HTTP/1.1" 200 1762
201.186.225.187 - - [10/Sep/2024:08:26:40 -0300] "GET /cormun/static/PXToolsJavascripts/pexe_cookies.js HTTP/1.1" 200 792
201.186.225.187 - - [10/Sep/2024:08:26:40 -0300] "GET /cormun/static/PXToolsJavascripts/pexe_grid.js HTTP/1.1" 200 7559
201.186.225.187 - - [10/Sep/2024:08:26:40 -0300] "GET /cormun/static/PXToolsJavascripts/pexe_windows.js HTTP/1.1" 200 15249
201.186.225.187 - - [10/Sep/2024:08:26:40 -0300] "GET /cormun/static/Resources/Spanish/PXTools.css?14345360 HTTP/1.1" 200 100853
201.186.225.187 - - [10/Sep/2024:08:26:40 -0300] "GET /cormun/static/PXToolsJavascripts/pexe_link.js HTTP/1.1" 200 5671
201.186.225.187 - - [10/Sep/2024:08:26:40 -0300] "GET /cormun/static/PXToolsJavascripts/pexe_menudivfix.js HTTP/1.1" 200 333
201.186.225.187 - - [10/Sep/2024:08:26:40 -0300] "GET /cormun/static/PXToolsJavascripts/pexe_griddivfix.js HTTP/1.1" 200 6946
201.186.225.187 - - [10/Sep/2024:08:26:40 -0300] "GET /cormun/static/PXToolsJavascripts/pexe_menus.js HTTP/1.1" 200 1286
201.186.225.187 - - [10/Sep/2024:08:26:40 -0300] "GET /cormun/static/PXToolsJavascripts/pexe_layers.js HTTP/1.1" 200 4114
201.186.225.187 - - [10/Sep/2024:08:26:40 -0300] "GET /cormun/static/PXToolsJavascripts/pexe_oavdivfix.js HTTP/1.1" 200 639
201.186.225.187 - - [10/Sep/2024:08:26:40 -0300] "GET /cormun/static/PXToolsJavascripts/pexe_picture.js HTTP/1.1" 200 689
201.186.225.187 - - [10/Sep/2024:08:26:40 -0300] "GET /cormun/static/PXToolsJavascripts/pexe_oav.js HTTP/1.1" 200 645
201.186.225.187 - - [10/Sep/2024:08:26:40 -0300] "GET /cormun/static/PXToolsJavascripts/pexe_scrolldiv.js HTTP/1.1" 200 4138
201.186.225.187 - - [10/Sep/2024:08:26:40 -0300] "GET /cormun/static/PXToolsJavascripts/pexe_tabdivfix.js HTTP/1.1" 200 898
201.186.225.187 - - [10/Sep/2024:08:26:40 -0300] "GET /cormun/static/PXToolsJavascripts/pexe_tabs.js HTTP/1.1" 200 3748
201.186.225.187 - - [10/Sep/2024:08:26:40 -0300] "GET /cormun/static/PXToolsJavascripts/PXToolsJavascriptsRender.js HTTP/1.1" 200 367
201.186.225.187 - - [10/Sep/2024:08:26:40 -0300] "GET /cormun/static/PXToolsJavascripts/pexe_popup.js HTTP/1.1" 200 15149
201.186.225.187 - - [10/Sep/2024:08:26:40 -0300] "GET /cormun/static/PXToolsJavascripts/pexe_upload.js HTTP/1.1" 200 1423
201.186.225.187 - - [10/Sep/2024:08:26:40 -0300] "GET /cormun/static/Resources/ImgHome.png HTTP/1.1" 200 1364
201.186.225.187 - - [10/Sep/2024:08:26:40 -0300] "GET /cormun/static/Resources/CormunMP2.png HTTP/1.1" 200 6878
201.186.225.187 - - [10/Sep/2024:08:26:41 -0300] "GET /cormun/static/Shared/ext/locale/ext-lang-en.js HTTP/1.1" 200 10940
201.186.225.187 - - [10/Sep/2024:08:26:41 -0300] "GET /cormun/static/Resources/Llave.png HTTP/1.1" 200 1395
201.186.225.187 - - [10/Sep/2024:08:26:41 -0300] "GET /cormun/static/RunJS/RunJS.js HTTP/1.1" 200 288
201.186.225.187 - - [10/Sep/2024:08:26:41 -0300] "GET /cormun/static/Resources/ImgLogin.png HTTP/1.1" 200 1432
201.186.225.187 - - [10/Sep/2024:08:26:41 -0300] "GET /cormun/static/Resources/PXToolsDataTitle.png HTTP/1.1" 200 1173
201.186.225.187 - - [10/Sep/2024:08:26:41 -0300] "GET /cormun/static/gxui/gxui-all.js HTTP/1.1" 200 107772
201.186.225.187 - - [10/Sep/2024:08:26:41 -0300] "GET /cormun/static/hwchdr01.js?2022112219251119 HTTP/1.1" 200 996
201.186.225.187 - - [10/Sep/2024:08:26:41 -0300] "GET /cormun/static/hpexe_recentlink.js?20201214471090 HTTP/1.1" 200 2144
201.186.225.187 - - [10/Sep/2024:08:26:41 -0300] "GET /cormun/static/hhome.js?20201215495544 HTTP/1.1" 200 777
201.186.225.187 - - [10/Sep/2024:08:26:41 -0300] "GET /cormun/static/hpexe_scripts.js?20201214471411 HTTP/1.1" 200 1544
201.186.225.187 - - [10/Sep/2024:08:26:41 -0300] "GET /cormun/static/hpexe_messagepopupcomponent.js?2020121447232 HTTP/1.1" 200 605
201.186.225.187 - - [10/Sep/2024:08:26:41 -0300] "GET /cormun/static/hpexe_messagegenexuscomponent.js?20221129836373 HTTP/1.1" 200 587
201.186.225.187 - - [10/Sep/2024:08:26:41 -0300] "GET /cormun/static/hpexe_messagecontroller.js?202211298371222 HTTP/1.1" 200 870
201.186.225.187 - - [10/Sep/2024:08:26:41 -0300] "GET /cormun/static/cmcontrolpreferences.js?20199141926336 HTTP/1.1" 200 1375
201.186.225.187 - - [10/Sep/2024:08:26:41 -0300] "GET /cormun/static/SmoothNavMenu/resources/ddsmoothmenu.js HTTP/1.1" 200 12712
201.186.225.187 - - [10/Sep/2024:08:26:41 -0300] "GET /cormun/static/SmoothNavMenu/resources/SmoothNavMenuRender.js HTTP/1.1" 200 5951
201.186.225.187 - - [10/Sep/2024:08:26:41 -0300] "GET /cormun/static/scaMessage/js/jquery.pnotify.min.js HTTP/1.1" 200 13038
201.186.225.187 - - [10/Sep/2024:08:26:41 -0300] "GET /cormun/static/scaMessage/scaMessageRender.js HTTP/1.1" 200 11977
201.186.225.187 - - [10/Sep/2024:08:26:41 -0300] "GET /cormun/static/hmpwkw03.js?20221129844354 HTTP/1.1" 200 3971
201.186.225.187 - - [10/Sep/2024:08:26:41 -0300] "GET /cormun/static/Shared/jquery/jquery-1.4.2.min.js HTTP/1.1" 200 72174
201.186.225.187 - - [10/Sep/2024:08:26:41 -0300] "GET /cormun/static/Shared/jqueryui/jquery-ui.min.js HTTP/1.1" 200 240427
201.186.225.187 - - [10/Sep/2024:08:26:41 -0300] "GET /cormun/static/Shared/jquery/jquery-1.10.2.min.js HTTP/1.1" 200 273199
201.186.225.187 - - [10/Sep/2024:08:26:41 -0300] "GET /cormun/static/Shared/ext/ext-all.js HTTP/1.1" 200 1289687
201.186.225.187 - - [10/Sep/2024:08:26:41 -0300] "GET /cormun/static/SmoothNavMenu/resources/images/down.gif HTTP/1.1" 200 854
181.212.43.89 - - [10/Sep/2024:08:26:42 -0300] "GET /cormun/servlet/permisogoce?2d8b37c63f0da3ce575bca31c944c4bdf4616c0be5d3b1b38ed8a8a08abb7edd3084f6ab3dfd2a157df68b6a9cbc2eb8ab107056221e2dd0ecbcb8b66b685875,gx-no-cache=1725967555730 HTTP/1.1" 200 48
201.186.225.187 - - [10/Sep/2024:08:26:44 -0300] "GET /cormun/servlet/trpermisosgoce? HTTP/1.1" 200 11383
201.186.225.187 - - [10/Sep/2024:08:26:45 -0300] "GET /cormun/static/gxui/gxui-all.css?120300 HTTP/1.1" 200 2179
201.186.225.187 - - [10/Sep/2024:08:26:45 -0300] "GET /cormun/static/calendar.js?85251 HTTP/1.1" 200 26246
201.186.225.187 - - [10/Sep/2024:08:26:45 -0300] "GET /cormun/static/calendar-system.css?85620 HTTP/1.1" 200 5572
201.186.225.187 - - [10/Sep/2024:08:26:45 -0300] "GET /cormun/static/gxcfg.js?2020121631564 HTTP/1.1" 200 953
201.186.225.187 - - [10/Sep/2024:08:26:45 -0300] "GET /cormun/static/calendar-setup.js?85251 HTTP/1.1" 200 2588
201.186.225.187 - - [10/Sep/2024:08:26:45 -0300] "GET /cormun/static/calendar-es.js?85251 HTTP/1.1" 200 1901
201.186.225.187 - - [10/Sep/2024:08:26:45 -0300] "GET /cormun/static/Resources/PXTools/calendar.png HTTP/1.1" 200 1306
201.186.225.187 - - [10/Sep/2024:08:26:45 -0300] "GET /cormun/static/gxdec.js?85251 HTTP/1.1" 200 19579
201.186.225.187 - - [10/Sep/2024:08:26:45 -0300] "GET /cormun/static/trpermisosgoce.js?2020121633681 HTTP/1.1" 200 35904
201.186.225.187 - - [10/Sep/2024:08:26:45 -0300] "GET /cormun/static/Shared/ext/resources/css/ext-all.css?215870 HTTP/1.1" 200 416045
201.186.225.187 - - [10/Sep/2024:08:26:45 -0300] "GET /cormun/static/Resources/PXToolsDataSearch.png HTTP/1.1" 200 435
201.186.225.187 - - [10/Sep/2024:08:26:45 -0300] "GET /cormun/static/Resources/PXToolsGridFirstDisabled.gif HTTP/1.1" 200 100
201.186.225.187 - - [10/Sep/2024:08:26:45 -0300] "GET /cormun/static/Resources/PXToolsGridPreviousDisabled.gif HTTP/1.1" 200 90
201.186.225.187 - - [10/Sep/2024:08:26:45 -0300] "GET /cormun/static/Resources/PXToolsGridNextDisabled.gif HTTP/1.1" 200 90
201.186.225.187 - - [10/Sep/2024:08:26:45 -0300] "GET /cormun/static/Resources/PXToolsGridLastDisabled.gif HTTP/1.1" 200 98
201.186.225.187 - - [10/Sep/2024:08:26:45 -0300] "GET /cormun/static/Resources/PXToolsActionExcel.png HTTP/1.1" 200 727
201.186.225.187 - - [10/Sep/2024:08:26:45 -0300] "GET /cormun/static/Resources/PXToolsAddAllAction.png HTTP/1.1" 200 495
201.186.225.187 - - [10/Sep/2024:08:26:45 -0300] "GET /cormun/static/Resources/PXToolsGridPage.gif HTTP/1.1" 200 725
201.186.225.187 - - [10/Sep/2024:08:26:45 -0300] "GET /cormun//static/Resources/PXTools/ActionInsert.png HTTP/1.1" 200 1482
201.186.225.187 - - [10/Sep/2024:08:26:45 -0300] "GET /cormun/static/Resources/asc.gif HTTP/1.1" 200 67
201.186.225.187 - - [10/Sep/2024:08:26:45 -0300] "GET /cormun//static/Resources/PXToolsActionPrint.png HTTP/1.1" 200 404
201.186.225.187 - - [10/Sep/2024:08:26:45 -0300] "GET /cormun//static/Resources/PXToolsGridDisplay.png HTTP/1.1" 200 525
201.186.225.187 - - [10/Sep/2024:08:26:45 -0300] "GET /cormun//static/Resources/PXToolsActionDisabled.gif HTTP/1.1" 200 53
201.186.225.187 - - [10/Sep/2024:08:26:45 -0300] "GET /cormun/static/Resources/desc.gif HTTP/1.1" 200 65
201.186.225.187 - - [10/Sep/2024:08:26:45 -0300] "GET /cormun//static/Resources/PXToolsHeaderFavorites.png HTTP/1.1" 200 1414
201.186.225.187 - - [10/Sep/2024:08:26:45 -0300] "GET /cormun//static/Resources/PXToolsHeaderHelp.png HTTP/1.1" 200 1333
201.186.225.187 - - [10/Sep/2024:08:26:45 -0300] "GET /cormun//static/Resources/PXToolsGridDelete.png HTTP/1.1" 200 538
201.186.225.187 - - [10/Sep/2024:08:26:45 -0300] "GET /cormun/static/Shared/ext/resources/themes/images/default/panel/bg-headersPanel.png HTTP/1.1" 200 255
201.186.225.187 - - [10/Sep/2024:08:26:45 -0300] "GET /cormun/static/Shared/ext/resources/themes/images/default/tools/tool-sprites.gif HTTP/1.1" 200 5434
181.212.43.89 - - [10/Sep/2024:08:26:50 -0300] "GET /cormun/servlet/permisogoce?2d8b37c63f0da3ce575bca31c944c4bdf4616c0be5d3b1b38ed8a8a08abb7edd3084f6ab3dfd2a157df68b6a9cbc2eb8b0264a6b2fca9d2393a07852a3889be6,gx-no-cache=1725967563810 HTTP/1.1" 200 48
181.212.43.89 - - [10/Sep/2024:08:26:55 -0300] "POST /cormun/servlet/permisogoce?4c2a76b3b5be4d727500c2a94bd8063f,INS,0,,,,gx-no-cache=1725967568036 HTTP/1.1" 200 93
181.212.43.89 - - [10/Sep/2024:08:26:55 -0300] "GET /cormun/servlet/hpexe_return? HTTP/1.1" 200 1035
181.212.43.89 - - [10/Sep/2024:08:26:55 -0300] "GET /cormun/servlet/trpermisosgoce?gx-no-cache=1725967535051 HTTP/1.1" 200 15617
190.95.15.15 - - [10/Sep/2024:08:26:59 -0300] "GET /cormun/servlet/hlogin HTTP/1.1" 200 1721
190.171.141.106 - - [10/Sep/2024:08:27:04 -0300] "POST /cormun/servlet/solicitudot?gx-no-cache=1725967578577 HTTP/1.1" 200 4040
190.171.141.106 - - [10/Sep/2024:08:27:04 -0300] "POST /cormun/servlet/solicitudot?56559bddbc8b0355b25e1b2ad0addc3c,INS,0,0,false,,gx-no-cache=1725967578725 HTTP/1.1" 200 12886
190.95.15.15 - - [10/Sep/2024:08:27:06 -0300] "POST /cormun/servlet/hlogin?cc366450598f0986ac5b15a2d193bfde,gx-no-cache=1725967579132 HTTP/1.1" 200 90
190.95.15.15 - - [10/Sep/2024:08:27:06 -0300] "GET /cormun/servlet/hpexe_link HTTP/1.1" 200 952
190.95.15.15 - - [10/Sep/2024:08:27:06 -0300] "GET /cormun/servlet/hhome HTTP/1.1" 200 3974
181.212.43.89 - - [10/Sep/2024:08:27:07 -0300] "GET /cormun/servlet/trpermisosadjuntos?17652488,20240910082605,P, HTTP/1.1" 200 6366
190.95.15.15 - - [10/Sep/2024:08:27:08 -0300] "GET /cormun/servlet/trlicencias? HTTP/1.1" 200 13561
181.212.43.89 - - [10/Sep/2024:08:27:10 -0300] "GET /cormun/servlet/permisosadjuntos?INS,17652488,P,20240910082605,, HTTP/1.1" 200 5661
181.212.43.89 - - [10/Sep/2024:08:27:10 -0300] "GET /cormun/static/about:blank HTTP/1.1" 404 1011
190.171.141.106 - - [10/Sep/2024:08:27:16 -0300] "GET /cormun/servlet/solicitudot?14fd84a86b9f1e587044017bb845d103f2b8e396067b375365c624a2ca7a36632733409f4b17bc5c83ada0f9394ec3c2,gx-no-cache=1725967590576 HTTP/1.1" 200 30
181.212.43.89 - - [10/Sep/2024:08:27:24 -0300] "POST /cormun/servlet/permisosadjuntos?4c2a76b3b5be4d727500c2a94bd8063f,INS,17652488,P,20240910082605,, HTTP/1.1" 200 116
181.212.43.89 - - [10/Sep/2024:08:27:24 -0300] "GET /cormun/servlet/hpexe_return? HTTP/1.1" 200 1041
181.212.43.89 - - [10/Sep/2024:08:27:24 -0300] "GET /cormun/servlet/trpermisosadjuntos?17652488,20240910082605,P, HTTP/1.1" 200 6843
181.212.43.89 - - [10/Sep/2024:08:27:27 -0300] "POST /cormun/servlet/trpermisosadjuntos?4c2a76b3b5be4d727500c2a94bd8063f,17652488,20240910082605,P,,gx-no-cache=1725967600111 HTTP/1.1" 200 90
181.212.43.89 - - [10/Sep/2024:08:27:27 -0300] "GET /cormun/servlet/hpexe_link HTTP/1.1" 200 1008
181.212.43.89 - - [10/Sep/2024:08:27:27 -0300] "GET /cormun/servlet/trpermisosgoce?gx-no-cache=1725967535051 HTTP/1.1" 200 15616
181.212.43.89 - - [10/Sep/2024:08:27:30 -0300] "POST /cormun/servlet/trpermisosgoce?4c2a76b3b5be4d727500c2a94bd8063f,gx-no-cache=1725967535051,gx-no-cache=1725967603180 HTTP/1.1" 200 12850
181.212.43.89 - - [10/Sep/2024:08:27:34 -0300] "GET /cormun/servlet/permisogoce?INS,0,,, HTTP/1.1" 200 6909
181.212.43.89 - - [10/Sep/2024:08:28:07 -0300] "GET /cormun/servlet/permisogoce?2d8b37c63f0da3ce575bca31c944c4bd465dc8670fe28d7f8101ab42b1c1ea01ad3f785b90ada3ef888f1c8d4ecd8c3725c4bbe1cd310bb3ab15679954afb8f3,gx-no-cache=1725967640673 HTTP/1.1" 200 84
200.54.107.2 - - [10/Sep/2024:08:28:08 -0300] "GET /cormun/servlet/hlogin HTTP/1.1" 200 1724
200.54.107.2 - - [10/Sep/2024:08:28:12 -0300] "GET /cormun/servlet/hlogin HTTP/1.1" 200 1735
200.54.107.2 - - [10/Sep/2024:08:28:17 -0300] "POST /cormun/servlet/hlogin?5150afc6134ab98e4cce541af5a02bed,gx-no-cache=1725967650860 HTTP/1.1" 200 90
200.54.107.2 - - [10/Sep/2024:08:28:17 -0300] "GET /cormun/servlet/hpexe_link HTTP/1.1" 200 954
200.54.107.2 - - [10/Sep/2024:08:28:17 -0300] "GET /cormun/servlet/hhome HTTP/1.1" 200 4355
181.212.43.89 - - [10/Sep/2024:08:28:19 -0300] "GET /cormun/servlet/permisogoce?2d8b37c63f0da3ce575bca31c944c4bdb02c7942bbdd905d9f2495ce5495909b2ef9d5ca7cad4638f12250d0346f5b4cab107056221e2dd0ecbcb8b66b685875,gx-no-cache=1725967652481 HTTP/1.1" 200 47
200.54.107.2 - - [10/Sep/2024:08:28:22 -0300] "GET /cormun/servlet/trlicencias? HTTP/1.1" 200 10773
181.212.43.89 - - [10/Sep/2024:08:28:23 -0300] "POST /cormun/servlet/permisogoce?4c2a76b3b5be4d727500c2a94bd8063f,INS,0,,,,gx-no-cache=1725967655538 HTTP/1.1" 200 93
181.212.43.89 - - [10/Sep/2024:08:28:23 -0300] "GET /cormun/servlet/hpexe_return? HTTP/1.1" 200 1035
181.212.43.89 - - [10/Sep/2024:08:28:23 -0300] "GET /cormun/servlet/trpermisosgoce?gx-no-cache=1725967535051 HTTP/1.1" 200 15881
201.186.225.187 - - [10/Sep/2024:08:28:25 -0300] "POST /cormun/servlet/trpermisosgoce?c8e96f925c228d863e53d8974ceee4bd,,gx-no-cache=1725971234681 HTTP/1.1" 200 8604
190.171.141.106 - - [10/Sep/2024:08:28:28 -0300] "GET /cormun/servlet/solicitudot?14fd84a86b9f1e587044017bb845d1036bc4690ed2f4d541088139dac127a459b74ea9835690fea024439918ccdfda99,gx-no-cache=1725967662337 HTTP/1.1" 200 30
181.212.43.89 - - [10/Sep/2024:08:28:31 -0300] "GET /cormun/servlet/trpermisosadjuntos?14324070,20240910082713,P, HTTP/1.1" 200 6367
181.212.43.89 - - [10/Sep/2024:08:28:32 -0300] "GET /cormun/servlet/permisosadjuntos?INS,14324070,P,20240910082713,, HTTP/1.1" 200 5663
181.212.43.89 - - [10/Sep/2024:08:28:32 -0300] "GET /cormun/static/about:blank HTTP/1.1" 404 1011
190.171.141.106 - - [10/Sep/2024:08:28:36 -0300] "GET /cormun/static/Resources/resize.gif HTTP/1.1" 200 77
190.171.141.106 - - [10/Sep/2024:08:28:36 -0300] "GET /cormun/servlet/prbanco?,MD,,gxPopupLevel%3D0%3B HTTP/1.1" 200 6502
190.171.141.106 - - [10/Sep/2024:08:28:36 -0300] "GET /cormun/static/gxcfg.js?20201216131581 HTTP/1.1" 200 953
190.171.141.106 - - [10/Sep/2024:08:28:36 -0300] "GET /cormun/static/Resources/PXToolsMenuSearch.png HTTP/1.1" 200 336
190.171.141.106 - - [10/Sep/2024:08:28:36 -0300] "GET /cormun/static/prbanco.js?20201216132311 HTTP/1.1" 200 10693
190.171.141.106 - - [10/Sep/2024:08:28:36 -0300] "GET /cormun/static/menusearch.js?20201214473581 HTTP/1.1" 200 1424
190.171.141.106 - - [10/Sep/2024:08:28:36 -0300] "GET /cormun/static/hmpwkw011.js?202211298443482 HTTP/1.1" 200 1968
190.171.141.106 - - [10/Sep/2024:08:28:36 -0300] "GET /cormun/static/Resources/PXToolsMenuSearchCancel.png HTTP/1.1" 200 306
190.171.141.106 - - [10/Sep/2024:08:28:36 -0300] "GET /cormun/static/Resources/PXTools/ClosePrompt.png HTTP/1.1" 200 1036
181.212.43.89 - - [10/Sep/2024:08:28:41 -0300] "POST /cormun/servlet/permisosadjuntos?4c2a76b3b5be4d727500c2a94bd8063f,INS,14324070,P,20240910082713,, HTTP/1.1" 200 116
181.212.43.89 - - [10/Sep/2024:08:28:41 -0300] "GET /cormun/servlet/hpexe_return? HTTP/1.1" 200 1041
181.212.43.89 - - [10/Sep/2024:08:28:41 -0300] "GET /cormun/servlet/trpermisosadjuntos?14324070,20240910082713,P, HTTP/1.1" 200 6846
181.212.43.89 - - [10/Sep/2024:08:28:44 -0300] "POST /cormun/servlet/trpermisosadjuntos?4c2a76b3b5be4d727500c2a94bd8063f,14324070,20240910082713,P,,gx-no-cache=1725967677313 HTTP/1.1" 200 90
181.212.43.89 - - [10/Sep/2024:08:28:44 -0300] "GET /cormun/servlet/hpexe_link HTTP/1.1" 200 1007
181.212.43.89 - - [10/Sep/2024:08:28:44 -0300] "GET /cormun/servlet/trpermisosgoce?gx-no-cache=1725967535051 HTTP/1.1" 200 15877
190.171.141.106 - - [10/Sep/2024:08:28:45 -0300] "GET /cormun/servlet/solicitudot?14fd84a86b9f1e587044017bb845d103b5a7c58515046a1f74139bce862433f4,gx-no-cache=1725967679731 HTTP/1.1" 200 45
190.171.143.82 - - [10/Sep/2024:08:28:46 -0300] "GET /cormun/static/menuarrow.gif HTTP/1.1" 404 1015
181.212.43.89 - - [10/Sep/2024:08:28:46 -0300] "POST /cormun/servlet/trpermisosgoce?4c2a76b3b5be4d727500c2a94bd8063f,gx-no-cache=1725967535051,gx-no-cache=1725967679556 HTTP/1.1" 200 13079
181.212.43.89 - - [10/Sep/2024:08:28:51 -0300] "GET /cormun/servlet/permisogoce?INS,0,,, HTTP/1.1" 200 6908
190.171.143.82 - - [10/Sep/2024:08:28:53 -0300] "POST /cormun/servlet/trpermisosgoce?4d1282a4ad0f479bb497613316ee5db6,,gx-no-cache=1725967688690 HTTP/1.1" 200 5964
181.212.43.89 - - [10/Sep/2024:08:28:55 -0300] "GET /cormun/servlet/permisogoce?2d8b37c63f0da3ce575bca31c944c4bd3c1111047f9dad0c3dcc99904f4280dcad3f785b90ada3ef888f1c8d4ecd8c3725c4bbe1cd310bb3ab15679954afb8f3,gx-no-cache=1725967688745 HTTP/1.1" 200 86
200.54.107.2 - - [10/Sep/2024:08:28:57 -0300] "POST /cormun/servlet/trlicencias?5150afc6134ab98e4cce541af5a02bed,,gx-no-cache=1725967690358 HTTP/1.1" 200 17179
181.212.43.89 - - [10/Sep/2024:08:29:04 -0300] "GET /cormun/servlet/permisogoce?2d8b37c63f0da3ce575bca31c944c4bdf4c0b5586bb2d6729edb8f90053ef361439ae24dfa7f3c1ba81d7558602e6c84ab107056221e2dd0ecbcb8b66b685875,gx-no-cache=1725967697769 HTTP/1.1" 200 48
190.171.141.106 - - [10/Sep/2024:08:29:08 -0300] "POST /cormun/servlet/solicitudot?gx-no-cache=1725967702646 HTTP/1.1" 200 255
190.171.152.242 - - [10/Sep/2024:08:29:09 -0300] "GET /cormun/servlet/hlogin HTTP/1.1" 200 1720
181.212.43.89 - - [10/Sep/2024:08:29:09 -0300] "POST /cormun/servlet/permisogoce?4c2a76b3b5be4d727500c2a94bd8063f,INS,0,,,,gx-no-cache=1725967702402 HTTP/1.1" 200 93
181.212.43.89 - - [10/Sep/2024:08:29:09 -0300] "GET /cormun/servlet/hpexe_return? HTTP/1.1" 200 1035
181.212.43.89 - - [10/Sep/2024:08:29:10 -0300] "GET /cormun/servlet/trpermisosgoce?gx-no-cache=1725967535051 HTTP/1.1" 200 16058
190.171.141.106 - - [10/Sep/2024:08:29:11 -0300] "GET /cormun/servlet/solicitudot?14fd84a86b9f1e587044017bb845d10318ce9a40f0b6c446464a77e9f560a099bbb5afc8b1b44ed6097b18b732c90a9f276c1a55b254f188aad0bb57a3af75149bd4e78a703c10938ed0ddbaf4969fd493932467be780fc669ba4fc842c04adaa840adf07a60d64858fef03f5f871219f7276086760db177aa5940f9cd6d4bf88bfe4a5b3aa754804eade7f0a32b4a7e448a42ab9203d4ad5ad57e82418d6f54898ea935ae43b7ca3864c1426f19f7d15fa7ebe5fbcfb1e0c011fbd05f25d5a3542c6e125f6fc9b82599c267b5ab22454a8fc643e0094ce38108d7736c89862bd114375cb2651933fb78a0f4a72b9cf7ce38666d00ecd054093d94df42e8aeed64eb753282ba540081bb63fcdd5e4067852c1683794bfe3a07c6e68c266a05f768db2314cbcf60a54ccaacb44f34d21b54e95e6b1a208089d5a0e8095d061ba19eff79567804e497550952271e9d6e1742573e8957a10edb2c15ad6ba5da92b52bd3151b27fdb70b306a8ddbbdc3e9649a237e795edb18b0684f19a45913404f,gx-no-cache=1725967705280 HTTP/1.1" 200 30
190.171.152.242 - - [10/Sep/2024:08:29:12 -0300] "POST /cormun/servlet/hlogin?879c59d981341810c212a7674e5239bc,gx-no-cache=1725967705521 HTTP/1.1" 200 90
190.171.152.242 - - [10/Sep/2024:08:29:12 -0300] "GET /cormun/servlet/hpexe_link HTTP/1.1" 200 950
190.171.152.242 - - [10/Sep/2024:08:29:12 -0300] "GET /cormun/servlet/hhome HTTP/1.1" 200 3994
190.171.152.242 - - [10/Sep/2024:08:29:16 -0300] "GET /cormun/servlet/trlicencias? HTTP/1.1" 200 11014
181.212.43.89 - - [10/Sep/2024:08:29:19 -0300] "GET /cormun/servlet/trpermisosadjuntos?11297257,20240910082829,P, HTTP/1.1" 200 6369
181.212.43.89 - - [10/Sep/2024:08:29:21 -0300] "GET /cormun/servlet/permisosadjuntos?INS,11297257,P,20240910082829,, HTTP/1.1" 200 5665
181.212.43.89 - - [10/Sep/2024:08:29:21 -0300] "GET /cormun/static/about:blank HTTP/1.1" 404 1011
190.171.141.106 - - [10/Sep/2024:08:29:23 -0300] "POST /cormun/servlet/solicitudot?gx-no-cache=1725967717530 HTTP/1.1" 200 30
190.171.141.106 - - [10/Sep/2024:08:29:23 -0300] "POST /cormun/servlet/solicitudot?gx-no-cache=1725967717577 HTTP/1.1" 200 1481
190.171.141.106 - - [10/Sep/2024:08:29:23 -0300] "POST /cormun/servlet/solicitudot?gx-no-cache=1725967717610 HTTP/1.1" 200 38
201.186.225.187 - - [10/Sep/2024:08:29:25 -0300] "GET /cormun/static/menuarrow.gif HTTP/1.1" 404 1015
181.212.43.89 - - [10/Sep/2024:08:29:30 -0300] "POST /cormun/servlet/permisosadjuntos?4c2a76b3b5be4d727500c2a94bd8063f,INS,11297257,P,20240910082829,, HTTP/1.1" 200 116
181.212.43.89 - - [10/Sep/2024:08:29:30 -0300] "GET /cormun/servlet/hpexe_return? HTTP/1.1" 200 1040
181.212.43.89 - - [10/Sep/2024:08:29:30 -0300] "GET /cormun/servlet/trpermisosadjuntos?11297257,20240910082829,P, HTTP/1.1" 200 6849
181.212.43.89 - - [10/Sep/2024:08:29:35 -0300] "POST /cormun/servlet/trpermisosadjuntos?4c2a76b3b5be4d727500c2a94bd8063f,11297257,20240910082829,P,,gx-no-cache=1725967728715 HTTP/1.1" 200 90
181.212.43.89 - - [10/Sep/2024:08:29:35 -0300] "GET /cormun/servlet/hpexe_link HTTP/1.1" 200 1007
181.212.43.89 - - [10/Sep/2024:08:29:36 -0300] "GET /cormun/servlet/trpermisosgoce?gx-no-cache=1725967535051 HTTP/1.1" 200 16117
181.212.43.89 - - [10/Sep/2024:08:29:38 -0300] "POST /cormun/servlet/trpermisosgoce?4c2a76b3b5be4d727500c2a94bd8063f,gx-no-cache=1725967535051,gx-no-cache=1725967731078 HTTP/1.1" 200 13312
181.212.43.89 - - [10/Sep/2024:08:29:46 -0300] "GET /cormun/servlet/trlicencias? HTTP/1.1" 200 15275
181.212.43.89 - - [10/Sep/2024:08:29:50 -0300] "GET /cormun/servlet/hhome HTTP/1.1" 200 4022
201.186.225.187 - - [10/Sep/2024:08:30:01 -0300] "POST /cormun/servlet/trpermisosgoce?c8e96f925c228d863e53d8974ceee4bd,,gx-no-cache=1725971330362 HTTP/1.1" 200 5666
190.171.152.242 - - [10/Sep/2024:08:30:17 -0300] "GET /cormun/servlet/hlogin HTTP/1.1" 200 1736
190.171.141.106 - - [10/Sep/2024:08:30:20 -0300] "GET /cormun/servlet/solicitudot?14fd84a86b9f1e587044017bb845d103b37c65a55e5f3410b23eaf51fa59511b23942eaa21ba886e1f926e95858360ac5ac6f27ffc86717b46410ad8889475cfed9143e1473998c87528b864fb94e33ee6f14ab0b4591f8b46e7c98ff340314e235c2b753309ff34d32a0ef5b2b8a34b,gx-no-cache=1725967774932 HTTP/1.1" 200 110
201.186.225.187 - - [10/Sep/2024:08:30:27 -0300] "POST /cormun/servlet/trpermisosgoce?c8e96f925c228d863e53d8974ceee4bd,,gx-no-cache=1725971356163 HTTP/1.1" 200 5687
201.186.225.187 - - [10/Sep/2024:08:30:27 -0300] "GET /cormun/static/Shared/jqueryui/images/ui-bg_highlight-soft_100_c6c2c8_1x100.png HTTP/1.1" 404 1117
201.186.225.187 - - [10/Sep/2024:08:30:27 -0300] "GET /cormun/static/Shared/jqueryui/images/ui-icons_82798d_256x240.png HTTP/1.1" 404 1089
201.186.225.187 - - [10/Sep/2024:08:30:27 -0300] "GET /cormun/static/Shared/jqueryui/images/ui-bg_flat_55_fafafa_40x100.png HTTP/1.1" 404 1097
201.186.225.187 - - [10/Sep/2024:08:30:27 -0300] "GET /cormun/static/Shared/jqueryui/images/ui-icons_8d78a5_256x240.png HTTP/1.1" 404 1089
201.186.225.187 - - [10/Sep/2024:08:30:32 -0300] "GET /cormun/servlet/permisogoce?DSP,13098789,P,20240325093432, HTTP/1.1" 200 6688
201.186.225.187 - - [10/Sep/2024:08:30:32 -0300] "GET /cormun/static/gxcfg.js?20201215124560 HTTP/1.1" 200 953
201.186.225.187 - - [10/Sep/2024:08:30:32 -0300] "GET /cormun/static/Resources/prompt.gif HTTP/1.1" 200 902
201.186.225.187 - - [10/Sep/2024:08:30:32 -0300] "GET /cormun/static/permisogoce.js?20201215124939 HTTP/1.1" 200 27790
201.186.225.187 - - [10/Sep/2024:08:30:39 -0300] "POST /cormun/servlet/permisogoce?c8e96f925c228d863e53d8974ceee4bd,DSP,13098789,P,20240325093432,,gx-no-cache=1725971369038 HTTP/1.1" 200 93
201.186.225.187 - - [10/Sep/2024:08:30:39 -0300] "GET /cormun/servlet/hpexe_return? HTTP/1.1" 200 1028
201.186.225.187 - - [10/Sep/2024:08:30:39 -0300] "GET /cormun/static/gxcfg.js?20221129846035 HTTP/1.1" 200 953
201.186.225.187 - - [10/Sep/2024:08:30:39 -0300] "GET /cormun/static/hpexe_return.js?20221129846037 HTTP/1.1" 200 1633
201.186.225.187 - - [10/Sep/2024:08:30:40 -0300] "GET /cormun/servlet/trpermisosgoce? HTTP/1.1" 200 8416
201.186.225.187 - - [10/Sep/2024:08:30:45 -0300] "GET /cormun/servlet/trlicenciaspermisoslog?13098789,P,20240325093432, HTTP/1.1" 200 6632
201.186.225.187 - - [10/Sep/2024:08:30:45 -0300] "GET /cormun/static/gxui/gxui-all.css?110300 HTTP/1.1" 200 2179
201.186.225.187 - - [10/Sep/2024:08:30:45 -0300] "GET /cormun/static/calendar-system.css?75620 HTTP/1.1" 200 5572
201.186.225.187 - - [10/Sep/2024:08:30:46 -0300] "GET /cormun/static/gxcfg.js?201991422452353 HTTP/1.1" 200 953
201.186.225.187 - - [10/Sep/2024:08:30:46 -0300] "GET /cormun/static/trlicenciaspermisoslog.js?201991422452676 HTTP/1.1" 200 20074
201.186.225.187 - - [10/Sep/2024:08:30:46 -0300] "GET /cormun/static/Resources/Spanish/PXTools.css?2294816 HTTP/1.1" 200 100853
201.186.225.187 - - [10/Sep/2024:08:30:46 -0300] "GET /cormun/static/Shared/ext/resources/css/ext-all.css?205870 HTTP/1.1" 200 416045
190.171.149.74 - - [10/Sep/2024:08:30:53 -0300] "GET /cormun/servlet/trpermisosgoce? HTTP/1.1" 200 16938
190.171.149.74 - - [10/Sep/2024:08:30:57 -0300] "GET /cormun/servlet/permisogoce?INS,0,,, HTTP/1.1" 200 6834
201.186.225.187 - - [10/Sep/2024:08:30:57 -0300] "GET /cormun/servlet/trpermisosgoce? HTTP/1.1" 200 8416
201.186.225.187 - - [10/Sep/2024:08:31:20 -0300] "GET /cormun/servlet/trpermisosgoce? HTTP/1.1" 200 8412
201.186.225.187 - - [10/Sep/2024:08:31:25 -0300] "GET /cormun/servlet/hlogin HTTP/1.1" 200 1741
190.171.141.106 - - [10/Sep/2024:08:31:27 -0300] "POST /cormun/servlet/solicitudot?gx-no-cache=1725967841804 HTTP/1.1" 200 1481
190.171.141.106 - - [10/Sep/2024:08:31:27 -0300] "POST /cormun/servlet/solicitudot?gx-no-cache=1725967841877 HTTP/1.1" 200 38
190.171.141.106 - - [10/Sep/2024:08:31:27 -0300] "GET /cormun/servlet/solicitudot?14fd84a86b9f1e587044017bb845d103b37c65a55e5f3410b23eaf51fa59511b23942eaa21ba886e1f926e95858360ac5ac6f27ffc86717b46410ad8889475cfed9143e1473998c87528b864fb94e33ee6f14ab0b4591f8b46e7c98ff340314e235c2b753309ff34d32a0ef5b2b8a34b,gx-no-cache=1725967841899 HTTP/1.1" 200 110
190.171.141.106 - - [10/Sep/2024:08:31:27 -0300] "POST /cormun/servlet/solicitudot?gx-no-cache=1725967841922 HTTP/1.1" 200 97
190.171.141.106 - - [10/Sep/2024:08:31:35 -0300] "GET /cormun/servlet/solicitudot?14fd84a86b9f1e587044017bb845d103df1cef1d3e8f891e7826b0339ad427d1397292a80c3bc891409bffc6d37bee53c109076caccff45cdb6b0efc10486d99ba9436c6ebb24a3751312877be2f2154a4f3ea481bcffbec6e022d7086777499f077a5d76fa01f2b2ac300e35b3e5dab,gx-no-cache=1725967846305 HTTP/1.1" 200 29
190.171.141.138 - - [10/Sep/2024:08:31:39 -0300] "GET /cormun/servlet/trlicencias HTTP/1.1" 200 6048
190.171.141.138 - - [10/Sep/2024:08:31:39 -0300] "GET /cormun/servlet/hlogin HTTP/1.1" 200 1736
190.171.141.138 - - [10/Sep/2024:08:31:39 -0300] "GET /cormun/servlet/trlicencias HTTP/1.1" 200 6046
190.171.141.138 - - [10/Sep/2024:08:31:44 -0300] "POST /cormun/servlet/hlogin?6e18a41cbba51381989473b1316850ee,gx-no-cache=1725967857506 HTTP/1.1" 200 90
190.171.141.138 - - [10/Sep/2024:08:31:44 -0300] "GET /cormun/servlet/hpexe_link HTTP/1.1" 200 953
190.171.141.138 - - [10/Sep/2024:08:31:44 -0300] "GET /cormun/servlet/trlicencias HTTP/1.1" 200 15942
190.171.141.106 - - [10/Sep/2024:08:31:46 -0300] "GET /cormun/servlet/solicitudot?14fd84a86b9f1e587044017bb845d103e2ca85103e6321b09613709047842e6945f0ec60607123c719637e6ce6655500,gx-no-cache=1725967860266 HTTP/1.1" 200 30
190.171.143.82 - - [10/Sep/2024:08:32:22 -0300] "POST /cormun/servlet/trpermisosgoce?4d1282a4ad0f479bb497613316ee5db6,,gx-no-cache=1725967897178 HTTP/1.1" 200 16384
190.171.141.106 - - [10/Sep/2024:08:32:24 -0300] "POST /cormun/servlet/solicitudot?gx-no-cache=1725967898338 HTTP/1.1" 200 30
190.171.149.74 - - [10/Sep/2024:08:32:36 -0300] "GET /cormun/servlet/permisogoce?451009044381965fb334549ab0698253cc658ddd421c66edc4b45f638013bce4dd8ceb528dc5941d3c85afcbf95db5d59d112c26c5e5c486668d1ba57f1a5c03,gx-no-cache=1725967908427 HTTP/1.1" 200 79
201.186.225.191 - - [10/Sep/2024:08:33:14 -0300] "GET /cormun/servlet/hlogin HTTP/1.1" 200 1718
190.171.149.74 - - [10/Sep/2024:08:33:15 -0300] "GET /cormun/static/menuarrow.gif HTTP/1.1" 404 1015
190.171.149.74 - - [10/Sep/2024:08:33:26 -0300] "GET /cormun/servlet/permisogoce?451009044381965fb334549ab069825353364fe38d3d562c6bca6b99e2a339f2a864c5a1ebc8af9e678e2c4b231530ad97d74203ec504e4d5cc347d5c49cdb03,gx-no-cache=1725967959330 HTTP/1.1" 200 46
190.171.149.74 - - [10/Sep/2024:08:33:30 -0300] "POST /cormun/servlet/permisogoce?39ef132d63476cb82b5a9392bbbfc12a,INS,0,,,,gx-no-cache=1725967962835 HTTP/1.1" 200 93
190.171.149.74 - - [10/Sep/2024:08:33:30 -0300] "GET /cormun/servlet/hpexe_return? HTTP/1.1" 200 1000
190.171.149.74 - - [10/Sep/2024:08:33:31 -0300] "GET /cormun/servlet/trpermisosgoce HTTP/1.1" 200 17271
190.171.149.74 - - [10/Sep/2024:08:33:33 -0300] "GET /cormun/servlet/apermisogoceprn?9072136,P,20240910083035,PU HTTP/1.1" 200 1660
190.171.141.106 - - [10/Sep/2024:08:34:25 -0300] "POST /cormun/servlet/solicitudot?56559bddbc8b0355b25e1b2ad0addc3c,INS,0,0,false,,gx-no-cache=1725968019673 HTTP/1.1" 200 93
190.171.141.106 - - [10/Sep/2024:08:34:25 -0300] "GET /cormun/servlet/hpexe_return? HTTP/1.1" 200 1004
190.171.141.106 - - [10/Sep/2024:08:34:25 -0300] "GET /cormun/static/gxcfg.js?20221129846035 HTTP/1.1" 200 953
190.171.141.106 - - [10/Sep/2024:08:34:25 -0300] "GET /cormun/static/hpexe_return.js?20221129846037 HTTP/1.1" 200 1633
190.171.141.106 - - [10/Sep/2024:08:34:25 -0300] "GET /cormun/servlet/trsolicitudot HTTP/1.1" 200 8769
190.171.141.106 - - [10/Sep/2024:08:34:26 -0300] "GET /cormun//static/Resources/PXToolsActionView.png HTTP/1.1" 200 398
190.171.141.106 - - [10/Sep/2024:08:34:26 -0300] "GET /cormun//static/Resources/PXToolsGridUpdate.png HTTP/1.1" 200 470
190.171.141.106 - - [10/Sep/2024:08:34:26 -0300] "GET /cormun//static/Resources/PXToolsGridDelete.png HTTP/1.1" 200 538
190.171.141.106 - - [10/Sep/2024:08:34:26 -0300] "GET /cormun//static/Resources/PXToolsRemoveAllAction.png HTTP/1.1" 200 487
190.171.141.106 - - [10/Sep/2024:08:35:23 -0300] "POST /cormun/servlet/trsolicitudot?56559bddbc8b0355b25e1b2ad0addc3c,gx-no-cache=1725968077729 HTTP/1.1" 200 4844
201.186.225.191 - - [10/Sep/2024:08:35:23 -0300] "POST /cormun/servlet/hlogin?df2da29a0c0b516c8a543a7fcd89b037,gx-no-cache=1725968080433 HTTP/1.1" 200 90
201.186.225.191 - - [10/Sep/2024:08:35:23 -0300] "GET /cormun/servlet/hpexe_link HTTP/1.1" 200 948
190.171.141.106 - - [10/Sep/2024:08:35:23 -0300] "GET /cormun/static/Shared/jqueryui/images/ui-bg_highlight-soft_100_c6c2c8_1x100.png HTTP/1.1" 404 1117
190.171.141.106 - - [10/Sep/2024:08:35:23 -0300] "GET /cormun/static/Shared/jqueryui/images/ui-icons_82798d_256x240.png HTTP/1.1" 404 1089
190.171.141.106 - - [10/Sep/2024:08:35:23 -0300] "GET /cormun/static/Shared/jqueryui/images/ui-bg_flat_55_fafafa_40x100.png HTTP/1.1" 404 1097
190.171.141.106 - - [10/Sep/2024:08:35:23 -0300] "GET /cormun/static/Shared/jqueryui/images/ui-icons_8d78a5_256x240.png HTTP/1.1" 404 1089
201.186.225.191 - - [10/Sep/2024:08:35:23 -0300] "GET /cormun/servlet/hhome HTTP/1.1" 200 4179
190.171.141.106 - - [10/Sep/2024:08:35:23 -0300] "POST /cormun/servlet/trsolicitudot?56559bddbc8b0355b25e1b2ad0addc3c,gx-no-cache=1725968077903 HTTP/1.1" 200 4605
201.186.225.191 - - [10/Sep/2024:08:35:27 -0300] "GET /cormun/servlet/trlicencias? HTTP/1.1" 200 10765
201.186.225.191 - - [10/Sep/2024:08:35:42 -0300] "GET /cormun/servlet/hlogin HTTP/1.1" 200 1734
190.95.15.15 - - [10/Sep/2024:08:36:55 -0300] "GET /cormun/servlet/trpermisosgoce? HTTP/1.1" 200 12648
190.95.15.15 - - [10/Sep/2024:08:36:56 -0300] "GET /cormun/servlet/trpermisosgoce? HTTP/1.1" 200 12639
190.171.143.82 - - [10/Sep/2024:08:37:35 -0300] "POST /cormun/servlet/trpermisosgoce?4d1282a4ad0f479bb497613316ee5db6,,gx-no-cache=1725968210036 HTTP/1.1" 200 15427
172.169.1.171 - - [10/Sep/2024:08:44:32 -0300] "GET / HTTP/1.1" 200 11217
190.171.141.106 - - [10/Sep/2024:08:44:45 -0300] "POST /cormun/servlet/hlogin?aaafd29f9e562bc6c37486a58b55cb53,gx-no-cache=1725968637624 HTTP/1.1" 440 972
190.171.141.106 - - [10/Sep/2024:08:44:47 -0300] "GET /cormun/servlet/hlogin HTTP/1.1" 200 1737
190.171.141.106 - - [10/Sep/2024:08:44:55 -0300] "POST /cormun/servlet/hlogin?2c1a833f7c56fcd07864b14c8d680b53,gx-no-cache=1725968648034 HTTP/1.1" 200 90
190.171.141.106 - - [10/Sep/2024:08:44:55 -0300] "GET /cormun/servlet/hpexe_link HTTP/1.1" 200 958
190.171.141.106 - - [10/Sep/2024:08:44:55 -0300] "GET /cormun/servlet/hhome HTTP/1.1" 200 4154
154.213.184.18 - - [10/Sep/2024:08:44:59 -0300] "CONNECT example.com:443 HTTP/1.1" 400 -
190.171.141.106 - - [10/Sep/2024:08:45:28 -0300] "GET /cormun/servlet/trautorizarsolicitud? HTTP/1.1" 200 8662
190.171.141.106 - - [10/Sep/2024:08:45:28 -0300] "GET /cormun//static/Resources/PXToolsRemoveAllAction.png HTTP/1.1" 200 487
190.171.141.106 - - [10/Sep/2024:08:45:28 -0300] "GET /cormun//static/Resources/PXToolsActionView.png HTTP/1.1" 200 398
190.171.141.106 - - [10/Sep/2024:08:45:28 -0300] "GET /cormun//static/Resources/PXToolsGridDelete.png HTTP/1.1" 200 538
190.171.141.106 - - [10/Sep/2024:08:45:28 -0300] "GET /cormun//static/Resources/PXToolsGridUpdate.png HTTP/1.1" 200 470
190.171.141.106 - - [10/Sep/2024:08:45:35 -0300] "POST /cormun/servlet/trautorizarsolicitud?2c1a833f7c56fcd07864b14c8d680b53,,gx-no-cache=1725968688531 HTTP/1.1" 200 4777
190.171.141.106 - - [10/Sep/2024:08:45:36 -0300] "GET /cormun/static/Shared/jqueryui/images/ui-bg_highlight-soft_100_c6c2c8_1x100.png HTTP/1.1" 404 1117
190.171.141.106 - - [10/Sep/2024:08:45:36 -0300] "GET /cormun/static/Shared/jqueryui/images/ui-icons_82798d_256x240.png HTTP/1.1" 404 1089
190.171.141.106 - - [10/Sep/2024:08:45:36 -0300] "GET /cormun/static/Shared/jqueryui/images/ui-icons_8d78a5_256x240.png HTTP/1.1" 404 1089
190.171.141.106 - - [10/Sep/2024:08:45:36 -0300] "GET /cormun/static/Shared/jqueryui/images/ui-bg_flat_55_fafafa_40x100.png HTTP/1.1" 404 1097
190.171.141.106 - - [10/Sep/2024:08:45:36 -0300] "POST /cormun/servlet/trautorizarsolicitud?2c1a833f7c56fcd07864b14c8d680b53,,gx-no-cache=1725968688674 HTTP/1.1" 200 4541
190.171.141.106 - - [10/Sep/2024:08:45:41 -0300] "GET /cormun/servlet/trlicencias? HTTP/1.1" 200 16232
190.171.141.106 - - [10/Sep/2024:08:45:50 -0300] "GET /cormun/servlet/licenciaspermisos?DSP,17746678,L,20240910000000, HTTP/1.1" 200 7257
190.171.149.90 - - [10/Sep/2024:08:46:19 -0300] "GET /cormun/servlet/trpermisosadjuntos?13351962,20240909161701,P, HTTP/1.1" 200 5451
190.171.149.90 - - [10/Sep/2024:08:46:19 -0300] "GET /cormun/static/gxcfg.js?2020121641683 HTTP/1.1" 200 953
190.171.149.90 - - [10/Sep/2024:08:46:19 -0300] "GET /cormun/static/trpermisosadjuntos.js?2020121642996 HTTP/1.1" 200 20158
190.171.149.90 - - [10/Sep/2024:08:46:19 -0300] "GET /cormun/servlet/hlogin HTTP/1.1" 200 1764
190.171.149.90 - - [10/Sep/2024:08:46:19 -0300] "GET /cormun/servlet/trpermisosadjuntos?13351962,20240909161701,P, HTTP/1.1" 200 5448
190.171.149.90 - - [10/Sep/2024:08:46:35 -0300] "POST /cormun/servlet/hlogin?123ad6c2497a7f28ed633d9bb30f31b6,gx-no-cache=1725968639702 HTTP/1.1" 200 475
190.171.149.90 - - [10/Sep/2024:08:46:41 -0300] "POST /cormun/servlet/hlogin?123ad6c2497a7f28ed633d9bb30f31b6,gx-no-cache=1725968646192 HTTP/1.1" 200 90
190.171.149.90 - - [10/Sep/2024:08:46:41 -0300] "GET /cormun/servlet/hpexe_link HTTP/1.1" 200 983
190.171.149.90 - - [10/Sep/2024:08:46:42 -0300] "GET /cormun/servlet/trpermisosadjuntos?13351962,20240909161701,P, HTTP/1.1" 200 5991
190.171.149.90 - - [10/Sep/2024:08:47:17 -0300] "GET /cormun/servlet/permisosadjuntos?INS,13351962,P,20240909161701,, HTTP/1.1" 200 5495
190.171.149.90 - - [10/Sep/2024:08:47:17 -0300] "GET /cormun/static/gxcfg.js?20201215134212 HTTP/1.1" 200 953
190.171.149.90 - - [10/Sep/2024:08:47:17 -0300] "GET /cormun/static/permisosadjuntos.js?20201215134285 HTTP/1.1" 200 8724
190.171.149.90 - - [10/Sep/2024:08:47:17 -0300] "GET /cormun/static/about:blank HTTP/1.1" 404 1011
200.54.103.162 - - [10/Sep/2024:08:47:18 -0300] "GET /cormun/servlet/hhome HTTP/1.1" 200 3312
200.54.103.162 - - [10/Sep/2024:08:47:18 -0300] "GET /cormun/servlet/hlogin HTTP/1.1" 200 1722
200.54.103.162 - - [10/Sep/2024:08:47:18 -0300] "GET /cormun/servlet/hhome HTTP/1.1" 200 3323
200.54.103.162 - - [10/Sep/2024:08:47:23 -0300] "POST /cormun/servlet/hlogin?9d98c363ba2ba3e841ee6ac929b1da6e,gx-no-cache=1725968796816 HTTP/1.1" 200 90
200.54.103.162 - - [10/Sep/2024:08:47:23 -0300] "GET /cormun/servlet/hpexe_link HTTP/1.1" 200 942
200.54.103.162 - - [10/Sep/2024:08:47:23 -0300] "GET /cormun/servlet/hhome HTTP/1.1" 200 4332
190.171.149.90 - - [10/Sep/2024:08:47:27 -0300] "POST /cormun/servlet/permisosadjuntos?123ad6c2497a7f28ed633d9bb30f31b6,INS,13351962,P,20240909161701,, HTTP/1.1" 200 116
190.171.149.90 - - [10/Sep/2024:08:47:27 -0300] "GET /cormun/servlet/hpexe_return? HTTP/1.1" 200 1038
190.171.149.90 - - [10/Sep/2024:08:47:28 -0300] "GET /cormun/servlet/trpermisosadjuntos?13351962,20240909161701,P, HTTP/1.1" 200 6539
200.54.103.162 - - [10/Sep/2024:08:47:30 -0300] "GET /cormun/servlet/trsolicitudot? HTTP/1.1" 200 7553
190.171.149.90 - - [10/Sep/2024:08:47:30 -0300] "GET /cormun/servlet/trpermisosgoce? HTTP/1.1" 200 13844
200.54.103.162 - - [10/Sep/2024:08:47:32 -0300] "GET /cormun/servlet/solicitudot?INS,0,0,false, HTTP/1.1" 200 16317
190.171.149.90 - - [10/Sep/2024:08:47:32 -0300] "POST /cormun/servlet/trpermisosgoce?123ad6c2497a7f28ed633d9bb30f31b6,,gx-no-cache=1725968696743 HTTP/1.1" 200 11280
190.171.149.90 - - [10/Sep/2024:08:47:32 -0300] "GET /cormun/static/Shared/jqueryui/images/ui-bg_highlight-soft_100_c6c2c8_1x100.png HTTP/1.1" 404 1117
190.171.149.90 - - [10/Sep/2024:08:47:32 -0300] "GET /cormun/static/Shared/jqueryui/images/ui-icons_82798d_256x240.png HTTP/1.1" 404 1089
190.171.149.90 - - [10/Sep/2024:08:47:32 -0300] "GET /cormun/static/Shared/jqueryui/images/ui-bg_flat_55_fafafa_40x100.png HTTP/1.1" 404 1097
190.171.149.90 - - [10/Sep/2024:08:47:32 -0300] "GET /cormun/static/Shared/jqueryui/images/ui-icons_8d78a5_256x240.png HTTP/1.1" 404 1089
190.171.149.90 - - [10/Sep/2024:08:47:34 -0300] "GET /cormun/servlet/trpermisosadjuntos?19851782,20240906121232,P, HTTP/1.1" 200 5991
190.171.149.90 - - [10/Sep/2024:08:47:35 -0300] "GET /cormun/servlet/permisosadjuntos?INS,19851782,P,20240906121232,, HTTP/1.1" 200 5495
190.171.149.90 - - [10/Sep/2024:08:47:35 -0300] "GET /cormun/static/about:blank HTTP/1.1" 404 1011
200.54.103.162 - - [10/Sep/2024:08:47:42 -0300] "POST /cormun/servlet/solicitudot?gx-no-cache=1725968815717 HTTP/1.1" 200 4030
200.54.103.162 - - [10/Sep/2024:08:47:42 -0300] "POST /cormun/servlet/solicitudot?9d98c363ba2ba3e841ee6ac929b1da6e,INS,0,0,false,,gx-no-cache=1725968815842 HTTP/1.1" 200 12872
200.54.103.162 - - [10/Sep/2024:08:47:46 -0300] "GET /cormun/servlet/solicitudot?cc2e6a3ff3da8b86281b620c0acc9922db7ab08c001556ce648cdf3f0799c381f611597b9d3a0c316d61e3a92b491882,gx-no-cache=1725968819524 HTTP/1.1" 200 30
190.171.149.90 - - [10/Sep/2024:08:47:55 -0300] "POST /cormun/servlet/permisosadjuntos?123ad6c2497a7f28ed633d9bb30f31b6,INS,19851782,P,20240906121232,, HTTP/1.1" 200 116
190.171.149.90 - - [10/Sep/2024:08:47:56 -0300] "GET /cormun/servlet/hpexe_return? HTTP/1.1" 200 1039
190.171.149.90 - - [10/Sep/2024:08:47:56 -0300] "GET /cormun/servlet/trpermisosadjuntos?19851782,20240906121232,P, HTTP/1.1" 200 6530
190.171.149.90 - - [10/Sep/2024:08:47:58 -0300] "GET /cormun/servlet/trpermisosgoce? HTTP/1.1" 200 13861
190.171.149.90 - - [10/Sep/2024:08:48:00 -0300] "POST /cormun/servlet/trpermisosgoce?123ad6c2497a7f28ed633d9bb30f31b6,,gx-no-cache=1725968724980 HTTP/1.1" 200 11267
40.83.135.155 - - [10/Sep/2024:08:48:48 -0300] "GET /hudson HTTP/1.1" 404 973
200.54.103.162 - - [10/Sep/2024:08:48:53 -0300] "GET /cormun/servlet/hlogin HTTP/1.1" 200 1720
200.54.103.162 - - [10/Sep/2024:08:48:58 -0300] "POST /cormun/servlet/hlogin?f512a6d3ec9d0cc250fe51e6519b577a,gx-no-cache=1725968891401 HTTP/1.1" 200 90
200.54.103.162 - - [10/Sep/2024:08:48:58 -0300] "GET /cormun/servlet/hpexe_link HTTP/1.1" 200 950
200.54.103.162 - - [10/Sep/2024:08:48:58 -0300] "GET /cormun/servlet/hhome HTTP/1.1" 200 4341
200.54.103.162 - - [10/Sep/2024:08:49:01 -0300] "GET /cormun/servlet/trlicencias? HTTP/1.1" 200 14121
200.54.103.162 - - [10/Sep/2024:08:49:55 -0300] "GET /cormun/servlet/prbanco?,MD,,gxPopupLevel%3D0%3B HTTP/1.1" 200 6723
200.54.103.162 - - [10/Sep/2024:08:50:11 -0300] "GET /cormun/servlet/solicitudot?cc2e6a3ff3da8b86281b620c0acc9922a7db8b30bbc40b769e5481c3afa0cc744e98073e2231b9dea04fd8a7a03cb874e33927029ad3a8a80e563c820a686c90,gx-no-cache=1725968964434 HTTP/1.1" 200 30
200.54.103.162 - - [10/Sep/2024:08:50:15 -0300] "GET /cormun/servlet/solicitudot?cc2e6a3ff3da8b86281b620c0acc99229fff7ac65be2fcdc9cf053cdac56475a,gx-no-cache=1725968968290 HTTP/1.1" 200 51
200.54.103.162 - - [10/Sep/2024:08:50:24 -0300] "POST /cormun/servlet/solicitudot?gx-no-cache=1725968977816 HTTP/1.1" 200 255
200.54.103.162 - - [10/Sep/2024:08:50:28 -0300] "GET /cormun/servlet/solicitudot?cc2e6a3ff3da8b86281b620c0acc99220219e3b9b7bacae725de6fd9cead5c364059d8ee8c0978d06cb640314d0d0187f7ff9ae668a8faa275f1faa3b03550e26af1208f64d87bdef90713d47dfb66bc633de2a1a44103da7b3ef980ec4174f8578187bee047e433adbb7f6cc2994867eade00ca3f8859a92860df9edc7876e11ef310dcf2158b76bc2191cfd9628235671e6f9cb3bf44599d4ff734e1e964071b8cb81bf3f31a7e36a07130567866d860107ecd2eb93573f5d7defbb8692aad4cbadcf6d814e6e9ca9af6d2d8844dc51722ef5d38f19b5efa9cf482c3280349f8e6da16eee5afc208d206a210818badbda60cfdb08ce607103277d3f49a7f84089c12c7d564cf6483a43235913142b5ac1b91890d50a46be4d907e0cd9d7116bd3ecedd5d868ed7d9fc4e737b015d79d1a39588499963c45b1041ad60f203ce8fc32070586badd6ea07fc77d4e295f7fcc2456f893b88a36162cd99c204de4b765b860a0d6e96e991fc5773893340fd260a8d30c6e47c0ad397e6b2538a35ab,gx-no-cache=1725968981113 HTTP/1.1" 200 30
200.54.103.162 - - [10/Sep/2024:08:50:31 -0300] "POST /cormun/servlet/solicitudot?gx-no-cache=1725968984368 HTTP/1.1" 200 30
200.54.103.162 - - [10/Sep/2024:08:50:34 -0300] "POST /cormun/servlet/solicitudot?gx-no-cache=1725968987364 HTTP/1.1" 200 1479
200.54.103.162 - - [10/Sep/2024:08:50:34 -0300] "POST /cormun/servlet/solicitudot?gx-no-cache=1725968987388 HTTP/1.1" 200 38
190.171.141.106 - - [10/Sep/2024:08:50:37 -0300] "GET /cormun/servlet/hlogin HTTP/1.1" 200 1745
200.54.103.162 - - [10/Sep/2024:08:51:05 -0300] "GET /cormun/servlet/solicitudot?cc2e6a3ff3da8b86281b620c0acc99228dbe7b6b4a266c176ebd18f3408d616defe3e501b2509a8f28879356c598d28559f49bc1fd989bd5f56381de366da6a6ebe8df4a7cb381c08c0a79419a842d2f5cc566cc4d2d5c5a5a6dbfbd3442eec630489f0770952e74cb8fa0e00013358d,gx-no-cache=1725969017978 HTTP/1.1" 200 110
200.54.103.162 - - [10/Sep/2024:08:51:05 -0300] "POST /cormun/servlet/solicitudot?gx-no-cache=1725969018007 HTTP/1.1" 200 64
200.54.103.162 - - [10/Sep/2024:08:51:11 -0300] "GET /cormun/servlet/solicitudot?cc2e6a3ff3da8b86281b620c0acc9922f7df2bab702c6c3f27140398f9d7ab5c2ddb0ba9b70a189448d7bca9b5bfb1924717aee9151e6b174a418c3e69f4cfd01e91bf8c40393d6025d6a65d674cff276a9bca22a80771e4252e1046c4df942692cad4b0e43ab712ad1ec59f8c627806,gx-no-cache=1725969024320 HTTP/1.1" 200 29
200.54.103.162 - - [10/Sep/2024:08:51:11 -0300] "GET /cormun/static/menuarrow.gif HTTP/1.1" 404 1015
200.54.103.162 - - [10/Sep/2024:08:51:39 -0300] "GET /cormun/servlet/solicitudot?cc2e6a3ff3da8b86281b620c0acc992237a8e4a9a9cd42d69cb190103e25b69801c7de0d77f7ae8e8828248f546de830,gx-no-cache=1725969052319 HTTP/1.1" 200 30
200.54.103.162 - - [10/Sep/2024:08:51:43 -0300] "POST /cormun/servlet/solicitudot?gx-no-cache=1725969056803 HTTP/1.1" 200 30
200.54.103.162 - - [10/Sep/2024:08:52:06 -0300] "POST /cormun/servlet/solicitudot?9d98c363ba2ba3e841ee6ac929b1da6e,INS,0,0,false,,gx-no-cache=1725969079171 HTTP/1.1" 200 93
200.54.103.162 - - [10/Sep/2024:08:52:06 -0300] "GET /cormun/servlet/hpexe_return? HTTP/1.1" 200 1000
200.54.103.162 - - [10/Sep/2024:08:52:06 -0300] "GET /cormun/servlet/trsolicitudot HTTP/1.1" 200 8965
200.54.103.162 - - [10/Sep/2024:08:52:10 -0300] "GET /cormun/servlet/vesolicitudot?2024,21749,, HTTP/1.1" 200 8722
200.54.103.162 - - [10/Sep/2024:08:52:10 -0300] "GET /cormun/pexe_scrolldiv.js HTTP/1.1" 404 1009
200.54.103.162 - - [10/Sep/2024:08:52:50 -0300] "POST /cormun/servlet/vesolicitudot?9d98c363ba2ba3e841ee6ac929b1da6e,2024,21749,,,gx-no-cache=1725969123578 HTTP/1.1" 200 90
200.54.103.162 - - [10/Sep/2024:08:52:50 -0300] "GET /cormun/servlet/hpexe_link HTTP/1.1" 200 958
200.54.103.162 - - [10/Sep/2024:08:52:50 -0300] "GET /cormun/servlet/trsolicitudot HTTP/1.1" 200 8963
200.54.103.162 - - [10/Sep/2024:08:52:52 -0300] "POST /cormun/servlet/trsolicitudot?9d98c363ba2ba3e841ee6ac929b1da6e,gx-no-cache=1725969125619 HTTP/1.1" 200 107
200.54.103.162 - - [10/Sep/2024:08:52:52 -0300] "GET /cormun/servlet/trsolicitudadjuntos?2024,21749, HTTP/1.1" 200 6441
200.54.103.162 - - [10/Sep/2024:08:52:54 -0300] "GET /cormun/servlet/solicitudotadjuntos?INS,2024,21749,,1, HTTP/1.1" 200 6383
200.54.103.162 - - [10/Sep/2024:08:52:54 -0300] "GET /cormun/static/about:blank HTTP/1.1" 404 1011
200.54.103.162 - - [10/Sep/2024:08:52:55 -0300] "GET /cormun/servlet/solicitudotadjuntos?cc2e6a3ff3da8b86281b620c0acc992246fb8db81f16392bc11c6982e4bc4c63b029debe0851720777d414ee18d80326,gx-no-cache=1725969128432 HTTP/1.1" 200 30
200.54.103.162 - - [10/Sep/2024:08:52:55 -0300] "POST /cormun/servlet/solicitudotadjuntos?9d98c363ba2ba3e841ee6ac929b1da6e,INS,2024,21749,,1,,gx-no-cache=1725969128447 HTTP/1.1" 200 4177
200.54.103.162 - - [10/Sep/2024:08:52:56 -0300] "POST /cormun/servlet/solicitudotadjuntos?gx-no-cache=1725969129863 HTTP/1.1" 200 26
200.54.103.162 - - [10/Sep/2024:08:53:06 -0300] "GET /cormun/servlet/solicitudotadjuntos?cc2e6a3ff3da8b86281b620c0acc9922b2cb4e3087a37e225e90d8edc5d387ad,gx-no-cache=1725969139752 HTTP/1.1" 200 30
200.54.103.162 - - [10/Sep/2024:08:53:06 -0300] "GET /cormun/servlet/solicitudotadjuntos?cc2e6a3ff3da8b86281b620c0acc9922b2cb4e3087a37e225e90d8edc5d387ad,gx-no-cache=1725969139762 HTTP/1.1" 200 30
200.54.103.162 - - [10/Sep/2024:08:53:06 -0300] "POST /cormun/servlet/solicitudotadjuntos?9d98c363ba2ba3e841ee6ac929b1da6e,INS,2024,21749,,1, HTTP/1.1" 200 116
200.54.103.162 - - [10/Sep/2024:08:53:06 -0300] "GET /cormun/servlet/hpexe_return? HTTP/1.1" 200 1018
200.54.103.162 - - [10/Sep/2024:08:53:07 -0300] "GET /cormun/servlet/trsolicitudadjuntos?2024,21749, HTTP/1.1" 200 9453
200.54.103.162 - - [10/Sep/2024:08:53:08 -0300] "GET /cormun/servlet/solicitudotadjuntos?INS,2024,21749,,1, HTTP/1.1" 200 6383
200.54.103.162 - - [10/Sep/2024:08:53:08 -0300] "GET /cormun/static/about:blank HTTP/1.1" 404 1011
