190.171.143.82 - - [09/Sep/2024:09:39:28 -0300] "GET /cormun/servlet/trcontratosolicitud? HTTP/1.1" 200 14983
190.171.143.82 - - [09/Sep/2024:09:39:28 -0300] "GET /cormun/static/gxcfg.js?202211298514361 HTTP/1.1" 200 953
190.171.143.82 - - [09/Sep/2024:09:39:28 -0300] "GET /cormun/static/trcontratosolicitud.js?202211298514531 HTTP/1.1" 200 28237
190.171.143.82 - - [09/Sep/2024:09:39:29 -0300] "GET /cormun//static/Resources/PXToolsGridNew.png HTTP/1.1" 200 427
190.171.152.138 - - [09/Sep/2024:09:39:32 -0300] "GET /cormun/servlet/permisogoce?23ee8969519099e193f61c30858e29f5a8fb1c6678f030fd843b4bde459c03770d92738b224c8f0a7f56ef562b970ce13889ddc14c700f425ab11fa2963349bc,gx-no-cache=1725885526145 HTTP/1.1" 200 78
190.171.141.106 - - [09/Sep/2024:09:39:35 -0300] "GET /cormun/servlet/hlogin HTTP/1.1" 200 1741
190.171.143.82 - - [09/Sep/2024:09:39:37 -0300] "GET /cormun/servlet/trcargahoraria? HTTP/1.1" 200 6652
190.171.143.82 - - [09/Sep/2024:09:39:37 -0300] "GET /cormun/static/gxcfg.js?202012113392337 HTTP/1.1" 200 953
190.171.143.82 - - [09/Sep/2024:09:39:37 -0300] "GET /cormun/static/trcargahoraria.js?202012113392783 HTTP/1.1" 200 28768
190.171.143.82 - - [09/Sep/2024:09:39:40 -0300] "GET /cormun/servlet/trreportecargahoraria? HTTP/1.1" 200 6837
190.171.143.82 - - [09/Sep/2024:09:39:40 -0300] "GET /cormun/static/gxcfg.js?202211298504121 HTTP/1.1" 200 953
190.171.143.82 - - [09/Sep/2024:09:39:40 -0300] "GET /cormun/static/trreportecargahoraria.js?20221129850435 HTTP/1.1" 200 29376
190.171.152.138 - - [09/Sep/2024:09:39:44 -0300] "GET /cormun/servlet/permisogoce?23ee8969519099e193f61c30858e29f59b8c666d1d423a92e6ed7b263b85845dfeaa235c43a7e05b83ed5b8dda737c44fd8c19659d1e8df71a58fac3636cd573,gx-no-cache=1725885538661 HTTP/1.1" 200 48
190.171.143.82 - - [09/Sep/2024:09:39:45 -0300] "GET /cormun/servlet/trcontratounov2? HTTP/1.1" 200 18208
190.171.143.82 - - [09/Sep/2024:09:39:45 -0300] "GET /cormun/static/gxcfg.js?2020121614367 HTTP/1.1" 200 953
190.171.143.82 - - [09/Sep/2024:09:39:45 -0300] "GET /cormun/static/Resources/PXToolsAddSelectedAction.png HTTP/1.1" 200 523
190.171.143.82 - - [09/Sep/2024:09:39:45 -0300] "GET /cormun/static/trcontratounov2.js?20201216143065 HTTP/1.1" 200 38486
190.171.152.138 - - [09/Sep/2024:09:39:48 -0300] "POST /cormun/servlet/permisogoce?39e86aa75922cd02531ccac809fe9e4e,INS,0,,,,gx-no-cache=1725885542561 HTTP/1.1" 200 93
190.171.152.138 - - [09/Sep/2024:09:39:48 -0300] "GET /cormun/servlet/hpexe_return? HTTP/1.1" 200 1011
190.171.152.138 - - [09/Sep/2024:09:39:48 -0300] "GET /cormun/servlet/trpermisosgoce HTTP/1.1" 200 11384
190.171.152.138 - - [09/Sep/2024:09:39:52 -0300] "GET /cormun/servlet/apermisogoceprn?12694104,P,20240909093738,PU HTTP/1.1" 200 1656
190.171.143.82 - - [09/Sep/2024:09:39:55 -0300] "GET /cormun/servlet/trcontratosolicitud? HTTP/1.1" 200 14987
186.103.157.42 - - [09/Sep/2024:09:40:02 -0300] "GET /cormun/servlet/hlogin HTTP/1.1" 200 1724
190.171.152.138 - - [09/Sep/2024:09:40:05 -0300] "GET /cormun/servlet/apermisogoceprn?12694104,P,20240909093858,PU HTTP/1.1" 200 1655
186.103.157.42 - - [09/Sep/2024:09:40:06 -0300] "POST /cormun/servlet/hlogin?e1626f4ce3f0abe825fb3c49f60fa906,gx-no-cache=1725885561282 HTTP/1.1" 200 90
186.103.157.42 - - [09/Sep/2024:09:40:06 -0300] "GET /cormun/servlet/hpexe_link HTTP/1.1" 200 955
186.103.157.42 - - [09/Sep/2024:09:40:06 -0300] "GET /cormun/servlet/hhome HTTP/1.1" 200 4385
190.171.143.82 - - [09/Sep/2024:09:40:08 -0300] "POST /cormun/servlet/trcontratosolicitud?bae905cbe3d913da25808e3e9d7b1a41,,gx-no-cache=1725885563285 HTTP/1.1" 200 12760
190.171.143.82 - - [09/Sep/2024:09:40:08 -0300] "GET /cormun/static/Resources/PXToolsGridNext.gif HTTP/1.1" 200 369
190.171.143.82 - - [09/Sep/2024:09:40:08 -0300] "GET /cormun/static/Resources/PXToolsGridLast.gif HTTP/1.1" 200 370
186.103.157.42 - - [09/Sep/2024:09:40:09 -0300] "GET /cormun/servlet/trlicencias? HTTP/1.1" 200 10649
186.103.157.42 - - [09/Sep/2024:09:40:09 -0300] "GET /cormun/static/gxcfg.js?202211298463625 HTTP/1.1" 200 953
186.103.157.42 - - [09/Sep/2024:09:40:09 -0300] "GET /cormun/static/trlicencias.js?202211298463889 HTTP/1.1" 200 41883
190.171.143.82 - - [09/Sep/2024:09:40:11 -0300] "POST /cormun/servlet/trcontratosolicitud?bae905cbe3d913da25808e3e9d7b1a41,,gx-no-cache=1725885565913 HTTP/1.1" 200 5551
190.171.143.82 - - [09/Sep/2024:09:40:11 -0300] "GET /cormun/static/Resources/PXToolsGridPrevious.gif HTTP/1.1" 200 369
190.171.143.82 - - [09/Sep/2024:09:40:11 -0300] "GET /cormun/static/Resources/PXToolsGridFirst.gif HTTP/1.1" 200 379
190.171.143.82 - - [09/Sep/2024:09:40:19 -0300] "POST /cormun/servlet/trcontratosolicitud?bae905cbe3d913da25808e3e9d7b1a41,,gx-no-cache=1725885573575 HTTP/1.1" 200 12760
190.171.153.26 - - [09/Sep/2024:09:42:05 -0300] "GET /cormun/servlet/hlogin HTTP/1.1" 200 1718
190.171.153.26 - - [09/Sep/2024:09:42:11 -0300] "POST /cormun/servlet/hlogin?4dd3007872810ece06000fa433f8c8c5,gx-no-cache=1725885724558 HTTP/1.1" 200 90
190.171.153.26 - - [09/Sep/2024:09:42:11 -0300] "GET /cormun/servlet/hpexe_link HTTP/1.1" 200 951
190.171.153.26 - - [09/Sep/2024:09:42:11 -0300] "GET /cormun/servlet/hhome HTTP/1.1" 200 3968
190.95.15.15 - - [09/Sep/2024:09:42:15 -0300] "GET /cormun/servlet/trlicencias HTTP/1.1" 200 6046
190.95.15.15 - - [09/Sep/2024:09:42:16 -0300] "GET /cormun/servlet/hlogin HTTP/1.1" 200 1731
190.171.153.26 - - [09/Sep/2024:09:42:16 -0300] "GET /cormun/servlet/trpermisosgoce? HTTP/1.1" 200 11194
190.171.153.26 - - [09/Sep/2024:09:42:20 -0300] "GET /cormun/servlet/trlicencias? HTTP/1.1" 200 8944
190.95.15.15 - - [09/Sep/2024:09:42:22 -0300] "POST /cormun/servlet/hlogin?d6f420a77c070bf84e2e4cca4df4d436,gx-no-cache=1725885697313 HTTP/1.1" 200 90
190.95.15.15 - - [09/Sep/2024:09:42:22 -0300] "GET /cormun/servlet/hpexe_link HTTP/1.1" 200 952
190.95.15.15 - - [09/Sep/2024:09:42:23 -0300] "GET /cormun/servlet/trlicencias HTTP/1.1" 200 13155
190.171.152.138 - - [09/Sep/2024:09:42:28 -0300] "GET /cormun/servlet/trpermisosadjuntos?12694104,20240909093738,P, HTTP/1.1" 200 6186
190.171.152.138 - - [09/Sep/2024:09:42:30 -0300] "GET /cormun/servlet/permisosadjuntos?INS,12694104,P,20240909093738,, HTTP/1.1" 200 5502
190.171.152.138 - - [09/Sep/2024:09:42:30 -0300] "GET /cormun/static/about:blank HTTP/1.1" 404 1011
181.212.40.185 - - [09/Sep/2024:09:42:31 -0300] "GET /cormun/servlet/trlicencias? HTTP/1.1" 200 18146
190.171.153.26 - - [09/Sep/2024:09:42:49 -0300] "POST /cormun/servlet/trpermisosgoce?24f91beb96579de786e16cd5e00c7483,,gx-no-cache=1725885761783 HTTP/1.1" 440 972
190.171.153.26 - - [09/Sep/2024:09:42:50 -0300] "GET /cormun/servlet/trpermisosgoce? HTTP/1.1" 200 11193
190.171.143.82 - - [09/Sep/2024:09:45:17 -0300] "GET /cormun/servlet/trsolicitudot? HTTP/1.1" 200 7473
190.171.143.82 - - [09/Sep/2024:09:45:17 -0300] "GET /cormun/static/gxcfg.js?20221129846531 HTTP/1.1" 200 953
190.171.143.82 - - [09/Sep/2024:09:45:18 -0300] "GET /cormun/static/trsolicitudot.js?202211298465651 HTTP/1.1" 200 54040
190.171.143.82 - - [09/Sep/2024:09:45:29 -0300] "GET /cormun/servlet/solicitudot?INS,0,0,false, HTTP/1.1" 200 16248
190.171.143.82 - - [09/Sep/2024:09:45:29 -0300] "GET /cormun/static/gxcfg.js?20221129840861 HTTP/1.1" 200 953
190.171.143.82 - - [09/Sep/2024:09:45:29 -0300] "GET /cormun/static/solicitudot.js?20221129840983 HTTP/1.1" 200 74072
190.171.143.82 - - [09/Sep/2024:09:45:38 -0300] "POST /cormun/servlet/solicitudot?gx-no-cache=1725885892654 HTTP/1.1" 200 4088
190.171.143.82 - - [09/Sep/2024:09:45:38 -0300] "GET /cormun/static/Shared/jqueryui/images/ui-bg_highlight-soft_100_c6c2c8_1x100.png HTTP/1.1" 404 1117
190.171.143.82 - - [09/Sep/2024:09:45:38 -0300] "GET /cormun/static/Shared/jqueryui/images/ui-icons_82798d_256x240.png HTTP/1.1" 404 1089
190.171.143.82 - - [09/Sep/2024:09:45:38 -0300] "GET /cormun/static/Shared/jqueryui/images/ui-bg_flat_55_994d53_40x100.png HTTP/1.1" 404 1097
190.171.143.82 - - [09/Sep/2024:09:45:38 -0300] "GET /cormun/static/Shared/jqueryui/images/ui-icons_ebccce_256x240.png HTTP/1.1" 404 1089
190.171.143.82 - - [09/Sep/2024:09:45:38 -0300] "GET /cormun/servlet/solicitudot?18fd303a484b38d2e9a78d2b221d7b5ade026c6db1faf660ecc994f00abdfd19,gx-no-cache=1725885892766 HTTP/1.1" 200 111
190.171.143.82 - - [09/Sep/2024:09:45:38 -0300] "GET /cormun/servlet/solicitudot?18fd303a484b38d2e9a78d2b221d7b5a2aa89e21e4b5096a0e5ee05965bd9edb,gx-no-cache=1725885892802 HTTP/1.1" 200 94
190.171.143.82 - - [09/Sep/2024:09:45:38 -0300] "GET /cormun/servlet/solicitudot?18fd303a484b38d2e9a78d2b221d7b5ad623c1b5439dfbe46d1cf3cdb7075433,gx-no-cache=1725885892834 HTTP/1.1" 200 29
190.171.143.82 - - [09/Sep/2024:09:45:38 -0300] "GET /cormun/servlet/solicitudot?18fd303a484b38d2e9a78d2b221d7b5ad0cf0f9a595d7069f8aa186a4b17cae6983dbfca24c6a12183d4bb0a10304199d6ef00d7f35c738f4b690628f7f0106d89ed8253a81ef9f3edbc9aee83e2479e8fff6d7f4c85f1b18330e5359df5ec64fec805112fd66eab3c95c2a4f3a0942ff3f06d3a9e4cc138597b2c1fcf95aff33e912e80d092624a5453214b8d5c8e9b6d3ad9d5839f6e7aa74adda38222626e5cae050c3f18e34bfc9408a2ae3bff0ed3da218d1488caa62d1e15f8823119081b9ff6b5a53997872a5fde56aba0a67c810f3ed54a4c56e25f297ea9de9a33af92b51d7d10a1488c8ecbbae88bfba4b435fba08c2fb5b088cda9beec285cd70c9cf4fb0c88704a2190e3401dbb29166f02f7d7ada643777d203be667d8c0f562f32ebb7fde9ee704dbeafb725db0a98d651c240d4f1ee1963c4f0e3ab44a8b7dd8b33abc3c494e162e245e15f1056983,gx-no-cache=1725885892852 HTTP/1.1" 200 297
190.171.143.82 - - [09/Sep/2024:09:45:38 -0300] "GET /cormun/servlet/solicitudot?18fd303a484b38d2e9a78d2b221d7b5af160429110c39f7ddabcc741f41051c013f9a57a934cc779ce14280ef7aec206605fca8ca8f8bd7ecc69cec11f3c104b93f3e3ab8dab60608b8495806479faa8d71dda877b61b64e9b8ece7a3353145fd575b1e99ef0e2c2209aa60708f5514b549aabcd2045e0c74d3d865981d2749974d5aca8ff24841b00c4736d0190fdb563734e42c507e7fef4ff5e7336a146a86db0d7536d6ee92f367e07e777b5c7f82f49a5161f2eeb976a07586f60527cbb25693493cb86bb13a41add56dc03a9fe6f7568a7fa5f2133276019d10e28c33fb44ef6c12c51cbdf83043355674998cb12dda1410747c92b841463050a7356441560ba9dbf6b0c4d1ae3cd0007a7440b3f7811973903db1bfdaa655fc78669ae464465827357da899edc596af9a39f42ead16b8052e651d779fd25714d9465981b7bbc2c5802899a5fa749075af2ac54bf74ee672fc9797ce36100b18297ee37f63ddf0a66524607348a3141bc17974ec7e57ff0ee1d985b4f5de3d32df56039a62d4e814fcda720dccd7eed70a4ba65,gx-no-cache=1725885892873 HTTP/1.1" 200 30
190.171.143.82 - - [09/Sep/2024:09:45:38 -0300] "POST /cormun/servlet/solicitudot?gx-no-cache=1725885892890 HTTP/1.1" 200 30
190.171.143.82 - - [09/Sep/2024:09:45:38 -0300] "POST /cormun/servlet/solicitudot?gx-no-cache=1725885892922 HTTP/1.1" 200 1474
190.171.143.82 - - [09/Sep/2024:09:45:38 -0300] "POST /cormun/servlet/solicitudot?gx-no-cache=1725885892955 HTTP/1.1" 200 38
190.171.143.82 - - [09/Sep/2024:09:45:38 -0300] "GET /cormun/servlet/solicitudot?18fd303a484b38d2e9a78d2b221d7b5a042587cd1501c62970e8a9aa6813a0b1d3a99a57fd346e935697d5056a3bd009cd7f1ddcd40649126c5314dfae70c5769ed0ab6653a640b73e63b43c5074631c24cf13f97f9bc4976432de49fab64b6f6429c9f5b9c467dfb869bdd1f319ffb0,gx-no-cache=1725885892975 HTTP/1.1" 200 110
190.171.143.82 - - [09/Sep/2024:09:45:44 -0300] "POST /cormun/servlet/solicitudot?gx-no-cache=1725885898574 HTTP/1.1" 200 64
190.171.143.82 - - [09/Sep/2024:09:45:57 -0300] "POST /cormun/servlet/solicitudot?gx-no-cache=1725885912518 HTTP/1.1" 200 255
190.171.143.82 - - [09/Sep/2024:09:46:00 -0300] "GET /cormun/servlet/solicitudot?18fd303a484b38d2e9a78d2b221d7b5af160429110c39f7ddabcc741f41051c03341de283650b80a0a297fd9f8794e78605fca8ca8f8bd7ecc69cec11f3c104b93f3e3ab8dab60608b8495806479faa8d71dda877b61b64e9b8ece7a3353145fd575b1e99ef0e2c2209aa60708f5514b549aabcd2045e0c74d3d865981d2749974d5aca8ff24841b00c4736d0190fdb563734e42c507e7fef4ff5e7336a146a86db0d7536d6ee92f367e07e777b5c7f82f49a5161f2eeb976a07586f60527cbb25693493cb86bb13a41add56dc03a9fe6f7568a7fa5f2133276019d10e28c33fb44ef6c12c51cbdf83043355674998cbd474d00d685af400e44c4a3bf648fb111560ba9dbf6b0c4d1ae3cd0007a7440be053038335f922a42d6fc10b6c384a2e20cd10945b2c1f73d81c6f6454314f635add3358d3329714ffc929e8e0685ccd54b374e6880604b8dc4eaa6a15df3f03b9d6e9990c3e2cb828e83ef65f1df4bea90b45b30ac5f3b9fb09f534b59f19b7f50c83b9be6d0f944717faf4a181999b,gx-no-cache=1725885914847 HTTP/1.1" 200 30
190.171.141.106 - - [09/Sep/2024:09:46:26 -0300] "GET /cormun/servlet/hlogin HTTP/1.1" 200 1717
190.171.143.82 - - [09/Sep/2024:09:46:28 -0300] "POST /cormun/servlet/solicitudot?bae905cbe3d913da25808e3e9d7b1a41,INS,0,0,false,,gx-no-cache=1725885942410 HTTP/1.1" 200 93
190.171.143.82 - - [09/Sep/2024:09:46:28 -0300] "GET /cormun/servlet/hpexe_return? HTTP/1.1" 200 1006
190.171.143.82 - - [09/Sep/2024:09:46:28 -0300] "GET /cormun/servlet/trsolicitudot HTTP/1.1" 200 7475
190.171.141.106 - - [09/Sep/2024:09:46:33 -0300] "POST /cormun/servlet/hlogin?f79a5648b13c0310bc7faf7b6821b9eb,gx-no-cache=1725885948007 HTTP/1.1" 200 90
190.171.141.106 - - [09/Sep/2024:09:46:33 -0300] "GET /cormun/servlet/hpexe_link HTTP/1.1" 200 947
190.171.141.106 - - [09/Sep/2024:09:46:34 -0300] "GET /cormun/servlet/hhome HTTP/1.1" 200 4145
190.171.141.106 - - [09/Sep/2024:09:46:39 -0300] "GET /cormun/servlet/trlicencias? HTTP/1.1" 200 15020
190.171.141.138 - - [09/Sep/2024:09:47:56 -0300] "GET /cormun/servlet/trsolicitudot? HTTP/1.1" 200 7694
190.171.141.114 - - [09/Sep/2024:09:47:57 -0300] "GET /cormun/servlet/hlogin HTTP/1.1" 200 1725
190.171.141.114 - - [09/Sep/2024:09:47:57 -0300] "GET /cormun/servlet/hlogin HTTP/1.1" 200 1735
190.171.141.114 - - [09/Sep/2024:09:48:01 -0300] "POST /cormun/servlet/hlogin?f602a2bf45e603faf81e1ccb88c5d3bb,gx-no-cache=1725886035887 HTTP/1.1" 200 90
190.171.141.114 - - [09/Sep/2024:09:48:01 -0300] "GET /cormun/servlet/hpexe_link HTTP/1.1" 200 956
190.171.141.114 - - [09/Sep/2024:09:48:01 -0300] "GET /cormun/servlet/hhome HTTP/1.1" 200 4012
190.171.141.138 - - [09/Sep/2024:09:48:02 -0300] "GET /cormun/servlet/trlicencias? HTTP/1.1" 200 15363
190.171.141.114 - - [09/Sep/2024:09:48:04 -0300] "GET /cormun/servlet/trpermisosgoce? HTTP/1.1" 200 9990
190.171.141.114 - - [09/Sep/2024:09:48:05 -0300] "GET /cormun/servlet/trpermisosgoce? HTTP/1.1" 200 9990
190.171.141.114 - - [09/Sep/2024:09:48:07 -0300] "GET /cormun/servlet/trpermisosgoce? HTTP/1.1" 200 9990
181.212.43.89 - - [09/Sep/2024:09:48:09 -0300] "GET /cormun/servlet/hlogin HTTP/1.1" 200 1718
190.171.141.114 - - [09/Sep/2024:09:48:10 -0300] "GET /cormun/servlet/permisogoce?INS,0,,, HTTP/1.1" 200 6880
181.212.43.89 - - [09/Sep/2024:09:48:13 -0300] "POST /cormun/servlet/hlogin?be7a40c869036a568689a2ce8044ede9,gx-no-cache=1725886047082 HTTP/1.1" 200 90
181.212.43.89 - - [09/Sep/2024:09:48:13 -0300] "GET /cormun/servlet/hpexe_link HTTP/1.1" 200 949
181.212.43.89 - - [09/Sep/2024:09:48:13 -0300] "GET /cormun/servlet/hhome HTTP/1.1" 200 4018
190.171.141.114 - - [09/Sep/2024:09:48:13 -0300] "GET /cormun/servlet/prfichaempleado?,MD,,gxPopupLevel%3D0%3B HTTP/1.1" 200 9319
181.212.43.89 - - [09/Sep/2024:09:48:22 -0300] "GET /cormun/servlet/trlicencias? HTTP/1.1" 200 15246
190.171.152.138 - - [09/Sep/2024:09:48:39 -0300] "POST /cormun/servlet/permisosadjuntos?39e86aa75922cd02531ccac809fe9e4e,INS,12694104,P,20240909093738,, HTTP/1.1" 200 116
190.171.152.138 - - [09/Sep/2024:09:48:39 -0300] "GET /cormun/servlet/hpexe_return? HTTP/1.1" 200 1039
190.171.152.138 - - [09/Sep/2024:09:48:39 -0300] "GET /cormun/servlet/trpermisosadjuntos?12694104,20240909093738,P, HTTP/1.1" 200 6658
190.171.152.138 - - [09/Sep/2024:09:48:46 -0300] "POST /cormun/servlet/trpermisosadjuntos?39e86aa75922cd02531ccac809fe9e4e,12694104,20240909093738,P,,gx-no-cache=1725886080463 HTTP/1.1" 200 90
190.171.152.138 - - [09/Sep/2024:09:48:46 -0300] "GET /cormun/servlet/hpexe_link HTTP/1.1" 200 984
190.171.152.138 - - [09/Sep/2024:09:48:46 -0300] "GET /cormun/servlet/trpermisosgoce HTTP/1.1" 200 11390
190.171.152.138 - - [09/Sep/2024:09:48:54 -0300] "POST /cormun/servlet/trpermisosgoce?39e86aa75922cd02531ccac809fe9e4e,gx-no-cache=1725886088681 HTTP/1.1" 200 8691
190.171.152.138 - - [09/Sep/2024:09:48:55 -0300] "GET /cormun/static/Shared/jqueryui/images/ui-bg_highlight-soft_100_c6c2c8_1x100.png HTTP/1.1" 404 1117
190.171.152.138 - - [09/Sep/2024:09:48:55 -0300] "GET /cormun/static/Shared/jqueryui/images/ui-icons_82798d_256x240.png HTTP/1.1" 404 1089
190.171.141.114 - - [09/Sep/2024:09:48:55 -0300] "POST /cormun/servlet/prfichaempleado?f602a2bf45e603faf81e1ccb88c5d3bb,,MD,,gxPopupLevel%3D0%3B,gx-no-cache=1725886089308 HTTP/1.1" 200 3173
190.171.152.138 - - [09/Sep/2024:09:48:55 -0300] "GET /cormun/static/Shared/jqueryui/images/ui-bg_flat_55_fafafa_40x100.png HTTP/1.1" 404 1097
190.171.152.138 - - [09/Sep/2024:09:48:55 -0300] "GET /cormun/static/Shared/jqueryui/images/ui-icons_8d78a5_256x240.png HTTP/1.1" 404 1089
190.171.152.138 - - [09/Sep/2024:09:49:21 -0300] "GET /cormun/servlet/trpermisosadjuntos?12694104,20240909093858,P, HTTP/1.1" 200 6185
190.171.152.138 - - [09/Sep/2024:09:49:23 -0300] "GET /cormun/servlet/permisosadjuntos?INS,12694104,P,20240909093858,, HTTP/1.1" 200 5504
190.171.152.138 - - [09/Sep/2024:09:49:24 -0300] "GET /cormun/static/about:blank HTTP/1.1" 404 1011
190.171.141.114 - - [09/Sep/2024:09:49:44 -0300] "POST /cormun/servlet/prfichaempleado?f602a2bf45e603faf81e1ccb88c5d3bb,,MD,,gxPopupLevel%3D0%3B,gx-no-cache=1725886138525 HTTP/1.1" 200 3173
190.171.152.138 - - [09/Sep/2024:09:49:56 -0300] "POST /cormun/servlet/permisosadjuntos?39e86aa75922cd02531ccac809fe9e4e,INS,12694104,P,20240909093858,, HTTP/1.1" 200 116
190.171.152.138 - - [09/Sep/2024:09:49:56 -0300] "GET /cormun/servlet/hpexe_return? HTTP/1.1" 200 1039
190.171.152.138 - - [09/Sep/2024:09:49:56 -0300] "GET /cormun/servlet/trpermisosadjuntos?12694104,20240909093858,P, HTTP/1.1" 200 6657
190.171.152.138 - - [09/Sep/2024:09:50:16 -0300] "POST /cormun/servlet/trpermisosadjuntos?39e86aa75922cd02531ccac809fe9e4e,12694104,20240909093858,P,,gx-no-cache=1725886170207 HTTP/1.1" 200 90
190.171.152.138 - - [09/Sep/2024:09:50:16 -0300] "GET /cormun/servlet/hpexe_link HTTP/1.1" 200 1006
190.171.152.138 - - [09/Sep/2024:09:50:16 -0300] "GET /cormun/servlet/trpermisosgoce?gx-no-cache=1725886088681 HTTP/1.1" 200 11311
190.171.141.114 - - [09/Sep/2024:09:50:17 -0300] "POST /cormun/servlet/hlogin?035bb0fa8ab6d69bc22af4af9a9676d9,gx-no-cache=1725886171212 HTTP/1.1" 200 90
190.171.141.114 - - [09/Sep/2024:09:50:17 -0300] "GET /cormun/servlet/hpexe_link HTTP/1.1" 200 947
190.171.141.114 - - [09/Sep/2024:09:50:17 -0300] "GET /cormun/servlet/hhome HTTP/1.1" 200 4003
190.171.141.114 - - [09/Sep/2024:09:50:20 -0300] "GET /cormun/servlet/trpermisosgoce? HTTP/1.1" 200 9980
190.171.141.114 - - [09/Sep/2024:09:50:20 -0300] "GET /cormun/static/gxcfg.js?2020121631564 HTTP/1.1" 200 953
190.171.141.114 - - [09/Sep/2024:09:50:20 -0300] "GET /cormun/static/trpermisosgoce.js?2020121633681 HTTP/1.1" 200 35904
190.171.141.114 - - [09/Sep/2024:09:50:20 -0300] "GET /cormun//static/Resources/PXToolsGridUpdate.png HTTP/1.1" 200 470
190.171.141.114 - - [09/Sep/2024:09:50:20 -0300] "GET /cormun//static/Resources/PXToolsGridDelete.png HTTP/1.1" 200 538
190.171.152.138 - - [09/Sep/2024:09:50:23 -0300] "POST /cormun/servlet/trpermisosgoce?39e86aa75922cd02531ccac809fe9e4e,gx-no-cache=1725886088681,gx-no-cache=1725886177977 HTTP/1.1" 200 8674
190.171.141.114 - - [09/Sep/2024:09:50:24 -0300] "GET /cormun/servlet/permisogoce?INS,0,,, HTTP/1.1" 200 6871
190.171.141.114 - - [09/Sep/2024:09:50:24 -0300] "GET /cormun/static/gxcfg.js?20201215124560 HTTP/1.1" 200 953
190.171.141.114 - - [09/Sep/2024:09:50:24 -0300] "GET /cormun/static/Resources/prompt.gif HTTP/1.1" 200 902
190.171.141.114 - - [09/Sep/2024:09:50:24 -0300] "GET /cormun/static/permisogoce.js?20201215124939 HTTP/1.1" 200 27790
190.171.152.138 - - [09/Sep/2024:09:50:51 -0300] "GET /cormun/servlet/trpermisosadjuntos?12694104,20240909093858,P, HTTP/1.1" 200 6675
190.171.152.138 - - [09/Sep/2024:09:50:59 -0300] "POST /cormun/servlet/trpermisosadjuntos?39e86aa75922cd02531ccac809fe9e4e,12694104,20240909093858,P,,gx-no-cache=1725886213559 HTTP/1.1" 200 90
190.171.152.138 - - [09/Sep/2024:09:50:59 -0300] "GET /cormun/servlet/hpexe_link HTTP/1.1" 200 1006
190.171.152.138 - - [09/Sep/2024:09:50:59 -0300] "GET /cormun/servlet/trpermisosgoce?gx-no-cache=1725886088681 HTTP/1.1" 200 11303
190.171.152.138 - - [09/Sep/2024:09:51:09 -0300] "POST /cormun/servlet/trpermisosgoce?39e86aa75922cd02531ccac809fe9e4e,gx-no-cache=1725886088681,gx-no-cache=1725886223680 HTTP/1.1" 200 8674
190.171.152.138 - - [09/Sep/2024:09:51:25 -0300] "GET /cormun/servlet/hlogin HTTP/1.1" 200 1760
190.171.152.138 - - [09/Sep/2024:09:51:37 -0300] "POST /cormun/servlet/hlogin?39e86aa75922cd02531ccac809fe9e4e,gx-no-cache=1725886251325 HTTP/1.1" 200 90
190.171.152.138 - - [09/Sep/2024:09:51:37 -0300] "GET /cormun/servlet/hpexe_link HTTP/1.1" 200 953
190.171.152.138 - - [09/Sep/2024:09:51:37 -0300] "GET /cormun/servlet/hhome HTTP/1.1" 200 4319
190.171.141.122 - - [09/Sep/2024:09:51:43 -0300] "GET /cormun/servlet/trpermisosgoce? HTTP/1.1" 200 6028
190.171.141.122 - - [09/Sep/2024:09:51:43 -0300] "GET /cormun/servlet/hlogin HTTP/1.1" 200 1734
190.171.141.122 - - [09/Sep/2024:09:51:46 -0300] "POST /cormun/servlet/hlogin?0afc2e27a9d745993ec440a86a39d032,gx-no-cache=1725839367327 HTTP/1.1" 200 90
190.171.141.122 - - [09/Sep/2024:09:51:46 -0300] "GET /cormun/servlet/hpexe_link HTTP/1.1" 200 952
190.171.141.122 - - [09/Sep/2024:09:51:46 -0300] "GET /cormun/servlet/trpermisosgoce HTTP/1.1" 200 11932
190.171.141.122 - - [09/Sep/2024:09:51:51 -0300] "GET /cormun/servlet/trpermisosgoce? HTTP/1.1" 200 11931
190.171.152.138 - - [09/Sep/2024:09:51:56 -0300] "GET /cormun/servlet/trautorizarpermisogoce? HTTP/1.1" 200 8231
190.171.152.138 - - [09/Sep/2024:09:52:12 -0300] "POST /cormun/servlet/trautorizarpermisogoce?39e86aa75922cd02531ccac809fe9e4e,,gx-no-cache=1725886286280 HTTP/1.1" 200 4526
190.171.152.138 - - [09/Sep/2024:09:52:45 -0300] "GET /cormun/servlet/hlogin HTTP/1.1" 200 1748
122.97.137.245 - - [09/Sep/2024:09:52:59 -0300] "POST /GponForm/diag_Form?images/ HTTP/1.1" 404 997
190.171.152.138 - - [09/Sep/2024:09:53:03 -0300] "POST /cormun/servlet/hlogin?39e86aa75922cd02531ccac809fe9e4e,gx-no-cache=1725886337109 HTTP/1.1" 200 90
190.171.152.138 - - [09/Sep/2024:09:53:03 -0300] "GET /cormun/servlet/hpexe_link HTTP/1.1" 200 953
190.171.152.138 - - [09/Sep/2024:09:53:03 -0300] "GET /cormun/servlet/hhome HTTP/1.1" 200 3865
190.171.152.138 - - [09/Sep/2024:09:53:06 -0300] "GET /cormun/servlet/trpermisosgoce? HTTP/1.1" 200 11306
200.54.107.2 - - [09/Sep/2024:09:53:27 -0300] "GET /cormun/servlet/hlogin HTTP/1.1" 200 1721
200.54.107.2 - - [09/Sep/2024:09:53:38 -0300] "POST /cormun/servlet/hlogin?c7c079ec90bbaafd00682f89b4aa09d6,gx-no-cache=1725886372631 HTTP/1.1" 200 90
200.54.107.2 - - [09/Sep/2024:09:53:38 -0300] "GET /cormun/servlet/hpexe_link HTTP/1.1" 200 952
200.54.107.2 - - [09/Sep/2024:09:53:38 -0300] "GET /cormun/servlet/hhome HTTP/1.1" 200 4353
200.54.107.2 - - [09/Sep/2024:09:53:43 -0300] "GET /cormun/servlet/trlicencias? HTTP/1.1" 200 10778
190.171.152.138 - - [09/Sep/2024:09:54:01 -0300] "GET /cormun/servlet/hlogin HTTP/1.1" 200 1742
190.171.142.10 - - [09/Sep/2024:09:55:01 -0300] "GET /cormun/servlet/hlogin HTTP/1.1" 200 1716
190.171.142.10 - - [09/Sep/2024:09:55:04 -0300] "POST /cormun/servlet/hlogin?742b54181fc9ca1f76a7721ad6d1e8dd,gx-no-cache=1725886457345 HTTP/1.1" 200 90
190.171.142.10 - - [09/Sep/2024:09:55:05 -0300] "GET /cormun/servlet/hpexe_link HTTP/1.1" 200 946
190.171.142.10 - - [09/Sep/2024:09:55:05 -0300] "GET /cormun/servlet/hhome HTTP/1.1" 200 4201
190.171.142.10 - - [09/Sep/2024:09:55:09 -0300] "GET /cormun/servlet/trlicencias? HTTP/1.1" 200 13358
190.171.141.114 - - [09/Sep/2024:09:55:16 -0300] "GET /cormun/servlet/permisogoce?eb428ba49c7ed26468a85ea3d9c5ad19dcaae93f86e07880627daa0673eef10b7ef46d3f1102ce8c4ee3fe8ff518226ea4e25677f8dceacd84abe9cdc55c664a,gx-no-cache=1725886470804 HTTP/1.1" 200 78
190.171.141.114 - - [09/Sep/2024:09:55:16 -0300] "GET /cormun/static/menuarrow.gif HTTP/1.1" 404 1015
190.171.141.114 - - [09/Sep/2024:09:55:32 -0300] "GET /cormun/servlet/permisogoce?eb428ba49c7ed26468a85ea3d9c5ad19b1fef39c75924a2358b0363bebf0999a2c766e387b7f040cddf54b2d4e67910e3d098241e3077d8e1e607e05ff149247,gx-no-cache=1725886486587 HTTP/1.1" 200 48
190.171.149.74 - - [09/Sep/2024:09:55:36 -0300] "GET /cormun/servlet/trlicencias? HTTP/1.1" 200 6053
190.171.149.74 - - [09/Sep/2024:09:55:36 -0300] "GET /cormun/servlet/hlogin HTTP/1.1" 200 1739
190.171.149.74 - - [09/Sep/2024:09:55:43 -0300] "POST /cormun/servlet/hlogin?3122d881cdb045e9ea57e74083d9d1a3,gx-no-cache=1725886497644 HTTP/1.1" 200 90
190.171.149.74 - - [09/Sep/2024:09:55:43 -0300] "GET /cormun/servlet/hpexe_link HTTP/1.1" 200 957
190.171.149.74 - - [09/Sep/2024:09:55:43 -0300] "GET /cormun/servlet/trlicencias HTTP/1.1" 200 14193
190.171.141.114 - - [09/Sep/2024:09:55:53 -0300] "POST /cormun/servlet/permisogoce?035bb0fa8ab6d69bc22af4af9a9676d9,INS,0,,,,gx-no-cache=1725886506805 HTTP/1.1" 200 93
190.171.141.114 - - [09/Sep/2024:09:55:53 -0300] "GET /cormun/servlet/hpexe_return? HTTP/1.1" 200 1005
190.171.141.114 - - [09/Sep/2024:09:55:53 -0300] "GET /cormun/static/gxcfg.js?20221129846035 HTTP/1.1" 200 953
190.171.141.114 - - [09/Sep/2024:09:55:53 -0300] "GET /cormun/static/hpexe_return.js?20221129846037 HTTP/1.1" 200 1633
190.171.141.114 - - [09/Sep/2024:09:55:53 -0300] "GET /cormun/servlet/trpermisosgoce HTTP/1.1" 200 10189
190.171.141.114 - - [09/Sep/2024:09:55:57 -0300] "GET /cormun/servlet/apermisogoceprn?15525037,P,20240909095005,PU HTTP/1.1" 200 1645
190.171.141.122 - - [09/Sep/2024:09:56:02 -0300] "GET /cormun/servlet/trpermisosgoce? HTTP/1.1" 200 11930
190.171.141.122 - - [09/Sep/2024:09:56:19 -0300] "GET /cormun/static/menuarrow.gif HTTP/1.1" 404 1015
190.171.144.234 - - [09/Sep/2024:09:56:27 -0300] "GET /cormun/servlet/hlogin HTTP/1.1" 200 1732
190.171.149.74 - - [09/Sep/2024:09:56:48 -0300] "POST /cormun/servlet/trlicencias?3122d881cdb045e9ea57e74083d9d1a3,gx-no-cache=1725886562429 HTTP/1.1" 200 11860
190.171.141.122 - - [09/Sep/2024:09:56:51 -0300] "GET /cormun/servlet/permisogoce?INS,0,,, HTTP/1.1" 200 6767
190.171.141.122 - - [09/Sep/2024:09:57:03 -0300] "GET /cormun/servlet/permisogoce?540e85cb37d4f29c485170bddc57ba3c114ae493eaf7ae7322735c4446d465133a8ace774ff413fd765e7cd69adb4daac7caac62041e585f4ef0e888911859e1,gx-no-cache=1725839684312 HTTP/1.1" 200 80
190.171.141.122 - - [09/Sep/2024:09:57:12 -0300] "GET /cormun/servlet/permisogoce?540e85cb37d4f29c485170bddc57ba3ce5555e62182fff5194bd191f0950d6b4c5115b7e1a0d2619e1a5e0bc9f29e1e23ac4aa12d037ed2754daae750dae58b3,gx-no-cache=1725839692935 HTTP/1.1" 200 47
190.171.141.122 - - [09/Sep/2024:09:57:15 -0300] "POST /cormun/servlet/permisogoce?0afc2e27a9d745993ec440a86a39d032,INS,0,,,,gx-no-cache=1725839695977 HTTP/1.1" 200 93
190.171.141.122 - - [09/Sep/2024:09:57:16 -0300] "GET /cormun/servlet/hpexe_return? HTTP/1.1" 200 1006
190.171.141.122 - - [09/Sep/2024:09:57:16 -0300] "GET /cormun/servlet/trpermisosgoce HTTP/1.1" 200 12222
190.171.141.122 - - [09/Sep/2024:09:57:24 -0300] "GET /cormun/servlet/apermisogoceprn?17134695,P,20240909095631,PU HTTP/1.1" 200 1659
181.212.40.185 - - [09/Sep/2024:10:01:54 -0300] "GET /cormun/servlet/trlicencias? HTTP/1.1" 200 18144
190.171.154.42 - - [09/Sep/2024:10:03:05 -0300] "GET /cormun/servlet/trpermisosgoce? HTTP/1.1" 200 6029
190.171.154.42 - - [09/Sep/2024:10:03:05 -0300] "GET /cormun/servlet/hlogin HTTP/1.1" 200 1737
181.212.43.89 - - [09/Sep/2024:10:03:06 -0300] "GET /cormun/servlet/trpermisosgoce? HTTP/1.1" 200 14245
181.212.43.89 - - [09/Sep/2024:10:03:08 -0300] "GET /cormun/servlet/permisogoce?INS,0,,, HTTP/1.1" 200 6879
190.171.154.42 - - [09/Sep/2024:10:03:13 -0300] "POST /cormun/servlet/hlogin?d7090b0ffc91da89e402ee38f241d866,gx-no-cache=1725886947502 HTTP/1.1" 200 90
190.171.154.42 - - [09/Sep/2024:10:03:13 -0300] "GET /cormun/servlet/hpexe_link HTTP/1.1" 200 955
190.171.154.42 - - [09/Sep/2024:10:03:13 -0300] "GET /cormun/servlet/trpermisosgoce HTTP/1.1" 200 10440
181.212.43.89 - - [09/Sep/2024:10:03:15 -0300] "GET /cormun/servlet/permisogoce?c2095096a9582535ea2345209a0cbd9fdf53923b2f10c10bda7a876249cbcc7ea1fd9c5ac3258de04b487e52e78e2d399815cecd36c122b42a01f72b184e660d,gx-no-cache=1725886949076 HTTP/1.1" 200 79
181.212.43.89 - - [09/Sep/2024:10:03:17 -0300] "GET /cormun/static/menuarrow.gif HTTP/1.1" 404 1015
190.171.154.42 - - [09/Sep/2024:10:03:17 -0300] "GET /cormun/servlet/permisogoce?INS,0,,, HTTP/1.1" 200 6736
181.212.43.89 - - [09/Sep/2024:10:03:21 -0300] "GET /cormun/servlet/permisogoce?c2095096a9582535ea2345209a0cbd9f00a51a1f632143545873f4d1436982e12eaaf549a915cbd1d4a0d4cfea73379c13c63548711c4e993f34b73fd63bcb2d,gx-no-cache=1725886955036 HTTP/1.1" 200 47
181.212.43.89 - - [09/Sep/2024:10:03:25 -0300] "POST /cormun/servlet/permisogoce?be7a40c869036a568689a2ce8044ede9,INS,0,,,,gx-no-cache=1725886958236 HTTP/1.1" 200 93
181.212.43.89 - - [09/Sep/2024:10:03:25 -0300] "GET /cormun/servlet/hpexe_return? HTTP/1.1" 200 1008
181.212.43.89 - - [09/Sep/2024:10:03:25 -0300] "GET /cormun/servlet/trpermisosgoce HTTP/1.1" 200 14589
181.212.43.89 - - [09/Sep/2024:10:03:35 -0300] "GET /cormun/servlet/trpermisosadjuntos?16598111,20240909100249,P, HTTP/1.1" 200 6336
181.212.43.89 - - [09/Sep/2024:10:03:38 -0300] "GET /cormun/servlet/permisosadjuntos?INS,16598111,P,20240909100249,, HTTP/1.1" 200 5653
181.212.43.89 - - [09/Sep/2024:10:03:38 -0300] "GET /cormun/static/about:blank HTTP/1.1" 404 1011
181.212.43.89 - - [09/Sep/2024:10:03:56 -0300] "POST /cormun/servlet/permisosadjuntos?be7a40c869036a568689a2ce8044ede9,INS,16598111,P,20240909100249,, HTTP/1.1" 200 116
181.212.43.89 - - [09/Sep/2024:10:03:56 -0300] "GET /cormun/servlet/hpexe_return? HTTP/1.1" 200 1035
181.212.43.89 - - [09/Sep/2024:10:03:56 -0300] "GET /cormun/servlet/trpermisosadjuntos?16598111,20240909100249,P, HTTP/1.1" 200 6836
181.212.43.89 - - [09/Sep/2024:10:03:59 -0300] "POST /cormun/servlet/trpermisosadjuntos?be7a40c869036a568689a2ce8044ede9,16598111,20240909100249,P,,gx-no-cache=1725886993040 HTTP/1.1" 200 90
181.212.43.89 - - [09/Sep/2024:10:03:59 -0300] "GET /cormun/servlet/hpexe_link HTTP/1.1" 200 980
181.212.43.89 - - [09/Sep/2024:10:03:59 -0300] "GET /cormun/servlet/trpermisosgoce HTTP/1.1" 200 14586
181.212.43.89 - - [09/Sep/2024:10:04:02 -0300] "POST /cormun/servlet/trpermisosgoce?be7a40c869036a568689a2ce8044ede9,gx-no-cache=1725886995685 HTTP/1.1" 200 11806
181.212.43.89 - - [09/Sep/2024:10:04:02 -0300] "GET /cormun/static/Shared/jqueryui/images/ui-bg_highlight-soft_100_c6c2c8_1x100.png HTTP/1.1" 404 1117
181.212.43.89 - - [09/Sep/2024:10:04:02 -0300] "GET /cormun/static/Shared/jqueryui/images/ui-icons_82798d_256x240.png HTTP/1.1" 404 1089
181.212.43.89 - - [09/Sep/2024:10:04:02 -0300] "GET /cormun/static/Shared/jqueryui/images/ui-icons_8d78a5_256x240.png HTTP/1.1" 404 1089
181.212.43.89 - - [09/Sep/2024:10:04:02 -0300] "GET /cormun/static/Shared/jqueryui/images/ui-bg_flat_55_fafafa_40x100.png HTTP/1.1" 404 1097
181.212.43.89 - - [09/Sep/2024:10:04:05 -0300] "GET /cormun/servlet/permisogoce?INS,0,,, HTTP/1.1" 200 6879
181.212.43.89 - - [09/Sep/2024:10:04:11 -0300] "GET /cormun/servlet/permisogoce?c2095096a9582535ea2345209a0cbd9ff8159434fc1bef9b36196afa6917a95fa1fd9c5ac3258de04b487e52e78e2d399815cecd36c122b42a01f72b184e660d,gx-no-cache=1725887005811 HTTP/1.1" 200 93
181.212.43.89 - - [09/Sep/2024:10:04:22 -0300] "GET /cormun/servlet/permisogoce?c2095096a9582535ea2345209a0cbd9fb254ad2ef6bdf36f2959aee277cdc95b5473569cf2c4e1c227fe84a60ed981b313c63548711c4e993f34b73fd63bcb2d,gx-no-cache=1725887016403 HTTP/1.1" 200 48
190.171.141.114 - - [09/Sep/2024:10:04:57 -0300] "GET /cormun/servlet/hlogin HTTP/1.1" 200 1735
181.212.43.89 - - [09/Sep/2024:10:04:59 -0300] "POST /cormun/servlet/permisogoce?be7a40c869036a568689a2ce8044ede9,INS,0,,,,gx-no-cache=1725887053300 HTTP/1.1" 200 93
181.212.43.89 - - [09/Sep/2024:10:04:59 -0300] "GET /cormun/servlet/hpexe_return? HTTP/1.1" 200 1029
181.212.43.89 - - [09/Sep/2024:10:05:00 -0300] "GET /cormun/servlet/trpermisosgoce?gx-no-cache=1725886995685 HTTP/1.1" 200 14784
181.212.43.89 - - [09/Sep/2024:10:05:14 -0300] "GET /cormun/servlet/trpermisosadjuntos?14550284,20240909100346,P, HTTP/1.1" 200 6367
181.212.43.89 - - [09/Sep/2024:10:05:16 -0300] "GET /cormun/servlet/permisosadjuntos?INS,14550284,P,20240909100346,, HTTP/1.1" 200 5665
181.212.43.89 - - [09/Sep/2024:10:05:16 -0300] "GET /cormun/static/about:blank HTTP/1.1" 404 1011
181.212.43.89 - - [09/Sep/2024:10:05:27 -0300] "POST /cormun/servlet/permisosadjuntos?be7a40c869036a568689a2ce8044ede9,INS,14550284,P,20240909100346,, HTTP/1.1" 200 116
181.212.43.89 - - [09/Sep/2024:10:05:27 -0300] "GET /cormun/servlet/hpexe_return? HTTP/1.1" 200 1035
181.212.43.89 - - [09/Sep/2024:10:05:27 -0300] "GET /cormun/servlet/trpermisosadjuntos?14550284,20240909100346,P, HTTP/1.1" 200 6861
181.212.43.89 - - [09/Sep/2024:10:05:32 -0300] "POST /cormun/servlet/trpermisosadjuntos?be7a40c869036a568689a2ce8044ede9,14550284,20240909100346,P,,gx-no-cache=1725887086420 HTTP/1.1" 200 90
181.212.43.89 - - [09/Sep/2024:10:05:32 -0300] "GET /cormun/servlet/hpexe_link HTTP/1.1" 200 1003
181.212.43.89 - - [09/Sep/2024:10:05:32 -0300] "GET /cormun/servlet/trpermisosgoce?gx-no-cache=1725886995685 HTTP/1.1" 200 14833
181.212.43.89 - - [09/Sep/2024:10:05:35 -0300] "POST /cormun/servlet/trpermisosgoce?be7a40c869036a568689a2ce8044ede9,gx-no-cache=1725886995685,gx-no-cache=1725887088850 HTTP/1.1" 200 12037
181.212.43.89 - - [09/Sep/2024:10:05:37 -0300] "GET /cormun/servlet/permisogoce?INS,0,,, HTTP/1.1" 200 6902
181.212.43.89 - - [09/Sep/2024:10:05:42 -0300] "GET /cormun/servlet/permisogoce?c2095096a9582535ea2345209a0cbd9faee25865cb0aac39bf21819d029fb3e3a1fd9c5ac3258de04b487e52e78e2d399815cecd36c122b42a01f72b184e660d,gx-no-cache=1725887096515 HTTP/1.1" 200 78
181.212.43.89 - - [09/Sep/2024:10:05:51 -0300] "GET /cormun/servlet/permisogoce?c2095096a9582535ea2345209a0cbd9ff6ec16d5885b87cfec4e60b50864b8b48ae9f8c28dd714dab6fd2fcd8012fe6913c63548711c4e993f34b73fd63bcb2d,gx-no-cache=1725887105675 HTTP/1.1" 200 45
181.212.43.89 - - [09/Sep/2024:10:06:00 -0300] "POST /cormun/servlet/permisogoce?be7a40c869036a568689a2ce8044ede9,INS,0,,,,gx-no-cache=1725887113796 HTTP/1.1" 200 93
181.212.43.89 - - [09/Sep/2024:10:06:00 -0300] "GET /cormun/servlet/hpexe_return? HTTP/1.1" 200 1029
181.212.43.89 - - [09/Sep/2024:10:06:00 -0300] "GET /cormun/servlet/trpermisosgoce?gx-no-cache=1725886995685 HTTP/1.1" 200 14987
181.212.43.89 - - [09/Sep/2024:10:06:25 -0300] "GET /cormun/servlet/trpermisosadjuntos?17521517,20240909100517,P, HTTP/1.1" 200 6352
181.212.43.89 - - [09/Sep/2024:10:06:27 -0300] "GET /cormun/servlet/permisosadjuntos?INS,17521517,P,20240909100517,, HTTP/1.1" 200 5649
181.212.43.89 - - [09/Sep/2024:10:06:27 -0300] "GET /cormun/static/about:blank HTTP/1.1" 404 1011
181.212.43.89 - - [09/Sep/2024:10:06:34 -0300] "POST /cormun/servlet/permisosadjuntos?be7a40c869036a568689a2ce8044ede9,INS,17521517,P,20240909100517,, HTTP/1.1" 200 116
181.212.43.89 - - [09/Sep/2024:10:06:34 -0300] "GET /cormun/servlet/hpexe_return? HTTP/1.1" 200 1034
181.212.43.89 - - [09/Sep/2024:10:06:34 -0300] "GET /cormun/servlet/trpermisosadjuntos?17521517,20240909100517,P, HTTP/1.1" 200 6826
181.212.43.89 - - [09/Sep/2024:10:06:39 -0300] "POST /cormun/servlet/trpermisosadjuntos?be7a40c869036a568689a2ce8044ede9,17521517,20240909100517,P,,gx-no-cache=1725887153325 HTTP/1.1" 200 90
181.212.43.89 - - [09/Sep/2024:10:06:39 -0300] "GET /cormun/servlet/hpexe_link HTTP/1.1" 200 1002
181.212.43.89 - - [09/Sep/2024:10:06:39 -0300] "GET /cormun/servlet/trpermisosgoce?gx-no-cache=1725886995685 HTTP/1.1" 200 14984
181.212.43.89 - - [09/Sep/2024:10:06:43 -0300] "POST /cormun/servlet/trpermisosgoce?be7a40c869036a568689a2ce8044ede9,gx-no-cache=1725886995685,gx-no-cache=1725887157548 HTTP/1.1" 200 12248
181.212.43.89 - - [09/Sep/2024:10:06:49 -0300] "GET /cormun/servlet/permisogoce?INS,0,,, HTTP/1.1" 200 6902
190.171.152.234 - - [09/Sep/2024:10:06:50 -0300] "GET /cormun/servlet/hlogin HTTP/1.1" 200 1713
181.212.43.89 - - [09/Sep/2024:10:06:53 -0300] "GET /cormun/servlet/permisogoce?c2095096a9582535ea2345209a0cbd9f974c763dbd604537e1ee179beba779f4a1fd9c5ac3258de04b487e52e78e2d399815cecd36c122b42a01f72b184e660d,gx-no-cache=1725887167586 HTTP/1.1" 200 77
190.171.152.234 - - [09/Sep/2024:10:06:54 -0300] "GET /cormun/servlet/hlogin HTTP/1.1" 200 1722
190.171.152.234 - - [09/Sep/2024:10:06:54 -0300] "GET /cormun/static/Resources/indicator.gif HTTP/1.1" 200 1553
190.171.152.234 - - [09/Sep/2024:10:06:54 -0300] "GET /favicon.ico HTTP/1.1" 200 21630
181.212.43.89 - - [09/Sep/2024:10:07:00 -0300] "GET /cormun/servlet/permisogoce?c2095096a9582535ea2345209a0cbd9f4a631cef92e1d39fda5483ad536df096c23a9a111b60f1ba37f80b197713509213c63548711c4e993f34b73fd63bcb2d,gx-no-cache=1725887174962 HTTP/1.1" 200 46
190.171.152.234 - - [09/Sep/2024:10:07:03 -0300] "POST /cormun/servlet/hlogin?d8e9a68709b37ee3507b6040ce707119,gx-no-cache=1725883612703 HTTP/1.1" 200 90
190.171.152.234 - - [09/Sep/2024:10:07:03 -0300] "GET /cormun/servlet/hpexe_link HTTP/1.1" 200 941
190.171.152.234 - - [09/Sep/2024:10:07:04 -0300] "GET /cormun/servlet/hhome HTTP/1.1" 200 4278
190.171.152.234 - - [09/Sep/2024:10:07:08 -0300] "GET /cormun/servlet/trlicencias? HTTP/1.1" 200 10571
190.171.152.234 - - [09/Sep/2024:10:07:08 -0300] "GET /cormun/static/gxcfg.js?202211298463625 HTTP/1.1" 200 953
190.171.152.234 - - [09/Sep/2024:10:07:08 -0300] "GET /cormun/static/trlicencias.js?202211298463889 HTTP/1.1" 200 41883
190.171.152.234 - - [09/Sep/2024:10:07:08 -0300] "GET /cormun//static/Resources/PXToolsGridDisplay.png HTTP/1.1" 200 525
190.171.152.234 - - [09/Sep/2024:10:07:08 -0300] "GET /cormun//static/Resources/PXToolsActionPrint.png HTTP/1.1" 200 404
181.212.43.89 - - [09/Sep/2024:10:07:08 -0300] "POST /cormun/servlet/permisogoce?be7a40c869036a568689a2ce8044ede9,INS,0,,,,gx-no-cache=1725887182359 HTTP/1.1" 200 93
190.171.152.234 - - [09/Sep/2024:10:07:08 -0300] "GET /cormun//static/Resources/PXToolsHeaderHelp.png HTTP/1.1" 200 1333
190.171.152.234 - - [09/Sep/2024:10:07:08 -0300] "GET /cormun//static/Resources/PXToolsHeaderFavorites.png HTTP/1.1" 200 1414
181.212.43.89 - - [09/Sep/2024:10:07:08 -0300] "GET /cormun/servlet/hpexe_return? HTTP/1.1" 200 1029
181.212.43.89 - - [09/Sep/2024:10:07:09 -0300] "GET /cormun/servlet/trpermisosgoce?gx-no-cache=1725886995685 HTTP/1.1" 200 15184
181.212.43.89 - - [09/Sep/2024:10:07:18 -0300] "GET /cormun/servlet/trpermisosadjuntos?17503006,20240909100629,P, HTTP/1.1" 200 6351
181.212.43.89 - - [09/Sep/2024:10:07:20 -0300] "GET /cormun/servlet/permisosadjuntos?INS,17503006,P,20240909100629,, HTTP/1.1" 200 5646
181.212.43.89 - - [09/Sep/2024:10:07:20 -0300] "GET /cormun/static/about:blank HTTP/1.1" 404 1011
181.212.43.89 - - [09/Sep/2024:10:07:30 -0300] "POST /cormun/servlet/permisosadjuntos?be7a40c869036a568689a2ce8044ede9,INS,17503006,P,20240909100629,, HTTP/1.1" 200 116
181.212.43.89 - - [09/Sep/2024:10:07:30 -0300] "GET /cormun/servlet/hpexe_return? HTTP/1.1" 200 1035
181.212.43.89 - - [09/Sep/2024:10:07:30 -0300] "GET /cormun/servlet/trpermisosadjuntos?17503006,20240909100629,P, HTTP/1.1" 200 6823
181.212.43.89 - - [09/Sep/2024:10:07:32 -0300] "POST /cormun/servlet/trpermisosadjuntos?be7a40c869036a568689a2ce8044ede9,17503006,20240909100629,P,,gx-no-cache=1725887206739 HTTP/1.1" 200 90
181.212.43.89 - - [09/Sep/2024:10:07:32 -0300] "GET /cormun/servlet/hpexe_link HTTP/1.1" 200 1002
181.212.43.89 - - [09/Sep/2024:10:07:33 -0300] "GET /cormun/servlet/trpermisosgoce?gx-no-cache=1725886995685 HTTP/1.1" 200 15181
181.212.43.89 - - [09/Sep/2024:10:07:35 -0300] "POST /cormun/servlet/trpermisosgoce?be7a40c869036a568689a2ce8044ede9,gx-no-cache=1725886995685,gx-no-cache=1725887208984 HTTP/1.1" 200 12447
190.171.152.234 - - [09/Sep/2024:10:08:39 -0300] "GET /cormun/static/menuarrow.gif HTTP/1.1" 404 1015
181.212.43.89 - - [09/Sep/2024:10:08:49 -0300] "GET /cormun/servlet/trlicencias? HTTP/1.1" 200 15266
190.171.152.234 - - [09/Sep/2024:10:08:55 -0300] "POST /cormun/servlet/trlicencias?d8e9a68709b37ee3507b6040ce707119,,gx-no-cache=1725883724329 HTTP/1.1" 200 5969
190.171.141.98 - - [09/Sep/2024:10:09:26 -0300] "GET /cormun/servlet/hlogin HTTP/1.1" 200 1719
190.171.141.98 - - [09/Sep/2024:10:09:27 -0300] "GET /cormun/servlet/hlogin HTTP/1.1" 200 1730
190.171.141.98 - - [09/Sep/2024:10:09:37 -0300] "POST /cormun/servlet/hlogin?3c18998844c6da3aa88a9755b7994dd0,gx-no-cache=1725887327995 HTTP/1.1" 200 90
190.171.141.98 - - [09/Sep/2024:10:09:37 -0300] "GET /cormun/servlet/hpexe_link HTTP/1.1" 200 951
190.171.141.98 - - [09/Sep/2024:10:09:37 -0300] "GET /cormun/static/Resources/Spanish/PXTools.css?8354383 HTTP/1.1" 304 -
190.171.141.98 - - [09/Sep/2024:10:09:37 -0300] "GET /cormun/static/gxcfg.js?20221129847421 HTTP/1.1" 304 -
190.171.141.98 - - [09/Sep/2024:10:09:37 -0300] "GET /cormun/static/hpexe_link.js?20221129847423 HTTP/1.1" 304 -
190.171.141.98 - - [09/Sep/2024:10:09:37 -0300] "GET /cormun/servlet/hhome HTTP/1.1" 200 4171
190.171.141.98 - - [09/Sep/2024:10:09:37 -0300] "GET /cormun/static/Resources/Spanish/PXTools.css?14345360 HTTP/1.1" 304 -
190.171.141.98 - - [09/Sep/2024:10:09:37 -0300] "GET /cormun/static/gxcfg.js?20201215495537 HTTP/1.1" 304 -
190.171.141.98 - - [09/Sep/2024:10:09:37 -0300] "GET /cormun/static/Resources/CormunMP2.png HTTP/1.1" 304 -
190.171.141.98 - - [09/Sep/2024:10:09:37 -0300] "GET /cormun/static/hwchdr01.js?2022112219251119 HTTP/1.1" 304 -
190.171.141.98 - - [09/Sep/2024:10:09:37 -0300] "GET /cormun/static/hpexe_recentlink.js?20201214471090 HTTP/1.1" 304 -
190.171.141.98 - - [09/Sep/2024:10:09:37 -0300] "GET /cormun/static/hhome.js?20201215495544 HTTP/1.1" 304 -
190.171.141.98 - - [09/Sep/2024:10:09:37 -0300] "GET /cormun/static/hpexe_messagecontroller.js?202211298371222 HTTP/1.1" 304 -
190.171.141.98 - - [09/Sep/2024:10:09:37 -0300] "GET /cormun/static/hpexe_scripts.js?20201214471411 HTTP/1.1" 304 -
190.171.141.98 - - [09/Sep/2024:10:09:37 -0300] "GET /cormun/static/hpexe_messagepopupcomponent.js?2020121447232 HTTP/1.1" 304 -
190.171.141.98 - - [09/Sep/2024:10:09:37 -0300] "GET /cormun/static/hpexe_messagegenexuscomponent.js?20221129836373 HTTP/1.1" 304 -
190.171.141.98 - - [09/Sep/2024:10:09:37 -0300] "GET /cormun/static/cmcontrolpreferences.js?20199141926336 HTTP/1.1" 304 -
190.171.141.98 - - [09/Sep/2024:10:09:37 -0300] "GET /cormun/static/hmpwkw03.js?20221129844354 HTTP/1.1" 304 -
190.171.141.98 - - [09/Sep/2024:10:09:45 -0300] "GET /cormun/servlet/trlicencias? HTTP/1.1" 200 13568
190.171.152.234 - - [09/Sep/2024:10:09:59 -0300] "GET /cormun/servlet/trpermisosgoce? HTTP/1.1" 200 12299
190.171.152.234 - - [09/Sep/2024:10:09:59 -0300] "GET /cormun/static/gxcfg.js?2020121631564 HTTP/1.1" 200 953
190.171.152.234 - - [09/Sep/2024:10:09:59 -0300] "GET /cormun/static/trpermisosgoce.js?2020121633681 HTTP/1.1" 200 35904
190.171.152.234 - - [09/Sep/2024:10:10:04 -0300] "GET /cormun/static/menuarrow.gif HTTP/1.1" 404 1015
190.171.152.234 - - [09/Sep/2024:10:10:22 -0300] "POST /cormun/servlet/trpermisosgoce?d8e9a68709b37ee3507b6040ce707119,,gx-no-cache=1725883811707 HTTP/1.1" 200 5345
190.171.143.82 - - [09/Sep/2024:10:11:33 -0300] "GET /cormun/servlet/trcontratosolicitud? HTTP/1.1" 200 14978
190.171.143.82 - - [09/Sep/2024:10:11:59 -0300] "GET /cormun/servlet/solicitudotcontratos?INS,2019,0,12572811,1,6,2024,4037,SUBVGENERAL,202407,5,B, HTTP/1.1" 200 10284
190.171.143.82 - - [09/Sep/2024:10:11:59 -0300] "GET /cormun/static/gxcfg.js?20201215314017 HTTP/1.1" 200 953
190.171.143.82 - - [09/Sep/2024:10:11:59 -0300] "GET /cormun/static/solicitudotcontratos.js?20201215314661 HTTP/1.1" 200 43204
190.171.143.82 - - [09/Sep/2024:10:12:00 -0300] "GET /cormun/servlet/solicitudotcontratos?18fd303a484b38d2e9a78d2b221d7b5ac46329588bb48919965e71cd5f82d7b280ff625bbc91480b1f60d4ea5f95e4b8,gx-no-cache=1725887474777 HTTP/1.1" 200 30
190.171.143.82 - - [09/Sep/2024:10:12:00 -0300] "GET /cormun/servlet/solicitudotcontratos?18fd303a484b38d2e9a78d2b221d7b5a46e79ae5405c5f88471343103b026152677ad87fa274aae7c5bb99f98b880e93,gx-no-cache=1725887474799 HTTP/1.1" 200 30
190.171.143.82 - - [09/Sep/2024:10:12:00 -0300] "GET /cormun/servlet/solicitudotcontratos?18fd303a484b38d2e9a78d2b221d7b5ad0cf0f9a595d7069f8aa186a4b17cae686a0f201ec31adb781d859e34b314964d6ef00d7f35c738f4b690628f7f0106d1a142b7d8f915880489ccc4f80255152c697bdc08d5793a5f42d8404d4d9c4b16c7b843df83e13010e97aaf75d7206c363679cc07c021ddab3bc8c5d97df1e45,gx-no-cache=1725887474817 HTTP/1.1" 200 50
190.171.143.82 - - [09/Sep/2024:10:12:00 -0300] "GET /cormun/servlet/solicitudotcontratos?18fd303a484b38d2e9a78d2b221d7b5aceecf0ff7aa73f66e8f0b7cb246a0524b08db8836dc8739f0a1f6ea15773a943,gx-no-cache=1725887474843 HTTP/1.1" 200 30
190.171.143.82 - - [09/Sep/2024:10:12:00 -0300] "GET /cormun/servlet/solicitudotcontratos?18fd303a484b38d2e9a78d2b221d7b5ab83014f25ef27103198ba54c2e589fdce7d63a7e45686041d721bd4778f01218cd7f1ddcd40649126c5314dfae70c576245e022fd4b135182587380fdb8e426b2a05161b537bb67b8abb3faf42bde03e1219f7f11d847bb3d055f36eda4ade35,gx-no-cache=1725887474868 HTTP/1.1" 200 30
190.171.143.82 - - [09/Sep/2024:10:12:00 -0300] "GET /cormun/servlet/solicitudotcontratos?18fd303a484b38d2e9a78d2b221d7b5a042587cd1501c62970e8a9aa6813a0b1d3a99a57fd346e935697d5056a3bd009cd7f1ddcd40649126c5314dfae70c5769ed0ab6653a640b73e63b43c5074631c24cf13f97f9bc4976432de49fab64b6f6429c9f5b9c467dfb869bdd1f319ffb0,gx-no-cache=1725887474890 HTTP/1.1" 200 110
190.171.143.82 - - [09/Sep/2024:10:12:00 -0300] "POST /cormun/servlet/solicitudotcontratos?gx-no-cache=1725887474921 HTTP/1.1" 200 109
190.171.143.82 - - [09/Sep/2024:10:12:00 -0300] "GET /cormun/servlet/solicitudotcontratos?18fd303a484b38d2e9a78d2b221d7b5a53d4f9fd3a8b2e52e980881e781173fff70b6675a2bf259d1032f2fe8228d9909d16ffd10605b5c115a005f0cd16ed67984a14b718c680187942859b09dab63c8aeee0db1a7bbee30f1d6a23bcfebd88f6a47f1620a48eb89df0a4bad21536700a2f2d3c66b9367b6b2ad7f7f464fd630864c14c75ddeb291d8b70d8249ef5c9def64b78b59d5d75c5ef5d06027b35bed4255458ebd4374c96db1de172ed3f77a0ba4942eaf34ab8f26d9da6fdb6f53963629aa37e3e50e78dacd820f6c95663e639493f891ae2c056c0fa4020db3898d3fc7021a43f3f8659cf665aac19807eaad2dc86d9770f5d995a020e5d10fceb,gx-no-cache=1725887474950 HTTP/1.1" 200 84
190.171.143.82 - - [09/Sep/2024:10:13:13 -0300] "POST /cormun/servlet/solicitudotcontratos?bae905cbe3d913da25808e3e9d7b1a41,INS,2019,0,12572811,1,6,2024,4037,SUBVGENERAL,202407,5,B,,gx-no-cache=1725887548239 HTTP/1.1" 200 93
190.171.143.82 - - [09/Sep/2024:10:13:13 -0300] "GET /cormun/servlet/hpexe_return? HTTP/1.1" 200 1051
190.171.143.82 - - [09/Sep/2024:10:13:13 -0300] "GET /cormun/servlet/trcontratosolicitud HTTP/1.1" 200 14988
190.171.149.74 - - [09/Sep/2024:10:14:33 -0300] "GET /cormun/servlet/trpermisosgoce? HTTP/1.1" 200 16709
190.171.149.74 - - [09/Sep/2024:10:14:35 -0300] "GET /cormun/static/menuarrow.gif HTTP/1.1" 404 1015
190.171.149.74 - - [09/Sep/2024:10:14:44 -0300] "POST /cormun/servlet/trpermisosgoce?3122d881cdb045e9ea57e74083d9d1a3,,gx-no-cache=1725887638548 HTTP/1.1" 200 4193
190.171.149.74 - - [09/Sep/2024:10:15:00 -0300] "GET /cormun/servlet/hlogin HTTP/1.1" 200 1742
190.171.143.82 - - [09/Sep/2024:10:17:10 -0300] "POST /cormun/servlet/trcontratosolicitud?bae905cbe3d913da25808e3e9d7b1a41,gx-no-cache=1725887784744 HTTP/1.1" 200 12760
181.212.40.185 - - [09/Sep/2024:10:17:14 -0300] "POST /cormun/servlet/trlicencias?6cfad67a538a267830fbf65afd0955b1,,gx-no-cache=1725887788325 HTTP/1.1" 200 16452
181.212.40.185 - - [09/Sep/2024:10:17:17 -0300] "GET /cormun/servlet/trpermisosgoce? HTTP/1.1" 200 19443
181.212.40.185 - - [09/Sep/2024:10:17:20 -0300] "GET /cormun/servlet/trsolicitudot? HTTP/1.1" 200 7251
181.212.40.185 - - [09/Sep/2024:10:17:25 -0300] "GET /cormun/servlet/trlicencias? HTTP/1.1" 200 18151
190.171.143.82 - - [09/Sep/2024:10:17:43 -0300] "POST /cormun/servlet/trcontratosolicitud?bae905cbe3d913da25808e3e9d7b1a41,gx-no-cache=1725887817989 HTTP/1.1" 200 5552
190.171.143.82 - - [09/Sep/2024:10:17:46 -0300] "POST /cormun/servlet/trcontratosolicitud?bae905cbe3d913da25808e3e9d7b1a41,gx-no-cache=1725887821179 HTTP/1.1" 200 12760
190.171.143.82 - - [09/Sep/2024:10:20:03 -0300] "POST /cormun/servlet/trcontratosolicitud?bae905cbe3d913da25808e3e9d7b1a41,gx-no-cache=1725887957990 HTTP/1.1" 200 5552
190.171.143.82 - - [09/Sep/2024:10:20:11 -0300] "POST /cormun/servlet/trcontratosolicitud?bae905cbe3d913da25808e3e9d7b1a41,gx-no-cache=1725887966189 HTTP/1.1" 200 12761
181.212.40.185 - - [09/Sep/2024:10:24:35 -0300] "GET /cormun/servlet/trlicencias? HTTP/1.1" 200 18146
190.171.154.42 - - [09/Sep/2024:10:26:16 -0300] "GET /cormun/servlet/permisogoce?3bfae603ff81a266dcf468fca9b4595d2eb98bc083b85a928570972ec650f965e335f2d25d1de1aaa5cff668119bc6d8727d4b2194e0b261d4c27ef77cedb093,gx-no-cache=1725888330656 HTTP/1.1" 200 76
190.171.154.42 - - [09/Sep/2024:10:26:24 -0300] "GET /cormun/static/menuarrow.gif HTTP/1.1" 404 1015
190.171.154.42 - - [09/Sep/2024:10:26:27 -0300] "GET /cormun/servlet/permisogoce?3bfae603ff81a266dcf468fca9b4595dff1dc5757c490520f20796f043abdcc05d9f5e75a27f02c47a0630dacdd511ede792ed377248156909aa3024da616fdd,gx-no-cache=1725888341638 HTTP/1.1" 200 44
190.171.154.42 - - [09/Sep/2024:10:26:29 -0300] "POST /cormun/servlet/permisogoce?d7090b0ffc91da89e402ee38f241d866,INS,0,,,,gx-no-cache=1725888343111 HTTP/1.1" 200 93
190.171.154.42 - - [09/Sep/2024:10:26:29 -0300] "GET /cormun/servlet/hpexe_return? HTTP/1.1" 200 1008
190.171.154.42 - - [09/Sep/2024:10:26:29 -0300] "GET /cormun/servlet/trpermisosgoce HTTP/1.1" 200 10771
190.171.154.42 - - [09/Sep/2024:10:26:34 -0300] "GET /cormun/servlet/permisogoce?INS,0,,, HTTP/1.1" 200 6737
190.171.154.42 - - [09/Sep/2024:10:26:48 -0300] "GET /cormun/servlet/permisogoce?3bfae603ff81a266dcf468fca9b4595d184d649093112316633a7de9043a962ce335f2d25d1de1aaa5cff668119bc6d8727d4b2194e0b261d4c27ef77cedb093,gx-no-cache=1725888363166 HTTP/1.1" 200 81
190.171.154.42 - - [09/Sep/2024:10:26:53 -0300] "GET /cormun/static/menuarrow.gif HTTP/1.1" 404 1015
