190.171.143.82 - - [09/Sep/2024:08:26:27 -0300] "GET /cormun/static/hpexe_scripts.js?20201214471411 HTTP/1.1" 200 1544
190.171.143.82 - - [09/Sep/2024:08:26:27 -0300] "GET /cormun/static/hpexe_messagecontroller.js?202211298371222 HTTP/1.1" 200 870
190.171.143.82 - - [09/Sep/2024:08:26:27 -0300] "GET /cormun/static/hpexe_messagepopupcomponent.js?2020121447232 HTTP/1.1" 200 605
190.171.143.82 - - [09/Sep/2024:08:26:27 -0300] "GET /cormun/static/hpexe_messagegenexuscomponent.js?20221129836373 HTTP/1.1" 200 587
190.171.143.82 - - [09/Sep/2024:08:26:27 -0300] "GET /cormun/static/cmcontrolpreferences.js?20199141926336 HTTP/1.1" 200 1375
190.171.143.82 - - [09/Sep/2024:08:26:27 -0300] "GET /cormun/static/gxui/gxui-all.js HTTP/1.1" 200 107772
190.171.143.82 - - [09/Sep/2024:08:26:27 -0300] "GET /cormun/static/SmoothNavMenu/resources/ddsmoothmenu.js HTTP/1.1" 200 12712
190.171.143.82 - - [09/Sep/2024:08:26:27 -0300] "GET /cormun/static/SmoothNavMenu/resources/SmoothNavMenuRender.js HTTP/1.1" 200 5951
190.171.143.82 - - [09/Sep/2024:08:26:27 -0300] "GET /cormun/static/scaMessage/js/jquery.pnotify.min.js HTTP/1.1" 200 13038
190.171.143.82 - - [09/Sep/2024:08:26:27 -0300] "GET /cormun/static/Shared/jquery/jquery-1.4.2.min.js HTTP/1.1" 200 72174
190.171.143.82 - - [09/Sep/2024:08:26:27 -0300] "GET /cormun/static/scaMessage/scaMessageRender.js HTTP/1.1" 200 11977
190.171.143.82 - - [09/Sep/2024:08:26:27 -0300] "GET /cormun/static/hmpwkw03.js?20221129844354 HTTP/1.1" 200 3971
190.171.143.82 - - [09/Sep/2024:08:26:28 -0300] "GET /cormun/static/Resources/PXToolsDataTitle.png HTTP/1.1" 200 1173
190.171.143.82 - - [09/Sep/2024:08:26:28 -0300] "GET /cormun/static/Shared/jquery/jquery-1.10.2.min.js HTTP/1.1" 200 273199
190.171.143.82 - - [09/Sep/2024:08:26:28 -0300] "GET /cormun/static/Shared/ext/ext-all.js HTTP/1.1" 200 1289687
190.171.143.82 - - [09/Sep/2024:08:26:28 -0300] "GET /cormun/static/Shared/jqueryui/jquery-ui.min.js HTTP/1.1" 200 240427
190.171.143.82 - - [09/Sep/2024:08:26:29 -0300] "GET /cormun/static/SmoothNavMenu/resources/images/down.gif HTTP/1.1" 200 854
190.171.143.82 - - [09/Sep/2024:08:26:29 -0300] "GET /cormun/static/SmoothNavMenu/resources/images/right.gif HTTP/1.1" 200 860
190.171.143.82 - - [09/Sep/2024:08:26:52 -0300] "GET /cormun/servlet/trpermisosgoce? HTTP/1.1" 200 12236
190.171.143.82 - - [09/Sep/2024:08:26:52 -0300] "GET /cormun/static/gxui/gxui-all.css?120300 HTTP/1.1" 200 2179
190.171.143.82 - - [09/Sep/2024:08:26:52 -0300] "GET /cormun/static/gxcfg.js?2020121631564 HTTP/1.1" 200 953
190.171.143.82 - - [09/Sep/2024:08:26:52 -0300] "GET /cormun/static/calendar-system.css?85620 HTTP/1.1" 200 5572
190.171.143.82 - - [09/Sep/2024:08:26:52 -0300] "GET /cormun/static/calendar-setup.js?85251 HTTP/1.1" 200 2588
190.171.143.82 - - [09/Sep/2024:08:26:52 -0300] "GET /cormun/static/calendar-es.js?85251 HTTP/1.1" 200 1901
190.171.143.82 - - [09/Sep/2024:08:26:52 -0300] "GET /cormun/static/calendar.js?85251 HTTP/1.1" 200 26246
190.171.143.82 - - [09/Sep/2024:08:26:52 -0300] "GET /cormun/static/Shared/ext/resources/css/ext-all.css?215870 HTTP/1.1" 200 416045
190.171.143.82 - - [09/Sep/2024:08:26:53 -0300] "GET /cormun/static/Resources/PXTools/calendar.png HTTP/1.1" 200 1306
190.171.143.82 - - [09/Sep/2024:08:26:53 -0300] "GET /cormun/static/gxdec.js?85251 HTTP/1.1" 200 19579
190.171.143.82 - - [09/Sep/2024:08:26:53 -0300] "GET /cormun/static/trpermisosgoce.js?2020121633681 HTTP/1.1" 200 35904
190.171.143.82 - - [09/Sep/2024:08:26:53 -0300] "GET /cormun/static/Resources/PXToolsGridFirstDisabled.gif HTTP/1.1" 200 100
190.171.143.82 - - [09/Sep/2024:08:26:53 -0300] "GET /cormun/static/Resources/PXToolsGridNextDisabled.gif HTTP/1.1" 200 90
190.171.143.82 - - [09/Sep/2024:08:26:53 -0300] "GET /cormun/static/Resources/PXToolsGridPreviousDisabled.gif HTTP/1.1" 200 90
190.171.143.82 - - [09/Sep/2024:08:26:53 -0300] "GET /cormun/static/Resources/PXToolsGridLastDisabled.gif HTTP/1.1" 200 98
190.171.143.82 - - [09/Sep/2024:08:26:53 -0300] "GET /cormun/static/Resources/PXToolsDataSearch.png HTTP/1.1" 200 435
190.171.143.82 - - [09/Sep/2024:08:26:53 -0300] "GET /cormun/static/Resources/PXToolsGridPage.gif HTTP/1.1" 200 725
190.171.143.82 - - [09/Sep/2024:08:26:53 -0300] "GET /cormun/static/Resources/PXToolsActionExcel.png HTTP/1.1" 200 727
190.171.143.82 - - [09/Sep/2024:08:26:53 -0300] "GET /cormun/static/Resources/PXToolsAddAllAction.png HTTP/1.1" 200 495
190.171.143.82 - - [09/Sep/2024:08:26:53 -0300] "GET /cormun/static/Resources/asc.gif HTTP/1.1" 200 67
190.171.143.82 - - [09/Sep/2024:08:26:53 -0300] "GET /cormun/static/Resources/desc.gif HTTP/1.1" 200 65
190.171.143.82 - - [09/Sep/2024:08:26:53 -0300] "GET /cormun//static/Resources/PXTools/ActionInsert.png HTTP/1.1" 200 1482
190.171.143.82 - - [09/Sep/2024:08:26:53 -0300] "GET /cormun//static/Resources/PXToolsActionPrint.png HTTP/1.1" 200 404
190.171.143.82 - - [09/Sep/2024:08:26:53 -0300] "GET /cormun//static/Resources/PXToolsActionDisabled.gif HTTP/1.1" 200 53
190.171.143.82 - - [09/Sep/2024:08:26:53 -0300] "GET /cormun//static/Resources/PXToolsGridDisplay.png HTTP/1.1" 200 525
190.171.143.82 - - [09/Sep/2024:08:26:53 -0300] "GET /cormun//static/Resources/PXToolsGridDelete.png HTTP/1.1" 200 538
190.171.143.82 - - [09/Sep/2024:08:26:53 -0300] "GET /cormun//static/Resources/PXToolsHeaderFavorites.png HTTP/1.1" 200 1414
190.171.143.82 - - [09/Sep/2024:08:26:53 -0300] "GET /cormun//static/Resources/PXToolsHeaderHelp.png HTTP/1.1" 200 1333
190.171.143.82 - - [09/Sep/2024:08:26:53 -0300] "GET /cormun/static/Shared/ext/resources/themes/images/default/panel/bg-headersPanel.png HTTP/1.1" 200 255
190.171.143.82 - - [09/Sep/2024:08:26:53 -0300] "GET /cormun/static/Shared/ext/resources/themes/images/default/tools/tool-sprites.gif HTTP/1.1" 200 5434
190.171.149.74 - - [09/Sep/2024:08:28:10 -0300] "POST /cormun/servlet/trlicencias?eb33ccab7092a1eca9e38b396d9cdf4a,,gx-no-cache=1725881244522 HTTP/1.1" 200 12141
190.171.153.26 - - [09/Sep/2024:08:28:32 -0300] "GET /cormun/servlet/hlogin HTTP/1.1" 200 1717
190.171.153.26 - - [09/Sep/2024:08:28:32 -0300] "GET /cormun/servlet/hlogin HTTP/1.1" 200 1728
190.171.153.26 - - [09/Sep/2024:08:28:43 -0300] "POST /cormun/servlet/hlogin?24f91beb96579de786e16cd5e00c7483,gx-no-cache=1725881316285 HTTP/1.1" 200 90
190.171.153.26 - - [09/Sep/2024:08:28:43 -0300] "GET /cormun/servlet/hpexe_link HTTP/1.1" 200 948
190.171.153.26 - - [09/Sep/2024:08:28:43 -0300] "GET /cormun/servlet/hhome HTTP/1.1" 200 3966
190.171.153.26 - - [09/Sep/2024:08:28:52 -0300] "GET /cormun/servlet/trpermisosgoce? HTTP/1.1" 200 11194
190.171.153.26 - - [09/Sep/2024:08:28:52 -0300] "GET /cormun/static/gxcfg.js?2020121631564 HTTP/1.1" 304 -
190.171.153.26 - - [09/Sep/2024:08:28:52 -0300] "GET /cormun/static/trpermisosgoce.js?2020121633681 HTTP/1.1" 304 -
190.171.153.26 - - [09/Sep/2024:08:29:06 -0300] "POST /cormun/servlet/trpermisosgoce?24f91beb96579de786e16cd5e00c7483,,gx-no-cache=1725881338833 HTTP/1.1" 200 5282
190.171.141.122 - - [09/Sep/2024:08:29:26 -0300] "GET /cormun/servlet/hlogin HTTP/1.1" 200 1725
190.171.141.122 - - [09/Sep/2024:08:29:26 -0300] "GET /cormun/servlet/hlogin HTTP/1.1" 200 1734
190.171.141.122 - - [09/Sep/2024:08:30:16 -0300] "POST /cormun/servlet/hlogin?314b11d1cf48ca495095a391ee0a156f,gx-no-cache=1725834476936 HTTP/1.1" 200 90
190.171.141.122 - - [09/Sep/2024:08:30:16 -0300] "GET /cormun/servlet/hpexe_link HTTP/1.1" 200 954
190.171.141.122 - - [09/Sep/2024:08:30:16 -0300] "GET /cormun/servlet/hhome HTTP/1.1" 200 3913
190.171.141.122 - - [09/Sep/2024:08:30:19 -0300] "GET /cormun/servlet/trlicencias? HTTP/1.1" 200 10470
190.171.143.106 - - [09/Sep/2024:08:32:58 -0300] "GET /cormun/servlet/hhome HTTP/1.1" 200 3315
190.171.143.106 - - [09/Sep/2024:08:32:58 -0300] "GET /cormun/servlet/hlogin HTTP/1.1" 200 1725
190.171.143.106 - - [09/Sep/2024:08:33:02 -0300] "POST /cormun/servlet/hlogin?0d6a98ed69cd869a8c9b3287706b68fd,gx-no-cache=1725881537025 HTTP/1.1" 200 90
190.171.143.106 - - [09/Sep/2024:08:33:02 -0300] "GET /cormun/servlet/hpexe_link HTTP/1.1" 200 945
190.171.143.106 - - [09/Sep/2024:08:33:02 -0300] "GET /cormun/servlet/hhome HTTP/1.1" 200 4264
190.171.143.106 - - [09/Sep/2024:08:33:05 -0300] "GET /cormun/servlet/trlicencias? HTTP/1.1" 200 12151
190.171.141.82 - - [09/Sep/2024:08:35:38 -0300] "GET /cormun/servlet/hlogin HTTP/1.1" 200 1723
190.171.141.82 - - [09/Sep/2024:08:35:40 -0300] "GET /cormun/servlet/hlogin HTTP/1.1" 200 1733
190.171.141.82 - - [09/Sep/2024:08:35:43 -0300] "POST /cormun/servlet/hlogin?c752d9d37795ae3c4530aadbb8eab265,gx-no-cache=1725881697207 HTTP/1.1" 200 90
190.171.141.82 - - [09/Sep/2024:08:35:43 -0300] "GET /cormun/servlet/hpexe_link HTTP/1.1" 200 953
190.171.141.82 - - [09/Sep/2024:08:35:43 -0300] "GET /cormun/servlet/hhome HTTP/1.1" 200 4339
190.171.141.82 - - [09/Sep/2024:08:35:47 -0300] "GET /cormun/servlet/trpermisosgoce? HTTP/1.1" 200 14944
190.95.15.15 - - [09/Sep/2024:08:36:00 -0300] "GET /cormun/servlet/hlogin HTTP/1.1" 200 1714
190.95.15.15 - - [09/Sep/2024:08:36:00 -0300] "GET /cormun/servlet/hlogin HTTP/1.1" 200 1725
190.95.15.15 - - [09/Sep/2024:08:36:07 -0300] "POST /cormun/servlet/hlogin?93d10a33d1f81c627776c2b5950eaf8d,gx-no-cache=1725881722075 HTTP/1.1" 200 90
190.95.15.15 - - [09/Sep/2024:08:36:07 -0300] "GET /cormun/servlet/hpexe_link HTTP/1.1" 200 945
190.95.15.15 - - [09/Sep/2024:08:36:07 -0300] "GET /cormun/servlet/hhome HTTP/1.1" 200 3967
190.171.149.74 - - [09/Sep/2024:08:36:14 -0300] "POST /cormun/servlet/trlicencias?eb33ccab7092a1eca9e38b396d9cdf4a,,gx-no-cache=1725881728325 HTTP/1.1" 200 12135
190.171.141.82 - - [09/Sep/2024:08:36:30 -0300] "GET /cormun/servlet/permisogoce?INS,0,,, HTTP/1.1" 200 7231
190.171.141.82 - - [09/Sep/2024:08:36:30 -0300] "GET /cormun/static/gxcfg.js?20201215124560 HTTP/1.1" 200 953
190.171.141.82 - - [09/Sep/2024:08:36:30 -0300] "GET /cormun/static/permisogoce.js?20201215124939 HTTP/1.1" 200 27790
190.171.149.74 - - [09/Sep/2024:08:36:32 -0300] "POST /cormun/servlet/trlicencias?eb33ccab7092a1eca9e38b396d9cdf4a,,gx-no-cache=1725881747020 HTTP/1.1" 200 12137
190.171.149.74 - - [09/Sep/2024:08:36:41 -0300] "POST /cormun/servlet/trlicencias?eb33ccab7092a1eca9e38b396d9cdf4a,,gx-no-cache=1725881755387 HTTP/1.1" 200 12138
190.171.141.82 - - [09/Sep/2024:08:36:41 -0300] "GET /cormun/static/menuarrow.gif HTTP/1.1" 404 1015
190.171.141.82 - - [09/Sep/2024:08:36:49 -0300] "GET /cormun/servlet/permisogoce?da09c2e19f941f2d6ceadd0ed9a07a11225eca161fcc71673e9f724daa7bd4381763c169913aa131ee116f1b3932a50a7d0821099b95af89f31a51f0cde59698,gx-no-cache=1725881763651 HTTP/1.1" 200 85
190.171.141.82 - - [09/Sep/2024:08:36:53 -0300] "GET /cormun/servlet/permisogoce?da09c2e19f941f2d6ceadd0ed9a07a11e423b01683d28fb3f52bb53591f000815193cf8554b5ac1102893157c4b7c6e56f651c33548df1d6155fd67671a583f8,gx-no-cache=1725881767609 HTTP/1.1" 200 48
190.171.141.82 - - [09/Sep/2024:08:36:54 -0300] "POST /cormun/servlet/permisogoce?c752d9d37795ae3c4530aadbb8eab265,INS,0,,,,gx-no-cache=1725881768384 HTTP/1.1" 200 93
190.171.141.82 - - [09/Sep/2024:08:36:54 -0300] "GET /cormun/servlet/hpexe_return? HTTP/1.1" 200 1012
190.171.141.82 - - [09/Sep/2024:08:36:54 -0300] "GET /cormun/servlet/trpermisosgoce HTTP/1.1" 200 15187
190.171.141.82 - - [09/Sep/2024:08:36:57 -0300] "GET /cormun/servlet/apermisogoceprn?15125556,P,20240909083406,PU HTTP/1.1" 200 1654
190.95.15.15 - - [09/Sep/2024:08:37:14 -0300] "GET /cormun/servlet/trlicencias? HTTP/1.1" 200 13297
190.171.149.74 - - [09/Sep/2024:08:37:39 -0300] "GET /cormun/servlet/trpermisosgoce? HTTP/1.1" 200 16788
190.171.149.74 - - [09/Sep/2024:08:37:41 -0300] "GET /cormun/servlet/permisogoce?INS,0,,, HTTP/1.1" 200 6844
190.171.149.74 - - [09/Sep/2024:08:38:20 -0300] "GET /cormun/servlet/permisogoce?ec48535a2a232b7679a15f6c5d8d552316c52557d6ad9f12f5dff5c4b2f33280a99a8a066aa19ca57642aa6bb32d1146debfc9269389cfc99dac28a83d1288d1,gx-no-cache=1725881854823 HTTP/1.1" 200 79
190.171.149.74 - - [09/Sep/2024:08:38:23 -0300] "GET /cormun/static/menuarrow.gif HTTP/1.1" 404 1015
190.171.149.74 - - [09/Sep/2024:08:38:27 -0300] "GET /cormun/servlet/permisogoce?ec48535a2a232b7679a15f6c5d8d5523b94f74075e4a09fb8e1b3183628900cd9178fa292ca2a8d7556db0b0d7f3bddb29ecd2cbbd3f1e9310b626a2ee4957ea,gx-no-cache=1725881862032 HTTP/1.1" 200 45
190.171.149.74 - - [09/Sep/2024:08:38:29 -0300] "POST /cormun/servlet/permisogoce?eb33ccab7092a1eca9e38b396d9cdf4a,INS,0,,,,gx-no-cache=1725881863922 HTTP/1.1" 200 93
190.171.149.74 - - [09/Sep/2024:08:38:29 -0300] "GET /cormun/servlet/hpexe_return? HTTP/1.1" 200 1009
190.171.149.74 - - [09/Sep/2024:08:38:30 -0300] "GET /cormun/servlet/trpermisosgoce HTTP/1.1" 200 16964
190.171.149.74 - - [09/Sep/2024:08:38:32 -0300] "GET /cormun/servlet/apermisogoceprn?9999971,P,20240909075441,PU HTTP/1.1" 200 1651
181.162.169.113 - - [09/Sep/2024:08:38:48 -0300] "½¹lš/„Z ¤hC£ä?$z š2{ÀVI¸UÝQŽ%C MùOW|S¾0{&ÿ´3ðÕà´Ã®÷œ" 400 -
181.162.169.113 - - [09/Sep/2024:08:38:48 -0300] "ÝÙ6˜­(ãû—ÇãÁ!œ°?±ÐÀ2~OÜ=P§S f{ˆQ º0G¿²s™Ó;kWó—þ£³³µǨVå/Ý **À+À/À,À0̨̩ÀÀœ/5pzzDih2 h2http/1.13ïíc™À•ìpw{~áljºÊ˜ìÖVùHø¦î8!P“xšëÛ R±']#gùžL (•ùVæt YP7SD‘ EzÌR¾÷D§ R0Iݓ4ÅRÏÏXp¯²=" ™,Tû5œû˓Ì¤eÚqŸjnŸ‘" 400 -
181.162.169.113 - - [09/Sep/2024:08:38:48 -0300] "GET /cormun/servlet/hlogin HTTP/1.1" 200 1723
190.171.149.74 - - [09/Sep/2024:08:38:48 -0300] "GET /cormun/servlet/apermisogoceprn?11981479,P,20240909083518,PU HTTP/1.1" 200 1639
181.162.169.113 - - [09/Sep/2024:08:38:48 -0300] "GET /cormun/static/gxtimezone.js?85251 HTTP/1.1" 200 5781
181.162.169.113 - - [09/Sep/2024:08:38:48 -0300] "GET /cormun/static/gxcfg.js?2022112219184450 HTTP/1.1" 200 953
181.162.169.113 - - [09/Sep/2024:08:38:48 -0300] "GET /cormun/static/Resources/CormunLogin.png HTTP/1.1" 200 19132
181.162.169.113 - - [09/Sep/2024:08:38:48 -0300] "GET /cormun/static/messages.spa.js?85251 HTTP/1.1" 200 30736
181.162.169.113 - - [09/Sep/2024:08:38:48 -0300] "GET /cormun/static/Resources/Spanish/PXTools.css?1759030 HTTP/1.1" 200 100853
181.162.169.113 - - [09/Sep/2024:08:38:48 -0300] "GET /cormun/static/gxgral.js?85251 HTTP/1.1" 200 384558
181.162.169.113 - - [09/Sep/2024:08:38:48 -0300] "GET /cormun/static/hlogin.js?2022112219184458 HTTP/1.1" 200 2156
181.162.169.113 - - [09/Sep/2024:08:38:49 -0300] "GET /cormun/static/Resources/PXToolsLoginTop.png HTTP/1.1" 200 1337
181.162.169.113 - - [09/Sep/2024:08:38:49 -0300] "GET /cormun/static/Resources/PXToolsButtonBackground.png HTTP/1.1" 200 1176
181.162.169.113 - - [09/Sep/2024:08:38:49 -0300] "GET /cormun/static/Resources/PXToolsLoginBackground.png HTTP/1.1" 200 1164
181.162.169.113 - - [09/Sep/2024:08:38:49 -0300] "GET /cormun/static/Resources/PXToolsButtonRight.png HTTP/1.1" 200 1294
181.162.169.113 - - [09/Sep/2024:08:38:49 -0300] "GET /cormun/static/Resources/PXToolsLoginBottom.png HTTP/1.1" 200 1389
181.162.169.113 - - [09/Sep/2024:08:38:49 -0300] "GET /cormun/static/Resources/PXToolsButtonLeft.png HTTP/1.1" 200 1310
181.162.169.113 - - [09/Sep/2024:08:38:49 -0300] "GET /cormun/servlet/hlogin HTTP/1.1" 200 1734
181.162.169.113 - - [09/Sep/2024:08:38:49 -0300] "GET /cormun/static/Resources/indicator.gif HTTP/1.1" 200 1553
181.162.169.113 - - [09/Sep/2024:08:38:49 -0300] "GET /cormun/static/Resources/indicator.gif HTTP/1.1" 200 1553
181.162.169.113 - - [09/Sep/2024:08:38:49 -0300] "GET /favicon.ico HTTP/1.1" 200 21630
190.171.153.34 - - [09/Sep/2024:08:38:49 -0300] "GET /cormun/servlet/hlogin HTTP/1.1" 200 1714
190.171.153.34 - - [09/Sep/2024:08:38:49 -0300] "GET /cormun/servlet/hlogin HTTP/1.1" 200 1725
190.171.143.82 - - [09/Sep/2024:08:38:54 -0300] "GET /cormun/servlet/hhome HTTP/1.1" 200 4250
190.171.153.34 - - [09/Sep/2024:08:38:59 -0300] "POST /cormun/servlet/hlogin?42a76732ed316b69e190117ca47ac422,gx-no-cache=1725881893573 HTTP/1.1" 200 90
190.171.153.34 - - [09/Sep/2024:08:38:59 -0300] "GET /cormun/servlet/hpexe_link HTTP/1.1" 200 946
190.171.153.34 - - [09/Sep/2024:08:38:59 -0300] "GET /cormun/servlet/hhome HTTP/1.1" 200 4358
190.171.143.82 - - [09/Sep/2024:08:39:00 -0300] "GET /cormun/servlet/trpermisosgoce? HTTP/1.1" 200 12236
190.171.153.34 - - [09/Sep/2024:08:39:01 -0300] "GET /cormun/servlet/trlicencias? HTTP/1.1" 200 11158
190.171.143.82 - - [09/Sep/2024:08:39:07 -0300] "GET /cormun/servlet/permisogoce?INS,0,,, HTTP/1.1" 200 7152
190.171.143.82 - - [09/Sep/2024:08:39:07 -0300] "GET /cormun/static/gxcfg.js?20201215124560 HTTP/1.1" 200 953
190.171.143.82 - - [09/Sep/2024:08:39:07 -0300] "GET /cormun/static/Resources/prompt.gif HTTP/1.1" 200 902
190.171.143.82 - - [09/Sep/2024:08:39:07 -0300] "GET /cormun/static/permisogoce.js?20201215124939 HTTP/1.1" 200 27790
190.171.143.82 - - [09/Sep/2024:08:39:22 -0300] "GET /cormun/servlet/permisogoce?a8e7a9179c4729969c57655ea900bf7625ac0adecc6cc93fda11060a33d6bd0571bc6274f1c327f3b4adfc16b47534f4a22df5d2fde2437cadc2572c070ca00b,gx-no-cache=1725881917161 HTTP/1.1" 200 80
190.171.143.82 - - [09/Sep/2024:08:39:28 -0300] "GET /cormun/servlet/permisogoce?a8e7a9179c4729969c57655ea900bf76d9f6bd7c8be0c76fb81fcaa828a6d37dec50835df1922f31a51d213373ef368c8318c23571b17012192b5dc575ca9f30,gx-no-cache=1725881923175 HTTP/1.1" 200 46
190.171.143.82 - - [09/Sep/2024:08:39:31 -0300] "POST /cormun/servlet/permisogoce?bae905cbe3d913da25808e3e9d7b1a41,INS,0,,,,gx-no-cache=1725881926323 HTTP/1.1" 200 93
190.171.143.82 - - [09/Sep/2024:08:39:31 -0300] "GET /cormun/servlet/hpexe_return? HTTP/1.1" 200 1007
190.171.143.82 - - [09/Sep/2024:08:39:31 -0300] "GET /cormun/static/gxcfg.js?20221129846035 HTTP/1.1" 200 953
190.171.143.82 - - [09/Sep/2024:08:39:31 -0300] "GET /cormun/static/hpexe_return.js?20221129846037 HTTP/1.1" 200 1633
190.171.143.82 - - [09/Sep/2024:08:39:32 -0300] "GET /cormun/servlet/trpermisosgoce HTTP/1.1" 200 12579
190.171.143.82 - - [09/Sep/2024:08:39:32 -0300] "GET /cormun//static/Resources/PXToolsGridUpdate.png HTTP/1.1" 200 470
190.171.143.82 - - [09/Sep/2024:08:39:36 -0300] "GET /cormun/servlet/apermisogoceprn?17522932,P,20240909083644,PU HTTP/1.1" 200 1647
40.77.167.219 - - [09/Sep/2024:08:40:14 -0300] "GET /robots.txt HTTP/1.1" 404 981
190.95.15.15 - - [09/Sep/2024:08:40:22 -0300] "GET /cormun/servlet/licenciaspermisos?DSP,14203762,L,20240905000000, HTTP/1.1" 200 7055
190.95.15.15 - - [09/Sep/2024:08:40:22 -0300] "GET /cormun/static/gxcfg.js?202012153173 HTTP/1.1" 200 953
190.95.15.15 - - [09/Sep/2024:08:40:22 -0300] "GET /cormun/static/licenciaspermisos.js?2020121532136 HTTP/1.1" 200 38753
52.167.144.176 - - [09/Sep/2024:08:40:23 -0300] "GET /cormun/servlet/hlogin HTTP/1.1" 200 1712
190.95.15.15 - - [09/Sep/2024:08:40:27 -0300] "POST /cormun/servlet/licenciaspermisos?93d10a33d1f81c627776c2b5950eaf8d,DSP,14203762,L,20240905000000,,gx-no-cache=1725881982222 HTTP/1.1" 200 93
190.95.15.15 - - [09/Sep/2024:08:40:27 -0300] "GET /cormun/servlet/hpexe_return? HTTP/1.1" 200 1024
190.95.15.15 - - [09/Sep/2024:08:40:27 -0300] "GET /cormun/servlet/trlicencias HTTP/1.1" 200 13300
190.171.143.82 - - [09/Sep/2024:08:40:32 -0300] "GET /cormun/servlet/permisogoce?INS,0,,, HTTP/1.1" 200 7152
190.171.143.82 - - [09/Sep/2024:08:40:51 -0300] "GET /cormun/servlet/permisogoce?a8e7a9179c4729969c57655ea900bf761ac276d424f6221b85a273e1c5c2b78e71bc6274f1c327f3b4adfc16b47534f4a22df5d2fde2437cadc2572c070ca00b,gx-no-cache=1725882006450 HTTP/1.1" 200 79
190.171.143.82 - - [09/Sep/2024:08:40:56 -0300] "GET /cormun/servlet/permisogoce?a8e7a9179c4729969c57655ea900bf76c929f7826ddf1d9679707a43e23a6f3fee64ecacb9de47fca6e451a39431fd826cea28d9cdcc7641caf9d5d41a887e7e,gx-no-cache=1725882011322 HTTP/1.1" 200 45
190.171.143.82 - - [09/Sep/2024:08:40:58 -0300] "POST /cormun/servlet/permisogoce?bae905cbe3d913da25808e3e9d7b1a41,INS,0,,,,gx-no-cache=1725882012996 HTTP/1.1" 200 93
190.171.143.82 - - [09/Sep/2024:08:40:58 -0300] "GET /cormun/servlet/hpexe_return? HTTP/1.1" 200 1007
190.171.143.82 - - [09/Sep/2024:08:40:58 -0300] "GET /cormun/servlet/trpermisosgoce HTTP/1.1" 200 12791
190.171.143.82 - - [09/Sep/2024:08:41:07 -0300] "GET /cormun/servlet/apermisogoceprn?17522932,P,20240909083644,PU HTTP/1.1" 200 1647
154.213.184.18 - - [09/Sep/2024:08:43:28 -0300] "CONNECT example.com:443 HTTP/1.1" 400 -
190.171.143.82 - - [09/Sep/2024:08:44:05 -0300] "GET /cormun/servlet/apermisogoceprn?17134240,P,20240909083808,PU HTTP/1.1" 200 1654
190.171.141.138 - - [09/Sep/2024:08:44:57 -0300] "GET /cormun/servlet/hlogin HTTP/1.1" 200 1720
190.171.141.138 - - [09/Sep/2024:08:44:57 -0300] "GET /cormun/servlet/hlogin HTTP/1.1" 200 1730
190.171.141.138 - - [09/Sep/2024:08:44:58 -0300] "GET /favicon.ico HTTP/1.1" 200 21630
190.171.141.138 - - [09/Sep/2024:08:45:00 -0300] "POST /cormun/servlet/hlogin?5db70e41ef11123289c1d4839b097b15,gx-no-cache=1725882254948 HTTP/1.1" 200 90
190.171.141.138 - - [09/Sep/2024:08:45:00 -0300] "GET /cormun/servlet/hpexe_link HTTP/1.1" 200 951
190.171.141.138 - - [09/Sep/2024:08:45:00 -0300] "GET /cormun/servlet/hhome HTTP/1.1" 200 4477
190.171.141.138 - - [09/Sep/2024:08:45:07 -0300] "GET /cormun/servlet/trlicencias? HTTP/1.1" 200 15376
190.171.143.90 - - [09/Sep/2024:08:45:41 -0300] "GET /cormun/servlet/hlogin HTTP/1.1" 200 1723
190.171.143.90 - - [09/Sep/2024:08:45:48 -0300] "GET /cormun/servlet/hlogin HTTP/1.1" 200 1733
185.224.128.84 - - [09/Sep/2024:08:45:52 -0300] "GET /cgi-bin/luci/;stok=/locale HTTP/1.1" 404 1013
190.171.143.90 - - [09/Sep/2024:08:45:55 -0300] "POST /cormun/servlet/hlogin?1c4e1acd02d79f62b1baa8b670948a27,gx-no-cache=1725882311557 HTTP/1.1" 200 90
190.171.143.90 - - [09/Sep/2024:08:45:55 -0300] "GET /cormun/servlet/hpexe_link HTTP/1.1" 200 955
190.171.143.90 - - [09/Sep/2024:08:45:55 -0300] "GET /cormun/servlet/hhome HTTP/1.1" 200 4326
190.171.143.90 - - [09/Sep/2024:08:45:59 -0300] "GET /cormun/servlet/trlicencias? HTTP/1.1" 200 11947
190.171.143.90 - - [09/Sep/2024:08:46:14 -0300] "GET /cormun/static/menuarrow.gif HTTP/1.1" 404 1015
190.171.143.90 - - [09/Sep/2024:08:46:22 -0300] "POST /cormun/servlet/trlicencias?1c4e1acd02d79f62b1baa8b670948a27,,gx-no-cache=1725882339118 HTTP/1.1" 200 13464
190.171.143.90 - - [09/Sep/2024:08:46:26 -0300] "POST /cormun/servlet/trlicencias?1c4e1acd02d79f62b1baa8b670948a27,,gx-no-cache=1725882342654 HTTP/1.1" 200 13465
190.171.143.90 - - [09/Sep/2024:08:46:26 -0300] "POST /cormun/servlet/trlicencias?1c4e1acd02d79f62b1baa8b670948a27,,gx-no-cache=1725882343018 HTTP/1.1" 200 13462
185.224.128.83 - - [09/Sep/2024:08:46:43 -0300] "GET /cgi-bin/luci/;stok=/locale HTTP/1.1" 404 1013
190.171.141.138 - - [09/Sep/2024:08:47:13 -0300] "GET /cormun/servlet/trsolicitudot? HTTP/1.1" 200 7693
190.171.141.138 - - [09/Sep/2024:08:47:17 -0300] "GET /cormun/servlet/solicitudot?INS,0,0,false, HTTP/1.1" 200 16474
190.171.141.138 - - [09/Sep/2024:08:47:27 -0300] "POST /cormun/servlet/solicitudot?gx-no-cache=1725882401932 HTTP/1.1" 200 4039
190.171.141.138 - - [09/Sep/2024:08:47:27 -0300] "POST /cormun/servlet/solicitudot?5db70e41ef11123289c1d4839b097b15,INS,0,0,false,,gx-no-cache=1725882401998 HTTP/1.1" 200 12887
190.171.141.138 - - [09/Sep/2024:08:47:39 -0300] "GET /cormun/servlet/solicitudot?a9f7b05eac2b334b3391eec745d61b4e39cca18af618490a325b49fb990406380047bd0220c762995ba172b059bfa288,gx-no-cache=1725882413949 HTTP/1.1" 200 30
190.171.141.138 - - [09/Sep/2024:08:48:57 -0300] "GET /cormun/servlet/prbanco?,MD,,gxPopupLevel%3D0%3B HTTP/1.1" 200 6872
190.171.141.138 - - [09/Sep/2024:08:49:03 -0300] "GET /cormun/servlet/solicitudot?a9f7b05eac2b334b3391eec745d61b4e12e388c4d50b5ab7131ef86d10855bb3661b28d4e5e2a207414e14ed00cf2591f665daf7ff5c13456742d7a7cf98c7a96cbd65c5e87c79a965bbb575e0aeec44,gx-no-cache=1725882497824 HTTP/1.1" 200 30
190.171.141.138 - - [09/Sep/2024:08:49:08 -0300] "GET /cormun/servlet/solicitudot?a9f7b05eac2b334b3391eec745d61b4eceaa99ea278bc3891f62ddba6f7adf4a,gx-no-cache=1725882502996 HTTP/1.1" 200 53
190.171.141.138 - - [09/Sep/2024:08:49:52 -0300] "GET /cormun/servlet/prbanco?,MD,,gxPopupLevel%3D0%3B HTTP/1.1" 200 6872
190.171.142.10 - - [09/Sep/2024:08:49:55 -0300] "GET /cormun/servlet/hlogin HTTP/1.1" 200 1723
190.171.142.10 - - [09/Sep/2024:08:49:55 -0300] "GET /cormun/servlet/hlogin HTTP/1.1" 200 1733
190.171.141.138 - - [09/Sep/2024:08:49:58 -0300] "GET /cormun/servlet/solicitudot?a9f7b05eac2b334b3391eec745d61b4ec44f3880d186386ad226131fca6609e6b4b879539450b2088323e48fce99343c93f0f0adeaebbedee794f3ba620e6a39,gx-no-cache=1725882552732 HTTP/1.1" 200 45
190.171.141.138 - - [09/Sep/2024:08:50:37 -0300] "GET /cormun/servlet/hlogin HTTP/1.1" 200 1720
190.171.141.138 - - [09/Sep/2024:08:50:37 -0300] "GET /cormun/servlet/hlogin HTTP/1.1" 200 1731
190.171.141.138 - - [09/Sep/2024:08:50:42 -0300] "POST /cormun/servlet/hlogin?37a84c064552e2796e546ce0c16560ba,gx-no-cache=1725882598927 HTTP/1.1" 200 90
190.171.141.138 - - [09/Sep/2024:08:50:42 -0300] "GET /cormun/servlet/hpexe_link HTTP/1.1" 200 952
190.171.141.138 - - [09/Sep/2024:08:50:43 -0300] "POST /cormun/servlet/solicitudot?gx-no-cache=1725882597705 HTTP/1.1" 200 240
190.171.141.138 - - [09/Sep/2024:08:50:43 -0300] "GET /cormun/servlet/hhome HTTP/1.1" 200 4478
190.171.141.138 - - [09/Sep/2024:08:50:46 -0300] "GET /cormun/servlet/solicitudot?a9f7b05eac2b334b3391eec745d61b4e57e25f5f6e2891ca7644a405f77f03f7f79003036e7ea17c5b6c8a8702b92da5fdedced29673ee8410475032b27aafc76ed3dd289af4a9ee9571d5f24e271523ca5e6ffbe95634c027cc2f24247974c77c44816a4cc27452810e1337c891429b1a0fd401572433118f99c429ee1b0c1da65a883dee51ed716d31dc665ed8a2281ee6a9be16989176cf9b03790d12443ccbe822780070947a0335569af1c875a0f435f013435ad7939caeda45d61510706109cd898ea74e6aeb0d0e7944cbf007db4bcd957489fc58f6e1476a60f356ff7359ee708146f36e2a5a6b892403f57536ad25674a7b9aa0819d51c7e9e7a2333d3435968f01e43bff152ade9680443770646dd11437fbb3b19957fa5afc30119eb1b3824f1eb5f8a317469824a40b4972d5ef217b8470318514d80672261dde6fcbf34d170860bf4af929f631689bcb8b27927dd8ec22eed7b6ac2293042be189ca558eeb6e69d86a55b0a19b16f8af7ee27dfcacd08b8134828c7697eb0804,gx-no-cache=1725882600291 HTTP/1.1" 200 30
190.171.141.138 - - [09/Sep/2024:08:50:46 -0300] "GET /cormun/servlet/trlicencias? HTTP/1.1" 200 15351
190.171.141.138 - - [09/Sep/2024:08:50:48 -0300] "POST /cormun/servlet/solicitudot?gx-no-cache=1725882602953 HTTP/1.1" 200 30
190.171.141.82 - - [09/Sep/2024:08:50:49 -0300] "GET /cormun/servlet/hlogin HTTP/1.1" 200 1720
190.171.141.82 - - [09/Sep/2024:08:50:49 -0300] "GET /cormun/servlet/hlogin HTTP/1.1" 200 1730
190.171.141.138 - - [09/Sep/2024:08:50:51 -0300] "GET /cormun/servlet/prfichaempleado?,MD,,gxPopupLevel%3D0%3B HTTP/1.1" 200 9524
190.171.141.82 - - [09/Sep/2024:08:50:53 -0300] "POST /cormun/servlet/hlogin?c4c3755993b5fd98920ade6e9b02a23f,gx-no-cache=1725882607351 HTTP/1.1" 200 90
190.171.141.82 - - [09/Sep/2024:08:50:53 -0300] "GET /cormun/servlet/hpexe_link HTTP/1.1" 200 951
190.171.141.82 - - [09/Sep/2024:08:50:53 -0300] "GET /cormun/servlet/hhome HTTP/1.1" 200 4337
190.171.141.82 - - [09/Sep/2024:08:50:53 -0300] "GET /cormun/static/gxcfg.js?20201215495537 HTTP/1.1" 200 953
190.171.141.82 - - [09/Sep/2024:08:50:53 -0300] "GET /cormun/static/hhome.js?20201215495544 HTTP/1.1" 200 777
190.171.141.82 - - [09/Sep/2024:08:50:59 -0300] "GET /cormun/servlet/trlicencias? HTTP/1.1" 200 14381
190.171.141.138 - - [09/Sep/2024:08:51:02 -0300] "POST /cormun/servlet/prfichaempleado?5db70e41ef11123289c1d4839b097b15,,MD,,gxPopupLevel%3D0%3B,gx-no-cache=1725882616523 HTTP/1.1" 200 4587
190.171.141.138 - - [09/Sep/2024:08:51:29 -0300] "GET /cormun/servlet/prlicenciaspermisos?12517718,L,,MD,,gxPopupLevel%3D0%3B HTTP/1.1" 200 6221
190.171.141.138 - - [09/Sep/2024:08:52:13 -0300] "POST /cormun/servlet/solicitudot?gx-no-cache=1725882687807 HTTP/1.1" 200 1483
200.54.107.2 - - [09/Sep/2024:08:52:18 -0300] "GET /cormun/servlet/hlogin HTTP/1.1" 200 1718
190.171.143.82 - - [09/Sep/2024:08:52:19 -0300] "GET /cormun/servlet/trpermisosgoce? HTTP/1.1" 200 12784
190.171.141.138 - - [09/Sep/2024:08:52:25 -0300] "POST /cormun/servlet/solicitudot?gx-no-cache=1725882699526 HTTP/1.1" 200 41
200.54.107.2 - - [09/Sep/2024:08:52:25 -0300] "POST /cormun/servlet/hlogin?4a70a0b32cfc1212b4f9e70be5980778,gx-no-cache=1725882699980 HTTP/1.1" 200 90
200.54.107.2 - - [09/Sep/2024:08:52:25 -0300] "GET /cormun/servlet/hpexe_link HTTP/1.1" 200 953
200.54.107.2 - - [09/Sep/2024:08:52:26 -0300] "GET /cormun/servlet/trlicencias HTTP/1.1" 200 10776
190.171.142.10 - - [09/Sep/2024:08:52:29 -0300] "POST /cormun/servlet/hlogin?8d8f69d11666a7c0d8e812028d8b9631,gx-no-cache=1725882702879 HTTP/1.1" 200 90
190.171.142.10 - - [09/Sep/2024:08:52:30 -0300] "GET /cormun/servlet/hpexe_link HTTP/1.1" 200 952
190.171.142.10 - - [09/Sep/2024:08:52:31 -0300] "GET /cormun/servlet/hhome HTTP/1.1" 200 4210
200.54.107.2 - - [09/Sep/2024:08:52:31 -0300] "GET /cormun/servlet/trlicencias? HTTP/1.1" 200 10775
190.171.142.10 - - [09/Sep/2024:08:52:35 -0300] "GET /cormun/servlet/trlicencias? HTTP/1.1" 200 13354
190.171.141.138 - - [09/Sep/2024:08:52:47 -0300] "GET /cormun/servlet/solicitudot?a9f7b05eac2b334b3391eec745d61b4e221ed3c8a073f6791f0943dba429fe852ad3127f43f99a16fe436ca25829c26fa7567ecef9ac98990412832402f6d125dc9d2023b336673f6882acc42891422ffa6316557c2815caba14f5eefcadde2fbe38066b73d45afc800af56b465e5827,gx-no-cache=1725882722204 HTTP/1.1" 200 110
190.171.141.138 - - [09/Sep/2024:08:52:48 -0300] "POST /cormun/servlet/solicitudot?gx-no-cache=1725882722236 HTTP/1.1" 200 72
190.171.141.138 - - [09/Sep/2024:08:52:53 -0300] "GET /cormun/servlet/solicitudot?a9f7b05eac2b334b3391eec745d61b4eb87e7ec5b36d4c3b5308166e0629f9697a30d484e1eb153445da74d520e2e9c3c70f26cf1f3484a9513dd9a9b07ee012d66930e6ac3e9e22506e3965794805749b931394228d0a56cc4c06e646f96a7459ff62018d708d34b03ebc3da487ba17,gx-no-cache=1725882728136 HTTP/1.1" 200 29
190.171.141.138 - - [09/Sep/2024:08:52:53 -0300] "GET /cormun/static/menuarrow.gif HTTP/1.1" 404 1015
190.171.141.82 - - [09/Sep/2024:08:52:57 -0300] "GET /cormun/servlet/trlicencias? HTTP/1.1" 200 14385
190.171.141.138 - - [09/Sep/2024:08:52:59 -0300] "GET /cormun/servlet/solicitudot?a9f7b05eac2b334b3391eec745d61b4e86c6eed31c04e3e5f8d62d03f934b433b4342885a2769e9282d59d220cb5cc7b,gx-no-cache=1725882733363 HTTP/1.1" 200 30
190.171.141.138 - - [09/Sep/2024:08:52:59 -0300] "POST /cormun/servlet/solicitudot?gx-no-cache=1725882733402 HTTP/1.1" 200 34
190.171.141.82 - - [09/Sep/2024:08:52:59 -0300] "GET /cormun/static/menuarrow.gif HTTP/1.1" 404 1015
190.171.141.138 - - [09/Sep/2024:08:53:02 -0300] "POST /cormun/servlet/solicitudot?5db70e41ef11123289c1d4839b097b15,INS,0,0,false,,gx-no-cache=1725882736243 HTTP/1.1" 200 93
190.171.141.138 - - [09/Sep/2024:08:53:02 -0300] "GET /cormun/servlet/hpexe_return? HTTP/1.1" 200 1008
190.171.141.138 - - [09/Sep/2024:08:53:02 -0300] "GET /cormun/servlet/trsolicitudot HTTP/1.1" 200 9116
190.171.141.82 - - [09/Sep/2024:08:53:08 -0300] "POST /cormun/servlet/trlicencias?c4c3755993b5fd98920ade6e9b02a23f,,gx-no-cache=1725882741854 HTTP/1.1" 200 12202
190.171.141.82 - - [09/Sep/2024:08:53:09 -0300] "GET /cormun/servlet/trlicencias? HTTP/1.1" 200 14383
190.171.141.82 - - [09/Sep/2024:08:53:17 -0300] "POST /cormun/servlet/trlicencias?c752d9d37795ae3c4530aadbb8eab265,,gx-no-cache=1725882751134 HTTP/1.1" 200 6464
190.171.141.82 - - [09/Sep/2024:08:53:41 -0300] "POST /cormun/servlet/trlicencias?c4c3755993b5fd98920ade6e9b02a23f,,gx-no-cache=1725882774969 HTTP/1.1" 200 16626
181.212.43.89 - - [09/Sep/2024:08:54:23 -0300] "GET /cormun/servlet/hlogin HTTP/1.1" 200 1712
181.212.43.89 - - [09/Sep/2024:08:54:26 -0300] "POST /cormun/servlet/hlogin?eb8ac7ee496973804e3c9f07014d44e8,gx-no-cache=1725882820491 HTTP/1.1" 200 90
181.212.43.89 - - [09/Sep/2024:08:54:26 -0300] "GET /cormun/servlet/hpexe_link HTTP/1.1" 200 943
181.212.43.89 - - [09/Sep/2024:08:54:26 -0300] "GET /cormun/servlet/hhome HTTP/1.1" 200 4011
190.171.152.242 - - [09/Sep/2024:08:54:26 -0300] "GET /cormun/servlet/hlogin HTTP/1.1" 200 1719
181.212.43.89 - - [09/Sep/2024:08:54:29 -0300] "GET /cormun/servlet/trpermisosgoce? HTTP/1.1" 200 14232
190.171.152.242 - - [09/Sep/2024:08:54:31 -0300] "POST /cormun/servlet/hlogin?ddac1e5356e1dc509171d9096ea69ae1,gx-no-cache=1725882825949 HTTP/1.1" 200 90
190.171.152.242 - - [09/Sep/2024:08:54:31 -0300] "GET /cormun/servlet/hpexe_link HTTP/1.1" 200 949
190.171.152.242 - - [09/Sep/2024:08:54:31 -0300] "GET /cormun/servlet/hhome HTTP/1.1" 200 3996
181.212.43.89 - - [09/Sep/2024:08:54:33 -0300] "GET /cormun/servlet/permisogoce?INS,0,,, HTTP/1.1" 200 6874
190.171.152.242 - - [09/Sep/2024:08:54:35 -0300] "GET /cormun/servlet/trlicencias? HTTP/1.1" 200 11025
181.212.43.89 - - [09/Sep/2024:08:54:38 -0300] "GET /cormun/servlet/permisogoce?cec040ba1f165759b2c7d18b30b679f8ce21a10ff5bdf68639ef8cdab6694eaf1eb6c357dfeaa4295c369edc5d87ecb51213c58f80d8eddb95d0a52d410be506,gx-no-cache=1725882832474 HTTP/1.1" 200 79
181.212.43.89 - - [09/Sep/2024:08:54:40 -0300] "GET /cormun/static/menuarrow.gif HTTP/1.1" 404 1015
222.244.244.53 - - [09/Sep/2024:08:55:10 -0300] "POST /GponForm/diag_Form?images/ HTTP/1.1" 404 997
190.171.141.138 - - [09/Sep/2024:08:55:13 -0300] "GET /cormun/servlet/trsolicitudot? HTTP/1.1" 500 10
190.171.141.138 - - [09/Sep/2024:08:55:22 -0300] "GET /cormun/servlet/solicitudot?INS,0,0,false, HTTP/1.1" 500 10
190.171.141.138 - - [09/Sep/2024:08:55:38 -0300] "GET /cormun/servlet/hlogin HTTP/1.1" 200 1720
181.212.43.89 - - [09/Sep/2024:08:55:40 -0300] "GET /cormun/servlet/permisogoce?INS,0,,, HTTP/1.1" 500 10
190.171.141.138 - - [09/Sep/2024:08:55:43 -0300] "POST /cormun/servlet/hlogin?5db70e41ef11123289c1d4839b097b15,gx-no-cache=1725882896490 HTTP/1.1" 500 10
181.212.43.89 - - [09/Sep/2024:08:55:49 -0300] "GET /cormun/servlet/hlogin HTTP/1.1" 200 1712
181.212.43.89 - - [09/Sep/2024:08:55:52 -0300] "GET /cormun/servlet/permisogoce?INS,0,,, HTTP/1.1" 500 10
181.212.43.89 - - [09/Sep/2024:08:55:55 -0300] "POST /cormun/servlet/hlogin?eb8ac7ee496973804e3c9f07014d44e8,gx-no-cache=1725882907002 HTTP/1.1" 500 10
200.54.103.162 - - [09/Sep/2024:08:58:28 -0300] "GET /cormun/servlet/hlogin HTTP/1.1" 200 1725
200.54.103.162 - - [09/Sep/2024:08:58:28 -0300] "GET /cormun/servlet/hlogin HTTP/1.1" 200 1735
200.54.103.162 - - [09/Sep/2024:08:58:40 -0300] "POST /cormun/servlet/hlogin?5ea2582f6eee465aafb25ae7802bc56a,gx-no-cache=1725883073288 HTTP/1.1" 500 10
200.54.103.162 - - [09/Sep/2024:08:58:57 -0300] "GET /cormun/servlet/hlogin HTTP/1.1" 200 1725
200.54.103.162 - - [09/Sep/2024:08:59:06 -0300] "POST /cormun/servlet/hlogin?5ea2582f6eee465aafb25ae7802bc56a,gx-no-cache=1725883097313 HTTP/1.1" 500 10
190.171.141.138 - - [09/Sep/2024:08:59:13 -0300] "GET /cormun/servlet/hlogin HTTP/1.1" 200 1739
190.171.141.138 - - [09/Sep/2024:08:59:19 -0300] "POST /cormun/servlet/hlogin?6f0779a1a364e29d9c547e8b53e459f1,gx-no-cache=1725883110695 HTTP/1.1" 500 10
190.171.141.138 - - [09/Sep/2024:08:59:23 -0300] "GET /cormun/servlet/hlogin HTTP/1.1" 200 1722
190.171.141.138 - - [09/Sep/2024:08:59:28 -0300] "POST /cormun/servlet/hlogin?6f0779a1a364e29d9c547e8b53e459f1,gx-no-cache=1725883119774 HTTP/1.1" 500 10
190.171.141.138 - - [09/Sep/2024:09:03:21 -0300] "GET /cormun/servlet/hlogin HTTP/1.1" 200 1720
190.171.141.138 - - [09/Sep/2024:09:03:24 -0300] "POST /cormun/servlet/hlogin?5db70e41ef11123289c1d4839b097b15,gx-no-cache=1725883358402 HTTP/1.1" 500 10
190.171.141.138 - - [09/Sep/2024:09:03:36 -0300] "GET /cormun/servlet/hlogin HTTP/1.1" 200 1720
190.171.141.138 - - [09/Sep/2024:09:03:43 -0300] "POST /cormun/servlet/hlogin?5db70e41ef11123289c1d4839b097b15,gx-no-cache=1725883374506 HTTP/1.1" 500 10
190.171.141.138 - - [09/Sep/2024:09:04:11 -0300] "GET /cormun/servlet/hlogin HTTP/1.1" 200 1720
190.171.141.138 - - [09/Sep/2024:09:04:16 -0300] "POST /cormun/servlet/hlogin?5db70e41ef11123289c1d4839b097b15,gx-no-cache=1725883408584 HTTP/1.1" 500 10
191.126.183.19 - - [09/Sep/2024:09:05:12 -0300] "GET /cormun/servlet/hlogin HTTP/1.1" 200 1723
191.126.183.19 - - [09/Sep/2024:09:05:12 -0300] "GET /cormun/static/gxtimezone.js?85251 HTTP/1.1" 200 5781
191.126.183.19 - - [09/Sep/2024:09:05:12 -0300] "GET /cormun/static/gxcfg.js?2022112219184450 HTTP/1.1" 200 953
191.126.183.19 - - [09/Sep/2024:09:05:12 -0300] "GET /cormun/static/messages.spa.js?85251 HTTP/1.1" 200 30736
191.126.183.19 - - [09/Sep/2024:09:05:12 -0300] "GET /cormun/static/Resources/CormunLogin.png HTTP/1.1" 200 19132
191.126.183.19 - - [09/Sep/2024:09:05:12 -0300] "GET /cormun/static/Resources/Spanish/PXTools.css?1759030 HTTP/1.1" 200 100853
191.126.183.19 - - [09/Sep/2024:09:05:12 -0300] "GET /cormun/static/hlogin.js?2022112219184458 HTTP/1.1" 200 2156
191.126.183.19 - - [09/Sep/2024:09:05:13 -0300] "GET /cormun/static/gxgral.js?85251 HTTP/1.1" 200 384558
191.126.183.19 - - [09/Sep/2024:09:05:13 -0300] "GET /cormun/static/Resources/PXToolsButtonLeft.png HTTP/1.1" 200 1310
191.126.183.19 - - [09/Sep/2024:09:05:13 -0300] "GET /cormun/static/Resources/PXToolsLoginBottom.png HTTP/1.1" 200 1389
191.126.183.19 - - [09/Sep/2024:09:05:13 -0300] "GET /cormun/static/Resources/PXToolsLoginBackground.png HTTP/1.1" 200 1164
191.126.183.19 - - [09/Sep/2024:09:05:13 -0300] "GET /cormun/static/Resources/PXToolsButtonRight.png HTTP/1.1" 200 1294
191.126.183.19 - - [09/Sep/2024:09:05:13 -0300] "GET /cormun/static/Resources/PXToolsButtonBackground.png HTTP/1.1" 200 1176
191.126.183.19 - - [09/Sep/2024:09:05:13 -0300] "GET /cormun/static/Resources/PXToolsLoginTop.png HTTP/1.1" 200 1337
191.126.183.19 - - [09/Sep/2024:09:05:13 -0300] "GET /cormun/static/Resources/indicator.gif HTTP/1.1" 200 1553
191.126.183.19 - - [09/Sep/2024:09:05:13 -0300] "GET /cormun/servlet/hlogin HTTP/1.1" 200 1733
66.102.6.161 - - [09/Sep/2024:09:05:18 -0300] "GET /cormun/servlet/hlogin HTTP/1.1" 200 1718
66.102.6.160 - - [09/Sep/2024:09:05:18 -0300] "GET /cormun/servlet/hlogin HTTP/1.1" 200 1723
66.102.6.160 - - [09/Sep/2024:09:05:18 -0300] "GET /cormun/static/hlogin.js?2022112219184458 HTTP/1.1" 200 2156
66.102.6.162 - - [09/Sep/2024:09:05:19 -0300] "GET /cormun/static/gxtimezone.js?85251 HTTP/1.1" 200 5781
66.102.6.160 - - [09/Sep/2024:09:05:19 -0300] "GET /cormun/static/gxcfg.js?2022112219184450 HTTP/1.1" 200 953
66.102.6.160 - - [09/Sep/2024:09:05:19 -0300] "GET /cormun/static/messages.spa.js?85251 HTTP/1.1" 200 30736
66.102.6.161 - - [09/Sep/2024:09:05:19 -0300] "GET /cormun/static/Resources/Spanish/PXTools.css?1759030 HTTP/1.1" 200 100853
66.102.6.162 - - [09/Sep/2024:09:05:19 -0300] "GET /cormun/static/Resources/Spanish/PXTools.css?1759030 HTTP/1.1" 200 100853
66.102.6.160 - - [09/Sep/2024:09:05:19 -0300] "GET /cormun/static/gxgral.js?85251 HTTP/1.1" 200 384558
66.102.6.161 - - [09/Sep/2024:09:05:19 -0300] "GET /cormun/servlet/hlogin HTTP/1.1" 200 1729
191.126.183.19 - - [09/Sep/2024:09:05:33 -0300] "POST /cormun/servlet/hlogin?eae16fb01d04b9ff04e84dd19975cacd,gx-no-cache=1725883484552 HTTP/1.1" 500 10
190.171.152.242 - - [09/Sep/2024:09:05:38 -0300] "GET /cormun/servlet/hlogin HTTP/1.1" 200 1719
190.171.143.82 - - [09/Sep/2024:09:05:42 -0300] "GET /cormun/servlet/permisogoce?INS,0,,, HTTP/1.1" 500 10
190.171.152.242 - - [09/Sep/2024:09:05:45 -0300] "POST /cormun/servlet/hlogin?ddac1e5356e1dc509171d9096ea69ae1,gx-no-cache=1725883495140 HTTP/1.1" 500 10
191.126.183.19 - - [09/Sep/2024:09:05:50 -0300] "GET /cormun/servlet/hlogin HTTP/1.1" 200 1723
190.171.152.242 - - [09/Sep/2024:09:05:51 -0300] "GET /cormun/servlet/hlogin HTTP/1.1" 200 1719
190.171.152.242 - - [09/Sep/2024:09:05:57 -0300] "POST /cormun/servlet/hlogin?ddac1e5356e1dc509171d9096ea69ae1,gx-no-cache=1725883508676 HTTP/1.1" 500 10
190.171.143.82 - - [09/Sep/2024:09:06:00 -0300] "GET /cormun/servlet/hhome HTTP/1.1" 500 10
190.171.152.242 - - [09/Sep/2024:09:06:02 -0300] "GET /cormun/servlet/hlogin HTTP/1.1" 200 1719
191.126.183.19 - - [09/Sep/2024:09:06:03 -0300] "POST /cormun/servlet/hlogin?eae16fb01d04b9ff04e84dd19975cacd,gx-no-cache=1725883517033 HTTP/1.1" 500 10
190.171.143.82 - - [09/Sep/2024:09:06:08 -0300] "GET /cormun/servlet/hhome HTTP/1.1" 500 10
190.171.152.242 - - [09/Sep/2024:09:06:11 -0300] "POST /cormun/servlet/hlogin?ddac1e5356e1dc509171d9096ea69ae1,gx-no-cache=1725883519668 HTTP/1.1" 500 10
190.171.143.82 - - [09/Sep/2024:09:06:14 -0300] "GET /cormun/servlet/hlogin HTTP/1.1" 200 1717
190.171.143.82 - - [09/Sep/2024:09:06:25 -0300] "POST /cormun/servlet/hlogin?bae905cbe3d913da25808e3e9d7b1a41,gx-no-cache=1725883538617 HTTP/1.1" 500 10
190.171.152.242 - - [09/Sep/2024:09:06:36 -0300] "GET /cormun/servlet/hlogin HTTP/1.1" 200 1719
190.171.152.242 - - [09/Sep/2024:09:06:43 -0300] "POST /cormun/servlet/hlogin?ddac1e5356e1dc509171d9096ea69ae1,gx-no-cache=1725883554490 HTTP/1.1" 500 10
190.171.152.242 - - [09/Sep/2024:09:06:50 -0300] "GET /cormun/servlet/hlogin HTTP/1.1" 200 1719
190.171.143.82 - - [09/Sep/2024:09:06:56 -0300] "GET /cormun/servlet/hlogin HTTP/1.1" 200 1717
190.171.152.242 - - [09/Sep/2024:09:06:59 -0300] "POST /cormun/servlet/hlogin?ddac1e5356e1dc509171d9096ea69ae1,gx-no-cache=1725883571028 HTTP/1.1" 500 10
190.171.143.82 - - [09/Sep/2024:09:07:02 -0300] "POST /cormun/servlet/hlogin?bae905cbe3d913da25808e3e9d7b1a41,gx-no-cache=1725883576099 HTTP/1.1" 500 10
190.171.152.242 - - [09/Sep/2024:09:07:07 -0300] "GET /cormun/servlet/hlogin HTTP/1.1" 200 1719
190.171.152.242 - - [09/Sep/2024:09:07:14 -0300] "POST /cormun/servlet/hlogin?ddac1e5356e1dc509171d9096ea69ae1,gx-no-cache=1725883586012 HTTP/1.1" 500 10
190.171.152.242 - - [09/Sep/2024:09:07:31 -0300] "GET /cormun/servlet/hlogin HTTP/1.1" 200 1719
190.171.152.242 - - [09/Sep/2024:09:07:38 -0300] "POST /cormun/servlet/hlogin?ddac1e5356e1dc509171d9096ea69ae1,gx-no-cache=1725883609428 HTTP/1.1" 500 10
190.171.143.82 - - [09/Sep/2024:09:07:53 -0300] "GET /cormun/servlet/hlogin HTTP/1.1" 200 1717
190.171.143.82 - - [09/Sep/2024:09:08:00 -0300] "POST /cormun/servlet/hlogin?bae905cbe3d913da25808e3e9d7b1a41,gx-no-cache=1725883632154 HTTP/1.1" 500 10
190.171.143.82 - - [09/Sep/2024:09:08:37 -0300] "GET /cormun/servlet/hlogin HTTP/1.1" 200 1717
190.171.152.242 - - [09/Sep/2024:09:08:38 -0300] "GET /cormun/servlet/hlogin HTTP/1.1" 200 1719
190.171.143.82 - - [09/Sep/2024:09:08:45 -0300] "POST /cormun/servlet/hlogin?bae905cbe3d913da25808e3e9d7b1a41,gx-no-cache=1725883677648 HTTP/1.1" 500 10
190.171.152.242 - - [09/Sep/2024:09:08:48 -0300] "POST /cormun/servlet/hlogin?ddac1e5356e1dc509171d9096ea69ae1,gx-no-cache=1725883678099 HTTP/1.1" 500 10
190.171.143.82 - - [09/Sep/2024:09:08:58 -0300] "GET /cormun/servlet/hlogin HTTP/1.1" 200 1717
190.171.143.82 - - [09/Sep/2024:09:09:37 -0300] "POST /cormun/servlet/hlogin?bae905cbe3d913da25808e3e9d7b1a41,gx-no-cache=1725883729655 HTTP/1.1" 500 10
181.212.43.89 - - [09/Sep/2024:09:10:15 -0300] "GET /cormun/servlet/permisogoce?cec040ba1f165759b2c7d18b30b679f83ac6111f92cac93607e4ae31c7b79c0e8be85024aa3e2f8f8c408d22fa67b319ca64c1ca19f4363f4e1b2bee34a339e7,gx-no-cache=1725882839042 HTTP/1.1" 200 20
190.171.141.138 - - [09/Sep/2024:09:10:59 -0300] "GET /cormun/servlet/hlogin HTTP/1.1" 200 1720
190.171.141.138 - - [09/Sep/2024:09:11:05 -0300] "POST /cormun/servlet/hlogin?5db70e41ef11123289c1d4839b097b15,gx-no-cache=1725883817195 HTTP/1.1" 500 10
190.171.141.138 - - [09/Sep/2024:09:11:25 -0300] "GET /cormun/servlet/hlogin HTTP/1.1" 200 1720
190.171.141.138 - - [09/Sep/2024:09:11:31 -0300] "POST /cormun/servlet/hlogin?5db70e41ef11123289c1d4839b097b15,gx-no-cache=1725883843137 HTTP/1.1" 500 10
190.171.143.82 - - [09/Sep/2024:09:13:27 -0300] "GET /cormun/servlet/hlogin HTTP/1.1" 200 1717
190.171.143.82 - - [09/Sep/2024:09:13:34 -0300] "POST /cormun/servlet/hlogin?bae905cbe3d913da25808e3e9d7b1a41,gx-no-cache=1725883966583 HTTP/1.1" 500 10
190.171.143.82 - - [09/Sep/2024:09:16:31 -0300] "GET /cormun/servlet/hhome HTTP/1.1" 200 3320
190.171.143.82 - - [09/Sep/2024:09:16:32 -0300] "GET /cormun/servlet/hlogin HTTP/1.1" 200 1730
190.171.143.82 - - [09/Sep/2024:09:16:37 -0300] "POST /cormun/servlet/hlogin?bae905cbe3d913da25808e3e9d7b1a41,gx-no-cache=1725884152191 HTTP/1.1" 200 90
190.171.143.82 - - [09/Sep/2024:09:16:37 -0300] "GET /cormun/servlet/hpexe_link HTTP/1.1" 200 949
190.171.143.82 - - [09/Sep/2024:09:16:37 -0300] "GET /cormun/servlet/hhome HTTP/1.1" 200 4263
190.171.143.82 - - [09/Sep/2024:09:17:26 -0300] "GET /cormun/servlet/trpermisosgoce? HTTP/1.1" 200 12242
190.171.141.138 - - [09/Sep/2024:09:18:24 -0300] "GET /cormun/servlet/hlogin HTTP/1.1" 200 1720
190.171.141.138 - - [09/Sep/2024:09:18:49 -0300] "POST /cormun/servlet/hlogin?5db70e41ef11123289c1d4839b097b15,gx-no-cache=1725884283608 HTTP/1.1" 200 90
190.171.141.138 - - [09/Sep/2024:09:18:49 -0300] "GET /cormun/servlet/hpexe_link HTTP/1.1" 200 956
190.171.141.138 - - [09/Sep/2024:09:18:51 -0300] "GET /cormun/servlet/trsolicitudot HTTP/1.1" 200 7695
190.171.141.138 - - [09/Sep/2024:09:19:00 -0300] "GET /cormun/servlet/trsolicitudot? HTTP/1.1" 200 7693
190.171.141.138 - - [09/Sep/2024:09:19:10 -0300] "GET /cormun/servlet/trsolicitudot? HTTP/1.1" 200 7693
190.171.141.138 - - [09/Sep/2024:09:19:14 -0300] "GET /cormun/servlet/solicitudot?INS,0,0,false, HTTP/1.1" 200 16477
181.212.40.185 - - [09/Sep/2024:09:19:29 -0300] "GET /cormun/servlet/trsolicitudot? HTTP/1.1" 200 6320
181.212.40.185 - - [09/Sep/2024:09:19:29 -0300] "GET /cormun/static/gxcfg.js?20221129846531 HTTP/1.1" 200 953
181.212.40.185 - - [09/Sep/2024:09:19:29 -0300] "GET /cormun/static/trsolicitudot.js?202211298465651 HTTP/1.1" 200 54040
190.171.141.138 - - [09/Sep/2024:09:19:29 -0300] "POST /cormun/servlet/solicitudot?gx-no-cache=1725884323508 HTTP/1.1" 200 4039
190.171.141.138 - - [09/Sep/2024:09:19:29 -0300] "POST /cormun/servlet/solicitudot?5db70e41ef11123289c1d4839b097b15,INS,0,0,false,,gx-no-cache=1725884323756 HTTP/1.1" 200 12889
181.212.40.185 - - [09/Sep/2024:09:19:29 -0300] "GET /cormun/servlet/hlogin HTTP/1.1" 200 1735
190.171.143.82 - - [09/Sep/2024:09:19:31 -0300] "GET /cormun/servlet/permisogoce?INS,0,,, HTTP/1.1" 200 7151
190.171.141.138 - - [09/Sep/2024:09:19:34 -0300] "GET /cormun/servlet/solicitudot?a9f7b05eac2b334b3391eec745d61b4e39cca18af618490a325b49fb990406380047bd0220c762995ba172b059bfa288,gx-no-cache=1725884329046 HTTP/1.1" 200 30
181.212.40.185 - - [09/Sep/2024:09:19:40 -0300] "POST /cormun/servlet/hlogin?6cfad67a538a267830fbf65afd0955b1,gx-no-cache=1725884334412 HTTP/1.1" 200 90
181.212.40.185 - - [09/Sep/2024:09:19:40 -0300] "GET /cormun/servlet/hpexe_link HTTP/1.1" 200 951
181.212.40.185 - - [09/Sep/2024:09:19:40 -0300] "GET /cormun/servlet/trsolicitudot HTTP/1.1" 200 7252
181.212.40.185 - - [09/Sep/2024:09:19:44 -0300] "GET /cormun/servlet/trlicencias? HTTP/1.1" 200 17918
190.171.143.82 - - [09/Sep/2024:09:19:46 -0300] "GET /cormun/servlet/permisogoce?a8e7a9179c4729969c57655ea900bf76745dc08222a5acdc3b218c209d47da0871bc6274f1c327f3b4adfc16b47534f4a22df5d2fde2437cadc2572c070ca00b,gx-no-cache=1725884341156 HTTP/1.1" 200 81
190.171.143.82 - - [09/Sep/2024:09:19:55 -0300] "GET /cormun/servlet/permisogoce?a8e7a9179c4729969c57655ea900bf768c21a8884eede8844212f8a448f0213efe20804f3025840d86acf5b6c523d7476cea28d9cdcc7641caf9d5d41a887e7e,gx-no-cache=1725884350002 HTTP/1.1" 200 46
190.171.143.82 - - [09/Sep/2024:09:19:59 -0300] "POST /cormun/servlet/permisogoce?bae905cbe3d913da25808e3e9d7b1a41,INS,0,,,,gx-no-cache=1725884351746 HTTP/1.1" 200 93
190.171.143.82 - - [09/Sep/2024:09:19:59 -0300] "GET /cormun/servlet/hpexe_return? HTTP/1.1" 200 1007
190.171.143.82 - - [09/Sep/2024:09:19:59 -0300] "GET /cormun/servlet/trpermisosgoce HTTP/1.1" 200 12529
190.171.143.82 - - [09/Sep/2024:09:20:32 -0300] "POST /cormun/servlet/trpermisosgoce?bae905cbe3d913da25808e3e9d7b1a41,gx-no-cache=1725884387201 HTTP/1.1" 200 5323
190.171.141.138 - - [09/Sep/2024:09:20:40 -0300] "GET /cormun/servlet/prbanco?,MD,,gxPopupLevel%3D0%3B HTTP/1.1" 200 6872
190.171.141.138 - - [09/Sep/2024:09:20:45 -0300] "GET /cormun/servlet/solicitudot?a9f7b05eac2b334b3391eec745d61b4e12e388c4d50b5ab7131ef86d10855bb3661b28d4e5e2a207414e14ed00cf2591f665daf7ff5c13456742d7a7cf98c7a96cbd65c5e87c79a965bbb575e0aeec44,gx-no-cache=1725884399672 HTTP/1.1" 200 30
190.171.141.138 - - [09/Sep/2024:09:20:49 -0300] "GET /cormun/servlet/solicitudot?a9f7b05eac2b334b3391eec745d61b4e784768bbd42fb971e1365b1e3b5b466a,gx-no-cache=1725884403849 HTTP/1.1" 200 45
190.171.143.82 - - [09/Sep/2024:09:20:58 -0300] "POST /cormun/servlet/trpermisosgoce?bae905cbe3d913da25808e3e9d7b1a41,gx-no-cache=1725884413119 HTTP/1.1" 200 9756
190.171.143.82 - - [09/Sep/2024:09:21:07 -0300] "GET /cormun/servlet/apermisogoceprn?19018878,P,20240909091910,PU HTTP/1.1" 200 1649
190.171.141.138 - - [09/Sep/2024:09:21:37 -0300] "POST /cormun/servlet/solicitudot?gx-no-cache=1725884451387 HTTP/1.1" 200 240
190.171.141.138 - - [09/Sep/2024:09:21:40 -0300] "GET /cormun/servlet/solicitudot?a9f7b05eac2b334b3391eec745d61b4e57e25f5f6e2891ca7644a405f77f03f7f79003036e7ea17c5b6c8a8702b92da5fdedced29673ee8410475032b27aafc76ed3dd289af4a9ee9571d5f24e271523ca5e6ffbe95634c027cc2f24247974c77c44816a4cc27452810e1337c891429b1a0fd401572433118f99c429ee1b0c1da65a883dee51ed716d31dc665ed8a2281ee6a9be16989176cf9b03790d12443ccbe822780070947a0335569af1c875a0f435f013435ad7939caeda45d61510706109cd898ea74e6aeb0d0e7944cbf007db4bcd957489fc58f6e1476a60f356ff7359ee708146f36e2a5a6b892403f57536ad25674a7b9aa0819d51c7e9e7a2333d3435968f01e43bff152ade9680443770646dd11437fbb3b19957fa5afc30119eb1b3824f1eb5f8a317469824a40b4972d5ef217b8470318514d80672261dde6fcbf34d170860bf4af929f631689bcb8b27927dd8ec22eed7b6ac2293042be189ca558eeb6e69d86a55b0a19b16f8af7ee27dfcacd08b8134828c7697eb0804,gx-no-cache=1725884454632 HTTP/1.1" 200 30
190.171.141.138 - - [09/Sep/2024:09:21:42 -0300] "POST /cormun/servlet/solicitudot?gx-no-cache=1725884456554 HTTP/1.1" 200 30
190.171.141.138 - - [09/Sep/2024:09:21:47 -0300] "GET /cormun/servlet/prfichaempleado?,MD,,gxPopupLevel%3D0%3B HTTP/1.1" 200 9524
190.171.143.82 - - [09/Sep/2024:09:21:59 -0300] "GET /cormun/servlet/permisogoce?INS,0,,, HTTP/1.1" 200 7152
190.171.141.138 - - [09/Sep/2024:09:21:59 -0300] "POST /cormun/servlet/prfichaempleado?5db70e41ef11123289c1d4839b097b15,,MD,,gxPopupLevel%3D0%3B,gx-no-cache=1725884474044 HTTP/1.1" 200 4587
