210.108.70.119 - - [04/Sep/2024:10:54:02 -0300] "GET /manager/html HTTP/1.1" 401 2474
190.171.142.42 - - [04/Sep/2024:10:54:02 -0300] "POST /cormun/servlet/hlogin?bfc974c10d647b9e13fd14ffa9b87cf6,gx-no-cache=1725458003375 HTTP/1.1" 200 90
190.171.142.42 - - [04/Sep/2024:10:54:02 -0300] "GET /cormun/servlet/hpexe_link HTTP/1.1" 200 945
210.108.70.119 - - [04/Sep/2024:10:54:02 -0300] "GET /manager/html HTTP/1.1" 401 2474
190.171.142.42 - - [04/Sep/2024:10:54:02 -0300] "GET /cormun/servlet/trlicencias HTTP/1.1" 200 16441
210.108.70.119 - - [04/Sep/2024:10:54:03 -0300] "GET /manager/html HTTP/1.1" 401 2474
210.108.70.119 - - [04/Sep/2024:10:54:03 -0300] "GET /manager/html HTTP/1.1" 401 2474
210.108.70.119 - - [04/Sep/2024:10:54:03 -0300] "GET /manager/html HTTP/1.1" 401 2474
210.108.70.119 - - [04/Sep/2024:10:54:04 -0300] "GET /manager/html HTTP/1.1" 401 2474
210.108.70.119 - - [04/Sep/2024:10:54:04 -0300] "GET /manager/html HTTP/1.1" 401 2474
210.108.70.119 - - [04/Sep/2024:10:54:04 -0300] "GET /manager/html HTTP/1.1" 401 2474
210.108.70.119 - - [04/Sep/2024:10:54:04 -0300] "GET /manager/html HTTP/1.1" 401 2474
210.108.70.119 - - [04/Sep/2024:10:54:05 -0300] "GET /manager/html HTTP/1.1" 401 2474
210.108.70.119 - - [04/Sep/2024:10:54:05 -0300] "GET /manager/html HTTP/1.1" 401 2474
210.108.70.119 - - [04/Sep/2024:10:54:05 -0300] "GET /manager/html HTTP/1.1" 401 2474
210.108.70.119 - - [04/Sep/2024:10:54:06 -0300] "GET /manager/html HTTP/1.1" 401 2474
210.108.70.119 - - [04/Sep/2024:10:54:06 -0300] "GET /manager/html HTTP/1.1" 401 2474
210.108.70.119 - - [04/Sep/2024:10:54:06 -0300] "GET /manager/html HTTP/1.1" 401 2474
210.108.70.119 - - [04/Sep/2024:10:54:07 -0300] "GET /manager/html HTTP/1.1" 401 2474
210.108.70.119 - - [04/Sep/2024:10:54:07 -0300] "GET /manager/html HTTP/1.1" 401 2474
210.108.70.119 - - [04/Sep/2024:10:54:07 -0300] "GET /manager/html HTTP/1.1" 401 2474
210.108.70.119 - - [04/Sep/2024:10:54:08 -0300] "GET /manager/html HTTP/1.1" 401 2474
210.108.70.119 - - [04/Sep/2024:10:54:08 -0300] "GET /manager/html HTTP/1.1" 401 2474
210.108.70.119 - - [04/Sep/2024:10:54:08 -0300] "GET /manager/html HTTP/1.1" 401 2474
210.108.70.119 - - [04/Sep/2024:10:54:09 -0300] "GET /manager/html HTTP/1.1" 401 2474
210.108.70.119 - - [04/Sep/2024:10:54:09 -0300] "GET /manager/html HTTP/1.1" 401 2474
210.108.70.119 - - [04/Sep/2024:10:54:09 -0300] "GET /manager/html HTTP/1.1" 401 2474
210.108.70.119 - - [04/Sep/2024:10:54:09 -0300] "GET /manager/html HTTP/1.1" 401 2474
210.108.70.119 - - [04/Sep/2024:10:54:10 -0300] "GET /manager/html HTTP/1.1" 401 2474
210.108.70.119 - - [04/Sep/2024:10:54:10 -0300] "GET /manager/html HTTP/1.1" 401 2474
210.108.70.119 - - [04/Sep/2024:10:54:10 -0300] "GET /manager/html HTTP/1.1" 401 2474
210.108.70.119 - - [04/Sep/2024:10:54:11 -0300] "GET /manager/html HTTP/1.1" 401 2474
210.108.70.119 - - [04/Sep/2024:10:54:11 -0300] "GET /manager/html HTTP/1.1" 401 2474
210.108.70.119 - - [04/Sep/2024:10:54:11 -0300] "GET /manager/html HTTP/1.1" 401 2474
210.108.70.119 - - [04/Sep/2024:10:54:12 -0300] "GET /manager/html HTTP/1.1" 401 2474
210.108.70.119 - - [04/Sep/2024:10:54:12 -0300] "GET /manager/html HTTP/1.1" 401 2474
210.108.70.119 - - [04/Sep/2024:10:54:12 -0300] "GET /manager/html HTTP/1.1" 401 2474
210.108.70.119 - - [04/Sep/2024:10:54:13 -0300] "GET /manager/html HTTP/1.1" 401 2474
210.108.70.119 - - [04/Sep/2024:10:54:13 -0300] "GET /manager/html HTTP/1.1" 401 2474
210.108.70.119 - - [04/Sep/2024:10:54:13 -0300] "GET /manager/html HTTP/1.1" 401 2474
210.108.70.119 - - [04/Sep/2024:10:54:14 -0300] "GET /manager/html HTTP/1.1" 401 2474
210.108.70.119 - - [04/Sep/2024:10:54:14 -0300] "GET /manager/html HTTP/1.1" 401 2474
210.108.70.119 - - [04/Sep/2024:10:54:14 -0300] "GET /manager/html HTTP/1.1" 401 2474
210.108.70.119 - - [04/Sep/2024:10:54:15 -0300] "GET /manager/html HTTP/1.1" 401 2474
210.108.70.119 - - [04/Sep/2024:10:54:15 -0300] "GET /manager/html HTTP/1.1" 401 2474
210.108.70.119 - - [04/Sep/2024:10:54:15 -0300] "GET /manager/html HTTP/1.1" 401 2474
210.108.70.119 - - [04/Sep/2024:10:54:16 -0300] "GET /manager/html HTTP/1.1" 401 2474
210.108.70.119 - - [04/Sep/2024:10:54:16 -0300] "GET /manager/html HTTP/1.1" 401 2474
210.108.70.119 - - [04/Sep/2024:10:54:16 -0300] "GET /manager/html HTTP/1.1" 401 2474
210.108.70.119 - - [04/Sep/2024:10:54:17 -0300] "GET /manager/html HTTP/1.1" 401 2474
210.108.70.119 - - [04/Sep/2024:10:54:17 -0300] "GET /manager/html HTTP/1.1" 401 2474
210.108.70.119 - - [04/Sep/2024:10:54:17 -0300] "GET /manager/html HTTP/1.1" 401 2474
210.108.70.119 - - [04/Sep/2024:10:54:18 -0300] "GET /manager/html HTTP/1.1" 401 2474
181.212.42.153 - - [04/Sep/2024:10:54:18 -0300] "POST /cormun/servlet/solicitudot?4ae44ea9fad96f108ef15567f5a0552d,INS,0,0,false,,gx-no-cache=1725458019082 HTTP/1.1" 200 93
181.212.42.153 - - [04/Sep/2024:10:54:18 -0300] "GET /cormun/servlet/hpexe_return? HTTP/1.1" 200 1006
210.108.70.119 - - [04/Sep/2024:10:54:18 -0300] "GET /manager/html HTTP/1.1" 401 2474
181.212.42.153 - - [04/Sep/2024:10:54:18 -0300] "GET /cormun/servlet/trsolicitudot HTTP/1.1" 200 8441
210.108.70.119 - - [04/Sep/2024:10:54:18 -0300] "GET /manager/html HTTP/1.1" 401 2474
210.108.70.119 - - [04/Sep/2024:10:54:18 -0300] "GET /manager/html HTTP/1.1" 401 2474
210.108.70.119 - - [04/Sep/2024:10:54:19 -0300] "GET /manager/html HTTP/1.1" 401 2474
210.108.70.119 - - [04/Sep/2024:10:54:19 -0300] "GET /manager/html HTTP/1.1" 401 2474
210.108.70.119 - - [04/Sep/2024:10:54:19 -0300] "GET /manager/html HTTP/1.1" 401 2474
210.108.70.119 - - [04/Sep/2024:10:54:20 -0300] "GET /manager/html HTTP/1.1" 401 2474
210.108.70.119 - - [04/Sep/2024:10:54:20 -0300] "GET /manager/html HTTP/1.1" 401 2474
210.108.70.119 - - [04/Sep/2024:10:54:20 -0300] "GET /manager/html HTTP/1.1" 401 2474
210.108.70.119 - - [04/Sep/2024:10:54:21 -0300] "GET /manager/html HTTP/1.1" 401 2474
181.212.42.153 - - [04/Sep/2024:10:54:21 -0300] "POST /cormun/servlet/trsolicitudot?4ae44ea9fad96f108ef15567f5a0552d,gx-no-cache=1725458023059 HTTP/1.1" 200 107
181.212.42.153 - - [04/Sep/2024:10:54:21 -0300] "GET /cormun/servlet/trsolicitudadjuntos?2024,21724, HTTP/1.1" 200 6070
181.212.42.153 - - [04/Sep/2024:10:54:21 -0300] "GET /cormun/static/gxcfg.js?20201215574222 HTTP/1.1" 200 953
181.212.42.153 - - [04/Sep/2024:10:54:21 -0300] "GET /cormun/static/trsolicitudadjuntos.js?20201215574932 HTTP/1.1" 200 17921
210.108.70.119 - - [04/Sep/2024:10:54:21 -0300] "GET /manager/html HTTP/1.1" 401 2474
210.108.70.119 - - [04/Sep/2024:10:54:21 -0300] "GET /manager/html HTTP/1.1" 401 2474
210.108.70.119 - - [04/Sep/2024:10:54:22 -0300] "GET /manager/html HTTP/1.1" 401 2474
210.108.70.119 - - [04/Sep/2024:10:54:22 -0300] "GET /manager/html HTTP/1.1" 401 2474
210.108.70.119 - - [04/Sep/2024:10:54:22 -0300] "GET /manager/html HTTP/1.1" 401 2474
210.108.70.119 - - [04/Sep/2024:10:54:22 -0300] "GET /manager/html HTTP/1.1" 401 2474
181.212.42.153 - - [04/Sep/2024:10:54:23 -0300] "GET /cormun/servlet/solicitudotadjuntos?INS,2024,21724,,1, HTTP/1.1" 200 6017
181.212.42.153 - - [04/Sep/2024:10:54:23 -0300] "GET /cormun/static/gxcfg.js?202211298385187 HTTP/1.1" 200 953
181.212.42.153 - - [04/Sep/2024:10:54:23 -0300] "GET /cormun/static/solicitudotadjuntos.js?202211298385196 HTTP/1.1" 200 11771
181.212.42.153 - - [04/Sep/2024:10:54:23 -0300] "GET /cormun/static/about:blank HTTP/1.1" 404 1011
210.108.70.119 - - [04/Sep/2024:10:54:23 -0300] "GET /manager/html HTTP/1.1" 401 2474
210.108.70.119 - - [04/Sep/2024:10:54:23 -0300] "GET /manager/html HTTP/1.1" 401 2474
181.212.42.153 - - [04/Sep/2024:10:54:23 -0300] "GET /cormun/servlet/solicitudotadjuntos?524ca9271e96c2efeebfdcef4628764d0705d1febd2b4b1c888962cb17d1a161726271a60232e78f0a18617e93dc3c2b,gx-no-cache=1725458025615 HTTP/1.1" 200 30
181.212.42.153 - - [04/Sep/2024:10:54:23 -0300] "POST /cormun/servlet/solicitudotadjuntos?4ae44ea9fad96f108ef15567f5a0552d,INS,2024,21724,,1,,gx-no-cache=1725458025628 HTTP/1.1" 200 3861
210.108.70.119 - - [04/Sep/2024:10:54:24 -0300] "GET /manager/html HTTP/1.1" 401 2474
210.108.70.119 - - [04/Sep/2024:10:54:24 -0300] "GET /manager/html HTTP/1.1" 401 2474
210.108.70.119 - - [04/Sep/2024:10:54:24 -0300] "GET /manager/html HTTP/1.1" 401 2474
181.212.42.153 - - [04/Sep/2024:10:54:24 -0300] "POST /cormun/servlet/solicitudotadjuntos?gx-no-cache=1725458026834 HTTP/1.1" 200 26
210.108.70.119 - - [04/Sep/2024:10:54:25 -0300] "GET /manager/html HTTP/1.1" 401 2474
210.108.70.119 - - [04/Sep/2024:10:54:25 -0300] "GET /manager/html HTTP/1.1" 401 2474
210.108.70.119 - - [04/Sep/2024:10:54:25 -0300] "GET /manager/html HTTP/1.1" 401 2474
210.108.70.119 - - [04/Sep/2024:10:54:26 -0300] "GET /manager/html HTTP/1.1" 401 2474
210.108.70.119 - - [04/Sep/2024:10:54:26 -0300] "GET /manager/html HTTP/1.1" 401 2474
210.108.70.119 - - [04/Sep/2024:10:54:26 -0300] "GET /manager/html HTTP/1.1" 401 2474
210.108.70.119 - - [04/Sep/2024:10:54:26 -0300] "GET /manager/html HTTP/1.1" 401 2474
210.108.70.119 - - [04/Sep/2024:10:54:27 -0300] "GET /manager/html HTTP/1.1" 401 2474
210.108.70.119 - - [04/Sep/2024:10:54:27 -0300] "GET /manager/html HTTP/1.1" 401 2474
210.108.70.119 - - [04/Sep/2024:10:54:27 -0300] "GET /manager/html HTTP/1.1" 401 2474
210.108.70.119 - - [04/Sep/2024:10:54:28 -0300] "GET /manager/html HTTP/1.1" 401 2474
210.108.70.119 - - [04/Sep/2024:10:54:28 -0300] "GET /manager/html HTTP/1.1" 401 2474
210.108.70.119 - - [04/Sep/2024:10:54:29 -0300] "GET /manager/html HTTP/1.1" 401 2474
210.108.70.119 - - [04/Sep/2024:10:54:29 -0300] "GET /manager/html HTTP/1.1" 401 2474
210.108.70.119 - - [04/Sep/2024:10:54:29 -0300] "GET /manager/html HTTP/1.1" 401 2474
210.108.70.119 - - [04/Sep/2024:10:54:30 -0300] "GET /manager/html HTTP/1.1" 401 2474
210.108.70.119 - - [04/Sep/2024:10:54:30 -0300] "GET /manager/html HTTP/1.1" 401 2474
210.108.70.119 - - [04/Sep/2024:10:54:30 -0300] "GET /manager/html HTTP/1.1" 401 2474
210.108.70.119 - - [04/Sep/2024:10:54:31 -0300] "GET /manager/html HTTP/1.1" 401 2474
210.108.70.119 - - [04/Sep/2024:10:54:31 -0300] "GET /manager/html HTTP/1.1" 401 2474
210.108.70.119 - - [04/Sep/2024:10:54:31 -0300] "GET /manager/html HTTP/1.1" 401 2474
210.108.70.119 - - [04/Sep/2024:10:54:32 -0300] "GET /manager/html HTTP/1.1" 401 2474
210.108.70.119 - - [04/Sep/2024:10:54:32 -0300] "GET /manager/html HTTP/1.1" 401 2474
210.108.70.119 - - [04/Sep/2024:10:54:32 -0300] "GET /manager/html HTTP/1.1" 401 2474
210.108.70.119 - - [04/Sep/2024:10:54:33 -0300] "GET /manager/html HTTP/1.1" 401 2474
210.108.70.119 - - [04/Sep/2024:10:54:34 -0300] "GET /manager/html HTTP/1.1" 401 2474
210.108.70.119 - - [04/Sep/2024:10:54:34 -0300] "GET /manager/html HTTP/1.1" 401 2474
210.108.70.119 - - [04/Sep/2024:10:54:34 -0300] "GET /manager/html HTTP/1.1" 401 2474
210.108.70.119 - - [04/Sep/2024:10:54:35 -0300] "GET /manager/html HTTP/1.1" 401 2474
181.212.42.153 - - [04/Sep/2024:10:54:35 -0300] "GET /cormun/servlet/solicitudotadjuntos?524ca9271e96c2efeebfdcef4628764da3b208d6ce710e2dbad4d8c9515662bd,gx-no-cache=1725458037072 HTTP/1.1" 200 30
181.212.42.153 - - [04/Sep/2024:10:54:35 -0300] "GET /cormun/servlet/solicitudotadjuntos?524ca9271e96c2efeebfdcef4628764da3b208d6ce710e2dbad4d8c9515662bd,gx-no-cache=1725458037081 HTTP/1.1" 200 30
181.212.42.153 - - [04/Sep/2024:10:54:35 -0300] "POST /cormun/servlet/solicitudotadjuntos?4ae44ea9fad96f108ef15567f5a0552d,INS,2024,21724,,1, HTTP/1.1" 200 116
181.212.42.153 - - [04/Sep/2024:10:54:35 -0300] "GET /cormun/servlet/hpexe_return? HTTP/1.1" 200 1021
181.212.42.153 - - [04/Sep/2024:10:54:35 -0300] "GET /cormun/servlet/trsolicitudadjuntos?2024,21724, HTTP/1.1" 200 9052
210.108.70.119 - - [04/Sep/2024:10:54:35 -0300] "GET /manager/html HTTP/1.1" 401 2474
210.108.70.119 - - [04/Sep/2024:10:54:35 -0300] "GET /manager/html HTTP/1.1" 401 2474
210.108.70.119 - - [04/Sep/2024:10:54:35 -0300] "GET /manager/html HTTP/1.1" 401 2474
210.108.70.119 - - [04/Sep/2024:10:54:36 -0300] "GET /manager/html HTTP/1.1" 401 2474
210.108.70.119 - - [04/Sep/2024:10:54:36 -0300] "GET /manager/html HTTP/1.1" 401 2474
210.108.70.119 - - [04/Sep/2024:10:54:36 -0300] "GET /manager/html HTTP/1.1" 401 2474
181.212.42.153 - - [04/Sep/2024:10:54:37 -0300] "GET /cormun/servlet/solicitudotadjuntos?INS,2024,21724,,1, HTTP/1.1" 200 6017
181.212.42.153 - - [04/Sep/2024:10:54:37 -0300] "GET /cormun/static/about:blank HTTP/1.1" 404 1011
210.108.70.119 - - [04/Sep/2024:10:54:37 -0300] "GET /manager/html HTTP/1.1" 401 2474
181.212.42.153 - - [04/Sep/2024:10:54:37 -0300] "GET /cormun/servlet/solicitudotadjuntos?524ca9271e96c2efeebfdcef4628764d0705d1febd2b4b1c888962cb17d1a161726271a60232e78f0a18617e93dc3c2b,gx-no-cache=1725458039565 HTTP/1.1" 200 30
181.212.42.153 - - [04/Sep/2024:10:54:37 -0300] "POST /cormun/servlet/solicitudotadjuntos?4ae44ea9fad96f108ef15567f5a0552d,INS,2024,21724,,1,,gx-no-cache=1725458039577 HTTP/1.1" 200 3861
210.108.70.119 - - [04/Sep/2024:10:54:37 -0300] "GET /manager/html HTTP/1.1" 401 2474
210.108.70.119 - - [04/Sep/2024:10:54:38 -0300] "GET /manager/html HTTP/1.1" 401 2474
210.108.70.119 - - [04/Sep/2024:10:54:38 -0300] "GET /manager/html HTTP/1.1" 401 2474
210.108.70.119 - - [04/Sep/2024:10:54:38 -0300] "GET /manager/html HTTP/1.1" 401 2474
210.108.70.119 - - [04/Sep/2024:10:54:38 -0300] "GET /manager/html HTTP/1.1" 401 2474
181.212.42.153 - - [04/Sep/2024:10:54:39 -0300] "POST /cormun/servlet/solicitudotadjuntos?gx-no-cache=1725458041040 HTTP/1.1" 200 26
210.108.70.119 - - [04/Sep/2024:10:54:39 -0300] "GET /manager/html HTTP/1.1" 401 2474
210.108.70.119 - - [04/Sep/2024:10:54:39 -0300] "GET /manager/html HTTP/1.1" 401 2474
210.108.70.119 - - [04/Sep/2024:10:54:39 -0300] "GET /manager/html HTTP/1.1" 401 2474
210.108.70.119 - - [04/Sep/2024:10:54:40 -0300] "GET /manager/html HTTP/1.1" 401 2474
210.108.70.119 - - [04/Sep/2024:10:54:40 -0300] "GET /manager/html HTTP/1.1" 401 2474
210.108.70.119 - - [04/Sep/2024:10:54:40 -0300] "GET /manager/html HTTP/1.1" 401 2474
210.108.70.119 - - [04/Sep/2024:10:54:41 -0300] "GET /manager/html HTTP/1.1" 401 2474
210.108.70.119 - - [04/Sep/2024:10:54:41 -0300] "GET /manager/html HTTP/1.1" 401 2474
210.108.70.119 - - [04/Sep/2024:10:54:41 -0300] "GET /manager/html HTTP/1.1" 401 2474
210.108.70.119 - - [04/Sep/2024:10:54:42 -0300] "GET /manager/html HTTP/1.1" 401 2474
210.108.70.119 - - [04/Sep/2024:10:54:42 -0300] "GET /manager/html HTTP/1.1" 401 2474
210.108.70.119 - - [04/Sep/2024:10:54:43 -0300] "GET /manager/html HTTP/1.1" 401 2474
210.108.70.119 - - [04/Sep/2024:10:54:43 -0300] "GET /manager/html HTTP/1.1" 401 2474
210.108.70.119 - - [04/Sep/2024:10:54:43 -0300] "GET /manager/html HTTP/1.1" 401 2474
210.108.70.119 - - [04/Sep/2024:10:54:44 -0300] "GET /manager/html HTTP/1.1" 401 2474
210.108.70.119 - - [04/Sep/2024:10:54:44 -0300] "GET /manager/html HTTP/1.1" 401 2474
210.108.70.119 - - [04/Sep/2024:10:54:44 -0300] "GET /manager/html HTTP/1.1" 401 2474
210.108.70.119 - - [04/Sep/2024:10:54:45 -0300] "GET /manager/html HTTP/1.1" 401 2474
181.212.42.153 - - [04/Sep/2024:10:54:45 -0300] "GET /cormun/servlet/solicitudotadjuntos?524ca9271e96c2efeebfdcef4628764da3b208d6ce710e2dbad4d8c9515662bd,gx-no-cache=1725458047136 HTTP/1.1" 200 30
181.212.42.153 - - [04/Sep/2024:10:54:45 -0300] "GET /cormun/servlet/solicitudotadjuntos?524ca9271e96c2efeebfdcef4628764da3b208d6ce710e2dbad4d8c9515662bd,gx-no-cache=1725458047144 HTTP/1.1" 200 30
181.212.42.153 - - [04/Sep/2024:10:54:45 -0300] "POST /cormun/servlet/solicitudotadjuntos?4ae44ea9fad96f108ef15567f5a0552d,INS,2024,21724,,1, HTTP/1.1" 200 116
181.212.42.153 - - [04/Sep/2024:10:54:45 -0300] "GET /cormun/servlet/hpexe_return? HTTP/1.1" 200 1021
210.108.70.119 - - [04/Sep/2024:10:54:45 -0300] "GET /manager/html HTTP/1.1" 401 2474
181.212.42.153 - - [04/Sep/2024:10:54:45 -0300] "GET /cormun/servlet/trsolicitudadjuntos?2024,21724, HTTP/1.1" 200 9359
210.108.70.119 - - [04/Sep/2024:10:54:45 -0300] "GET /manager/html HTTP/1.1" 401 2474
210.108.70.119 - - [04/Sep/2024:10:54:45 -0300] "GET /manager/html HTTP/1.1" 401 2474
190.171.141.106 - - [04/Sep/2024:10:54:45 -0300] "GET /cormun/servlet/hlogin HTTP/1.1" 200 1721
190.171.141.106 - - [04/Sep/2024:10:54:46 -0300] "GET /cormun/servlet/hlogin HTTP/1.1" 200 1731
190.171.141.106 - - [04/Sep/2024:10:54:46 -0300] "GET /apple-touch-icon-precomposed.png HTTP/1.1" 404 1025
190.171.141.106 - - [04/Sep/2024:10:54:46 -0300] "GET /apple-touch-icon.png HTTP/1.1" 404 1001
190.171.141.106 - - [04/Sep/2024:10:54:46 -0300] "GET /apple-touch-icon-precomposed.png HTTP/1.1" 404 1025
190.171.141.106 - - [04/Sep/2024:10:54:46 -0300] "GET /apple-touch-icon.png HTTP/1.1" 404 1001
210.108.70.119 - - [04/Sep/2024:10:54:46 -0300] "GET /manager/html HTTP/1.1" 401 2474
210.108.70.119 - - [04/Sep/2024:10:54:46 -0300] "GET /manager/html HTTP/1.1" 401 2474
210.108.70.119 - - [04/Sep/2024:10:54:46 -0300] "GET /manager/html HTTP/1.1" 401 2474
181.212.42.153 - - [04/Sep/2024:10:54:47 -0300] "GET /cormun/servlet/solicitudotadjuntos?INS,2024,21724,,1, HTTP/1.1" 200 6017
181.212.42.153 - - [04/Sep/2024:10:54:47 -0300] "GET /cormun/static/about:blank HTTP/1.1" 404 1011
210.108.70.119 - - [04/Sep/2024:10:54:47 -0300] "GET /manager/html HTTP/1.1" 401 2474
210.108.70.119 - - [04/Sep/2024:10:54:47 -0300] "GET /manager/html HTTP/1.1" 401 2474
181.212.42.153 - - [04/Sep/2024:10:54:48 -0300] "GET /cormun/servlet/solicitudotadjuntos?524ca9271e96c2efeebfdcef4628764d0705d1febd2b4b1c888962cb17d1a161726271a60232e78f0a18617e93dc3c2b,gx-no-cache=1725458049944 HTTP/1.1" 200 30
181.212.42.153 - - [04/Sep/2024:10:54:48 -0300] "POST /cormun/servlet/solicitudotadjuntos?4ae44ea9fad96f108ef15567f5a0552d,INS,2024,21724,,1,,gx-no-cache=1725458049956 HTTP/1.1" 200 3861
210.108.70.119 - - [04/Sep/2024:10:54:48 -0300] "GET /manager/html HTTP/1.1" 401 2474
210.108.70.119 - - [04/Sep/2024:10:54:48 -0300] "GET /manager/html HTTP/1.1" 401 2474
210.108.70.119 - - [04/Sep/2024:10:54:48 -0300] "GET /manager/html HTTP/1.1" 401 2474
210.108.70.119 - - [04/Sep/2024:10:54:49 -0300] "GET /manager/html HTTP/1.1" 401 2474
210.108.70.119 - - [04/Sep/2024:10:54:49 -0300] "GET /manager/html HTTP/1.1" 401 2474
210.108.70.119 - - [04/Sep/2024:10:54:49 -0300] "GET /manager/html HTTP/1.1" 401 2474
210.108.70.119 - - [04/Sep/2024:10:54:50 -0300] "GET /manager/html HTTP/1.1" 401 2474
210.108.70.119 - - [04/Sep/2024:10:54:50 -0300] "GET /manager/html HTTP/1.1" 401 2474
210.108.70.119 - - [04/Sep/2024:10:54:50 -0300] "GET /manager/html HTTP/1.1" 401 2474
210.108.70.119 - - [04/Sep/2024:10:54:50 -0300] "GET /manager/html HTTP/1.1" 401 2474
210.108.70.119 - - [04/Sep/2024:10:54:51 -0300] "GET /manager/html HTTP/1.1" 401 2474
181.212.42.153 - - [04/Sep/2024:10:54:51 -0300] "POST /cormun/servlet/solicitudotadjuntos?gx-no-cache=1725458053449 HTTP/1.1" 200 26
210.108.70.119 - - [04/Sep/2024:10:54:51 -0300] "GET /manager/html HTTP/1.1" 401 2474
210.108.70.119 - - [04/Sep/2024:10:54:52 -0300] "GET /manager/html HTTP/1.1" 401 2474
210.108.70.119 - - [04/Sep/2024:10:54:52 -0300] "GET /manager/html HTTP/1.1" 401 2474
210.108.70.119 - - [04/Sep/2024:10:54:53 -0300] "GET /manager/html HTTP/1.1" 401 2474
210.108.70.119 - - [04/Sep/2024:10:54:53 -0300] "GET /manager/html HTTP/1.1" 401 2474
210.108.70.119 - - [04/Sep/2024:10:54:53 -0300] "GET /manager/html HTTP/1.1" 401 2474
210.108.70.119 - - [04/Sep/2024:10:54:54 -0300] "GET /manager/html HTTP/1.1" 401 2474
210.108.70.119 - - [04/Sep/2024:10:54:54 -0300] "GET /manager/html HTTP/1.1" 401 2474
210.108.70.119 - - [04/Sep/2024:10:54:54 -0300] "GET /manager/html HTTP/1.1" 401 2474
190.171.141.106 - - [04/Sep/2024:10:54:54 -0300] "POST /cormun/servlet/hlogin?7544b0d1d4380eda8a606c9ac5b75fb7,gx-no-cache=1725458055150 HTTP/1.1" 200 90
190.171.141.106 - - [04/Sep/2024:10:54:54 -0300] "GET /cormun/servlet/hpexe_link HTTP/1.1" 200 952
190.171.141.106 - - [04/Sep/2024:10:54:54 -0300] "GET /cormun/servlet/hhome HTTP/1.1" 200 4137
190.171.141.106 - - [04/Sep/2024:10:54:54 -0300] "GET /cormun/static/PXToolsJavascripts/pexe_cookies.js HTTP/1.1" 200 792
190.171.141.106 - - [04/Sep/2024:10:54:54 -0300] "GET /cormun/static/PXToolsJavascripts/pexe_picture.js HTTP/1.1" 200 689
210.108.70.119 - - [04/Sep/2024:10:54:54 -0300] "GET /manager/html HTTP/1.1" 401 2474
210.108.70.119 - - [04/Sep/2024:10:54:55 -0300] "GET /manager/html HTTP/1.1" 401 2474
210.108.70.119 - - [04/Sep/2024:10:54:55 -0300] "GET /manager/html HTTP/1.1" 401 2474
210.108.70.119 - - [04/Sep/2024:10:54:55 -0300] "GET /manager/html HTTP/1.1" 401 2474
210.108.70.119 - - [04/Sep/2024:10:54:56 -0300] "GET /manager/html HTTP/1.1" 401 2474
210.108.70.119 - - [04/Sep/2024:10:54:56 -0300] "GET /manager/html HTTP/1.1" 401 2474
210.108.70.119 - - [04/Sep/2024:10:54:56 -0300] "GET /manager/html HTTP/1.1" 401 2474
210.108.70.119 - - [04/Sep/2024:10:54:57 -0300] "GET /manager/html HTTP/1.1" 401 2474
210.108.70.119 - - [04/Sep/2024:10:54:57 -0300] "GET /manager/html HTTP/1.1" 401 2474
210.108.70.119 - - [04/Sep/2024:10:54:57 -0300] "GET /manager/html HTTP/1.1" 401 2474
210.108.70.119 - - [04/Sep/2024:10:54:57 -0300] "GET /manager/html HTTP/1.1" 401 2474
210.108.70.119 - - [04/Sep/2024:10:54:58 -0300] "GET /manager/html HTTP/1.1" 401 2474
210.108.70.119 - - [04/Sep/2024:10:54:58 -0300] "GET /manager/html HTTP/1.1" 401 2474
210.108.70.119 - - [04/Sep/2024:10:54:58 -0300] "GET /manager/html HTTP/1.1" 401 2474
210.108.70.119 - - [04/Sep/2024:10:54:59 -0300] "GET /manager/html HTTP/1.1" 401 2474
210.108.70.119 - - [04/Sep/2024:10:54:59 -0300] "GET /manager/html HTTP/1.1" 401 2474
210.108.70.119 - - [04/Sep/2024:10:54:59 -0300] "GET /manager/html HTTP/1.1" 401 2474
210.108.70.119 - - [04/Sep/2024:10:55:00 -0300] "GET /manager/html HTTP/1.1" 401 2474
210.108.70.119 - - [04/Sep/2024:10:55:00 -0300] "GET /manager/html HTTP/1.1" 401 2474
210.108.70.119 - - [04/Sep/2024:10:55:00 -0300] "GET /manager/html HTTP/1.1" 401 2474
210.108.70.119 - - [04/Sep/2024:10:55:00 -0300] "GET /manager/html HTTP/1.1" 401 2474
210.108.70.119 - - [04/Sep/2024:10:55:01 -0300] "GET /manager/html HTTP/1.1" 401 2474
181.212.42.153 - - [04/Sep/2024:10:55:01 -0300] "GET /cormun/servlet/solicitudotadjuntos?524ca9271e96c2efeebfdcef4628764da3b208d6ce710e2dbad4d8c9515662bd,gx-no-cache=1725458063256 HTTP/1.1" 200 30
181.212.42.153 - - [04/Sep/2024:10:55:01 -0300] "GET /cormun/servlet/solicitudotadjuntos?524ca9271e96c2efeebfdcef4628764da3b208d6ce710e2dbad4d8c9515662bd,gx-no-cache=1725458063265 HTTP/1.1" 200 30
181.212.42.153 - - [04/Sep/2024:10:55:01 -0300] "POST /cormun/servlet/solicitudotadjuntos?4ae44ea9fad96f108ef15567f5a0552d,INS,2024,21724,,1, HTTP/1.1" 200 116
181.212.42.153 - - [04/Sep/2024:10:55:01 -0300] "GET /cormun/servlet/hpexe_return? HTTP/1.1" 200 1021
210.108.70.119 - - [04/Sep/2024:10:55:01 -0300] "GET /manager/html HTTP/1.1" 401 2474
181.212.42.153 - - [04/Sep/2024:10:55:01 -0300] "GET /cormun/servlet/trsolicitudadjuntos?2024,21724, HTTP/1.1" 200 9595
210.108.70.119 - - [04/Sep/2024:10:55:01 -0300] "GET /manager/html HTTP/1.1" 401 2474
210.108.70.119 - - [04/Sep/2024:10:55:02 -0300] "GET /manager/html HTTP/1.1" 401 2474
210.108.70.119 - - [04/Sep/2024:10:55:02 -0300] "GET /manager/html HTTP/1.1" 401 2474
210.108.70.119 - - [04/Sep/2024:10:55:02 -0300] "GET /manager/html HTTP/1.1" 401 2474
210.108.70.119 - - [04/Sep/2024:10:55:02 -0300] "GET /manager/html HTTP/1.1" 401 2474
210.108.70.119 - - [04/Sep/2024:10:55:03 -0300] "GET /manager/html HTTP/1.1" 401 2474
181.212.42.153 - - [04/Sep/2024:10:55:03 -0300] "GET /cormun/servlet/solicitudotadjuntos?INS,2024,21724,,1, HTTP/1.1" 200 6017
181.212.42.153 - - [04/Sep/2024:10:55:03 -0300] "GET /cormun/static/about:blank HTTP/1.1" 404 1011
210.108.70.119 - - [04/Sep/2024:10:55:03 -0300] "GET /manager/html HTTP/1.1" 401 2474
210.108.70.119 - - [04/Sep/2024:10:55:03 -0300] "GET /manager/html HTTP/1.1" 401 2474
181.212.42.153 - - [04/Sep/2024:10:55:04 -0300] "GET /cormun/servlet/solicitudotadjuntos?524ca9271e96c2efeebfdcef4628764d0705d1febd2b4b1c888962cb17d1a161726271a60232e78f0a18617e93dc3c2b,gx-no-cache=1725458065961 HTTP/1.1" 200 30
181.212.42.153 - - [04/Sep/2024:10:55:04 -0300] "POST /cormun/servlet/solicitudotadjuntos?4ae44ea9fad96f108ef15567f5a0552d,INS,2024,21724,,1,,gx-no-cache=1725458065972 HTTP/1.1" 200 3861
210.108.70.119 - - [04/Sep/2024:10:55:04 -0300] "GET /manager/html HTTP/1.1" 401 2474
210.108.70.119 - - [04/Sep/2024:10:55:04 -0300] "GET /manager/html HTTP/1.1" 401 2474
210.108.70.119 - - [04/Sep/2024:10:55:04 -0300] "GET /manager/html HTTP/1.1" 401 2474
210.108.70.119 - - [04/Sep/2024:10:55:05 -0300] "GET /manager/html HTTP/1.1" 401 2474
210.108.70.119 - - [04/Sep/2024:10:55:05 -0300] "GET /manager/html HTTP/1.1" 401 2474
210.108.70.119 - - [04/Sep/2024:10:55:05 -0300] "GET /manager/html HTTP/1.1" 401 2474
210.108.70.119 - - [04/Sep/2024:10:55:06 -0300] "GET /manager/html HTTP/1.1" 401 2474
181.212.42.153 - - [04/Sep/2024:10:55:06 -0300] "POST /cormun/servlet/solicitudotadjuntos?gx-no-cache=1725458068160 HTTP/1.1" 200 26
210.108.70.119 - - [04/Sep/2024:10:55:06 -0300] "GET /manager/html HTTP/1.1" 401 2474
210.108.70.119 - - [04/Sep/2024:10:55:06 -0300] "GET /manager/html HTTP/1.1" 401 2474
210.108.70.119 - - [04/Sep/2024:10:55:07 -0300] "GET /manager/html HTTP/1.1" 401 2474
210.108.70.119 - - [04/Sep/2024:10:55:07 -0300] "GET /manager/html HTTP/1.1" 401 2474
210.108.70.119 - - [04/Sep/2024:10:55:07 -0300] "GET /manager/html HTTP/1.1" 401 2474
210.108.70.119 - - [04/Sep/2024:10:55:08 -0300] "GET /manager/html HTTP/1.1" 401 2474
210.108.70.119 - - [04/Sep/2024:10:55:08 -0300] "GET /manager/html HTTP/1.1" 401 2474
210.108.70.119 - - [04/Sep/2024:10:55:08 -0300] "GET /manager/html HTTP/1.1" 401 2474
210.108.70.119 - - [04/Sep/2024:10:55:09 -0300] "GET /manager/html HTTP/1.1" 401 2474
210.108.70.119 - - [04/Sep/2024:10:55:09 -0300] "GET /manager/html HTTP/1.1" 401 2474
210.108.70.119 - - [04/Sep/2024:10:55:09 -0300] "GET /manager/html HTTP/1.1" 401 2474
210.108.70.119 - - [04/Sep/2024:10:55:09 -0300] "GET /manager/html HTTP/1.1" 401 2474
210.108.70.119 - - [04/Sep/2024:10:55:10 -0300] "GET /manager/html HTTP/1.1" 401 2474
210.108.70.119 - - [04/Sep/2024:10:55:10 -0300] "GET /manager/html HTTP/1.1" 401 2474
210.108.70.119 - - [04/Sep/2024:10:55:10 -0300] "GET /manager/html HTTP/1.1" 401 2474
210.108.70.119 - - [04/Sep/2024:10:55:11 -0300] "GET /manager/html HTTP/1.1" 401 2474
181.212.42.153 - - [04/Sep/2024:10:55:11 -0300] "GET /cormun/servlet/solicitudotadjuntos?524ca9271e96c2efeebfdcef4628764da3b208d6ce710e2dbad4d8c9515662bd,gx-no-cache=1725458073128 HTTP/1.1" 200 30
181.212.42.153 - - [04/Sep/2024:10:55:11 -0300] "GET /cormun/servlet/solicitudotadjuntos?524ca9271e96c2efeebfdcef4628764da3b208d6ce710e2dbad4d8c9515662bd,gx-no-cache=1725458073137 HTTP/1.1" 200 30
181.212.42.153 - - [04/Sep/2024:10:55:11 -0300] "POST /cormun/servlet/solicitudotadjuntos?4ae44ea9fad96f108ef15567f5a0552d,INS,2024,21724,,1, HTTP/1.1" 200 116
181.212.42.153 - - [04/Sep/2024:10:55:11 -0300] "GET /cormun/servlet/hpexe_return? HTTP/1.1" 200 1021
181.212.42.153 - - [04/Sep/2024:10:55:11 -0300] "GET /cormun/servlet/trsolicitudadjuntos?2024,21724, HTTP/1.1" 200 9905
210.108.70.119 - - [04/Sep/2024:10:55:11 -0300] "GET /manager/html HTTP/1.1" 401 2474
210.108.70.119 - - [04/Sep/2024:10:55:11 -0300] "GET /manager/html HTTP/1.1" 401 2474
210.108.70.119 - - [04/Sep/2024:10:55:12 -0300] "GET /manager/html HTTP/1.1" 401 2474
210.108.70.119 - - [04/Sep/2024:10:55:12 -0300] "GET /manager/html HTTP/1.1" 401 2474
210.108.70.119 - - [04/Sep/2024:10:55:12 -0300] "GET /manager/html HTTP/1.1" 401 2474
210.108.70.119 - - [04/Sep/2024:10:55:12 -0300] "GET /manager/html HTTP/1.1" 401 2474
181.212.42.153 - - [04/Sep/2024:10:55:13 -0300] "GET /cormun/servlet/solicitudotadjuntos?INS,2024,21724,,1, HTTP/1.1" 200 6018
181.212.42.153 - - [04/Sep/2024:10:55:13 -0300] "GET /cormun/static/about:blank HTTP/1.1" 404 1011
210.108.70.119 - - [04/Sep/2024:10:55:13 -0300] "GET /manager/html HTTP/1.1" 401 2474
210.108.70.119 - - [04/Sep/2024:10:55:13 -0300] "GET /manager/html HTTP/1.1" 401 2474
181.212.42.153 - - [04/Sep/2024:10:55:13 -0300] "GET /cormun/servlet/solicitudotadjuntos?524ca9271e96c2efeebfdcef4628764d0705d1febd2b4b1c888962cb17d1a161726271a60232e78f0a18617e93dc3c2b,gx-no-cache=1725458075704 HTTP/1.1" 200 30
181.212.42.153 - - [04/Sep/2024:10:55:13 -0300] "POST /cormun/servlet/solicitudotadjuntos?4ae44ea9fad96f108ef15567f5a0552d,INS,2024,21724,,1,,gx-no-cache=1725458075718 HTTP/1.1" 200 3862
210.108.70.119 - - [04/Sep/2024:10:55:13 -0300] "GET /manager/html HTTP/1.1" 401 2474
210.108.70.119 - - [04/Sep/2024:10:55:14 -0300] "GET /manager/html HTTP/1.1" 401 2474
210.108.70.119 - - [04/Sep/2024:10:55:14 -0300] "GET /manager/html HTTP/1.1" 401 2474
210.108.70.119 - - [04/Sep/2024:10:55:14 -0300] "GET /manager/html HTTP/1.1" 401 2474
210.108.70.119 - - [04/Sep/2024:10:55:15 -0300] "GET /manager/html HTTP/1.1" 401 2474
210.108.70.119 - - [04/Sep/2024:10:55:15 -0300] "GET /manager/html HTTP/1.1" 401 2474
181.212.42.153 - - [04/Sep/2024:10:55:15 -0300] "POST /cormun/servlet/solicitudotadjuntos?gx-no-cache=1725458077340 HTTP/1.1" 200 26
210.108.70.119 - - [04/Sep/2024:10:55:15 -0300] "GET /manager/html HTTP/1.1" 401 2474
210.108.70.119 - - [04/Sep/2024:10:55:15 -0300] "GET /manager/html HTTP/1.1" 401 2474
210.108.70.119 - - [04/Sep/2024:10:55:16 -0300] "GET /manager/html HTTP/1.1" 401 2474
210.108.70.119 - - [04/Sep/2024:10:55:16 -0300] "GET /manager/html HTTP/1.1" 401 2474
210.108.70.119 - - [04/Sep/2024:10:55:16 -0300] "GET /manager/html HTTP/1.1" 401 2474
210.108.70.119 - - [04/Sep/2024:10:55:17 -0300] "GET /manager/html HTTP/1.1" 401 2474
210.108.70.119 - - [04/Sep/2024:10:55:17 -0300] "GET /manager/html HTTP/1.1" 401 2474
210.108.70.119 - - [04/Sep/2024:10:55:17 -0300] "GET /manager/html HTTP/1.1" 401 2474
210.108.70.119 - - [04/Sep/2024:10:55:18 -0300] "GET /manager/html HTTP/1.1" 401 2474
210.108.70.119 - - [04/Sep/2024:10:55:18 -0300] "GET /manager/html HTTP/1.1" 401 2474
210.108.70.119 - - [04/Sep/2024:10:55:18 -0300] "GET /manager/html HTTP/1.1" 401 2474
210.108.70.119 - - [04/Sep/2024:10:55:19 -0300] "GET /manager/html HTTP/1.1" 401 2474
210.108.70.119 - - [04/Sep/2024:10:55:19 -0300] "GET /manager/html HTTP/1.1" 401 2474
210.108.70.119 - - [04/Sep/2024:10:55:19 -0300] "GET /manager/html HTTP/1.1" 401 2474
210.108.70.119 - - [04/Sep/2024:10:55:20 -0300] "GET /manager/html HTTP/1.1" 401 2474
181.212.42.153 - - [04/Sep/2024:10:55:20 -0300] "GET /cormun/servlet/solicitudotadjuntos?524ca9271e96c2efeebfdcef4628764da3b208d6ce710e2dbad4d8c9515662bd,gx-no-cache=1725458082084 HTTP/1.1" 200 30
181.212.42.153 - - [04/Sep/2024:10:55:20 -0300] "GET /cormun/servlet/solicitudotadjuntos?524ca9271e96c2efeebfdcef4628764da3b208d6ce710e2dbad4d8c9515662bd,gx-no-cache=1725458082093 HTTP/1.1" 200 30
181.212.42.153 - - [04/Sep/2024:10:55:20 -0300] "POST /cormun/servlet/solicitudotadjuntos?4ae44ea9fad96f108ef15567f5a0552d,INS,2024,21724,,1, HTTP/1.1" 200 116
181.212.42.153 - - [04/Sep/2024:10:55:20 -0300] "GET /cormun/servlet/hpexe_return? HTTP/1.1" 200 1021
210.108.70.119 - - [04/Sep/2024:10:55:20 -0300] "GET /manager/html HTTP/1.1" 401 2474
181.212.42.153 - - [04/Sep/2024:10:55:20 -0300] "GET /cormun/servlet/trsolicitudadjuntos?2024,21724, HTTP/1.1" 200 10210
210.108.70.119 - - [04/Sep/2024:10:55:20 -0300] "GET /manager/html HTTP/1.1" 401 2474
210.108.70.119 - - [04/Sep/2024:10:55:21 -0300] "GET /manager/html HTTP/1.1" 401 2474
210.108.70.119 - - [04/Sep/2024:10:55:21 -0300] "GET /manager/html HTTP/1.1" 401 2474
210.108.70.119 - - [04/Sep/2024:10:55:21 -0300] "GET /manager/html HTTP/1.1" 401 2474
210.108.70.119 - - [04/Sep/2024:10:55:22 -0300] "GET /manager/html HTTP/1.1" 401 2474
181.212.42.153 - - [04/Sep/2024:10:55:22 -0300] "GET /cormun/servlet/solicitudotadjuntos?INS,2024,21724,,1, HTTP/1.1" 200 6018
181.212.42.153 - - [04/Sep/2024:10:55:22 -0300] "GET /cormun/static/about:blank HTTP/1.1" 404 1011
210.108.70.119 - - [04/Sep/2024:10:55:22 -0300] "GET /manager/html HTTP/1.1" 401 2474
210.108.70.119 - - [04/Sep/2024:10:55:22 -0300] "GET /manager/html HTTP/1.1" 401 2474
181.212.42.153 - - [04/Sep/2024:10:55:22 -0300] "GET /cormun/servlet/solicitudotadjuntos?524ca9271e96c2efeebfdcef4628764d0705d1febd2b4b1c888962cb17d1a161726271a60232e78f0a18617e93dc3c2b,gx-no-cache=1725458084838 HTTP/1.1" 200 30
181.212.42.153 - - [04/Sep/2024:10:55:22 -0300] "POST /cormun/servlet/solicitudotadjuntos?4ae44ea9fad96f108ef15567f5a0552d,INS,2024,21724,,1,,gx-no-cache=1725458084854 HTTP/1.1" 200 3862
210.108.70.119 - - [04/Sep/2024:10:55:23 -0300] "GET /manager/html HTTP/1.1" 401 2474
210.108.70.119 - - [04/Sep/2024:10:55:23 -0300] "GET /manager/html HTTP/1.1" 401 2474
210.108.70.119 - - [04/Sep/2024:10:55:23 -0300] "GET /manager/html HTTP/1.1" 401 2474
210.108.70.119 - - [04/Sep/2024:10:55:24 -0300] "GET /manager/html HTTP/1.1" 401 2474
210.108.70.119 - - [04/Sep/2024:10:55:24 -0300] "GET /manager/html HTTP/1.1" 401 2474
210.108.70.119 - - [04/Sep/2024:10:55:24 -0300] "GET /manager/html HTTP/1.1" 401 2474
181.212.42.153 - - [04/Sep/2024:10:55:24 -0300] "POST /cormun/servlet/solicitudotadjuntos?gx-no-cache=1725458086741 HTTP/1.1" 200 26
210.108.70.119 - - [04/Sep/2024:10:55:25 -0300] "GET /manager/html HTTP/1.1" 401 2474
210.108.70.119 - - [04/Sep/2024:10:55:25 -0300] "GET /manager/html HTTP/1.1" 401 2474
210.108.70.119 - - [04/Sep/2024:10:55:25 -0300] "GET /manager/html HTTP/1.1" 401 2474
210.108.70.119 - - [04/Sep/2024:10:55:25 -0300] "GET /manager/html HTTP/1.1" 401 2474
210.108.70.119 - - [04/Sep/2024:10:55:26 -0300] "GET /manager/html HTTP/1.1" 401 2474
210.108.70.119 - - [04/Sep/2024:10:55:26 -0300] "GET /manager/html HTTP/1.1" 401 2474
210.108.70.119 - - [04/Sep/2024:10:55:26 -0300] "GET /manager/html HTTP/1.1" 401 2474
210.108.70.119 - - [04/Sep/2024:10:55:27 -0300] "GET /manager/html HTTP/1.1" 401 2474
210.108.70.119 - - [04/Sep/2024:10:55:27 -0300] "GET /manager/html HTTP/1.1" 401 2474
210.108.70.119 - - [04/Sep/2024:10:55:27 -0300] "GET /manager/html HTTP/1.1" 401 2474
210.108.70.119 - - [04/Sep/2024:10:55:28 -0300] "GET /manager/html HTTP/1.1" 401 2474
210.108.70.119 - - [04/Sep/2024:10:55:28 -0300] "GET /manager/html HTTP/1.1" 401 2474
210.108.70.119 - - [04/Sep/2024:10:55:28 -0300] "GET /manager/html HTTP/1.1" 401 2474
210.108.70.119 - - [04/Sep/2024:10:55:28 -0300] "GET /manager/html HTTP/1.1" 401 2474
210.108.70.119 - - [04/Sep/2024:10:55:29 -0300] "GET /manager/html HTTP/1.1" 401 2474
210.108.70.119 - - [04/Sep/2024:10:55:29 -0300] "GET /manager/html HTTP/1.1" 401 2474
210.108.70.119 - - [04/Sep/2024:10:55:30 -0300] "GET /manager/html HTTP/1.1" 401 2474
210.108.70.119 - - [04/Sep/2024:10:55:30 -0300] "GET /manager/html HTTP/1.1" 401 2474
210.108.70.119 - - [04/Sep/2024:10:55:30 -0300] "GET /manager/html HTTP/1.1" 401 2474
210.108.70.119 - - [04/Sep/2024:10:55:31 -0300] "GET /manager/html HTTP/1.1" 401 2474
210.108.70.119 - - [04/Sep/2024:10:55:31 -0300] "GET /manager/html HTTP/1.1" 401 2474
210.108.70.119 - - [04/Sep/2024:10:55:32 -0300] "GET /manager/html HTTP/1.1" 401 2474
210.108.70.119 - - [04/Sep/2024:10:55:32 -0300] "GET /manager/html HTTP/1.1" 401 2474
190.171.141.106 - - [04/Sep/2024:10:55:32 -0300] "GET /cormun/servlet/trlicencias? HTTP/1.1" 200 15891
210.108.70.119 - - [04/Sep/2024:10:55:32 -0300] "GET /manager/html HTTP/1.1" 401 2474
210.108.70.119 - - [04/Sep/2024:10:55:33 -0300] "GET /manager/html HTTP/1.1" 401 2474
210.108.70.119 - - [04/Sep/2024:10:55:33 -0300] "GET /manager/html HTTP/1.1" 401 2474
210.108.70.119 - - [04/Sep/2024:10:55:33 -0300] "GET /manager/html HTTP/1.1" 401 2474
210.108.70.119 - - [04/Sep/2024:10:55:34 -0300] "GET /manager/html HTTP/1.1" 401 2474
210.108.70.119 - - [04/Sep/2024:10:55:34 -0300] "GET /manager/html HTTP/1.1" 401 2474
210.108.70.119 - - [04/Sep/2024:10:55:34 -0300] "GET /manager/html HTTP/1.1" 401 2474
210.108.70.119 - - [04/Sep/2024:10:55:35 -0300] "GET /manager/html HTTP/1.1" 401 2474
181.212.42.153 - - [04/Sep/2024:10:55:35 -0300] "GET /cormun/servlet/solicitudotadjuntos?524ca9271e96c2efeebfdcef4628764da3b208d6ce710e2dbad4d8c9515662bd,gx-no-cache=1725458097252 HTTP/1.1" 200 30
181.212.42.153 - - [04/Sep/2024:10:55:35 -0300] "GET /cormun/servlet/solicitudotadjuntos?524ca9271e96c2efeebfdcef4628764da3b208d6ce710e2dbad4d8c9515662bd,gx-no-cache=1725458097261 HTTP/1.1" 200 30
210.108.70.119 - - [04/Sep/2024:10:55:35 -0300] "GET /manager/html HTTP/1.1" 401 2474
210.108.70.119 - - [04/Sep/2024:10:55:35 -0300] "GET /manager/html HTTP/1.1" 401 2474
181.212.42.153 - - [04/Sep/2024:10:55:35 -0300] "POST /cormun/servlet/solicitudotadjuntos?4ae44ea9fad96f108ef15567f5a0552d,INS,2024,21724,,1, HTTP/1.1" 200 116
181.212.42.153 - - [04/Sep/2024:10:55:35 -0300] "GET /cormun/servlet/hpexe_return? HTTP/1.1" 200 1021
181.212.42.153 - - [04/Sep/2024:10:55:35 -0300] "GET /cormun/servlet/trsolicitudadjuntos?2024,21724, HTTP/1.1" 200 10401
210.108.70.119 - - [04/Sep/2024:10:55:36 -0300] "GET /manager/html HTTP/1.1" 401 2474
210.108.70.119 - - [04/Sep/2024:10:55:36 -0300] "GET /manager/html HTTP/1.1" 401 2474
210.108.70.119 - - [04/Sep/2024:10:55:36 -0300] "GET /manager/html HTTP/1.1" 401 2474
210.108.70.119 - - [04/Sep/2024:10:55:36 -0300] "GET /manager/html HTTP/1.1" 401 2474
210.108.70.119 - - [04/Sep/2024:10:55:37 -0300] "GET /manager/html HTTP/1.1" 401 2474
190.171.143.82 - - [04/Sep/2024:10:55:37 -0300] "GET /cormun/servlet/trpermisosadjuntos?8459773,20240821092709,P, HTTP/1.1" 200 5458
210.108.70.119 - - [04/Sep/2024:10:55:37 -0300] "GET /manager/html HTTP/1.1" 401 2474
210.108.70.119 - - [04/Sep/2024:10:55:37 -0300] "GET /manager/html HTTP/1.1" 401 2474
190.171.143.82 - - [04/Sep/2024:10:55:37 -0300] "GET /cormun/servlet/hlogin HTTP/1.1" 200 1769
210.108.70.119 - - [04/Sep/2024:10:55:38 -0300] "GET /manager/html HTTP/1.1" 401 2474
210.108.70.119 - - [04/Sep/2024:10:55:39 -0300] "GET /manager/html HTTP/1.1" 401 2474
210.108.70.119 - - [04/Sep/2024:10:55:39 -0300] "GET /manager/html HTTP/1.1" 401 2474
210.108.70.119 - - [04/Sep/2024:10:55:40 -0300] "GET /manager/html HTTP/1.1" 401 2474
210.108.70.119 - - [04/Sep/2024:10:55:40 -0300] "GET /manager/html HTTP/1.1" 401 2474
210.108.70.119 - - [04/Sep/2024:10:55:40 -0300] "GET /manager/html HTTP/1.1" 401 2474
210.108.70.119 - - [04/Sep/2024:10:55:41 -0300] "GET /manager/html HTTP/1.1" 401 2474
190.171.143.82 - - [04/Sep/2024:10:55:41 -0300] "POST /cormun/servlet/hlogin?150f2e895037c089d49a4ea0c58a2c66,gx-no-cache=1725458104713 HTTP/1.1" 200 90
210.108.70.119 - - [04/Sep/2024:10:55:41 -0300] "GET /manager/html HTTP/1.1" 401 2474
190.171.143.82 - - [04/Sep/2024:10:55:41 -0300] "GET /cormun/servlet/hpexe_link HTTP/1.1" 200 987
190.171.143.82 - - [04/Sep/2024:10:55:41 -0300] "GET /cormun/servlet/trpermisosadjuntos?8459773,20240821092709,P, HTTP/1.1" 200 6410
210.108.70.119 - - [04/Sep/2024:10:55:41 -0300] "GET /manager/html HTTP/1.1" 401 2474
210.108.70.119 - - [04/Sep/2024:10:55:42 -0300] "GET /manager/html HTTP/1.1" 401 2474
210.108.70.119 - - [04/Sep/2024:10:55:42 -0300] "GET /manager/html HTTP/1.1" 401 2474
210.108.70.119 - - [04/Sep/2024:10:55:42 -0300] "GET /manager/html HTTP/1.1" 401 2474
210.108.70.119 - - [04/Sep/2024:10:55:43 -0300] "GET /manager/html HTTP/1.1" 401 2474
210.108.70.119 - - [04/Sep/2024:10:55:43 -0300] "GET /manager/html HTTP/1.1" 401 2474
210.108.70.119 - - [04/Sep/2024:10:55:43 -0300] "GET /manager/html HTTP/1.1" 401 2474
190.171.143.82 - - [04/Sep/2024:10:55:43 -0300] "GET /cormun/servlet/permisosadjuntos?INS,8459773,P,20240821092709,, HTTP/1.1" 200 5917
190.171.143.82 - - [04/Sep/2024:10:55:43 -0300] "GET /cormun/static/about:blank HTTP/1.1" 404 1011
210.108.70.119 - - [04/Sep/2024:10:55:43 -0300] "GET /manager/html HTTP/1.1" 401 2474
210.108.70.119 - - [04/Sep/2024:10:55:44 -0300] "GET /manager/html HTTP/1.1" 401 2474
210.108.70.119 - - [04/Sep/2024:10:55:44 -0300] "GET /manager/html HTTP/1.1" 401 2474
210.108.70.119 - - [04/Sep/2024:10:55:44 -0300] "GET /manager/html HTTP/1.1" 401 2474
210.108.70.119 - - [04/Sep/2024:10:55:45 -0300] "GET /manager/html HTTP/1.1" 401 2474
210.108.70.119 - - [04/Sep/2024:10:55:45 -0300] "GET /manager/html HTTP/1.1" 401 2474
210.108.70.119 - - [04/Sep/2024:10:55:46 -0300] "GET /manager/html HTTP/1.1" 401 2474
210.108.70.119 - - [04/Sep/2024:10:55:46 -0300] "GET /manager/html HTTP/1.1" 401 2474
210.108.70.119 - - [04/Sep/2024:10:55:46 -0300] "GET /manager/html HTTP/1.1" 401 2474
210.108.70.119 - - [04/Sep/2024:10:55:47 -0300] "GET /manager/html HTTP/1.1" 401 2474
210.108.70.119 - - [04/Sep/2024:10:55:47 -0300] "GET /manager/html HTTP/1.1" 401 2474
210.108.70.119 - - [04/Sep/2024:10:55:47 -0300] "GET /manager/html HTTP/1.1" 401 2474
210.108.70.119 - - [04/Sep/2024:10:55:48 -0300] "GET /manager/html HTTP/1.1" 401 2474
210.108.70.119 - - [04/Sep/2024:10:55:48 -0300] "GET /manager/html HTTP/1.1" 401 2474
210.108.70.119 - - [04/Sep/2024:10:55:48 -0300] "GET /manager/html HTTP/1.1" 401 2474
210.108.70.119 - - [04/Sep/2024:10:55:48 -0300] "GET /manager/html HTTP/1.1" 401 2474
210.108.70.119 - - [04/Sep/2024:10:55:49 -0300] "GET /manager/html HTTP/1.1" 401 2474
210.108.70.119 - - [04/Sep/2024:10:55:50 -0300] "GET /manager/html HTTP/1.1" 401 2474
210.108.70.119 - - [04/Sep/2024:10:55:50 -0300] "GET /manager/html HTTP/1.1" 401 2474
210.108.70.119 - - [04/Sep/2024:10:55:51 -0300] "GET /manager/html HTTP/1.1" 401 2474
210.108.70.119 - - [04/Sep/2024:10:55:51 -0300] "GET /manager/html HTTP/1.1" 401 2474
210.108.70.119 - - [04/Sep/2024:10:55:51 -0300] "GET /manager/html HTTP/1.1" 401 2474
210.108.70.119 - - [04/Sep/2024:10:55:51 -0300] "GET /manager/html HTTP/1.1" 401 2474
210.108.70.119 - - [04/Sep/2024:10:55:52 -0300] "GET /manager/html HTTP/1.1" 401 2474
210.108.70.119 - - [04/Sep/2024:10:55:52 -0300] "GET /manager/html HTTP/1.1" 401 2474
210.108.70.119 - - [04/Sep/2024:10:55:52 -0300] "GET /manager/html HTTP/1.1" 401 2474
210.108.70.119 - - [04/Sep/2024:10:55:53 -0300] "GET /manager/html HTTP/1.1" 401 2474
210.108.70.119 - - [04/Sep/2024:10:55:53 -0300] "GET /manager/html HTTP/1.1" 401 2474
210.108.70.119 - - [04/Sep/2024:10:55:53 -0300] "GET /manager/html HTTP/1.1" 401 2474
210.108.70.119 - - [04/Sep/2024:10:55:54 -0300] "GET /manager/html HTTP/1.1" 401 2474
210.108.70.119 - - [04/Sep/2024:10:55:54 -0300] "GET /manager/html HTTP/1.1" 401 2474
210.108.70.119 - - [04/Sep/2024:10:55:54 -0300] "GET /manager/html HTTP/1.1" 401 2474
190.171.143.82 - - [04/Sep/2024:10:55:54 -0300] "POST /cormun/servlet/permisosadjuntos?150f2e895037c089d49a4ea0c58a2c66,INS,8459773,P,20240821092709,, HTTP/1.1" 200 116
190.171.143.82 - - [04/Sep/2024:10:55:54 -0300] "GET /cormun/servlet/hpexe_return? HTTP/1.1" 200 1042
190.171.143.82 - - [04/Sep/2024:10:55:54 -0300] "GET /cormun/servlet/trpermisosadjuntos?8459773,20240821092709,P, HTTP/1.1" 200 6988
210.108.70.119 - - [04/Sep/2024:10:55:54 -0300] "GET /manager/html HTTP/1.1" 401 2474
210.108.70.119 - - [04/Sep/2024:10:55:55 -0300] "GET /manager/html HTTP/1.1" 401 2474
210.108.70.119 - - [04/Sep/2024:10:55:55 -0300] "GET /manager/html HTTP/1.1" 401 2474
210.108.70.119 - - [04/Sep/2024:10:55:55 -0300] "GET /manager/html HTTP/1.1" 401 2474
210.108.70.119 - - [04/Sep/2024:10:55:56 -0300] "GET /manager/html HTTP/1.1" 401 2474
210.108.70.119 - - [04/Sep/2024:10:55:56 -0300] "GET /manager/html HTTP/1.1" 401 2474
210.108.70.119 - - [04/Sep/2024:10:55:56 -0300] "GET /manager/html HTTP/1.1" 401 2474
210.108.70.119 - - [04/Sep/2024:10:55:57 -0300] "GET /manager/html HTTP/1.1" 401 2474
210.108.70.119 - - [04/Sep/2024:10:55:57 -0300] "GET /manager/html HTTP/1.1" 401 2474
210.108.70.119 - - [04/Sep/2024:10:55:57 -0300] "GET /manager/html HTTP/1.1" 401 2474
210.108.70.119 - - [04/Sep/2024:10:55:57 -0300] "GET /manager/html HTTP/1.1" 401 2474
210.108.70.119 - - [04/Sep/2024:10:55:58 -0300] "GET /manager/html HTTP/1.1" 401 2474
210.108.70.119 - - [04/Sep/2024:10:55:58 -0300] "GET /manager/html HTTP/1.1" 401 2474
210.108.70.119 - - [04/Sep/2024:10:55:58 -0300] "GET /manager/html HTTP/1.1" 401 2474
210.108.70.119 - - [04/Sep/2024:10:55:59 -0300] "GET /manager/html HTTP/1.1" 401 2474
210.108.70.119 - - [04/Sep/2024:10:55:59 -0300] "GET /manager/html HTTP/1.1" 401 2474
210.108.70.119 - - [04/Sep/2024:10:55:59 -0300] "GET /manager/html HTTP/1.1" 401 2474
210.108.70.119 - - [04/Sep/2024:10:56:00 -0300] "GET /manager/html HTTP/1.1" 401 2474
210.108.70.119 - - [04/Sep/2024:10:56:00 -0300] "GET /manager/html HTTP/1.1" 401 2474
190.171.143.82 - - [04/Sep/2024:10:56:00 -0300] "GET /cormun/servlet/trpermisosgoce? HTTP/1.1" 200 13110
210.108.70.119 - - [04/Sep/2024:10:56:00 -0300] "GET /manager/html HTTP/1.1" 401 2474
210.108.70.119 - - [04/Sep/2024:10:56:01 -0300] "GET /manager/html HTTP/1.1" 401 2474
210.108.70.119 - - [04/Sep/2024:10:56:01 -0300] "GET /manager/html HTTP/1.1" 401 2474
210.108.70.119 - - [04/Sep/2024:10:56:01 -0300] "GET /manager/html HTTP/1.1" 401 2474
210.108.70.119 - - [04/Sep/2024:10:56:02 -0300] "GET /manager/html HTTP/1.1" 401 2474
210.108.70.119 - - [04/Sep/2024:10:56:02 -0300] "GET /manager/html HTTP/1.1" 401 2474
210.108.70.119 - - [04/Sep/2024:10:56:02 -0300] "GET /manager/html HTTP/1.1" 401 2474
210.108.70.119 - - [04/Sep/2024:10:56:03 -0300] "GET /manager/html HTTP/1.1" 401 2474
210.108.70.119 - - [04/Sep/2024:10:56:03 -0300] "GET /manager/html HTTP/1.1" 401 2474
210.108.70.119 - - [04/Sep/2024:10:56:03 -0300] "GET /manager/html HTTP/1.1" 401 2474
210.108.70.119 - - [04/Sep/2024:10:56:04 -0300] "GET /manager/html HTTP/1.1" 401 2474
210.108.70.119 - - [04/Sep/2024:10:56:04 -0300] "GET /manager/html HTTP/1.1" 401 2474
210.108.70.119 - - [04/Sep/2024:10:56:04 -0300] "GET /manager/html HTTP/1.1" 401 2474
210.108.70.119 - - [04/Sep/2024:10:56:05 -0300] "GET /manager/html HTTP/1.1" 401 2474
210.108.70.119 - - [04/Sep/2024:10:56:05 -0300] "GET /manager/html HTTP/1.1" 401 2474
210.108.70.119 - - [04/Sep/2024:10:56:05 -0300] "GET /manager/html HTTP/1.1" 401 2474
190.171.143.82 - - [04/Sep/2024:10:56:05 -0300] "POST /cormun/servlet/trpermisosgoce?150f2e895037c089d49a4ea0c58a2c66,,gx-no-cache=1725458128652 HTTP/1.1" 200 10309
190.171.143.82 - - [04/Sep/2024:10:56:05 -0300] "GET /cormun/static/Shared/jqueryui/images/ui-bg_highlight-soft_100_c6c2c8_1x100.png HTTP/1.1" 404 1117
190.171.143.82 - - [04/Sep/2024:10:56:05 -0300] "GET /cormun/static/Shared/jqueryui/images/ui-icons_82798d_256x240.png HTTP/1.1" 404 1089
190.171.143.82 - - [04/Sep/2024:10:56:05 -0300] "GET /cormun/static/Shared/jqueryui/images/ui-icons_8d78a5_256x240.png HTTP/1.1" 404 1089
190.171.143.82 - - [04/Sep/2024:10:56:05 -0300] "GET /cormun/static/Shared/jqueryui/images/ui-bg_flat_55_fafafa_40x100.png HTTP/1.1" 404 1097
210.108.70.119 - - [04/Sep/2024:10:56:05 -0300] "GET /manager/html HTTP/1.1" 401 2474
210.108.70.119 - - [04/Sep/2024:10:56:06 -0300] "GET /manager/html HTTP/1.1" 401 2474
210.108.70.119 - - [04/Sep/2024:10:56:06 -0300] "GET /manager/html HTTP/1.1" 401 2474
210.108.70.119 - - [04/Sep/2024:10:56:06 -0300] "GET /manager/html HTTP/1.1" 401 2474
210.108.70.119 - - [04/Sep/2024:10:56:07 -0300] "GET /manager/html HTTP/1.1" 401 2474
210.108.70.119 - - [04/Sep/2024:10:56:07 -0300] "GET /manager/html HTTP/1.1" 401 2474
210.108.70.119 - - [04/Sep/2024:10:56:07 -0300] "GET /manager/html HTTP/1.1" 401 2474
210.108.70.119 - - [04/Sep/2024:10:56:08 -0300] "GET /manager/html HTTP/1.1" 401 2474
210.108.70.119 - - [04/Sep/2024:10:56:08 -0300] "GET /manager/html HTTP/1.1" 401 2474
210.108.70.119 - - [04/Sep/2024:10:56:08 -0300] "GET /manager/html HTTP/1.1" 401 2474
210.108.70.119 - - [04/Sep/2024:10:56:08 -0300] "GET /manager/html HTTP/1.1" 401 2474
210.108.70.119 - - [04/Sep/2024:10:56:09 -0300] "GET /manager/html HTTP/1.1" 401 2474
190.171.143.82 - - [04/Sep/2024:10:56:09 -0300] "GET /cormun/servlet/trpermisosadjuntos?17520834,20240902162646,P, HTTP/1.1" 200 6411
210.108.70.119 - - [04/Sep/2024:10:56:09 -0300] "GET /manager/html HTTP/1.1" 401 2474
210.108.70.119 - - [04/Sep/2024:10:56:09 -0300] "GET /manager/html HTTP/1.1" 401 2474
210.108.70.119 - - [04/Sep/2024:10:56:10 -0300] "GET /manager/html HTTP/1.1" 401 2474
210.108.70.119 - - [04/Sep/2024:10:56:10 -0300] "GET /manager/html HTTP/1.1" 401 2474
210.108.70.119 - - [04/Sep/2024:10:56:10 -0300] "GET /manager/html HTTP/1.1" 401 2474
210.108.70.119 - - [04/Sep/2024:10:56:11 -0300] "GET /manager/html HTTP/1.1" 401 2474
210.108.70.119 - - [04/Sep/2024:10:56:11 -0300] "GET /manager/html HTTP/1.1" 401 2474
190.171.143.82 - - [04/Sep/2024:10:56:11 -0300] "GET /cormun/servlet/permisosadjuntos?INS,17520834,P,20240902162646,, HTTP/1.1" 200 5918
190.171.143.82 - - [04/Sep/2024:10:56:11 -0300] "GET /cormun/static/about:blank HTTP/1.1" 404 1011
210.108.70.119 - - [04/Sep/2024:10:56:12 -0300] "GET /manager/html HTTP/1.1" 401 2474
210.108.70.119 - - [04/Sep/2024:10:56:12 -0300] "GET /manager/html HTTP/1.1" 401 2474
210.108.70.119 - - [04/Sep/2024:10:56:12 -0300] "GET /manager/html HTTP/1.1" 401 2474
210.108.70.119 - - [04/Sep/2024:10:56:13 -0300] "GET /manager/html HTTP/1.1" 401 2474
210.108.70.119 - - [04/Sep/2024:10:56:13 -0300] "GET /manager/html HTTP/1.1" 401 2474
210.108.70.119 - - [04/Sep/2024:10:56:13 -0300] "GET /manager/html HTTP/1.1" 401 2474
210.108.70.119 - - [04/Sep/2024:10:56:14 -0300] "GET /manager/html HTTP/1.1" 401 2474
210.108.70.119 - - [04/Sep/2024:10:56:14 -0300] "GET /manager/html HTTP/1.1" 401 2474
210.108.70.119 - - [04/Sep/2024:10:56:14 -0300] "GET /manager/html HTTP/1.1" 401 2474
210.108.70.119 - - [04/Sep/2024:10:56:15 -0300] "GET /manager/html HTTP/1.1" 401 2474
210.108.70.119 - - [04/Sep/2024:10:56:15 -0300] "GET /manager/html HTTP/1.1" 401 2474
210.108.70.119 - - [04/Sep/2024:10:56:15 -0300] "GET /manager/html HTTP/1.1" 401 2474
210.108.70.119 - - [04/Sep/2024:10:56:16 -0300] "GET /manager/html HTTP/1.1" 401 2474
210.108.70.119 - - [04/Sep/2024:10:56:16 -0300] "GET /manager/html HTTP/1.1" 401 2474
210.108.70.119 - - [04/Sep/2024:10:56:16 -0300] "GET /manager/html HTTP/1.1" 401 2474
210.108.70.119 - - [04/Sep/2024:10:56:17 -0300] "GET /manager/html HTTP/1.1" 401 2474
