190.171.141.90 - - [04/Sep/2024:15:38:58 -0300] "GET /cormun/static/Resources/PXToolsGridFirstDisabled.gif HTTP/1.1" 200 100
190.171.141.90 - - [04/Sep/2024:15:38:58 -0300] "GET /cormun/static/Resources/PXToolsGridPreviousDisabled.gif HTTP/1.1" 200 90
190.171.141.90 - - [04/Sep/2024:15:38:58 -0300] "GET /cormun/static/Resources/PXToolsGridNextDisabled.gif HTTP/1.1" 200 90
190.171.141.90 - - [04/Sep/2024:15:38:58 -0300] "GET /cormun/static/Shared/ext/resources/css/ext-all.css?215870 HTTP/1.1" 200 416045
190.171.141.90 - - [04/Sep/2024:15:38:58 -0300] "GET /cormun/static/Resources/PXToolsGridLastDisabled.gif HTTP/1.1" 200 98
190.171.141.90 - - [04/Sep/2024:15:38:58 -0300] "GET /cormun/static/Resources/PXToolsGridPage.gif HTTP/1.1" 200 725
190.171.141.90 - - [04/Sep/2024:15:38:58 -0300] "GET /cormun/static/Resources/PXToolsActionExcel.png HTTP/1.1" 200 727
190.171.141.90 - - [04/Sep/2024:15:38:58 -0300] "GET /cormun/static/Resources/asc.gif HTTP/1.1" 200 67
190.171.141.90 - - [04/Sep/2024:15:38:58 -0300] "GET /cormun//static/Resources/PXToolsActionView.png HTTP/1.1" 200 398
190.171.141.90 - - [04/Sep/2024:15:38:58 -0300] "GET /cormun//static/Resources/PXToolsGridUpdate.png HTTP/1.1" 200 470
190.171.141.90 - - [04/Sep/2024:15:38:58 -0300] "GET /cormun//static/Resources/PXToolsGridDelete.png HTTP/1.1" 200 538
190.171.141.90 - - [04/Sep/2024:15:38:58 -0300] "GET /cormun//static/Resources/PXToolsRemoveAllAction.png HTTP/1.1" 200 487
190.171.141.90 - - [04/Sep/2024:15:38:58 -0300] "GET /cormun/static/Resources/desc.gif HTTP/1.1" 200 65
190.171.141.90 - - [04/Sep/2024:15:38:58 -0300] "GET /cormun//static/Resources/PXTools/ActionInsert.png HTTP/1.1" 200 1482
190.171.141.90 - - [04/Sep/2024:15:38:58 -0300] "GET /cormun/static/Shared/ext/resources/themes/images/default/tools/tool-sprites.gif HTTP/1.1" 200 5434
190.171.141.90 - - [04/Sep/2024:15:38:58 -0300] "GET /cormun/static/Shared/ext/resources/themes/images/default/panel/bg-headersPanel.png HTTP/1.1" 200 255
190.171.141.90 - - [04/Sep/2024:15:39:24 -0300] "POST /cormun/servlet/trautorizarsolicitud?94172ac8241db43e6565c94fb9c320a5,,gx-no-cache=1725475125676 HTTP/1.1" 200 4791
190.171.141.90 - - [04/Sep/2024:15:39:24 -0300] "GET /cormun/static/Shared/jqueryui/images/ui-bg_highlight-soft_100_c6c2c8_1x100.png HTTP/1.1" 404 1117
190.171.141.90 - - [04/Sep/2024:15:39:24 -0300] "GET /cormun/static/Shared/jqueryui/images/ui-icons_82798d_256x240.png HTTP/1.1" 404 1089
190.171.141.90 - - [04/Sep/2024:15:39:24 -0300] "GET /cormun/static/Shared/jqueryui/images/ui-bg_flat_55_fafafa_40x100.png HTTP/1.1" 404 1097
190.171.141.90 - - [04/Sep/2024:15:39:24 -0300] "GET /cormun/static/Shared/jqueryui/images/ui-icons_8d78a5_256x240.png HTTP/1.1" 404 1089
190.171.141.90 - - [04/Sep/2024:15:39:24 -0300] "POST /cormun/servlet/trautorizarsolicitud?94172ac8241db43e6565c94fb9c320a5,,gx-no-cache=1725475125819 HTTP/1.1" 200 4536
190.171.141.90 - - [04/Sep/2024:15:39:34 -0300] "GET /cormun/servlet/trlicencias? HTTP/1.1" 200 15655
190.171.141.90 - - [04/Sep/2024:15:39:34 -0300] "GET /cormun/static/gxcfg.js?202211298463625 HTTP/1.1" 200 953
190.171.141.90 - - [04/Sep/2024:15:39:34 -0300] "GET /cormun/static/Resources/PXToolsAddAllAction.png HTTP/1.1" 200 495
190.171.141.90 - - [04/Sep/2024:15:39:34 -0300] "GET /cormun/static/trlicencias.js?202211298463889 HTTP/1.1" 200 41883
190.171.141.90 - - [04/Sep/2024:15:39:34 -0300] "GET /cormun//static/Resources/PXToolsActionDisabled.gif HTTP/1.1" 200 53
190.171.141.90 - - [04/Sep/2024:15:39:34 -0300] "GET /cormun//static/Resources/PXToolsHeaderHelp.png HTTP/1.1" 200 1333
190.171.141.90 - - [04/Sep/2024:15:39:34 -0300] "GET /cormun//static/Resources/PXToolsGridDisplay.png HTTP/1.1" 200 525
190.171.141.90 - - [04/Sep/2024:15:39:34 -0300] "GET /cormun//static/Resources/PXToolsActionPrint.png HTTP/1.1" 200 404
190.171.141.90 - - [04/Sep/2024:15:39:34 -0300] "GET /cormun//static/Resources/PXToolsHeaderFavorites.png HTTP/1.1" 200 1414
190.171.141.90 - - [04/Sep/2024:15:40:28 -0300] "GET /cormun/servlet/wbsecusr01? HTTP/1.1" 200 3976
190.171.141.90 - - [04/Sep/2024:15:40:28 -0300] "GET /cormun/static/gxcfg.js?20201215553817 HTTP/1.1" 200 953
190.171.141.90 - - [04/Sep/2024:15:40:28 -0300] "GET /cormun/static/Resources/PXToolsMenuSearch.png HTTP/1.1" 200 336
190.171.141.90 - - [04/Sep/2024:15:40:28 -0300] "GET /cormun/static/wbsecusr01.js?20201215553975 HTTP/1.1" 200 4681
190.171.141.90 - - [04/Sep/2024:15:40:28 -0300] "GET /cormun/static/menusearch.js?20201214473581 HTTP/1.1" 200 1424
190.171.141.90 - - [04/Sep/2024:15:40:28 -0300] "GET /cormun/static/hmpwkw011.js?202211298443482 HTTP/1.1" 200 1968
190.171.141.90 - - [04/Sep/2024:15:40:28 -0300] "GET /cormun/static/Resources/PXToolsMenuSearchCancel.png HTTP/1.1" 200 306
190.171.141.90 - - [04/Sep/2024:15:40:54 -0300] "POST /cormun/servlet/wbsecusr01?94172ac8241db43e6565c94fb9c320a5,,gx-no-cache=1725475215807 HTTP/1.1" 200 86
190.171.141.90 - - [04/Sep/2024:15:40:54 -0300] "GET /cormun/servlet/hhome? HTTP/1.1" 200 4118
190.171.141.90 - - [04/Sep/2024:15:41:03 -0300] "GET /cormun/servlet/hlogin HTTP/1.1" 200 1738
190.171.141.90 - - [04/Sep/2024:15:41:20 -0300] "POST /cormun/servlet/hlogin?94172ac8241db43e6565c94fb9c320a5,gx-no-cache=1725475241496 HTTP/1.1" 200 90
190.171.141.90 - - [04/Sep/2024:15:41:20 -0300] "GET /cormun/servlet/hpexe_link HTTP/1.1" 200 954
190.171.141.90 - - [04/Sep/2024:15:41:20 -0300] "GET /cormun/servlet/hhome HTTP/1.1" 200 4119
190.171.141.90 - - [04/Sep/2024:15:44:31 -0300] "GET /cormun/servlet/trfichaempleado? HTTP/1.1" 200 14771
190.95.15.15 - - [04/Sep/2024:15:46:14 -0300] "GET /cormun/servlet/trpermisosgoce? HTTP/1.1" 200 6033
190.95.15.15 - - [04/Sep/2024:15:46:14 -0300] "GET /cormun/servlet/hlogin HTTP/1.1" 200 1742
190.95.15.15 - - [04/Sep/2024:15:46:20 -0300] "POST /cormun/servlet/hlogin?2e25565a6bc57f31876239739b0a0b56,gx-no-cache=1725475541067 HTTP/1.1" 200 90
190.95.15.15 - - [04/Sep/2024:15:46:20 -0300] "GET /cormun/servlet/hpexe_link HTTP/1.1" 200 958
190.95.15.15 - - [04/Sep/2024:15:46:20 -0300] "GET /cormun/servlet/trpermisosgoce HTTP/1.1" 200 13254
190.95.15.15 - - [04/Sep/2024:15:48:13 -0300] "POST /cormun/servlet/trpermisosgoce?2e25565a6bc57f31876239739b0a0b56,gx-no-cache=1725475653505 HTTP/1.1" 200 10337
190.95.15.15 - - [04/Sep/2024:15:48:13 -0300] "GET /cormun/static/Shared/jqueryui/images/ui-bg_highlight-soft_100_c6c2c8_1x100.png HTTP/1.1" 404 1117
190.95.15.15 - - [04/Sep/2024:15:48:13 -0300] "GET /cormun/static/Shared/jqueryui/images/ui-icons_82798d_256x240.png HTTP/1.1" 404 1089
190.95.15.15 - - [04/Sep/2024:15:48:13 -0300] "GET /cormun/static/Shared/jqueryui/images/ui-bg_flat_55_fafafa_40x100.png HTTP/1.1" 404 1097
190.95.15.15 - - [04/Sep/2024:15:48:13 -0300] "GET /cormun/static/Shared/jqueryui/images/ui-icons_8d78a5_256x240.png HTTP/1.1" 404 1089
190.95.15.15 - - [04/Sep/2024:15:48:16 -0300] "GET /cormun/servlet/trpermisosadjuntos?17521154,20240903152601,P, HTTP/1.1" 200 6296
190.95.15.15 - - [04/Sep/2024:15:48:18 -0300] "GET /cormun/servlet/permisosadjuntos?INS,17521154,P,20240903152601,, HTTP/1.1" 200 5615
190.95.15.15 - - [04/Sep/2024:15:48:18 -0300] "GET /cormun/static/about:blank HTTP/1.1" 404 1011
190.95.15.15 - - [04/Sep/2024:15:48:31 -0300] "POST /cormun/servlet/permisosadjuntos?2e25565a6bc57f31876239739b0a0b56,INS,17521154,P,20240903152601,, HTTP/1.1" 200 116
190.95.15.15 - - [04/Sep/2024:15:48:31 -0300] "GET /cormun/servlet/hpexe_return? HTTP/1.1" 200 1039
190.95.15.15 - - [04/Sep/2024:15:48:32 -0300] "GET /cormun/servlet/trpermisosadjuntos?17521154,20240903152601,P, HTTP/1.1" 200 6776
190.95.15.15 - - [04/Sep/2024:15:48:34 -0300] "GET /cormun/servlet/trpermisosgoce? HTTP/1.1" 200 13267
190.171.143.82 - - [04/Sep/2024:15:48:36 -0300] "GET /cormun/servlet/hlogin HTTP/1.1" 200 1715
190.95.15.15 - - [04/Sep/2024:15:48:38 -0300] "GET /cormun/servlet/trpermisosadjuntos?19019569,20240827101829,P, HTTP/1.1" 200 6309
190.171.143.82 - - [04/Sep/2024:15:48:38 -0300] "POST /cormun/servlet/hlogin?50bfa30067c2b27d5efd941079f7c05f,gx-no-cache=1725475681530 HTTP/1.1" 200 90
190.171.143.82 - - [04/Sep/2024:15:48:38 -0300] "GET /cormun/servlet/hpexe_link HTTP/1.1" 200 945
190.171.143.82 - - [04/Sep/2024:15:48:38 -0300] "GET /cormun/servlet/hhome HTTP/1.1" 200 4259
190.95.15.15 - - [04/Sep/2024:15:48:40 -0300] "GET /cormun/servlet/permisosadjuntos?INS,19019569,P,20240827101829,, HTTP/1.1" 200 5632
190.95.15.15 - - [04/Sep/2024:15:48:40 -0300] "GET /cormun/static/about:blank HTTP/1.1" 404 1011
190.95.15.15 - - [04/Sep/2024:15:48:48 -0300] "POST /cormun/servlet/permisosadjuntos?2e25565a6bc57f31876239739b0a0b56,INS,19019569,P,20240827101829,, HTTP/1.1" 200 116
190.95.15.15 - - [04/Sep/2024:15:48:48 -0300] "GET /cormun/servlet/hpexe_return? HTTP/1.1" 200 1040
190.95.15.15 - - [04/Sep/2024:15:48:48 -0300] "GET /cormun/servlet/trpermisosadjuntos?19019569,20240827101829,P, HTTP/1.1" 200 6798
190.95.15.15 - - [04/Sep/2024:15:48:51 -0300] "GET /cormun/servlet/trpermisosgoce? HTTP/1.1" 200 13253
190.95.15.15 - - [04/Sep/2024:15:48:54 -0300] "POST /cormun/servlet/trpermisosgoce?2e25565a6bc57f31876239739b0a0b56,,gx-no-cache=1725475694732 HTTP/1.1" 200 10351
190.95.15.15 - - [04/Sep/2024:15:48:56 -0300] "POST /cormun/servlet/trpermisosgoce?2e25565a6bc57f31876239739b0a0b56,,gx-no-cache=1725475696919 HTTP/1.1" 200 10344
190.171.143.82 - - [04/Sep/2024:15:49:26 -0300] "GET /cormun/servlet/trpermisosgoce? HTTP/1.1" 200 13098
190.171.143.82 - - [04/Sep/2024:15:55:26 -0300] "GET /cormun/static/menuarrow.gif HTTP/1.1" 404 1015
190.171.143.82 - - [04/Sep/2024:15:55:32 -0300] "POST /cormun/servlet/trpermisosgoce?50bfa30067c2b27d5efd941079f7c05f,,gx-no-cache=1725476095646 HTTP/1.1" 200 5928
190.95.15.15 - - [04/Sep/2024:15:55:38 -0300] "GET /cormun/servlet/trpermisosadjuntos?16493870,20240904121409,P, HTTP/1.1" 200 6306
190.95.15.15 - - [04/Sep/2024:15:55:39 -0300] "GET /cormun/servlet/permisosadjuntos?INS,16493870,P,20240904121409,, HTTP/1.1" 200 5627
190.95.15.15 - - [04/Sep/2024:15:55:39 -0300] "GET /cormun/static/about:blank HTTP/1.1" 404 1011
190.95.15.15 - - [04/Sep/2024:15:55:48 -0300] "POST /cormun/servlet/permisosadjuntos?2e25565a6bc57f31876239739b0a0b56,INS,16493870,P,20240904121409,, HTTP/1.1" 200 116
190.95.15.15 - - [04/Sep/2024:15:55:48 -0300] "GET /cormun/servlet/hpexe_return? HTTP/1.1" 200 1039
190.95.15.15 - - [04/Sep/2024:15:55:48 -0300] "GET /cormun/servlet/trpermisosadjuntos?16493870,20240904121409,P, HTTP/1.1" 200 6800
190.95.15.15 - - [04/Sep/2024:15:55:51 -0300] "GET /cormun/servlet/trpermisosgoce? HTTP/1.1" 200 13240
190.95.15.15 - - [04/Sep/2024:15:55:57 -0300] "POST /cormun/servlet/trpermisosgoce?2e25565a6bc57f31876239739b0a0b56,,gx-no-cache=1725476117672 HTTP/1.1" 200 10204
190.95.15.15 - - [04/Sep/2024:15:55:57 -0300] "GET /cormun/static/Shared/jqueryui/images/ui-bg_highlight-soft_100_c6c2c8_1x100.png HTTP/1.1" 404 1117
190.95.15.15 - - [04/Sep/2024:15:55:57 -0300] "GET /cormun/static/Shared/jqueryui/images/ui-icons_82798d_256x240.png HTTP/1.1" 404 1089
190.95.15.15 - - [04/Sep/2024:15:55:57 -0300] "GET /cormun/static/Shared/jqueryui/images/ui-bg_flat_55_fafafa_40x100.png HTTP/1.1" 404 1097
190.95.15.15 - - [04/Sep/2024:15:55:57 -0300] "GET /cormun/static/Shared/jqueryui/images/ui-icons_8d78a5_256x240.png HTTP/1.1" 404 1089
190.95.15.15 - - [04/Sep/2024:15:56:25 -0300] "GET /cormun/servlet/hlogin HTTP/1.1" 200 1742
190.95.15.15 - - [04/Sep/2024:15:56:34 -0300] "POST /cormun/servlet/hlogin?2e25565a6bc57f31876239739b0a0b56,gx-no-cache=1725476154638 HTTP/1.1" 200 90
190.95.15.15 - - [04/Sep/2024:15:56:34 -0300] "GET /cormun/servlet/hpexe_link HTTP/1.1" 200 952
190.95.15.15 - - [04/Sep/2024:15:56:34 -0300] "GET /cormun/servlet/hhome HTTP/1.1" 200 4226
190.95.15.15 - - [04/Sep/2024:15:56:37 -0300] "GET /cormun/servlet/trautorizarpermisogoce? HTTP/1.1" 200 8445
190.95.15.15 - - [04/Sep/2024:15:56:39 -0300] "POST /cormun/servlet/trautorizarpermisogoce?2e25565a6bc57f31876239739b0a0b56,,gx-no-cache=1725476159834 HTTP/1.1" 200 5561
190.95.15.15 - - [04/Sep/2024:15:56:40 -0300] "POST /cormun/servlet/trautorizarpermisogoce?2e25565a6bc57f31876239739b0a0b56,,gx-no-cache=1725476160538 HTTP/1.1" 200 5294
190.95.15.15 - - [04/Sep/2024:15:56:40 -0300] "POST /cormun/servlet/trautorizarpermisogoce?2e25565a6bc57f31876239739b0a0b56,,gx-no-cache=1725476161120 HTTP/1.1" 200 4539
190.171.143.82 - - [04/Sep/2024:15:57:54 -0300] "POST /cormun/servlet/trpermisosgoce?50bfa30067c2b27d5efd941079f7c05f,,gx-no-cache=1725476237090 HTTP/1.1" 200 5317
190.95.15.15 - - [04/Sep/2024:15:58:06 -0300] "GET /cormun/servlet/hlogin HTTP/1.1" 200 1747
190.95.15.15 - - [04/Sep/2024:15:58:13 -0300] "POST /cormun/servlet/hlogin?2e25565a6bc57f31876239739b0a0b56,gx-no-cache=1725476254301 HTTP/1.1" 200 90
190.95.15.15 - - [04/Sep/2024:15:58:13 -0300] "GET /cormun/servlet/hpexe_link HTTP/1.1" 200 952
190.95.15.15 - - [04/Sep/2024:15:58:13 -0300] "GET /cormun/servlet/hhome HTTP/1.1" 200 3977
190.95.15.15 - - [04/Sep/2024:15:58:23 -0300] "GET /cormun/servlet/trlicencias? HTTP/1.1" 200 14274
190.171.143.82 - - [04/Sep/2024:15:58:36 -0300] "POST /cormun/servlet/trpermisosgoce?50bfa30067c2b27d5efd941079f7c05f,,gx-no-cache=1725476279411 HTTP/1.1" 200 5924
190.95.15.15 - - [04/Sep/2024:16:01:16 -0300] "GET /cormun/servlet/hlogin HTTP/1.1" 200 1720
190.95.15.15 - - [04/Sep/2024:16:01:16 -0300] "GET /cormun/static/gxtimezone.js?85251 HTTP/1.1" 200 5781
190.95.15.15 - - [04/Sep/2024:16:01:16 -0300] "GET /cormun/static/messages.spa.js?85251 HTTP/1.1" 200 30736
190.95.15.15 - - [04/Sep/2024:16:01:16 -0300] "GET /cormun/static/gxgral.js?85251 HTTP/1.1" 200 384558
190.171.143.82 - - [04/Sep/2024:16:01:17 -0300] "POST /cormun/servlet/trpermisosgoce?50bfa30067c2b27d5efd941079f7c05f,,gx-no-cache=1725476440466 HTTP/1.1" 200 5534
181.212.42.153 - - [04/Sep/2024:16:01:27 -0300] "POST /cormun/servlet/trlicencias?1d9949b9f878ee8d05ca8a88f505ea4d,gx-no-cache=1725476449645 HTTP/1.1" 440 972
181.212.42.153 - - [04/Sep/2024:16:01:28 -0300] "GET /cormun/servlet/trlicencias HTTP/1.1" 200 6053
181.212.42.153 - - [04/Sep/2024:16:01:29 -0300] "GET /cormun/servlet/hlogin HTTP/1.1" 200 1741
190.95.15.15 - - [04/Sep/2024:16:01:30 -0300] "POST /cormun/servlet/hlogin?bcaa23fe1d38a883b112d99c26e6de30,gx-no-cache=1725476447601 HTTP/1.1" 200 90
190.95.15.15 - - [04/Sep/2024:16:01:30 -0300] "GET /cormun/servlet/hpexe_link HTTP/1.1" 200 952
190.95.15.15 - - [04/Sep/2024:16:01:30 -0300] "GET /cormun/static/Resources/Spanish/PXTools.css?8354383 HTTP/1.1" 200 100853
190.95.15.15 - - [04/Sep/2024:16:01:30 -0300] "GET /cormun/servlet/hhome HTTP/1.1" 200 3972
190.95.15.15 - - [04/Sep/2024:16:01:30 -0300] "GET /cormun/static/Shared/jqueryui/jquery-ui.min.css?1345370 HTTP/1.1" 200 30288
190.95.15.15 - - [04/Sep/2024:16:01:30 -0300] "GET /cormun/static/SmoothNavMenu/resources/ddsmoothmenu.css?1112540 HTTP/1.1" 200 2223
190.95.15.15 - - [04/Sep/2024:16:01:30 -0300] "GET /cormun/static/SmoothNavMenu/resources/ddsmoothmenu-v.css?1112540 HTTP/1.1" 200 1188
190.95.15.15 - - [04/Sep/2024:16:01:30 -0300] "GET /cormun/static/Resources/Spanish/PXTools.css?14345360 HTTP/1.1" 200 100853
190.95.15.15 - - [04/Sep/2024:16:01:30 -0300] "GET /cormun/static/scaMessage/css/jquery.pnotify.default.css?1816380 HTTP/1.1" 200 1707
190.95.15.15 - - [04/Sep/2024:16:01:30 -0300] "GET /cormun/static/PXToolsJavascripts/pexe_cookies.js HTTP/1.1" 200 792
190.95.15.15 - - [04/Sep/2024:16:01:30 -0300] "GET /cormun/static/PXToolsJavascripts/pexe_autoreload.js HTTP/1.1" 200 1762
190.95.15.15 - - [04/Sep/2024:16:01:30 -0300] "GET /cormun/static/gxcfg.js?20201215495537 HTTP/1.1" 200 953
190.95.15.15 - - [04/Sep/2024:16:01:30 -0300] "GET /cormun/static/PXToolsJavascripts/pexe_grid.js HTTP/1.1" 200 7559
190.95.15.15 - - [04/Sep/2024:16:01:30 -0300] "GET /cormun/static/PXToolsJavascripts/pexe_griddivfix.js HTTP/1.1" 200 6946
190.95.15.15 - - [04/Sep/2024:16:01:30 -0300] "GET /cormun/static/PXToolsJavascripts/pexe_windows.js HTTP/1.1" 200 15249
190.95.15.15 - - [04/Sep/2024:16:01:30 -0300] "GET /cormun/static/PXToolsJavascripts/pexe_link.js HTTP/1.1" 200 5671
190.95.15.15 - - [04/Sep/2024:16:01:30 -0300] "GET /cormun/static/PXToolsJavascripts/pexe_menudivfix.js HTTP/1.1" 200 333
190.95.15.15 - - [04/Sep/2024:16:01:30 -0300] "GET /cormun/static/PXToolsJavascripts/pexe_menus.js HTTP/1.1" 200 1286
190.95.15.15 - - [04/Sep/2024:16:01:30 -0300] "GET /cormun/static/PXToolsJavascripts/pexe_layers.js HTTP/1.1" 200 4114
190.95.15.15 - - [04/Sep/2024:16:01:30 -0300] "GET /cormun/static/PXToolsJavascripts/pexe_oav.js HTTP/1.1" 200 645
190.95.15.15 - - [04/Sep/2024:16:01:30 -0300] "GET /cormun/static/PXToolsJavascripts/pexe_oavdivfix.js HTTP/1.1" 200 639
190.95.15.15 - - [04/Sep/2024:16:01:30 -0300] "GET /cormun/static/PXToolsJavascripts/pexe_picture.js HTTP/1.1" 200 689
190.95.15.15 - - [04/Sep/2024:16:01:30 -0300] "GET /cormun/static/PXToolsJavascripts/pexe_scrolldiv.js HTTP/1.1" 200 4138
190.95.15.15 - - [04/Sep/2024:16:01:30 -0300] "GET /cormun/static/PXToolsJavascripts/pexe_tabdivfix.js HTTP/1.1" 200 898
190.95.15.15 - - [04/Sep/2024:16:01:30 -0300] "GET /cormun/static/PXToolsJavascripts/pexe_tabs.js HTTP/1.1" 200 3748
190.95.15.15 - - [04/Sep/2024:16:01:30 -0300] "GET /cormun/static/PXToolsJavascripts/pexe_popup.js HTTP/1.1" 200 15149
190.95.15.15 - - [04/Sep/2024:16:01:30 -0300] "GET /cormun/static/PXToolsJavascripts/pexe_upload.js HTTP/1.1" 200 1423
190.95.15.15 - - [04/Sep/2024:16:01:30 -0300] "GET /cormun/static/PXToolsJavascripts/PXToolsJavascriptsRender.js HTTP/1.1" 200 367
190.95.15.15 - - [04/Sep/2024:16:01:30 -0300] "GET /cormun/static/Resources/CormunMP2.png HTTP/1.1" 200 6878
190.95.15.15 - - [04/Sep/2024:16:01:30 -0300] "GET /cormun/static/Resources/ImgHome.png HTTP/1.1" 200 1364
190.95.15.15 - - [04/Sep/2024:16:01:30 -0300] "GET /cormun/static/Resources/ImgLogin.png HTTP/1.1" 200 1432
190.95.15.15 - - [04/Sep/2024:16:01:30 -0300] "GET /cormun/static/RunJS/RunJS.js HTTP/1.1" 200 288
190.95.15.15 - - [04/Sep/2024:16:01:30 -0300] "GET /cormun/static/Resources/Llave.png HTTP/1.1" 200 1395
190.95.15.15 - - [04/Sep/2024:16:01:30 -0300] "GET /cormun/static/Shared/ext/locale/ext-lang-en.js HTTP/1.1" 200 10940
190.95.15.15 - - [04/Sep/2024:16:01:30 -0300] "GET /cormun/static/Resources/PXToolsDataTitle.png HTTP/1.1" 200 1173
190.95.15.15 - - [04/Sep/2024:16:01:30 -0300] "GET /cormun/static/hhome.js?20201215495544 HTTP/1.1" 200 777
190.95.15.15 - - [04/Sep/2024:16:01:30 -0300] "GET /cormun/static/hwchdr01.js?2022112219251119 HTTP/1.1" 200 996
190.95.15.15 - - [04/Sep/2024:16:01:30 -0300] "GET /cormun/static/hpexe_recentlink.js?20201214471090 HTTP/1.1" 200 2144
190.95.15.15 - - [04/Sep/2024:16:01:30 -0300] "GET /cormun/static/hpexe_messagecontroller.js?202211298371222 HTTP/1.1" 200 870
190.95.15.15 - - [04/Sep/2024:16:01:30 -0300] "GET /cormun/static/hpexe_scripts.js?20201214471411 HTTP/1.1" 200 1544
190.95.15.15 - - [04/Sep/2024:16:01:30 -0300] "GET /cormun/static/hpexe_messagegenexuscomponent.js?20221129836373 HTTP/1.1" 200 587
190.95.15.15 - - [04/Sep/2024:16:01:30 -0300] "GET /cormun/static/hpexe_messagepopupcomponent.js?2020121447232 HTTP/1.1" 200 605
190.95.15.15 - - [04/Sep/2024:16:01:30 -0300] "GET /cormun/static/gxui/gxui-all.js HTTP/1.1" 200 107772
190.95.15.15 - - [04/Sep/2024:16:01:30 -0300] "GET /cormun/static/cmcontrolpreferences.js?20199141926336 HTTP/1.1" 200 1375
190.95.15.15 - - [04/Sep/2024:16:01:30 -0300] "GET /cormun/static/SmoothNavMenu/resources/ddsmoothmenu.js HTTP/1.1" 200 12712
190.95.15.15 - - [04/Sep/2024:16:01:30 -0300] "GET /cormun/static/Shared/jquery/jquery-1.4.2.min.js HTTP/1.1" 200 72174
190.95.15.15 - - [04/Sep/2024:16:01:30 -0300] "GET /cormun/static/SmoothNavMenu/resources/SmoothNavMenuRender.js HTTP/1.1" 200 5951
190.95.15.15 - - [04/Sep/2024:16:01:30 -0300] "GET /cormun/static/scaMessage/js/jquery.pnotify.min.js HTTP/1.1" 200 13038
190.95.15.15 - - [04/Sep/2024:16:01:30 -0300] "GET /cormun/static/scaMessage/scaMessageRender.js HTTP/1.1" 200 11977
190.95.15.15 - - [04/Sep/2024:16:01:30 -0300] "GET /cormun/static/hmpwkw03.js?20221129844354 HTTP/1.1" 200 3971
190.95.15.15 - - [04/Sep/2024:16:01:30 -0300] "GET /cormun/static/Shared/jquery/jquery-1.10.2.min.js HTTP/1.1" 200 273199
190.95.15.15 - - [04/Sep/2024:16:01:30 -0300] "GET /cormun/static/Shared/jqueryui/jquery-ui.min.js HTTP/1.1" 200 240427
190.95.15.15 - - [04/Sep/2024:16:01:30 -0300] "GET /cormun/static/Shared/ext/ext-all.js HTTP/1.1" 200 1289687
190.95.15.15 - - [04/Sep/2024:16:01:31 -0300] "GET /cormun/static/SmoothNavMenu/resources/images/down.gif HTTP/1.1" 200 854
181.212.42.153 - - [04/Sep/2024:16:01:33 -0300] "POST /cormun/servlet/hlogin?f07ca3d68ca9fe357e22bc84287321d2,gx-no-cache=1725476455132 HTTP/1.1" 200 90
181.212.42.153 - - [04/Sep/2024:16:01:33 -0300] "GET /cormun/servlet/hpexe_link HTTP/1.1" 200 960
181.212.42.153 - - [04/Sep/2024:16:01:33 -0300] "GET /cormun/servlet/trlicencias HTTP/1.1" 200 19823
190.95.15.15 - - [04/Sep/2024:16:01:33 -0300] "GET /cormun/servlet/trlicencias? HTTP/1.1" 200 14266
190.95.15.15 - - [04/Sep/2024:16:01:33 -0300] "GET /cormun/static/gxcfg.js?202211298463625 HTTP/1.1" 200 953
190.95.15.15 - - [04/Sep/2024:16:01:33 -0300] "GET /cormun/static/calendar-system.css?85620 HTTP/1.1" 200 5572
190.95.15.15 - - [04/Sep/2024:16:01:33 -0300] "GET /cormun/static/calendar-setup.js?85251 HTTP/1.1" 200 2588
190.95.15.15 - - [04/Sep/2024:16:01:33 -0300] "GET /cormun/static/calendar.js?85251 HTTP/1.1" 200 26246
190.95.15.15 - - [04/Sep/2024:16:01:33 -0300] "GET /cormun/static/gxui/gxui-all.css?120300 HTTP/1.1" 200 2179
190.95.15.15 - - [04/Sep/2024:16:01:33 -0300] "GET /cormun/static/calendar-es.js?85251 HTTP/1.1" 200 1901
190.95.15.15 - - [04/Sep/2024:16:01:33 -0300] "GET /cormun/static/Resources/PXTools/calendar.png HTTP/1.1" 200 1306
190.95.15.15 - - [04/Sep/2024:16:01:33 -0300] "GET /cormun/static/gxdec.js?85251 HTTP/1.1" 200 19579
190.95.15.15 - - [04/Sep/2024:16:01:33 -0300] "GET /cormun/static/trlicencias.js?202211298463889 HTTP/1.1" 200 41883
190.95.15.15 - - [04/Sep/2024:16:01:33 -0300] "GET /cormun/static/Resources/PXToolsDataSearch.png HTTP/1.1" 200 435
190.95.15.15 - - [04/Sep/2024:16:01:33 -0300] "GET /cormun/static/Resources/PXToolsGridFirstDisabled.gif HTTP/1.1" 200 100
190.95.15.15 - - [04/Sep/2024:16:01:33 -0300] "GET /cormun/static/Shared/ext/resources/css/ext-all.css?215870 HTTP/1.1" 200 416045
190.95.15.15 - - [04/Sep/2024:16:01:33 -0300] "GET /cormun/static/Resources/PXToolsGridPreviousDisabled.gif HTTP/1.1" 200 90
190.95.15.15 - - [04/Sep/2024:16:01:33 -0300] "GET /cormun/static/Resources/PXToolsGridNextDisabled.gif HTTP/1.1" 200 90
190.95.15.15 - - [04/Sep/2024:16:01:33 -0300] "GET /cormun/static/Resources/PXToolsGridLastDisabled.gif HTTP/1.1" 200 98
190.95.15.15 - - [04/Sep/2024:16:01:33 -0300] "GET /cormun/static/Resources/PXToolsGridPage.gif HTTP/1.1" 200 725
190.95.15.15 - - [04/Sep/2024:16:01:33 -0300] "GET /cormun/static/Resources/PXToolsActionExcel.png HTTP/1.1" 200 727
190.95.15.15 - - [04/Sep/2024:16:01:33 -0300] "GET /cormun/static/Resources/PXToolsAddAllAction.png HTTP/1.1" 200 495
190.95.15.15 - - [04/Sep/2024:16:01:33 -0300] "GET /cormun//static/Resources/PXToolsActionDisabled.gif HTTP/1.1" 200 53
190.95.15.15 - - [04/Sep/2024:16:01:33 -0300] "GET /cormun//static/Resources/PXToolsActionPrint.png HTTP/1.1" 200 404
190.95.15.15 - - [04/Sep/2024:16:01:33 -0300] "GET /cormun//static/Resources/PXTools/ActionInsert.png HTTP/1.1" 200 1482
190.95.15.15 - - [04/Sep/2024:16:01:33 -0300] "GET /cormun//static/Resources/PXToolsHeaderHelp.png HTTP/1.1" 200 1333
190.95.15.15 - - [04/Sep/2024:16:01:33 -0300] "GET /cormun//static/Resources/PXToolsGridDisplay.png HTTP/1.1" 200 525
190.95.15.15 - - [04/Sep/2024:16:01:33 -0300] "GET /cormun//static/Resources/PXToolsHeaderFavorites.png HTTP/1.1" 200 1414
190.95.15.15 - - [04/Sep/2024:16:01:34 -0300] "GET /cormun/static/Shared/ext/resources/themes/images/default/panel/bg-headersPanel.png HTTP/1.1" 200 255
190.95.15.15 - - [04/Sep/2024:16:01:34 -0300] "GET /cormun/static/Shared/ext/resources/themes/images/default/tools/tool-sprites.gif HTTP/1.1" 200 5434
181.212.42.153 - - [04/Sep/2024:16:01:40 -0300] "GET /cormun/servlet/trsolicitudot? HTTP/1.1" 200 8626
190.171.143.82 - - [04/Sep/2024:16:03:06 -0300] "POST /cormun/servlet/trpermisosgoce?50bfa30067c2b27d5efd941079f7c05f,,gx-no-cache=1725476549354 HTTP/1.1" 200 5724
190.171.143.82 - - [04/Sep/2024:16:04:32 -0300] "POST /cormun/servlet/trpermisosgoce?50bfa30067c2b27d5efd941079f7c05f,,gx-no-cache=1725476635266 HTTP/1.1" 200 5952
190.171.143.82 - - [04/Sep/2024:16:05:39 -0300] "POST /cormun/servlet/trpermisosgoce?50bfa30067c2b27d5efd941079f7c05f,,gx-no-cache=1725476702210 HTTP/1.1" 200 5922
190.114.34.141 - - [04/Sep/2024:16:07:08 -0300] "GET /cormun/servlet/hlogin HTTP/1.1" 200 1724
190.114.34.141 - - [04/Sep/2024:16:07:08 -0300] "GET /cormun/servlet/hlogin HTTP/1.1" 200 1733
200.54.103.162 - - [04/Sep/2024:16:07:09 -0300] "GET /cormun/servlet/hhome HTTP/1.1" 200 3320
200.54.103.162 - - [04/Sep/2024:16:07:09 -0300] "GET /cormun/servlet/hlogin HTTP/1.1" 200 1730
190.114.34.141 - - [04/Sep/2024:16:07:11 -0300] "POST /cormun/servlet/hlogin?3f32318fd9a7d7f470d7104e1a8bafd6,gx-no-cache=1725476790650 HTTP/1.1" 200 90
190.114.34.141 - - [04/Sep/2024:16:07:11 -0300] "GET /cormun/servlet/hpexe_link HTTP/1.1" 200 952
190.114.34.141 - - [04/Sep/2024:16:07:11 -0300] "GET /cormun/servlet/hhome HTTP/1.1" 200 3982
190.114.34.141 - - [04/Sep/2024:16:07:11 -0300] "GET /cormun/static/Shared/ext/ext-all.js HTTP/1.1" 200 1289687
200.54.103.162 - - [04/Sep/2024:16:07:12 -0300] "POST /cormun/servlet/hlogin?1f127f5fdaabe84ffcf3c6722097e4df,gx-no-cache=1725476794717 HTTP/1.1" 200 90
200.54.103.162 - - [04/Sep/2024:16:07:12 -0300] "GET /cormun/servlet/hpexe_link HTTP/1.1" 200 950
200.54.103.162 - - [04/Sep/2024:16:07:12 -0300] "GET /cormun/servlet/hhome HTTP/1.1" 200 4338
190.114.34.141 - - [04/Sep/2024:16:07:15 -0300] "GET /cormun/servlet/trlicencias? HTTP/1.1" 200 15101
200.54.103.162 - - [04/Sep/2024:16:07:17 -0300] "GET /cormun/servlet/trlicencias? HTTP/1.1" 200 15217
190.171.143.82 - - [04/Sep/2024:16:08:50 -0300] "POST /cormun/servlet/trpermisosgoce?50bfa30067c2b27d5efd941079f7c05f,,gx-no-cache=1725476892827 HTTP/1.1" 200 5715
190.171.141.106 - - [04/Sep/2024:16:09:24 -0300] "GET /cormun/servlet/hlogin HTTP/1.1" 200 1725
190.171.141.106 - - [04/Sep/2024:16:09:39 -0300] "POST /cormun/servlet/hlogin?bf07b4749b8bce1235281116ec6c4548,gx-no-cache=1725476939698 HTTP/1.1" 200 90
190.171.141.106 - - [04/Sep/2024:16:09:39 -0300] "GET /cormun/servlet/hpexe_link HTTP/1.1" 200 954
190.171.141.106 - - [04/Sep/2024:16:09:39 -0300] "GET /cormun/servlet/hhome HTTP/1.1" 200 4140
190.171.141.106 - - [04/Sep/2024:16:09:44 -0300] "GET /cormun/servlet/trautorizarsolicitud? HTTP/1.1" 200 8636
190.171.141.106 - - [04/Sep/2024:16:09:44 -0300] "GET /cormun/static/trautorizarsolicitud.js?202211298474588 HTTP/1.1" 200 53909
190.171.141.106 - - [04/Sep/2024:16:09:44 -0300] "GET /cormun//static/Resources/PXToolsActionView.png HTTP/1.1" 200 398
190.171.141.106 - - [04/Sep/2024:16:09:44 -0300] "GET /cormun//static/Resources/PXToolsRemoveAllAction.png HTTP/1.1" 200 487
190.171.141.106 - - [04/Sep/2024:16:09:44 -0300] "GET /cormun//static/Resources/PXToolsGridDelete.png HTTP/1.1" 200 538
190.171.141.106 - - [04/Sep/2024:16:09:44 -0300] "GET /cormun//static/Resources/PXToolsGridUpdate.png HTTP/1.1" 200 470
190.171.141.106 - - [04/Sep/2024:16:09:57 -0300] "GET /cormun/servlet/veautorizarsolicitud?2024,21734,, HTTP/1.1" 200 8543
190.171.141.106 - - [04/Sep/2024:16:09:57 -0300] "GET /cormun/static/Resources/PXToolsTabFirstSelected.png HTTP/1.1" 200 1270
190.171.141.106 - - [04/Sep/2024:16:09:57 -0300] "GET /cormun/pexe_scrolldiv.js HTTP/1.1" 404 1009
190.171.141.106 - - [04/Sep/2024:16:09:57 -0300] "GET /cormun/static/veautorizarsolicitud.js?202211298474813 HTTP/1.1" 200 6140
190.171.141.106 - - [04/Sep/2024:16:09:57 -0300] "GET /cormun/static/hwcviewtabs.js?201991422154026 HTTP/1.1" 200 1074
190.171.141.106 - - [04/Sep/2024:16:09:57 -0300] "GET /cormun/static/hpexe_tabsview.js?2020121447381 HTTP/1.1" 200 1661
190.171.141.106 - - [04/Sep/2024:16:09:57 -0300] "GET /cormun/static/tbautorizarsolicitud01.js?20221129837213 HTTP/1.1" 200 30580
190.171.141.106 - - [04/Sep/2024:16:09:57 -0300] "GET /cormun/static/Resources/PXToolsTabLastUnselected.png HTTP/1.1" 200 1297
190.171.141.106 - - [04/Sep/2024:16:09:57 -0300] "GET /cormun/static/Resources/PXToolsTabPrevious.gif HTTP/1.1" 200 172
190.171.141.106 - - [04/Sep/2024:16:09:57 -0300] "GET /cormun/static/Resources/PXToolsTabUnselectedUnselected.png HTTP/1.1" 200 1470
190.171.141.106 - - [04/Sep/2024:16:09:57 -0300] "GET /cormun/static/Resources/PXToolsTabSelectedUnselected.png HTTP/1.1" 200 1451
190.171.141.106 - - [04/Sep/2024:16:09:57 -0300] "GET /cormun/static/Resources/PXToolsTabBackUnselected.png HTTP/1.1" 200 1175
190.171.141.106 - - [04/Sep/2024:16:09:57 -0300] "GET /cormun/static/Resources/PXToolsTabBackSelected.png HTTP/1.1" 200 1157
190.171.141.106 - - [04/Sep/2024:16:10:10 -0300] "GET /cormun/servlet/trautorizarsolicitud? HTTP/1.1" 200 8635
190.171.141.106 - - [04/Sep/2024:16:10:13 -0300] "POST /cormun/servlet/trautorizarsolicitud?bf07b4749b8bce1235281116ec6c4548,,gx-no-cache=1725476973750 HTTP/1.1" 200 4787
190.171.141.106 - - [04/Sep/2024:16:10:13 -0300] "GET /cormun/static/Shared/jqueryui/images/ui-bg_highlight-soft_100_c6c2c8_1x100.png HTTP/1.1" 404 1117
190.171.141.106 - - [04/Sep/2024:16:10:13 -0300] "GET /cormun/static/Shared/jqueryui/images/ui-icons_82798d_256x240.png HTTP/1.1" 404 1089
190.171.141.106 - - [04/Sep/2024:16:10:13 -0300] "GET /cormun/static/Shared/jqueryui/images/ui-bg_flat_55_fafafa_40x100.png HTTP/1.1" 404 1097
190.171.141.106 - - [04/Sep/2024:16:10:13 -0300] "GET /cormun/static/Shared/jqueryui/images/ui-icons_8d78a5_256x240.png HTTP/1.1" 404 1089
190.171.141.106 - - [04/Sep/2024:16:10:13 -0300] "POST /cormun/servlet/trautorizarsolicitud?bf07b4749b8bce1235281116ec6c4548,,gx-no-cache=1725476973868 HTTP/1.1" 200 4554
190.171.141.106 - - [04/Sep/2024:16:10:20 -0300] "GET /cormun/servlet/trlicencias? HTTP/1.1" 200 15916
190.171.143.82 - - [04/Sep/2024:16:10:35 -0300] "POST /cormun/servlet/trpermisosgoce?50bfa30067c2b27d5efd941079f7c05f,,gx-no-cache=1725476998379 HTTP/1.1" 200 5746
190.171.141.106 - - [04/Sep/2024:16:11:10 -0300] "GET /cormun/servlet/hlogin HTTP/1.1" 200 1743
190.171.143.82 - - [04/Sep/2024:16:11:43 -0300] "POST /cormun/servlet/trpermisosgoce?50bfa30067c2b27d5efd941079f7c05f,,gx-no-cache=1725477066539 HTTP/1.1" 200 5550
190.171.153.34 - - [04/Sep/2024:16:12:17 -0300] "GET /cormun/servlet/solicitudot?INS,0,0,false, HTTP/1.1" 200 15134
190.171.153.34 - - [04/Sep/2024:16:12:17 -0300] "GET /cormun/static/gxcfg.js?20221129840861 HTTP/1.1" 200 953
190.171.153.34 - - [04/Sep/2024:16:12:17 -0300] "GET /cormun/static/Resources/prompt.gif HTTP/1.1" 200 902
190.171.153.34 - - [04/Sep/2024:16:12:17 -0300] "GET /cormun/static/solicitudot.js?20221129840983 HTTP/1.1" 200 74072
190.171.153.34 - - [04/Sep/2024:16:12:17 -0300] "GET /cormun/servlet/hlogin HTTP/1.1" 200 1743
190.171.153.34 - - [04/Sep/2024:16:12:28 -0300] "POST /cormun/servlet/hlogin?3eda0bc92857af5d2b1e0c58c1bb0fc1,gx-no-cache=1725477108716 HTTP/1.1" 200 90
190.171.153.34 - - [04/Sep/2024:16:12:28 -0300] "GET /cormun/servlet/hpexe_link HTTP/1.1" 200 960
190.171.153.34 - - [04/Sep/2024:16:12:28 -0300] "GET /cormun/servlet/solicitudot?INS,0,0,false, HTTP/1.1" 200 16184
190.171.143.82 - - [04/Sep/2024:16:12:32 -0300] "POST /cormun/servlet/trpermisosgoce?50bfa30067c2b27d5efd941079f7c05f,,gx-no-cache=1725477115531 HTTP/1.1" 200 6437
190.171.153.34 - - [04/Sep/2024:16:12:45 -0300] "POST /cormun/servlet/solicitudot?gx-no-cache=1725477126588 HTTP/1.1" 200 4148
190.171.153.34 - - [04/Sep/2024:16:12:46 -0300] "POST /cormun/servlet/solicitudot?3eda0bc92857af5d2b1e0c58c1bb0fc1,INS,0,0,false,,gx-no-cache=1725477126727 HTTP/1.1" 200 12750
190.171.153.34 - - [04/Sep/2024:16:12:46 -0300] "GET /cormun/servlet/solicitudot?8bf846a21fed24a4787a0785edac958f62ff58933a1a788d92d5e616c0fe21dcf9c5c5fa40a3b61f09cfc52a58a89822,gx-no-cache=1725477126820 HTTP/1.1" 200 30
190.171.153.34 - - [04/Sep/2024:16:13:08 -0300] "GET /cormun/servlet/solicitudot?8bf846a21fed24a4787a0785edac958f4c5708f5ac4a3da31448a0c0eeade2c207bc41f9dbf6e0a2884a9a04902af2004d4c7fc5b213a108cf37ed72b9cab469,gx-no-cache=1725477149698 HTTP/1.1" 200 30
190.171.153.34 - - [04/Sep/2024:16:13:08 -0300] "GET /cormun/servlet/solicitudot?8bf846a21fed24a4787a0785edac958f21821ecf206b71841d74ed0c03aa757d,gx-no-cache=1725477149730 HTTP/1.1" 200 70
190.171.153.34 - - [04/Sep/2024:16:13:09 -0300] "POST /cormun/servlet/solicitudot?gx-no-cache=1725477149750 HTTP/1.1" 200 255
190.171.153.34 - - [04/Sep/2024:16:13:09 -0300] "GET /cormun/servlet/solicitudot?8bf846a21fed24a4787a0785edac958f69d7d6d1f4263b065ad4dbd3fcea12ecc71970f045da8aee0a5310d2faf0e7b01eb2885851dec2a62e8b8b60a139ab3efaeac49fe220667c722d2f78ad9924bea3cd28ac499a90789fb5f4941c81e1f00fd23c3653c2bf7c11c503cc0df54c8c7deb6db45cabb252ea907a70483984338ee0fe7a0d0d7131d0054b3f9b669c6a3ac264d6cb3019ab8dc573b3c287aaf2d35fec362ce9a13b01b3ecde55251e886ff832ba76182c3fdb823b7d981f3786630cf2fd6ada0bfec049987206a0903ae89047c3540188554212cf3d8bf427d8bbff137b6c910a97dda6313cdaf1deb3e5af670b4c8e4b16532079e89d9b2b6223566084371c7fdc091121537aa7589e9ce8ccd7684cd040099cd7f7d62e4c9caaeaa258c79d9da6e2e9eb67e2abfbb6d32819d97afaa1888306caf5a9389fd17affa99aa3ceeb2b6ff9ccfe8e70ef88540fa3c0e3b0180faf46faf1c8a44536624772f640f930cfddbd2824549287c49ca7df2df9a6d73a9a5fa9482d7512fd,gx-no-cache=1725477149770 HTTP/1.1" 200 30
190.171.143.82 - - [04/Sep/2024:16:13:54 -0300] "POST /cormun/servlet/trpermisosgoce?50bfa30067c2b27d5efd941079f7c05f,,gx-no-cache=1725477197147 HTTP/1.1" 200 5559
190.171.143.82 - - [04/Sep/2024:16:15:07 -0300] "POST /cormun/servlet/trpermisosgoce?50bfa30067c2b27d5efd941079f7c05f,,gx-no-cache=1725477270602 HTTP/1.1" 200 5756
190.171.143.82 - - [04/Sep/2024:16:16:32 -0300] "POST /cormun/servlet/trpermisosgoce?50bfa30067c2b27d5efd941079f7c05f,,gx-no-cache=1725477355618 HTTP/1.1" 200 6131
190.171.143.82 - - [04/Sep/2024:16:18:19 -0300] "POST /cormun/servlet/trpermisosgoce?50bfa30067c2b27d5efd941079f7c05f,,gx-no-cache=1725477462483 HTTP/1.1" 200 5719
190.171.149.74 - - [04/Sep/2024:16:18:37 -0300] "GET /cormun/servlet/trpermisosgoce? HTTP/1.1" 200 6022
190.171.149.74 - - [04/Sep/2024:16:18:37 -0300] "GET /cormun/servlet/hlogin HTTP/1.1" 200 1742
190.171.149.74 - - [04/Sep/2024:16:18:44 -0300] "POST /cormun/servlet/hlogin?c16e4df2a2d051d7ac6151340e87f1e2,gx-no-cache=1725477483691 HTTP/1.1" 200 90
190.171.149.74 - - [04/Sep/2024:16:18:44 -0300] "GET /cormun/servlet/hpexe_link HTTP/1.1" 200 958
190.171.149.74 - - [04/Sep/2024:16:18:44 -0300] "GET /cormun/servlet/trpermisosgoce HTTP/1.1" 200 18473
190.171.149.74 - - [04/Sep/2024:16:18:47 -0300] "GET /cormun/servlet/permisogoce?INS,0,,, HTTP/1.1" 200 6848
190.171.149.74 - - [04/Sep/2024:16:19:29 -0300] "POST /cormun/servlet/permisogoce?c16e4df2a2d051d7ac6151340e87f1e2,INS,0,,,,gx-no-cache=1725477528789 HTTP/1.1" 200 93
190.171.149.74 - - [04/Sep/2024:16:19:29 -0300] "GET /cormun/servlet/hpexe_return? HTTP/1.1" 200 1011
190.171.143.82 - - [04/Sep/2024:16:19:29 -0300] "POST /cormun/servlet/trpermisosgoce?50bfa30067c2b27d5efd941079f7c05f,,gx-no-cache=1725477531850 HTTP/1.1" 200 5741
190.171.149.74 - - [04/Sep/2024:16:19:29 -0300] "GET /cormun/servlet/trpermisosgoce HTTP/1.1" 200 18479
190.171.149.74 - - [04/Sep/2024:16:19:39 -0300] "GET /cormun/static/menuarrow.gif HTTP/1.1" 404 1015
190.171.149.74 - - [04/Sep/2024:16:19:48 -0300] "POST /cormun/servlet/trpermisosgoce?c16e4df2a2d051d7ac6151340e87f1e2,gx-no-cache=1725477547590 HTTP/1.1" 200 15633
190.171.143.82 - - [04/Sep/2024:16:19:50 -0300] "POST /cormun/servlet/trpermisosgoce?50bfa30067c2b27d5efd941079f7c05f,,gx-no-cache=1725477553618 HTTP/1.1" 200 5746
190.171.143.82 - - [04/Sep/2024:16:20:56 -0300] "POST /cormun/servlet/trpermisosgoce?50bfa30067c2b27d5efd941079f7c05f,,gx-no-cache=1725477618923 HTTP/1.1" 200 5929
190.171.149.74 - - [04/Sep/2024:16:21:03 -0300] "POST /cormun/servlet/trpermisosgoce?c16e4df2a2d051d7ac6151340e87f1e2,gx-no-cache=1725477623190 HTTP/1.1" 200 15663
190.171.149.74 - - [04/Sep/2024:16:21:13 -0300] "POST /cormun/servlet/trpermisosgoce?c16e4df2a2d051d7ac6151340e87f1e2,gx-no-cache=1725477632781 HTTP/1.1" 200 15413
190.171.149.74 - - [04/Sep/2024:16:21:14 -0300] "POST /cormun/servlet/trpermisosgoce?c16e4df2a2d051d7ac6151340e87f1e2,gx-no-cache=1725477634364 HTTP/1.1" 200 15765
190.171.143.82 - - [04/Sep/2024:16:22:29 -0300] "POST /cormun/servlet/trpermisosgoce?50bfa30067c2b27d5efd941079f7c05f,,gx-no-cache=1725477712171 HTTP/1.1" 200 6131
190.114.34.141 - - [04/Sep/2024:16:22:45 -0300] "GET /cormun/servlet/trlicencias? HTTP/1.1" 200 6048
190.171.143.82 - - [04/Sep/2024:16:24:00 -0300] "POST /cormun/servlet/trpermisosgoce?50bfa30067c2b27d5efd941079f7c05f,,gx-no-cache=1725477803450 HTTP/1.1" 200 5546
190.171.143.82 - - [04/Sep/2024:16:24:13 -0300] "POST /cormun/servlet/trpermisosgoce?50bfa30067c2b27d5efd941079f7c05f,,gx-no-cache=1725477816723 HTTP/1.1" 200 5550
190.171.143.82 - - [04/Sep/2024:16:24:31 -0300] "POST /cormun/servlet/trpermisosgoce?50bfa30067c2b27d5efd941079f7c05f,,gx-no-cache=1725477834082 HTTP/1.1" 200 5951
190.171.143.82 - - [04/Sep/2024:16:25:51 -0300] "POST /cormun/servlet/trpermisosgoce?50bfa30067c2b27d5efd941079f7c05f,,gx-no-cache=1725477914234 HTTP/1.1" 200 5566
190.171.152.114 - - [04/Sep/2024:16:26:07 -0300] "GET /cormun/servlet/permisogoce?INS,0,,, HTTP/1.1" 200 6032
190.171.152.114 - - [04/Sep/2024:16:26:08 -0300] "GET /cormun/servlet/hlogin HTTP/1.1" 200 1748
190.171.152.114 - - [04/Sep/2024:16:26:21 -0300] "POST /cormun/servlet/hlogin?d8102a9c1e0b10d803698a1f8aa4a3a2,gx-no-cache=1725477945260 HTTP/1.1" 200 90
190.171.152.114 - - [04/Sep/2024:16:26:21 -0300] "GET /cormun/servlet/hpexe_link HTTP/1.1" 200 968
190.171.152.114 - - [04/Sep/2024:16:26:21 -0300] "GET /cormun/servlet/permisogoce?INS,0,,, HTTP/1.1" 200 7056
190.171.141.98 - - [04/Sep/2024:16:26:43 -0300] "GET /cormun/servlet/trlicencias? HTTP/1.1" 200 6047
190.171.141.98 - - [04/Sep/2024:16:26:43 -0300] "GET /cormun/servlet/hlogin HTTP/1.1" 200 1738
190.171.141.98 - - [04/Sep/2024:16:26:43 -0300] "GET /cormun/servlet/trlicencias? HTTP/1.1" 200 6047
190.171.141.98 - - [04/Sep/2024:16:26:50 -0300] "POST /cormun/servlet/hlogin?269cb0d936f76802f6dcdd71d79db5f7,gx-no-cache=1725477970802 HTTP/1.1" 200 90
190.171.141.98 - - [04/Sep/2024:16:26:50 -0300] "GET /cormun/servlet/hpexe_link HTTP/1.1" 200 955
190.171.141.98 - - [04/Sep/2024:16:26:50 -0300] "GET /cormun/servlet/trlicencias HTTP/1.1" 200 13379
190.171.143.82 - - [04/Sep/2024:16:26:51 -0300] "POST /cormun/servlet/trpermisosgoce?50bfa30067c2b27d5efd941079f7c05f,,gx-no-cache=1725477974187 HTTP/1.1" 200 5742
190.171.141.90 - - [04/Sep/2024:16:27:03 -0300] "POST /cormun/servlet/trlicencias?f5f2668999172d94fe0b643d4512b29f,,gx-no-cache=1725477984240 HTTP/1.1" 440 972
190.171.141.90 - - [04/Sep/2024:16:27:05 -0300] "GET /cormun/servlet/trlicencias? HTTP/1.1" 200 6051
190.171.141.90 - - [04/Sep/2024:16:27:05 -0300] "GET /cormun/servlet/hlogin HTTP/1.1" 200 1741
190.171.143.82 - - [04/Sep/2024:16:27:07 -0300] "POST /cormun/servlet/trpermisosgoce?50bfa30067c2b27d5efd941079f7c05f,,gx-no-cache=1725477990019 HTTP/1.1" 200 5312
190.171.152.114 - - [04/Sep/2024:16:27:07 -0300] "GET /cormun/servlet/permisogoce?da7571d48ec94fa27573fc1c93995d9e65afe4a4e53655ef9f3f463722ad2802f3f74a4e3ea9f1ef356f0c42607f036021e44732157de9eda65ad3aad9d04701,gx-no-cache=1725477991109 HTTP/1.1" 200 71
190.171.152.114 - - [04/Sep/2024:16:27:10 -0300] "GET /cormun/static/menuarrow.gif HTTP/1.1" 404 1015
190.171.152.114 - - [04/Sep/2024:16:27:16 -0300] "GET /cormun/servlet/permisogoce?da7571d48ec94fa27573fc1c93995d9e280e784de639f6cabf83d14a679dd5a6d9296a60c5c20f6e0b59f93ab7b3094168e459b64545a774f7bcc8f1f303e817,gx-no-cache=1725478000234 HTTP/1.1" 200 47
190.171.152.114 - - [04/Sep/2024:16:27:18 -0300] "POST /cormun/servlet/permisogoce?d8102a9c1e0b10d803698a1f8aa4a3a2,INS,0,,,,gx-no-cache=1725478001966 HTTP/1.1" 200 93
190.171.152.114 - - [04/Sep/2024:16:27:18 -0300] "GET /cormun/servlet/hpexe_return? HTTP/1.1" 200 1011
190.171.152.114 - - [04/Sep/2024:16:27:18 -0300] "GET /cormun/servlet/hhome HTTP/1.1" 200 4334
190.171.152.114 - - [04/Sep/2024:16:27:27 -0300] "GET /cormun/servlet/trpermisosgoce? HTTP/1.1" 200 13286
190.171.152.114 - - [04/Sep/2024:16:27:30 -0300] "GET /cormun/servlet/apermisogoceprn?14200289,P,20240904152613,PU HTTP/1.1" 200 1657
190.171.143.82 - - [04/Sep/2024:16:27:36 -0300] "POST /cormun/servlet/trpermisosgoce?50bfa30067c2b27d5efd941079f7c05f,,gx-no-cache=1725478018915 HTTP/1.1" 200 5548
190.171.143.82 - - [04/Sep/2024:16:27:49 -0300] "POST /cormun/servlet/trpermisosgoce?50bfa30067c2b27d5efd941079f7c05f,,gx-no-cache=1725478032330 HTTP/1.1" 200 6097
190.171.143.82 - - [04/Sep/2024:16:29:17 -0300] "POST /cormun/servlet/trpermisosgoce?50bfa30067c2b27d5efd941079f7c05f,,gx-no-cache=1725478120307 HTTP/1.1" 200 5717
190.171.141.98 - - [04/Sep/2024:16:34:08 -0300] "GET /cormun/servlet/trsolicitudot? HTTP/1.1" 200 7385
190.171.141.98 - - [04/Sep/2024:16:35:50 -0300] "GET /cormun/servlet/trlicencias? HTTP/1.1" 200 13379
190.171.141.98 - - [04/Sep/2024:16:36:01 -0300] "GET /cormun/servlet/hlogin HTTP/1.1" 200 1738
190.171.143.82 - - [04/Sep/2024:16:41:07 -0300] "POST /cormun/servlet/trpermisosgoce?50bfa30067c2b27d5efd941079f7c05f,,gx-no-cache=1725478830140 HTTP/1.1" 200 5734
190.171.149.74 - - [04/Sep/2024:16:42:22 -0300] "GET /cormun/servlet/trlicencias? HTTP/1.1" 200 15109
190.171.143.82 - - [04/Sep/2024:16:42:27 -0300] "POST /cormun/servlet/trpermisosgoce?50bfa30067c2b27d5efd941079f7c05f,,gx-no-cache=1725478910467 HTTP/1.1" 200 6271
190.171.141.98 - - [04/Sep/2024:16:42:45 -0300] "GET /cormun/servlet/trfichaempleado? HTTP/1.1" 200 7958
190.171.141.98 - - [04/Sep/2024:16:42:53 -0300] "GET /cormun/servlet/trfichaempleado? HTTP/1.1" 200 7958
190.171.141.98 - - [04/Sep/2024:16:42:53 -0300] "GET /cormun/servlet/trfichaempleado? HTTP/1.1" 200 7958
190.171.141.98 - - [04/Sep/2024:16:42:57 -0300] "GET /cormun/servlet/trfichaempleado? HTTP/1.1" 200 7778
190.171.141.98 - - [04/Sep/2024:16:42:58 -0300] "GET /cormun/servlet/trfichaempleado? HTTP/1.1" 200 7778
190.171.143.82 - - [04/Sep/2024:16:44:09 -0300] "POST /cormun/servlet/trpermisosgoce?50bfa30067c2b27d5efd941079f7c05f,,gx-no-cache=1725479011819 HTTP/1.1" 200 5926
190.171.134.178 - - [04/Sep/2024:16:45:36 -0300] "GET /cormun/servlet/hlogin HTTP/1.1" 200 1714
190.171.134.178 - - [04/Sep/2024:16:45:36 -0300] "GET /cormun/servlet/hlogin HTTP/1.1" 200 1725
190.171.134.178 - - [04/Sep/2024:16:45:47 -0300] "POST /cormun/servlet/hlogin?5034fb27445b51e48e83301ae57d86e1,gx-no-cache=1725479106048 HTTP/1.1" 200 90
190.171.134.178 - - [04/Sep/2024:16:45:47 -0300] "GET /cormun/servlet/hpexe_link HTTP/1.1" 200 947
190.171.134.178 - - [04/Sep/2024:16:45:47 -0300] "GET /cormun/servlet/hhome HTTP/1.1" 200 3932
190.171.134.178 - - [04/Sep/2024:16:45:48 -0300] "GET /cormun/servlet/hhome HTTP/1.1" 200 3928
190.171.134.178 - - [04/Sep/2024:16:45:54 -0300] "GET /cormun/servlet/trsolicitudot? HTTP/1.1" 200 7150
190.171.134.178 - - [04/Sep/2024:16:45:55 -0300] "GET /cormun/servlet/trsolicitudot? HTTP/1.1" 200 7150
190.171.134.178 - - [04/Sep/2024:16:46:33 -0300] "GET /cormun/servlet/solicitudot?INS,0,0,false, HTTP/1.1" 200 15923
190.171.134.178 - - [04/Sep/2024:16:46:33 -0300] "GET /cormun/static/gxcfg.js?20221129840861 HTTP/1.1" 200 953
190.171.134.178 - - [04/Sep/2024:16:46:33 -0300] "GET /cormun/static/Resources/prompt.gif HTTP/1.1" 200 902
190.171.134.178 - - [04/Sep/2024:16:46:33 -0300] "GET /cormun/static/solicitudot.js?20221129840983 HTTP/1.1" 200 74072
190.171.134.178 - - [04/Sep/2024:16:46:34 -0300] "GET /cormun/servlet/solicitudot?INS,0,0,false, HTTP/1.1" 200 15930
154.213.184.25 - - [04/Sep/2024:16:47:29 -0300] "CONNECT google.com:443 HTTP/1.1" 400 -
190.171.134.178 - - [04/Sep/2024:16:48:44 -0300] "POST /cormun/servlet/solicitudot?gx-no-cache=1725479283301 HTTP/1.1" 200 4105
190.171.134.178 - - [04/Sep/2024:16:48:44 -0300] "GET /cormun/static/Shared/jqueryui/images/ui-bg_highlight-soft_100_c6c2c8_1x100.png HTTP/1.1" 404 1117
190.171.134.178 - - [04/Sep/2024:16:48:44 -0300] "GET /cormun/static/Shared/jqueryui/images/ui-icons_82798d_256x240.png HTTP/1.1" 404 1089
190.171.134.178 - - [04/Sep/2024:16:48:44 -0300] "GET /cormun/static/Shared/jqueryui/images/ui-bg_flat_55_994d53_40x100.png HTTP/1.1" 404 1097
190.171.134.178 - - [04/Sep/2024:16:48:44 -0300] "GET /cormun/static/Shared/jqueryui/images/ui-icons_ebccce_256x240.png HTTP/1.1" 404 1089
190.171.134.178 - - [04/Sep/2024:16:49:39 -0300] "POST /cormun/servlet/solicitudot?gx-no-cache=1725479338067 HTTP/1.1" 200 4040
190.171.134.178 - - [04/Sep/2024:16:49:39 -0300] "POST /cormun/servlet/solicitudot?5034fb27445b51e48e83301ae57d86e1,INS,0,0,false,,gx-no-cache=1725479338264 HTTP/1.1" 200 12615
190.171.134.178 - - [04/Sep/2024:16:50:01 -0300] "POST /cormun/servlet/solicitudot?gx-no-cache=1725479360360 HTTP/1.1" 200 4100
190.171.134.178 - - [04/Sep/2024:16:50:13 -0300] "POST /cormun/servlet/solicitudot?5034fb27445b51e48e83301ae57d86e1,INS,0,0,false,,gx-no-cache=1725479372942 HTTP/1.1" 200 93
190.171.134.178 - - [04/Sep/2024:16:50:14 -0300] "GET /cormun/servlet/hpexe_return? HTTP/1.1" 200 1003
190.171.134.178 - - [04/Sep/2024:16:50:14 -0300] "GET /cormun/servlet/trsolicitudot HTTP/1.1" 200 7153
190.171.134.178 - - [04/Sep/2024:16:50:15 -0300] "GET /cormun/servlet/trsolicitudot HTTP/1.1" 200 7150
190.171.134.178 - - [04/Sep/2024:16:51:09 -0300] "GET /cormun/servlet/solicitudot?INS,0,0,false, HTTP/1.1" 200 15923
190.171.134.178 - - [04/Sep/2024:16:51:10 -0300] "GET /cormun/servlet/solicitudot?INS,0,0,false, HTTP/1.1" 200 15930
190.171.143.82 - - [04/Sep/2024:16:51:50 -0300] "POST /cormun/servlet/trpermisosgoce?50bfa30067c2b27d5efd941079f7c05f,,gx-no-cache=1725479472746 HTTP/1.1" 200 5735
186.11.14.22 - - [04/Sep/2024:16:51:54 -0300] "GET /cormun/servlet/hlogin HTTP/1.1" 200 1771
186.11.14.22 - - [04/Sep/2024:16:51:54 -0300] "GET /apple-touch-icon-120x120-precomposed.png HTTP/1.1" 404 1041
186.11.14.22 - - [04/Sep/2024:16:51:55 -0300] "GET /apple-touch-icon-120x120.png HTTP/1.1" 404 1017
186.11.14.22 - - [04/Sep/2024:16:51:55 -0300] "GET /apple-touch-icon-precomposed.png HTTP/1.1" 404 1025
186.11.14.22 - - [04/Sep/2024:16:51:55 -0300] "GET /apple-touch-icon.png HTTP/1.1" 404 1001
186.11.14.22 - - [04/Sep/2024:16:51:55 -0300] "GET /favicon.ico HTTP/1.1" 200 21630
190.171.134.178 - - [04/Sep/2024:16:52:26 -0300] "POST /cormun/servlet/solicitudot?gx-no-cache=1725479505446 HTTP/1.1" 200 4088
190.171.134.178 - - [04/Sep/2024:16:52:26 -0300] "GET /cormun/static/Shared/jqueryui/images/ui-bg_highlight-soft_100_c6c2c8_1x100.png HTTP/1.1" 404 1117
190.171.134.178 - - [04/Sep/2024:16:52:26 -0300] "GET /cormun/static/Shared/jqueryui/images/ui-icons_82798d_256x240.png HTTP/1.1" 404 1089
190.171.134.178 - - [04/Sep/2024:16:52:26 -0300] "GET /cormun/static/Shared/jqueryui/images/ui-bg_flat_55_994d53_40x100.png HTTP/1.1" 404 1097
190.171.134.178 - - [04/Sep/2024:16:52:26 -0300] "GET /cormun/static/Shared/jqueryui/images/ui-icons_ebccce_256x240.png HTTP/1.1" 404 1089
190.171.134.178 - - [04/Sep/2024:16:52:26 -0300] "GET /cormun/servlet/solicitudot?342abb67105ae6b24befdf9beef2440c339a8398219ec70d96a7a284080e4dfe,gx-no-cache=1725479505573 HTTP/1.1" 200 111
154.213.184.18 - - [04/Sep/2024:16:52:33 -0300] "CONNECT example.com:443 HTTP/1.1" 400 -
190.171.134.178 - - [04/Sep/2024:16:52:41 -0300] "POST /cormun/servlet/solicitudot?gx-no-cache=1725479520628 HTTP/1.1" 200 4105
190.171.143.82 - - [04/Sep/2024:16:52:43 -0300] "POST /cormun/servlet/trpermisosgoce?50bfa30067c2b27d5efd941079f7c05f,,gx-no-cache=1725479526179 HTTP/1.1" 200 5927
190.171.134.178 - - [04/Sep/2024:16:52:49 -0300] "GET /cormun/servlet/solicitudot?342abb67105ae6b24befdf9beef2440c90e85b01a85d3954608b166da320e5df31aac25e44a889c8d82d14fb5e11aa70,gx-no-cache=1725479528190 HTTP/1.1" 200 111
190.171.134.178 - - [04/Sep/2024:16:53:04 -0300] "GET /cormun/static/Resources/resize.gif HTTP/1.1" 200 77
190.171.134.178 - - [04/Sep/2024:16:53:04 -0300] "GET /cormun/static/Resources/PXTools/ClosePrompt.png HTTP/1.1" 200 1036
190.171.134.178 - - [04/Sep/2024:16:53:05 -0300] "GET /cormun/servlet/prfichaempleado?,MD,,gxPopupLevel%3D0%3B HTTP/1.1" 200 9233
190.171.134.178 - - [04/Sep/2024:16:53:05 -0300] "GET /cormun/static/gxcfg.js?20201215571085 HTTP/1.1" 200 953
190.171.134.178 - - [04/Sep/2024:16:53:05 -0300] "GET /cormun/static/prfichaempleado.js?20201215572193 HTTP/1.1" 200 16005
190.171.134.178 - - [04/Sep/2024:16:53:05 -0300] "GET /cormun/static/menusearch.js?20201214473581 HTTP/1.1" 200 1424
190.171.134.178 - - [04/Sep/2024:16:53:05 -0300] "GET /cormun/static/hmpwkw011.js?202211298443482 HTTP/1.1" 200 1968
190.171.134.178 - - [04/Sep/2024:16:53:05 -0300] "GET /cormun/static/Resources/PXToolsMenuSearch.png HTTP/1.1" 200 336
190.171.134.178 - - [04/Sep/2024:16:53:05 -0300] "GET /cormun/static/Resources/PXToolsMenuSearchCancel.png HTTP/1.1" 200 306
190.171.134.178 - - [04/Sep/2024:16:53:34 -0300] "POST /cormun/servlet/solicitudot?gx-no-cache=1725479573073 HTTP/1.1" 200 4092
190.171.134.178 - - [04/Sep/2024:16:53:49 -0300] "POST /cormun/servlet/solicitudot?5034fb27445b51e48e83301ae57d86e1,INS,0,0,false,,gx-no-cache=1725479588182 HTTP/1.1" 200 93
190.171.134.178 - - [04/Sep/2024:16:53:49 -0300] "GET /cormun/servlet/hpexe_return? HTTP/1.1" 200 1003
190.171.134.178 - - [04/Sep/2024:16:53:49 -0300] "GET /cormun/servlet/trsolicitudot HTTP/1.1" 200 7153
190.171.134.178 - - [04/Sep/2024:16:53:50 -0300] "GET /cormun/servlet/trsolicitudot HTTP/1.1" 200 7150
190.171.143.82 - - [04/Sep/2024:16:53:50 -0300] "POST /cormun/servlet/trpermisosgoce?50bfa30067c2b27d5efd941079f7c05f,,gx-no-cache=1725479592884 HTTP/1.1" 200 6107
