190.171.153.26 - - [04/Sep/2024:12:00:45 -0300] "GET /cormun/servlet/solicitudot?eff6f03027e3f953844518cfcbccf093141d03f6d96403212df316c6ec92330c26b4710ecd2b41e4dd2a8841f6877594,gx-no-cache=1725462043169 HTTP/1.1" 200 30
190.171.143.82 - - [04/Sep/2024:12:00:54 -0300] "GET /cormun/servlet/trsolicitudot? HTTP/1.1" 200 7493
190.171.149.90 - - [04/Sep/2024:12:00:56 -0300] "GET /cormun/servlet/permisogoce?f8c3b77f13cde599c0f3d6d573a77ecff39ccc0a61ae4f4a045dc516fd7e90cb1763e49df5053096f7fbcf54e31dc7804298672a551491f4e171e2870da23b14265d4d18917920d627baec80512c623247d95e2ee06911780ebcbbf03f48c99314b3f3d859d037924577d8ee85632b88,gx-no-cache=1725461907838 HTTP/1.1" 200 87
181.212.42.153 - - [04/Sep/2024:12:00:56 -0300] "POST /cormun/servlet/trsolicitudot?bb4c76207311f486c91313ab9ef7051e,gx-no-cache=1725462018809 HTTP/1.1" 200 107
181.212.42.153 - - [04/Sep/2024:12:00:56 -0300] "GET /cormun/servlet/trsolicitudadjuntos?2024,21725, HTTP/1.1" 200 6073
181.212.42.153 - - [04/Sep/2024:12:00:56 -0300] "GET /cormun/static/gxcfg.js?20201215574222 HTTP/1.1" 200 953
181.212.42.153 - - [04/Sep/2024:12:00:56 -0300] "GET /cormun/static/trsolicitudadjuntos.js?20201215574932 HTTP/1.1" 200 17921
181.212.42.153 - - [04/Sep/2024:12:00:58 -0300] "GET /cormun/servlet/solicitudotadjuntos?INS,2024,21725,,1, HTTP/1.1" 200 6019
181.212.42.153 - - [04/Sep/2024:12:00:58 -0300] "GET /cormun/static/gxcfg.js?202211298385187 HTTP/1.1" 200 953
181.212.42.153 - - [04/Sep/2024:12:00:58 -0300] "GET /cormun/static/solicitudotadjuntos.js?202211298385196 HTTP/1.1" 200 11771
181.212.42.153 - - [04/Sep/2024:12:00:58 -0300] "GET /cormun/static/about:blank HTTP/1.1" 404 1011
181.212.42.153 - - [04/Sep/2024:12:00:59 -0300] "GET /cormun/servlet/solicitudotadjuntos?fd7293e6208d714c3abdfb5879537bdc207c0f267776fa3947fcb2f87aa05ee87843512c310158d0fb7d0aa9bbd49926,gx-no-cache=1725462021460 HTTP/1.1" 200 30
181.212.42.153 - - [04/Sep/2024:12:00:59 -0300] "POST /cormun/servlet/solicitudotadjuntos?bb4c76207311f486c91313ab9ef7051e,INS,2024,21725,,1,,gx-no-cache=1725462021480 HTTP/1.1" 200 3895
181.212.42.153 - - [04/Sep/2024:12:01:00 -0300] "POST /cormun/servlet/solicitudotadjuntos?gx-no-cache=1725462022733 HTTP/1.1" 200 26
190.171.143.82 - - [04/Sep/2024:12:01:01 -0300] "GET /cormun/static/menuarrow.gif HTTP/1.1" 404 1015
190.171.143.82 - - [04/Sep/2024:12:01:09 -0300] "POST /cormun/servlet/trsolicitudot?d795ce6db126084db826e1a1e91b11df,,gx-no-cache=1725462032126 HTTP/1.1" 200 4652
181.212.42.153 - - [04/Sep/2024:12:01:11 -0300] "GET /cormun/servlet/solicitudotadjuntos?fd7293e6208d714c3abdfb5879537bdc5e853480d278b4a742ac6ce47fc30e45,gx-no-cache=1725462032967 HTTP/1.1" 200 30
181.212.42.153 - - [04/Sep/2024:12:01:11 -0300] "GET /cormun/servlet/solicitudotadjuntos?fd7293e6208d714c3abdfb5879537bdc5e853480d278b4a742ac6ce47fc30e45,gx-no-cache=1725462032977 HTTP/1.1" 200 30
181.212.42.153 - - [04/Sep/2024:12:01:11 -0300] "POST /cormun/servlet/solicitudotadjuntos?bb4c76207311f486c91313ab9ef7051e,INS,2024,21725,,1, HTTP/1.1" 200 116
181.212.42.153 - - [04/Sep/2024:12:01:11 -0300] "GET /cormun/servlet/hpexe_return? HTTP/1.1" 200 1026
181.212.42.153 - - [04/Sep/2024:12:01:11 -0300] "GET /cormun/servlet/trsolicitudadjuntos?2024,21725, HTTP/1.1" 200 9056
181.212.42.153 - - [04/Sep/2024:12:01:12 -0300] "GET /cormun/servlet/solicitudotadjuntos?INS,2024,21725,,1, HTTP/1.1" 200 6019
181.212.42.153 - - [04/Sep/2024:12:01:12 -0300] "GET /cormun/static/about:blank HTTP/1.1" 404 1011
181.212.42.153 - - [04/Sep/2024:12:01:13 -0300] "GET /cormun/servlet/solicitudotadjuntos?fd7293e6208d714c3abdfb5879537bdc207c0f267776fa3947fcb2f87aa05ee87843512c310158d0fb7d0aa9bbd49926,gx-no-cache=1725462035389 HTTP/1.1" 200 30
181.212.42.153 - - [04/Sep/2024:12:01:13 -0300] "POST /cormun/servlet/solicitudotadjuntos?bb4c76207311f486c91313ab9ef7051e,INS,2024,21725,,1,,gx-no-cache=1725462035401 HTTP/1.1" 200 3897
181.212.42.153 - - [04/Sep/2024:12:01:14 -0300] "POST /cormun/servlet/solicitudotadjuntos?gx-no-cache=1725462036843 HTTP/1.1" 200 26
181.212.42.153 - - [04/Sep/2024:12:01:19 -0300] "GET /cormun/servlet/solicitudotadjuntos?fd7293e6208d714c3abdfb5879537bdc5e853480d278b4a742ac6ce47fc30e45,gx-no-cache=1725462041083 HTTP/1.1" 200 30
181.212.42.153 - - [04/Sep/2024:12:01:19 -0300] "GET /cormun/servlet/solicitudotadjuntos?fd7293e6208d714c3abdfb5879537bdc5e853480d278b4a742ac6ce47fc30e45,gx-no-cache=1725462041092 HTTP/1.1" 200 30
181.212.42.153 - - [04/Sep/2024:12:01:19 -0300] "POST /cormun/servlet/solicitudotadjuntos?bb4c76207311f486c91313ab9ef7051e,INS,2024,21725,,1, HTTP/1.1" 200 116
181.212.42.153 - - [04/Sep/2024:12:01:19 -0300] "GET /cormun/servlet/hpexe_return? HTTP/1.1" 200 1026
181.212.42.153 - - [04/Sep/2024:12:01:19 -0300] "GET /cormun/servlet/trsolicitudadjuntos?2024,21725, HTTP/1.1" 200 9295
190.171.143.82 - - [04/Sep/2024:12:01:20 -0300] "POST /cormun/servlet/trsolicitudot?d795ce6db126084db826e1a1e91b11df,,gx-no-cache=1725462043684 HTTP/1.1" 200 4652
181.212.42.153 - - [04/Sep/2024:12:01:21 -0300] "GET /cormun/servlet/solicitudotadjuntos?INS,2024,21725,,1, HTTP/1.1" 200 6019
181.212.42.153 - - [04/Sep/2024:12:01:21 -0300] "GET /cormun/static/about:blank HTTP/1.1" 404 1011
181.212.42.153 - - [04/Sep/2024:12:01:22 -0300] "GET /cormun/servlet/solicitudotadjuntos?fd7293e6208d714c3abdfb5879537bdc207c0f267776fa3947fcb2f87aa05ee87843512c310158d0fb7d0aa9bbd49926,gx-no-cache=1725462044094 HTTP/1.1" 200 30
181.212.42.153 - - [04/Sep/2024:12:01:22 -0300] "POST /cormun/servlet/solicitudotadjuntos?bb4c76207311f486c91313ab9ef7051e,INS,2024,21725,,1,,gx-no-cache=1725462044106 HTTP/1.1" 200 3897
190.171.149.90 - - [04/Sep/2024:12:01:22 -0300] "GET /cormun/servlet/permisogoce?f8c3b77f13cde599c0f3d6d573a77ecfd6c7ff5a27d77a65862d4b254f7d71a0b43a024e61b768246d33ef06c433c692dccb0c1f351e1f0d19ba8d94defc73141d493b0374c562c8d70e8612c31f2d5c5a592a1b834b312013bcfcdbbd7dc9671bd56bc442111aaaa324f234e83bfbde,gx-no-cache=1725461934062 HTTP/1.1" 200 82
181.212.42.153 - - [04/Sep/2024:12:01:23 -0300] "POST /cormun/servlet/solicitudotadjuntos?gx-no-cache=1725462045535 HTTP/1.1" 200 26
181.212.42.153 - - [04/Sep/2024:12:01:28 -0300] "GET /cormun/servlet/solicitudotadjuntos?fd7293e6208d714c3abdfb5879537bdc5e853480d278b4a742ac6ce47fc30e45,gx-no-cache=1725462050191 HTTP/1.1" 200 30
181.212.42.153 - - [04/Sep/2024:12:01:28 -0300] "GET /cormun/servlet/solicitudotadjuntos?fd7293e6208d714c3abdfb5879537bdc5e853480d278b4a742ac6ce47fc30e45,gx-no-cache=1725462050201 HTTP/1.1" 200 30
181.212.42.153 - - [04/Sep/2024:12:01:28 -0300] "POST /cormun/servlet/solicitudotadjuntos?bb4c76207311f486c91313ab9ef7051e,INS,2024,21725,,1, HTTP/1.1" 200 116
181.212.42.153 - - [04/Sep/2024:12:01:28 -0300] "GET /cormun/servlet/hpexe_return? HTTP/1.1" 200 1026
181.212.42.153 - - [04/Sep/2024:12:01:28 -0300] "GET /cormun/servlet/trsolicitudadjuntos?2024,21725, HTTP/1.1" 200 9514
190.171.143.82 - - [04/Sep/2024:12:01:28 -0300] "POST /cormun/servlet/trsolicitudot?d795ce6db126084db826e1a1e91b11df,,gx-no-cache=1725462051664 HTTP/1.1" 200 4652
181.212.42.153 - - [04/Sep/2024:12:01:30 -0300] "GET /cormun/servlet/solicitudotadjuntos?INS,2024,21725,,1, HTTP/1.1" 200 6019
181.212.42.153 - - [04/Sep/2024:12:01:30 -0300] "GET /cormun/static/about:blank HTTP/1.1" 404 1011
181.212.42.153 - - [04/Sep/2024:12:01:30 -0300] "GET /cormun/servlet/solicitudotadjuntos?fd7293e6208d714c3abdfb5879537bdc207c0f267776fa3947fcb2f87aa05ee87843512c310158d0fb7d0aa9bbd49926,gx-no-cache=1725462052673 HTTP/1.1" 200 30
181.212.42.153 - - [04/Sep/2024:12:01:30 -0300] "POST /cormun/servlet/solicitudotadjuntos?bb4c76207311f486c91313ab9ef7051e,INS,2024,21725,,1,,gx-no-cache=1725462052685 HTTP/1.1" 200 3897
181.212.42.153 - - [04/Sep/2024:12:01:34 -0300] "POST /cormun/servlet/solicitudotadjuntos?gx-no-cache=1725462056271 HTTP/1.1" 200 26
181.212.42.153 - - [04/Sep/2024:12:01:40 -0300] "GET /cormun/servlet/solicitudotadjuntos?fd7293e6208d714c3abdfb5879537bdc5e853480d278b4a742ac6ce47fc30e45,gx-no-cache=1725462062407 HTTP/1.1" 200 30
181.212.42.153 - - [04/Sep/2024:12:01:40 -0300] "GET /cormun/servlet/solicitudotadjuntos?fd7293e6208d714c3abdfb5879537bdc5e853480d278b4a742ac6ce47fc30e45,gx-no-cache=1725462062417 HTTP/1.1" 200 30
181.212.42.153 - - [04/Sep/2024:12:01:40 -0300] "POST /cormun/servlet/solicitudotadjuntos?bb4c76207311f486c91313ab9ef7051e,INS,2024,21725,,1, HTTP/1.1" 200 116
181.212.42.153 - - [04/Sep/2024:12:01:40 -0300] "GET /cormun/servlet/hpexe_return? HTTP/1.1" 200 1026
181.212.42.153 - - [04/Sep/2024:12:01:40 -0300] "GET /cormun/servlet/trsolicitudadjuntos?2024,21725, HTTP/1.1" 200 9802
181.212.42.153 - - [04/Sep/2024:12:01:42 -0300] "GET /cormun/servlet/solicitudotadjuntos?INS,2024,21725,,1, HTTP/1.1" 200 6019
181.212.42.153 - - [04/Sep/2024:12:01:42 -0300] "GET /cormun/static/about:blank HTTP/1.1" 404 1011
181.212.42.153 - - [04/Sep/2024:12:01:43 -0300] "GET /cormun/servlet/solicitudotadjuntos?fd7293e6208d714c3abdfb5879537bdc207c0f267776fa3947fcb2f87aa05ee87843512c310158d0fb7d0aa9bbd49926,gx-no-cache=1725462065040 HTTP/1.1" 200 30
181.212.42.153 - - [04/Sep/2024:12:01:43 -0300] "POST /cormun/servlet/solicitudotadjuntos?bb4c76207311f486c91313ab9ef7051e,INS,2024,21725,,1,,gx-no-cache=1725462065052 HTTP/1.1" 200 3897
181.212.42.153 - - [04/Sep/2024:12:01:44 -0300] "POST /cormun/servlet/solicitudotadjuntos?gx-no-cache=1725462066719 HTTP/1.1" 200 26
181.212.42.153 - - [04/Sep/2024:12:01:49 -0300] "GET /cormun/servlet/solicitudotadjuntos?fd7293e6208d714c3abdfb5879537bdc5e853480d278b4a742ac6ce47fc30e45,gx-no-cache=1725462071699 HTTP/1.1" 200 30
181.212.42.153 - - [04/Sep/2024:12:01:49 -0300] "GET /cormun/servlet/solicitudotadjuntos?fd7293e6208d714c3abdfb5879537bdc5e853480d278b4a742ac6ce47fc30e45,gx-no-cache=1725462071708 HTTP/1.1" 200 30
181.212.42.153 - - [04/Sep/2024:12:01:49 -0300] "POST /cormun/servlet/solicitudotadjuntos?bb4c76207311f486c91313ab9ef7051e,INS,2024,21725,,1, HTTP/1.1" 200 116
181.212.42.153 - - [04/Sep/2024:12:01:49 -0300] "GET /cormun/servlet/hpexe_return? HTTP/1.1" 200 1026
181.212.42.153 - - [04/Sep/2024:12:01:49 -0300] "GET /cormun/servlet/trsolicitudadjuntos?2024,21725, HTTP/1.1" 200 10098
181.212.42.153 - - [04/Sep/2024:12:01:52 -0300] "GET /cormun/servlet/solicitudotadjuntos?INS,2024,21725,,1, HTTP/1.1" 200 6019
181.212.42.153 - - [04/Sep/2024:12:01:52 -0300] "GET /cormun/static/about:blank HTTP/1.1" 404 1011
181.212.42.153 - - [04/Sep/2024:12:01:52 -0300] "GET /cormun/servlet/solicitudotadjuntos?fd7293e6208d714c3abdfb5879537bdc207c0f267776fa3947fcb2f87aa05ee87843512c310158d0fb7d0aa9bbd49926,gx-no-cache=1725462074833 HTTP/1.1" 200 30
181.212.42.153 - - [04/Sep/2024:12:01:52 -0300] "POST /cormun/servlet/solicitudotadjuntos?bb4c76207311f486c91313ab9ef7051e,INS,2024,21725,,1,,gx-no-cache=1725462074846 HTTP/1.1" 200 3897
181.212.42.153 - - [04/Sep/2024:12:01:54 -0300] "POST /cormun/servlet/solicitudotadjuntos?gx-no-cache=1725462076684 HTTP/1.1" 200 26
181.212.43.89 - - [04/Sep/2024:12:01:57 -0300] "GET /cormun/servlet/hlogin HTTP/1.1" 200 1716
181.212.42.153 - - [04/Sep/2024:12:01:59 -0300] "GET /cormun/servlet/solicitudotadjuntos?fd7293e6208d714c3abdfb5879537bdc5e853480d278b4a742ac6ce47fc30e45,gx-no-cache=1725462081515 HTTP/1.1" 200 30
181.212.42.153 - - [04/Sep/2024:12:01:59 -0300] "GET /cormun/servlet/solicitudotadjuntos?fd7293e6208d714c3abdfb5879537bdc5e853480d278b4a742ac6ce47fc30e45,gx-no-cache=1725462081524 HTTP/1.1" 200 30
181.212.42.153 - - [04/Sep/2024:12:01:59 -0300] "POST /cormun/servlet/solicitudotadjuntos?bb4c76207311f486c91313ab9ef7051e,INS,2024,21725,,1, HTTP/1.1" 200 116
181.212.42.153 - - [04/Sep/2024:12:01:59 -0300] "GET /cormun/servlet/hpexe_return? HTTP/1.1" 200 1026
181.212.42.153 - - [04/Sep/2024:12:01:59 -0300] "GET /cormun/servlet/trsolicitudadjuntos?2024,21725, HTTP/1.1" 200 10250
190.171.149.90 - - [04/Sep/2024:12:02:00 -0300] "GET /cormun/servlet/permisogoce?f8c3b77f13cde599c0f3d6d573a77ecf96bc8fc73571c48dab8621a1426627c38e2ac8d8bbff608280ca58e1d561413d89cfe3d2c7723c5dd94f69e1580a3f35ce5b3bae197bd0d7b7317bfccb651a470f1b65f7c08f63ef7d4953df680e1873daf82f961be45cd331dab3ddbe6fe058,gx-no-cache=1725461971412 HTTP/1.1" 200 93
181.212.43.89 - - [04/Sep/2024:12:02:00 -0300] "POST /cormun/servlet/hlogin?b43b971b5fbc7a1452688acfd82ad58d,gx-no-cache=1725462079311 HTTP/1.1" 200 90
181.212.43.89 - - [04/Sep/2024:12:02:00 -0300] "GET /cormun/servlet/hpexe_link HTTP/1.1" 200 947
181.212.43.89 - - [04/Sep/2024:12:02:00 -0300] "GET /cormun/servlet/hhome HTTP/1.1" 200 4015
181.212.42.153 - - [04/Sep/2024:12:02:02 -0300] "GET /cormun/servlet/trsolicitudot? HTTP/1.1" 200 8630
181.212.43.89 - - [04/Sep/2024:12:02:03 -0300] "GET /cormun/servlet/trlicencias? HTTP/1.1" 200 14323
181.212.42.153 - - [04/Sep/2024:12:02:16 -0300] "POST /cormun/servlet/trsolicitudot?bb4c76207311f486c91313ab9ef7051e,,gx-no-cache=1725462098349 HTTP/1.1" 200 112
181.212.42.153 - - [04/Sep/2024:12:02:16 -0300] "GET /cormun/servlet/solicitudot?UPD,2024,21725,false, HTTP/1.1" 200 16562
181.212.42.153 - - [04/Sep/2024:12:02:17 -0300] "POST /cormun/servlet/solicitudot?gx-no-cache=1725462099135 HTTP/1.1" 200 4105
181.212.42.153 - - [04/Sep/2024:12:02:17 -0300] "POST /cormun/servlet/solicitudot?bb4c76207311f486c91313ab9ef7051e,UPD,2024,21725,false,,gx-no-cache=1725462099272 HTTP/1.1" 200 12791
181.212.42.153 - - [04/Sep/2024:12:02:17 -0300] "GET /cormun/servlet/solicitudot?fd7293e6208d714c3abdfb5879537bdc8d1065290ef7ebcf249a1b1a8698ed10a00d6c80540554c15dae297b226c02b3,gx-no-cache=1725462099356 HTTP/1.1" 200 30
181.212.42.153 - - [04/Sep/2024:12:02:17 -0300] "GET /cormun/servlet/solicitudot?fd7293e6208d714c3abdfb5879537bdc105acea7a4a884214d9772d76b8f10383124133f50bbe2494705cc66c7792a621549cbf1e2357d348353dbc8ad5d556c,gx-no-cache=1725462099371 HTTP/1.1" 200 30
181.212.42.153 - - [04/Sep/2024:12:02:17 -0300] "GET /cormun/servlet/solicitudot?fd7293e6208d714c3abdfb5879537bdcce2684807323d3acb4edcfd15af82d89837d5f92c7a94f49a259fb729be8c7b01cb91b83f7096bfecf805d6d92d1289b,gx-no-cache=1725462099383 HTTP/1.1" 200 53
181.212.42.153 - - [04/Sep/2024:12:02:17 -0300] "POST /cormun/servlet/solicitudot?gx-no-cache=1725462099398 HTTP/1.1" 200 240
181.212.42.153 - - [04/Sep/2024:12:02:17 -0300] "GET /cormun/servlet/solicitudot?fd7293e6208d714c3abdfb5879537bdc189cb1fdaeb9756f2eabb320331755f736306a59dd9083d3e14c02e6bfc2620ae7e81cc4318f63ff5bec26f239f14865564122192510dfa0651b81af23696afbf0555425100eb04c54cd022e4b5728526618719d7d981f0e6768fafe16c8399511beb4b4a66733266836bd00c3d1419fe93653ef048282ee594258dbd687ec882a7054ef7acde0a4ac80be3531f8eba9f2c0c52f3405fc4ceb5d8e2bb37795402f494219c827e7eee234041896e0e759cc8e8fc71d3acfe5eef0dae8ddf5388e1cac0b35a19863a18604f9010b6875dfe0d96fff7301288b2a393d1f8397d28783b1488403a299bfcc6e0140cfa8510d9f615ddbbbb7c88e7a907b6f750ac651afd4a3621f4cc0f1ac2e56782611b4eb77db6c586d077de9ef006ffcda4344e2d4811756b6cf4820f262e816c528127e718a54fdb09941ee551199f571dd19c519f1700639b66e8d963fa1432cd5557188b0c7851ae2df3312140171c29e7acd4b13fc23ce72cdd22b7cd1439b9e5da7,gx-no-cache=1725462099412 HTTP/1.1" 200 30
181.212.42.153 - - [04/Sep/2024:12:02:17 -0300] "POST /cormun/servlet/solicitudot?gx-no-cache=1725462099424 HTTP/1.1" 200 30
181.212.42.153 - - [04/Sep/2024:12:02:17 -0300] "POST /cormun/servlet/solicitudot?gx-no-cache=1725462099440 HTTP/1.1" 200 1481
181.212.42.153 - - [04/Sep/2024:12:02:17 -0300] "POST /cormun/servlet/solicitudot?gx-no-cache=1725462099507 HTTP/1.1" 200 41
181.212.42.153 - - [04/Sep/2024:12:02:19 -0300] "GET /cormun/servlet/prbanco?,MD,,gxPopupLevel%3D0%3B HTTP/1.1" 200 6602
181.212.42.153 - - [04/Sep/2024:12:02:23 -0300] "GET /cormun/servlet/solicitudot?fd7293e6208d714c3abdfb5879537bdc81bf1d847b79a0b3b2d3aca5fa74c00d837d5f92c7a94f49a259fb729be8c7b01cb91b83f7096bfecf805d6d92d1289b,gx-no-cache=1725462105784 HTTP/1.1" 200 60
181.212.43.89 - - [04/Sep/2024:12:02:27 -0300] "GET /cormun/servlet/hhome HTTP/1.1" 200 4014
181.212.42.153 - - [04/Sep/2024:12:02:33 -0300] "POST /cormun/servlet/solicitudot?gx-no-cache=1725462115131 HTTP/1.1" 200 30
181.212.42.153 - - [04/Sep/2024:12:02:33 -0300] "POST /cormun/servlet/solicitudot?gx-no-cache=1725462115150 HTTP/1.1" 200 1481
181.212.42.153 - - [04/Sep/2024:12:02:33 -0300] "POST /cormun/servlet/solicitudot?gx-no-cache=1725462115208 HTTP/1.1" 200 41
181.212.42.153 - - [04/Sep/2024:12:02:33 -0300] "GET /cormun/servlet/solicitudot?fd7293e6208d714c3abdfb5879537bdce9f61e89228ec9e5c0823489673102dde0fdce5baf50939c70f782f29a076e2c0cdab1ba240521fbbe2a9540eb89cf045c0f0b64190589032b38cd2cdde7f33c6edd2c71977f1a87afad2f73318c997eb3c35cae2ca1330ca112a24ffbc2bd4a,gx-no-cache=1725462115226 HTTP/1.1" 200 110
181.212.42.153 - - [04/Sep/2024:12:02:33 -0300] "POST /cormun/servlet/solicitudot?gx-no-cache=1725462115245 HTTP/1.1" 200 97
181.212.42.153 - - [04/Sep/2024:12:02:33 -0300] "GET /cormun/servlet/solicitudot?fd7293e6208d714c3abdfb5879537bdc264090bea0a951ea5198f77fcf81efad6fc3e18ad1b19cd044b2924341ce19a2d97c30dc2536fe25f772dcb3b4fc7194550d9506675fe1f89bf107ca8b63d94325c893ae5a499dec4903eac991dad1270ffd1ed319bfd290fee8dd5c59b4917ec1e0408d5536089ca4f1f4c1a185144d7561b1ffe183d58da0f5af2512690a519c6429d2fdd72397ce6db45495843a51,gx-no-cache=1725462115263 HTTP/1.1" 200 29
181.212.42.153 - - [04/Sep/2024:12:02:33 -0300] "GET /cormun/servlet/solicitudot?fd7293e6208d714c3abdfb5879537bdc7922de55678403021c716d46e51de4db5c43b63e668f45e879a1581bd090c383,gx-no-cache=1725462115278 HTTP/1.1" 200 30
181.212.42.153 - - [04/Sep/2024:12:02:33 -0300] "POST /cormun/servlet/solicitudot?gx-no-cache=1725462115294 HTTP/1.1" 200 34
181.212.42.153 - - [04/Sep/2024:12:02:33 -0300] "POST /cormun/servlet/solicitudot?bb4c76207311f486c91313ab9ef7051e,UPD,2024,21725,false,,gx-no-cache=1725462115314 HTTP/1.1" 200 93
181.212.42.153 - - [04/Sep/2024:12:02:33 -0300] "GET /cormun/servlet/hpexe_return? HTTP/1.1" 200 1015
181.212.42.153 - - [04/Sep/2024:12:02:33 -0300] "GET /cormun/servlet/trsolicitudot HTTP/1.1" 200 8627
190.171.149.90 - - [04/Sep/2024:12:03:28 -0300] "GET /cormun/servlet/permisogoce?f8c3b77f13cde599c0f3d6d573a77ecfed817499e57868597f09ec2970f94b78423e1a38a8fa353b9e019a2503246e6517592eb0305744af4830a22b4024eecc0345256e5c4ce50a5d31e296f1c9aec168e8996dc15c215d10a05732008ed60657adac1fb6ecd0900db599090ede86a2c37b12eed81c82baf001a80141d6ef89,gx-no-cache=1725462059557 HTTP/1.1" 200 77
190.171.149.90 - - [04/Sep/2024:12:04:23 -0300] "GET /cormun/servlet/permisogoce?f8c3b77f13cde599c0f3d6d573a77ecf321fa65e2215f87ff50326d818aecd65ba2ec8612537e337a1e715920cc990b10529e31741c84c339c32faca2fe890d32f2ba0d77e5cecaffb015b7ca0ccd3b36c8e8e4337e6adc82c0353e96b16ba33,gx-no-cache=1725462114953 HTTP/1.1" 200 83
190.171.149.90 - - [04/Sep/2024:12:04:59 -0300] "GET /cormun/servlet/permisogoce?f8c3b77f13cde599c0f3d6d573a77ecfea4f63e4c89247de2e7b7ce187db623cd648d4a55edcfe66fb4138bd95b24e83674124ea66c03240612b1cad6d2b7c23b517eabe1866d264568f42952247493dede8d478203dc8a60c008d27cc7d00322840d53767e45969358ebaee81ad622d,gx-no-cache=1725462150563 HTTP/1.1" 200 72
190.171.149.90 - - [04/Sep/2024:12:05:30 -0300] "GET /cormun/servlet/permisogoce?f8c3b77f13cde599c0f3d6d573a77ecf02d6e30dea811663e7c8b659651f77b4abe328c79460748c5d9713c6c8466d1753a81685be5993c905d0a3e51a823a0206c4ce16cf172630da801caff18e6c52d2e98bfb0f72362c77fc1cdc4a781f83,gx-no-cache=1725462181999 HTTP/1.1" 200 86
190.171.153.26 - - [04/Sep/2024:12:05:44 -0300] "GET /cormun/static/Resources/resize.gif HTTP/1.1" 200 77
190.171.153.26 - - [04/Sep/2024:12:05:44 -0300] "GET /cormun/static/Resources/PXTools/ClosePrompt.png HTTP/1.1" 200 1036
190.171.153.26 - - [04/Sep/2024:12:05:44 -0300] "GET /cormun/servlet/prbanco?,MD,,gxPopupLevel%3D0%3B HTTP/1.1" 200 6597
190.171.153.26 - - [04/Sep/2024:12:05:44 -0300] "GET /cormun/static/gxcfg.js?20201216131581 HTTP/1.1" 200 953
190.171.153.26 - - [04/Sep/2024:12:05:44 -0300] "GET /cormun/static/prbanco.js?20201216132311 HTTP/1.1" 200 10693
190.171.153.26 - - [04/Sep/2024:12:05:49 -0300] "GET /cormun/servlet/solicitudot?eff6f03027e3f953844518cfcbccf093df71e68960d6339b37fa1d93a6cb95dc9f490dce0a225a08d10e7977d2ca7f2f5626bc00539b619521e4d9819e57fc8d30dd841845d99d728a7d87cd30ded1cc,gx-no-cache=1725462347787 HTTP/1.1" 200 30
190.171.153.26 - - [04/Sep/2024:12:05:51 -0300] "GET /cormun/servlet/solicitudot?eff6f03027e3f953844518cfcbccf0939af7780abf21d00aea4e1d0ee8a3e287,gx-no-cache=1725462349409 HTTP/1.1" 200 53
190.171.149.90 - - [04/Sep/2024:12:06:00 -0300] "GET /cormun/servlet/permisogoce?f8c3b77f13cde599c0f3d6d573a77ecf8f998a3e91ef5ee3a383c40026332fe503601fca6584839d5ea5fd230765c90086384b987271cb1d4f9bb3878dc0ad2f769c9f834419470e0db6a3d93b486c596b17f932c20ad148a9ade6108ad1f579a9d68a8e55530df23c1d66e21af7393c,gx-no-cache=1725462211549 HTTP/1.1" 200 81
190.171.153.26 - - [04/Sep/2024:12:06:20 -0300] "POST /cormun/servlet/solicitudot?gx-no-cache=1725462378674 HTTP/1.1" 200 240
190.171.153.26 - - [04/Sep/2024:12:06:22 -0300] "GET /cormun/servlet/solicitudot?eff6f03027e3f953844518cfcbccf0935e3b186481c085d8e92df4ebb0a1530ed4d34738a0e014ba2a84caeac8d1331cabbccf93a12ba6ccdad9a2838eb68a6fc435e2212c28c294a85be0125ce593e5e8f4b00b13142612a2225faa648e03294fd72ebb8969df3b50c5fc35e3de468d8f02a8d8ce11ba5e03214cfc31b4ccd5a27ba3549b44299892f468a647fc36767cb1cd971d82daa786299a3773d27a4733f270b4db2e05460afcb2c7a05953f7a9f3563ac41f21645585e6f3ecbbe93fc8bc34903a484b87384fdf7142e3f665a29505c2be0da28117c7b01f9c4183e8da04f75a6ff98287c358401d97143b8adcac04c322d50aa8b7b2856c7b4a5e79a78005f8555dac04283194bd172d8f548b829d2acc2fe4e2626d1a28d00ce63d5c6e4f33ace497db103e3e282086a6d6c9af00ea82a7c7416f78e6c26ae2c5ad5bd4812de3d57e3d2e8f5183c07365ae06d1fb8849d92248f51448fe32eb0a32d527a23cbaafcefea500120da053a83db9fc7f4c180d97bbc3a48a17cdbf9943,gx-no-cache=1725462380956 HTTP/1.1" 200 30
190.171.149.90 - - [04/Sep/2024:12:06:26 -0300] "GET /cormun/servlet/permisogoce?f8c3b77f13cde599c0f3d6d573a77ecfd90616430ce0a43607b0ebb6dedf5931939b9d215e866227038242cb0ffa60c969fbc75624636fcad3aa8b6a01d84ab59ab10fc92a8273791a098e1b5c87a4e04c6d2485d0188802e18ce4acba401f3a083b67b1c44d632d89edb23f9a1597d4,gx-no-cache=1725462237834 HTTP/1.1" 200 82
190.171.153.26 - - [04/Sep/2024:12:06:41 -0300] "POST /cormun/servlet/solicitudot?gx-no-cache=1725462399153 HTTP/1.1" 200 30
190.171.153.26 - - [04/Sep/2024:12:06:41 -0300] "POST /cormun/servlet/solicitudot?gx-no-cache=1725462399203 HTTP/1.1" 200 1481
190.171.153.26 - - [04/Sep/2024:12:06:41 -0300] "POST /cormun/servlet/solicitudot?gx-no-cache=1725462399240 HTTP/1.1" 200 38
190.171.153.26 - - [04/Sep/2024:12:07:05 -0300] "GET /cormun/servlet/solicitudot?eff6f03027e3f953844518cfcbccf093646eb61da4f3b58ed3cb17dfb975012188fe81033062016c4af506b6526cd29d7f1fcb9827dbd2dd1f96aa54333c0089938e47c08dce5f94463013ac3c7838ebb98fea29331d945936d2493dfcb099872e9abb7ea9c188773d372e2c209735c8,gx-no-cache=1725462423132 HTTP/1.1" 200 110
190.171.153.26 - - [04/Sep/2024:12:07:05 -0300] "POST /cormun/servlet/solicitudot?gx-no-cache=1725462423446 HTTP/1.1" 200 97
190.171.149.90 - - [04/Sep/2024:12:07:06 -0300] "GET /cormun/servlet/permisogoce?f8c3b77f13cde599c0f3d6d573a77ecf21a992d588580f3d981af17259ccd3defdfc7297cca578d31a01acd0e3717bbe499a2d6dbb41b6a6e2ffd8904e575ee4bfc8a50dad7f0195f4b21d0951cfec451c04f0454e3d0242b8f4240c31964ffa76c74d306ea17025f1ebc133c7162b58,gx-no-cache=1725462278246 HTTP/1.1" 200 79
190.171.153.26 - - [04/Sep/2024:12:07:14 -0300] "POST /cormun/servlet/solicitudot?gx-no-cache=1725462432673 HTTP/1.1" 200 30
190.171.153.26 - - [04/Sep/2024:12:07:25 -0300] "POST /cormun/servlet/solicitudot?gx-no-cache=1725462443089 HTTP/1.1" 200 30
190.171.153.26 - - [04/Sep/2024:12:07:35 -0300] "POST /cormun/servlet/solicitudot?gx-no-cache=1725462453753 HTTP/1.1" 200 30
190.171.149.90 - - [04/Sep/2024:12:07:39 -0300] "GET /cormun/servlet/permisogoce?f8c3b77f13cde599c0f3d6d573a77ecf5efe2967ca64245e50afe7cdb8ab17a701c0c43c5ca48cb6248234673a90b78460bcd163e23bca95d0e0cbbeaeeb3e66dd96db977614a4ca0650dc78aa5e42371b0a23f8feafced6361a68e3bb3e13cf,gx-no-cache=1725462310796 HTTP/1.1" 200 226
190.171.149.90 - - [04/Sep/2024:12:07:50 -0300] "GET /cormun/servlet/permisogoce?f8c3b77f13cde599c0f3d6d573a77ecf6f033b1870135488f5b1b1caedfb4d0101c0c43c5ca48cb6248234673a90b78460bcd163e23bca95d0e0cbbeaeeb3e66dd96db977614a4ca0650dc78aa5e42371b0a23f8feafced6361a68e3bb3e13cf,gx-no-cache=1725462322142 HTTP/1.1" 200 90
190.171.153.26 - - [04/Sep/2024:12:07:57 -0300] "POST /cormun/servlet/solicitudot?gx-no-cache=1725462473893 HTTP/1.1" 200 1481
190.171.153.26 - - [04/Sep/2024:12:07:57 -0300] "POST /cormun/servlet/solicitudot?gx-no-cache=1725462475615 HTTP/1.1" 200 38
190.171.153.26 - - [04/Sep/2024:12:07:57 -0300] "GET /cormun/servlet/solicitudot?eff6f03027e3f953844518cfcbccf093646eb61da4f3b58ed3cb17dfb975012188fe81033062016c4af506b6526cd29d7f1fcb9827dbd2dd1f96aa54333c0089938e47c08dce5f94463013ac3c7838ebb98fea29331d945936d2493dfcb099872e9abb7ea9c188773d372e2c209735c8,gx-no-cache=1725462475646 HTTP/1.1" 200 110
190.171.153.26 - - [04/Sep/2024:12:07:57 -0300] "POST /cormun/servlet/solicitudot?gx-no-cache=1725462475679 HTTP/1.1" 200 97
190.171.153.26 - - [04/Sep/2024:12:07:57 -0300] "GET /cormun/servlet/solicitudot?eff6f03027e3f953844518cfcbccf093dbc96a4fedc4b3960c353325d1a67d71ec5341dc29b10333fe7d5da5e73855070e520b90c32684c401a8a1a7c0bee73f73583c507df346411ccf709d43b2db74bcc53a60941f610516a71916be6a1bd58cea221fefb919152e1b125060560b27,gx-no-cache=1725462475711 HTTP/1.1" 200 29
190.171.153.26 - - [04/Sep/2024:12:07:57 -0300] "GET /cormun/static/menuarrow.gif HTTP/1.1" 404 1015
190.171.153.26 - - [04/Sep/2024:12:08:05 -0300] "POST /cormun/servlet/solicitudot?gx-no-cache=1725462483934 HTTP/1.1" 200 1481
190.171.153.26 - - [04/Sep/2024:12:08:06 -0300] "POST /cormun/servlet/solicitudot?gx-no-cache=1725462483982 HTTP/1.1" 200 38
190.171.153.26 - - [04/Sep/2024:12:08:06 -0300] "GET /cormun/servlet/solicitudot?eff6f03027e3f953844518cfcbccf093646eb61da4f3b58ed3cb17dfb975012188fe81033062016c4af506b6526cd29d7f1fcb9827dbd2dd1f96aa54333c0089938e47c08dce5f94463013ac3c7838ebb98fea29331d945936d2493dfcb099872e9abb7ea9c188773d372e2c209735c8,gx-no-cache=1725462484011 HTTP/1.1" 200 110
190.171.153.26 - - [04/Sep/2024:12:08:06 -0300] "POST /cormun/servlet/solicitudot?gx-no-cache=1725462484034 HTTP/1.1" 200 97
190.171.153.26 - - [04/Sep/2024:12:08:08 -0300] "GET /cormun/servlet/solicitudot?eff6f03027e3f953844518cfcbccf09306812132400b85062528bb759970be8728e5784e04a9f3d8a604f34bac9d5f90,gx-no-cache=1725462486880 HTTP/1.1" 200 30
190.171.153.26 - - [04/Sep/2024:12:08:16 -0300] "POST /cormun/servlet/solicitudot?gx-no-cache=1725462494158 HTTP/1.1" 200 30
190.171.149.90 - - [04/Sep/2024:12:09:25 -0300] "GET /cormun/servlet/permisogoce?f8c3b77f13cde599c0f3d6d573a77ecf6d9374c421da937c923962c09944dd350a6ee1802be21760d4efe0f71132406777281176c84facd1fdf7737c8b9b086707638a81d47e338c5786f4ab394002d51eefecc3ff1d2eacb74014cd7da94356cfddb7e59ac45bd3a4b3d0164176461c,gx-no-cache=1725462416657 HTTP/1.1" 200 76
190.171.149.90 - - [04/Sep/2024:12:09:54 -0300] "GET /cormun/servlet/permisogoce?f8c3b77f13cde599c0f3d6d573a77ecf9a1a4ec98e41e75c1dcba9e5f7d338c0c3c9fc55209cf3b6fbc2b7bb3e8cfa1eefd49228af17e997679ac3f333cdcad840561610430f03a3f9b96a73c525d40f50dc40ae2b1c8ee1909bf3f35e76b90a7dee566a17e5d84ea0e7626e7584a572,gx-no-cache=1725462445987 HTTP/1.1" 200 83
190.171.153.26 - - [04/Sep/2024:12:10:01 -0300] "POST /cormun/servlet/solicitudot?gx-no-cache=1725462599517 HTTP/1.1" 200 1481
190.171.153.26 - - [04/Sep/2024:12:10:01 -0300] "POST /cormun/servlet/solicitudot?gx-no-cache=1725462599559 HTTP/1.1" 200 41
190.171.153.26 - - [04/Sep/2024:12:10:01 -0300] "GET /cormun/servlet/solicitudot?eff6f03027e3f953844518cfcbccf093646eb61da4f3b58ed3cb17dfb975012188fe81033062016c4af506b6526cd29d7f1fcb9827dbd2dd1f96aa54333c0089938e47c08dce5f94463013ac3c7838ebb98fea29331d945936d2493dfcb099872e9abb7ea9c188773d372e2c209735c8,gx-no-cache=1725462599592 HTTP/1.1" 200 110
190.171.153.26 - - [04/Sep/2024:12:10:01 -0300] "POST /cormun/servlet/solicitudot?gx-no-cache=1725462599628 HTTP/1.1" 200 97
190.171.153.26 - - [04/Sep/2024:12:10:01 -0300] "GET /cormun/servlet/solicitudot?eff6f03027e3f953844518cfcbccf09306812132400b85062528bb759970be8728e5784e04a9f3d8a604f34bac9d5f90,gx-no-cache=1725462599664 HTTP/1.1" 200 30
190.171.153.26 - - [04/Sep/2024:12:10:01 -0300] "POST /cormun/servlet/solicitudot?gx-no-cache=1725462599695 HTTP/1.1" 200 30
190.171.153.26 - - [04/Sep/2024:12:10:01 -0300] "POST /cormun/servlet/solicitudot?084c31814496f9fd1bfff45e550e0dfc,INS,0,0,false,,gx-no-cache=1725462599739 HTTP/1.1" 200 93
190.171.153.26 - - [04/Sep/2024:12:10:02 -0300] "GET /cormun/servlet/hpexe_return? HTTP/1.1" 200 1007
190.171.153.26 - - [04/Sep/2024:12:10:02 -0300] "GET /cormun/servlet/trsolicitudot HTTP/1.1" 200 8638
190.171.153.26 - - [04/Sep/2024:12:10:13 -0300] "POST /cormun/servlet/trsolicitudot?084c31814496f9fd1bfff45e550e0dfc,gx-no-cache=1725462611309 HTTP/1.1" 200 112
190.171.153.26 - - [04/Sep/2024:12:10:13 -0300] "GET /cormun/servlet/solicitudot?UPD,2024,21726,false, HTTP/1.1" 200 16577
190.171.153.26 - - [04/Sep/2024:12:10:14 -0300] "POST /cormun/servlet/solicitudot?gx-no-cache=1725462612140 HTTP/1.1" 200 4137
190.171.153.26 - - [04/Sep/2024:12:10:14 -0300] "POST /cormun/servlet/solicitudot?084c31814496f9fd1bfff45e550e0dfc,UPD,2024,21726,false,,gx-no-cache=1725462612263 HTTP/1.1" 200 12774
190.171.153.26 - - [04/Sep/2024:12:10:14 -0300] "GET /cormun/servlet/solicitudot?eff6f03027e3f953844518cfcbccf093141d03f6d96403212df316c6ec92330c1510dbbc48ecbeaabdaf45a6106ec571,gx-no-cache=1725462612394 HTTP/1.1" 200 30
190.171.153.26 - - [04/Sep/2024:12:10:14 -0300] "GET /cormun/servlet/solicitudot?eff6f03027e3f953844518cfcbccf093df71e68960d6339b37fa1d93a6cb95dc9f490dce0a225a08d10e7977d2ca7f2f80006837d6bf695c9705ea4149d5e68130dd841845d99d728a7d87cd30ded1cc,gx-no-cache=1725462612417 HTTP/1.1" 200 30
190.171.153.26 - - [04/Sep/2024:12:10:14 -0300] "GET /cormun/servlet/solicitudot?eff6f03027e3f953844518cfcbccf093a6c75010c870062051df52626c3214449ff87ab96c8e94d07dfd7bc9047199a87d415c400bab430811a654d8d44952b9,gx-no-cache=1725462612436 HTTP/1.1" 200 53
190.171.153.26 - - [04/Sep/2024:12:10:14 -0300] "POST /cormun/servlet/solicitudot?gx-no-cache=1725462612461 HTTP/1.1" 200 242
190.171.153.26 - - [04/Sep/2024:12:10:14 -0300] "GET /cormun/servlet/solicitudot?eff6f03027e3f953844518cfcbccf0935e3b186481c085d8e92df4ebb0a1530ed4d34738a0e014ba2a84caeac8d1331cabbccf93a12ba6ccdad9a2838eb68a6fc435e2212c28c294a85be0125ce593e5e8f4b00b13142612a2225faa648e03294fd72ebb8969df3b50c5fc35e3de468d8f02a8d8ce11ba5e03214cfc31b4ccd5a27ba3549b44299892f468a647fc36767cb1cd971d82daa786299a3773d27a4733f270b4db2e05460afcb2c7a05953f7a9f3563ac41f21645585e6f3ecbbe93fc8bc34903a484b87384fdf7142e3f665a29505c2be0da28117c7b01f9c4183e8da04f75a6ff98287c358401d97143b8adcac04c322d50aa8b7b2856c7b4a5e79a78005f8555dac04283194bd172d8f548b829d2acc2fe4e2626d1a28d00ce63d5c6e4f33ace497db103e3e282086a6d6c9af00ea82a7c7416f78e6c26ae2c5ad5bd4812de3d57e3d2e8f5183c07365ae06d1fb8849d92248f51448fe32eb0a32d527a23cbaafcefea500120da053a83d1d4bd798df519c72126e221a9d125bf1,gx-no-cache=1725462612487 HTTP/1.1" 200 30
190.171.153.26 - - [04/Sep/2024:12:10:14 -0300] "POST /cormun/servlet/solicitudot?gx-no-cache=1725462612509 HTTP/1.1" 200 30
190.171.153.26 - - [04/Sep/2024:12:10:14 -0300] "POST /cormun/servlet/solicitudot?gx-no-cache=1725462612538 HTTP/1.1" 200 1480
190.171.153.26 - - [04/Sep/2024:12:10:14 -0300] "POST /cormun/servlet/solicitudot?gx-no-cache=1725462612569 HTTP/1.1" 200 41
190.171.153.26 - - [04/Sep/2024:12:10:24 -0300] "POST /cormun/servlet/solicitudot?gx-no-cache=1725462622850 HTTP/1.1" 200 1480
190.171.153.26 - - [04/Sep/2024:12:10:24 -0300] "POST /cormun/servlet/solicitudot?gx-no-cache=1725462622881 HTTP/1.1" 200 41
190.171.153.26 - - [04/Sep/2024:12:10:24 -0300] "GET /cormun/servlet/solicitudot?eff6f03027e3f953844518cfcbccf093646eb61da4f3b58ed3cb17dfb975012188fe81033062016c4af506b6526cd29d7f1fcb9827dbd2dd1f96aa54333c0089938e47c08dce5f94463013ac3c7838ebb98fea29331d945936d2493dfcb099872e9abb7ea9c188773d372e2c209735c8,gx-no-cache=1725462622904 HTTP/1.1" 200 110
190.171.153.26 - - [04/Sep/2024:12:10:24 -0300] "POST /cormun/servlet/solicitudot?gx-no-cache=1725462622927 HTTP/1.1" 200 67
190.171.153.26 - - [04/Sep/2024:12:10:24 -0300] "GET /cormun/servlet/solicitudot?eff6f03027e3f953844518cfcbccf093f7c44ece1ae5bd5ccf39bcc8ad8a4db7a7218b98e54cad2bd7648a8c52357534dbef6b11e0b21e73599e1dde2b5eb4900be58798fa799fb29102f129825edfa675a1c25b6aeb8ab3d177ee45ce52d941e0813e85d72e43610ce67c76afaea214eca3dea27249fe587c504f4b016319a26d90fe64b3edbc4b72730b226d0cd884af6adbedbd915b32dd80e5af561b3e27,gx-no-cache=1725462622953 HTTP/1.1" 200 29
190.171.153.26 - - [04/Sep/2024:12:10:25 -0300] "GET /cormun/servlet/solicitudot?eff6f03027e3f953844518cfcbccf09306812132400b85062528bb759970be8728e5784e04a9f3d8a604f34bac9d5f90,gx-no-cache=1725462622971 HTTP/1.1" 200 30
190.171.153.26 - - [04/Sep/2024:12:10:25 -0300] "POST /cormun/servlet/solicitudot?gx-no-cache=1725462622991 HTTP/1.1" 200 30
190.171.153.26 - - [04/Sep/2024:12:10:25 -0300] "POST /cormun/servlet/solicitudot?084c31814496f9fd1bfff45e550e0dfc,UPD,2024,21726,false,,gx-no-cache=1725462623014 HTTP/1.1" 200 93
190.171.153.26 - - [04/Sep/2024:12:10:25 -0300] "GET /cormun/servlet/hpexe_return? HTTP/1.1" 200 1013
190.171.153.26 - - [04/Sep/2024:12:10:25 -0300] "GET /cormun/servlet/trsolicitudot HTTP/1.1" 200 8636
190.171.149.90 - - [04/Sep/2024:12:10:35 -0300] "GET /cormun/servlet/permisogoce?f8c3b77f13cde599c0f3d6d573a77ecf43d8a34ba69bd846d00836a1d4ce38023006e5684d225834eceb97d1cb7edaa56a70f12a0faca7dc44da7f473dde4b86c530eba58458a53e2200fc23cac817541f1b32483f09442d842e920d4ffa95cc75b4e4e5887a2a48262de03b5b5960b7,gx-no-cache=1725462487245 HTTP/1.1" 200 86
200.54.103.162 - - [04/Sep/2024:12:10:50 -0300] "GET /cormun/servlet/hhome HTTP/1.1" 200 3321
200.54.103.162 - - [04/Sep/2024:12:10:50 -0300] "GET /cormun/servlet/hlogin HTTP/1.1" 200 1735
200.54.103.162 - - [04/Sep/2024:12:10:53 -0300] "POST /cormun/servlet/hlogin?e1aa21c40f0f2bc170c51163ebe265f7,gx-no-cache=1725462615413 HTTP/1.1" 200 90
200.54.103.162 - - [04/Sep/2024:12:10:53 -0300] "GET /cormun/servlet/hpexe_link HTTP/1.1" 200 951
200.54.103.162 - - [04/Sep/2024:12:10:53 -0300] "GET /cormun/servlet/hhome HTTP/1.1" 200 4343
200.54.103.162 - - [04/Sep/2024:12:10:54 -0300] "GET /cormun/servlet/trlicencias? HTTP/1.1" 200 15218
190.171.153.26 - - [04/Sep/2024:12:10:58 -0300] "POST /cormun/servlet/trsolicitudot?084c31814496f9fd1bfff45e550e0dfc,gx-no-cache=1725462656518 HTTP/1.1" 200 112
190.171.153.26 - - [04/Sep/2024:12:10:58 -0300] "GET /cormun/servlet/solicitudot?UPD,2024,21726,false, HTTP/1.1" 200 16581
190.171.153.26 - - [04/Sep/2024:12:10:59 -0300] "POST /cormun/servlet/solicitudot?gx-no-cache=1725462657531 HTTP/1.1" 200 4136
190.171.153.26 - - [04/Sep/2024:12:10:59 -0300] "POST /cormun/servlet/solicitudot?084c31814496f9fd1bfff45e550e0dfc,UPD,2024,21726,false,,gx-no-cache=1725462657650 HTTP/1.1" 200 12772
190.171.153.26 - - [04/Sep/2024:12:10:59 -0300] "GET /cormun/servlet/solicitudot?eff6f03027e3f953844518cfcbccf093141d03f6d96403212df316c6ec92330c1510dbbc48ecbeaabdaf45a6106ec571,gx-no-cache=1725462657768 HTTP/1.1" 200 30
190.171.153.26 - - [04/Sep/2024:12:10:59 -0300] "GET /cormun/servlet/solicitudot?eff6f03027e3f953844518cfcbccf093df71e68960d6339b37fa1d93a6cb95dc9f490dce0a225a08d10e7977d2ca7f2f80006837d6bf695c9705ea4149d5e68130dd841845d99d728a7d87cd30ded1cc,gx-no-cache=1725462657792 HTTP/1.1" 200 30
190.171.153.26 - - [04/Sep/2024:12:10:59 -0300] "GET /cormun/servlet/solicitudot?eff6f03027e3f953844518cfcbccf093a6c75010c870062051df52626c3214449ff87ab96c8e94d07dfd7bc9047199a87d415c400bab430811a654d8d44952b9,gx-no-cache=1725462657811 HTTP/1.1" 200 53
190.171.153.26 - - [04/Sep/2024:12:10:59 -0300] "POST /cormun/servlet/solicitudot?gx-no-cache=1725462657835 HTTP/1.1" 200 242
190.171.153.26 - - [04/Sep/2024:12:10:59 -0300] "GET /cormun/servlet/solicitudot?eff6f03027e3f953844518cfcbccf0935e3b186481c085d8e92df4ebb0a1530ed4d34738a0e014ba2a84caeac8d1331cabbccf93a12ba6ccdad9a2838eb68a6fc435e2212c28c294a85be0125ce593e5e8f4b00b13142612a2225faa648e03294fd72ebb8969df3b50c5fc35e3de468d8f02a8d8ce11ba5e03214cfc31b4ccd5a27ba3549b44299892f468a647fc36767cb1cd971d82daa786299a3773d27a4733f270b4db2e05460afcb2c7a05953f7a9f3563ac41f21645585e6f3ecbbe93fc8bc34903a484b87384fdf7142e3f665a29505c2be0da28117c7b01f9c4183e8da04f75a6ff98287c358401d97143b8adcac04c322d50aa8b7b2856c7b4a5e79a78005f8555dac04283194bd172d8f548b829d2acc2fe4e2626d1a28d00ce63d5c6e4f33ace497db103e3e282086a6d6c9af00ea82a7c7416f78e6c26ae2c5ad5bd4812de3d57e3d2e8f5183c07365ae06d1fb8849d92248f51448fe32eb0a32d527a23cbaafcefea500120da053a83d1d4bd798df519c72126e221a9d125bf1,gx-no-cache=1725462657862 HTTP/1.1" 200 30
190.171.153.26 - - [04/Sep/2024:12:11:00 -0300] "POST /cormun/servlet/solicitudot?gx-no-cache=1725462658106 HTTP/1.1" 200 30
190.171.153.26 - - [04/Sep/2024:12:11:00 -0300] "POST /cormun/servlet/solicitudot?gx-no-cache=1725462658152 HTTP/1.1" 200 1481
190.171.153.26 - - [04/Sep/2024:12:11:00 -0300] "POST /cormun/servlet/solicitudot?gx-no-cache=1725462658194 HTTP/1.1" 200 41
190.171.149.90 - - [04/Sep/2024:12:11:02 -0300] "GET /cormun/servlet/permisogoce?f8c3b77f13cde599c0f3d6d573a77ecf20fdb6a33c4943d6a55ca3dd59ec210918cc419a6b28c8e49f84897b145b97b70236345b178708398240af6d45ae6fe13b0c4340a745388af425dda258a6778da267dc6bdfb2de5fc58e47400d1bd22f288ee2698ff317ee15bb36e57fcb3011,gx-no-cache=1725462513912 HTTP/1.1" 200 89
190.171.153.26 - - [04/Sep/2024:12:11:03 -0300] "GET /cormun/servlet/solicitudot?eff6f03027e3f953844518cfcbccf093646eb61da4f3b58ed3cb17dfb975012188fe81033062016c4af506b6526cd29d7f1fcb9827dbd2dd1f96aa54333c0089938e47c08dce5f94463013ac3c7838ebb98fea29331d945936d2493dfcb099872e9abb7ea9c188773d372e2c209735c8,gx-no-cache=1725462661116 HTTP/1.1" 200 110
190.171.153.26 - - [04/Sep/2024:12:11:03 -0300] "POST /cormun/servlet/solicitudot?gx-no-cache=1725462661161 HTTP/1.1" 200 67
190.171.153.26 - - [04/Sep/2024:12:11:26 -0300] "POST /cormun/servlet/solicitudot?gx-no-cache=1725462684020 HTTP/1.1" 200 105
190.171.149.90 - - [04/Sep/2024:12:12:45 -0300] "GET /cormun/servlet/permisogoce?f8c3b77f13cde599c0f3d6d573a77ecf689e291b7b2d310a835253be98a574e20896e9c25f7235bc08959c8b2b299b65f2f67ffd7126f0db3c95d17535b3f9b4239be7aefffd1543789cb74f3cf634cd783f2f3072cd217214807f1cbe2e541e835d49339e1204e9a3de8ed468dd9b6b,gx-no-cache=1725462616446 HTTP/1.1" 200 79
190.171.149.90 - - [04/Sep/2024:12:13:25 -0300] "GET /cormun/servlet/permisogoce?f8c3b77f13cde599c0f3d6d573a77ecffe06e3ee73888fa6f612e56518005f209c5c30605ed6f0a072c71b6de7b5eee55e19fe458add343764d3c6e7a89f6a46d7badabb9baefce007a4d1f320b38b7e5c2399649631ba74374df6237d678e455d2b4dd7ff5098d751c006a3bf829902,gx-no-cache=1725462656740 HTTP/1.1" 200 87
190.171.149.90 - - [04/Sep/2024:12:13:57 -0300] "GET /cormun/servlet/permisogoce?f8c3b77f13cde599c0f3d6d573a77ecfbdd89f302c512095941c59e283116103e19ab30f7c2984d38c53b741fc539731bff0627c27dec779f4d4e32b80d371e3480dd2be6765ceca48db322e5af2866f141da090d7b2ccbc3c7401c2552398d8779268fa9cc223d8e0455df42dcdf87e3b31fbaa767ec76da49aedb5e89e0549,gx-no-cache=1725462689298 HTTP/1.1" 200 79
190.171.149.90 - - [04/Sep/2024:12:14:24 -0300] "GET /cormun/servlet/permisogoce?f8c3b77f13cde599c0f3d6d573a77ecf7ba89d0506644a7c2db470a5c2be583db068cef160612c12dc0777e13e52ebbe31074bf473a3425c32a08975d955a67fed7b4e41d5402581b2e0d8defaa8b89da80b31137a14f13e9d4dfc33a79b4b5ecd39dff1c37d81a958fea04057d799fe,gx-no-cache=1725462715977 HTTP/1.1" 200 88
190.171.149.90 - - [04/Sep/2024:12:14:55 -0300] "GET /cormun/servlet/permisogoce?f8c3b77f13cde599c0f3d6d573a77ecf5bf6d6fe9361a083264c192c54dce0027386a1a0bd40c69f495b551ad78578c65192ad50440cae119598a412bc03b75fe47f319ede4d116fe3d8da57af5d993ac29857a44028d3d60f069b261387b35717b2a78cdca1328abcfc7d87d4227ddc3b31fbaa767ec76da49aedb5e89e0549,gx-no-cache=1725462746538 HTTP/1.1" 200 82
190.171.153.26 - - [04/Sep/2024:12:15:03 -0300] "POST /cormun/servlet/solicitudot?gx-no-cache=1725462901017 HTTP/1.1" 200 30
190.171.153.26 - - [04/Sep/2024:12:15:22 -0300] "POST /cormun/servlet/solicitudot?gx-no-cache=1725462920097 HTTP/1.1" 200 30
200.54.103.162 - - [04/Sep/2024:12:15:24 -0300] "GET /cormun/servlet/hhome HTTP/1.1" 200 4331
200.54.103.162 - - [04/Sep/2024:12:15:26 -0300] "GET /cormun/servlet/trlicencias? HTTP/1.1" 200 15218
190.171.153.26 - - [04/Sep/2024:12:15:28 -0300] "POST /cormun/servlet/solicitudot?gx-no-cache=1725462926169 HTTP/1.1" 200 30
190.171.149.90 - - [04/Sep/2024:12:15:48 -0300] "GET /cormun/servlet/permisogoce?f8c3b77f13cde599c0f3d6d573a77ecfc10e1630b2ac2fd5f778ba81d5da13d3f34a8cd20ccf0829db68aa2567df4f3b989a806b4ebabcfe7ec3cfbfd0d1891b6ed0c9ae66cd9d38d64c9cc896e41ed61e2a3bd3cfc281b70a881778e3199d545b30a9f01fee1f71446d7432c3dcfef4,gx-no-cache=1725462800204 HTTP/1.1" 200 86
190.171.153.26 - - [04/Sep/2024:12:15:51 -0300] "POST /cormun/servlet/solicitudot?gx-no-cache=1725462949097 HTTP/1.1" 200 30
190.171.153.26 - - [04/Sep/2024:12:16:08 -0300] "POST /cormun/servlet/solicitudot?gx-no-cache=1725462966442 HTTP/1.1" 200 1481
190.171.153.26 - - [04/Sep/2024:12:16:09 -0300] "GET /cormun/servlet/prlicenciaspermisos?11015686,L,,MD,,gxPopupLevel%3D0%3B HTTP/1.1" 200 7306
190.171.149.90 - - [04/Sep/2024:12:16:18 -0300] "GET /cormun/servlet/permisogoce?f8c3b77f13cde599c0f3d6d573a77ecf8bd9583fd4c6e1026298c82e2ce9f718fc7be43628ca8ee7e9379d79ac41c45ddfd04b7688d2c0f677004fd5e87ab90f2f0441d0150e76e2c41b48f23e645e43da5f9a49bfdafe5bde9515fc397eb46a842e56d3413c8f3a480d63d93037091f,gx-no-cache=1725462830250 HTTP/1.1" 200 84
190.171.153.26 - - [04/Sep/2024:12:16:19 -0300] "POST /cormun/servlet/solicitudot?gx-no-cache=1725462977098 HTTP/1.1" 200 41
190.171.153.26 - - [04/Sep/2024:12:16:19 -0300] "GET /cormun/servlet/solicitudot?eff6f03027e3f953844518cfcbccf093646eb61da4f3b58ed3cb17dfb975012188fe81033062016c4af506b6526cd29d7f1fcb9827dbd2dd1f96aa54333c0089938e47c08dce5f94463013ac3c7838ebb98fea29331d945936d2493dfcb099872e9abb7ea9c188773d372e2c209735c8,gx-no-cache=1725462977130 HTTP/1.1" 200 110
190.171.153.26 - - [04/Sep/2024:12:16:19 -0300] "POST /cormun/servlet/solicitudot?gx-no-cache=1725462977163 HTTP/1.1" 200 97
190.171.143.98 - - [04/Sep/2024:12:16:26 -0300] "GET /cormun/servlet/hlogin HTTP/1.1" 200 1716
190.171.143.98 - - [04/Sep/2024:12:16:32 -0300] "POST /cormun/servlet/hlogin?3ae2f6fa6ac0f5684e6f2a5ec78613fa,gx-no-cache=1725462953747 HTTP/1.1" 200 90
190.171.143.98 - - [04/Sep/2024:12:16:32 -0300] "GET /cormun/servlet/hpexe_link HTTP/1.1" 200 959
190.171.143.98 - - [04/Sep/2024:12:16:33 -0300] "GET /cormun/servlet/trautorizarpermisogoce HTTP/1.1" 200 7146
190.171.143.98 - - [04/Sep/2024:12:16:44 -0300] "GET /cormun/servlet/trsolicitudot? HTTP/1.1" 200 7533
190.171.153.26 - - [04/Sep/2024:12:16:45 -0300] "GET /cormun/servlet/solicitudot?eff6f03027e3f953844518cfcbccf093f7c44ece1ae5bd5ccf39bcc8ad8a4db7a7218b98e54cad2bd7648a8c52357534dbef6b11e0b21e73599e1dde2b5eb4900be58798fa799fb29102f129825edfa675a1c25b6aeb8ab3d177ee45ce52d941e0813e85d72e43610ce67c76afaea214eca3dea27249fe587c504f4b016319a26d90fe64b3edbc4b72730b226d0cd884af6adbedbd915b32dd80e5af561b3e27,gx-no-cache=1725463003194 HTTP/1.1" 200 29
190.171.153.26 - - [04/Sep/2024:12:16:45 -0300] "GET /cormun/servlet/solicitudot?eff6f03027e3f953844518cfcbccf09306812132400b85062528bb759970be876f94c7c2f1685024b9a6edb07bc7c890,gx-no-cache=1725463003226 HTTP/1.1" 200 30
190.171.153.26 - - [04/Sep/2024:12:16:45 -0300] "POST /cormun/servlet/solicitudot?gx-no-cache=1725463003253 HTTP/1.1" 200 34
190.171.153.26 - - [04/Sep/2024:12:16:45 -0300] "POST /cormun/servlet/solicitudot?084c31814496f9fd1bfff45e550e0dfc,UPD,2024,21726,false,,gx-no-cache=1725463003291 HTTP/1.1" 200 93
190.171.153.26 - - [04/Sep/2024:12:16:45 -0300] "GET /cormun/servlet/hpexe_return? HTTP/1.1" 200 1013
190.171.153.26 - - [04/Sep/2024:12:16:45 -0300] "GET /cormun/servlet/trsolicitudot HTTP/1.1" 200 8631
190.171.149.90 - - [04/Sep/2024:12:16:46 -0300] "GET /cormun/servlet/permisogoce?f8c3b77f13cde599c0f3d6d573a77ecf589ca0ebe6d7002c70cc18d9d3d279d2450ab4a785a2528aab919da90839bc3f3f5ab380ed419288d3203057aaa26eb3140d2a79658004920fab66ebe5ba0f92ae823da82ab69bba0ae34f411a4ae36e8e80e0e7318bb8278aedb5eda7193449381dca75d24c0f32db76cfeb87abd74c,gx-no-cache=1725462857913 HTTP/1.1" 200 77
190.171.143.98 - - [04/Sep/2024:12:16:47 -0300] "GET /cormun/servlet/solicitudot?INS,0,0,false, HTTP/1.1" 200 16296
190.171.153.26 - - [04/Sep/2024:12:16:57 -0300] "POST /cormun/servlet/trsolicitudot?084c31814496f9fd1bfff45e550e0dfc,gx-no-cache=1725463015494 HTTP/1.1" 200 4596
190.171.153.26 - - [04/Sep/2024:12:16:57 -0300] "GET /cormun/static/Shared/jqueryui/images/ui-bg_highlight-soft_100_c6c2c8_1x100.png HTTP/1.1" 404 1117
190.171.153.26 - - [04/Sep/2024:12:16:57 -0300] "GET /cormun/static/Shared/jqueryui/images/ui-icons_82798d_256x240.png HTTP/1.1" 404 1089
190.171.153.26 - - [04/Sep/2024:12:16:57 -0300] "GET /cormun/static/Shared/jqueryui/images/ui-bg_flat_55_fafafa_40x100.png HTTP/1.1" 404 1097
190.171.153.26 - - [04/Sep/2024:12:16:57 -0300] "GET /cormun/static/Shared/jqueryui/images/ui-icons_8d78a5_256x240.png HTTP/1.1" 404 1089
190.171.153.26 - - [04/Sep/2024:12:16:57 -0300] "POST /cormun/servlet/trsolicitudot?084c31814496f9fd1bfff45e550e0dfc,gx-no-cache=1725463015648 HTTP/1.1" 200 4334
190.171.149.90 - - [04/Sep/2024:12:17:20 -0300] "GET /cormun/servlet/permisogoce?f8c3b77f13cde599c0f3d6d573a77ecf463a0260a3f634cd4f04ab466de62d67bc6a444f4124174f9b839663bd11d8bfb24d3592a08f1592822282d7b71e9c4559dead8e14b847fffab8c39fd16ebe4c07e8905e4da14009c2355f7be2d0f4b93b31fbaa767ec76da49aedb5e89e0549,gx-no-cache=1725462891323 HTTP/1.1" 200 74
190.171.149.90 - - [04/Sep/2024:12:18:05 -0300] "GET /cormun/servlet/permisogoce?f8c3b77f13cde599c0f3d6d573a77ecff9247e81f3fd8cf0931353f96d0c160306452ae7fceddffd3921783186bd63aaa6e68cf0f3297e8cf9b27fba601f05e1fc16b26926c7c3851cc3a90d9138e7dab9e4ee96aeb108bbf048c39702e228c5,gx-no-cache=1725462936611 HTTP/1.1" 200 68
190.171.149.90 - - [04/Sep/2024:12:18:48 -0300] "GET /cormun/servlet/permisogoce?f8c3b77f13cde599c0f3d6d573a77ecff8b2ad2447f1b872b8fa7949604150b45f02230e3c850dbc146c1281c9cbb69912347c02f87fdcf4171bdde619b4f0e87312cff24188b02d8245d9a3983ed1d17dee566a17e5d84ea0e7626e7584a572,gx-no-cache=1725462979519 HTTP/1.1" 200 80
190.171.149.90 - - [04/Sep/2024:12:19:31 -0300] "GET /cormun/servlet/permisogoce?f8c3b77f13cde599c0f3d6d573a77ecf77bc22fe4d8ed38be35a0d31f2e2134f5b104aa61f9b56510a713493c671fbac9ee74448fc20b5b8e1225e6d3a8412eb95d87833c8f2f42870be0ad18725bf85874abd967a66cb6d3070840008a93682c37b12eed81c82baf001a80141d6ef89,gx-no-cache=1725463022485 HTTP/1.1" 200 76
190.171.149.90 - - [04/Sep/2024:12:20:01 -0300] "GET /cormun/servlet/permisogoce?f8c3b77f13cde599c0f3d6d573a77ecffbd3965d38c09a5d19470b26948b4c94065f1ab2626d672c07b5676a0361cdf6f960bfe7163031384337123e5bd7e82b179b1303bd0dccd274f808fb3b252d5a47e65ba45805c4b4327344589efed228381dca75d24c0f32db76cfeb87abd74c,gx-no-cache=1725463053131 HTTP/1.1" 200 78
190.171.152.114 - - [04/Sep/2024:12:20:35 -0300] "GET /cormun/servlet/trsolicitudot? HTTP/1.1" 200 6319
190.171.152.114 - - [04/Sep/2024:12:20:35 -0300] "GET /cormun/servlet/hlogin HTTP/1.1" 200 1731
190.171.152.114 - - [04/Sep/2024:12:20:49 -0300] "POST /cormun/servlet/hlogin?788802532ca372ad9fd857f02b478a60,gx-no-cache=1725463213330 HTTP/1.1" 200 90
190.171.152.114 - - [04/Sep/2024:12:20:49 -0300] "GET /cormun/servlet/hpexe_link HTTP/1.1" 200 951
190.171.152.114 - - [04/Sep/2024:12:20:50 -0300] "GET /cormun/servlet/trsolicitudot HTTP/1.1" 200 7359
190.171.152.114 - - [04/Sep/2024:12:20:53 -0300] "GET /cormun/servlet/trsolicitudot? HTTP/1.1" 200 7358
190.171.152.114 - - [04/Sep/2024:12:20:56 -0300] "GET /cormun/servlet/solicitudot?INS,0,0,false, HTTP/1.1" 200 16305
190.171.152.114 - - [04/Sep/2024:12:20:56 -0300] "GET /cormun/static/gxcfg.js?20221129840861 HTTP/1.1" 200 953
190.171.152.114 - - [04/Sep/2024:12:20:56 -0300] "GET /cormun/static/solicitudot.js?20221129840983 HTTP/1.1" 200 74072
190.171.153.26 - - [04/Sep/2024:12:21:12 -0300] "GET /cormun/servlet/solicitudot?INS,0,0,false, HTTP/1.1" 200 15969
190.171.149.90 - - [04/Sep/2024:12:21:20 -0300] "GET /cormun/servlet/permisogoce?f8c3b77f13cde599c0f3d6d573a77ecf5800121135be68f10a375ba112b0f235f0d5920fcdf2667029d5a0a1ef6af29305240cb858ffee1e4739d7e0fd1d55e70877a09533b5ee551613668223077a5f50fc58520d4523de91aa19657441f57d,gx-no-cache=1725463132134 HTTP/1.1" 200 83
190.171.153.26 - - [04/Sep/2024:12:21:25 -0300] "POST /cormun/servlet/solicitudot?gx-no-cache=1725463283111 HTTP/1.1" 200 4030
190.171.153.26 - - [04/Sep/2024:12:21:25 -0300] "POST /cormun/servlet/solicitudot?084c31814496f9fd1bfff45e550e0dfc,INS,0,0,false,,gx-no-cache=1725463283251 HTTP/1.1" 200 12606
190.171.153.26 - - [04/Sep/2024:12:21:29 -0300] "GET /cormun/servlet/solicitudot?eff6f03027e3f953844518cfcbccf093025ee30e998560cb7948bd9c13510f1126b4710ecd2b41e4dd2a8841f6877594,gx-no-cache=1725463287012 HTTP/1.1" 200 30
190.171.149.90 - - [04/Sep/2024:12:21:53 -0300] "GET /cormun/servlet/permisogoce?f8c3b77f13cde599c0f3d6d573a77ecf6e0c0f4b9dc7b1c6fef7666dd9f2bc8f3bd73fc18c8cebb70b831c9b97290efd49aead32622b62909504b1683dd4e77020a702c0c2d7566b98a1cf6a50543fd4ddd40b289488641b757d56d85282710875d90657a89d0a7cb20746cd0f764012b5c31caaa992bcb3700349f3c0793f04,gx-no-cache=1725463164699 HTTP/1.1" 200 77
190.171.149.90 - - [04/Sep/2024:12:22:24 -0300] "GET /cormun/servlet/permisogoce?f8c3b77f13cde599c0f3d6d573a77ecf0ce6f263c7ced60f901098c6840afae74e139c172c8aa9ec636b4a2a23c803f95fe8ca5f5f917445a11ef078a5eb00a342ab739e8b3494a22da5cddf93226c00528962f7f038b1ab2e7b933aff580a11,gx-no-cache=1725463195742 HTTP/1.1" 200 83
190.171.149.90 - - [04/Sep/2024:12:22:49 -0300] "GET /cormun/servlet/permisogoce?f8c3b77f13cde599c0f3d6d573a77ecf84c3c28a8d6780056a59aac2a8824ee0f3223ba76e2d9cbe58bea4a76ad5a38848306830df1b022294dd8c9f5a2eddd1111eec302c1c92c30ac66542dc4f869f8ed768d0a8643daadb61563539c3da616633309c5066601d9bdfbf28d939dc6d,gx-no-cache=1725463220582 HTTP/1.1" 200 81
