190.171.152.114 - - [04/Sep/2024:12:50:38 -0300] "GET /cormun/servlet/solicitudot?d8471afbf56d5c60f5387e12ce339ec80a18d0e503237b6f3ff2783c6c734c9e06a765598693d65439fa4052d0ad54336e39b00e03e8e3979f585d2d39eb26d97780ca7dcfef4fe7a64276045a7f12a3bfffe12a648034bbbb06df1e72267ecbfb879323dc5fd684c16955efe7fe1a91,gx-no-cache=1725465001983 HTTP/1.1" 200 110
190.171.143.82 - - [04/Sep/2024:12:50:43 -0300] "GET /cormun/servlet/trreportecargahoraria? HTTP/1.1" 200 6845
190.171.152.114 - - [04/Sep/2024:12:50:49 -0300] "POST /cormun/servlet/solicitudot?gx-no-cache=1725465013126 HTTP/1.1" 200 122
190.171.152.114 - - [04/Sep/2024:12:50:49 -0300] "GET /cormun/servlet/solicitudot?d8471afbf56d5c60f5387e12ce339ec80a18d0e503237b6f3ff2783c6c734c9e06a765598693d65439fa4052d0ad54336e39b00e03e8e3979f585d2d39eb26d97780ca7dcfef4fe7a64276045a7f12a3bfffe12a648034bbbb06df1e72267ecbfb879323dc5fd684c16955efe7fe1a91,gx-no-cache=1725465013145 HTTP/1.1" 200 110
190.171.152.114 - - [04/Sep/2024:12:50:49 -0300] "POST /cormun/servlet/solicitudot?gx-no-cache=1725465013163 HTTP/1.1" 200 120
190.171.152.114 - - [04/Sep/2024:12:50:49 -0300] "POST /cormun/servlet/solicitudot?788802532ca372ad9fd857f02b478a60,INS,0,0,false,,gx-no-cache=1725465013184 HTTP/1.1" 200 13362
190.171.143.82 - - [04/Sep/2024:12:51:00 -0300] "GET /cormun/servlet/trfichaempleadohoras? HTTP/1.1" 500 10
190.171.143.82 - - [04/Sep/2024:12:51:03 -0300] "GET /cormun/servlet/trreportecargahoraria? HTTP/1.1" 200 6845
190.171.143.82 - - [04/Sep/2024:12:51:06 -0300] "GET /cormun/servlet/trhorasextrasplan? HTTP/1.1" 200 6894
190.171.143.82 - - [04/Sep/2024:12:51:06 -0300] "GET /cormun/static/gxcfg.js?20201216235959 HTTP/1.1" 200 953
190.171.143.82 - - [04/Sep/2024:12:51:06 -0300] "GET /cormun/static/trhorasextrasplan.js?2020121624226 HTTP/1.1" 200 24934
190.171.143.82 - - [04/Sep/2024:12:51:10 -0300] "GET /cormun/servlet/trreportecargahoraria? HTTP/1.1" 200 6845
190.171.143.82 - - [04/Sep/2024:12:51:14 -0300] "GET /cormun/servlet/trpermisosingoce? HTTP/1.1" 200 7224
190.171.143.82 - - [04/Sep/2024:12:51:19 -0300] "GET /cormun/servlet/permisosingoce?INS,0, HTTP/1.1" 200 7101
190.171.143.82 - - [04/Sep/2024:12:51:25 -0300] "POST /cormun/servlet/permisosingoce?24109bf17cd34312f5ffb57a0f8fbafa,INS,0,,gx-no-cache=1725465048818 HTTP/1.1" 200 4526
190.171.143.82 - - [04/Sep/2024:12:51:25 -0300] "GET /cormun/servlet/puconsultasingoce?0,PU HTTP/1.1" 200 3698
190.171.143.82 - - [04/Sep/2024:12:51:25 -0300] "POST /cormun/servlet/permisosingoce?24109bf17cd34312f5ffb57a0f8fbafa,INS,0,,gx-no-cache=1725465048882 HTTP/1.1" 200 4475
190.171.143.82 - - [04/Sep/2024:12:51:25 -0300] "GET /cormun/pexe_layers.js HTTP/1.1" 404 1003
190.171.143.82 - - [04/Sep/2024:12:51:25 -0300] "GET /cormun/pexe_menus.js HTTP/1.1" 404 1001
190.171.143.82 - - [04/Sep/2024:12:51:25 -0300] "GET /cormun/pexe_windows.js HTTP/1.1" 404 1005
190.171.143.82 - - [04/Sep/2024:12:51:25 -0300] "GET /cormun/pexe_link.js HTTP/1.1" 404 999
190.171.143.82 - - [04/Sep/2024:12:51:25 -0300] "GET /cormun/pexe_cookies.js HTTP/1.1" 404 1005
190.171.143.82 - - [04/Sep/2024:12:51:25 -0300] "GET /cormun/pexe_grid.js HTTP/1.1" 404 999
190.171.143.82 - - [04/Sep/2024:12:51:25 -0300] "GET /cormun/pexe_griddivfix.js HTTP/1.1" 404 1011
190.171.143.82 - - [04/Sep/2024:12:51:25 -0300] "GET /cormun/pexe_picture.js HTTP/1.1" 404 1005
190.171.143.82 - - [04/Sep/2024:12:51:25 -0300] "GET /cormun/pexe_treedivfix.js HTTP/1.1" 404 1011
190.171.143.82 - - [04/Sep/2024:12:51:25 -0300] "GET /cormun/pexe_autoreload.js HTTP/1.1" 404 1011
190.171.143.82 - - [04/Sep/2024:12:51:25 -0300] "GET /cormun/pexe_menudivfix.js HTTP/1.1" 404 1011
190.171.143.82 - - [04/Sep/2024:12:51:26 -0300] "GET /cormun/pexe_tabdivfix.js HTTP/1.1" 404 1009
190.171.152.114 - - [04/Sep/2024:12:51:27 -0300] "POST /cormun/servlet/solicitudot?gx-no-cache=1725465051028 HTTP/1.1" 200 122
190.171.152.114 - - [04/Sep/2024:12:51:27 -0300] "GET /cormun/servlet/solicitudot?d8471afbf56d5c60f5387e12ce339ec80a18d0e503237b6f3ff2783c6c734c9e06a765598693d65439fa4052d0ad54336e39b00e03e8e3979f585d2d39eb26d97780ca7dcfef4fe7a64276045a7f12a3bfffe12a648034bbbb06df1e72267ecbfb879323dc5fd684c16955efe7fe1a91,gx-no-cache=1725465051054 HTTP/1.1" 200 110
190.171.152.114 - - [04/Sep/2024:12:51:27 -0300] "POST /cormun/servlet/solicitudot?gx-no-cache=1725465051072 HTTP/1.1" 200 120
190.171.152.114 - - [04/Sep/2024:12:51:27 -0300] "POST /cormun/servlet/solicitudot?788802532ca372ad9fd857f02b478a60,INS,0,0,false,,gx-no-cache=1725465051092 HTTP/1.1" 200 13444
190.171.149.74 - - [04/Sep/2024:12:51:35 -0300] "GET /cormun/servlet/trpermisosgoce? HTTP/1.1" 200 18496
190.171.152.114 - - [04/Sep/2024:12:51:37 -0300] "POST /cormun/servlet/solicitudot?gx-no-cache=1725465061045 HTTP/1.1" 200 122
190.171.152.114 - - [04/Sep/2024:12:51:37 -0300] "GET /cormun/servlet/solicitudot?d8471afbf56d5c60f5387e12ce339ec80a18d0e503237b6f3ff2783c6c734c9e06a765598693d65439fa4052d0ad54336e39b00e03e8e3979f585d2d39eb26d97780ca7dcfef4fe7a64276045a7f12a3bfffe12a648034bbbb06df1e72267ecbfb879323dc5fd684c16955efe7fe1a91,gx-no-cache=1725465061062 HTTP/1.1" 200 110
190.171.152.114 - - [04/Sep/2024:12:51:37 -0300] "POST /cormun/servlet/solicitudot?gx-no-cache=1725465061077 HTTP/1.1" 200 120
190.171.152.114 - - [04/Sep/2024:12:51:37 -0300] "POST /cormun/servlet/solicitudot?788802532ca372ad9fd857f02b478a60,INS,0,0,false,,gx-no-cache=1725465061093 HTTP/1.1" 200 13507
190.171.143.82 - - [04/Sep/2024:12:51:38 -0300] "GET /cormun/servlet/trrenuncias? HTTP/1.1" 200 7169
154.213.184.18 - - [04/Sep/2024:12:51:38 -0300] "CONNECT example.com:443 HTTP/1.1" 400 -
190.171.143.82 - - [04/Sep/2024:12:51:46 -0300] "GET /cormun/static/menuarrow.gif HTTP/1.1" 404 1015
190.171.143.82 - - [04/Sep/2024:12:52:00 -0300] "GET /cormun/servlet/trcontratounov2? HTTP/1.1" 200 7091
190.95.15.15 - - [04/Sep/2024:12:52:02 -0300] "GET /cormun/servlet/trlicencias? HTTP/1.1" 200 6046
190.171.153.26 - - [04/Sep/2024:12:52:02 -0300] "GET /cormun/servlet/hlogin HTTP/1.1" 200 1723
190.95.15.15 - - [04/Sep/2024:12:52:02 -0300] "GET /cormun/servlet/hlogin HTTP/1.1" 200 1738
190.95.15.15 - - [04/Sep/2024:12:52:02 -0300] "GET /cormun/static/gxcfg.js?2022112219184450 HTTP/1.1" 200 953
190.95.15.15 - - [04/Sep/2024:12:52:02 -0300] "GET /cormun/static/hlogin.js?2022112219184458 HTTP/1.1" 200 2156
190.95.15.15 - - [04/Sep/2024:12:52:02 -0300] "GET /cormun/static/Resources/CormunLogin.png HTTP/1.1" 200 19132
190.95.15.15 - - [04/Sep/2024:12:52:02 -0300] "GET /cormun/static/Resources/Spanish/PXTools.css?1759030 HTTP/1.1" 200 100853
190.171.153.26 - - [04/Sep/2024:12:52:02 -0300] "GET /cormun/servlet/hlogin HTTP/1.1" 200 1734
190.95.15.15 - - [04/Sep/2024:12:52:03 -0300] "GET /cormun/static/Resources/PXToolsButtonLeft.png HTTP/1.1" 200 1310
190.95.15.15 - - [04/Sep/2024:12:52:03 -0300] "GET /cormun/static/Resources/PXToolsLoginBackground.png HTTP/1.1" 200 1164
190.95.15.15 - - [04/Sep/2024:12:52:03 -0300] "GET /cormun/static/Resources/PXToolsButtonRight.png HTTP/1.1" 200 1294
190.95.15.15 - - [04/Sep/2024:12:52:03 -0300] "GET /cormun/static/Resources/PXToolsLoginTop.png HTTP/1.1" 200 1337
190.95.15.15 - - [04/Sep/2024:12:52:03 -0300] "GET /cormun/static/Resources/PXToolsLoginBottom.png HTTP/1.1" 200 1389
190.95.15.15 - - [04/Sep/2024:12:52:03 -0300] "GET /cormun/static/Resources/PXToolsButtonBackground.png HTTP/1.1" 200 1176
190.171.153.26 - - [04/Sep/2024:12:52:07 -0300] "POST /cormun/servlet/hlogin?14d879680e8e9f442f361f7a901ddf04,gx-no-cache=1725465088705 HTTP/1.1" 200 90
190.171.153.26 - - [04/Sep/2024:12:52:07 -0300] "GET /cormun/servlet/hpexe_link HTTP/1.1" 200 955
190.171.153.26 - - [04/Sep/2024:12:52:07 -0300] "GET /cormun/servlet/hhome HTTP/1.1" 200 4299
190.95.15.15 - - [04/Sep/2024:12:52:14 -0300] "POST /cormun/servlet/hlogin?cd8e2ac95456d228b65bc95ae0288790,gx-no-cache=1725465091516 HTTP/1.1" 200 90
190.95.15.15 - - [04/Sep/2024:12:52:14 -0300] "GET /cormun/servlet/hpexe_link HTTP/1.1" 200 954
190.95.15.15 - - [04/Sep/2024:12:52:14 -0300] "GET /cormun/static/gxcfg.js?20221129847421 HTTP/1.1" 200 953
190.95.15.15 - - [04/Sep/2024:12:52:14 -0300] "GET /cormun/static/hpexe_link.js?20221129847423 HTTP/1.1" 200 625
190.95.15.15 - - [04/Sep/2024:12:52:14 -0300] "GET /cormun/servlet/trlicencias HTTP/1.1" 200 13894
190.171.143.82 - - [04/Sep/2024:12:52:16 -0300] "GET /cormun/servlet/trcontratosolicitud? HTTP/1.1" 200 14976
190.171.153.26 - - [04/Sep/2024:12:52:21 -0300] "GET /cormun/servlet/trautorizarsolicitud? HTTP/1.1" 200 9318
190.171.153.26 - - [04/Sep/2024:12:52:21 -0300] "GET /cormun/static/gxcfg.js?202211298474254 HTTP/1.1" 200 953
190.171.153.26 - - [04/Sep/2024:12:52:21 -0300] "GET /cormun/static/trautorizarsolicitud.js?202211298474588 HTTP/1.1" 200 53909
190.171.153.26 - - [04/Sep/2024:12:52:21 -0300] "GET /cormun//static/Resources/PXToolsActionView.png HTTP/1.1" 200 398
190.171.153.26 - - [04/Sep/2024:12:52:21 -0300] "GET /cormun//static/Resources/PXToolsRemoveAllAction.png HTTP/1.1" 200 487
190.171.153.26 - - [04/Sep/2024:12:52:21 -0300] "GET /cormun//static/Resources/PXToolsGridDelete.png HTTP/1.1" 200 538
190.171.153.26 - - [04/Sep/2024:12:52:21 -0300] "GET /cormun//static/Resources/PXToolsGridUpdate.png HTTP/1.1" 200 470
190.171.152.114 - - [04/Sep/2024:12:52:26 -0300] "GET /cormun/servlet/prlicenciaspermisos?18446499,L,,MD,,gxPopupLevel%3D0%3B HTTP/1.1" 200 7739
190.171.143.82 - - [04/Sep/2024:12:52:29 -0300] "GET /cormun/servlet/trreportecargahoraria? HTTP/1.1" 200 6843
190.171.152.114 - - [04/Sep/2024:12:52:37 -0300] "POST /cormun/servlet/solicitudot?gx-no-cache=1725465120869 HTTP/1.1" 200 41
190.171.152.114 - - [04/Sep/2024:12:52:37 -0300] "GET /cormun/servlet/solicitudot?d8471afbf56d5c60f5387e12ce339ec80a18d0e503237b6f3ff2783c6c734c9e06a765598693d65439fa4052d0ad54336e39b00e03e8e3979f585d2d39eb26d97780ca7dcfef4fe7a64276045a7f12a3bfffe12a648034bbbb06df1e72267ecbfb879323dc5fd684c16955efe7fe1a91,gx-no-cache=1725465120885 HTTP/1.1" 200 110
190.171.152.114 - - [04/Sep/2024:12:52:37 -0300] "POST /cormun/servlet/solicitudot?gx-no-cache=1725465120899 HTTP/1.1" 200 34
190.171.143.82 - - [04/Sep/2024:12:52:37 -0300] "GET /cormun/servlet/trsolicitudot? HTTP/1.1" 200 8814
190.171.152.114 - - [04/Sep/2024:12:52:37 -0300] "POST /cormun/servlet/solicitudot?788802532ca372ad9fd857f02b478a60,INS,0,0,false,,gx-no-cache=1725465120915 HTTP/1.1" 200 93
190.171.152.114 - - [04/Sep/2024:12:52:37 -0300] "GET /cormun/servlet/hpexe_return? HTTP/1.1" 200 1002
190.171.152.114 - - [04/Sep/2024:12:52:37 -0300] "GET /cormun/servlet/trsolicitudot HTTP/1.1" 200 8836
190.171.152.114 - - [04/Sep/2024:12:52:38 -0300] "GET /cormun//static/Resources/PXToolsRemoveAllAction.png HTTP/1.1" 200 487
190.171.152.114 - - [04/Sep/2024:12:52:38 -0300] "GET /cormun//static/Resources/PXToolsActionView.png HTTP/1.1" 200 398
190.171.152.114 - - [04/Sep/2024:12:52:44 -0300] "GET /cormun/servlet/trlicencias? HTTP/1.1" 200 17225
190.171.143.82 - - [04/Sep/2024:12:52:55 -0300] "GET /cormun/servlet/trvisualizadoreventos? HTTP/1.1" 200 7052
190.171.152.114 - - [04/Sep/2024:12:53:01 -0300] "GET /cormun/servlet/trsolicitudot? HTTP/1.1" 200 8832
190.171.143.82 - - [04/Sep/2024:12:53:02 -0300] "POST /cormun/servlet/trvisualizadoreventos?24109bf17cd34312f5ffb57a0f8fbafa,,gx-no-cache=1725465145935 HTTP/1.1" 200 4311
190.171.153.26 - - [04/Sep/2024:12:53:07 -0300] "POST /cormun/servlet/trautorizarsolicitud?14d879680e8e9f442f361f7a901ddf04,,gx-no-cache=1725465148703 HTTP/1.1" 200 6028
190.171.153.26 - - [04/Sep/2024:12:53:07 -0300] "GET /cormun/static/Shared/jqueryui/images/ui-bg_highlight-soft_100_c6c2c8_1x100.png HTTP/1.1" 404 1117
190.171.153.26 - - [04/Sep/2024:12:53:07 -0300] "GET /cormun/static/Shared/jqueryui/images/ui-icons_82798d_256x240.png HTTP/1.1" 404 1089
190.171.153.26 - - [04/Sep/2024:12:53:07 -0300] "GET /cormun/static/Shared/jqueryui/images/ui-bg_flat_55_fafafa_40x100.png HTTP/1.1" 404 1097
190.171.153.26 - - [04/Sep/2024:12:53:07 -0300] "GET /cormun/static/Shared/jqueryui/images/ui-icons_8d78a5_256x240.png HTTP/1.1" 404 1089
190.171.153.26 - - [04/Sep/2024:12:53:07 -0300] "POST /cormun/servlet/trautorizarsolicitud?14d879680e8e9f442f361f7a901ddf04,,gx-no-cache=1725465148865 HTTP/1.1" 200 5975
190.171.152.114 - - [04/Sep/2024:12:53:07 -0300] "POST /cormun/servlet/trsolicitudot?788802532ca372ad9fd857f02b478a60,,gx-no-cache=1725465151170 HTTP/1.1" 200 107
190.171.152.114 - - [04/Sep/2024:12:53:07 -0300] "GET /cormun/servlet/trsolicitudadjuntos?2024,21728, HTTP/1.1" 200 6429
190.171.152.114 - - [04/Sep/2024:12:53:07 -0300] "GET /cormun/static/gxcfg.js?20201215574222 HTTP/1.1" 200 953
190.171.152.114 - - [04/Sep/2024:12:53:07 -0300] "GET /cormun/static/Resources/PXToolsGridNew.png HTTP/1.1" 200 427
190.171.152.114 - - [04/Sep/2024:12:53:07 -0300] "GET /cormun/static/trsolicitudadjuntos.js?20201215574932 HTTP/1.1" 200 17921
190.171.152.114 - - [04/Sep/2024:12:53:10 -0300] "GET /cormun/servlet/solicitudotadjuntos?INS,2024,21728,,1, HTTP/1.1" 200 6370
190.171.152.114 - - [04/Sep/2024:12:53:10 -0300] "GET /cormun/static/gxcfg.js?202211298385187 HTTP/1.1" 200 953
190.171.152.114 - - [04/Sep/2024:12:53:10 -0300] "GET /cormun/static/solicitudotadjuntos.js?202211298385196 HTTP/1.1" 200 11771
190.171.152.114 - - [04/Sep/2024:12:53:10 -0300] "GET /cormun/static/about:blank HTTP/1.1" 404 1011
190.171.143.82 - - [04/Sep/2024:12:53:11 -0300] "GET /cormun/servlet/trreportecargahoraria? HTTP/1.1" 200 6846
190.171.152.114 - - [04/Sep/2024:12:53:11 -0300] "GET /cormun/servlet/solicitudotadjuntos?d8471afbf56d5c60f5387e12ce339ec89e108dec8caa5bffeea671066edaad50108713d64bedec32c1e11b6eea3b6781,gx-no-cache=1725465154777 HTTP/1.1" 200 30
190.171.152.114 - - [04/Sep/2024:12:53:11 -0300] "POST /cormun/servlet/solicitudotadjuntos?788802532ca372ad9fd857f02b478a60,INS,2024,21728,,1,,gx-no-cache=1725465154801 HTTP/1.1" 200 4143
190.171.153.26 - - [04/Sep/2024:12:53:11 -0300] "POST /cormun/servlet/trautorizarsolicitud?14d879680e8e9f442f361f7a901ddf04,,gx-no-cache=1725465152868 HTTP/1.1" 200 4800
190.171.153.26 - - [04/Sep/2024:12:53:11 -0300] "POST /cormun/servlet/trautorizarsolicitud?14d879680e8e9f442f361f7a901ddf04,,gx-no-cache=1725465153013 HTTP/1.1" 200 4538
190.171.152.114 - - [04/Sep/2024:12:53:13 -0300] "POST /cormun/servlet/solicitudotadjuntos?gx-no-cache=1725465157089 HTTP/1.1" 200 26
190.171.143.82 - - [04/Sep/2024:12:53:15 -0300] "POST /cormun/servlet/trreportecargahoraria?24109bf17cd34312f5ffb57a0f8fbafa,,gx-no-cache=1725465158691 HTTP/1.1" 200 4207
190.171.153.26 - - [04/Sep/2024:12:53:16 -0300] "GET /cormun/servlet/trautorizarpermisogoce? HTTP/1.1" 200 8736
190.171.153.26 - - [04/Sep/2024:12:53:16 -0300] "GET /cormun/static/gxcfg.js?2020121645532 HTTP/1.1" 200 953
190.171.153.26 - - [04/Sep/2024:12:53:16 -0300] "GET /cormun/static/trautorizarpermisogoce.js?2020121651492 HTTP/1.1" 200 34948
190.171.143.82 - - [04/Sep/2024:12:53:22 -0300] "GET /cormun/servlet/trcontratounov2? HTTP/1.1" 200 7094
190.171.152.114 - - [04/Sep/2024:12:53:26 -0300] "GET /cormun/servlet/solicitudotadjuntos?d8471afbf56d5c60f5387e12ce339ec8e81a7a4a20f93712e70de3ee192eb32e,gx-no-cache=1725465170133 HTTP/1.1" 200 30
190.171.152.114 - - [04/Sep/2024:12:53:26 -0300] "GET /cormun/servlet/solicitudotadjuntos?d8471afbf56d5c60f5387e12ce339ec8e81a7a4a20f93712e70de3ee192eb32e,gx-no-cache=1725465170143 HTTP/1.1" 200 30
190.171.152.114 - - [04/Sep/2024:12:53:26 -0300] "POST /cormun/servlet/solicitudotadjuntos?788802532ca372ad9fd857f02b478a60,INS,2024,21728,,1, HTTP/1.1" 200 116
190.171.152.114 - - [04/Sep/2024:12:53:26 -0300] "GET /cormun/servlet/hpexe_return? HTTP/1.1" 200 1019
190.171.152.114 - - [04/Sep/2024:12:53:26 -0300] "GET /cormun/servlet/trsolicitudadjuntos?2024,21728, HTTP/1.1" 200 9471
190.171.143.82 - - [04/Sep/2024:12:53:27 -0300] "POST /cormun/servlet/trcontratounov2?24109bf17cd34312f5ffb57a0f8fbafa,,gx-no-cache=1725465170834 HTTP/1.1" 200 16152
190.171.153.26 - - [04/Sep/2024:12:53:28 -0300] "POST /cormun/servlet/trautorizarpermisogoce?14d879680e8e9f442f361f7a901ddf04,,gx-no-cache=1725465169796 HTTP/1.1" 200 5807
190.171.152.114 - - [04/Sep/2024:12:53:29 -0300] "GET /cormun/servlet/solicitudotadjuntos?INS,2024,21728,,1, HTTP/1.1" 200 6370
190.171.152.114 - - [04/Sep/2024:12:53:29 -0300] "GET /cormun/static/about:blank HTTP/1.1" 404 1011
190.171.152.114 - - [04/Sep/2024:12:53:29 -0300] "GET /cormun/servlet/solicitudotadjuntos?d8471afbf56d5c60f5387e12ce339ec89e108dec8caa5bffeea671066edaad50108713d64bedec32c1e11b6eea3b6781,gx-no-cache=1725465173547 HTTP/1.1" 200 30
190.171.152.114 - - [04/Sep/2024:12:53:29 -0300] "POST /cormun/servlet/solicitudotadjuntos?788802532ca372ad9fd857f02b478a60,INS,2024,21728,,1,,gx-no-cache=1725465173568 HTTP/1.1" 200 4143
190.171.153.26 - - [04/Sep/2024:12:53:34 -0300] "POST /cormun/servlet/trautorizarpermisogoce?14d879680e8e9f442f361f7a901ddf04,,gx-no-cache=1725465175570 HTTP/1.1" 200 5576
190.171.152.114 - - [04/Sep/2024:12:53:35 -0300] "POST /cormun/servlet/solicitudotadjuntos?gx-no-cache=1725465179229 HTTP/1.1" 200 26
190.171.153.26 - - [04/Sep/2024:12:53:53 -0300] "GET /cormun/servlet/trlicencias? HTTP/1.1" 200 9268
190.171.152.114 - - [04/Sep/2024:12:53:56 -0300] "GET /cormun/servlet/solicitudotadjuntos?d8471afbf56d5c60f5387e12ce339ec8e81a7a4a20f93712e70de3ee192eb32e,gx-no-cache=1725465200500 HTTP/1.1" 200 30
190.171.152.114 - - [04/Sep/2024:12:53:56 -0300] "GET /cormun/servlet/solicitudotadjuntos?d8471afbf56d5c60f5387e12ce339ec8e81a7a4a20f93712e70de3ee192eb32e,gx-no-cache=1725465200527 HTTP/1.1" 200 30
190.171.152.114 - - [04/Sep/2024:12:53:56 -0300] "POST /cormun/servlet/solicitudotadjuntos?788802532ca372ad9fd857f02b478a60,INS,2024,21728,,1, HTTP/1.1" 200 116
190.171.152.114 - - [04/Sep/2024:12:53:57 -0300] "GET /cormun/servlet/hpexe_return? HTTP/1.1" 200 1019
190.171.152.114 - - [04/Sep/2024:12:53:57 -0300] "GET /cormun/servlet/trsolicitudadjuntos?2024,21728, HTTP/1.1" 200 9722
190.171.152.114 - - [04/Sep/2024:12:54:01 -0300] "GET /cormun/servlet/solicitudotadjuntos?INS,2024,21728,,1, HTTP/1.1" 200 6370
190.171.152.114 - - [04/Sep/2024:12:54:02 -0300] "GET /cormun/static/about:blank HTTP/1.1" 404 1011
190.171.152.114 - - [04/Sep/2024:12:54:02 -0300] "GET /cormun/servlet/solicitudotadjuntos?d8471afbf56d5c60f5387e12ce339ec89e108dec8caa5bffeea671066edaad50108713d64bedec32c1e11b6eea3b6781,gx-no-cache=1725465206227 HTTP/1.1" 200 30
190.171.152.114 - - [04/Sep/2024:12:54:02 -0300] "POST /cormun/servlet/solicitudotadjuntos?788802532ca372ad9fd857f02b478a60,INS,2024,21728,,1,,gx-no-cache=1725465206249 HTTP/1.1" 200 4143
190.171.152.114 - - [04/Sep/2024:12:54:09 -0300] "POST /cormun/servlet/solicitudotadjuntos?gx-no-cache=1725465213461 HTTP/1.1" 200 26
190.171.149.74 - - [04/Sep/2024:12:54:13 -0300] "POST /cormun/servlet/trpermisosgoce?c83eecccef61b51b51f0092f81ca8469,,gx-no-cache=1725465213772 HTTP/1.1" 200 4841
190.171.152.114 - - [04/Sep/2024:12:54:16 -0300] "GET /cormun/servlet/solicitudotadjuntos?d8471afbf56d5c60f5387e12ce339ec8e81a7a4a20f93712e70de3ee192eb32e,gx-no-cache=1725465219836 HTTP/1.1" 200 30
190.171.152.114 - - [04/Sep/2024:12:54:16 -0300] "GET /cormun/servlet/solicitudotadjuntos?d8471afbf56d5c60f5387e12ce339ec8e81a7a4a20f93712e70de3ee192eb32e,gx-no-cache=1725465219846 HTTP/1.1" 200 30
190.171.152.114 - - [04/Sep/2024:12:54:16 -0300] "POST /cormun/servlet/solicitudotadjuntos?788802532ca372ad9fd857f02b478a60,INS,2024,21728,,1, HTTP/1.1" 200 116
190.171.152.114 - - [04/Sep/2024:12:54:16 -0300] "GET /cormun/servlet/hpexe_return? HTTP/1.1" 200 1019
190.171.152.114 - - [04/Sep/2024:12:54:16 -0300] "GET /cormun/servlet/trsolicitudadjuntos?2024,21728, HTTP/1.1" 200 9978
190.171.143.82 - - [04/Sep/2024:12:54:18 -0300] "GET /cormun/servlet/trcontratosolicitud? HTTP/1.1" 200 14982
190.171.152.114 - - [04/Sep/2024:12:54:18 -0300] "GET /cormun/servlet/solicitudotadjuntos?INS,2024,21728,,1, HTTP/1.1" 200 6371
190.171.152.114 - - [04/Sep/2024:12:54:18 -0300] "GET /cormun/static/about:blank HTTP/1.1" 404 1011
190.171.152.114 - - [04/Sep/2024:12:54:19 -0300] "GET /cormun/servlet/solicitudotadjuntos?d8471afbf56d5c60f5387e12ce339ec89e108dec8caa5bffeea671066edaad50108713d64bedec32c1e11b6eea3b6781,gx-no-cache=1725465222873 HTTP/1.1" 200 30
190.171.152.114 - - [04/Sep/2024:12:54:19 -0300] "POST /cormun/servlet/solicitudotadjuntos?788802532ca372ad9fd857f02b478a60,INS,2024,21728,,1,,gx-no-cache=1725465222894 HTTP/1.1" 200 4143
190.171.152.114 - - [04/Sep/2024:12:54:21 -0300] "POST /cormun/servlet/solicitudotadjuntos?gx-no-cache=1725465225380 HTTP/1.1" 200 26
190.171.143.82 - - [04/Sep/2024:12:54:24 -0300] "GET /cormun/servlet/trcontratounov2? HTTP/1.1" 200 18215
190.171.149.74 - - [04/Sep/2024:12:54:26 -0300] "POST /cormun/servlet/trpermisosgoce?c83eecccef61b51b51f0092f81ca8469,,gx-no-cache=1725465226145 HTTP/1.1" 200 5659
190.171.152.114 - - [04/Sep/2024:12:54:30 -0300] "GET /cormun/servlet/solicitudotadjuntos?d8471afbf56d5c60f5387e12ce339ec8e81a7a4a20f93712e70de3ee192eb32e,gx-no-cache=1725465233892 HTTP/1.1" 200 30
190.171.152.114 - - [04/Sep/2024:12:54:30 -0300] "GET /cormun/servlet/solicitudotadjuntos?d8471afbf56d5c60f5387e12ce339ec8e81a7a4a20f93712e70de3ee192eb32e,gx-no-cache=1725465233902 HTTP/1.1" 200 30
190.171.152.114 - - [04/Sep/2024:12:54:30 -0300] "POST /cormun/servlet/solicitudotadjuntos?788802532ca372ad9fd857f02b478a60,INS,2024,21728,,1, HTTP/1.1" 200 116
190.171.152.114 - - [04/Sep/2024:12:54:30 -0300] "GET /cormun/servlet/hpexe_return? HTTP/1.1" 200 1019
190.171.152.114 - - [04/Sep/2024:12:54:30 -0300] "GET /cormun/servlet/trsolicitudadjuntos?2024,21728, HTTP/1.1" 200 10215
190.171.152.114 - - [04/Sep/2024:12:54:32 -0300] "GET /cormun/servlet/solicitudotadjuntos?INS,2024,21728,,1, HTTP/1.1" 200 6371
190.171.152.114 - - [04/Sep/2024:12:54:32 -0300] "GET /cormun/static/about:blank HTTP/1.1" 404 1011
190.171.152.114 - - [04/Sep/2024:12:54:33 -0300] "GET /cormun/servlet/solicitudotadjuntos?d8471afbf56d5c60f5387e12ce339ec89e108dec8caa5bffeea671066edaad50108713d64bedec32c1e11b6eea3b6781,gx-no-cache=1725465236998 HTTP/1.1" 200 30
190.171.152.114 - - [04/Sep/2024:12:54:33 -0300] "POST /cormun/servlet/solicitudotadjuntos?788802532ca372ad9fd857f02b478a60,INS,2024,21728,,1,,gx-no-cache=1725465237018 HTTP/1.1" 200 4143
190.171.152.114 - - [04/Sep/2024:12:54:37 -0300] "POST /cormun/servlet/solicitudotadjuntos?gx-no-cache=1725465240869 HTTP/1.1" 200 26
190.171.143.82 - - [04/Sep/2024:12:54:44 -0300] "GET /cormun/servlet/trfichaempleadohoras? HTTP/1.1" 500 10
190.171.152.114 - - [04/Sep/2024:12:54:44 -0300] "GET /cormun/servlet/solicitudotadjuntos?d8471afbf56d5c60f5387e12ce339ec8e81a7a4a20f93712e70de3ee192eb32e,gx-no-cache=1725465248292 HTTP/1.1" 200 30
190.171.152.114 - - [04/Sep/2024:12:54:44 -0300] "GET /cormun/servlet/solicitudotadjuntos?d8471afbf56d5c60f5387e12ce339ec8e81a7a4a20f93712e70de3ee192eb32e,gx-no-cache=1725465248302 HTTP/1.1" 200 30
190.171.152.114 - - [04/Sep/2024:12:54:44 -0300] "POST /cormun/servlet/solicitudotadjuntos?788802532ca372ad9fd857f02b478a60,INS,2024,21728,,1, HTTP/1.1" 200 116
190.171.152.114 - - [04/Sep/2024:12:54:44 -0300] "GET /cormun/servlet/hpexe_return? HTTP/1.1" 200 1019
190.171.152.114 - - [04/Sep/2024:12:54:44 -0300] "GET /cormun/servlet/trsolicitudadjuntos?2024,21728, HTTP/1.1" 200 10496
190.171.143.82 - - [04/Sep/2024:12:54:45 -0300] "GET /cormun/servlet/trfichaempleadohoras? HTTP/1.1" 500 10
190.171.143.82 - - [04/Sep/2024:12:54:47 -0300] "GET /cormun/servlet/trcontratounov2? HTTP/1.1" 200 18208
190.171.152.114 - - [04/Sep/2024:12:54:47 -0300] "GET /cormun/servlet/solicitudotadjuntos?INS,2024,21728,,1, HTTP/1.1" 200 6371
190.171.152.114 - - [04/Sep/2024:12:54:48 -0300] "GET /cormun/static/about:blank HTTP/1.1" 404 1011
190.171.152.114 - - [04/Sep/2024:12:54:48 -0300] "GET /cormun/servlet/solicitudotadjuntos?d8471afbf56d5c60f5387e12ce339ec89e108dec8caa5bffeea671066edaad50108713d64bedec32c1e11b6eea3b6781,gx-no-cache=1725465252190 HTTP/1.1" 200 30
190.171.152.114 - - [04/Sep/2024:12:54:48 -0300] "POST /cormun/servlet/solicitudotadjuntos?788802532ca372ad9fd857f02b478a60,INS,2024,21728,,1,,gx-no-cache=1725465252211 HTTP/1.1" 200 4143
190.171.152.114 - - [04/Sep/2024:12:54:51 -0300] "POST /cormun/servlet/solicitudotadjuntos?gx-no-cache=1725465255109 HTTP/1.1" 200 26
190.171.152.114 - - [04/Sep/2024:12:54:57 -0300] "GET /cormun/servlet/solicitudotadjuntos?d8471afbf56d5c60f5387e12ce339ec8e81a7a4a20f93712e70de3ee192eb32e,gx-no-cache=1725465261037 HTTP/1.1" 200 30
190.171.152.114 - - [04/Sep/2024:12:54:57 -0300] "GET /cormun/servlet/solicitudotadjuntos?d8471afbf56d5c60f5387e12ce339ec8e81a7a4a20f93712e70de3ee192eb32e,gx-no-cache=1725465261046 HTTP/1.1" 200 30
190.171.152.114 - - [04/Sep/2024:12:54:57 -0300] "POST /cormun/servlet/solicitudotadjuntos?788802532ca372ad9fd857f02b478a60,INS,2024,21728,,1, HTTP/1.1" 200 116
190.171.152.114 - - [04/Sep/2024:12:54:57 -0300] "GET /cormun/servlet/hpexe_return? HTTP/1.1" 200 1019
190.171.152.114 - - [04/Sep/2024:12:54:57 -0300] "GET /cormun/servlet/trsolicitudadjuntos?2024,21728, HTTP/1.1" 200 10658
190.171.152.114 - - [04/Sep/2024:12:55:49 -0300] "GET /cormun/servlet/trsolicitudot? HTTP/1.1" 200 8839
190.171.143.82 - - [04/Sep/2024:12:55:58 -0300] "GET /cormun/servlet/trcontratosolicitud? HTTP/1.1" 200 14984
190.171.143.82 - - [04/Sep/2024:12:56:17 -0300] "GET /cormun/servlet/trsolicitudot? HTTP/1.1" 200 8814
190.171.152.114 - - [04/Sep/2024:12:56:17 -0300] "POST /cormun/servlet/trsolicitudot?788802532ca372ad9fd857f02b478a60,,gx-no-cache=1725465341527 HTTP/1.1" 200 4622
190.171.152.114 - - [04/Sep/2024:12:56:17 -0300] "GET /cormun/static/Shared/jqueryui/images/ui-bg_highlight-soft_100_c6c2c8_1x100.png HTTP/1.1" 404 1117
190.171.152.114 - - [04/Sep/2024:12:56:17 -0300] "GET /cormun/static/Shared/jqueryui/images/ui-icons_82798d_256x240.png HTTP/1.1" 404 1089
190.171.152.114 - - [04/Sep/2024:12:56:17 -0300] "GET /cormun/static/Shared/jqueryui/images/ui-bg_flat_55_fafafa_40x100.png HTTP/1.1" 404 1097
190.171.152.114 - - [04/Sep/2024:12:56:17 -0300] "GET /cormun/static/Shared/jqueryui/images/ui-icons_8d78a5_256x240.png HTTP/1.1" 404 1089
190.171.152.114 - - [04/Sep/2024:12:56:18 -0300] "POST /cormun/servlet/trsolicitudot?788802532ca372ad9fd857f02b478a60,,gx-no-cache=1725465341666 HTTP/1.1" 200 4354
190.171.149.74 - - [04/Sep/2024:12:56:18 -0300] "POST /cormun/servlet/trpermisosgoce?c83eecccef61b51b51f0092f81ca8469,,gx-no-cache=1725465338449 HTTP/1.1" 200 3920
190.171.149.74 - - [04/Sep/2024:12:56:19 -0300] "POST /cormun/servlet/trpermisosgoce?c83eecccef61b51b51f0092f81ca8469,,gx-no-cache=1725465339801 HTTP/1.1" 200 3919
190.171.152.114 - - [04/Sep/2024:12:56:21 -0300] "GET /cormun/servlet/trautorizarsolicitud? HTTP/1.1" 200 8858
190.171.152.114 - - [04/Sep/2024:12:56:21 -0300] "GET /cormun/static/gxcfg.js?202211298474254 HTTP/1.1" 200 953
190.171.152.114 - - [04/Sep/2024:12:56:21 -0300] "GET /cormun/static/trautorizarsolicitud.js?202211298474588 HTTP/1.1" 200 53909
190.171.149.74 - - [04/Sep/2024:12:56:23 -0300] "POST /cormun/servlet/trpermisosgoce?c83eecccef61b51b51f0092f81ca8469,,gx-no-cache=1725465343321 HTTP/1.1" 200 3923
190.171.149.74 - - [04/Sep/2024:12:56:24 -0300] "POST /cormun/servlet/trpermisosgoce?c83eecccef61b51b51f0092f81ca8469,,gx-no-cache=1725465344569 HTTP/1.1" 200 3923
190.171.143.82 - - [04/Sep/2024:12:56:24 -0300] "POST /cormun/servlet/trsolicitudot?24109bf17cd34312f5ffb57a0f8fbafa,,gx-no-cache=1725465347003 HTTP/1.1" 200 24993
190.171.152.114 - - [04/Sep/2024:12:56:29 -0300] "POST /cormun/servlet/trautorizarsolicitud?788802532ca372ad9fd857f02b478a60,,gx-no-cache=1725465353415 HTTP/1.1" 200 4805
190.171.152.114 - - [04/Sep/2024:12:56:29 -0300] "POST /cormun/servlet/trautorizarsolicitud?788802532ca372ad9fd857f02b478a60,,gx-no-cache=1725465353539 HTTP/1.1" 200 4533
190.171.149.74 - - [04/Sep/2024:12:56:31 -0300] "POST /cormun/servlet/trpermisosgoce?c83eecccef61b51b51f0092f81ca8469,,gx-no-cache=1725465351994 HTTP/1.1" 200 3924
190.171.143.82 - - [04/Sep/2024:12:56:36 -0300] "GET /cormun/servlet/trcargahoraria? HTTP/1.1" 200 6663
190.171.143.82 - - [04/Sep/2024:12:56:36 -0300] "GET /cormun/static/gxcfg.js?202012113392337 HTTP/1.1" 200 953
190.171.143.82 - - [04/Sep/2024:12:56:36 -0300] "GET /cormun/static/trcargahoraria.js?202012113392783 HTTP/1.1" 200 28768
190.171.149.74 - - [04/Sep/2024:12:56:37 -0300] "POST /cormun/servlet/trpermisosgoce?c83eecccef61b51b51f0092f81ca8469,,gx-no-cache=1725465357937 HTTP/1.1" 200 4841
190.171.143.82 - - [04/Sep/2024:12:56:44 -0300] "POST /cormun/servlet/trcargahoraria?24109bf17cd34312f5ffb57a0f8fbafa,,gx-no-cache=1725465367986 HTTP/1.1" 200 4146
190.171.143.82 - - [04/Sep/2024:12:56:48 -0300] "GET /cormun/servlet/trreportecargahoraria? HTTP/1.1" 200 6835
190.171.143.82 - - [04/Sep/2024:12:56:56 -0300] "GET /cormun/servlet/trcontratounov2? HTTP/1.1" 200 18211
190.171.149.74 - - [04/Sep/2024:12:56:57 -0300] "POST /cormun/servlet/trpermisosgoce?c83eecccef61b51b51f0092f81ca8469,,gx-no-cache=1725465377137 HTTP/1.1" 200 15659
190.171.149.74 - - [04/Sep/2024:12:56:59 -0300] "GET /cormun/servlet/permisogoce?INS,0,,, HTTP/1.1" 200 6844
190.171.152.114 - - [04/Sep/2024:12:56:59 -0300] "GET /cormun/servlet/trlicencias? HTTP/1.1" 200 17214
190.171.143.82 - - [04/Sep/2024:12:57:02 -0300] "GET /cormun/servlet/trcontratosolicitud? HTTP/1.1" 200 14982
190.171.143.82 - - [04/Sep/2024:12:57:09 -0300] "GET /cormun/servlet/trcontratoobservaciondir? HTTP/1.1" 200 8191
190.171.143.82 - - [04/Sep/2024:12:57:18 -0300] "GET /cormun/servlet/trpermisosgoce? HTTP/1.1" 200 13102
190.171.149.74 - - [04/Sep/2024:12:57:52 -0300] "GET /cormun/servlet/permisogoce?2810a7b0cad7c7d9e75732ee3e6e5ee88c9c48d5b8eb22e5cb5660130b2af94034be40db3a7a26b82a9462b909a304b4ec7fcc84c4f7fb4d11c067b9bd66a984,gx-no-cache=1725465432208 HTTP/1.1" 200 81
190.171.149.74 - - [04/Sep/2024:12:57:53 -0300] "GET /cormun/static/menuarrow.gif HTTP/1.1" 404 1015
190.171.149.74 - - [04/Sep/2024:12:58:01 -0300] "GET /cormun/servlet/permisogoce?2810a7b0cad7c7d9e75732ee3e6e5ee87397d68b37894d66032f940389145512c3bc9d2f3664e489ce1fb6943460ba80af6e0a93d40cbca863de889aa3d7913e,gx-no-cache=1725465441273 HTTP/1.1" 200 48
190.171.149.74 - - [04/Sep/2024:12:58:03 -0300] "POST /cormun/servlet/permisogoce?c83eecccef61b51b51f0092f81ca8469,INS,0,,,,gx-no-cache=1725465443040 HTTP/1.1" 200 93
190.171.149.74 - - [04/Sep/2024:12:58:03 -0300] "GET /cormun/servlet/hpexe_return? HTTP/1.1" 200 1008
190.171.149.74 - - [04/Sep/2024:12:58:03 -0300] "GET /cormun/servlet/trpermisosgoce? HTTP/1.1" 200 18540
190.171.149.74 - - [04/Sep/2024:12:58:08 -0300] "GET /cormun/servlet/apermisogoceprn?8527596,P,20240904115650,PU HTTP/1.1" 200 1650
190.171.143.82 - - [04/Sep/2024:12:58:26 -0300] "GET /cormun/servlet/trdiat? HTTP/1.1" 200 7159
190.171.143.82 - - [04/Sep/2024:12:58:32 -0300] "GET /cormun/servlet/trbonoreemplazo? HTTP/1.1" 500 10
190.171.143.82 - - [04/Sep/2024:12:58:34 -0300] "GET /cormun/servlet/trdiat? HTTP/1.1" 200 7159
190.171.143.98 - - [04/Sep/2024:12:58:54 -0300] "GET /cormun/servlet/hlogin HTTP/1.1" 200 1727
190.171.143.98 - - [04/Sep/2024:12:59:00 -0300] "POST /cormun/servlet/hlogin?378ea80fc078f8157b21f30df6c6b550,gx-no-cache=1725465501452 HTTP/1.1" 200 90
190.171.143.98 - - [04/Sep/2024:12:59:00 -0300] "GET /cormun/servlet/hpexe_link HTTP/1.1" 200 955
190.171.143.98 - - [04/Sep/2024:12:59:01 -0300] "GET /cormun/servlet/hhome HTTP/1.1" 200 4316
190.171.143.82 - - [04/Sep/2024:12:59:06 -0300] "GET /cormun/static/menuarrow.gif HTTP/1.1" 404 1015
190.171.143.98 - - [04/Sep/2024:12:59:07 -0300] "GET /cormun/servlet/trpermisosgoce? HTTP/1.1" 200 11049
190.171.143.82 - - [04/Sep/2024:12:59:10 -0300] "POST /cormun/servlet/trdiat?24109bf17cd34312f5ffb57a0f8fbafa,,gx-no-cache=1725465513906 HTTP/1.1" 200 4428
190.171.143.98 - - [04/Sep/2024:12:59:14 -0300] "GET /cormun/servlet/permisogoce?INS,0,,, HTTP/1.1" 200 7206
190.171.143.82 - - [04/Sep/2024:12:59:18 -0300] "GET /cormun/servlet/accidentes?INS,0, HTTP/1.1" 200 7442
190.171.143.82 - - [04/Sep/2024:12:59:23 -0300] "POST /cormun/servlet/accidentes?24109bf17cd34312f5ffb57a0f8fbafa,INS,0,,gx-no-cache=1725465526395 HTTP/1.1" 200 93
190.171.143.82 - - [04/Sep/2024:12:59:23 -0300] "GET /cormun/servlet/hpexe_return? HTTP/1.1" 200 1002
190.171.143.82 - - [04/Sep/2024:12:59:23 -0300] "GET /cormun/servlet/trdiat? HTTP/1.1" 200 7162
190.171.143.82 - - [04/Sep/2024:12:59:39 -0300] "GET /cormun/servlet/trsolicitudot? HTTP/1.1" 200 27858
190.171.143.82 - - [04/Sep/2024:12:59:47 -0300] "GET /cormun/servlet/trautorizarsolicitud? HTTP/1.1" 200 7380
190.171.143.82 - - [04/Sep/2024:12:59:47 -0300] "GET /cormun/static/gxcfg.js?202211298474254 HTTP/1.1" 200 953
190.171.143.82 - - [04/Sep/2024:12:59:47 -0300] "GET /cormun/static/trautorizarsolicitud.js?202211298474588 HTTP/1.1" 200 53909
190.171.143.82 - - [04/Sep/2024:12:59:50 -0300] "GET /cormun/servlet/trvisualizadoreventos? HTTP/1.1" 200 7044
190.171.143.82 - - [04/Sep/2024:12:59:56 -0300] "POST /cormun/servlet/trvisualizadoreventos?24109bf17cd34312f5ffb57a0f8fbafa,,gx-no-cache=1725465559131 HTTP/1.1" 200 4301
190.171.143.82 - - [04/Sep/2024:13:00:03 -0300] "POST /cormun/servlet/trvisualizadoreventos?24109bf17cd34312f5ffb57a0f8fbafa,,gx-no-cache=1725465566698 HTTP/1.1" 200 4303
190.171.143.98 - - [04/Sep/2024:13:00:06 -0300] "GET /cormun/servlet/permisogoce?f936dad91be35326235446269776087dd230244a7540403e47392b3b2489235263608133fab42d7c19dfa39c3ff39287b7ae6b9d49bf33ab0168ac66644f5b68,gx-no-cache=1725465567468 HTTP/1.1" 200 86
190.171.143.98 - - [04/Sep/2024:13:00:06 -0300] "GET /cormun/static/menuarrow.gif HTTP/1.1" 404 1015
190.171.143.82 - - [04/Sep/2024:13:00:11 -0300] "GET /cormun/servlet/trreportecargahoraria? HTTP/1.1" 200 6838
190.171.143.98 - - [04/Sep/2024:13:00:24 -0300] "GET /cormun/servlet/permisogoce?f936dad91be35326235446269776087d9e78f01cbc619b8515c2a7c7c4529710333e4dc603bae47ac84b0027b98ecb544d701d85436619afbcd30c45a56eb169,gx-no-cache=1725465585546 HTTP/1.1" 200 47
190.171.143.98 - - [04/Sep/2024:13:00:28 -0300] "POST /cormun/servlet/permisogoce?378ea80fc078f8157b21f30df6c6b550,INS,0,,,,gx-no-cache=1725465588429 HTTP/1.1" 200 93
190.171.143.98 - - [04/Sep/2024:13:00:28 -0300] "GET /cormun/servlet/hpexe_return? HTTP/1.1" 200 1014
190.171.143.98 - - [04/Sep/2024:13:00:29 -0300] "GET /cormun/servlet/trpermisosgoce HTTP/1.1" 200 11384
190.171.143.98 - - [04/Sep/2024:13:00:32 -0300] "POST /cormun/servlet/trpermisosgoce?378ea80fc078f8157b21f30df6c6b550,gx-no-cache=1725465593390 HTTP/1.1" 200 8649
190.171.143.98 - - [04/Sep/2024:13:00:32 -0300] "GET /cormun/static/Shared/jqueryui/images/ui-bg_highlight-soft_100_c6c2c8_1x100.png HTTP/1.1" 404 1117
190.171.143.98 - - [04/Sep/2024:13:00:32 -0300] "GET /cormun/static/Shared/jqueryui/images/ui-icons_82798d_256x240.png HTTP/1.1" 404 1089
190.171.143.98 - - [04/Sep/2024:13:00:32 -0300] "GET /cormun/static/Shared/jqueryui/images/ui-bg_flat_55_fafafa_40x100.png HTTP/1.1" 404 1097
190.171.143.98 - - [04/Sep/2024:13:00:32 -0300] "GET /cormun/static/Shared/jqueryui/images/ui-icons_8d78a5_256x240.png HTTP/1.1" 404 1089
190.171.143.98 - - [04/Sep/2024:13:00:35 -0300] "GET /cormun/servlet/trpermisosadjuntos?17955578,20240904115905,P, HTTP/1.1" 200 6639
190.171.143.98 - - [04/Sep/2024:13:00:36 -0300] "GET /cormun/servlet/permisosadjuntos?INS,17955578,P,20240904115905,, HTTP/1.1" 200 5968
190.171.143.98 - - [04/Sep/2024:13:00:37 -0300] "GET /cormun/static/about:blank HTTP/1.1" 404 1011
190.171.143.82 - - [04/Sep/2024:13:01:09 -0300] "GET /cormun/servlet/trcontratosolicitud? HTTP/1.1" 200 14976
190.171.143.82 - - [04/Sep/2024:13:01:17 -0300] "GET /cormun/servlet/trcontratoobservaciondir? HTTP/1.1" 200 8191
190.171.143.82 - - [04/Sep/2024:13:01:56 -0300] "GET /cormun/servlet/trrenuncias? HTTP/1.1" 200 7160
190.171.143.82 - - [04/Sep/2024:13:02:07 -0300] "GET /cormun/servlet/renuncias?INS,0, HTTP/1.1" 200 6514
190.171.143.82 - - [04/Sep/2024:13:02:11 -0300] "GET /cormun/servlet/prfichaempleado?,MD,,gxPopupLevel%3D0%3B HTTP/1.1" 200 9286
190.171.143.82 - - [04/Sep/2024:13:02:11 -0300] "GET /cormun/static/gxcfg.js?20201215571085 HTTP/1.1" 200 953
190.171.143.82 - - [04/Sep/2024:13:02:11 -0300] "GET /cormun/static/prfichaempleado.js?20201215572193 HTTP/1.1" 200 16005
190.171.143.82 - - [04/Sep/2024:13:02:14 -0300] "GET /cormun/servlet/renuncias?bd3c34a5e7563b21aa73a7a9d26f73495b53b60a38cb7fa52e8f39d5d95ee2e63792cba9812badb4b70ab1f543b0a2ac,gx-no-cache=1725465697095 HTTP/1.1" 200 33
190.171.143.82 - - [04/Sep/2024:13:02:26 -0300] "GET /cormun/servlet/renuncias?bd3c34a5e7563b21aa73a7a9d26f7349fdfcec75614646cba6b06224b49f87bb4acc6d39c0352c32f466bf8b189bf40e,gx-no-cache=1725465709766 HTTP/1.1" 200 173
190.171.143.82 - - [04/Sep/2024:13:02:26 -0300] "GET /cormun/static/Shared/jqueryui/images/ui-icons_82798d_256x240.png HTTP/1.1" 404 1089
190.171.143.82 - - [04/Sep/2024:13:02:26 -0300] "GET /cormun/static/Shared/jqueryui/images/ui-bg_highlight-soft_100_c6c2c8_1x100.png HTTP/1.1" 404 1117
190.171.143.82 - - [04/Sep/2024:13:02:26 -0300] "GET /cormun/static/Shared/jqueryui/images/ui-icons_ebccce_256x240.png HTTP/1.1" 404 1089
190.171.143.82 - - [04/Sep/2024:13:02:26 -0300] "GET /cormun/static/Shared/jqueryui/images/ui-bg_flat_55_994d53_40x100.png HTTP/1.1" 404 1097
190.171.143.82 - - [04/Sep/2024:13:02:29 -0300] "GET /cormun/servlet/prcontrato?13300012,,,MD,,gxPopupLevel%3D0%3B HTTP/1.1" 200 7213
190.171.143.82 - - [04/Sep/2024:13:02:50 -0300] "GET /cormun/servlet/prcontrato?13300012,,,MD,,gxPopupLevel%3D0%3B HTTP/1.1" 200 7213
190.171.143.82 - - [04/Sep/2024:13:03:36 -0300] "GET /cormun/servlet/trfichaempleado? HTTP/1.1" 200 12414
190.171.143.82 - - [04/Sep/2024:13:04:02 -0300] "GET /cormun/servlet/trfichaempleado? HTTP/1.1" 200 12414
190.171.143.82 - - [04/Sep/2024:13:04:57 -0300] "GET /cormun/servlet/prcontrato?13300012,,,MD,,gxPopupLevel%3D0%3B HTTP/1.1" 200 7213
190.171.143.98 - - [04/Sep/2024:13:05:05 -0300] "POST /cormun/servlet/permisosadjuntos?378ea80fc078f8157b21f30df6c6b550,INS,17955578,P,20240904115905,, HTTP/1.1" 200 116
190.171.143.98 - - [04/Sep/2024:13:05:05 -0300] "GET /cormun/servlet/hpexe_return? HTTP/1.1" 200 1042
190.171.143.98 - - [04/Sep/2024:13:05:05 -0300] "GET /cormun/servlet/trpermisosadjuntos?17955578,20240904115905,P, HTTP/1.1" 200 7168
190.171.143.82 - - [04/Sep/2024:13:05:06 -0300] "GET /cormun/servlet/renuncias?bd3c34a5e7563b21aa73a7a9d26f73493219018fb971fc59edfda9e1f786fa104acc6d39c0352c32f466bf8b189bf40e,gx-no-cache=1725465869038 HTTP/1.1" 200 69
190.171.143.98 - - [04/Sep/2024:13:05:06 -0300] "POST /cormun/servlet/trpermisosadjuntos?378ea80fc078f8157b21f30df6c6b550,17955578,20240904115905,P,,gx-no-cache=1725465867724 HTTP/1.1" 200 90
190.171.143.98 - - [04/Sep/2024:13:05:06 -0300] "GET /cormun/servlet/hpexe_link HTTP/1.1" 200 1009
190.171.143.98 - - [04/Sep/2024:13:05:07 -0300] "GET /cormun/servlet/trpermisosgoce?gx-no-cache=1725465593390 HTTP/1.1" 200 11381
190.171.143.82 - - [04/Sep/2024:13:05:07 -0300] "GET /cormun/servlet/prcontrato?13720292,,,MD,,gxPopupLevel%3D0%3B HTTP/1.1" 200 6249
190.171.143.98 - - [04/Sep/2024:13:05:09 -0300] "POST /cormun/servlet/trpermisosgoce?378ea80fc078f8157b21f30df6c6b550,gx-no-cache=1725465593390,gx-no-cache=1725465870573 HTTP/1.1" 200 8588
190.171.143.98 - - [04/Sep/2024:13:05:12 -0300] "GET /cormun/servlet/apermisogoceprn?17955578,P,20240904115905,PU HTTP/1.1" 200 1665
190.171.143.82 - - [04/Sep/2024:13:05:12 -0300] "GET /cormun/servlet/prcontrato?13720292,,,MD,,gxPopupLevel%3D0%3B HTTP/1.1" 200 6249
190.171.143.98 - - [04/Sep/2024:13:05:12 -0300] "GET /cormun/servlet/apermisogoceprn?17955578,P,20240904115905,PU HTTP/1.1" 200 1663
190.171.143.82 - - [04/Sep/2024:13:05:48 -0300] "POST /cormun/servlet/renuncias?24109bf17cd34312f5ffb57a0f8fbafa,INS,0,,gx-no-cache=1725465911290 HTTP/1.1" 200 93
190.171.143.82 - - [04/Sep/2024:13:05:48 -0300] "GET /cormun/servlet/hpexe_return? HTTP/1.1" 200 1002
190.171.143.82 - - [04/Sep/2024:13:05:48 -0300] "GET /cormun/servlet/trrenuncias HTTP/1.1" 200 7163
190.171.141.90 - - [04/Sep/2024:13:06:56 -0300] "POST /cormun/servlet/hlogin?75da69a664155b378fa406be6c15cc71,gx-no-cache=1725465977078 HTTP/1.1" 200 90
190.171.141.90 - - [04/Sep/2024:13:06:56 -0300] "GET /cormun/servlet/hpexe_link HTTP/1.1" 200 954
190.171.141.90 - - [04/Sep/2024:13:06:56 -0300] "GET /cormun/servlet/trsolicitudot HTTP/1.1" 200 7010
190.171.141.90 - - [04/Sep/2024:13:06:59 -0300] "GET /cormun/servlet/trlicencias? HTTP/1.1" 200 15325
190.171.143.82 - - [04/Sep/2024:13:07:21 -0300] "GET /cormun/servlet/renuncias?INS,0, HTTP/1.1" 200 6515
190.171.143.82 - - [04/Sep/2024:13:07:23 -0300] "GET /cormun/servlet/renuncias?bd3c34a5e7563b21aa73a7a9d26f73495b53b60a38cb7fa52e8f39d5d95ee2e63792cba9812badb4b70ab1f543b0a2ac,gx-no-cache=1725466006878 HTTP/1.1" 200 33
190.171.143.82 - - [04/Sep/2024:13:07:33 -0300] "GET /cormun/servlet/renuncias?bd3c34a5e7563b21aa73a7a9d26f7349fdfcec75614646cba6b06224b49f87bb4acc6d39c0352c32f466bf8b189bf40e,gx-no-cache=1725466016549 HTTP/1.1" 200 173
190.171.143.82 - - [04/Sep/2024:13:07:33 -0300] "GET /cormun/static/Shared/jqueryui/images/ui-bg_highlight-soft_100_c6c2c8_1x100.png HTTP/1.1" 404 1117
190.171.143.82 - - [04/Sep/2024:13:07:33 -0300] "GET /cormun/static/Shared/jqueryui/images/ui-icons_82798d_256x240.png HTTP/1.1" 404 1089
190.171.143.82 - - [04/Sep/2024:13:07:33 -0300] "GET /cormun/static/Shared/jqueryui/images/ui-bg_flat_55_994d53_40x100.png HTTP/1.1" 404 1097
190.171.143.82 - - [04/Sep/2024:13:07:33 -0300] "GET /cormun/static/Shared/jqueryui/images/ui-icons_ebccce_256x240.png HTTP/1.1" 404 1089
190.171.143.82 - - [04/Sep/2024:13:07:35 -0300] "GET /cormun/servlet/prcontrato?13300012,,,MD,,gxPopupLevel%3D0%3B HTTP/1.1" 200 7213
190.171.141.90 - - [04/Sep/2024:13:07:36 -0300] "GET /cormun/static/menuarrow.gif HTTP/1.1" 404 1015
190.171.143.82 - - [04/Sep/2024:13:07:51 -0300] "GET /cormun/servlet/trvisualizadoreventos? HTTP/1.1" 200 7047
190.171.141.90 - - [04/Sep/2024:13:07:54 -0300] "POST /cormun/servlet/trlicencias?75da69a664155b378fa406be6c15cc71,,gx-no-cache=1725466025944 HTTP/1.1" 200 6046
190.171.143.82 - - [04/Sep/2024:13:07:56 -0300] "POST /cormun/servlet/trvisualizadoreventos?24109bf17cd34312f5ffb57a0f8fbafa,,gx-no-cache=1725466040011 HTTP/1.1" 200 4314
190.171.143.82 - - [04/Sep/2024:13:07:59 -0300] "POST /cormun/servlet/trvisualizadoreventos?24109bf17cd34312f5ffb57a0f8fbafa,,gx-no-cache=1725466042049 HTTP/1.1" 200 4314
190.171.143.82 - - [04/Sep/2024:13:08:01 -0300] "POST /cormun/servlet/trvisualizadoreventos?24109bf17cd34312f5ffb57a0f8fbafa,,gx-no-cache=1725466044585 HTTP/1.1" 200 4314
190.171.143.82 - - [04/Sep/2024:13:08:02 -0300] "POST /cormun/servlet/trvisualizadoreventos?24109bf17cd34312f5ffb57a0f8fbafa,,gx-no-cache=1725466045841 HTTP/1.1" 200 4314
190.171.143.82 - - [04/Sep/2024:13:08:09 -0300] "POST /cormun/servlet/trvisualizadoreventos?24109bf17cd34312f5ffb57a0f8fbafa,,gx-no-cache=1725466052249 HTTP/1.1" 200 4310
190.171.143.82 - - [04/Sep/2024:13:08:15 -0300] "GET /cormun/servlet/avisualizareventos?0,320,TOD,20050103,20240904,PU HTTP/1.1" 200 1024
190.171.143.82 - - [04/Sep/2024:13:08:21 -0300] "POST /cormun/servlet/trvisualizadoreventos?24109bf17cd34312f5ffb57a0f8fbafa,,gx-no-cache=1725466064737 HTTP/1.1" 200 111
190.171.143.82 - - [04/Sep/2024:13:08:21 -0300] "POST /cormun/servlet/trvisualizadoreventos?24109bf17cd34312f5ffb57a0f8fbafa,,gx-no-cache=1725466064798 HTTP/1.1" 200 4289
190.171.143.82 - - [04/Sep/2024:13:08:21 -0300] "GET /cormun/VisualizadorEventos-6537.xls HTTP/1.1" 200 4096
190.171.143.82 - - [04/Sep/2024:13:08:41 -0300] "GET /cormun/servlet/trreportecargahoraria? HTTP/1.1" 200 6838
190.171.143.82 - - [04/Sep/2024:13:08:49 -0300] "GET /cormun/servlet/trcontratounov2? HTTP/1.1" 200 18213
190.171.141.90 - - [04/Sep/2024:13:08:54 -0300] "GET /cormun/servlet/trsolicitudot HTTP/1.1" 200 7010
190.171.143.82 - - [04/Sep/2024:13:08:58 -0300] "GET /cormun/servlet/trcontratoobservaciondir? HTTP/1.1" 200 8192
190.171.143.82 - - [04/Sep/2024:13:09:03 -0300] "GET /cormun/servlet/trcontratosolicitud? HTTP/1.1" 200 14985
190.171.143.82 - - [04/Sep/2024:13:09:13 -0300] "GET /cormun/servlet/trsolicitudot? HTTP/1.1" 200 27858
190.171.143.82 - - [04/Sep/2024:13:09:22 -0300] "POST /cormun/servlet/trsolicitudot?24109bf17cd34312f5ffb57a0f8fbafa,,gx-no-cache=1725466125165 HTTP/1.1" 200 4375
190.171.143.82 - - [04/Sep/2024:13:09:31 -0300] "GET /cormun/servlet/trautorizarsolicitud? HTTP/1.1" 200 7380
190.171.143.82 - - [04/Sep/2024:13:09:36 -0300] "POST /cormun/servlet/trautorizarsolicitud?24109bf17cd34312f5ffb57a0f8fbafa,,gx-no-cache=1725466139282 HTTP/1.1" 200 4563
190.171.143.82 - - [04/Sep/2024:13:09:36 -0300] "POST /cormun/servlet/trautorizarsolicitud?24109bf17cd34312f5ffb57a0f8fbafa,,gx-no-cache=1725466139681 HTTP/1.1" 200 4562
190.171.143.82 - - [04/Sep/2024:13:09:40 -0300] "GET /cormun/servlet/trvisualizadoreventos? HTTP/1.1" 200 7049
190.171.143.82 - - [04/Sep/2024:13:09:42 -0300] "POST /cormun/servlet/trvisualizadoreventos?24109bf17cd34312f5ffb57a0f8fbafa,,gx-no-cache=1725466145266 HTTP/1.1" 200 4305
190.171.143.82 - - [04/Sep/2024:13:09:46 -0300] "POST /cormun/servlet/trvisualizadoreventos?24109bf17cd34312f5ffb57a0f8fbafa,,gx-no-cache=1725466149314 HTTP/1.1" 200 4297
190.171.143.82 - - [04/Sep/2024:13:09:49 -0300] "GET /cormun/servlet/trsolicitudot? HTTP/1.1" 200 7312
190.171.143.82 - - [04/Sep/2024:13:09:54 -0300] "POST /cormun/servlet/trsolicitudot?24109bf17cd34312f5ffb57a0f8fbafa,,gx-no-cache=1725466157082 HTTP/1.1" 200 24996
190.171.143.82 - - [04/Sep/2024:13:10:00 -0300] "POST /cormun/servlet/trsolicitudot?24109bf17cd34312f5ffb57a0f8fbafa,,gx-no-cache=1725466162437 HTTP/1.1" 200 22508
190.171.143.82 - - [04/Sep/2024:13:10:00 -0300] "GET /cormun/static/Resources/PXToolsGridFirst.gif HTTP/1.1" 200 379
190.171.143.82 - - [04/Sep/2024:13:10:00 -0300] "GET /cormun/static/Resources/PXToolsGridPrevious.gif HTTP/1.1" 200 369
190.171.149.82 - - [04/Sep/2024:13:13:28 -0300] "GET /cormun/servlet/hlogin HTTP/1.1" 200 1724
190.171.149.82 - - [04/Sep/2024:13:13:31 -0300] "POST /cormun/servlet/hlogin?7b63f2563c70533883ff9c7ee46e84ce,gx-no-cache=1725466371844 HTTP/1.1" 200 90
190.171.149.82 - - [04/Sep/2024:13:13:31 -0300] "GET /cormun/servlet/hpexe_link HTTP/1.1" 200 958
190.171.149.82 - - [04/Sep/2024:13:13:31 -0300] "GET /cormun/servlet/trpermisosgoce HTTP/1.1" 200 8922
190.171.149.82 - - [04/Sep/2024:13:13:34 -0300] "GET /cormun/servlet/permisogoce?INS,0,,, HTTP/1.1" 200 6794
190.171.149.82 - - [04/Sep/2024:13:13:50 -0300] "GET /cormun/servlet/permisogoce?b50e083fa5a9852a8c1f03141d54c7834a4a28b7d23aa581900f2e9f8ceb87a68d3eb23e577aabeedb5a91f3cceadd10ce0a9cc15903257b72eda03fd2d54ab4,gx-no-cache=1725466390437 HTTP/1.1" 200 81
190.171.149.82 - - [04/Sep/2024:13:13:53 -0300] "GET /cormun/static/menuarrow.gif HTTP/1.1" 404 1015
190.171.149.82 - - [04/Sep/2024:13:14:02 -0300] "GET /cormun/servlet/permisogoce?b50e083fa5a9852a8c1f03141d54c7832e71ed5ee68c986dc529fe40c91a9bb78859afd2db46b0a1849f2df40f57826bd9374d0d6ec17cd6fd92dcab6e1eba5a,gx-no-cache=1725466403059 HTTP/1.1" 200 48
190.171.149.82 - - [04/Sep/2024:13:14:06 -0300] "POST /cormun/servlet/permisogoce?7b63f2563c70533883ff9c7ee46e84ce,INS,0,,,,gx-no-cache=1725466406611 HTTP/1.1" 200 93
190.171.149.82 - - [04/Sep/2024:13:14:06 -0300] "GET /cormun/servlet/hpexe_return? HTTP/1.1" 200 1011
190.171.149.82 - - [04/Sep/2024:13:14:06 -0300] "GET /cormun/servlet/trpermisosgoce HTTP/1.1" 200 9140
190.171.149.82 - - [04/Sep/2024:13:14:08 -0300] "GET /cormun/servlet/apermisogoceprn?19590128,P,20240904114112,PU HTTP/1.1" 200 1658
190.171.149.82 - - [04/Sep/2024:13:14:08 -0300] "GET /cormun/servlet/apermisogoceprn?19590128,P,20240904114112,PU HTTP/1.1" 200 1660
190.95.15.15 - - [04/Sep/2024:13:14:11 -0300] "GET /cormun/servlet/permisogoce?INS,0,,, HTTP/1.1" 200 6031
190.95.15.15 - - [04/Sep/2024:13:14:11 -0300] "GET /cormun/servlet/hlogin HTTP/1.1" 200 1746
190.95.15.15 - - [04/Sep/2024:13:14:18 -0300] "POST /cormun/servlet/hlogin?e06ba1230fc71453d5922c743d019060,gx-no-cache=1725466417578 HTTP/1.1" 200 90
190.95.15.15 - - [04/Sep/2024:13:14:18 -0300] "GET /cormun/servlet/hpexe_link HTTP/1.1" 200 965
190.95.15.15 - - [04/Sep/2024:13:14:18 -0300] "GET /cormun/servlet/permisogoce?INS,0,,, HTTP/1.1" 200 6670
190.95.15.15 - - [04/Sep/2024:13:14:26 -0300] "GET /cormun/servlet/permisogoce?44243d00d8c8626d1fa4ebb1110016302538f8ccf13005d9dd30b9fd447b0ecfd7de950e6b5f79245edaad7d47c0ebde63d639c4cb56ea73c393dbabc76d75e1,gx-no-cache=1725466427236 HTTP/1.1" 200 86
190.95.15.15 - - [04/Sep/2024:13:14:26 -0300] "GET /cormun/static/menuarrow.gif HTTP/1.1" 404 1015
190.95.15.15 - - [04/Sep/2024:13:14:32 -0300] "GET /cormun/servlet/permisogoce?44243d00d8c8626d1fa4ebb111001630910da4365e5fdd018572b96c7afe55fb793ead384e17bf83736fc4da583a0dbcdb49cbc858098e93ba66a48aca26c66e,gx-no-cache=1725466432979 HTTP/1.1" 200 47
190.95.15.15 - - [04/Sep/2024:13:14:34 -0300] "POST /cormun/servlet/permisogoce?e06ba1230fc71453d5922c743d019060,INS,0,,,,gx-no-cache=1725466435046 HTTP/1.1" 200 93
190.95.15.15 - - [04/Sep/2024:13:14:34 -0300] "GET /cormun/servlet/hpexe_return? HTTP/1.1" 200 1007
190.95.15.15 - - [04/Sep/2024:13:14:34 -0300] "GET /cormun/servlet/hhome HTTP/1.1" 200 3976
190.95.15.15 - - [04/Sep/2024:13:14:37 -0300] "GET /cormun/servlet/trpermisosgoce? HTTP/1.1" 200 13386
190.95.15.15 - - [04/Sep/2024:13:14:39 -0300] "GET /cormun/servlet/apermisogoceprn?16493870,P,20240904121409,PU HTTP/1.1" 200 1667
190.171.149.82 - - [04/Sep/2024:13:15:55 -0300] "GET /cormun/servlet/apermisogoceprn?18646940,P,20240904121325,PU HTTP/1.1" 200 1660
190.171.149.82 - - [04/Sep/2024:13:15:55 -0300] "GET /cormun/servlet/apermisogoceprn?18646940,P,20240904121325,PU HTTP/1.1" 200 1664
190.171.153.26 - - [04/Sep/2024:13:16:00 -0300] "GET /cormun/servlet/trautorizarpermisogoce? HTTP/1.1" 200 8283
190.171.143.82 - - [04/Sep/2024:13:23:37 -0300] "GET /cormun/servlet/vesolicitudot?2017,4163,, HTTP/1.1" 200 8635
190.171.143.82 - - [04/Sep/2024:13:23:37 -0300] "GET /cormun/pexe_scrolldiv.js HTTP/1.1" 404 1009
