190.171.149.90 - - [27/Aug/2024:12:10:13 -0300] "GET /favicon.ico HTTP/1.1" 200 21630
190.171.149.90 - - [27/Aug/2024:12:10:35 -0300] "POST /cormun/servlet/hlogin?b2870ad2cd4013ea92af9af6b5b26275,gx-no-cache=1724771276325 HTTP/1.1" 500 10
190.171.143.98 - - [27/Aug/2024:12:11:36 -0300] "POST /cormun/servlet/hlogin?9c2406d86edc03bc6ca56ef3549e4d57,gx-no-cache=1724771449583 HTTP/1.1" 500 10
190.171.149.90 - - [27/Aug/2024:12:11:37 -0300] "GET /cormun/servlet/hlogin HTTP/1.1" 200 1722
190.171.149.90 - - [27/Aug/2024:12:11:50 -0300] "POST /cormun/servlet/hlogin?b2870ad2cd4013ea92af9af6b5b26275,gx-no-cache=1724771348420 HTTP/1.1" 500 10
190.171.149.90 - - [27/Aug/2024:12:15:54 -0300] "GET /cormun/servlet/hlogin HTTP/1.1" 200 1722
200.54.107.2 - - [27/Aug/2024:12:17:17 -0300] "GET /cormun/servlet/hlogin HTTP/1.1" 200 1724
200.54.107.2 - - [27/Aug/2024:12:17:29 -0300] "POST /cormun/servlet/hlogin?52d0ea8c5aef96a4b4953a3fc31fbf50,gx-no-cache=1724771800789 HTTP/1.1" 500 10
190.171.149.90 - - [27/Aug/2024:12:19:51 -0300] "POST /cormun/servlet/hlogin?b2870ad2cd4013ea92af9af6b5b26275,gx-no-cache=1724771831439 HTTP/1.1" 500 10
190.171.153.26 - - [27/Aug/2024:12:20:53 -0300] "GET /cormun/servlet/hlogin HTTP/1.1" 200 1724
190.171.153.26 - - [27/Aug/2024:12:20:53 -0300] "GET /cormun/servlet/hlogin HTTP/1.1" 200 1735
190.171.153.26 - - [27/Aug/2024:12:21:44 -0300] "POST /cormun/servlet/hlogin?569a1b0d07f4e0506ed160a0f95f448a,gx-no-cache=1724772091221 HTTP/1.1" 500 10
190.171.143.82 - - [27/Aug/2024:12:22:05 -0300] "GET /cormun/servlet/trcontratosolicitud? HTTP/1.1" 500 10
190.171.143.82 - - [27/Aug/2024:12:22:08 -0300] "GET /cormun/servlet/trcontratosolicitud? HTTP/1.1" 500 10
190.171.143.82 - - [27/Aug/2024:12:22:15 -0300] "GET /cormun/servlet/trcontratosolicitud? HTTP/1.1" 500 10
190.171.143.82 - - [27/Aug/2024:12:22:18 -0300] "GET /cormun/servlet/trpermisosgoce HTTP/1.1" 500 10
190.171.143.82 - - [27/Aug/2024:12:22:28 -0300] "GET /cormun/servlet/hlogin HTTP/1.1" 200 1716
190.171.143.82 - - [27/Aug/2024:12:22:34 -0300] "POST /cormun/servlet/hlogin?27ee6d6462366851567868473518ac45,gx-no-cache=1724772105837 HTTP/1.1" 500 10
190.171.143.82 - - [27/Aug/2024:12:23:02 -0300] "GET /cormun/servlet/hlogin HTTP/1.1" 200 1716
190.171.143.82 - - [27/Aug/2024:12:23:02 -0300] "GET /favicon.ico HTTP/1.1" 200 21630
190.171.143.82 - - [27/Aug/2024:12:23:07 -0300] "POST /cormun/servlet/hlogin?27ee6d6462366851567868473518ac45,gx-no-cache=1724772139253 HTTP/1.1" 500 10
190.171.153.34 - - [27/Aug/2024:12:23:54 -0300] "GET /cormun/servlet/hlogin HTTP/1.1" 200 1723
190.171.143.82 - - [27/Aug/2024:12:23:59 -0300] "GET /cormun/servlet/hlogin HTTP/1.1" 200 1716
190.171.143.82 - - [27/Aug/2024:12:24:05 -0300] "POST /cormun/servlet/hlogin?27ee6d6462366851567868473518ac45,gx-no-cache=1724772197061 HTTP/1.1" 500 10
190.171.153.34 - - [27/Aug/2024:12:24:08 -0300] "POST /cormun/servlet/hlogin?81c911d0788ff8707cf5bde58c305cdf,gx-no-cache=1724772200066 HTTP/1.1" 500 10
190.171.149.90 - - [27/Aug/2024:12:24:34 -0300] "GET /cormun/servlet/hlogin HTTP/1.1" 200 1722
190.171.143.82 - - [27/Aug/2024:12:24:36 -0300] "GET /cormun/servlet/hlogin HTTP/1.1" 200 1716
190.171.143.82 - - [27/Aug/2024:12:24:45 -0300] "POST /cormun/servlet/hlogin?27ee6d6462366851567868473518ac45,gx-no-cache=1724772236725 HTTP/1.1" 500 10
190.171.153.34 - - [27/Aug/2024:12:25:03 -0300] "GET /cormun/servlet/hlogin HTTP/1.1" 200 1723
190.171.153.34 - - [27/Aug/2024:12:25:15 -0300] "POST /cormun/servlet/hlogin?81c911d0788ff8707cf5bde58c305cdf,gx-no-cache=1724772266978 HTTP/1.1" 500 10
190.171.143.82 - - [27/Aug/2024:12:25:24 -0300] "GET /cormun/servlet HTTP/1.1" 404 989
190.171.143.82 - - [27/Aug/2024:12:25:31 -0300] "GET / HTTP/1.1" 200 11217
190.171.143.82 - - [27/Aug/2024:12:25:31 -0300] "GET /tomcat.png HTTP/1.1" 200 5103
190.171.143.82 - - [27/Aug/2024:12:25:31 -0300] "GET /tomcat.css HTTP/1.1" 200 5576
190.171.143.82 - - [27/Aug/2024:12:25:31 -0300] "GET /asf-logo.png HTTP/1.1" 200 17811
190.171.143.82 - - [27/Aug/2024:12:25:31 -0300] "GET /bg-button.png HTTP/1.1" 200 713
190.171.143.82 - - [27/Aug/2024:12:25:31 -0300] "GET /bg-middle.png HTTP/1.1" 200 1918
190.171.143.82 - - [27/Aug/2024:12:25:31 -0300] "GET /bg-nav.png HTTP/1.1" 200 1401
190.171.143.82 - - [27/Aug/2024:12:25:31 -0300] "GET /bg-upper.png HTTP/1.1" 200 3103
190.171.143.82 - - [27/Aug/2024:12:25:37 -0300] "GET /cormun/servlet/hlogin HTTP/1.1" 200 1716
190.171.143.82 - - [27/Aug/2024:12:25:45 -0300] "POST /cormun/servlet/hlogin?27ee6d6462366851567868473518ac45,gx-no-cache=1724772297341 HTTP/1.1" 500 10
190.171.143.82 - - [27/Aug/2024:12:26:18 -0300] "GET /cormun/servlet/hlogin HTTP/1.1" 200 1716
190.171.143.82 - - [27/Aug/2024:12:26:26 -0300] "POST /cormun/servlet/hlogin?27ee6d6462366851567868473518ac45,gx-no-cache=1724772338181 HTTP/1.1" 500 10
190.171.143.82 - - [27/Aug/2024:12:26:49 -0300] "GET /cormun/servlet/hlogin HTTP/1.1" 200 1716
190.171.143.82 - - [27/Aug/2024:12:26:59 -0300] "POST /cormun/servlet/hlogin?27ee6d6462366851567868473518ac45,gx-no-cache=1724772370596 HTTP/1.1" 500 10
190.171.143.82 - - [27/Aug/2024:12:27:50 -0300] "GET /cormun/servlet/hlogin HTTP/1.1" 200 1716
190.171.143.82 - - [27/Aug/2024:12:27:56 -0300] "POST /cormun/servlet/hlogin?27ee6d6462366851567868473518ac45,gx-no-cache=1724772428238 HTTP/1.1" 500 10
190.171.143.82 - - [27/Aug/2024:12:29:36 -0300] "GET /cormun/servlet/hlogin HTTP/1.1" 200 1716
190.171.143.82 - - [27/Aug/2024:12:29:42 -0300] "POST /cormun/servlet/hlogin?27ee6d6462366851567868473518ac45,gx-no-cache=1724772534070 HTTP/1.1" 500 10
190.171.143.82 - - [27/Aug/2024:12:30:34 -0300] "GET /cormun/servlet/hlogin HTTP/1.1" 200 1716
190.171.143.82 - - [27/Aug/2024:12:30:40 -0300] "POST /cormun/servlet/hlogin?27ee6d6462366851567868473518ac45,gx-no-cache=1724772591846 HTTP/1.1" 500 10
190.171.143.82 - - [27/Aug/2024:12:31:24 -0300] "GET /cormun/servlet/hlogin HTTP/1.1" 200 1716
190.171.149.90 - - [27/Aug/2024:12:31:27 -0300] "POST /cormun/servlet/hlogin?b2870ad2cd4013ea92af9af6b5b26275,gx-no-cache=1724772527441 HTTP/1.1" 500 10
190.171.143.82 - - [27/Aug/2024:12:31:33 -0300] "POST /cormun/servlet/hlogin?27ee6d6462366851567868473518ac45,gx-no-cache=1724772644933 HTTP/1.1" 500 10
190.171.149.82 - - [27/Aug/2024:12:33:06 -0300] "GET /cormun/servlet/hlogin HTTP/1.1" 200 1724
190.171.149.82 - - [27/Aug/2024:12:33:13 -0300] "POST /cormun/servlet/hlogin?4e3d2f08c860b096e63c262869725ff4,gx-no-cache=1724772744660 HTTP/1.1" 500 10
190.171.149.82 - - [27/Aug/2024:12:33:25 -0300] "GET /cormun/servlet/hlogin HTTP/1.1" 200 1724
190.171.149.82 - - [27/Aug/2024:12:33:33 -0300] "POST /cormun/servlet/hlogin?4e3d2f08c860b096e63c262869725ff4,gx-no-cache=1724772764241 HTTP/1.1" 500 10
190.171.149.82 - - [27/Aug/2024:12:35:07 -0300] "GET /cormun/servlet/hlogin HTTP/1.1" 200 1724
190.171.149.82 - - [27/Aug/2024:12:35:13 -0300] "POST /cormun/servlet/hlogin?4e3d2f08c860b096e63c262869725ff4,gx-no-cache=1724772864521 HTTP/1.1" 500 10
190.171.149.82 - - [27/Aug/2024:12:35:56 -0300] "GET /cormun/servlet/hlogin HTTP/1.1" 200 1724
190.171.149.82 - - [27/Aug/2024:12:36:09 -0300] "POST /cormun/servlet/hlogin?4e3d2f08c860b096e63c262869725ff4,gx-no-cache=1724772920584 HTTP/1.1" 500 10
52.167.144.58 - - [27/Aug/2024:12:36:48 -0300] "GET /robots.txt HTTP/1.1" 404 981
52.167.144.203 - - [27/Aug/2024:12:36:55 -0300] "GET /cormun/servlet/hlogin HTTP/1.1" 200 1723
190.171.149.82 - - [27/Aug/2024:12:37:03 -0300] "GET /cormun/servlet/hlogin HTTP/1.1" 200 1724
190.171.149.82 - - [27/Aug/2024:12:37:13 -0300] "POST /cormun/servlet/hlogin?4e3d2f08c860b096e63c262869725ff4,gx-no-cache=1724772983960 HTTP/1.1" 500 10
190.171.143.82 - - [27/Aug/2024:12:38:51 -0300] "GET /cormun/servlet/hlogin HTTP/1.1" 200 1716
190.171.143.82 - - [27/Aug/2024:12:38:59 -0300] "POST /cormun/servlet/hlogin?27ee6d6462366851567868473518ac45,gx-no-cache=1724773090621 HTTP/1.1" 500 10
190.171.143.82 - - [27/Aug/2024:12:39:37 -0300] "GET /cormun/servlet/hlogin HTTP/1.1" 200 1716
190.171.143.82 - - [27/Aug/2024:12:39:47 -0300] "POST /cormun/servlet/hlogin?27ee6d6462366851567868473518ac45,gx-no-cache=1724773138598 HTTP/1.1" 500 10
190.171.149.82 - - [27/Aug/2024:12:39:58 -0300] "GET /cormun/servlet/hlogin HTTP/1.1" 200 1724
190.171.149.82 - - [27/Aug/2024:12:40:03 -0300] "POST /cormun/servlet/hlogin?4e3d2f08c860b096e63c262869725ff4,gx-no-cache=1724773154615 HTTP/1.1" 500 10
181.212.40.185 - - [27/Aug/2024:12:40:25 -0300] "GET /cormun/servlet/trpermisosgoce? HTTP/1.1" 500 10
181.212.40.185 - - [27/Aug/2024:12:40:28 -0300] "GET /cormun/servlet/trpermisosgoce? HTTP/1.1" 500 10
181.212.40.185 - - [27/Aug/2024:12:40:35 -0300] "GET /cormun/servlet/hlogin HTTP/1.1" 200 1722
181.212.40.185 - - [27/Aug/2024:12:40:36 -0300] "GET /favicon.ico HTTP/1.1" 200 21630
181.212.40.185 - - [27/Aug/2024:12:40:48 -0300] "POST /cormun/servlet/hlogin?cfafd7d11becf4d2fd090aee17557385,gx-no-cache=1724773199630 HTTP/1.1" 500 10
181.212.40.185 - - [27/Aug/2024:12:41:14 -0300] "GET /cormun/servlet/hlogin HTTP/1.1" 200 1722
181.212.40.185 - - [27/Aug/2024:12:41:42 -0300] "POST /cormun/servlet/hlogin?cfafd7d11becf4d2fd090aee17557385,gx-no-cache=1724773253606 HTTP/1.1" 500 10
200.54.100.179 - - [27/Aug/2024:12:41:43 -0300] "GET /cormun/servlet/hlogin HTTP/1.1" 200 1722
200.54.100.179 - - [27/Aug/2024:12:41:43 -0300] "GET /cormun/static/gxtimezone.js?85251 HTTP/1.1" 200 5781
200.54.100.179 - - [27/Aug/2024:12:41:43 -0300] "GET /cormun/static/gxcfg.js?2022112219184450 HTTP/1.1" 200 953
200.54.100.179 - - [27/Aug/2024:12:41:43 -0300] "GET /cormun/static/Resources/Spanish/PXTools.css?1759030 HTTP/1.1" 200 100853
200.54.100.179 - - [27/Aug/2024:12:41:43 -0300] "GET /cormun/static/Resources/CormunLogin.png HTTP/1.1" 200 19132
200.54.100.179 - - [27/Aug/2024:12:41:43 -0300] "GET /cormun/static/messages.spa.js?85251 HTTP/1.1" 200 30736
200.54.100.179 - - [27/Aug/2024:12:41:43 -0300] "GET /cormun/static/hlogin.js?2022112219184458 HTTP/1.1" 200 2156
200.54.100.179 - - [27/Aug/2024:12:41:43 -0300] "GET /cormun/static/gxgral.js?85251 HTTP/1.1" 200 384558
200.54.100.179 - - [27/Aug/2024:12:41:43 -0300] "GET /cormun/static/Resources/PXToolsLoginTop.png HTTP/1.1" 200 1337
200.54.100.179 - - [27/Aug/2024:12:41:43 -0300] "GET /cormun/static/Resources/PXToolsButtonLeft.png HTTP/1.1" 200 1310
200.54.100.179 - - [27/Aug/2024:12:41:43 -0300] "GET /cormun/static/Resources/PXToolsButtonBackground.png HTTP/1.1" 200 1176
200.54.100.179 - - [27/Aug/2024:12:41:43 -0300] "GET /cormun/static/Resources/PXToolsLoginBottom.png HTTP/1.1" 200 1389
200.54.100.179 - - [27/Aug/2024:12:41:43 -0300] "GET /cormun/static/Resources/PXToolsLoginBackground.png HTTP/1.1" 200 1164
200.54.100.179 - - [27/Aug/2024:12:41:43 -0300] "GET /cormun/static/Resources/PXToolsButtonRight.png HTTP/1.1" 200 1294
200.54.100.179 - - [27/Aug/2024:12:41:43 -0300] "GET /cormun/static/Resources/indicator.gif HTTP/1.1" 200 1553
200.54.100.179 - - [27/Aug/2024:12:41:43 -0300] "GET /cormun/servlet/hlogin HTTP/1.1" 200 1732
190.171.153.34 - - [27/Aug/2024:12:41:45 -0300] "GET /cormun/servlet/hlogin HTTP/1.1" 200 1723
200.54.100.179 - - [27/Aug/2024:12:41:49 -0300] "POST /cormun/servlet/hlogin?2871d8780d48cc25a224bdafaa9f0adf,gx-no-cache=1724773252973 HTTP/1.1" 500 10
200.54.100.179 - - [27/Aug/2024:12:41:55 -0300] "GET /cormun/servlet/hlogin HTTP/1.1" 200 1732
200.54.100.179 - - [27/Aug/2024:12:41:55 -0300] "GET /favicon.ico HTTP/1.1" 200 21630
190.171.153.34 - - [27/Aug/2024:12:41:57 -0300] "POST /cormun/servlet/hlogin?81c911d0788ff8707cf5bde58c305cdf,gx-no-cache=1724773269282 HTTP/1.1" 500 10
200.54.100.179 - - [27/Aug/2024:12:42:00 -0300] "POST /cormun/servlet/hlogin?2871d8780d48cc25a224bdafaa9f0adf,gx-no-cache=1724773265291 HTTP/1.1" 500 10
181.212.40.185 - - [27/Aug/2024:12:42:14 -0300] "GET /cormun/servlet/hlogin HTTP/1.1" 200 1722
181.212.40.185 - - [27/Aug/2024:12:42:29 -0300] "POST /cormun/servlet/hlogin?cfafd7d11becf4d2fd090aee17557385,gx-no-cache=1724773300918 HTTP/1.1" 500 10
200.54.100.179 - - [27/Aug/2024:12:42:37 -0300] "GET /cormun/servlet/hlogin HTTP/1.1" 200 1722
181.212.40.185 - - [27/Aug/2024:12:42:45 -0300] "GET /cormun/servlet/hlogin HTTP/1.1" 200 1722
200.54.100.179 - - [27/Aug/2024:12:42:46 -0300] "POST /cormun/servlet/hlogin?2871d8780d48cc25a224bdafaa9f0adf,gx-no-cache=1724773309976 HTTP/1.1" 500 10
200.54.100.179 - - [27/Aug/2024:12:42:48 -0300] "GET /cormun/servlet/hlogin HTTP/1.1" 200 1722
200.54.100.179 - - [27/Aug/2024:12:42:57 -0300] "POST /cormun/servlet/hlogin?2871d8780d48cc25a224bdafaa9f0adf,gx-no-cache=1724773320650 HTTP/1.1" 500 10
181.212.43.89 - - [27/Aug/2024:12:44:48 -0300] "GET /cormun/servlet/hlogin HTTP/1.1" 200 1720
181.212.43.89 - - [27/Aug/2024:12:44:56 -0300] "POST /cormun/servlet/hlogin?d44a41451cfee9ed47d1bcbb9df400f1,gx-no-cache=1724773447192 HTTP/1.1" 500 10
190.171.149.82 - - [27/Aug/2024:12:45:11 -0300] "GET /cormun/servlet/hlogin HTTP/1.1" 200 1724
190.171.149.82 - - [27/Aug/2024:12:45:18 -0300] "POST /cormun/servlet/hlogin?4e3d2f08c860b096e63c262869725ff4,gx-no-cache=1724773468719 HTTP/1.1" 500 10
190.171.149.82 - - [27/Aug/2024:12:45:56 -0300] "GET /cormun/servlet/hlogin HTTP/1.1" 200 1724
190.171.149.82 - - [27/Aug/2024:12:46:03 -0300] "POST /cormun/servlet/hlogin?4e3d2f08c860b096e63c262869725ff4,gx-no-cache=1724773513871 HTTP/1.1" 500 10
181.212.43.89 - - [27/Aug/2024:12:46:31 -0300] "GET /cormun/servlet/hlogin HTTP/1.1" 200 1720
181.212.43.89 - - [27/Aug/2024:12:46:37 -0300] "POST /cormun/servlet/hlogin?d44a41451cfee9ed47d1bcbb9df400f1,gx-no-cache=1724773548545 HTTP/1.1" 500 10
181.212.40.185 - - [27/Aug/2024:12:46:50 -0300] "POST /cormun/servlet/hlogin?cfafd7d11becf4d2fd090aee17557385,gx-no-cache=1724773562358 HTTP/1.1" 500 10