181.212.43.89 - - [20/Aug/2024:11:26:04 -0300] "GET /cormun/static/Shared/jquery/jquery-1.10.2.min.js HTTP/1.1" 200 273199
181.212.43.89 - - [20/Aug/2024:11:26:04 -0300] "GET /cormun/static/Shared/jqueryui/jquery-ui.min.js HTTP/1.1" 200 240427
181.212.43.89 - - [20/Aug/2024:11:26:04 -0300] "GET /cormun/static/Shared/jquery/jquery-1.4.2.min.js HTTP/1.1" 200 72174
181.212.43.89 - - [20/Aug/2024:11:26:05 -0300] "GET /cormun/static/Shared/ext/ext-all.js HTTP/1.1" 200 1289687
181.212.43.89 - - [20/Aug/2024:11:26:05 -0300] "GET /cormun/static/SmoothNavMenu/resources/images/down.gif HTTP/1.1" 200 854
181.212.43.89 - - [20/Aug/2024:11:26:11 -0300] "GET /cormun/servlet/trsolicitudot? HTTP/1.1" 200 7238
181.212.43.89 - - [20/Aug/2024:11:26:11 -0300] "GET /cormun/static/gxui/gxui-all.css?120300 HTTP/1.1" 200 2179
181.212.43.89 - - [20/Aug/2024:11:26:11 -0300] "GET /cormun/static/calendar-system.css?85620 HTTP/1.1" 200 5572
181.212.43.89 - - [20/Aug/2024:11:26:11 -0300] "GET /cormun/static/calendar-setup.js?85251 HTTP/1.1" 200 2588
181.212.43.89 - - [20/Aug/2024:11:26:11 -0300] "GET /cormun/static/calendar.js?85251 HTTP/1.1" 200 26246
181.212.43.89 - - [20/Aug/2024:11:26:11 -0300] "GET /cormun/static/gxcfg.js?20221129846531 HTTP/1.1" 200 953
181.212.43.89 - - [20/Aug/2024:11:26:11 -0300] "GET /cormun/static/calendar-es.js?85251 HTTP/1.1" 200 1901
181.212.43.89 - - [20/Aug/2024:11:26:11 -0300] "GET /cormun/static/Resources/PXTools/calendar.png HTTP/1.1" 200 1306
181.212.43.89 - - [20/Aug/2024:11:26:11 -0300] "GET /cormun/static/gxdec.js?85251 HTTP/1.1" 200 19579
181.212.43.89 - - [20/Aug/2024:11:26:11 -0300] "GET /cormun/static/trsolicitudot.js?202211298465651 HTTP/1.1" 200 54040
181.212.43.89 - - [20/Aug/2024:11:26:11 -0300] "GET /cormun/static/Resources/PXToolsDataSearch.png HTTP/1.1" 200 435
181.212.43.89 - - [20/Aug/2024:11:26:11 -0300] "GET /cormun/static/Resources/PXToolsGridFirstDisabled.gif HTTP/1.1" 200 100
181.212.43.89 - - [20/Aug/2024:11:26:11 -0300] "GET /cormun/static/Shared/ext/resources/css/ext-all.css?215870 HTTP/1.1" 200 416045
181.212.43.89 - - [20/Aug/2024:11:26:11 -0300] "GET /cormun/static/Resources/PXToolsGridPreviousDisabled.gif HTTP/1.1" 200 90
181.212.43.89 - - [20/Aug/2024:11:26:11 -0300] "GET /cormun/static/Resources/PXToolsGridNextDisabled.gif HTTP/1.1" 200 90
181.212.43.89 - - [20/Aug/2024:11:26:11 -0300] "GET /cormun/static/Resources/PXToolsGridLastDisabled.gif HTTP/1.1" 200 98
181.212.43.89 - - [20/Aug/2024:11:26:11 -0300] "GET /cormun/static/Resources/PXToolsGridPage.gif HTTP/1.1" 200 725
181.212.43.89 - - [20/Aug/2024:11:26:11 -0300] "GET /cormun/static/Resources/PXToolsActionExcel.png HTTP/1.1" 200 727
181.212.43.89 - - [20/Aug/2024:11:26:11 -0300] "GET /cormun/static/Resources/PXToolsAddAllAction.png HTTP/1.1" 200 495
181.212.43.89 - - [20/Aug/2024:11:26:11 -0300] "GET /cormun/static/Resources/asc.gif HTTP/1.1" 200 67
181.212.43.89 - - [20/Aug/2024:11:26:11 -0300] "GET /cormun/static/Resources/desc.gif HTTP/1.1" 200 65
181.212.43.89 - - [20/Aug/2024:11:26:11 -0300] "GET /cormun/static/Shared/ext/resources/themes/images/default/panel/bg-headersPanel.png HTTP/1.1" 200 255
181.212.43.89 - - [20/Aug/2024:11:26:11 -0300] "GET /cormun/static/Shared/ext/resources/themes/images/default/tools/tool-sprites.gif HTTP/1.1" 200 5434
181.212.43.89 - - [20/Aug/2024:11:26:14 -0300] "GET /cormun/servlet/solicitudot?INS,0,0,false, HTTP/1.1" 200 16019
181.212.43.89 - - [20/Aug/2024:11:26:14 -0300] "GET /cormun/static/gxcfg.js?20221129840861 HTTP/1.1" 200 953
181.212.43.89 - - [20/Aug/2024:11:26:14 -0300] "GET /cormun/static/Resources/prompt.gif HTTP/1.1" 200 902
181.212.43.89 - - [20/Aug/2024:11:26:14 -0300] "GET /cormun/static/solicitudot.js?20221129840983 HTTP/1.1" 200 74072
181.212.43.89 - - [20/Aug/2024:11:26:26 -0300] "POST /cormun/servlet/solicitudot?gx-no-cache=1724163946938 HTTP/1.1" 200 4030
181.212.43.89 - - [20/Aug/2024:11:26:26 -0300] "POST /cormun/servlet/solicitudot?3e422c2e2d055855e6f25aa7b745a9d0,INS,0,0,false,,gx-no-cache=1724163947031 HTTP/1.1" 200 12605
181.212.43.89 - - [20/Aug/2024:11:26:26 -0300] "GET /cormun/servlet/solicitudot?dcfab575974750ac3e9f653740e66d5ec12f7759d21b1f37da5b1a90b25b698900a6945ae27df9b5c50bfedb3acea868,gx-no-cache=1724163947761 HTTP/1.1" 200 30
192.168.10.17 - - [20/Aug/2024:11:26:28 -0300] "GET /cormun/servlet/trsolicitudgral? HTTP/1.1" 200 8322
181.212.47.136 - - [20/Aug/2024:11:26:41 -0300] "GET /cormun/servlet/hlogin HTTP/1.1" 200 1718
181.212.47.136 - - [20/Aug/2024:11:26:42 -0300] "GET /cormun/servlet/hlogin HTTP/1.1" 200 1718
181.212.47.136 - - [20/Aug/2024:11:26:43 -0300] "GET /cormun/servlet/hlogin HTTP/1.1" 200 1718
192.168.10.17 - - [20/Aug/2024:11:27:39 -0300] "POST /cormun/servlet/trsolicitudgral?2ab1d0db856fb59d103b4616a0057f18,,gx-no-cache=1724164039141 HTTP/1.1" 200 7206
192.168.10.17 - - [20/Aug/2024:11:27:51 -0300] "GET /cormun/static/menuarrow.gif HTTP/1.1" 404 1015
192.168.10.17 - - [20/Aug/2024:11:27:54 -0300] "POST /cormun/servlet/trsolicitudgral?2ab1d0db856fb59d103b4616a0057f18,,gx-no-cache=1724164053732 HTTP/1.1" 200 7206
192.168.10.17 - - [20/Aug/2024:11:27:54 -0300] "POST /cormun/servlet/trsolicitudgral?2ab1d0db856fb59d103b4616a0057f18,,gx-no-cache=1724164054297 HTTP/1.1" 200 7206
190.171.153.34 - - [20/Aug/2024:11:28:52 -0300] "GET /cormun/servlet/hlogin HTTP/1.1" 200 1721
190.171.153.34 - - [20/Aug/2024:11:28:52 -0300] "GET /cormun/servlet/hlogin HTTP/1.1" 200 1731
181.212.43.89 - - [20/Aug/2024:11:28:54 -0300] "GET /cormun/static/Resources/resize.gif HTTP/1.1" 200 77
181.212.43.89 - - [20/Aug/2024:11:28:54 -0300] "GET /cormun/static/Resources/PXTools/ClosePrompt.png HTTP/1.1" 200 1036
181.212.43.89 - - [20/Aug/2024:11:28:54 -0300] "GET /cormun/servlet/prbanco?,MD,,gxPopupLevel%3D0%3B HTTP/1.1" 200 6654
181.212.43.89 - - [20/Aug/2024:11:28:54 -0300] "GET /cormun/static/gxcfg.js?20201216131581 HTTP/1.1" 200 953
181.212.43.89 - - [20/Aug/2024:11:28:54 -0300] "GET /cormun/static/Resources/PXToolsMenuSearch.png HTTP/1.1" 200 336
181.212.43.89 - - [20/Aug/2024:11:28:54 -0300] "GET /cormun/static/prbanco.js?20201216132311 HTTP/1.1" 200 10693
181.212.43.89 - - [20/Aug/2024:11:28:54 -0300] "GET /cormun/static/menusearch.js?20201214473581 HTTP/1.1" 200 1424
181.212.43.89 - - [20/Aug/2024:11:28:54 -0300] "GET /cormun/static/hmpwkw011.js?202211298443482 HTTP/1.1" 200 1968
181.212.43.89 - - [20/Aug/2024:11:28:54 -0300] "GET /cormun/static/Resources/PXToolsMenuSearchCancel.png HTTP/1.1" 200 306
181.212.43.89 - - [20/Aug/2024:11:28:59 -0300] "GET /cormun/servlet/solicitudot?dcfab575974750ac3e9f653740e66d5e918405aec53357ab36d198dabc34e064e5de9c99593d5d03a508a359cef18864,gx-no-cache=1724164100672 HTTP/1.1" 200 103
181.212.43.89 - - [20/Aug/2024:11:28:59 -0300] "GET /cormun/static/Shared/jqueryui/images/ui-bg_highlight-soft_100_c6c2c8_1x100.png HTTP/1.1" 404 1117
181.212.43.89 - - [20/Aug/2024:11:28:59 -0300] "GET /cormun/static/Shared/jqueryui/images/ui-icons_82798d_256x240.png HTTP/1.1" 404 1089
181.212.43.89 - - [20/Aug/2024:11:28:59 -0300] "GET /cormun/static/Shared/jqueryui/images/ui-bg_flat_55_994d53_40x100.png HTTP/1.1" 404 1097
181.212.43.89 - - [20/Aug/2024:11:28:59 -0300] "GET /cormun/static/Shared/jqueryui/images/ui-icons_ebccce_256x240.png HTTP/1.1" 404 1089
190.171.153.34 - - [20/Aug/2024:11:29:00 -0300] "POST /cormun/servlet/hlogin?f4aca72b2f885ad14dff6b9021a8e5fc,gx-no-cache=1724164103489 HTTP/1.1" 200 90
190.171.153.34 - - [20/Aug/2024:11:29:01 -0300] "GET /cormun/servlet/hpexe_link HTTP/1.1" 200 953
190.171.153.34 - - [20/Aug/2024:11:29:01 -0300] "GET /cormun/servlet/hhome HTTP/1.1" 200 4364
181.212.43.89 - - [20/Aug/2024:11:29:02 -0300] "GET /cormun/servlet/solicitudot?dcfab575974750ac3e9f653740e66d5ebf40425e973bc1debc4de48aff2decc2,gx-no-cache=1724164103622 HTTP/1.1" 200 51
190.171.153.34 - - [20/Aug/2024:11:29:10 -0300] "GET /cormun/servlet/trsolicitudot? HTTP/1.1" 200 7585
190.171.153.34 - - [20/Aug/2024:11:29:10 -0300] "GET /cormun/static/gxcfg.js?20221129846531 HTTP/1.1" 200 953
190.171.153.34 - - [20/Aug/2024:11:29:10 -0300] "GET /cormun/static/trsolicitudot.js?202211298465651 HTTP/1.1" 200 54040
190.171.153.34 - - [20/Aug/2024:11:29:14 -0300] "GET /cormun/servlet/solicitudot?INS,0,0,false, HTTP/1.1" 200 16354
190.171.153.34 - - [20/Aug/2024:11:29:14 -0300] "GET /cormun/static/gxcfg.js?20221129840861 HTTP/1.1" 200 953
190.171.153.34 - - [20/Aug/2024:11:29:14 -0300] "GET /cormun/static/Resources/prompt.gif HTTP/1.1" 200 902
190.171.153.34 - - [20/Aug/2024:11:29:14 -0300] "GET /cormun/static/solicitudot.js?20221129840983 HTTP/1.1" 200 74072
181.212.43.89 - - [20/Aug/2024:11:29:15 -0300] "GET /cormun/servlet/solicitudot?dcfab575974750ac3e9f653740e66d5e918405aec53357ab36d198dabc34e06449bd66917b12c3d9033b9e731ea1c60800cd99a7aa65c1dc999edd8b07974be8,gx-no-cache=1724164115885 HTTP/1.1" 200 30
190.171.142.10 - - [20/Aug/2024:11:29:21 -0300] "GET /cormun/servlet/hlogin HTTP/1.1" 200 1724
190.171.142.10 - - [20/Aug/2024:11:29:21 -0300] "GET /cormun/servlet/hlogin HTTP/1.1" 200 1734
190.171.142.10 - - [20/Aug/2024:11:29:24 -0300] "POST /cormun/servlet/hlogin?3cf0ce2e09ed4809d2d1909de5a2fa42,gx-no-cache=1724164127446 HTTP/1.1" 200 90
190.171.142.10 - - [20/Aug/2024:11:29:25 -0300] "GET /cormun/servlet/hpexe_link HTTP/1.1" 200 953
190.171.153.34 - - [20/Aug/2024:11:29:25 -0300] "POST /cormun/servlet/solicitudot?gx-no-cache=1724164127876 HTTP/1.1" 200 4030
190.171.153.34 - - [20/Aug/2024:11:29:25 -0300] "POST /cormun/servlet/solicitudot?f4aca72b2f885ad14dff6b9021a8e5fc,INS,0,0,false,,gx-no-cache=1724164128004 HTTP/1.1" 200 12889
190.171.142.10 - - [20/Aug/2024:11:29:25 -0300] "GET /cormun/servlet/hhome HTTP/1.1" 200 4200
190.171.142.10 - - [20/Aug/2024:11:29:32 -0300] "GET /cormun/servlet/trsolicitudot? HTTP/1.1" 200 7419
190.171.142.10 - - [20/Aug/2024:11:29:32 -0300] "GET /cormun/static/gxcfg.js?20221129846531 HTTP/1.1" 200 953
190.171.142.10 - - [20/Aug/2024:11:29:32 -0300] "GET /cormun/static/trsolicitudot.js?202211298465651 HTTP/1.1" 200 54040
181.212.43.89 - - [20/Aug/2024:11:29:35 -0300] "POST /cormun/servlet/solicitudot?gx-no-cache=1724164136189 HTTP/1.1" 200 256
190.171.142.10 - - [20/Aug/2024:11:29:36 -0300] "GET /cormun/servlet/trautorizarsolicitud? HTTP/1.1" 200 8719
190.171.142.10 - - [20/Aug/2024:11:29:36 -0300] "GET /cormun/static/gxcfg.js?202211298474254 HTTP/1.1" 200 953
190.171.142.10 - - [20/Aug/2024:11:29:36 -0300] "GET /cormun/static/trautorizarsolicitud.js?202211298474588 HTTP/1.1" 200 53909
190.171.142.10 - - [20/Aug/2024:11:29:36 -0300] "GET /cormun//static/Resources/PXToolsGridDelete.png HTTP/1.1" 200 538
190.171.142.10 - - [20/Aug/2024:11:29:36 -0300] "GET /cormun//static/Resources/PXToolsGridUpdate.png HTTP/1.1" 200 470
190.171.142.10 - - [20/Aug/2024:11:29:36 -0300] "GET /cormun//static/Resources/PXToolsActionView.png HTTP/1.1" 200 398
190.171.142.10 - - [20/Aug/2024:11:29:36 -0300] "GET /cormun//static/Resources/PXToolsRemoveAllAction.png HTTP/1.1" 200 487
181.212.43.89 - - [20/Aug/2024:11:29:37 -0300] "POST /cormun/servlet/solicitudot?gx-no-cache=1724164138624 HTTP/1.1" 200 243
190.171.142.10 - - [20/Aug/2024:11:29:39 -0300] "POST /cormun/servlet/trautorizarsolicitud?3cf0ce2e09ed4809d2d1909de5a2fa42,,gx-no-cache=1724164141778 HTTP/1.1" 200 107
190.171.142.10 - - [20/Aug/2024:11:29:39 -0300] "GET /cormun/servlet/trsolicitudadjuntos?2024,21656, HTTP/1.1" 200 6242
190.171.142.10 - - [20/Aug/2024:11:29:39 -0300] "GET /cormun/static/gxcfg.js?20201215574222 HTTP/1.1" 200 953
190.171.142.10 - - [20/Aug/2024:11:29:39 -0300] "GET /cormun/static/Resources/PXToolsGridNew.png HTTP/1.1" 200 427
190.171.142.10 - - [20/Aug/2024:11:29:39 -0300] "GET /cormun/static/trsolicitudadjuntos.js?20201215574932 HTTP/1.1" 200 17921
181.212.43.89 - - [20/Aug/2024:11:29:40 -0300] "GET /cormun/servlet/solicitudot?dcfab575974750ac3e9f653740e66d5ecaac4ae2deb34ef1cae0f2f62924e75b56e53683a612d6558eedd95b275e1a25a96830473a910a0823c0ef2df357f3ef95a9d46926cb920bf3b048c3a43c05f8ec84c67ef3d0c752336a627e2e3d83a1f096223b6e07407a5937231ae19a702998b2d81d73e46231b6853ea61d20c0ec4fc756158bed58caacf0a697bcf9334653adb395a7a58b68c4636cad6d6dc333e755118e7a8cc114dadf7e3aa730eab609f12c8cba02c7d198768fe78e8df16c6b91844dc388760d806fd9fae9fc28e8a0107df5fdfdf9751b8bc1c71efa5dcff114e8fe3b9193c818316c4f9bd1bbcbf52e3b1cbc9380de438efa610ba39665ae0d124e180aa210cfe838f1ff6f70198405045a120329a5b0e1a1ecd8829722b66bf2874aac24cb34a443fc9e2008de749213d2ae7cbbf27329c3e02159e2d3faddc8a84b07af2ed26a84f8bf4f23147eec66822dc0b0c3236755850cb20339a179008d0e178cd2b6c8bab4e6aa368927dd399ccdfa1fd8488927a449878cef,gx-no-cache=1724164141723 HTTP/1.1" 200 30
190.171.153.34 - - [20/Aug/2024:11:29:42 -0300] "GET /cormun/servlet/solicitudot?8ad994120b445b4836290bcd6d6cd076eae0d534df670bb09dbcd10b1ff577f3e8e2cc6f5aca264ffa829ba28439a9ac,gx-no-cache=1724164145134 HTTP/1.1" 200 30
181.212.43.89 - - [20/Aug/2024:11:29:44 -0300] "POST /cormun/servlet/solicitudot?gx-no-cache=1724164145023 HTTP/1.1" 200 30
190.171.142.10 - - [20/Aug/2024:11:29:45 -0300] "GET /cormun/servlet/trautorizarsolicitud? HTTP/1.1" 200 8719
190.171.142.10 - - [20/Aug/2024:11:29:49 -0300] "POST /cormun/servlet/trautorizarsolicitud?3cf0ce2e09ed4809d2d1909de5a2fa42,,gx-no-cache=1724164152542 HTTP/1.1" 200 107
190.171.142.10 - - [20/Aug/2024:11:29:50 -0300] "GET /cormun/servlet/trsolicitudadjuntos?2024,21656, HTTP/1.1" 200 6242
190.171.142.42 - - [20/Aug/2024:11:29:52 -0300] "GET /cormun/servlet/hlogin HTTP/1.1" 200 1719
190.171.142.10 - - [20/Aug/2024:11:29:55 -0300] "POST /cormun/servlet/trsolicitudadjuntos?3cf0ce2e09ed4809d2d1909de5a2fa42,2024,21656,,gx-no-cache=1724164157943 HTTP/1.1" 200 4196
190.171.143.82 - - [20/Aug/2024:11:29:57 -0300] "GET /cormun/servlet/hhome HTTP/1.1" 200 4250
190.171.142.10 - - [20/Aug/2024:11:29:58 -0300] "GET /cormun/servlet/trautorizarsolicitud? HTTP/1.1" 200 8719
190.171.142.42 - - [20/Aug/2024:11:29:59 -0300] "POST /cormun/servlet/hlogin?932ff89e6542879f917565b98deddc35,gx-no-cache=1724164161840 HTTP/1.1" 200 90
190.171.142.42 - - [20/Aug/2024:11:29:59 -0300] "GET /cormun/servlet/hpexe_link HTTP/1.1" 200 964
190.171.142.42 - - [20/Aug/2024:11:29:59 -0300] "GET /cormun/servlet/solicitudot?INS,0,0,false, HTTP/1.1" 200 15897
190.171.143.82 - - [20/Aug/2024:11:30:01 -0300] "GET /cormun/servlet/trpermisosgoce? HTTP/1.1" 200 18505
190.171.142.42 - - [20/Aug/2024:11:30:02 -0300] "GET /cormun/servlet/trpermisosgoce? HTTP/1.1" 200 12599
181.212.43.89 - - [20/Aug/2024:11:30:06 -0300] "GET /cormun/servlet/prlicenciaspermisos?16010761,L,,MD,,gxPopupLevel%3D0%3B HTTP/1.1" 200 6664
181.212.43.89 - - [20/Aug/2024:11:30:06 -0300] "GET /cormun/static/gxcfg.js?2020121559567 HTTP/1.1" 200 953
181.212.43.89 - - [20/Aug/2024:11:30:06 -0300] "GET /cormun/static/prlicenciaspermisos.js?2020121559821 HTTP/1.1" 200 13379
192.168.10.96 - - [20/Aug/2024:11:30:09 -0300] "GET /cormun/servlet/hlogin HTTP/1.1" 200 1721
192.168.10.96 - - [20/Aug/2024:11:30:09 -0300] "GET /cormun/static/gxtimezone.js?85251 HTTP/1.1" 200 5781
192.168.10.96 - - [20/Aug/2024:11:30:09 -0300] "GET /cormun/static/Resources/Spanish/PXTools.css?1759030 HTTP/1.1" 200 100853
192.168.10.96 - - [20/Aug/2024:11:30:09 -0300] "GET /cormun/static/gxcfg.js?2022112219184450 HTTP/1.1" 200 953
192.168.10.96 - - [20/Aug/2024:11:30:09 -0300] "GET /cormun/static/messages.spa.js?85251 HTTP/1.1" 200 30736
192.168.10.96 - - [20/Aug/2024:11:30:09 -0300] "GET /cormun/static/Resources/CormunLogin.png HTTP/1.1" 200 19132
192.168.10.96 - - [20/Aug/2024:11:30:09 -0300] "GET /cormun/static/hlogin.js?2022112219184458 HTTP/1.1" 200 2156
192.168.10.96 - - [20/Aug/2024:11:30:09 -0300] "GET /cormun/static/gxgral.js?85251 HTTP/1.1" 200 384558
192.168.10.96 - - [20/Aug/2024:11:30:09 -0300] "GET /cormun/static/Resources/PXToolsLoginBackground.png HTTP/1.1" 200 1164
192.168.10.96 - - [20/Aug/2024:11:30:09 -0300] "GET /cormun/static/Resources/PXToolsLoginTop.png HTTP/1.1" 200 1337
192.168.10.96 - - [20/Aug/2024:11:30:09 -0300] "GET /cormun/static/Resources/PXToolsButtonLeft.png HTTP/1.1" 200 1310
192.168.10.96 - - [20/Aug/2024:11:30:09 -0300] "GET /cormun/static/Resources/PXToolsButtonRight.png HTTP/1.1" 200 1294
192.168.10.96 - - [20/Aug/2024:11:30:09 -0300] "GET /cormun/static/Resources/PXToolsButtonBackground.png HTTP/1.1" 200 1176
192.168.10.96 - - [20/Aug/2024:11:30:09 -0300] "GET /cormun/static/Resources/PXToolsLoginBottom.png HTTP/1.1" 200 1389
192.168.10.96 - - [20/Aug/2024:11:30:09 -0300] "GET /cormun/static/Resources/indicator.gif HTTP/1.1" 200 1553
192.168.10.96 - - [20/Aug/2024:11:30:09 -0300] "GET /cormun/servlet/hlogin HTTP/1.1" 200 1731
181.212.43.89 - - [20/Aug/2024:11:30:09 -0300] "POST /cormun/servlet/solicitudot?gx-no-cache=1724164170226 HTTP/1.1" 200 1482
181.212.43.89 - - [20/Aug/2024:11:30:11 -0300] "POST /cormun/servlet/solicitudot?gx-no-cache=1724164172661 HTTP/1.1" 200 41
190.171.142.10 - - [20/Aug/2024:11:30:13 -0300] "POST /cormun/servlet/trautorizarsolicitud?3cf0ce2e09ed4809d2d1909de5a2fa42,,gx-no-cache=1724164176400 HTTP/1.1" 200 107
190.171.142.10 - - [20/Aug/2024:11:30:13 -0300] "GET /cormun/servlet/trsolicitudadjuntos?2024,21656, HTTP/1.1" 200 6242
192.168.10.96 - - [20/Aug/2024:11:30:13 -0300] "POST /cormun/servlet/hlogin?15bc88abc2ad390696e769229baa6caa,gx-no-cache=1724164193526 HTTP/1.1" 200 90
192.168.10.96 - - [20/Aug/2024:11:30:14 -0300] "GET /cormun/servlet/hpexe_link HTTP/1.1" 200 950
192.168.10.96 - - [20/Aug/2024:11:30:14 -0300] "GET /cormun/static/hpexe_link.js?20221129847423 HTTP/1.1" 200 625
192.168.10.96 - - [20/Aug/2024:11:30:14 -0300] "GET /cormun/static/gxcfg.js?20221129847421 HTTP/1.1" 200 953
192.168.10.96 - - [20/Aug/2024:11:30:14 -0300] "GET /cormun/static/Resources/Spanish/PXTools.css?8354383 HTTP/1.1" 200 100853
192.168.10.96 - - [20/Aug/2024:11:30:14 -0300] "GET /cormun/servlet/hhome HTTP/1.1" 200 3817
192.168.10.96 - - [20/Aug/2024:11:30:14 -0300] "GET /cormun/static/Shared/jqueryui/jquery-ui.min.css?1345370 HTTP/1.1" 200 30288
192.168.10.96 - - [20/Aug/2024:11:30:14 -0300] "GET /cormun/static/SmoothNavMenu/resources/ddsmoothmenu.css?1112540 HTTP/1.1" 200 2223
192.168.10.96 - - [20/Aug/2024:11:30:14 -0300] "GET /cormun/static/SmoothNavMenu/resources/ddsmoothmenu-v.css?1112540 HTTP/1.1" 200 1188
192.168.10.96 - - [20/Aug/2024:11:30:14 -0300] "GET /cormun/static/scaMessage/css/jquery.pnotify.default.css?1816380 HTTP/1.1" 200 1707
192.168.10.96 - - [20/Aug/2024:11:30:14 -0300] "GET /cormun/static/Resources/Spanish/PXTools.css?14345360 HTTP/1.1" 200 100853
192.168.10.96 - - [20/Aug/2024:11:30:14 -0300] "GET /cormun/static/gxcfg.js?20201215495537 HTTP/1.1" 200 953
192.168.10.96 - - [20/Aug/2024:11:30:14 -0300] "GET /cormun/static/PXToolsJavascripts/pexe_autoreload.js HTTP/1.1" 200 1762
192.168.10.96 - - [20/Aug/2024:11:30:14 -0300] "GET /cormun/static/PXToolsJavascripts/pexe_cookies.js HTTP/1.1" 200 792
192.168.10.96 - - [20/Aug/2024:11:30:14 -0300] "GET /cormun/static/PXToolsJavascripts/pexe_windows.js HTTP/1.1" 200 15249
192.168.10.96 - - [20/Aug/2024:11:30:14 -0300] "GET /cormun/static/PXToolsJavascripts/pexe_grid.js HTTP/1.1" 200 7559
192.168.10.96 - - [20/Aug/2024:11:30:14 -0300] "GET /cormun/static/PXToolsJavascripts/pexe_griddivfix.js HTTP/1.1" 200 6946
192.168.10.96 - - [20/Aug/2024:11:30:14 -0300] "GET /cormun/static/PXToolsJavascripts/pexe_link.js HTTP/1.1" 200 5671
192.168.10.96 - - [20/Aug/2024:11:30:14 -0300] "GET /cormun/static/PXToolsJavascripts/pexe_menus.js HTTP/1.1" 200 1286
192.168.10.96 - - [20/Aug/2024:11:30:14 -0300] "GET /cormun/static/PXToolsJavascripts/pexe_menudivfix.js HTTP/1.1" 200 333
192.168.10.96 - - [20/Aug/2024:11:30:14 -0300] "GET /cormun/static/PXToolsJavascripts/pexe_layers.js HTTP/1.1" 200 4114
192.168.10.96 - - [20/Aug/2024:11:30:14 -0300] "GET /cormun/static/PXToolsJavascripts/pexe_oav.js HTTP/1.1" 200 645
192.168.10.96 - - [20/Aug/2024:11:30:14 -0300] "GET /cormun/static/PXToolsJavascripts/pexe_oavdivfix.js HTTP/1.1" 200 639
192.168.10.96 - - [20/Aug/2024:11:30:14 -0300] "GET /cormun/static/PXToolsJavascripts/pexe_picture.js HTTP/1.1" 200 689
192.168.10.96 - - [20/Aug/2024:11:30:14 -0300] "GET /cormun/static/PXToolsJavascripts/pexe_scrolldiv.js HTTP/1.1" 200 4138
192.168.10.96 - - [20/Aug/2024:11:30:14 -0300] "GET /cormun/static/PXToolsJavascripts/pexe_popup.js HTTP/1.1" 200 15149
192.168.10.96 - - [20/Aug/2024:11:30:14 -0300] "GET /cormun/static/PXToolsJavascripts/pexe_tabs.js HTTP/1.1" 200 3748
192.168.10.96 - - [20/Aug/2024:11:30:14 -0300] "GET /cormun/static/PXToolsJavascripts/PXToolsJavascriptsRender.js HTTP/1.1" 200 367
192.168.10.96 - - [20/Aug/2024:11:30:14 -0300] "GET /cormun/static/PXToolsJavascripts/pexe_tabdivfix.js HTTP/1.1" 200 898
192.168.10.96 - - [20/Aug/2024:11:30:14 -0300] "GET /cormun/static/PXToolsJavascripts/pexe_upload.js HTTP/1.1" 200 1423
192.168.10.96 - - [20/Aug/2024:11:30:14 -0300] "GET /cormun/static/Resources/CormunMP2.png HTTP/1.1" 200 6878
192.168.10.96 - - [20/Aug/2024:11:30:14 -0300] "GET /cormun/static/Resources/ImgHome.png HTTP/1.1" 200 1364
192.168.10.96 - - [20/Aug/2024:11:30:14 -0300] "GET /cormun/static/Resources/ImgLogin.png HTTP/1.1" 200 1432
192.168.10.96 - - [20/Aug/2024:11:30:14 -0300] "GET /cormun/static/Resources/Llave.png HTTP/1.1" 200 1395
192.168.10.96 - - [20/Aug/2024:11:30:14 -0300] "GET /cormun/static/RunJS/RunJS.js HTTP/1.1" 200 288
192.168.10.96 - - [20/Aug/2024:11:30:14 -0300] "GET /cormun/static/Shared/ext/locale/ext-lang-en.js HTTP/1.1" 200 10940
192.168.10.96 - - [20/Aug/2024:11:30:14 -0300] "GET /cormun/static/hhome.js?20201215495544 HTTP/1.1" 200 777
192.168.10.96 - - [20/Aug/2024:11:30:14 -0300] "GET /cormun/static/hpexe_recentlink.js?20201214471090 HTTP/1.1" 200 2144
192.168.10.96 - - [20/Aug/2024:11:30:14 -0300] "GET /cormun/static/hwchdr01.js?2022112219251119 HTTP/1.1" 200 996
192.168.10.96 - - [20/Aug/2024:11:30:14 -0300] "GET /cormun/static/Resources/PXToolsDataTitle.png HTTP/1.1" 200 1173
192.168.10.96 - - [20/Aug/2024:11:30:14 -0300] "GET /cormun/static/hpexe_scripts.js?20201214471411 HTTP/1.1" 200 1544
192.168.10.96 - - [20/Aug/2024:11:30:14 -0300] "GET /cormun/static/hpexe_messagecontroller.js?202211298371222 HTTP/1.1" 200 870
192.168.10.96 - - [20/Aug/2024:11:30:14 -0300] "GET /cormun/static/hpexe_messagepopupcomponent.js?2020121447232 HTTP/1.1" 200 605
192.168.10.96 - - [20/Aug/2024:11:30:14 -0300] "GET /cormun/static/hpexe_messagegenexuscomponent.js?20221129836373 HTTP/1.1" 200 587
192.168.10.96 - - [20/Aug/2024:11:30:14 -0300] "GET /cormun/static/cmcontrolpreferences.js?20199141926336 HTTP/1.1" 200 1375
192.168.10.96 - - [20/Aug/2024:11:30:14 -0300] "GET /cormun/static/gxui/gxui-all.js HTTP/1.1" 200 107772
192.168.10.96 - - [20/Aug/2024:11:30:14 -0300] "GET /cormun/static/SmoothNavMenu/resources/ddsmoothmenu.js HTTP/1.1" 200 12712
192.168.10.96 - - [20/Aug/2024:11:30:14 -0300] "GET /cormun/static/SmoothNavMenu/resources/SmoothNavMenuRender.js HTTP/1.1" 200 5951
192.168.10.96 - - [20/Aug/2024:11:30:14 -0300] "GET /cormun/static/scaMessage/js/jquery.pnotify.min.js HTTP/1.1" 200 13038
192.168.10.96 - - [20/Aug/2024:11:30:14 -0300] "GET /cormun/static/Shared/jquery/jquery-1.4.2.min.js HTTP/1.1" 200 72174
192.168.10.96 - - [20/Aug/2024:11:30:14 -0300] "GET /cormun/static/scaMessage/scaMessageRender.js HTTP/1.1" 200 11977
192.168.10.96 - - [20/Aug/2024:11:30:14 -0300] "GET /cormun/static/hmpwkw03.js?20221129844354 HTTP/1.1" 200 3971
192.168.10.96 - - [20/Aug/2024:11:30:14 -0300] "GET /cormun/static/Shared/jqueryui/jquery-ui.min.js HTTP/1.1" 200 240427
192.168.10.96 - - [20/Aug/2024:11:30:15 -0300] "GET /cormun/static/Shared/jquery/jquery-1.10.2.min.js HTTP/1.1" 200 273199
192.168.10.96 - - [20/Aug/2024:11:30:15 -0300] "GET /cormun/static/Shared/ext/ext-all.js HTTP/1.1" 200 1289687
192.168.10.96 - - [20/Aug/2024:11:30:15 -0300] "GET /cormun/static/SmoothNavMenu/resources/images/down.gif HTTP/1.1" 200 854
190.171.142.42 - - [20/Aug/2024:11:30:17 -0300] "POST /cormun/servlet/trpermisosgoce?932ff89e6542879f917565b98deddc35,,gx-no-cache=1724164180040 HTTP/1.1" 200 9791
192.168.10.96 - - [20/Aug/2024:11:30:18 -0300] "GET /cormun/servlet/trlicenciasgenerales? HTTP/1.1" 200 8415
192.168.10.96 - - [20/Aug/2024:11:30:18 -0300] "GET /cormun/static/gxcfg.js?201991422444547 HTTP/1.1" 200 953
192.168.10.96 - - [20/Aug/2024:11:30:18 -0300] "GET /cormun/static/gxui/gxui-all.css?110300 HTTP/1.1" 200 2179
192.168.10.96 - - [20/Aug/2024:11:30:18 -0300] "GET /cormun/static/calendar.js?85251 HTTP/1.1" 200 26246
192.168.10.96 - - [20/Aug/2024:11:30:18 -0300] "GET /cormun/static/calendar-system.css?75620 HTTP/1.1" 200 5572
192.168.10.96 - - [20/Aug/2024:11:30:18 -0300] "GET /cormun/static/calendar-setup.js?85251 HTTP/1.1" 200 2588
192.168.10.96 - - [20/Aug/2024:11:30:18 -0300] "GET /cormun/static/calendar-es.js?85251 HTTP/1.1" 200 1901
192.168.10.96 - - [20/Aug/2024:11:30:18 -0300] "GET /cormun/static/Resources/PXTools/calendar.png HTTP/1.1" 200 1306
192.168.10.96 - - [20/Aug/2024:11:30:18 -0300] "GET /cormun/static/gxdec.js?85251 HTTP/1.1" 200 19579
192.168.10.96 - - [20/Aug/2024:11:30:18 -0300] "GET /cormun/static/Resources/Spanish/PXTools.css?2294816 HTTP/1.1" 200 100853
192.168.10.96 - - [20/Aug/2024:11:30:18 -0300] "GET /cormun/static/trlicenciasgenerales.js?201991422445161 HTTP/1.1" 200 37698
192.168.10.96 - - [20/Aug/2024:11:30:18 -0300] "GET /cormun/static/Shared/ext/resources/css/ext-all.css?205870 HTTP/1.1" 200 416045
192.168.10.96 - - [20/Aug/2024:11:30:18 -0300] "GET /cormun/static/Resources/PXToolsDataSearch.png HTTP/1.1" 200 435
192.168.10.96 - - [20/Aug/2024:11:30:18 -0300] "GET /cormun/static/Resources/PXToolsGridFirstDisabled.gif HTTP/1.1" 200 100
192.168.10.96 - - [20/Aug/2024:11:30:18 -0300] "GET /cormun/static/Resources/PXToolsGridNextDisabled.gif HTTP/1.1" 200 90
192.168.10.96 - - [20/Aug/2024:11:30:18 -0300] "GET /cormun/static/Resources/PXToolsGridPreviousDisabled.gif HTTP/1.1" 200 90
192.168.10.96 - - [20/Aug/2024:11:30:18 -0300] "GET /cormun/static/Resources/PXToolsGridLastDisabled.gif HTTP/1.1" 200 98
192.168.10.96 - - [20/Aug/2024:11:30:18 -0300] "GET /cormun/static/Resources/PXToolsActionExcel.png HTTP/1.1" 200 727
192.168.10.96 - - [20/Aug/2024:11:30:18 -0300] "GET /cormun/static/Resources/PXToolsGridPage.gif HTTP/1.1" 200 725
192.168.10.96 - - [20/Aug/2024:11:30:19 -0300] "GET /cormun/static/Resources/asc.gif HTTP/1.1" 200 67
192.168.10.96 - - [20/Aug/2024:11:30:19 -0300] "GET /cormun/static/Resources/desc.gif HTTP/1.1" 200 65
192.168.10.96 - - [20/Aug/2024:11:30:19 -0300] "GET /cormun/static/Shared/ext/resources/themes/images/default/tools/tool-sprites.gif HTTP/1.1" 200 5434
192.168.10.96 - - [20/Aug/2024:11:30:19 -0300] "GET /cormun/static/Shared/ext/resources/themes/images/default/panel/bg-headersPanel.png HTTP/1.1" 200 255
190.171.142.42 - - [20/Aug/2024:11:30:21 -0300] "GET /cormun/servlet/trsolicitudot? HTTP/1.1" 200 7117
190.171.142.42 - - [20/Aug/2024:11:30:23 -0300] "GET /cormun/servlet/solicitudot?INS,0,0,false, HTTP/1.1" 200 15895
190.171.143.82 - - [20/Aug/2024:11:30:23 -0300] "GET /cormun/static/menuarrow.gif HTTP/1.1" 404 1015
190.171.142.10 - - [20/Aug/2024:11:30:24 -0300] "GET /cormun/servlet/trautorizarsolicitud? HTTP/1.1" 200 8719
181.212.43.89 - - [20/Aug/2024:11:30:28 -0300] "GET /cormun/servlet/solicitudot?dcfab575974750ac3e9f653740e66d5eebd44b4ca7ef2dc79e2c66a35abb1b867d2852dd14d213d62b13662d9ca42002ce90b90a26f6eafd82319a45292f5899ae70f9b0ab754ed3677ff9e312f75da60fcff7e3ab41a3450fe783d7bb40d03c979229c272ba87dfeecbcb358f385ac8,gx-no-cache=1724164189039 HTTP/1.1" 200 110
181.212.43.89 - - [20/Aug/2024:11:30:28 -0300] "POST /cormun/servlet/solicitudot?gx-no-cache=1724164189067 HTTP/1.1" 200 97
181.212.43.89 - - [20/Aug/2024:11:30:32 -0300] "GET /cormun/servlet/solicitudot?dcfab575974750ac3e9f653740e66d5e8b66df5dfa93b2be766d86b1c938bb42523e67ad33c9ab453dd1acb43599da96b8ac72945b4cd06c41f968be9df784873ae1207234c5e1a8533e0aadfd015ae7287cfab3d57945b694421e8cd20b9b48f77214d45f6d8e15af6e0dde3a34399d,gx-no-cache=1724164192905 HTTP/1.1" 200 29
181.212.43.89 - - [20/Aug/2024:11:30:32 -0300] "GET /cormun/static/menuarrow.gif HTTP/1.1" 404 1015
190.171.143.82 - - [20/Aug/2024:11:30:34 -0300] "POST /cormun/servlet/trpermisosgoce?ce07d6bb973055a5d9676594b3a0d792,,gx-no-cache=1724164197190 HTTP/1.1" 200 4461
190.171.142.10 - - [20/Aug/2024:11:30:36 -0300] "POST /cormun/servlet/trautorizarsolicitud?3cf0ce2e09ed4809d2d1909de5a2fa42,,gx-no-cache=1724164199150 HTTP/1.1" 200 4797
190.171.142.10 - - [20/Aug/2024:11:30:36 -0300] "GET /cormun/static/Shared/jqueryui/images/ui-bg_highlight-soft_100_c6c2c8_1x100.png HTTP/1.1" 404 1117
190.171.142.10 - - [20/Aug/2024:11:30:36 -0300] "GET /cormun/static/Shared/jqueryui/images/ui-icons_82798d_256x240.png HTTP/1.1" 404 1089
190.171.142.10 - - [20/Aug/2024:11:30:36 -0300] "GET /cormun/static/Shared/jqueryui/images/ui-bg_flat_55_fafafa_40x100.png HTTP/1.1" 404 1097
190.171.142.10 - - [20/Aug/2024:11:30:36 -0300] "GET /cormun/static/Shared/jqueryui/images/ui-icons_8d78a5_256x240.png HTTP/1.1" 404 1089
190.171.142.10 - - [20/Aug/2024:11:30:36 -0300] "POST /cormun/servlet/trautorizarsolicitud?3cf0ce2e09ed4809d2d1909de5a2fa42,,gx-no-cache=1724164199287 HTTP/1.1" 200 4543
192.168.10.96 - - [20/Aug/2024:11:30:38 -0300] "POST /cormun/servlet/trlicenciasgenerales?15bc88abc2ad390696e769229baa6caa,,gx-no-cache=1724164217991 HTTP/1.1" 200 90
192.168.10.96 - - [20/Aug/2024:11:30:38 -0300] "GET /cormun/servlet/hpexe_link HTTP/1.1" 200 958
192.168.10.96 - - [20/Aug/2024:11:30:38 -0300] "GET /cormun/servlet/hhome HTTP/1.1" 200 3817
190.171.142.10 - - [20/Aug/2024:11:30:40 -0300] "GET /cormun/static/Shared/jqueryui/images/ui-bg_highlight-soft_100_eae6ea_1x100.png HTTP/1.1" 404 1117
192.168.10.96 - - [20/Aug/2024:11:30:42 -0300] "GET /cormun/servlet/hlogin HTTP/1.1" 200 1733
190.171.143.82 - - [20/Aug/2024:11:30:46 -0300] "POST /cormun/servlet/trpermisosgoce?ce07d6bb973055a5d9676594b3a0d792,,gx-no-cache=1724164208875 HTTP/1.1" 200 8875
192.168.10.96 - - [20/Aug/2024:11:30:48 -0300] "POST /cormun/servlet/hlogin?15bc88abc2ad390696e769229baa6caa,gx-no-cache=1724164228396 HTTP/1.1" 200 90
192.168.10.96 - - [20/Aug/2024:11:30:48 -0300] "GET /cormun/servlet/hpexe_link HTTP/1.1" 200 950
192.168.10.96 - - [20/Aug/2024:11:30:48 -0300] "GET /cormun/servlet/hhome HTTP/1.1" 200 4823
192.168.10.96 - - [20/Aug/2024:11:30:49 -0300] "GET /cormun/static/SmoothNavMenu/resources/images/right.gif HTTP/1.1" 200 860
190.171.143.82 - - [20/Aug/2024:11:30:51 -0300] "GET /cormun/servlet/trpermisosgoce? HTTP/1.1" 200 11577
192.168.10.96 - - [20/Aug/2024:11:30:54 -0300] "GET /cormun/servlet/trsecurityuser01? HTTP/1.1" 200 12251
192.168.10.96 - - [20/Aug/2024:11:30:54 -0300] "GET /cormun/static/Resources/Spanish/PXTools.css?19172979 HTTP/1.1" 200 100853
192.168.10.96 - - [20/Aug/2024:11:30:54 -0300] "GET /cormun/static/gxcfg.js?201991419585080 HTTP/1.1" 200 953
192.168.10.96 - - [20/Aug/2024:11:30:54 -0300] "GET /cormun/static/trsecurityuser01.js?201991419585536 HTTP/1.1" 200 19557
192.168.10.96 - - [20/Aug/2024:11:30:54 -0300] "GET /cormun/static/Resources/PXToolsAddAllAction.png HTTP/1.1" 200 495
192.168.10.96 - - [20/Aug/2024:11:30:54 -0300] "GET /cormun//static/Resources/PXToolsGridUpdate.png HTTP/1.1" 200 470
192.168.10.96 - - [20/Aug/2024:11:30:54 -0300] "GET /cormun//static/Resources/PXToolsGridDelete.png HTTP/1.1" 200 538
192.168.10.96 - - [20/Aug/2024:11:30:54 -0300] "GET /cormun//static/Resources/PXToolsHeaderPreferences.png HTTP/1.1" 200 1395
192.168.10.96 - - [20/Aug/2024:11:30:54 -0300] "GET /cormun//static/Resources/PXToolsAddAllAction.png HTTP/1.1" 200 495
190.171.143.82 - - [20/Aug/2024:11:30:57 -0300] "GET /cormun/servlet/permisogoce?INS,0,,, HTTP/1.1" 200 7151
192.168.10.96 - - [20/Aug/2024:11:31:00 -0300] "POST /cormun/servlet/trsecurityuser01?15bc88abc2ad390696e769229baa6caa,,gx-no-cache=1724164240175 HTTP/1.1" 200 4515
190.171.142.42 - - [20/Aug/2024:11:31:05 -0300] "POST /cormun/servlet/solicitudot?gx-no-cache=1724164227505 HTTP/1.1" 200 4039
190.171.142.42 - - [20/Aug/2024:11:31:05 -0300] "POST /cormun/servlet/solicitudot?932ff89e6542879f917565b98deddc35,INS,0,0,false,,gx-no-cache=1724164227667 HTTP/1.1" 200 12612
192.168.10.96 - - [20/Aug/2024:11:31:07 -0300] "POST /cormun/servlet/trsecurityuser01?15bc88abc2ad390696e769229baa6caa,,gx-no-cache=1724164246740 HTTP/1.1" 200 5200
190.171.142.42 - - [20/Aug/2024:11:31:08 -0300] "GET /cormun/servlet/solicitudot?bd8e65ff2d488b4537c982bdca66d220b88da35df241be9d4d5c651247c40ebe6fbb69dbea7661f1faed0c5342c0a4fc,gx-no-cache=1724164230689 HTTP/1.1" 200 30
190.171.153.34 - - [20/Aug/2024:11:31:12 -0300] "GET /cormun/static/Resources/resize.gif HTTP/1.1" 200 77
190.171.153.34 - - [20/Aug/2024:11:31:12 -0300] "GET /cormun/static/Resources/PXTools/ClosePrompt.png HTTP/1.1" 200 1036
190.171.153.34 - - [20/Aug/2024:11:31:12 -0300] "GET /cormun/servlet/prbanco?,MD,,gxPopupLevel%3D0%3B HTTP/1.1" 200 6755
190.171.153.34 - - [20/Aug/2024:11:31:12 -0300] "GET /cormun/static/gxcfg.js?20201216131581 HTTP/1.1" 200 953
190.171.153.34 - - [20/Aug/2024:11:31:12 -0300] "GET /cormun/static/Resources/PXToolsMenuSearch.png HTTP/1.1" 200 336
190.171.153.34 - - [20/Aug/2024:11:31:12 -0300] "GET /cormun/static/prbanco.js?20201216132311 HTTP/1.1" 200 10693
190.171.153.34 - - [20/Aug/2024:11:31:12 -0300] "GET /cormun/static/menusearch.js?20201214473581 HTTP/1.1" 200 1424
190.171.153.34 - - [20/Aug/2024:11:31:12 -0300] "GET /cormun/static/hmpwkw011.js?202211298443482 HTTP/1.1" 200 1968
190.171.153.34 - - [20/Aug/2024:11:31:12 -0300] "GET /cormun/static/Resources/PXToolsMenuSearchCancel.png HTTP/1.1" 200 306
192.168.10.96 - - [20/Aug/2024:11:31:13 -0300] "POST /cormun/servlet/trsecurityuser01?15bc88abc2ad390696e769229baa6caa,,gx-no-cache=1724164253038 HTTP/1.1" 200 4514
192.168.10.96 - - [20/Aug/2024:11:31:14 -0300] "POST /cormun/servlet/trsecurityuser01?15bc88abc2ad390696e769229baa6caa,,gx-no-cache=1724164253716 HTTP/1.1" 200 4514
190.171.143.90 - - [20/Aug/2024:11:31:15 -0300] "GET /cormun/servlet/hlogin HTTP/1.1" 200 1721
192.168.10.96 - - [20/Aug/2024:11:31:17 -0300] "POST /cormun/servlet/trsecurityuser01?15bc88abc2ad390696e769229baa6caa,,gx-no-cache=1724164256661 HTTP/1.1" 200 10018
190.171.153.34 - - [20/Aug/2024:11:31:17 -0300] "GET /cormun/servlet/solicitudot?8ad994120b445b4836290bcd6d6cd0760d26751f51aca79fc50e704258240f761439fcb0a620b9033c01b846956a2a535260ba53de416f2fe7ed82c10d9b8765,gx-no-cache=1724164239906 HTTP/1.1" 200 30
192.168.10.96 - - [20/Aug/2024:11:31:17 -0300] "GET /cormun/static/Resources/PXToolsGridNext.gif HTTP/1.1" 200 369
192.168.10.96 - - [20/Aug/2024:11:31:17 -0300] "GET /cormun/static/Resources/PXToolsGridLast.gif HTTP/1.1" 200 370
190.171.153.34 - - [20/Aug/2024:11:31:18 -0300] "GET /cormun/servlet/solicitudot?8ad994120b445b4836290bcd6d6cd076b801bf89d8d59df1be0511e51524cc2c,gx-no-cache=1724164241331 HTTP/1.1" 200 53
190.171.143.90 - - [20/Aug/2024:11:31:21 -0300] "POST /cormun/servlet/hlogin?aa331d8fd27cd22444831ef532be3513,gx-no-cache=1724164244163 HTTP/1.1" 200 432
190.171.143.90 - - [20/Aug/2024:11:31:26 -0300] "POST /cormun/servlet/hlogin?aa331d8fd27cd22444831ef532be3513,gx-no-cache=1724164249665 HTTP/1.1" 200 90
190.171.143.90 - - [20/Aug/2024:11:31:26 -0300] "GET /cormun/servlet/hpexe_link HTTP/1.1" 200 957
181.212.47.136 - - [20/Aug/2024:11:31:27 -0300] "GET /cormun/servlet/hlogin HTTP/1.1" 200 1718
190.171.143.90 - - [20/Aug/2024:11:31:27 -0300] "GET /cormun/servlet/prbanco?,MD, HTTP/1.1" 200 6680
190.171.142.42 - - [20/Aug/2024:11:31:33 -0300] "GET /cormun/servlet/hlogin HTTP/1.1" 200 1719
181.212.43.89 - - [20/Aug/2024:11:31:33 -0300] "GET /cormun/servlet/solicitudot?dcfab575974750ac3e9f653740e66d5e3be89e6c76d55c084ab264913c5cc3fd095e4290f1f63064237753768122411e,gx-no-cache=1724164254763 HTTP/1.1" 200 30
181.212.43.89 - - [20/Aug/2024:11:31:33 -0300] "POST /cormun/servlet/solicitudot?gx-no-cache=1724164254800 HTTP/1.1" 200 34
190.171.153.34 - - [20/Aug/2024:11:31:34 -0300] "POST /cormun/servlet/solicitudot?gx-no-cache=1724164257609 HTTP/1.1" 200 240
190.171.153.34 - - [20/Aug/2024:11:31:39 -0300] "GET /cormun/servlet/solicitudot?8ad994120b445b4836290bcd6d6cd0764f2011ca3bd87b0eff43c6fedbb6369f5faae698fc93d42aaef3c08a9aaee552a2019dd96c50708670fe18d342618773c8dbf588a89ffaea9a2a9476c6deaca7d54e4e7b03c8a116978ab27beab816065ff7214b5248437e80ed5e87ed0a39f8fe80ac173b0479dfde645d430e2815c418668bf9c9c03c9ba2cba3afcd59f85011ed5ab5b478e1b6b6d99960c9854b7fe8b8b1351b63752d128231fe30bba7cd36d515879d4646ddc20a172157ff084a30a914b6ae7297a89e6cc6843ec8df2656ef33b934306135eac04f002f3116c594d9e8197712ce89f93566683f33d976e81adab9694c557ea3a74463f5c809d50cfa5da8e091804c5fe6385d18152912a6fb58bfc430f24b4624848c5401280cd28599827e1b057107e183454c349d6512328ba84998ed1c55319a58333fa724223b5d637e67c803a170ac0e3c507fa12f10c2d8f98926efaff852cefc3b543bde59faa38da7925e0033bcfef7222c4d8d40e9fbf20e29fadd01ff60f7458079,gx-no-cache=1724164261785 HTTP/1.1" 200 30
190.171.142.42 - - [20/Aug/2024:11:31:41 -0300] "POST /cormun/servlet/hlogin?932ff89e6542879f917565b98deddc35,gx-no-cache=1724164263438 HTTP/1.1" 200 90
190.171.142.42 - - [20/Aug/2024:11:31:41 -0300] "GET /cormun/servlet/hpexe_link HTTP/1.1" 200 964
190.171.142.42 - - [20/Aug/2024:11:31:41 -0300] "GET /cormun/servlet/solicitudot?INS,0,0,false, HTTP/1.1" 200 15897
190.171.153.34 - - [20/Aug/2024:11:31:42 -0300] "POST /cormun/servlet/solicitudot?gx-no-cache=1724164264865 HTTP/1.1" 200 30
181.212.43.89 - - [20/Aug/2024:11:31:49 -0300] "POST /cormun/servlet/solicitudot?3e422c2e2d055855e6f25aa7b745a9d0,INS,0,0,false,,gx-no-cache=1724164270042 HTTP/1.1" 500 10
190.171.143.82 - - [20/Aug/2024:11:31:50 -0300] "GET /cormun/servlet/permisogoce?cdb8e8330e954dfc360f27ffbf4bbbe037455042139a33b38323c18a2e6f415f532497ada469f49ff6177becfcbf64b8c9e018f92650031cc0d92d4199051489,gx-no-cache=1724164273235 HTTP/1.1" 200 81
190.171.142.10 - - [20/Aug/2024:11:31:54 -0300] "GET /cormun/servlet/trsolicitudot? HTTP/1.1" 200 7420
190.171.142.10 - - [20/Aug/2024:11:31:57 -0300] "GET /cormun/servlet/trautorizarsolicitud? HTTP/1.1" 200 7319
190.171.142.10 - - [20/Aug/2024:11:32:02 -0300] "GET /cormun/servlet/trsolicitudcuentarbd? HTTP/1.1" 200 6941
190.171.142.10 - - [20/Aug/2024:11:32:02 -0300] "GET /cormun/static/gxui/gxui-all.css?110300 HTTP/1.1" 200 2179
190.171.142.10 - - [20/Aug/2024:11:32:02 -0300] "GET /cormun/static/calendar-system.css?75620 HTTP/1.1" 200 5572
190.171.142.10 - - [20/Aug/2024:11:32:02 -0300] "GET /cormun/static/gxcfg.js?201991422574133 HTTP/1.1" 200 953
190.171.142.10 - - [20/Aug/2024:11:32:02 -0300] "GET /cormun/static/Resources/Spanish/PXTools.css?2294816 HTTP/1.1" 200 100853
190.171.142.10 - - [20/Aug/2024:11:32:02 -0300] "GET /cormun/static/trsolicitudcuentarbd.js?201991422574613 HTTP/1.1" 200 29350
190.171.142.10 - - [20/Aug/2024:11:32:02 -0300] "GET /cormun/static/Shared/ext/resources/css/ext-all.css?205870 HTTP/1.1" 200 416045
190.171.142.10 - - [20/Aug/2024:11:32:03 -0300] "POST /cormun/servlet/acontrolpreferencessavestate?None,PJARA,true HTTP/1.1" 200 35
190.171.143.82 - - [20/Aug/2024:11:32:04 -0300] "GET /cormun/servlet/permisogoce?cdb8e8330e954dfc360f27ffbf4bbbe0cf9cb478c0575fc69f8470887a6a7db2aa4e47a5f5f4801bd777194249fa1ccd230aeddf8d2d480bf27ca0904754a4d1875e2a965e9402d2088097e256e0c7fe264576b964582aa2f975a3781f4492cc9cc25ea0f1624372557d6c311d8d3eb9,gx-no-cache=1724164287076 HTTP/1.1" 200 91
192.168.10.96 - - [20/Aug/2024:11:32:07 -0300] "GET /cormun/servlet/securityusers?UPD,66, HTTP/1.1" 200 7897
192.168.10.96 - - [20/Aug/2024:11:32:07 -0300] "GET /cormun/static/gxcfg.js?202012150861 HTTP/1.1" 200 953
192.168.10.96 - - [20/Aug/2024:11:32:07 -0300] "GET /cormun/static/securityusers.js?2020121501060 HTTP/1.1" 200 21447
190.171.153.34 - - [20/Aug/2024:11:32:07 -0300] "POST /cormun/servlet/solicitudot?gx-no-cache=1724164290289 HTTP/1.1" 200 1481
190.171.153.34 - - [20/Aug/2024:11:32:07 -0300] "GET /cormun/static/menuarrow.gif HTTP/1.1" 404 1015
192.168.10.96 - - [20/Aug/2024:11:32:13 -0300] "POST /cormun/servlet/securityusers?15bc88abc2ad390696e769229baa6caa,UPD,66,,gx-no-cache=1724164312901 HTTP/1.1" 200 90
192.168.10.96 - - [20/Aug/2024:11:32:13 -0300] "GET /cormun/servlet/hpexe_link HTTP/1.1" 200 965
192.168.10.96 - - [20/Aug/2024:11:32:13 -0300] "GET /cormun/servlet/trsecurityuser01? HTTP/1.1" 200 12251
192.168.10.96 - - [20/Aug/2024:11:32:20 -0300] "POST /cormun/servlet/trsecurityuser01?15bc88abc2ad390696e769229baa6caa,,gx-no-cache=1724164319727 HTTP/1.1" 200 10019
192.168.10.96 - - [20/Aug/2024:11:32:21 -0300] "POST /cormun/servlet/trsecurityuser01?15bc88abc2ad390696e769229baa6caa,,gx-no-cache=1724164321149 HTTP/1.1" 200 10747
192.168.10.96 - - [20/Aug/2024:11:32:21 -0300] "GET /cormun/static/Resources/PXToolsGridFirst.gif HTTP/1.1" 200 379
192.168.10.96 - - [20/Aug/2024:11:32:21 -0300] "GET /cormun/static/Resources/PXToolsGridPrevious.gif HTTP/1.1" 200 369
192.168.10.96 - - [20/Aug/2024:11:32:59 -0300] "POST /cormun/servlet/trsecurityuser01?15bc88abc2ad390696e769229baa6caa,,gx-no-cache=1724164358956 HTTP/1.1" 200 10747
190.171.143.90 - - [20/Aug/2024:11:33:00 -0300] "GET /cormun/servlet/hlogin HTTP/1.1" 200 1721
190.171.142.42 - - [20/Aug/2024:11:33:05 -0300] "POST /cormun/servlet/solicitudot?gx-no-cache=1724164347675 HTTP/1.1" 200 4039
190.171.142.42 - - [20/Aug/2024:11:33:05 -0300] "POST /cormun/servlet/solicitudot?932ff89e6542879f917565b98deddc35,INS,0,0,false,,gx-no-cache=1724164347796 HTTP/1.1" 200 12613
190.171.143.90 - - [20/Aug/2024:11:33:06 -0300] "POST /cormun/servlet/hlogin?aa331d8fd27cd22444831ef532be3513,gx-no-cache=1724164349110 HTTP/1.1" 200 90
190.171.143.90 - - [20/Aug/2024:11:33:06 -0300] "GET /cormun/servlet/hpexe_link HTTP/1.1" 200 957
190.171.143.90 - - [20/Aug/2024:11:33:06 -0300] "GET /cormun/servlet/prbanco?,MD, HTTP/1.1" 200 6680
190.171.153.34 - - [20/Aug/2024:11:33:09 -0300] "POST /cormun/servlet/solicitudot?gx-no-cache=1724164352213 HTTP/1.1" 200 41
192.168.10.96 - - [20/Aug/2024:11:33:14 -0300] "POST /cormun/servlet/trsecurityuser01?15bc88abc2ad390696e769229baa6caa,,gx-no-cache=1724164373604 HTTP/1.1" 200 10747
192.168.10.96 - - [20/Aug/2024:11:33:15 -0300] "POST /cormun/servlet/trsecurityuser01?15bc88abc2ad390696e769229baa6caa,,gx-no-cache=1724164374508 HTTP/1.1" 200 10747
190.171.142.42 - - [20/Aug/2024:11:33:16 -0300] "POST /cormun/servlet/solicitudot?gx-no-cache=1724164358623 HTTP/1.1" 200 4156
190.171.142.42 - - [20/Aug/2024:11:33:16 -0300] "POST /cormun/servlet/solicitudot?932ff89e6542879f917565b98deddc35,INS,0,0,false,,gx-no-cache=1724164358721 HTTP/1.1" 200 12797
192.168.10.96 - - [20/Aug/2024:11:33:20 -0300] "POST /cormun/servlet/trsecurityuser01?15bc88abc2ad390696e769229baa6caa,,gx-no-cache=1724164380348 HTTP/1.1" 200 10747
190.171.142.42 - - [20/Aug/2024:11:33:22 -0300] "GET /cormun/servlet/solicitudot?bd8e65ff2d488b4537c982bdca66d220b5a7aff503ee37fc0cd98ba4e3fc83836fbb69dbea7661f1faed0c5342c0a4fc,gx-no-cache=1724164364730 HTTP/1.1" 200 30
192.168.10.96 - - [20/Aug/2024:11:33:22 -0300] "POST /cormun/servlet/trsecurityuser01?15bc88abc2ad390696e769229baa6caa,,gx-no-cache=1724164382124 HTTP/1.1" 200 7936
192.168.10.96 - - [20/Aug/2024:11:33:29 -0300] "POST /cormun/servlet/trsecurityuser01?15bc88abc2ad390696e769229baa6caa,,gx-no-cache=1724164389443 HTTP/1.1" 200 10019
192.168.10.96 - - [20/Aug/2024:11:33:42 -0300] "GET /cormun/servlet/securityusers?UPD,66, HTTP/1.1" 200 7897
190.171.153.34 - - [20/Aug/2024:11:33:43 -0300] "GET /cormun/servlet/solicitudot?8ad994120b445b4836290bcd6d6cd0763c7cca222cfbef5fd0b36d4e6024898a4277207a8c0e3bdf35e308f7779ded26b949ce45ae9b96f304750931b80cb8d6b33a6c005352f805ea2b5225ab49f6ef777ac180632bdbfc2bd9e4e704beb5edad854f8c699268fa8591ec1d7872769d,gx-no-cache=1724164386595 HTTP/1.1" 200 110
190.171.153.34 - - [20/Aug/2024:11:33:44 -0300] "POST /cormun/servlet/solicitudot?gx-no-cache=1724164386640 HTTP/1.1" 200 97
190.171.153.34 - - [20/Aug/2024:11:33:50 -0300] "GET /cormun/servlet/solicitudot?8ad994120b445b4836290bcd6d6cd076b7519996ffe264ecd1a34206e3b468d6f632c7cc7d707eafaf05b555e6913393674d3ceaa24126244a06eb78b556333e8031dbddc1aacb3f9b5e7b1add20f2603ed116cd3e34e963ec5b48b2f415cb7747695dc9fd50dc9586b3d96c9b75371b,gx-no-cache=1724164393374 HTTP/1.1" 200 29
190.171.142.42 - - [20/Aug/2024:11:33:55 -0300] "GET /cormun/servlet/solicitudot?bd8e65ff2d488b4537c982bdca66d220a6f40a6742ef3be42fac3c7bd323a26ce7cdb6edfe6de7f58cab73c5298a776171cd6c744922547a2d30f70fca6ffddf,gx-no-cache=1724164397565 HTTP/1.1" 200 30
190.171.142.42 - - [20/Aug/2024:11:33:55 -0300] "GET /cormun/servlet/solicitudot?bd8e65ff2d488b4537c982bdca66d220c724567659330464a80bc9a6e0b3448b,gx-no-cache=1724164397652 HTTP/1.1" 200 51
190.171.142.42 - - [20/Aug/2024:11:33:55 -0300] "POST /cormun/servlet/solicitudot?gx-no-cache=1724164397676 HTTP/1.1" 200 255
190.171.142.42 - - [20/Aug/2024:11:33:55 -0300] "GET /cormun/servlet/solicitudot?bd8e65ff2d488b4537c982bdca66d220d7c440d60ab05a459ec0ead48672084730660438f725ec7db4a682d8f6fd546b697449c4ab7432ffdaac60ad1253763614392fc1eaca073d2d06036e6634b8198e51fdd11dd6e8ab052767296572a0084bd11d8217b8bf9182d64a96ecd9b2d2226e68f618a2a4825ba9d21933b36b8691691ffa900bb71161f6d1bd6d7e0fc09ea70046e388b46277f0a1688ec4f97b0836866c015dcd7f945557609bd09b7e971663b6e0cd96da6ba4b6961115e44d2cef0f04292d8224a6fd0ceca9b31504e3767368bd3a91b490971b0322881e1e597d5631e0620552a87f9694495093c0bae6c87ad1245dff4b8609350e631607a0cd54dc6753322ad8e6643dc74f928c464537c14dc1579344da8d24fd88abb0a2995929f52b8838d097567d86ff6d5ac8488d9bda99ccae125ad23bdce15698cc612d7fcdb40077effcdc485182335a2cbcb64dc90577236f2a61db089fa30b268bf65cb6c61adc594d8bf888fe817b81c36cce7610a5a0a5f13755302eba7a,gx-no-cache=1724164397705 HTTP/1.1" 200 30
190.171.142.42 - - [20/Aug/2024:11:33:55 -0300] "POST /cormun/servlet/solicitudot?gx-no-cache=1724164397726 HTTP/1.1" 200 30
190.171.142.42 - - [20/Aug/2024:11:33:55 -0300] "POST /cormun/servlet/solicitudot?gx-no-cache=1724164397752 HTTP/1.1" 200 1481
190.171.142.42 - - [20/Aug/2024:11:33:55 -0300] "POST /cormun/servlet/solicitudot?gx-no-cache=1724164397788 HTTP/1.1" 200 38
190.171.142.42 - - [20/Aug/2024:11:33:55 -0300] "GET /cormun/servlet/solicitudot?bd8e65ff2d488b4537c982bdca66d2205d859225e463e3e44ec13af44a1badc764ea5f023b54bb109e9afd07d65dcb9fd0b3b276ff068f03e0d0b051566dd1daa990e7e3a208a5cef5330458862462ee343e48ceb9583a58ec04de6829ac15dd83435fd2b7b32b823ee3498c088ec369,gx-no-cache=1724164397811 HTTP/1.1" 200 110
190.171.142.42 - - [20/Aug/2024:11:33:55 -0300] "POST /cormun/servlet/solicitudot?gx-no-cache=1724164397838 HTTP/1.1" 200 97
192.168.10.96 - - [20/Aug/2024:11:33:57 -0300] "GET /cormun/servlet/hlogin HTTP/1.1" 200 1743
192.168.10.96 - - [20/Aug/2024:11:34:03 -0300] "POST /cormun/servlet/hlogin?15bc88abc2ad390696e769229baa6caa,gx-no-cache=1724164423210 HTTP/1.1" 200 90
192.168.10.96 - - [20/Aug/2024:11:34:03 -0300] "GET /cormun/servlet/hpexe_link HTTP/1.1" 200 950
192.168.10.96 - - [20/Aug/2024:11:34:03 -0300] "GET /cormun/servlet/hhome HTTP/1.1" 200 3782
190.171.153.34 - - [20/Aug/2024:11:34:04 -0300] "GET /cormun/servlet/solicitudot?8ad994120b445b4836290bcd6d6cd076414e015578d15122f240b09bed30467f594dfdf3538c040a8517e67389d5c3ba,gx-no-cache=1724164406886 HTTP/1.1" 200 30
190.171.153.34 - - [20/Aug/2024:11:34:04 -0300] "POST /cormun/servlet/solicitudot?gx-no-cache=1724164406905 HTTP/1.1" 200 34
190.171.153.34 - - [20/Aug/2024:11:34:04 -0300] "POST /cormun/servlet/solicitudot?f4aca72b2f885ad14dff6b9021a8e5fc,INS,0,0,false,,gx-no-cache=1724164406931 HTTP/1.1" 500 10
192.168.10.96 - - [20/Aug/2024:11:34:06 -0300] "GET /cormun/servlet/trsolicitudot? HTTP/1.1" 200 6979
192.168.10.96 - - [20/Aug/2024:11:34:06 -0300] "GET /cormun/static/gxui/gxui-all.css?120300 HTTP/1.1" 200 2179
192.168.10.96 - - [20/Aug/2024:11:34:06 -0300] "GET /cormun/static/calendar-system.css?85620 HTTP/1.1" 200 5572
192.168.10.96 - - [20/Aug/2024:11:34:06 -0300] "GET /cormun/static/gxcfg.js?20221129846531 HTTP/1.1" 200 953
192.168.10.96 - - [20/Aug/2024:11:34:06 -0300] "GET /cormun/static/trsolicitudot.js?202211298465651 HTTP/1.1" 200 54040
192.168.10.96 - - [20/Aug/2024:11:34:06 -0300] "GET /cormun/static/Shared/ext/resources/css/ext-all.css?215870 HTTP/1.1" 200 416045
192.168.10.96 - - [20/Aug/2024:11:34:11 -0300] "GET /cormun/servlet/trsolicitudot? HTTP/1.1" 200 6978
192.168.10.96 - - [20/Aug/2024:11:34:15 -0300] "POST /cormun/servlet/trsolicitudot?15bc88abc2ad390696e769229baa6caa,,gx-no-cache=1724164434652 HTTP/1.1" 200 4347
192.168.10.96 - - [20/Aug/2024:11:34:18 -0300] "POST /cormun/servlet/trsolicitudot?15bc88abc2ad390696e769229baa6caa,,gx-no-cache=1724164438419 HTTP/1.1" 200 4347
192.168.10.96 - - [20/Aug/2024:11:34:19 -0300] "POST /cormun/servlet/trsolicitudot?15bc88abc2ad390696e769229baa6caa,,gx-no-cache=1724164438985 HTTP/1.1" 200 4348
192.168.10.96 - - [20/Aug/2024:11:34:19 -0300] "POST /cormun/servlet/trsolicitudot?15bc88abc2ad390696e769229baa6caa,,gx-no-cache=1724164439170 HTTP/1.1" 200 4347
192.168.10.96 - - [20/Aug/2024:11:34:19 -0300] "POST /cormun/servlet/trsolicitudot?15bc88abc2ad390696e769229baa6caa,,gx-no-cache=1724164439329 HTTP/1.1" 200 4348
192.168.10.96 - - [20/Aug/2024:11:34:22 -0300] "POST /cormun/servlet/trsolicitudot?15bc88abc2ad390696e769229baa6caa,,gx-no-cache=1724164442314 HTTP/1.1" 200 4347
192.168.10.96 - - [20/Aug/2024:11:34:23 -0300] "POST /cormun/servlet/trsolicitudot?15bc88abc2ad390696e769229baa6caa,,gx-no-cache=1724164442882 HTTP/1.1" 200 4348
192.168.10.96 - - [20/Aug/2024:11:34:23 -0300] "POST /cormun/servlet/trsolicitudot?15bc88abc2ad390696e769229baa6caa,,gx-no-cache=1724164443058 HTTP/1.1" 200 4348
192.168.10.96 - - [20/Aug/2024:11:34:23 -0300] "POST /cormun/servlet/trsolicitudot?15bc88abc2ad390696e769229baa6caa,,gx-no-cache=1724164443226 HTTP/1.1" 200 4346
192.168.10.96 - - [20/Aug/2024:11:34:23 -0300] "POST /cormun/servlet/trsolicitudot?15bc88abc2ad390696e769229baa6caa,,gx-no-cache=1724164443401 HTTP/1.1" 200 4347
