192.168.10.96 - - [20/Aug/2024:11:34:24 -0300] "POST /cormun/servlet/trsolicitudot?15bc88abc2ad390696e769229baa6caa,,gx-no-cache=1724164443585 HTTP/1.1" 200 4348
192.168.10.96 - - [20/Aug/2024:11:34:24 -0300] "POST /cormun/servlet/trsolicitudot?15bc88abc2ad390696e769229baa6caa,,gx-no-cache=1724164443776 HTTP/1.1" 200 4348
192.168.10.96 - - [20/Aug/2024:11:34:28 -0300] "POST /cormun/servlet/trsolicitudot?15bc88abc2ad390696e769229baa6caa,,gx-no-cache=1724164447729 HTTP/1.1" 200 4348
192.168.10.96 - - [20/Aug/2024:11:34:28 -0300] "POST /cormun/servlet/trsolicitudot?15bc88abc2ad390696e769229baa6caa,,gx-no-cache=1724164448266 HTTP/1.1" 200 4346
181.212.43.89 - - [20/Aug/2024:11:34:31 -0300] "GET /cormun/servlet/solicitudot?INS,0,0,false, HTTP/1.1" 200 16019
190.171.142.42 - - [20/Aug/2024:11:34:31 -0300] "POST /cormun/servlet/solicitudot?gx-no-cache=1724164433919 HTTP/1.1" 200 1481
190.171.142.42 - - [20/Aug/2024:11:34:31 -0300] "POST /cormun/servlet/solicitudot?gx-no-cache=1724164433968 HTTP/1.1" 200 38
190.171.142.42 - - [20/Aug/2024:11:34:31 -0300] "GET /cormun/servlet/solicitudot?bd8e65ff2d488b4537c982bdca66d2205d859225e463e3e44ec13af44a1badc764ea5f023b54bb109e9afd07d65dcb9fd0b3b276ff068f03e0d0b051566dd1daa990e7e3a208a5cef5330458862462ee343e48ceb9583a58ec04de6829ac15dd83435fd2b7b32b823ee3498c088ec369,gx-no-cache=1724164433990 HTTP/1.1" 200 110
190.171.142.42 - - [20/Aug/2024:11:34:31 -0300] "POST /cormun/servlet/solicitudot?gx-no-cache=1724164434009 HTTP/1.1" 200 97
192.168.10.96 - - [20/Aug/2024:11:34:31 -0300] "POST /cormun/servlet/trsolicitudot?15bc88abc2ad390696e769229baa6caa,,gx-no-cache=1724164451121 HTTP/1.1" 200 4347
192.168.10.96 - - [20/Aug/2024:11:34:31 -0300] "POST /cormun/servlet/trsolicitudot?15bc88abc2ad390696e769229baa6caa,,gx-no-cache=1724164451353 HTTP/1.1" 200 4348
192.168.10.96 - - [20/Aug/2024:11:34:32 -0300] "POST /cormun/servlet/trsolicitudot?15bc88abc2ad390696e769229baa6caa,,gx-no-cache=1724164451560 HTTP/1.1" 200 4347
192.168.10.96 - - [20/Aug/2024:11:34:32 -0300] "POST /cormun/servlet/trsolicitudot?15bc88abc2ad390696e769229baa6caa,,gx-no-cache=1724164451753 HTTP/1.1" 200 4348
192.168.10.96 - - [20/Aug/2024:11:34:32 -0300] "POST /cormun/servlet/trsolicitudot?15bc88abc2ad390696e769229baa6caa,,gx-no-cache=1724164452161 HTTP/1.1" 200 4348
192.168.10.96 - - [20/Aug/2024:11:34:32 -0300] "POST /cormun/servlet/trsolicitudot?15bc88abc2ad390696e769229baa6caa,,gx-no-cache=1724164452425 HTTP/1.1" 200 4348
192.168.10.96 - - [20/Aug/2024:11:34:33 -0300] "POST /cormun/servlet/trsolicitudot?15bc88abc2ad390696e769229baa6caa,,gx-no-cache=1724164452633 HTTP/1.1" 200 4348
192.168.10.96 - - [20/Aug/2024:11:34:33 -0300] "POST /cormun/servlet/trsolicitudot?15bc88abc2ad390696e769229baa6caa,,gx-no-cache=1724164452849 HTTP/1.1" 200 4348
192.168.10.96 - - [20/Aug/2024:11:34:37 -0300] "POST /cormun/servlet/trsolicitudot?15bc88abc2ad390696e769229baa6caa,,gx-no-cache=1724164456642 HTTP/1.1" 200 4345
190.171.142.26 - - [20/Aug/2024:11:34:38 -0300] "GET /cormun/servlet/hlogin HTTP/1.1" 200 1718
192.168.10.96 - - [20/Aug/2024:11:34:39 -0300] "GET /cormun/servlet/solicitudot?INS,0,0,false, HTTP/1.1" 200 15772
192.168.10.96 - - [20/Aug/2024:11:34:39 -0300] "GET /cormun/static/gxcfg.js?20221129840861 HTTP/1.1" 200 953
192.168.10.96 - - [20/Aug/2024:11:34:39 -0300] "GET /cormun/static/Resources/prompt.gif HTTP/1.1" 200 902
192.168.10.96 - - [20/Aug/2024:11:34:39 -0300] "GET /cormun/static/solicitudot.js?20221129840983 HTTP/1.1" 200 74072
192.168.10.96 - - [20/Aug/2024:11:34:44 -0300] "GET /cormun/static/Resources/resize.gif HTTP/1.1" 200 77
192.168.10.96 - - [20/Aug/2024:11:34:44 -0300] "GET /cormun/static/Resources/PXTools/ClosePrompt.png HTTP/1.1" 200 1036
190.171.142.26 - - [20/Aug/2024:11:34:45 -0300] "POST /cormun/servlet/hlogin?261cdaf261ed7d2160b6dedf36f44406,gx-no-cache=1724164447851 HTTP/1.1" 200 90
190.171.142.26 - - [20/Aug/2024:11:34:45 -0300] "GET /cormun/servlet/hpexe_link HTTP/1.1" 200 949
190.171.142.26 - - [20/Aug/2024:11:34:45 -0300] "GET /cormun/servlet/hhome HTTP/1.1" 200 4279
192.168.10.96 - - [20/Aug/2024:11:34:46 -0300] "GET /cormun/servlet/prfichaempleado?,MD,,gxPopupLevel%3D0%3B HTTP/1.1" 200 9043
192.168.10.96 - - [20/Aug/2024:11:34:46 -0300] "GET /cormun/static/gxcfg.js?20201215571085 HTTP/1.1" 200 953
192.168.10.96 - - [20/Aug/2024:11:34:46 -0300] "GET /cormun/static/Resources/PXToolsMenuSearch.png HTTP/1.1" 200 336
192.168.10.96 - - [20/Aug/2024:11:34:46 -0300] "GET /cormun/static/prfichaempleado.js?20201215572193 HTTP/1.1" 200 16005
192.168.10.96 - - [20/Aug/2024:11:34:46 -0300] "GET /cormun/static/menusearch.js?20201214473581 HTTP/1.1" 200 1424
192.168.10.96 - - [20/Aug/2024:11:34:46 -0300] "GET /cormun/static/hmpwkw011.js?202211298443482 HTTP/1.1" 200 1968
192.168.10.96 - - [20/Aug/2024:11:34:46 -0300] "GET /cormun/static/Resources/PXToolsMenuSearchCancel.png HTTP/1.1" 200 306
192.168.10.96 - - [20/Aug/2024:11:34:47 -0300] "POST /cormun/servlet/acontrolpreferencessavestate?None,CF-26,true HTTP/1.1" 200 35
190.171.142.26 - - [20/Aug/2024:11:34:50 -0300] "GET /cormun/servlet/trsolicitudot? HTTP/1.1" 200 7498
192.168.10.96 - - [20/Aug/2024:11:34:52 -0300] "POST /cormun/servlet/prfichaempleado?15bc88abc2ad390696e769229baa6caa,,MD,,gxPopupLevel%3D0%3B,gx-no-cache=1724164472476 HTTP/1.1" 200 3596
192.168.10.96 - - [20/Aug/2024:11:34:56 -0300] "POST /cormun/servlet/solicitudot?gx-no-cache=1724164475711 HTTP/1.1" 200 4110
192.168.10.96 - - [20/Aug/2024:11:34:56 -0300] "POST /cormun/servlet/solicitudot?15bc88abc2ad390696e769229baa6caa,INS,0,0,false,,gx-no-cache=1724164475806 HTTP/1.1" 200 12694
192.168.10.96 - - [20/Aug/2024:11:35:00 -0300] "GET /cormun/servlet/solicitudot?00359f5ecaf8d63c021c108e537a041fae0303ae0e0de17f38deb44a3b911ef671ff3d3639a07c65ff6dd052f1e15223,gx-no-cache=1724164479876 HTTP/1.1" 200 30
192.168.10.96 - - [20/Aug/2024:11:35:00 -0300] "GET /cormun/servlet/solicitudot?00359f5ecaf8d63c021c108e537a041fcf9f15140ed41055a4abd7bda6020806c2baf4a79313a1ac28a3a385e3b42236,gx-no-cache=1724164479891 HTTP/1.1" 200 103
192.168.10.96 - - [20/Aug/2024:11:35:00 -0300] "GET /cormun/static/Shared/jqueryui/images/ui-bg_highlight-soft_100_c6c2c8_1x100.png HTTP/1.1" 404 1117
192.168.10.96 - - [20/Aug/2024:11:35:00 -0300] "GET /cormun/static/Shared/jqueryui/images/ui-icons_82798d_256x240.png HTTP/1.1" 404 1089
192.168.10.96 - - [20/Aug/2024:11:35:00 -0300] "GET /cormun/static/Shared/jqueryui/images/ui-bg_flat_55_994d53_40x100.png HTTP/1.1" 404 1097
192.168.10.96 - - [20/Aug/2024:11:35:00 -0300] "GET /cormun/static/Shared/jqueryui/images/ui-icons_ebccce_256x240.png HTTP/1.1" 404 1089
192.168.10.96 - - [20/Aug/2024:11:35:00 -0300] "GET /cormun/servlet/solicitudot?00359f5ecaf8d63c021c108e537a041f8a2784e5dfe0b03d3c1452b5df2925f6,gx-no-cache=1724164479916 HTTP/1.1" 200 123
192.168.10.96 - - [20/Aug/2024:11:35:00 -0300] "POST /cormun/servlet/solicitudot?gx-no-cache=1724164479932 HTTP/1.1" 200 255
192.168.10.96 - - [20/Aug/2024:11:35:00 -0300] "GET /cormun/servlet/solicitudot?00359f5ecaf8d63c021c108e537a041fe4a8c0abee6ed07a1154601732011e53d74f3459e16543cd857b907eb7ddbe0a51bbe05c7ba21679f2481478dbab0991a30b512e31684b02ca71a66a2a6e92203057f5c35404f5c4f20d9f77aa79dd272067b3515684651200ce2aedab8a3e3cd2a6374ba451ee5ca9fe6f7bd5852ae2a2e44d23c2879bc6ac28be15710f5c1ccc95ee86754f881d7bfdba3efcd1d7897d2f3b2254d38848a4dabdc6e7930626abed230ee38fb76b3a63cdfc94d945143f43d22b54f4a8d70f20f026efc76453f7c11048a54ae951e2bdbe79ca1f7389a6947ac4640ebaaf2bdce0ba7c7c3416e55c3ad689dd89555ed2028e76cb1e4c85e5c40be8cded9ebe01bd859ce79c8aea416aa81ddef74c9f21a13b53019c3ba684b8d995af0f73b2d5afaf13f5dbfe6e487978e24c35ccc8b3a3cd0caedc8c9fb0bfd01c8649cca22dcdc8b9ff5a4cbfe249f9943e39acaf944418ba7f5547fdf5feecb8d6dc3dba30dccd5b43288a8a290751966a1183210da0fb64a6b4e5,gx-no-cache=1724164479948 HTTP/1.1" 200 30
192.168.10.96 - - [20/Aug/2024:11:35:00 -0300] "POST /cormun/servlet/solicitudot?gx-no-cache=1724164479960 HTTP/1.1" 200 30
192.168.10.96 - - [20/Aug/2024:11:35:00 -0300] "POST /cormun/servlet/solicitudot?gx-no-cache=1724164479976 HTTP/1.1" 200 1480
192.168.10.96 - - [20/Aug/2024:11:35:00 -0300] "POST /cormun/servlet/solicitudot?gx-no-cache=1724164479992 HTTP/1.1" 200 38
192.168.10.96 - - [20/Aug/2024:11:35:00 -0300] "GET /cormun/servlet/solicitudot?00359f5ecaf8d63c021c108e537a041fd034413db2f5bff7d0296bb1effb18acd1467136f10a7d0f94677b4b7bc81bc701f0907cfbb7a0966c6da1cbb06556e5367068cf256dfb72d2a408a57639d0abdd43aec3d3402a201cce473562e096e105d142171cf1373403f70a8a7dccfae0,gx-no-cache=1724164480004 HTTP/1.1" 200 110
192.168.10.96 - - [20/Aug/2024:11:35:00 -0300] "POST /cormun/servlet/solicitudot?gx-no-cache=1724164480017 HTTP/1.1" 200 72
192.168.10.96 - - [20/Aug/2024:11:35:00 -0300] "GET /cormun/servlet/solicitudot?00359f5ecaf8d63c021c108e537a041fe90f1caa052f8fc72b2a2643392a0779c40597514c9f3056be89f7539b3d5890af9613258182adccadb4cafbbe8f7d7a5b1a38aadde5d85379a0b01ae557dfe961d9d33adf66013c3cdbf2f4ad761e92f6b6b1e5b46e5cca4d26280df90f989769684685c6b4865f413963f24af986270322d886a859ac91e3dd23a4ab8d6556030fe8628a3e40e9ce312d1c62daaaf3,gx-no-cache=1724164480033 HTTP/1.1" 200 29
192.168.10.96 - - [20/Aug/2024:11:35:05 -0300] "GET /cormun/servlet/solicitudot?00359f5ecaf8d63c021c108e537a041fe90f1caa052f8fc72b2a2643392a0779c40597514c9f3056be89f7539b3d5890af9613258182adccadb4cafbbe8f7d7a5b1a38aadde5d85379a0b01ae557dfe961d9d33adf66013c3cdbf2f4ad761e92f6b6b1e5b46e5cca4d26280df90f989769684685c6b4865f413963f24af986270322d886a859ac91e3dd23a4ab8d6556030fe8628a3e40e9ce312d1c62daaaf3,gx-no-cache=1724164485013 HTTP/1.1" 200 29
192.168.10.2 - - [20/Aug/2024:11:35:10 -0300] "GET / HTTP/1.1" 200 11217
192.168.10.2 - - [20/Aug/2024:11:35:10 -0300] "GET /tomcat.png HTTP/1.1" 200 5103
192.168.10.2 - - [20/Aug/2024:11:35:10 -0300] "GET /tomcat.css HTTP/1.1" 200 5576
192.168.10.2 - - [20/Aug/2024:11:35:10 -0300] "GET /bg-nav.png HTTP/1.1" 200 1401
192.168.10.2 - - [20/Aug/2024:11:35:10 -0300] "GET /bg-upper.png HTTP/1.1" 200 3103
192.168.10.2 - - [20/Aug/2024:11:35:10 -0300] "GET /bg-middle.png HTTP/1.1" 200 1918
192.168.10.2 - - [20/Aug/2024:11:35:10 -0300] "GET /bg-button.png HTTP/1.1" 200 713
192.168.10.2 - - [20/Aug/2024:11:35:10 -0300] "GET /asf-logo.png HTTP/1.1" 200 17811
192.168.10.2 - - [20/Aug/2024:11:35:10 -0300] "GET /favicon.ico HTTP/1.1" 200 21630
192.168.10.96 - - [20/Aug/2024:11:35:11 -0300] "GET /cormun/servlet/solicitudot?00359f5ecaf8d63c021c108e537a041fca3651c0825eb28520fcd3b37cf5a47ed835a856701a2106f318759ab9b129aa,gx-no-cache=1724164491296 HTTP/1.1" 200 30
181.212.42.153 - - [20/Aug/2024:11:35:16 -0300] "GET /cormun/servlet/trsolicitudot? HTTP/1.1" 200 6323
181.212.42.153 - - [20/Aug/2024:11:35:17 -0300] "GET /cormun/servlet/hlogin HTTP/1.1" 200 1735
181.212.42.153 - - [20/Aug/2024:11:35:17 -0300] "GET /cormun/servlet/trsolicitudot? HTTP/1.1" 200 6322
192.168.10.96 - - [20/Aug/2024:11:35:17 -0300] "POST /cormun/servlet/solicitudot?gx-no-cache=1724164496771 HTTP/1.1" 200 30
181.212.43.89 - - [20/Aug/2024:11:35:17 -0300] "GET /cormun/servlet/hlogin HTTP/1.1" 200 1747
192.168.10.96 - - [20/Aug/2024:11:35:18 -0300] "POST /cormun/servlet/solicitudot?15bc88abc2ad390696e769229baa6caa,INS,0,0,false,,gx-no-cache=1724164498147 HTTP/1.1" 200 13051
190.171.142.42 - - [20/Aug/2024:11:35:19 -0300] "GET /cormun/servlet/solicitudot?bd8e65ff2d488b4537c982bdca66d220e695475ca8530e6326d85ad22b203f8740e71a99cce7f128bfac962e7d24aeb49638a8a7226497cebfa4ef96788abd8a731de276e1118e68a260a82d8420319a076b96328fe6084a5d2936a15d09943889410467e7c3217e707bdac65c59fcacb7831a440234c3fbed3f1256d6fa540b6372eca1553e92f9236d65bf37d1a640977e56edd92c3abec87700f99f3928af,gx-no-cache=1724164481937 HTTP/1.1" 200 29
190.171.142.42 - - [20/Aug/2024:11:35:19 -0300] "GET /cormun/static/menuarrow.gif HTTP/1.1" 404 1015
192.168.10.2 - - [20/Aug/2024:11:35:22 -0300] "GET /cormun HTTP/1.1" 302 -
192.168.10.2 - - [20/Aug/2024:11:35:22 -0300] "GET /cormun/ HTTP/1.1" 404 975
192.168.10.96 - - [20/Aug/2024:11:35:22 -0300] "POST /cormun/servlet/solicitudot?gx-no-cache=1724164502313 HTTP/1.1" 200 30
181.212.42.153 - - [20/Aug/2024:11:35:23 -0300] "POST /cormun/servlet/hlogin?ee1a91cfbb6fca9ad2fcb51fb2ca3c13,gx-no-cache=1724164487558 HTTP/1.1" 200 90
192.168.10.96 - - [20/Aug/2024:11:35:23 -0300] "POST /cormun/servlet/solicitudot?gx-no-cache=1724164503403 HTTP/1.1" 200 1480
192.168.10.96 - - [20/Aug/2024:11:35:23 -0300] "POST /cormun/servlet/solicitudot?gx-no-cache=1724164503420 HTTP/1.1" 200 41
181.212.42.153 - - [20/Aug/2024:11:35:23 -0300] "GET /cormun/servlet/hpexe_link HTTP/1.1" 200 954
192.168.10.96 - - [20/Aug/2024:11:35:23 -0300] "GET /cormun/servlet/solicitudot?00359f5ecaf8d63c021c108e537a041fd034413db2f5bff7d0296bb1effb18acd1467136f10a7d0f94677b4b7bc81bc701f0907cfbb7a0966c6da1cbb06556e5367068cf256dfb72d2a408a57639d0abdd43aec3d3402a201cce473562e096e105d142171cf1373403f70a8a7dccfae0,gx-no-cache=1724164503431 HTTP/1.1" 200 110
192.168.10.96 - - [20/Aug/2024:11:35:23 -0300] "POST /cormun/servlet/solicitudot?gx-no-cache=1724164503444 HTTP/1.1" 200 67
192.168.10.96 - - [20/Aug/2024:11:35:23 -0300] "GET /cormun/servlet/solicitudot?00359f5ecaf8d63c021c108e537a041fca3651c0825eb28520fcd3b37cf5a47ed835a856701a2106f318759ab9b129aa,gx-no-cache=1724164503458 HTTP/1.1" 200 30
192.168.10.96 - - [20/Aug/2024:11:35:23 -0300] "POST /cormun/servlet/solicitudot?gx-no-cache=1724164503470 HTTP/1.1" 200 30
181.212.42.153 - - [20/Aug/2024:11:35:23 -0300] "GET /cormun/servlet/trsolicitudot HTTP/1.1" 200 7007
192.168.10.96 - - [20/Aug/2024:11:35:24 -0300] "POST /cormun/servlet/solicitudot?15bc88abc2ad390696e769229baa6caa,INS,0,0,false,,gx-no-cache=1724164503486 HTTP/1.1" 200 13082
192.168.10.2 - - [20/Aug/2024:11:35:30 -0300] "GET /cormun/servelet HTTP/1.1" 404 991
181.212.43.89 - - [20/Aug/2024:11:35:33 -0300] "POST /cormun/servlet/hlogin?3e422c2e2d055855e6f25aa7b745a9d0,gx-no-cache=1724164494066 HTTP/1.1" 200 90
181.212.43.89 - - [20/Aug/2024:11:35:33 -0300] "GET /cormun/servlet/hpexe_link HTTP/1.1" 200 952
181.212.43.89 - - [20/Aug/2024:11:35:33 -0300] "GET /cormun/servlet/hhome HTTP/1.1" 200 3911
190.171.142.26 - - [20/Aug/2024:11:35:34 -0300] "POST /cormun/servlet/trsolicitudot?261cdaf261ed7d2160b6dedf36f44406,,gx-no-cache=1724164496700 HTTP/1.1" 200 4642
192.168.10.96 - - [20/Aug/2024:11:35:35 -0300] "GET /cormun/servlet/solicitudot?00359f5ecaf8d63c021c108e537a041f22c4562d06368324b0a9fcacdef144ecd7a4b02d64dfcd26cca02d0b86d1b5e6,gx-no-cache=1724164514578 HTTP/1.1" 200 30
192.168.10.96 - - [20/Aug/2024:11:35:36 -0300] "GET /cormun/servlet/solicitudot?00359f5ecaf8d63c021c108e537a041f8a2784e5dfe0b03d3c1452b5df2925f6,gx-no-cache=1724164516096 HTTP/1.1" 200 123
192.168.10.96 - - [20/Aug/2024:11:35:36 -0300] "POST /cormun/servlet/solicitudot?gx-no-cache=1724164516112 HTTP/1.1" 200 254
192.168.10.96 - - [20/Aug/2024:11:35:36 -0300] "GET /cormun/servlet/solicitudot?00359f5ecaf8d63c021c108e537a041fe4a8c0abee6ed07a1154601732011e53d74f3459e16543cd857b907eb7ddbe0a51bbe05c7ba21679f2481478dbab0991a30b512e31684b02ca71a66a2a6e92203057f5c35404f5c4f20d9f77aa79dd272067b3515684651200ce2aedab8a3e3cd2a6374ba451ee5ca9fe6f7bd5852ae2a2e44d23c2879bc6ac28be15710f5c1ccc95ee86754f881d7bfdba3efcd1d7897d2f3b2254d38848a4dabdc6e7930626abed230ee38fb76b3a63cdfc94d945143f43d22b54f4a8d70f20f026efc76453f7c11048a54ae951e2bdbe79ca1f7389a6947ac4640ebaaf2bdce0ba7c7c3416e55c3ad689dd89555ed2028e76cb1e4c85e5c40be8cded9ebe01bd859ce79c8aea416aa81ddef74c9f21a13b53019c3ba684b8d995af0f73b2d5afaf13f5dbfe6e487978e24c35ccc8b3a3cd0caedc8c9fb0bfd01c8649cca22dcdc8b9ff5a4cbfe249f9943e39acaf944418ba7f5547fdf5feecb8d6dc3dba30dccd5b43288aa29478ba7a14205cc720290b90148748,gx-no-cache=1724164516127 HTTP/1.1" 200 30
192.168.10.96 - - [20/Aug/2024:11:35:36 -0300] "POST /cormun/servlet/solicitudot?gx-no-cache=1724164516139 HTTP/1.1" 200 30
192.168.10.96 - - [20/Aug/2024:11:35:36 -0300] "POST /cormun/servlet/solicitudot?gx-no-cache=1724164516154 HTTP/1.1" 200 1480
192.168.10.96 - - [20/Aug/2024:11:35:36 -0300] "POST /cormun/servlet/solicitudot?gx-no-cache=1724164516173 HTTP/1.1" 200 41
192.168.10.96 - - [20/Aug/2024:11:35:36 -0300] "GET /cormun/servlet/solicitudot?00359f5ecaf8d63c021c108e537a041fd034413db2f5bff7d0296bb1effb18acd1467136f10a7d0f94677b4b7bc81bc701f0907cfbb7a0966c6da1cbb06556e5367068cf256dfb72d2a408a57639d0abdd43aec3d3402a201cce473562e096e105d142171cf1373403f70a8a7dccfae0,gx-no-cache=1724164516184 HTTP/1.1" 200 110
192.168.10.96 - - [20/Aug/2024:11:35:36 -0300] "POST /cormun/servlet/solicitudot?gx-no-cache=1724164516200 HTTP/1.1" 200 67
192.168.10.96 - - [20/Aug/2024:11:35:36 -0300] "GET /cormun/servlet/solicitudot?00359f5ecaf8d63c021c108e537a041fca3651c0825eb28520fcd3b37cf5a47ed835a856701a2106f318759ab9b129aa,gx-no-cache=1724164516214 HTTP/1.1" 200 30
192.168.10.96 - - [20/Aug/2024:11:35:36 -0300] "POST /cormun/servlet/solicitudot?gx-no-cache=1724164516228 HTTP/1.1" 200 30
192.168.10.96 - - [20/Aug/2024:11:35:36 -0300] "POST /cormun/servlet/solicitudot?15bc88abc2ad390696e769229baa6caa,INS,0,0,false,,gx-no-cache=1724164516248 HTTP/1.1" 200 13129
192.168.10.2 - - [20/Aug/2024:11:35:38 -0300] "GET /cormun/servlet HTTP/1.1" 404 989
192.168.10.96 - - [20/Aug/2024:11:35:38 -0300] "GET /cormun/servlet/prbanco?,MD,,gxPopupLevel%3D0%3B HTTP/1.1" 200 6398
192.168.10.96 - - [20/Aug/2024:11:35:38 -0300] "GET /cormun/static/gxcfg.js?20201216131581 HTTP/1.1" 200 953
192.168.10.96 - - [20/Aug/2024:11:35:38 -0300] "GET /cormun/static/prbanco.js?20201216132311 HTTP/1.1" 200 10693
181.212.43.89 - - [20/Aug/2024:11:35:39 -0300] "GET /cormun/servlet/trpermisosgoce? HTTP/1.1" 200 10053
181.212.43.89 - - [20/Aug/2024:11:35:39 -0300] "GET /cormun/static/gxcfg.js?2020121631564 HTTP/1.1" 200 953
181.212.43.89 - - [20/Aug/2024:11:35:39 -0300] "GET /cormun/static/trpermisosgoce.js?2020121633681 HTTP/1.1" 200 35904
181.212.43.89 - - [20/Aug/2024:11:35:39 -0300] "GET /cormun//static/Resources/PXToolsGridUpdate.png HTTP/1.1" 200 470
181.212.43.89 - - [20/Aug/2024:11:35:39 -0300] "GET /cormun//static/Resources/PXToolsHeaderFavorites.png HTTP/1.1" 200 1414
181.212.43.89 - - [20/Aug/2024:11:35:39 -0300] "GET /cormun//static/Resources/PXToolsGridDisplay.png HTTP/1.1" 200 525
181.212.43.89 - - [20/Aug/2024:11:35:39 -0300] "GET /cormun//static/Resources/PXToolsGridDelete.png HTTP/1.1" 200 538
181.212.43.89 - - [20/Aug/2024:11:35:39 -0300] "GET /cormun//static/Resources/PXTools/ActionInsert.png HTTP/1.1" 200 1482
181.212.43.89 - - [20/Aug/2024:11:35:39 -0300] "GET /cormun//static/Resources/PXToolsHeaderHelp.png HTTP/1.1" 200 1333
181.212.43.89 - - [20/Aug/2024:11:35:39 -0300] "GET /cormun//static/Resources/PXToolsActionPrint.png HTTP/1.1" 200 404
181.212.43.89 - - [20/Aug/2024:11:35:39 -0300] "GET /cormun//static/Resources/PXToolsActionDisabled.gif HTTP/1.1" 200 53
192.168.10.96 - - [20/Aug/2024:11:35:40 -0300] "POST /cormun/servlet/acontrolpreferencessavestate?None,CF-26,true HTTP/1.1" 200 35
190.171.142.26 - - [20/Aug/2024:11:35:41 -0300] "GET /cormun/servlet/solicitudot?INS,0,0,false, HTTP/1.1" 200 16267
192.168.10.96 - - [20/Aug/2024:11:35:42 -0300] "GET /cormun/servlet/solicitudot?00359f5ecaf8d63c021c108e537a041f328dba5a59d1758f91103313029cf9f1,gx-no-cache=1724164521592 HTTP/1.1" 200 43
192.168.10.96 - - [20/Aug/2024:11:35:42 -0300] "POST /cormun/servlet/solicitudot?gx-no-cache=1724164521608 HTTP/1.1" 200 254
192.168.10.96 - - [20/Aug/2024:11:35:42 -0300] "GET /cormun/servlet/solicitudot?00359f5ecaf8d63c021c108e537a041fe4a8c0abee6ed07a1154601732011e53d74f3459e16543cd857b907eb7ddbe0a51bbe05c7ba21679f2481478dbab0991a30b512e31684b02ca71a66a2a6e92203057f5c35404f5c4f20d9f77aa79dd272067b3515684651200ce2aedab8a3e3cd2a6374ba451ee5ca9fe6f7bd5852ae2a2e44d23c2879bc6ac28be15710f5c1ccc95ee86754f881d7bfdba3efcd1d7897d2f3b2254d38848a4dabdc6e7930626abed230ee38fb76b3a63cdfc94d945143f43d22b54f4a8d70f20f026efc76453f7c11048a54ae951e2bdbe79ca1f7389a6947ac4640ebaaf2bdce0ba7c7c3416e55c3ad689dd89555ed2028e76cb1e4c85e5c40be8cded9ebe01bd859ce79c8aea416aa81ddef74c9f21a13b53019c3ba684b8d995af0f73b2d5afaf13f5dbfe6e487978e24c35ccc8b3a3cd0caedc8c9fb0bfd01c8649cca22dcdc8b9ff5a4cbfe249f9943e39acaf944418ba7f5547fdf5feecb8d6dc3dba30dccd5b43288aa29478ba7a14205cc720290b90148748,gx-no-cache=1724164521626 HTTP/1.1" 200 30
192.168.10.96 - - [20/Aug/2024:11:35:42 -0300] "POST /cormun/servlet/solicitudot?gx-no-cache=1724164521641 HTTP/1.1" 200 30
192.168.10.96 - - [20/Aug/2024:11:35:42 -0300] "POST /cormun/servlet/solicitudot?gx-no-cache=1724164521656 HTTP/1.1" 200 1480
192.168.10.96 - - [20/Aug/2024:11:35:42 -0300] "POST /cormun/servlet/solicitudot?gx-no-cache=1724164521674 HTTP/1.1" 200 41
192.168.10.96 - - [20/Aug/2024:11:35:42 -0300] "GET /cormun/servlet/solicitudot?00359f5ecaf8d63c021c108e537a041fd034413db2f5bff7d0296bb1effb18acd1467136f10a7d0f94677b4b7bc81bc701f0907cfbb7a0966c6da1cbb06556e5367068cf256dfb72d2a408a57639d0abdd43aec3d3402a201cce473562e096e105d142171cf1373403f70a8a7dccfae0,gx-no-cache=1724164521684 HTTP/1.1" 200 110
192.168.10.96 - - [20/Aug/2024:11:35:42 -0300] "POST /cormun/servlet/solicitudot?gx-no-cache=1724164521703 HTTP/1.1" 200 67
192.168.10.96 - - [20/Aug/2024:11:35:42 -0300] "GET /cormun/servlet/solicitudot?00359f5ecaf8d63c021c108e537a041fca3651c0825eb28520fcd3b37cf5a47ed835a856701a2106f318759ab9b129aa,gx-no-cache=1724164521716 HTTP/1.1" 200 30
192.168.10.96 - - [20/Aug/2024:11:35:42 -0300] "POST /cormun/servlet/solicitudot?gx-no-cache=1724164521730 HTTP/1.1" 200 30
192.168.10.96 - - [20/Aug/2024:11:35:42 -0300] "POST /cormun/servlet/solicitudot?15bc88abc2ad390696e769229baa6caa,INS,0,0,false,,gx-no-cache=1724164521745 HTTP/1.1" 500 10
190.171.142.26 - - [20/Aug/2024:11:35:46 -0300] "POST /cormun/servlet/solicitudot?261cdaf261ed7d2160b6dedf36f44406,INS,0,0,false,,gx-no-cache=1724164508671 HTTP/1.1" 200 93
190.171.142.26 - - [20/Aug/2024:11:35:46 -0300] "GET /cormun/servlet/hpexe_return? HTTP/1.1" 200 1007
190.171.142.26 - - [20/Aug/2024:11:35:46 -0300] "GET /cormun/servlet/trsolicitudot? HTTP/1.1" 200 7514
181.212.47.137 - - [20/Aug/2024:11:35:46 -0300] "GET /cormun/servlet/hlogin HTTP/1.1" 200 1721
181.212.47.137 - - [20/Aug/2024:11:35:47 -0300] "GET /cormun/static/gxtimezone.js?85251 HTTP/1.1" 200 5781
181.212.47.137 - - [20/Aug/2024:11:35:47 -0300] "GET /cormun/static/gxcfg.js?2022112219184450 HTTP/1.1" 200 953
181.212.47.137 - - [20/Aug/2024:11:35:47 -0300] "GET /cormun/static/Resources/CormunLogin.png HTTP/1.1" 200 19132
181.212.47.137 - - [20/Aug/2024:11:35:47 -0300] "GET /cormun/static/messages.spa.js?85251 HTTP/1.1" 200 30736
181.212.47.137 - - [20/Aug/2024:11:35:47 -0300] "GET /cormun/static/Resources/Spanish/PXTools.css?1759030 HTTP/1.1" 200 100853
181.212.47.137 - - [20/Aug/2024:11:35:47 -0300] "GET /cormun/static/hlogin.js?2022112219184458 HTTP/1.1" 200 2156
181.212.47.137 - - [20/Aug/2024:11:35:47 -0300] "GET /cormun/static/gxgral.js?85251 HTTP/1.1" 200 384558
181.212.47.137 - - [20/Aug/2024:11:35:47 -0300] "GET /cormun/static/Resources/PXToolsLoginTop.png HTTP/1.1" 200 1337
181.212.47.137 - - [20/Aug/2024:11:35:47 -0300] "GET /cormun/static/Resources/PXToolsLoginBackground.png HTTP/1.1" 200 1164
181.212.47.137 - - [20/Aug/2024:11:35:47 -0300] "GET /cormun/static/Resources/PXToolsButtonLeft.png HTTP/1.1" 200 1310
181.212.47.137 - - [20/Aug/2024:11:35:47 -0300] "GET /cormun/static/Resources/PXToolsButtonRight.png HTTP/1.1" 200 1294
181.212.47.137 - - [20/Aug/2024:11:35:47 -0300] "GET /cormun/static/Resources/PXToolsLoginBottom.png HTTP/1.1" 200 1389
181.212.47.137 - - [20/Aug/2024:11:35:47 -0300] "GET /cormun/static/Resources/PXToolsButtonBackground.png HTTP/1.1" 200 1176
181.212.47.137 - - [20/Aug/2024:11:35:47 -0300] "GET /cormun/servlet/hlogin HTTP/1.1" 200 1731
181.212.47.137 - - [20/Aug/2024:11:35:47 -0300] "GET /cormun/static/Resources/indicator.gif HTTP/1.1" 200 1553
181.212.47.137 - - [20/Aug/2024:11:35:47 -0300] "GET /favicon.ico HTTP/1.1" 200 21630
190.171.142.42 - - [20/Aug/2024:11:35:53 -0300] "GET /cormun/servlet/solicitudot?bd8e65ff2d488b4537c982bdca66d220abc004f7c4af27ba8ccaa8e41a4516f9bbb3fe38d99eedd02e0fed6d7ddf7906,gx-no-cache=1724164516006 HTTP/1.1" 200 30
181.212.43.89 - - [20/Aug/2024:11:35:53 -0300] "GET /cormun/servlet/permisogoce?INS,0,,, HTTP/1.1" 200 6770
181.212.43.89 - - [20/Aug/2024:11:35:53 -0300] "GET /cormun/static/gxcfg.js?20201215124560 HTTP/1.1" 200 953
181.212.43.89 - - [20/Aug/2024:11:35:53 -0300] "GET /cormun/static/permisogoce.js?20201215124939 HTTP/1.1" 200 27790
190.171.153.34 - - [20/Aug/2024:11:35:57 -0300] "GET /cormun/servlet/hlogin HTTP/1.1" 200 1721
181.212.47.137 - - [20/Aug/2024:11:35:58 -0300] "POST /cormun/servlet/hlogin?d87502fe78cda2dec5863273237e636b,gx-no-cache=1724164521449 HTTP/1.1" 200 445
190.208.14.73 - - [20/Aug/2024:11:35:59 -0300] "GET /cormun/servlet/hlogin HTTP/1.1" 200 1726
190.208.14.73 - - [20/Aug/2024:11:35:59 -0300] "GET /cormun/static/Resources/Spanish/PXTools.css?1759030 HTTP/1.1" 200 100853
190.208.14.73 - - [20/Aug/2024:11:35:59 -0300] "GET /cormun/static/gxcfg.js?2022112219184450 HTTP/1.1" 200 953
190.208.14.73 - - [20/Aug/2024:11:35:59 -0300] "GET /cormun/static/gxtimezone.js?85251 HTTP/1.1" 200 5781
190.208.14.73 - - [20/Aug/2024:11:36:00 -0300] "GET /cormun/static/Resources/CormunLogin.png HTTP/1.1" 200 19132
190.208.14.73 - - [20/Aug/2024:11:36:00 -0300] "GET /cormun/static/messages.spa.js?85251 HTTP/1.1" 200 30736
190.208.14.73 - - [20/Aug/2024:11:36:00 -0300] "GET /cormun/static/hlogin.js?2022112219184458 HTTP/1.1" 200 2156
190.208.14.73 - - [20/Aug/2024:11:36:00 -0300] "GET /cormun/static/gxgral.js?85251 HTTP/1.1" 200 384558
190.171.142.26 - - [20/Aug/2024:11:36:01 -0300] "POST /cormun/servlet/trsolicitudot?261cdaf261ed7d2160b6dedf36f44406,,gx-no-cache=1724164523733 HTTP/1.1" 200 4662
190.208.14.73 - - [20/Aug/2024:11:36:01 -0300] "GET /cormun/static/Resources/PXToolsButtonBackground.png HTTP/1.1" 200 1176
190.208.14.73 - - [20/Aug/2024:11:36:01 -0300] "GET /cormun/static/Resources/PXToolsLoginBackground.png HTTP/1.1" 200 1164
190.208.14.73 - - [20/Aug/2024:11:36:01 -0300] "GET /cormun/static/Resources/PXToolsLoginTop.png HTTP/1.1" 200 1337
190.208.14.73 - - [20/Aug/2024:11:36:01 -0300] "GET /cormun/static/Resources/PXToolsButtonRight.png HTTP/1.1" 200 1294
190.208.14.73 - - [20/Aug/2024:11:36:01 -0300] "GET /cormun/static/Resources/PXToolsButtonLeft.png HTTP/1.1" 200 1310
190.208.14.73 - - [20/Aug/2024:11:36:02 -0300] "GET /cormun/static/Resources/PXToolsLoginBottom.png HTTP/1.1" 200 1389
190.208.14.73 - - [20/Aug/2024:11:36:02 -0300] "GET /cormun/servlet/hlogin HTTP/1.1" 200 1735
190.208.14.73 - - [20/Aug/2024:11:36:02 -0300] "GET /cormun/static/Resources/indicator.gif HTTP/1.1" 200 1553
190.208.14.73 - - [20/Aug/2024:11:36:02 -0300] "GET /cormun/static/Resources/indicator.gif HTTP/1.1" 200 1553
190.171.142.26 - - [20/Aug/2024:11:36:05 -0300] "GET /cormun/static/menuarrow.gif HTTP/1.1" 404 1015
190.171.153.34 - - [20/Aug/2024:11:36:08 -0300] "POST /cormun/servlet/hlogin?f4aca72b2f885ad14dff6b9021a8e5fc,gx-no-cache=1724164531276 HTTP/1.1" 200 430
181.212.47.137 - - [20/Aug/2024:11:36:09 -0300] "POST /cormun/servlet/hlogin?d87502fe78cda2dec5863273237e636b,gx-no-cache=1724164533047 HTTP/1.1" 200 445
181.212.47.137 - - [20/Aug/2024:11:36:14 -0300] "POST /cormun/servlet/hlogin?d87502fe78cda2dec5863273237e636b,gx-no-cache=1724164537199 HTTP/1.1" 200 445
190.171.153.34 - - [20/Aug/2024:11:36:16 -0300] "POST /cormun/servlet/hlogin?f4aca72b2f885ad14dff6b9021a8e5fc,gx-no-cache=1724164538595 HTTP/1.1" 200 90
190.171.153.34 - - [20/Aug/2024:11:36:16 -0300] "GET /cormun/servlet/hpexe_link HTTP/1.1" 200 960
190.171.153.34 - - [20/Aug/2024:11:36:16 -0300] "GET /cormun/servlet/prbanco?,MD, HTTP/1.1" 200 6749
190.171.142.42 - - [20/Aug/2024:11:36:17 -0300] "POST /cormun/servlet/solicitudot?gx-no-cache=1724164540387 HTTP/1.1" 200 30
190.171.142.26 - - [20/Aug/2024:11:36:21 -0300] "POST /cormun/servlet/trsolicitudot?261cdaf261ed7d2160b6dedf36f44406,,gx-no-cache=1724164543884 HTTP/1.1" 200 4660
181.212.43.89 - - [20/Aug/2024:11:36:22 -0300] "POST /cormun/servlet/permisogoce?3e422c2e2d055855e6f25aa7b745a9d0,INS,0,,,,gx-no-cache=1724164543213 HTTP/1.1" 200 4489
181.212.43.89 - - [20/Aug/2024:11:36:22 -0300] "GET /cormun/static/Shared/jqueryui/images/ui-bg_highlight-soft_100_c6c2c8_1x100.png HTTP/1.1" 404 1117
181.212.43.89 - - [20/Aug/2024:11:36:22 -0300] "GET /cormun/static/Shared/jqueryui/images/ui-icons_82798d_256x240.png HTTP/1.1" 404 1089
181.212.43.89 - - [20/Aug/2024:11:36:22 -0300] "GET /cormun/static/Shared/jqueryui/images/ui-bg_flat_55_994d53_40x100.png HTTP/1.1" 404 1097
181.212.43.89 - - [20/Aug/2024:11:36:22 -0300] "GET /cormun/static/Shared/jqueryui/images/ui-icons_ebccce_256x240.png HTTP/1.1" 404 1089
190.171.142.26 - - [20/Aug/2024:11:36:24 -0300] "GET /cormun/servlet/solicitudot?INS,0,0,false, HTTP/1.1" 200 16268
190.171.142.42 - - [20/Aug/2024:11:36:28 -0300] "POST /cormun/servlet/solicitudot?932ff89e6542879f917565b98deddc35,INS,0,0,false,,gx-no-cache=1724164550779 HTTP/1.1" 500 10
190.171.142.26 - - [20/Aug/2024:11:36:35 -0300] "POST /cormun/servlet/solicitudot?gx-no-cache=1724164557645 HTTP/1.1" 200 4030
190.171.142.26 - - [20/Aug/2024:11:36:35 -0300] "POST /cormun/servlet/solicitudot?261cdaf261ed7d2160b6dedf36f44406,INS,0,0,false,,gx-no-cache=1724164557720 HTTP/1.1" 200 12885
190.171.142.26 - - [20/Aug/2024:11:36:38 -0300] "GET /cormun/servlet/solicitudot?05843a681fe5df0c53049a4f8e1704b31586025710ccca52ab7516d43621e32606d31e49b6d9c2e7f0c97bfd5304198a,gx-no-cache=1724164561135 HTTP/1.1" 200 30
190.171.142.42 - - [20/Aug/2024:11:36:39 -0300] "GET /cormun/servlet/hlogin HTTP/1.1" 200 1745
192.168.10.96 - - [20/Aug/2024:11:36:41 -0300] "GET /cormun/servlet/hlogin HTTP/1.1" 200 1721
181.212.43.89 - - [20/Aug/2024:11:36:42 -0300] "GET /cormun/static/menuarrow.gif HTTP/1.1" 404 1015
181.212.43.89 - - [20/Aug/2024:11:36:45 -0300] "GET /cormun/servlet/permisogoce?45766ca0287637cbed6d18fadb17a8d2a1568ba7dd3d306d5b255725acac067e275f318996bc6a818be788b06ee09a199d5681145752a2213ee41d0efc4557e82c02526cfcccc881d824baec37c440c570f16dbd617fb428723e8ec48839930cf84cf5a191155281fb35c402df45b6811c18585046f22cea3971dbf5c711b8689d5681145752a2213ee41d0efc4557e877b52a91bb175e09360bf5d663549601ba718bc115453efb679e5e1da0e3c02492bbdba108826c525e20036f61b4d66795a4be78e1ab742fb22d67ffbb040a82,gx-no-cache=1724164566360 HTTP/1.1" 200 82
181.212.43.89 - - [20/Aug/2024:11:36:50 -0300] "GET /cormun/servlet/permisogoce?45766ca0287637cbed6d18fadb17a8d2770467df167e24e4f88bbea6d47cac7e6a63e17e6c5999013d342b601a6ad810b1581a5933874d41c04ae64343e88e50,gx-no-cache=1724164571210 HTTP/1.1" 200 129
181.212.43.89 - - [20/Aug/2024:11:36:56 -0300] "GET /cormun/servlet/permisogoce?45766ca0287637cbed6d18fadb17a8d2770467df167e24e4f88bbea6d47cac7ea0538ee9d7795e7ece2343944df7318944ba7677f5b1e77887598d91d7a2d500,gx-no-cache=1724164576954 HTTP/1.1" 200 47
190.171.142.26 - - [20/Aug/2024:11:37:09 -0300] "GET /cormun/servlet/solicitudot?05843a681fe5df0c53049a4f8e1704b30cbfa472b19b6ab5953a7f81e3d0082f08706998f6be25a3402af1111f8dc74166569f0b24cb07088f7084537eeb47b1,gx-no-cache=1724164591508 HTTP/1.1" 200 30
190.171.142.26 - - [20/Aug/2024:11:37:10 -0300] "GET /cormun/servlet/solicitudot?05843a681fe5df0c53049a4f8e1704b3276b091a51af26b0e8c8d12535529f0b,gx-no-cache=1724164593140 HTTP/1.1" 200 53
190.171.142.26 - - [20/Aug/2024:11:37:30 -0300] "POST /cormun/servlet/solicitudot?gx-no-cache=1724164612572 HTTP/1.1" 200 240
181.212.47.136 - - [20/Aug/2024:11:37:33 -0300] "POST /cormun/servlet/hlogin?41ba99a25e96657a08b83d5884754fd4,gx-no-cache=1724164615686 HTTP/1.1" 200 431
190.171.142.26 - - [20/Aug/2024:11:37:33 -0300] "GET /cormun/servlet/solicitudot?05843a681fe5df0c53049a4f8e1704b379b0c1986a3a0dd06b04ba6c58be37260e56b7f61338686b104498c3eeabb8fce4e3efb6a9196c69f39f6bb71f6b251ff472b67d9ea9eeb113d7958bacf5b437bd836acda56aa5156b5e584f282b90333496e1e4ba5681c7944a98d0ebb44b1357ea9c1571007b5c7698be07ef3bd051bf78d30d9958d177e48b99d11ef7e5f163d17d5d07bbec278bedf7675eeeda18571517ce74f4363c7b00cc1c07cb3e1a7ccb53aa69191c45cec725c0e6d3c3d139f358d96751e413a580f39d7bbc9840612239bdcb1d581dcdcd938564b48eb06ca2630a29e768c3c2313eaa0a2022eb4949c15ad8a703b5b9c54d529d33788da28eb20cc0b9740fc1a601f2a9ded8a707b28410ae6848a238b46a87575fa5a97cefdf467e2a6f248e99f9c99a5635752685fa34c59000e29c6a0dec2ffed3ce4cc117e266916deaf423586e6772eead574b4b7fa33261ceb8b33cc6bc1315c6472b7c6940a8ac54de5065e0a023c29a4f9067a737947a9623d6f323d794467c,gx-no-cache=1724164615810 HTTP/1.1" 200 30
190.171.142.26 - - [20/Aug/2024:11:37:37 -0300] "POST /cormun/servlet/solicitudot?gx-no-cache=1724164619765 HTTP/1.1" 200 30
190.171.142.26 - - [20/Aug/2024:11:37:48 -0300] "POST /cormun/servlet/solicitudot?gx-no-cache=1724164630764 HTTP/1.1" 200 1484
181.212.47.136 - - [20/Aug/2024:11:37:50 -0300] "POST /cormun/servlet/hlogin?41ba99a25e96657a08b83d5884754fd4,gx-no-cache=1724164633516 HTTP/1.1" 200 431
190.171.153.50 - - [20/Aug/2024:11:37:54 -0300] "GET /cormun/servlet/solicitudot?INS,0,0,false, HTTP/1.1" 200 16179
190.171.142.26 - - [20/Aug/2024:11:37:55 -0300] "POST /cormun/servlet/solicitudot?gx-no-cache=1724164638500 HTTP/1.1" 200 41
181.212.42.153 - - [20/Aug/2024:11:38:09 -0300] "GET /cormun/servlet/trfichaempleado? HTTP/1.1" 200 14668
181.212.42.153 - - [20/Aug/2024:11:38:09 -0300] "GET /cormun/static/gxui/gxui-all.css?110300 HTTP/1.1" 200 2179
181.212.42.153 - - [20/Aug/2024:11:38:09 -0300] "GET /cormun/static/gxcfg.js?201991420132062 HTTP/1.1" 200 953
181.212.42.153 - - [20/Aug/2024:11:38:09 -0300] "GET /cormun/static/trfichaempleado.js?201991420132430 HTTP/1.1" 200 22815
181.212.42.153 - - [20/Aug/2024:11:38:09 -0300] "GET /cormun/static/Resources/Spanish/PXTools.css?19172979 HTTP/1.1" 200 100853
181.212.42.153 - - [20/Aug/2024:11:38:09 -0300] "GET /cormun/static/Shared/ext/resources/css/ext-all.css?205870 HTTP/1.1" 200 416045
190.171.142.26 - - [20/Aug/2024:11:38:19 -0300] "POST /cormun/servlet/solicitudot?gx-no-cache=1724164662301 HTTP/1.1" 200 30
190.171.142.26 - - [20/Aug/2024:11:38:19 -0300] "POST /cormun/servlet/solicitudot?gx-no-cache=1724164662336 HTTP/1.1" 200 1484
190.171.142.26 - - [20/Aug/2024:11:38:19 -0300] "POST /cormun/servlet/solicitudot?gx-no-cache=1724164662400 HTTP/1.1" 200 41
181.212.47.137 - - [20/Aug/2024:11:38:46 -0300] "POST /cormun/servlet/hlogin?d87502fe78cda2dec5863273237e636b,gx-no-cache=1724164689862 HTTP/1.1" 200 451
181.212.47.137 - - [20/Aug/2024:11:38:53 -0300] "POST /cormun/servlet/hlogin?d87502fe78cda2dec5863273237e636b,gx-no-cache=1724164696702 HTTP/1.1" 200 451
181.212.47.137 - - [20/Aug/2024:11:38:57 -0300] "POST /cormun/servlet/hlogin?d87502fe78cda2dec5863273237e636b,gx-no-cache=1724164700846 HTTP/1.1" 200 451
181.212.47.137 - - [20/Aug/2024:11:39:12 -0300] "POST /cormun/servlet/hlogin?d87502fe78cda2dec5863273237e636b,gx-no-cache=1724164715187 HTTP/1.1" 200 451
190.171.142.26 - - [20/Aug/2024:11:39:12 -0300] "GET /cormun/servlet/solicitudot?05843a681fe5df0c53049a4f8e1704b31b35cf1d40f41a36dbc456ccdb99df73980866aa04186c7540243c765fbe7e937a2b9fa6778f689d1ae3a0a04cd0d6f6b78f0f571dffb54e856739b8a3111fe42b5d675f831d6362a95cbe22d333794bd94dce9181667b0e386b941503f6e6f8,gx-no-cache=1724164714999 HTTP/1.1" 200 110
190.171.142.26 - - [20/Aug/2024:11:39:28 -0300] "POST /cormun/servlet/solicitudot?gx-no-cache=1724164731157 HTTP/1.1" 200 72
192.168.10.96 - - [20/Aug/2024:11:39:32 -0300] "GET /cormun/servlet/hlogin HTTP/1.1" 200 1721
192.168.10.96 - - [20/Aug/2024:11:39:38 -0300] "POST /cormun/servlet/hlogin?15bc88abc2ad390696e769229baa6caa,gx-no-cache=1724164757806 HTTP/1.1" 200 90
192.168.10.96 - - [20/Aug/2024:11:39:38 -0300] "GET /cormun/servlet/hpexe_link HTTP/1.1" 200 950
192.168.10.96 - - [20/Aug/2024:11:39:38 -0300] "GET /cormun/servlet/hhome HTTP/1.1" 200 3817
190.171.142.26 - - [20/Aug/2024:11:39:38 -0300] "GET /cormun/servlet/solicitudot?05843a681fe5df0c53049a4f8e1704b3b1899f8396e0540bf3c5302b8596f040d089425b400e532f8fb16217c5dbba3d2c1c9e5e2cc28f7e59019302a340c4b2199c0dbc2ea05b7f40f71836915b12746fb4209c284db1b9729a01f83ea5067b453c34639dde1b95cd23f969c985c1aa,gx-no-cache=1724164740988 HTTP/1.1" 200 29
192.168.10.17 - - [20/Aug/2024:11:39:39 -0300] "GET /cormun/servlet/trsolicitudgral? HTTP/1.1" 200 10681
190.171.142.26 - - [20/Aug/2024:11:39:49 -0300] "GET /cormun/servlet/solicitudot?05843a681fe5df0c53049a4f8e1704b3446bd5403f435180d9223972ab58e8906d12fa094b0a5c76bc53bf48ea0e81e0,gx-no-cache=1724164751932 HTTP/1.1" 200 30
190.171.142.26 - - [20/Aug/2024:11:39:49 -0300] "POST /cormun/servlet/solicitudot?gx-no-cache=1724164751949 HTTP/1.1" 200 34
181.212.43.89 - - [20/Aug/2024:11:39:55 -0300] "GET /cormun/servlet/permisogoce?INS,0,,, HTTP/1.1" 200 6771
190.171.142.26 - - [20/Aug/2024:11:39:56 -0300] "POST /cormun/servlet/solicitudot?261cdaf261ed7d2160b6dedf36f44406,INS,0,0,false,,gx-no-cache=1724164759023 HTTP/1.1" 500 10
181.212.47.136 - - [20/Aug/2024:11:39:59 -0300] "POST /cormun/servlet/hlogin?41ba99a25e96657a08b83d5884754fd4,gx-no-cache=1724164762122 HTTP/1.1" 200 90
181.212.47.136 - - [20/Aug/2024:11:39:59 -0300] "GET /cormun/servlet/hpexe_link HTTP/1.1" 200 948
181.212.47.136 - - [20/Aug/2024:11:39:59 -0300] "GET /cormun/static/gxcfg.js?20221129847421 HTTP/1.1" 200 953
181.212.47.136 - - [20/Aug/2024:11:39:59 -0300] "GET /cormun/static/hpexe_link.js?20221129847423 HTTP/1.1" 200 625
181.212.47.136 - - [20/Aug/2024:11:39:59 -0300] "GET /cormun/static/Resources/Spanish/PXTools.css?8354383 HTTP/1.1" 200 100853
181.212.47.136 - - [20/Aug/2024:11:39:59 -0300] "GET /cormun/servlet/hhome HTTP/1.1" 200 4538
181.212.47.136 - - [20/Aug/2024:11:39:59 -0300] "GET /cormun/static/SmoothNavMenu/resources/ddsmoothmenu.css?1112540 HTTP/1.1" 200 2223
181.212.47.136 - - [20/Aug/2024:11:39:59 -0300] "GET /cormun/static/Shared/jqueryui/jquery-ui.min.css?1345370 HTTP/1.1" 200 30288
181.212.47.136 - - [20/Aug/2024:11:39:59 -0300] "GET /cormun/static/SmoothNavMenu/resources/ddsmoothmenu-v.css?1112540 HTTP/1.1" 200 1188
181.212.47.136 - - [20/Aug/2024:11:39:59 -0300] "GET /cormun/static/gxcfg.js?20201215495537 HTTP/1.1" 200 953
181.212.47.136 - - [20/Aug/2024:11:39:59 -0300] "GET /cormun/static/scaMessage/css/jquery.pnotify.default.css?1816380 HTTP/1.1" 200 1707
181.212.47.136 - - [20/Aug/2024:11:39:59 -0300] "GET /cormun/static/PXToolsJavascripts/pexe_autoreload.js HTTP/1.1" 200 1762
181.212.47.136 - - [20/Aug/2024:11:39:59 -0300] "GET /cormun/static/PXToolsJavascripts/pexe_windows.js HTTP/1.1" 200 15249
181.212.47.136 - - [20/Aug/2024:11:39:59 -0300] "GET /cormun/static/PXToolsJavascripts/pexe_cookies.js HTTP/1.1" 200 792
181.212.47.136 - - [20/Aug/2024:11:39:59 -0300] "GET /cormun/static/PXToolsJavascripts/pexe_link.js HTTP/1.1" 200 5671
181.212.47.136 - - [20/Aug/2024:11:39:59 -0300] "GET /cormun/static/PXToolsJavascripts/pexe_grid.js HTTP/1.1" 200 7559
181.212.47.136 - - [20/Aug/2024:11:39:59 -0300] "GET /cormun/static/PXToolsJavascripts/pexe_griddivfix.js HTTP/1.1" 200 6946
181.212.47.136 - - [20/Aug/2024:11:39:59 -0300] "GET /cormun/static/PXToolsJavascripts/pexe_menudivfix.js HTTP/1.1" 200 333
181.212.47.136 - - [20/Aug/2024:11:39:59 -0300] "GET /cormun/static/PXToolsJavascripts/pexe_menus.js HTTP/1.1" 200 1286
181.212.47.136 - - [20/Aug/2024:11:39:59 -0300] "GET /cormun/static/PXToolsJavascripts/pexe_layers.js HTTP/1.1" 200 4114
181.212.47.136 - - [20/Aug/2024:11:39:59 -0300] "GET /cormun/static/PXToolsJavascripts/pexe_oav.js HTTP/1.1" 200 645
181.212.47.136 - - [20/Aug/2024:11:39:59 -0300] "GET /cormun/static/PXToolsJavascripts/pexe_oavdivfix.js HTTP/1.1" 200 639
181.212.47.136 - - [20/Aug/2024:11:39:59 -0300] "GET /cormun/static/PXToolsJavascripts/pexe_picture.js HTTP/1.1" 200 689
181.212.47.136 - - [20/Aug/2024:11:39:59 -0300] "GET /cormun/static/PXToolsJavascripts/pexe_popup.js HTTP/1.1" 200 15149
181.212.47.136 - - [20/Aug/2024:11:39:59 -0300] "GET /cormun/static/PXToolsJavascripts/pexe_tabdivfix.js HTTP/1.1" 200 898
181.212.47.136 - - [20/Aug/2024:11:39:59 -0300] "GET /cormun/static/PXToolsJavascripts/pexe_scrolldiv.js HTTP/1.1" 200 4138
181.212.47.136 - - [20/Aug/2024:11:39:59 -0300] "GET /cormun/static/PXToolsJavascripts/pexe_tabs.js HTTP/1.1" 200 3748
181.212.47.136 - - [20/Aug/2024:11:39:59 -0300] "GET /cormun/static/PXToolsJavascripts/pexe_upload.js HTTP/1.1" 200 1423
181.212.47.136 - - [20/Aug/2024:11:39:59 -0300] "GET /cormun/static/PXToolsJavascripts/PXToolsJavascriptsRender.js HTTP/1.1" 200 367
181.212.47.136 - - [20/Aug/2024:11:39:59 -0300] "GET /cormun/static/Resources/CormunMP2.png HTTP/1.1" 200 6878
181.212.47.136 - - [20/Aug/2024:11:39:59 -0300] "GET /cormun/static/Resources/ImgHome.png HTTP/1.1" 200 1364
181.212.47.136 - - [20/Aug/2024:11:39:59 -0300] "GET /cormun/static/RunJS/RunJS.js HTTP/1.1" 200 288
181.212.47.136 - - [20/Aug/2024:11:39:59 -0300] "GET /cormun/static/Resources/ImgLogin.png HTTP/1.1" 200 1432
181.212.47.136 - - [20/Aug/2024:11:39:59 -0300] "GET /cormun/static/Resources/Llave.png HTTP/1.1" 200 1395
181.212.47.136 - - [20/Aug/2024:11:39:59 -0300] "GET /cormun/static/Resources/PXToolsDataTitle.png HTTP/1.1" 200 1173
181.212.47.136 - - [20/Aug/2024:11:39:59 -0300] "GET /cormun/static/hhome.js?20201215495544 HTTP/1.1" 200 777
181.212.47.136 - - [20/Aug/2024:11:39:59 -0300] "GET /cormun/static/Shared/ext/locale/ext-lang-en.js HTTP/1.1" 200 10940
181.212.47.136 - - [20/Aug/2024:11:39:59 -0300] "GET /cormun/static/hwchdr01.js?2022112219251119 HTTP/1.1" 200 996
181.212.47.136 - - [20/Aug/2024:11:39:59 -0300] "GET /cormun/static/gxui/gxui-all.js HTTP/1.1" 200 107772
181.212.47.136 - - [20/Aug/2024:11:39:59 -0300] "GET /cormun/static/hpexe_recentlink.js?20201214471090 HTTP/1.1" 200 2144
181.212.47.136 - - [20/Aug/2024:11:39:59 -0300] "GET /cormun/static/hpexe_scripts.js?20201214471411 HTTP/1.1" 200 1544
181.212.47.136 - - [20/Aug/2024:11:39:59 -0300] "GET /cormun/static/hpexe_messagecontroller.js?202211298371222 HTTP/1.1" 200 870
181.212.47.136 - - [20/Aug/2024:11:39:59 -0300] "GET /cormun/static/hpexe_messagepopupcomponent.js?2020121447232 HTTP/1.1" 200 605
181.212.47.136 - - [20/Aug/2024:11:39:59 -0300] "GET /cormun/static/hpexe_messagegenexuscomponent.js?20221129836373 HTTP/1.1" 200 587
181.212.47.136 - - [20/Aug/2024:11:39:59 -0300] "GET /cormun/static/cmcontrolpreferences.js?20199141926336 HTTP/1.1" 200 1375
181.212.47.136 - - [20/Aug/2024:11:39:59 -0300] "GET /cormun/static/Shared/jquery/jquery-1.4.2.min.js HTTP/1.1" 200 72174
181.212.47.136 - - [20/Aug/2024:11:39:59 -0300] "GET /cormun/static/SmoothNavMenu/resources/ddsmoothmenu.js HTTP/1.1" 200 12712
181.212.47.136 - - [20/Aug/2024:11:39:59 -0300] "GET /cormun/static/SmoothNavMenu/resources/SmoothNavMenuRender.js HTTP/1.1" 200 5951
181.212.47.136 - - [20/Aug/2024:11:39:59 -0300] "GET /cormun/static/scaMessage/js/jquery.pnotify.min.js HTTP/1.1" 200 13038
181.212.47.136 - - [20/Aug/2024:11:39:59 -0300] "GET /cormun/static/scaMessage/scaMessageRender.js HTTP/1.1" 200 11977
181.212.47.136 - - [20/Aug/2024:11:39:59 -0300] "GET /cormun/static/hmpwkw03.js?20221129844354 HTTP/1.1" 200 3971
181.212.47.136 - - [20/Aug/2024:11:39:59 -0300] "GET /cormun/static/Shared/jquery/jquery-1.10.2.min.js HTTP/1.1" 200 273199
181.212.47.136 - - [20/Aug/2024:11:40:00 -0300] "GET /cormun/static/Shared/jqueryui/jquery-ui.min.js HTTP/1.1" 200 240427
181.212.47.136 - - [20/Aug/2024:11:40:00 -0300] "GET /cormun/static/Shared/ext/ext-all.js HTTP/1.1" 200 1289687
181.212.47.136 - - [20/Aug/2024:11:40:00 -0300] "GET /cormun/static/SmoothNavMenu/resources/images/down.gif HTTP/1.1" 200 854
181.212.47.136 - - [20/Aug/2024:11:40:00 -0300] "GET /cormun/static/SmoothNavMenu/resources/images/right.gif HTTP/1.1" 200 860
190.171.143.82 - - [20/Aug/2024:11:40:00 -0300] "GET /cormun/servlet/permisogoce?cdb8e8330e954dfc360f27ffbf4bbbe042de7392f8d6a3a0fc232893df45e65e869d76fa4bf3fe2aad0f9d0d61d8adc2aa34db084015409d1166ce962362fef7,gx-no-cache=1724164762936 HTTP/1.1" 200 48
192.168.10.2 - - [20/Aug/2024:11:40:02 -0300] "GET /cormun/servlet/hlogin HTTP/1.1" 200 1726
190.171.143.82 - - [20/Aug/2024:11:40:02 -0300] "POST /cormun/servlet/permisogoce?ce07d6bb973055a5d9676594b3a0d792,INS,0,,,,gx-no-cache=1724164765099 HTTP/1.1" 500 10
192.168.10.2 - - [20/Aug/2024:11:40:02 -0300] "GET /cormun/static/gxtimezone.js?85251 HTTP/1.1" 200 5781
192.168.10.2 - - [20/Aug/2024:11:40:02 -0300] "GET /cormun/static/gxcfg.js?2022112219184450 HTTP/1.1" 200 953
192.168.10.2 - - [20/Aug/2024:11:40:02 -0300] "GET /cormun/static/Resources/CormunLogin.png HTTP/1.1" 200 19132
192.168.10.2 - - [20/Aug/2024:11:40:02 -0300] "GET /cormun/static/Resources/Spanish/PXTools.css?1759030 HTTP/1.1" 200 100853
192.168.10.2 - - [20/Aug/2024:11:40:02 -0300] "GET /cormun/static/messages.spa.js?85251 HTTP/1.1" 200 30736
192.168.10.2 - - [20/Aug/2024:11:40:02 -0300] "GET /cormun/static/hlogin.js?2022112219184458 HTTP/1.1" 200 2156
192.168.10.2 - - [20/Aug/2024:11:40:02 -0300] "GET /cormun/static/gxgral.js?85251 HTTP/1.1" 200 384558
192.168.10.2 - - [20/Aug/2024:11:40:02 -0300] "GET /cormun/static/Resources/PXToolsLoginTop.png HTTP/1.1" 200 1337
192.168.10.2 - - [20/Aug/2024:11:40:02 -0300] "GET /cormun/static/Resources/PXToolsLoginBackground.png HTTP/1.1" 200 1164
192.168.10.2 - - [20/Aug/2024:11:40:02 -0300] "GET /cormun/static/Resources/PXToolsButtonRight.png HTTP/1.1" 200 1294
192.168.10.2 - - [20/Aug/2024:11:40:02 -0300] "GET /cormun/static/Resources/PXToolsButtonLeft.png HTTP/1.1" 200 1310
192.168.10.2 - - [20/Aug/2024:11:40:02 -0300] "GET /cormun/static/Resources/PXToolsLoginBottom.png HTTP/1.1" 200 1389
192.168.10.2 - - [20/Aug/2024:11:40:02 -0300] "GET /cormun/static/Resources/PXToolsButtonBackground.png HTTP/1.1" 200 1176
192.168.10.2 - - [20/Aug/2024:11:40:02 -0300] "GET /cormun/servlet/hlogin HTTP/1.1" 200 1736
192.168.10.2 - - [20/Aug/2024:11:40:02 -0300] "GET /cormun/static/Resources/indicator.gif HTTP/1.1" 200 1553
181.212.43.89 - - [20/Aug/2024:11:40:06 -0300] "POST /cormun/servlet/permisogoce?3e422c2e2d055855e6f25aa7b745a9d0,INS,0,,,,gx-no-cache=1724164767736 HTTP/1.1" 200 4497
181.212.43.89 - - [20/Aug/2024:11:40:09 -0300] "GET /cormun/servlet/permisogoce?45766ca0287637cbed6d18fadb17a8d23a9555826d3d62fabf864f915dc852746a8d86694c96bc7fd703b59b1a4e2d2a1c18585046f22cea3971dbf5c711b8689d5681145752a2213ee41d0efc4557e82c02526cfcccc881d824baec37c440c52018b6bcd5c56f95ddc86b30b9bc53039d5681145752a2213ee41d0efc4557e82c02526cfcccc881d824baec37c440c526009fd1207b5f617007091b4f04d4437d656f2fc78ded951c9a6bec7fc8fe8730edea171d0a3a668d75495d9e25e7cec2df763a75317f417b1c39fd7cca55a9c6aa2e0ffa9a4a2ef1d6bd2262d5a202,gx-no-cache=1724164770080 HTTP/1.1" 200 89
192.168.10.2 - - [20/Aug/2024:11:40:13 -0300] "POST /cormun/servlet/hlogin?30d45515dc343fc5fc13bce90925d9ec,gx-no-cache=1724164776312 HTTP/1.1" 200 452
190.171.143.82 - - [20/Aug/2024:11:40:13 -0300] "GET /cormun/servlet/permisogoce HTTP/1.1" 200 7110
192.168.10.96 - - [20/Aug/2024:11:40:14 -0300] "GET /cormun/servlet/trsolicitudgral? HTTP/1.1" 200 10678
192.168.10.96 - - [20/Aug/2024:11:40:14 -0300] "GET /cormun/static/gxcfg.js?20191021621534 HTTP/1.1" 200 953
192.168.10.96 - - [20/Aug/2024:11:40:14 -0300] "GET /cormun/static/trsolicitudgral.js?20191021621224 HTTP/1.1" 200 55166
190.171.143.82 - - [20/Aug/2024:11:40:14 -0300] "GET /cormun/static/Shared/jqueryui/images/ui-bg_highlight-soft_100_c6c2c8_1x100.png HTTP/1.1" 404 1117
190.171.143.82 - - [20/Aug/2024:11:40:14 -0300] "GET /cormun/static/Shared/jqueryui/images/ui-icons_82798d_256x240.png HTTP/1.1" 404 1089
192.168.10.96 - - [20/Aug/2024:11:40:14 -0300] "GET /cormun/static/Resources/PXToolsAddAllStandardAction.png HTTP/1.1" 200 628
192.168.10.96 - - [20/Aug/2024:11:40:14 -0300] "GET /cormun/static/Resources/PXToolsRemoveAllStandardAction.png HTTP/1.1" 200 495
190.171.143.82 - - [20/Aug/2024:11:40:14 -0300] "GET /cormun/static/Shared/jqueryui/images/ui-bg_flat_55_fafafa_40x100.png HTTP/1.1" 404 1097
190.171.143.82 - - [20/Aug/2024:11:40:14 -0300] "GET /cormun/static/Shared/jqueryui/images/ui-icons_8d78a5_256x240.png HTTP/1.1" 404 1089
192.168.10.2 - - [20/Aug/2024:11:40:17 -0300] "POST /cormun/servlet/hlogin?30d45515dc343fc5fc13bce90925d9ec,gx-no-cache=1724164780198 HTTP/1.1" 200 90
192.168.10.2 - - [20/Aug/2024:11:40:17 -0300] "GET /cormun/servlet/hpexe_link HTTP/1.1" 200 953
192.168.10.2 - - [20/Aug/2024:11:40:17 -0300] "GET /cormun/static/gxcfg.js?20221129847421 HTTP/1.1" 200 953
192.168.10.2 - - [20/Aug/2024:11:40:17 -0300] "GET /cormun/static/hpexe_link.js?20221129847423 HTTP/1.1" 200 625
192.168.10.2 - - [20/Aug/2024:11:40:17 -0300] "GET /cormun/static/Resources/Spanish/PXTools.css?8354383 HTTP/1.1" 200 100853
192.168.10.2 - - [20/Aug/2024:11:40:17 -0300] "GET /cormun/servlet/hhome HTTP/1.1" 200 4541
192.168.10.2 - - [20/Aug/2024:11:40:17 -0300] "GET /cormun/static/SmoothNavMenu/resources/ddsmoothmenu-v.css?1112540 HTTP/1.1" 200 1188
192.168.10.2 - - [20/Aug/2024:11:40:17 -0300] "GET /cormun/static/gxcfg.js?20201215495537 HTTP/1.1" 200 953
192.168.10.2 - - [20/Aug/2024:11:40:17 -0300] "GET /cormun/static/SmoothNavMenu/resources/ddsmoothmenu.css?1112540 HTTP/1.1" 200 2223
192.168.10.2 - - [20/Aug/2024:11:40:17 -0300] "GET /cormun/static/scaMessage/css/jquery.pnotify.default.css?1816380 HTTP/1.1" 200 1707
192.168.10.2 - - [20/Aug/2024:11:40:17 -0300] "GET /cormun/static/Resources/Spanish/PXTools.css?14345360 HTTP/1.1" 200 100853
192.168.10.2 - - [20/Aug/2024:11:40:17 -0300] "GET /cormun/static/Shared/jqueryui/jquery-ui.min.css?1345370 HTTP/1.1" 200 30288
192.168.10.2 - - [20/Aug/2024:11:40:17 -0300] "GET /cormun/static/PXToolsJavascripts/pexe_autoreload.js HTTP/1.1" 200 1762
192.168.10.2 - - [20/Aug/2024:11:40:17 -0300] "GET /cormun/static/PXToolsJavascripts/pexe_cookies.js HTTP/1.1" 200 792
192.168.10.2 - - [20/Aug/2024:11:40:17 -0300] "GET /cormun/static/PXToolsJavascripts/pexe_griddivfix.js HTTP/1.1" 200 6946
192.168.10.2 - - [20/Aug/2024:11:40:17 -0300] "GET /cormun/static/PXToolsJavascripts/pexe_grid.js HTTP/1.1" 200 7559
192.168.10.2 - - [20/Aug/2024:11:40:17 -0300] "GET /cormun/static/PXToolsJavascripts/pexe_link.js HTTP/1.1" 200 5671
