181.212.43.89 - - [20/Aug/2024:11:11:21 -0300] "GET /cormun/servlet/hlogin HTTP/1.1" 200 1725
181.212.43.89 - - [20/Aug/2024:11:11:21 -0300] "GET /cormun/static/gxtimezone.js?85251 HTTP/1.1" 200 5781
181.212.43.89 - - [20/Aug/2024:11:11:21 -0300] "GET /cormun/static/gxcfg.js?2022112219184450 HTTP/1.1" 200 953
181.212.43.89 - - [20/Aug/2024:11:11:21 -0300] "GET /cormun/static/Resources/CormunLogin.png HTTP/1.1" 200 19132
181.212.43.89 - - [20/Aug/2024:11:11:21 -0300] "GET /cormun/static/messages.spa.js?85251 HTTP/1.1" 200 30736
181.212.43.89 - - [20/Aug/2024:11:11:21 -0300] "GET /cormun/static/Resources/Spanish/PXTools.css?1759030 HTTP/1.1" 200 100853
181.212.43.89 - - [20/Aug/2024:11:11:21 -0300] "GET /cormun/static/hlogin.js?2022112219184458 HTTP/1.1" 200 2156
181.212.43.89 - - [20/Aug/2024:11:11:21 -0300] "GET /cormun/static/gxgral.js?85251 HTTP/1.1" 200 384558
181.212.43.89 - - [20/Aug/2024:11:11:21 -0300] "GET /cormun/static/Resources/PXToolsLoginTop.png HTTP/1.1" 200 1337
181.212.43.89 - - [20/Aug/2024:11:11:21 -0300] "GET /cormun/static/Resources/PXToolsLoginBackground.png HTTP/1.1" 200 1164
181.212.43.89 - - [20/Aug/2024:11:11:21 -0300] "GET /cormun/static/Resources/PXToolsButtonRight.png HTTP/1.1" 200 1294
181.212.43.89 - - [20/Aug/2024:11:11:21 -0300] "GET /cormun/static/Resources/PXToolsButtonLeft.png HTTP/1.1" 200 1310
181.212.43.89 - - [20/Aug/2024:11:11:21 -0300] "GET /cormun/static/Resources/PXToolsButtonBackground.png HTTP/1.1" 200 1176
181.212.43.89 - - [20/Aug/2024:11:11:21 -0300] "GET /cormun/static/Resources/PXToolsLoginBottom.png HTTP/1.1" 200 1389
181.212.43.89 - - [20/Aug/2024:11:11:21 -0300] "GET /cormun/static/Resources/indicator.gif HTTP/1.1" 200 1553
181.212.43.89 - - [20/Aug/2024:11:11:21 -0300] "GET /cormun/servlet/hlogin HTTP/1.1" 200 1736
181.212.43.89 - - [20/Aug/2024:11:11:21 -0300] "GET /favicon.ico HTTP/1.1" 200 21630
190.171.141.82 - - [20/Aug/2024:11:11:24 -0300] "POST /cormun/servlet/solicitudot?gx-no-cache=1724163047089 HTTP/1.1" 200 4040
190.171.141.82 - - [20/Aug/2024:11:11:24 -0300] "POST /cormun/servlet/solicitudot?9f63789bb316f80349ae19d5afaa0f3e,INS,0,0,false,,gx-no-cache=1724163047197 HTTP/1.1" 200 12887
190.171.141.82 - - [20/Aug/2024:11:11:25 -0300] "GET /cormun/servlet/solicitudot?981566600cedc91f2b9defec2f30072f07ff70dd8724e25ac74bb92b58c47bcec8a29ced79dadee2bec29a485d4b6967,gx-no-cache=1724163048099 HTTP/1.1" 200 30
190.171.143.90 - - [20/Aug/2024:11:11:28 -0300] "POST /cormun/servlet/solicitudot?gx-no-cache=1724163051018 HTTP/1.1" 200 97
190.171.142.42 - - [20/Aug/2024:11:11:30 -0300] "POST /cormun/servlet/solicitudot?gx-no-cache=1724163053311 HTTP/1.1" 200 4156
190.171.142.42 - - [20/Aug/2024:11:11:31 -0300] "POST /cormun/servlet/solicitudot?932ff89e6542879f917565b98deddc35,INS,0,0,false,,gx-no-cache=1724163053433 HTTP/1.1" 200 12742
181.212.43.89 - - [20/Aug/2024:11:11:31 -0300] "POST /cormun/servlet/hlogin?aa5f76c8459e0802536a6646f98e7407,gx-no-cache=1724163053883 HTTP/1.1" 200 447
190.171.142.42 - - [20/Aug/2024:11:11:33 -0300] "POST /cormun/servlet/solicitudot?932ff89e6542879f917565b98deddc35,INS,0,0,false,,gx-no-cache=1724163055709 HTTP/1.1" 200 13069
190.171.142.42 - - [20/Aug/2024:11:11:33 -0300] "GET /cormun/static/Shared/jqueryui/images/ui-bg_highlight-soft_100_c6c2c8_1x100.png HTTP/1.1" 404 1117
190.171.142.42 - - [20/Aug/2024:11:11:33 -0300] "GET /cormun/static/Shared/jqueryui/images/ui-icons_82798d_256x240.png HTTP/1.1" 404 1089
190.171.142.42 - - [20/Aug/2024:11:11:33 -0300] "GET /cormun/static/Shared/jqueryui/images/ui-bg_flat_55_994d53_40x100.png HTTP/1.1" 404 1097
190.171.142.42 - - [20/Aug/2024:11:11:33 -0300] "GET /cormun/static/Shared/jqueryui/images/ui-icons_ebccce_256x240.png HTTP/1.1" 404 1089
190.171.142.42 - - [20/Aug/2024:11:11:37 -0300] "GET /cormun/servlet/solicitudot?bd8e65ff2d488b4537c982bdca66d220b5a7aff503ee37fc0cd98ba4e3fc83835c17f80d1da36a20186f30be92647062,gx-no-cache=1724163059805 HTTP/1.1" 200 30
181.212.43.89 - - [20/Aug/2024:11:11:39 -0300] "POST /cormun/servlet/hlogin?aa5f76c8459e0802536a6646f98e7407,gx-no-cache=1724163061560 HTTP/1.1" 200 90
181.212.43.89 - - [20/Aug/2024:11:11:39 -0300] "GET /cormun/servlet/hpexe_link HTTP/1.1" 200 956
181.212.43.89 - - [20/Aug/2024:11:11:39 -0300] "GET /cormun/static/gxcfg.js?20221129847421 HTTP/1.1" 200 953
181.212.43.89 - - [20/Aug/2024:11:11:39 -0300] "GET /cormun/static/hpexe_link.js?20221129847423 HTTP/1.1" 200 625
181.212.43.89 - - [20/Aug/2024:11:11:39 -0300] "GET /cormun/static/Resources/Spanish/PXTools.css?8354383 HTTP/1.1" 200 100853
181.212.43.89 - - [20/Aug/2024:11:11:39 -0300] "GET /cormun/servlet/hhome HTTP/1.1" 200 4027
181.212.43.89 - - [20/Aug/2024:11:11:39 -0300] "GET /cormun/static/SmoothNavMenu/resources/ddsmoothmenu.css?1112540 HTTP/1.1" 200 2223
181.212.43.89 - - [20/Aug/2024:11:11:39 -0300] "GET /cormun/static/SmoothNavMenu/resources/ddsmoothmenu-v.css?1112540 HTTP/1.1" 200 1188
181.212.43.89 - - [20/Aug/2024:11:11:39 -0300] "GET /cormun/static/scaMessage/css/jquery.pnotify.default.css?1816380 HTTP/1.1" 200 1707
181.212.43.89 - - [20/Aug/2024:11:11:39 -0300] "GET /cormun/static/gxcfg.js?20201215495537 HTTP/1.1" 200 953
181.212.43.89 - - [20/Aug/2024:11:11:39 -0300] "GET /cormun/static/Shared/jqueryui/jquery-ui.min.css?1345370 HTTP/1.1" 200 30288
181.212.43.89 - - [20/Aug/2024:11:11:39 -0300] "GET /cormun/static/PXToolsJavascripts/pexe_autoreload.js HTTP/1.1" 200 1762
181.212.43.89 - - [20/Aug/2024:11:11:39 -0300] "GET /cormun/static/Resources/Spanish/PXTools.css?14345360 HTTP/1.1" 200 100853
181.212.43.89 - - [20/Aug/2024:11:11:39 -0300] "GET /cormun/static/PXToolsJavascripts/pexe_cookies.js HTTP/1.1" 200 792
181.212.43.89 - - [20/Aug/2024:11:11:39 -0300] "GET /cormun/static/PXToolsJavascripts/pexe_grid.js HTTP/1.1" 200 7559
181.212.43.89 - - [20/Aug/2024:11:11:39 -0300] "GET /cormun/static/PXToolsJavascripts/pexe_windows.js HTTP/1.1" 200 15249
181.212.43.89 - - [20/Aug/2024:11:11:39 -0300] "GET /cormun/static/PXToolsJavascripts/pexe_griddivfix.js HTTP/1.1" 200 6946
181.212.43.89 - - [20/Aug/2024:11:11:39 -0300] "GET /cormun/static/PXToolsJavascripts/pexe_link.js HTTP/1.1" 200 5671
181.212.43.89 - - [20/Aug/2024:11:11:39 -0300] "GET /cormun/static/PXToolsJavascripts/pexe_menudivfix.js HTTP/1.1" 200 333
181.212.43.89 - - [20/Aug/2024:11:11:39 -0300] "GET /cormun/static/PXToolsJavascripts/pexe_menus.js HTTP/1.1" 200 1286
181.212.43.89 - - [20/Aug/2024:11:11:39 -0300] "GET /cormun/static/PXToolsJavascripts/pexe_layers.js HTTP/1.1" 200 4114
181.212.43.89 - - [20/Aug/2024:11:11:39 -0300] "GET /cormun/static/PXToolsJavascripts/pexe_oav.js HTTP/1.1" 200 645
181.212.43.89 - - [20/Aug/2024:11:11:39 -0300] "GET /cormun/static/PXToolsJavascripts/pexe_oavdivfix.js HTTP/1.1" 200 639
181.212.43.89 - - [20/Aug/2024:11:11:39 -0300] "GET /cormun/static/PXToolsJavascripts/pexe_picture.js HTTP/1.1" 200 689
181.212.43.89 - - [20/Aug/2024:11:11:39 -0300] "GET /cormun/static/PXToolsJavascripts/pexe_popup.js HTTP/1.1" 200 15149
181.212.43.89 - - [20/Aug/2024:11:11:39 -0300] "GET /cormun/static/PXToolsJavascripts/pexe_scrolldiv.js HTTP/1.1" 200 4138
181.212.43.89 - - [20/Aug/2024:11:11:39 -0300] "GET /cormun/static/PXToolsJavascripts/pexe_tabdivfix.js HTTP/1.1" 200 898
181.212.43.89 - - [20/Aug/2024:11:11:39 -0300] "GET /cormun/static/PXToolsJavascripts/pexe_tabs.js HTTP/1.1" 200 3748
181.212.43.89 - - [20/Aug/2024:11:11:39 -0300] "GET /cormun/static/PXToolsJavascripts/pexe_upload.js HTTP/1.1" 200 1423
181.212.43.89 - - [20/Aug/2024:11:11:39 -0300] "GET /cormun/static/PXToolsJavascripts/PXToolsJavascriptsRender.js HTTP/1.1" 200 367
181.212.43.89 - - [20/Aug/2024:11:11:39 -0300] "GET /cormun/static/Resources/CormunMP2.png HTTP/1.1" 200 6878
181.212.43.89 - - [20/Aug/2024:11:11:39 -0300] "GET /cormun/static/Resources/ImgHome.png HTTP/1.1" 200 1364
181.212.43.89 - - [20/Aug/2024:11:11:39 -0300] "GET /cormun/static/Resources/ImgLogin.png HTTP/1.1" 200 1432
181.212.43.89 - - [20/Aug/2024:11:11:39 -0300] "GET /cormun/static/Resources/Llave.png HTTP/1.1" 200 1395
181.212.43.89 - - [20/Aug/2024:11:11:39 -0300] "GET /cormun/static/RunJS/RunJS.js HTTP/1.1" 200 288
181.212.43.89 - - [20/Aug/2024:11:11:39 -0300] "GET /cormun/static/gxui/gxui-all.js HTTP/1.1" 200 107772
181.212.43.89 - - [20/Aug/2024:11:11:39 -0300] "GET /cormun/static/Shared/ext/locale/ext-lang-en.js HTTP/1.1" 200 10940
181.212.43.89 - - [20/Aug/2024:11:11:39 -0300] "GET /cormun/static/hhome.js?20201215495544 HTTP/1.1" 200 777
181.212.43.89 - - [20/Aug/2024:11:11:39 -0300] "GET /cormun/static/hwchdr01.js?2022112219251119 HTTP/1.1" 200 996
181.212.43.89 - - [20/Aug/2024:11:11:39 -0300] "GET /cormun/static/hpexe_recentlink.js?20201214471090 HTTP/1.1" 200 2144
181.212.43.89 - - [20/Aug/2024:11:11:39 -0300] "GET /cormun/static/hpexe_scripts.js?20201214471411 HTTP/1.1" 200 1544
181.212.43.89 - - [20/Aug/2024:11:11:39 -0300] "GET /cormun/static/hpexe_messagecontroller.js?202211298371222 HTTP/1.1" 200 870
181.212.43.89 - - [20/Aug/2024:11:11:39 -0300] "GET /cormun/static/hpexe_messagepopupcomponent.js?2020121447232 HTTP/1.1" 200 605
181.212.43.89 - - [20/Aug/2024:11:11:39 -0300] "GET /cormun/static/hpexe_messagegenexuscomponent.js?20221129836373 HTTP/1.1" 200 587
181.212.43.89 - - [20/Aug/2024:11:11:39 -0300] "GET /cormun/static/cmcontrolpreferences.js?20199141926336 HTTP/1.1" 200 1375
181.212.43.89 - - [20/Aug/2024:11:11:39 -0300] "GET /cormun/static/Shared/jquery/jquery-1.4.2.min.js HTTP/1.1" 200 72174
181.212.43.89 - - [20/Aug/2024:11:11:39 -0300] "GET /cormun/static/Shared/jquery/jquery-1.10.2.min.js HTTP/1.1" 200 273199
181.212.43.89 - - [20/Aug/2024:11:11:39 -0300] "GET /cormun/static/Shared/jqueryui/jquery-ui.min.js HTTP/1.1" 200 240427
181.212.43.89 - - [20/Aug/2024:11:11:39 -0300] "GET /cormun/static/SmoothNavMenu/resources/ddsmoothmenu.js HTTP/1.1" 200 12712
181.212.43.89 - - [20/Aug/2024:11:11:39 -0300] "GET /cormun/static/SmoothNavMenu/resources/SmoothNavMenuRender.js HTTP/1.1" 200 5951
181.212.43.89 - - [20/Aug/2024:11:11:39 -0300] "GET /cormun/static/scaMessage/js/jquery.pnotify.min.js HTTP/1.1" 200 13038
181.212.43.89 - - [20/Aug/2024:11:11:39 -0300] "GET /cormun/static/scaMessage/scaMessageRender.js HTTP/1.1" 200 11977
181.212.43.89 - - [20/Aug/2024:11:11:39 -0300] "GET /cormun/static/hmpwkw03.js?20221129844354 HTTP/1.1" 200 3971
181.212.43.89 - - [20/Aug/2024:11:11:39 -0300] "GET /cormun/static/Shared/ext/ext-all.js HTTP/1.1" 200 1289687
181.212.43.89 - - [20/Aug/2024:11:11:40 -0300] "GET /cormun/static/Resources/PXToolsDataTitle.png HTTP/1.1" 200 1173
181.212.43.89 - - [20/Aug/2024:11:11:40 -0300] "GET /cormun/static/SmoothNavMenu/resources/images/down.gif HTTP/1.1" 200 854
190.95.15.15 - - [20/Aug/2024:11:11:41 -0300] "GET /cormun/servlet/trpermisosgoce? HTTP/1.1" 200 6029
190.95.15.15 - - [20/Aug/2024:11:11:41 -0300] "GET /cormun/servlet/hlogin HTTP/1.1" 200 1737
190.171.153.50 - - [20/Aug/2024:11:11:41 -0300] "GET /cormun/servlet/solicitudot?47bc4850258e781e6309a5d45e9f1befa584600de94d419548f1d6a307a3efbc2231ec90e42c6114cfbda619aaf678e830a55e8c8ea3585f56d16f35bc7dbefd,gx-no-cache=1724163064813 HTTP/1.1" 200 30
190.95.15.15 - - [20/Aug/2024:11:11:48 -0300] "POST /cormun/servlet/hlogin?f19e406a30c26ce33cab6187a9a4c92f,gx-no-cache=1724163072504 HTTP/1.1" 200 90
190.95.15.15 - - [20/Aug/2024:11:11:48 -0300] "GET /cormun/servlet/hpexe_link HTTP/1.1" 200 953
190.95.15.15 - - [20/Aug/2024:11:11:48 -0300] "GET /cormun/servlet/trpermisosgoce HTTP/1.1" 200 11772
181.212.43.89 - - [20/Aug/2024:11:11:49 -0300] "GET /cormun/servlet/trsolicitudot? HTTP/1.1" 200 7240
181.212.43.89 - - [20/Aug/2024:11:11:49 -0300] "GET /cormun/static/calendar-system.css?85620 HTTP/1.1" 200 5572
181.212.43.89 - - [20/Aug/2024:11:11:49 -0300] "GET /cormun/static/gxui/gxui-all.css?120300 HTTP/1.1" 200 2179
181.212.43.89 - - [20/Aug/2024:11:11:49 -0300] "GET /cormun/static/gxcfg.js?20221129846531 HTTP/1.1" 200 953
181.212.43.89 - - [20/Aug/2024:11:11:49 -0300] "GET /cormun/static/calendar.js?85251 HTTP/1.1" 200 26246
181.212.43.89 - - [20/Aug/2024:11:11:49 -0300] "GET /cormun/static/calendar-setup.js?85251 HTTP/1.1" 200 2588
181.212.43.89 - - [20/Aug/2024:11:11:49 -0300] "GET /cormun/static/calendar-es.js?85251 HTTP/1.1" 200 1901
181.212.43.89 - - [20/Aug/2024:11:11:49 -0300] "GET /cormun/static/Resources/PXTools/calendar.png HTTP/1.1" 200 1306
181.212.43.89 - - [20/Aug/2024:11:11:49 -0300] "GET /cormun/static/gxdec.js?85251 HTTP/1.1" 200 19579
181.212.43.89 - - [20/Aug/2024:11:11:49 -0300] "GET /cormun/static/trsolicitudot.js?202211298465651 HTTP/1.1" 200 54040
181.212.43.89 - - [20/Aug/2024:11:11:49 -0300] "GET /cormun/static/Resources/PXToolsDataSearch.png HTTP/1.1" 200 435
181.212.43.89 - - [20/Aug/2024:11:11:49 -0300] "GET /cormun/static/Resources/PXToolsGridFirstDisabled.gif HTTP/1.1" 200 100
181.212.43.89 - - [20/Aug/2024:11:11:49 -0300] "GET /cormun/static/Shared/ext/resources/css/ext-all.css?215870 HTTP/1.1" 200 416045
181.212.43.89 - - [20/Aug/2024:11:11:49 -0300] "GET /cormun/static/Resources/PXToolsGridPreviousDisabled.gif HTTP/1.1" 200 90
181.212.43.89 - - [20/Aug/2024:11:11:50 -0300] "GET /cormun/static/Resources/PXToolsGridNextDisabled.gif HTTP/1.1" 200 90
190.171.142.42 - - [20/Aug/2024:11:11:50 -0300] "GET /cormun/servlet/solicitudot?bd8e65ff2d488b4537c982bdca66d220a6f40a6742ef3be42fac3c7bd323a26ce7cdb6edfe6de7f58cab73c5298a7761f3d22c3093f29b1118268d2a81175afb,gx-no-cache=1724163072496 HTTP/1.1" 200 30
181.212.43.89 - - [20/Aug/2024:11:11:50 -0300] "GET /cormun/static/Resources/PXToolsGridLastDisabled.gif HTTP/1.1" 200 98
190.171.142.42 - - [20/Aug/2024:11:11:50 -0300] "GET /cormun/servlet/solicitudot?bd8e65ff2d488b4537c982bdca66d22007d97ee0486244d0863022ffbc44b4488d17d939b5594310f86ac369de89ac14835fe2d71678e7a00a14f11d73b02976dc17e05aa0eb04a9cbc4e42da949b61ada6a331d861a61f19a22535701df8929cf74fda3d048840aa199474804f117cd,gx-no-cache=1724163072521 HTTP/1.1" 200 51
190.171.142.42 - - [20/Aug/2024:11:11:50 -0300] "POST /cormun/servlet/solicitudot?gx-no-cache=1724163072546 HTTP/1.1" 200 255
190.171.142.42 - - [20/Aug/2024:11:11:50 -0300] "GET /cormun/servlet/solicitudot?bd8e65ff2d488b4537c982bdca66d220d7c440d60ab05a459ec0ead48672084730660438f725ec7db4a682d8f6fd546b697449c4ab7432ffdaac60ad1253763614392fc1eaca073d2d06036e6634b8198e51fdd11dd6e8ab052767296572a0084bd11d8217b8bf9182d64a96ecd9b2d2226e68f618a2a4825ba9d21933b36b8691691ffa900bb71161f6d1bd6d7e0fc09ea70046e388b46277f0a1688ec4f97b0836866c015dcd7f945557609bd09b7e971663b6e0cd96da6ba4b6961115e44d2cef0f04292d8224a6fd0ceca9b31504e3767368bd3a91b490971b0322881e1e597d5631e0620552a87f9694495093c0bae6c87ad1245dff4b8609350e631607a0cd54dc6753322ad8e6643dc74f928c464537c14dc1579344da8d24fd88abb0a2995929f52b8838d097567d86ff6d5ac8488d9bda99ccae125ad23bdce15698cc612d7fcdb40077effcdc485182335a2cbcb64dc90577236f2a61db089fa30b268bf65cb6c61adc594d8bf888fe817b1a7adc4b89ae7372f8c1642ba76c1e17,gx-no-cache=1724163072571 HTTP/1.1" 200 30
181.212.43.89 - - [20/Aug/2024:11:11:50 -0300] "GET /cormun/static/Resources/PXToolsGridPage.gif HTTP/1.1" 200 725
181.212.43.89 - - [20/Aug/2024:11:11:50 -0300] "GET /cormun/static/Resources/PXToolsAddAllAction.png HTTP/1.1" 200 495
181.212.43.89 - - [20/Aug/2024:11:11:50 -0300] "GET /cormun/static/Resources/PXToolsActionExcel.png HTTP/1.1" 200 727
190.171.142.42 - - [20/Aug/2024:11:11:50 -0300] "POST /cormun/servlet/solicitudot?gx-no-cache=1724163072596 HTTP/1.1" 200 30
181.212.43.89 - - [20/Aug/2024:11:11:50 -0300] "GET /cormun/static/Resources/asc.gif HTTP/1.1" 200 67
181.212.43.89 - - [20/Aug/2024:11:11:50 -0300] "GET /cormun/static/Resources/desc.gif HTTP/1.1" 200 65
181.212.43.89 - - [20/Aug/2024:11:11:50 -0300] "GET /cormun/static/Shared/ext/resources/themes/images/default/tools/tool-sprites.gif HTTP/1.1" 200 5434
181.212.43.89 - - [20/Aug/2024:11:11:50 -0300] "GET /cormun/static/Shared/ext/resources/themes/images/default/panel/bg-headersPanel.png HTTP/1.1" 200 255
190.95.15.15 - - [20/Aug/2024:11:11:51 -0300] "GET /cormun/servlet/trpermisosadjuntos?20661746,20240814151501,P, HTTP/1.1" 200 6288
190.95.15.15 - - [20/Aug/2024:11:11:52 -0300] "GET /cormun/static/gxcfg.js?2020121641683 HTTP/1.1" 200 953
190.95.15.15 - - [20/Aug/2024:11:11:52 -0300] "GET /cormun/static/trpermisosadjuntos.js?2020121642996 HTTP/1.1" 200 20158
190.95.15.15 - - [20/Aug/2024:11:11:53 -0300] "GET /cormun/servlet/permisosadjuntos?INS,20661746,P,20240814151501,, HTTP/1.1" 200 5608
190.95.15.15 - - [20/Aug/2024:11:11:53 -0300] "GET /cormun/static/gxcfg.js?20201215134212 HTTP/1.1" 200 953
190.95.15.15 - - [20/Aug/2024:11:11:53 -0300] "GET /cormun/static/permisosadjuntos.js?20201215134285 HTTP/1.1" 200 8724
190.95.15.15 - - [20/Aug/2024:11:11:53 -0300] "GET /cormun/static/about:blank HTTP/1.1" 404 1011
181.212.43.89 - - [20/Aug/2024:11:11:54 -0300] "GET /cormun/servlet/solicitudot?INS,0,0,false, HTTP/1.1" 200 16021
181.212.43.89 - - [20/Aug/2024:11:11:54 -0300] "GET /cormun/static/gxcfg.js?20221129840861 HTTP/1.1" 200 953
181.212.43.89 - - [20/Aug/2024:11:11:54 -0300] "GET /cormun/static/solicitudot.js?20221129840983 HTTP/1.1" 200 74072
181.212.43.89 - - [20/Aug/2024:11:11:54 -0300] "GET /cormun/static/Resources/prompt.gif HTTP/1.1" 200 902
190.171.153.50 - - [20/Aug/2024:11:11:54 -0300] "GET /cormun/servlet/prbanco?,MD,,gxPopupLevel%3D0%3B HTTP/1.1" 200 6532
190.171.153.50 - - [20/Aug/2024:11:11:55 -0300] "GET /cormun/static/gxcfg.js?20201216131581 HTTP/1.1" 200 953
190.171.153.50 - - [20/Aug/2024:11:11:55 -0300] "GET /cormun/static/prbanco.js?20201216132311 HTTP/1.1" 200 10693
190.171.153.50 - - [20/Aug/2024:11:11:59 -0300] "GET /cormun/servlet/solicitudot?47bc4850258e781e6309a5d45e9f1befea7917ab61a896b8cfc7d440af9707c8,gx-no-cache=1724163082343 HTTP/1.1" 200 53
190.95.15.15 - - [20/Aug/2024:11:12:02 -0300] "POST /cormun/servlet/permisosadjuntos?f19e406a30c26ce33cab6187a9a4c92f,INS,20661746,P,20240814151501,,,gx-no-cache=1724163086632 HTTP/1.1" 200 93
190.95.15.15 - - [20/Aug/2024:11:12:02 -0300] "GET /cormun/servlet/hpexe_return? HTTP/1.1" 200 1033
190.95.15.15 - - [20/Aug/2024:11:12:02 -0300] "GET /cormun/servlet/trpermisosadjuntos?20661746,20240814151501,P, HTTP/1.1" 200 6631
190.95.15.15 - - [20/Aug/2024:11:12:06 -0300] "GET /cormun/servlet/permisosadjuntos?DLT,20661746,P,20240814151501,20240820101133, HTTP/1.1" 200 5560
190.95.15.15 - - [20/Aug/2024:11:12:06 -0300] "GET /cormun/static/about:blank HTTP/1.1" 404 1011
190.95.15.15 - - [20/Aug/2024:11:12:06 -0300] "GET /cormun/static/Shared/jqueryui/images/ui-bg_highlight-soft_100_c6c2c8_1x100.png HTTP/1.1" 404 1117
190.95.15.15 - - [20/Aug/2024:11:12:06 -0300] "GET /cormun/static/Shared/jqueryui/images/ui-icons_82798d_256x240.png HTTP/1.1" 404 1089
190.95.15.15 - - [20/Aug/2024:11:12:06 -0300] "GET /cormun/static/Shared/jqueryui/images/ui-bg_flat_55_fafafa_40x100.png HTTP/1.1" 404 1097
190.95.15.15 - - [20/Aug/2024:11:12:06 -0300] "GET /cormun/static/Shared/jqueryui/images/ui-icons_8d78a5_256x240.png HTTP/1.1" 404 1089
190.171.142.42 - - [20/Aug/2024:11:12:07 -0300] "POST /cormun/servlet/solicitudot?gx-no-cache=1724163090272 HTTP/1.1" 200 30
190.171.142.42 - - [20/Aug/2024:11:12:07 -0300] "POST /cormun/servlet/solicitudot?gx-no-cache=1724163090299 HTTP/1.1" 200 1481
190.171.142.42 - - [20/Aug/2024:11:12:07 -0300] "POST /cormun/servlet/solicitudot?gx-no-cache=1724163090327 HTTP/1.1" 200 38
190.171.142.42 - - [20/Aug/2024:11:12:07 -0300] "GET /cormun/servlet/solicitudot?bd8e65ff2d488b4537c982bdca66d2205d859225e463e3e44ec13af44a1badc764ea5f023b54bb109e9afd07d65dcb9fd0b3b276ff068f03e0d0b051566dd1daa990e7e3a208a5cef5330458862462ee343e48ceb9583a58ec04de6829ac15dd83435fd2b7b32b823ee3498c088ec369,gx-no-cache=1724163090352 HTTP/1.1" 200 110
190.171.142.42 - - [20/Aug/2024:11:12:07 -0300] "POST /cormun/servlet/solicitudot?gx-no-cache=1724163090376 HTTP/1.1" 200 97
190.171.142.42 - - [20/Aug/2024:11:12:07 -0300] "GET /cormun/servlet/solicitudot?bd8e65ff2d488b4537c982bdca66d220e695475ca8530e6326d85ad22b203f8740e71a99cce7f128bfac962e7d24aeb4bf9d693f3fa301259b5b93181c6aa900731de276e1118e68a260a82d8420319a076b96328fe6084a5d2936a15d09943889410467e7c3217e707bdac65c59fcacb7831a440234c3fbed3f1256d6fa540b6372eca1553e92f9236d65bf37d1a640977e56edd92c3abec87700f99f3928af,gx-no-cache=1724163090402 HTTP/1.1" 200 29
190.95.15.15 - - [20/Aug/2024:11:12:08 -0300] "POST /cormun/servlet/permisosadjuntos?f19e406a30c26ce33cab6187a9a4c92f,DLT,20661746,P,20240814151501,20240820101133,,gx-no-cache=1724163092171 HTTP/1.1" 200 93
190.95.15.15 - - [20/Aug/2024:11:12:08 -0300] "GET /cormun/servlet/hpexe_return? HTTP/1.1" 200 1041
190.95.15.15 - - [20/Aug/2024:11:12:08 -0300] "GET /cormun/servlet/trpermisosadjuntos?20661746,20240814151501,P, HTTP/1.1" 200 6292
181.212.43.89 - - [20/Aug/2024:11:12:08 -0300] "POST /cormun/servlet/solicitudot?gx-no-cache=1724163091055 HTTP/1.1" 200 4040
181.212.43.89 - - [20/Aug/2024:11:12:08 -0300] "POST /cormun/servlet/solicitudot?aa5f76c8459e0802536a6646f98e7407,INS,0,0,false,,gx-no-cache=1724163091142 HTTP/1.1" 200 12615
190.95.15.15 - - [20/Aug/2024:11:12:10 -0300] "GET /cormun/servlet/permisosadjuntos?INS,20661746,P,20240814151501,, HTTP/1.1" 200 5608
190.95.15.15 - - [20/Aug/2024:11:12:10 -0300] "GET /cormun/static/about:blank HTTP/1.1" 404 1011
181.212.43.89 - - [20/Aug/2024:11:12:10 -0300] "GET /cormun/servlet/solicitudot?0e2b856b1735863e33223facb56498013dfca92a6111d01111c3ba827fcb5580076a1dd89543cf7107f38ee9baf324f7,gx-no-cache=1724163093420 HTTP/1.1" 200 30
190.171.142.42 - - [20/Aug/2024:11:12:14 -0300] "GET /cormun/static/menuarrow.gif HTTP/1.1" 404 1015
190.171.153.50 - - [20/Aug/2024:11:12:15 -0300] "POST /cormun/servlet/solicitudot?gx-no-cache=1724163098783 HTTP/1.1" 200 255
190.171.142.42 - - [20/Aug/2024:11:12:16 -0300] "POST /cormun/servlet/solicitudot?gx-no-cache=1724163098539 HTTP/1.1" 200 30
190.171.142.42 - - [20/Aug/2024:11:12:16 -0300] "POST /cormun/servlet/solicitudot?gx-no-cache=1724163098564 HTTP/1.1" 200 1481
190.171.142.42 - - [20/Aug/2024:11:12:16 -0300] "POST /cormun/servlet/solicitudot?gx-no-cache=1724163098594 HTTP/1.1" 200 38
190.171.142.42 - - [20/Aug/2024:11:12:16 -0300] "GET /cormun/servlet/solicitudot?bd8e65ff2d488b4537c982bdca66d2205d859225e463e3e44ec13af44a1badc764ea5f023b54bb109e9afd07d65dcb9fd0b3b276ff068f03e0d0b051566dd1daa990e7e3a208a5cef5330458862462ee343e48ceb9583a58ec04de6829ac15dd83435fd2b7b32b823ee3498c088ec369,gx-no-cache=1724163098614 HTTP/1.1" 200 110
190.171.142.42 - - [20/Aug/2024:11:12:16 -0300] "POST /cormun/servlet/solicitudot?gx-no-cache=1724163098636 HTTP/1.1" 200 97
190.171.142.42 - - [20/Aug/2024:11:12:18 -0300] "GET /cormun/servlet/solicitudot?bd8e65ff2d488b4537c982bdca66d220abc004f7c4af27ba8ccaa8e41a4516f9bbb3fe38d99eedd02e0fed6d7ddf7906,gx-no-cache=1724163100898 HTTP/1.1" 200 30
190.171.153.50 - - [20/Aug/2024:11:12:18 -0300] "GET /cormun/servlet/solicitudot?47bc4850258e781e6309a5d45e9f1bef0419fc774b814cc66361401d0e28fbcf99e5a3b3e20a102faf2a58bbbb68ab7937a851e1355c9051bfdeeae193e73fe6ace581ff4b8949b47c02ecd677fd58658cd3dee0d026d8bbaf2135239886073e3d0145b2b6eba3f13881dafef825aebbc22c0d78e3b166bcbbfa2bb009a4aad363ae1011b012884095397dd540e951355521ea4577788100d80dcf1160b4546b4ed8e2670f71f46094836381b84d6a5a11ff98cb5497de491a472da8d3edd6dcd9b42ef0d9b38b67db9f89ba13bbcce4adc34d3e4bbc8e81af3699084a0b1253b3f5a758fd5dfc01c597962335bcc989125e909402b71d48db2da6e506c850b3715228b7b6d38be59b9aa7025092611ed62387e0737b85fd9affd998955620316aa5c3f6cf8f2ada1cf01389b2cb08d97c0b8cf60ab320ab40e3238e71ffd3e485e6bf8b30e57e52a9cf74035611218e5fc60167cd2676a441d2a6df63a249d34eb7055305aacabfd7cd575f886182023ff10b247be2721bd3df2cf6bfe8843b,gx-no-cache=1724163101664 HTTP/1.1" 200 30
190.171.143.90 - - [20/Aug/2024:11:12:21 -0300] "GET /cormun/servlet/solicitudot?79e5f968d209377bdba06ba0c1da502166fd27f21d9d2ee974bd97d9ac4d6f2d4fbd32e5a3a21eab0d0a2908861c5ed9c8376564e041a63637ec6acc90d5e9add8fea5db3f532c7d2838a293122b31928d01310d92d050d0b58365bb58c25b551f8a98fb911d01c4700f75fa04477343,gx-no-cache=1724163104460 HTTP/1.1" 200 29
190.171.143.90 - - [20/Aug/2024:11:12:21 -0300] "GET /cormun/static/menuarrow.gif HTTP/1.1" 404 1015
190.95.15.15 - - [20/Aug/2024:11:12:21 -0300] "POST /cormun/servlet/permisosadjuntos?f19e406a30c26ce33cab6187a9a4c92f,INS,20661746,P,20240814151501,, HTTP/1.1" 500 10
190.171.142.42 - - [20/Aug/2024:11:12:22 -0300] "POST /cormun/servlet/solicitudot?gx-no-cache=1724163104813 HTTP/1.1" 200 30
190.95.15.15 - - [20/Aug/2024:11:12:25 -0300] "GET /cormun/servlet/trpermisosadjuntos?20661746,20240814151501,P, HTTP/1.1" 200 6292
190.171.143.90 - - [20/Aug/2024:11:12:25 -0300] "GET /cormun/servlet/solicitudot?79e5f968d209377bdba06ba0c1da50217cbd676f90db5d35ce3824e71a471c7b0a30d84c926e839a4d075826c93d5762,gx-no-cache=1724163108468 HTTP/1.1" 200 30
190.95.15.15 - - [20/Aug/2024:11:12:28 -0300] "GET /cormun/servlet/permisosadjuntos?INS,20661746,P,20240814151501,, HTTP/1.1" 200 5608
190.95.15.15 - - [20/Aug/2024:11:12:28 -0300] "GET /cormun/static/about:blank HTTP/1.1" 404 1011
190.171.142.42 - - [20/Aug/2024:11:12:31 -0300] "POST /cormun/servlet/solicitudot?932ff89e6542879f917565b98deddc35,INS,0,0,false,,gx-no-cache=1724163114084 HTTP/1.1" 500 10
190.95.15.15 - - [20/Aug/2024:11:12:39 -0300] "POST /cormun/servlet/permisosadjuntos?f19e406a30c26ce33cab6187a9a4c92f,INS,20661746,P,20240814151501,, HTTP/1.1" 500 10
190.95.15.15 - - [20/Aug/2024:11:12:54 -0300] "GET /cormun/servlet/hlogin HTTP/1.1" 200 1716
190.171.143.90 - - [20/Aug/2024:11:12:55 -0300] "POST /cormun/servlet/solicitudot?gx-no-cache=1724163138153 HTTP/1.1" 200 30
181.212.43.89 - - [20/Aug/2024:11:12:59 -0300] "GET /cormun/servlet/solicitudot?0e2b856b1735863e33223facb564980186bd817808e440f9203107466472e60d327e544b4fb5b6650bd166232f77049c19519add663156fa17cf8b08ae993e0c,gx-no-cache=1724163142284 HTTP/1.1" 200 30
190.95.15.15 - - [20/Aug/2024:11:13:01 -0300] "POST /cormun/servlet/hlogin?f19e406a30c26ce33cab6187a9a4c92f,gx-no-cache=1724163145263 HTTP/1.1" 200 90
190.95.15.15 - - [20/Aug/2024:11:13:01 -0300] "GET /cormun/servlet/hpexe_link HTTP/1.1" 200 983
190.95.15.15 - - [20/Aug/2024:11:13:01 -0300] "GET /cormun/servlet/permisosadjuntos?INS,20661746,P,20240814151501,, HTTP/1.1" 200 5599
190.95.15.15 - - [20/Aug/2024:11:13:01 -0300] "GET /cormun/static/about:blank HTTP/1.1" 404 1011
181.212.43.89 - - [20/Aug/2024:11:13:02 -0300] "GET /cormun/servlet/solicitudot?0e2b856b1735863e33223facb56498013011a30bcd438c8bbdb30d761b207fd5,gx-no-cache=1724163144822 HTTP/1.1" 200 29
181.212.43.89 - - [20/Aug/2024:11:13:08 -0300] "GET /cormun/static/Resources/resize.gif HTTP/1.1" 200 77
181.212.43.89 - - [20/Aug/2024:11:13:08 -0300] "GET /cormun/static/Resources/PXTools/ClosePrompt.png HTTP/1.1" 200 1036
181.212.43.89 - - [20/Aug/2024:11:13:08 -0300] "GET /cormun/servlet/prbanco?,MD,,gxPopupLevel%3D0%3B HTTP/1.1" 200 6656
181.212.43.89 - - [20/Aug/2024:11:13:08 -0300] "GET /cormun/static/gxcfg.js?20201216131581 HTTP/1.1" 200 953
181.212.43.89 - - [20/Aug/2024:11:13:08 -0300] "GET /cormun/static/prbanco.js?20201216132311 HTTP/1.1" 200 10693
181.212.43.89 - - [20/Aug/2024:11:13:08 -0300] "GET /cormun/static/Resources/PXToolsMenuSearch.png HTTP/1.1" 200 336
181.212.43.89 - - [20/Aug/2024:11:13:08 -0300] "GET /cormun/static/menusearch.js?20201214473581 HTTP/1.1" 200 1424
181.212.43.89 - - [20/Aug/2024:11:13:08 -0300] "GET /cormun/static/hmpwkw011.js?202211298443482 HTTP/1.1" 200 1968
181.212.43.89 - - [20/Aug/2024:11:13:08 -0300] "GET /cormun/static/Resources/PXToolsMenuSearchCancel.png HTTP/1.1" 200 306
190.95.15.15 - - [20/Aug/2024:11:13:12 -0300] "POST /cormun/servlet/permisosadjuntos?f19e406a30c26ce33cab6187a9a4c92f,INS,20661746,P,20240814151501,, HTTP/1.1" 500 10
190.95.15.15 - - [20/Aug/2024:11:13:14 -0300] "GET /cormun/servlet/hlogin HTTP/1.1" 200 1716
181.212.43.89 - - [20/Aug/2024:11:13:14 -0300] "GET /cormun/servlet/solicitudot?0e2b856b1735863e33223facb56498014d41023bb8a79bc6af408531650b93ee,gx-no-cache=1724163156690 HTTP/1.1" 200 51
190.95.15.15 - - [20/Aug/2024:11:13:21 -0300] "POST /cormun/servlet/hlogin?f19e406a30c26ce33cab6187a9a4c92f,gx-no-cache=1724163165029 HTTP/1.1" 200 90
190.95.15.15 - - [20/Aug/2024:11:13:21 -0300] "GET /cormun/servlet/hpexe_link HTTP/1.1" 200 983
190.95.15.15 - - [20/Aug/2024:11:13:21 -0300] "GET /cormun/servlet/permisosadjuntos?INS,20661746,P,20240814151501,, HTTP/1.1" 200 5596
190.95.15.15 - - [20/Aug/2024:11:13:21 -0300] "GET /cormun/static/about:blank HTTP/1.1" 404 1011
190.95.15.15 - - [20/Aug/2024:11:13:23 -0300] "GET /cormun/servlet/trlicencias? HTTP/1.1" 200 12904
181.212.43.89 - - [20/Aug/2024:11:13:30 -0300] "POST /cormun/servlet/solicitudot?gx-no-cache=1724163173429 HTTP/1.1" 200 240
181.212.43.89 - - [20/Aug/2024:11:13:32 -0300] "GET /cormun/servlet/solicitudot?0e2b856b1735863e33223facb5649801e672babb17e3848cba3c530d1d478fa5bc9b6ff88b452bae3f6b75c21bc11756f7151eb6e3ae22623c522d49adeeaf0d34c2b65998e7e2c0e438e405a526c792836c53dc644a8ccc4b139ecb6399dccb5daf7c617b2991f74abab4765e4ba72bfb44e42e8970ff43818cee9651504ce3d1cc4402a4ad306d19683d3df07776539a9b2b0cb691a66fab26f5b054f1174c6ea014fb179631313e00bacda41b53af471806fdaa774380767d4df743ff97c1d48238d119975784162d245b611d4d3fd9d32542178b11a2de1fd7f5d280140114771dbf0ee9cc798623563d3754bf2d36f99692c60aab1b59cd12f3dc730d3f4508acf8270ad599a8c4d5e18376338bf6b30eecc348af3cde7062a4576572261cf7c864aae9e74c766f870bb169020cac1373a9955837b7c7c8e85c26179dd72061dd6a02538595ab3ece0e7997d06c9d5173d4312c7f5621aad6f3becb4ba40c78d4f4cde06b1bcc64cce436f7fcd5df32818ad0bfe17bea99af80d24be6f6,gx-no-cache=1724163175475 HTTP/1.1" 200 30
181.212.43.89 - - [20/Aug/2024:11:13:36 -0300] "POST /cormun/servlet/solicitudot?gx-no-cache=1724163178709 HTTP/1.1" 200 30
190.171.153.50 - - [20/Aug/2024:11:13:43 -0300] "POST /cormun/servlet/solicitudot?gx-no-cache=1724163186536 HTTP/1.1" 200 240
181.212.43.89 - - [20/Aug/2024:11:13:44 -0300] "POST /cormun/servlet/solicitudot?gx-no-cache=1724163186875 HTTP/1.1" 200 1482
181.212.43.89 - - [20/Aug/2024:11:13:45 -0300] "GET /cormun/static/menuarrow.gif HTTP/1.1" 404 1015
190.171.153.50 - - [20/Aug/2024:11:13:45 -0300] "GET /cormun/servlet/solicitudot?47bc4850258e781e6309a5d45e9f1bef0419fc774b814cc66361401d0e28fbcf47726061060581e39c21fd72054c6f6b37a851e1355c9051bfdeeae193e73fe6ace581ff4b8949b47c02ecd677fd58658cd3dee0d026d8bbaf2135239886073e3d0145b2b6eba3f13881dafef825aebbc22c0d78e3b166bcbbfa2bb009a4aad363ae1011b012884095397dd540e951355521ea4577788100d80dcf1160b4546b4ed8e2670f71f46094836381b84d6a5a11ff98cb5497de491a472da8d3edd6dcd9b42ef0d9b38b67db9f89ba13bbcce4adc34d3e4bbc8e81af3699084a0b1253b3f5a758fd5dfc01c597962335bcc989125e909402b71d48db2da6e506c850b3715228b7b6d38be59b9aa7025092611e2edfbc0cb8b92680e146dc7fc98a8a03e524d8ab322ac031e6092fa2a660abe0f9bc8bead6e3539d73f94098a4e44eb96bf34f95408771834a213c28acdb50966297a798d82af3e6ccc93e47b902c1fd6b7e5988d65bd7a7daa6cfd2d561b3aac721f3eda2ee4d5bd4caf2ab5c8c2627,gx-no-cache=1724163188973 HTTP/1.1" 200 30
181.212.43.89 - - [20/Aug/2024:11:13:47 -0300] "GET /cormun/servlet/prlicenciaspermisos?16010761,L,,MD,,gxPopupLevel%3D0%3B HTTP/1.1" 200 6669
181.212.43.89 - - [20/Aug/2024:11:13:47 -0300] "GET /cormun/static/gxcfg.js?2020121559567 HTTP/1.1" 200 953
181.212.43.89 - - [20/Aug/2024:11:13:47 -0300] "GET /cormun/static/prlicenciaspermisos.js?2020121559821 HTTP/1.1" 200 13379
190.171.141.122 - - [20/Aug/2024:11:13:48 -0300] "GET /cormun/servlet/hlogin HTTP/1.1" 200 1723
181.212.43.89 - - [20/Aug/2024:11:13:51 -0300] "POST /cormun/servlet/solicitudot?gx-no-cache=1724163193620 HTTP/1.1" 200 41
190.171.141.82 - - [20/Aug/2024:11:13:57 -0300] "GET /cormun/servlet/solicitudot?981566600cedc91f2b9defec2f30072f1c844316d6d48490460ce63beee544e5e123dd2d2cc5d5bc3c629dfae945949809f392fd081064aae20b305faaf948a8,gx-no-cache=1724163200134 HTTP/1.1" 200 30
190.171.141.82 - - [20/Aug/2024:11:13:57 -0300] "GET /cormun/servlet/solicitudot?981566600cedc91f2b9defec2f30072f68ce1fe9a42f1d2b8640f42898dfe206,gx-no-cache=1724163200238 HTTP/1.1" 200 29
190.171.141.82 - - [20/Aug/2024:11:13:59 -0300] "POST /cormun/servlet/solicitudot?gx-no-cache=1724163201916 HTTP/1.1" 200 240
181.212.43.89 - - [20/Aug/2024:11:14:01 -0300] "GET /cormun/servlet/solicitudot?0e2b856b1735863e33223facb56498016b88639d40963badb10ea567053cea49649ebd7f6cfd26b6d691eec93c5f912a9a078e7d615bb1e27249b4348c04c7aaba6840e3eff14a127dcb8f1ca964fb71ad541932efe6e5509fd12e1709bc3e6c772f4c7a1d09c81b2be50b3c7203a54f,gx-no-cache=1724163203603 HTTP/1.1" 200 110
181.212.43.89 - - [20/Aug/2024:11:14:01 -0300] "POST /cormun/servlet/solicitudot?gx-no-cache=1724163203623 HTTP/1.1" 200 97
190.171.141.82 - - [20/Aug/2024:11:14:01 -0300] "GET /cormun/servlet/solicitudot?981566600cedc91f2b9defec2f30072f391c2298e00bf6bace1b7fb3983688349d2ff3fe29722dfaa5b954479dbd597681358ffe5103f71d11ede4a916047a1946e6c7922706378b8bc5fbf2c69d358b2b7052c5a89f23709d61ff8e635e219282739e2160acb829228ea68caf487ba2ffd94e70798e910548f2696097a552b3bfc61bb22aee62125d468b46917c4096f5c815c47812fbb91d2389ee9a18f39a7a26b70b27a2c395fcbc0fa38d125bd2d5eca4013319fae069b0611fb3a43015904688c536bd6a435ef415da62dbb9e0318b2e021f0bd464fbf98aeb282f8044fde6ac3899fec7115901f98d27b2e27939e50357f13d38a3e71b5a49dd0a2cee62ae8d75a163aaa83900a1779347f04704e429632ca5879a53f7ec9e53af3df6d0c89a58158ea1dd282fb138f312874c403a5b00a75920030aaaef6c954bf3dc9f9713fc7b9dac8f55464c0cf9097c61eb1251a6eb6398e8c302e2bc337d48e614ed713c65f7c9eec74d815243872600f44ce257680f8843cce365df666cdf7d,gx-no-cache=1724163204109 HTTP/1.1" 200 30
181.212.43.89 - - [20/Aug/2024:11:14:04 -0300] "GET /cormun/servlet/solicitudot?0e2b856b1735863e33223facb56498016c848e799aadf77d3dd9c08e6f022bd6d4c7ef5cc8acb743e3abf5f50020f9605c94ea8f605abd3b6bad019ae55cd6930ecb591a00c75faede2c64275c50bba62f47c02819a62fc14b3e74c3196dd803526dcc086942a20f083f116be6a9f543,gx-no-cache=1724163207111 HTTP/1.1" 200 29
190.171.141.82 - - [20/Aug/2024:11:14:07 -0300] "POST /cormun/servlet/solicitudot?gx-no-cache=1724163209877 HTTP/1.1" 200 30
181.212.43.89 - - [20/Aug/2024:11:14:08 -0300] "GET /cormun/servlet/solicitudot?0e2b856b1735863e33223facb564980120057e19af9e38550b50af3804d4ef914bad6a26a05197c74fae7a44dddb8402,gx-no-cache=1724163211121 HTTP/1.1" 200 30
181.212.43.89 - - [20/Aug/2024:11:14:08 -0300] "POST /cormun/servlet/solicitudot?gx-no-cache=1724163211149 HTTP/1.1" 200 34
190.171.141.82 - - [20/Aug/2024:11:14:09 -0300] "GET /cormun/static/Resources/PXTools/ClosePrompt.png HTTP/1.1" 200 1036
190.171.141.82 - - [20/Aug/2024:11:14:09 -0300] "GET /cormun/static/Resources/resize.gif HTTP/1.1" 200 77
190.171.141.82 - - [20/Aug/2024:11:14:09 -0300] "GET /cormun/servlet/prlicenciaspermisos?0,L,,MD,,gxPopupLevel%3D0%3B HTTP/1.1" 200 5226
190.171.141.82 - - [20/Aug/2024:11:14:09 -0300] "GET /cormun/static/gxcfg.js?2020121559567 HTTP/1.1" 200 953
190.171.141.82 - - [20/Aug/2024:11:14:09 -0300] "GET /cormun/static/prlicenciaspermisos.js?2020121559821 HTTP/1.1" 200 13379
190.171.141.82 - - [20/Aug/2024:11:14:14 -0300] "POST /cormun/servlet/solicitudot?gx-no-cache=1724163217350 HTTP/1.1" 200 1563
190.171.141.82 - - [20/Aug/2024:11:14:14 -0300] "GET /cormun/static/Shared/jqueryui/images/ui-bg_flat_55_994d53_40x100.png HTTP/1.1" 404 1097
190.171.141.82 - - [20/Aug/2024:11:14:14 -0300] "GET /cormun/static/Shared/jqueryui/images/ui-bg_highlight-soft_100_c6c2c8_1x100.png HTTP/1.1" 404 1117
190.171.141.82 - - [20/Aug/2024:11:14:14 -0300] "GET /cormun/static/Shared/jqueryui/images/ui-icons_ebccce_256x240.png HTTP/1.1" 404 1089
190.171.141.82 - - [20/Aug/2024:11:14:14 -0300] "GET /cormun/static/Shared/jqueryui/images/ui-icons_82798d_256x240.png HTTP/1.1" 404 1089
190.171.153.50 - - [20/Aug/2024:11:14:17 -0300] "POST /cormun/servlet/solicitudot?gx-no-cache=1724163220792 HTTP/1.1" 200 30
181.212.43.89 - - [20/Aug/2024:11:14:19 -0300] "POST /cormun/servlet/solicitudot?aa5f76c8459e0802536a6646f98e7407,INS,0,0,false,,gx-no-cache=1724163221868 HTTP/1.1" 500 10
190.171.153.50 - - [20/Aug/2024:11:14:26 -0300] "GET /cormun/servlet/trlicencias? HTTP/1.1" 200 10476
190.171.153.50 - - [20/Aug/2024:11:14:27 -0300] "GET /cormun/static/gxcfg.js?202211298463625 HTTP/1.1" 200 953
190.171.153.50 - - [20/Aug/2024:11:14:27 -0300] "GET /cormun/static/trlicencias.js?202211298463889 HTTP/1.1" 200 41883
190.171.141.82 - - [20/Aug/2024:11:14:30 -0300] "GET /cormun/servlet/prlicenciaspermisos?10108738,L,,MD,,gxPopupLevel%3D0%3B HTTP/1.1" 200 7379
190.171.141.82 - - [20/Aug/2024:11:14:34 -0300] "POST /cormun/servlet/solicitudot?gx-no-cache=1724163236634 HTTP/1.1" 200 1482
190.171.141.82 - - [20/Aug/2024:11:14:44 -0300] "POST /cormun/servlet/solicitudot?gx-no-cache=1724163247047 HTTP/1.1" 200 41
190.171.142.42 - - [20/Aug/2024:11:14:46 -0300] "GET /cormun/servlet/hlogin HTTP/1.1" 200 1719
190.171.141.122 - - [20/Aug/2024:11:14:48 -0300] "POST /cormun/servlet/hlogin?bac7a9bcc2208138c0d38a9a3be2d09c,gx-no-cache=1724116369935 HTTP/1.1" 200 90
190.171.141.122 - - [20/Aug/2024:11:14:48 -0300] "GET /cormun/servlet/hpexe_link HTTP/1.1" 200 951
190.171.141.122 - - [20/Aug/2024:11:14:48 -0300] "GET /cormun/servlet/hhome HTTP/1.1" 200 3908
190.171.142.42 - - [20/Aug/2024:11:14:53 -0300] "POST /cormun/servlet/hlogin?932ff89e6542879f917565b98deddc35,gx-no-cache=1724163256260 HTTP/1.1" 200 90
190.171.142.42 - - [20/Aug/2024:11:14:53 -0300] "GET /cormun/servlet/hpexe_link HTTP/1.1" 200 964
190.171.142.42 - - [20/Aug/2024:11:14:53 -0300] "GET /cormun/servlet/solicitudot?INS,0,0,false, HTTP/1.1" 200 15895
190.171.141.122 - - [20/Aug/2024:11:14:55 -0300] "GET /cormun/servlet/hlogin HTTP/1.1" 200 1723
190.171.141.82 - - [20/Aug/2024:11:14:58 -0300] "GET /cormun/servlet/solicitudot?981566600cedc91f2b9defec2f30072f3dcd60f4093c90fcb7e57dfac1cd7ae9022531210b571cfdbaebfcc8416476d5641e48fdddb7bf3134c3c6d7d913716d6bae0673b0fcbb3f88cf673f619fa99d4904b88505dd482131a37d346fa9e295018f8848009725096c0a163cbd4871d5,gx-no-cache=1724163261318 HTTP/1.1" 200 110
190.171.141.82 - - [20/Aug/2024:11:14:58 -0300] "POST /cormun/servlet/solicitudot?gx-no-cache=1724163261347 HTTP/1.1" 200 79
190.171.142.42 - - [20/Aug/2024:11:15:05 -0300] "POST /cormun/servlet/solicitudot?932ff89e6542879f917565b98deddc35,INS,0,0,false,,gx-no-cache=1724163268107 HTTP/1.1" 200 90
190.171.142.42 - - [20/Aug/2024:11:15:05 -0300] "GET /cormun/servlet/hpexe_link HTTP/1.1" 200 962
190.171.141.122 - - [20/Aug/2024:11:15:05 -0300] "POST /cormun/servlet/hlogin?bac7a9bcc2208138c0d38a9a3be2d09c,gx-no-cache=1724116387551 HTTP/1.1" 200 428
190.171.142.42 - - [20/Aug/2024:11:15:05 -0300] "GET /cormun/servlet/trsolicitudot HTTP/1.1" 200 7119
190.171.142.42 - - [20/Aug/2024:11:15:07 -0300] "GET /cormun/servlet/solicitudot?INS,0,0,false, HTTP/1.1" 200 15894
190.171.141.122 - - [20/Aug/2024:11:15:12 -0300] "POST /cormun/servlet/hlogin?bac7a9bcc2208138c0d38a9a3be2d09c,gx-no-cache=1724116394332 HTTP/1.1" 200 428
190.171.142.42 - - [20/Aug/2024:11:15:14 -0300] "POST /cormun/servlet/solicitudot?gx-no-cache=1724163276800 HTTP/1.1" 200 4156
190.171.142.42 - - [20/Aug/2024:11:15:14 -0300] "POST /cormun/servlet/solicitudot?932ff89e6542879f917565b98deddc35,INS,0,0,false,,gx-no-cache=1724163276906 HTTP/1.1" 200 12739
190.171.141.122 - - [20/Aug/2024:11:15:17 -0300] "POST /cormun/servlet/hlogin?bac7a9bcc2208138c0d38a9a3be2d09c,gx-no-cache=1724116399004 HTTP/1.1" 200 90
190.171.141.122 - - [20/Aug/2024:11:15:17 -0300] "GET /cormun/servlet/hpexe_link HTTP/1.1" 200 951
190.171.141.122 - - [20/Aug/2024:11:15:17 -0300] "GET /cormun/servlet/hhome HTTP/1.1" 200 3908
40.77.167.57 - - [20/Aug/2024:11:15:18 -0300] "GET /cormun/servlet/hlogin HTTP/1.1" 200 1717
190.171.153.50 - - [20/Aug/2024:11:15:20 -0300] "POST /cormun/servlet/solicitudot?gx-no-cache=1724163283440 HTTP/1.1" 200 1482
190.171.142.42 - - [20/Aug/2024:11:15:25 -0300] "GET /cormun/servlet/solicitudot?bd8e65ff2d488b4537c982bdca66d220b5a7aff503ee37fc0cd98ba4e3fc83836fbb69dbea7661f1faed0c5342c0a4fc,gx-no-cache=1724163288175 HTTP/1.1" 200 30
190.171.142.42 - - [20/Aug/2024:11:15:29 -0300] "GET /cormun/servlet/solicitudot?bd8e65ff2d488b4537c982bdca66d220a6f40a6742ef3be42fac3c7bd323a26ce7cdb6edfe6de7f58cab73c5298a776171cd6c744922547a2d30f70fca6ffddf,gx-no-cache=1724163292438 HTTP/1.1" 200 30
190.171.142.42 - - [20/Aug/2024:11:15:30 -0300] "GET /cormun/servlet/solicitudot?bd8e65ff2d488b4537c982bdca66d220c724567659330464a80bc9a6e0b3448b,gx-no-cache=1724163292479 HTTP/1.1" 200 51
190.171.142.42 - - [20/Aug/2024:11:15:30 -0300] "POST /cormun/servlet/solicitudot?gx-no-cache=1724163292505 HTTP/1.1" 200 255
190.171.142.42 - - [20/Aug/2024:11:15:30 -0300] "GET /cormun/servlet/solicitudot?bd8e65ff2d488b4537c982bdca66d220d7c440d60ab05a459ec0ead48672084730660438f725ec7db4a682d8f6fd546b697449c4ab7432ffdaac60ad1253763614392fc1eaca073d2d06036e6634b8198e51fdd11dd6e8ab052767296572a0084bd11d8217b8bf9182d64a96ecd9b2d2226e68f618a2a4825ba9d21933b36b8691691ffa900bb71161f6d1bd6d7e0fc09ea70046e388b46277f0a1688ec4f97b0836866c015dcd7f945557609bd09b7e971663b6e0cd96da6ba4b6961115e44d2cef0f04292d8224a6fd0ceca9b31504e3767368bd3a91b490971b0322881e1e597d5631e0620552a87f9694495093c0bae6c87ad1245dff4b8609350e631607a0cd54dc6753322ad8e6643dc74f928c464537c14dc1579344da8d24fd88abb0a2995929f52b8838d097567d86ff6d5ac8488d9bda99ccae125ad23bdce15698cc612d7fcdb40077effcdc485182335a2cbcb64dc90577236f2a61db089fa30b268bf65cb6c61adc594d8bf888fe817b81c36cce7610a5a0a5f13755302eba7a,gx-no-cache=1724163292534 HTTP/1.1" 200 30
190.171.142.42 - - [20/Aug/2024:11:15:30 -0300] "POST /cormun/servlet/solicitudot?gx-no-cache=1724163292556 HTTP/1.1" 200 30
190.171.142.42 - - [20/Aug/2024:11:15:30 -0300] "POST /cormun/servlet/solicitudot?gx-no-cache=1724163292582 HTTP/1.1" 200 1481
190.171.142.42 - - [20/Aug/2024:11:15:30 -0300] "POST /cormun/servlet/solicitudot?gx-no-cache=1724163292613 HTTP/1.1" 200 38
190.171.142.42 - - [20/Aug/2024:11:15:30 -0300] "GET /cormun/servlet/solicitudot?bd8e65ff2d488b4537c982bdca66d2205d859225e463e3e44ec13af44a1badc764ea5f023b54bb109e9afd07d65dcb9fd0b3b276ff068f03e0d0b051566dd1daa990e7e3a208a5cef5330458862462ee343e48ceb9583a58ec04de6829ac15dd83435fd2b7b32b823ee3498c088ec369,gx-no-cache=1724163292635 HTTP/1.1" 200 110
190.171.142.42 - - [20/Aug/2024:11:15:30 -0300] "POST /cormun/servlet/solicitudot?gx-no-cache=1724163292661 HTTP/1.1" 200 97
190.171.141.82 - - [20/Aug/2024:11:15:36 -0300] "GET /cormun/servlet/solicitudot?981566600cedc91f2b9defec2f30072ff798c10ef15e7dc54f1e50c83dd58d45ced705d33912252e486f38b19c39f2bfd1602feceae7b486a621194f970ccd67eb3c73ee1e8b2cf116527cfb213de4db71bf5186fcfe6ba280d3b77c3fa518696ac958a866fb73cf4147c8060468953e,gx-no-cache=1724163299115 HTTP/1.1" 200 29
190.171.141.82 - - [20/Aug/2024:11:15:36 -0300] "GET /cormun/static/menuarrow.gif HTTP/1.1" 404 1015
190.171.153.50 - - [20/Aug/2024:11:15:37 -0300] "POST /cormun/servlet/solicitudot?gx-no-cache=1724163300876 HTTP/1.1" 200 41
190.171.142.42 - - [20/Aug/2024:11:15:43 -0300] "POST /cormun/servlet/solicitudot?gx-no-cache=1724163305576 HTTP/1.1" 200 1481
190.171.142.42 - - [20/Aug/2024:11:15:43 -0300] "POST /cormun/servlet/solicitudot?gx-no-cache=1724163305615 HTTP/1.1" 200 38
190.171.142.42 - - [20/Aug/2024:11:15:43 -0300] "GET /cormun/servlet/solicitudot?bd8e65ff2d488b4537c982bdca66d2205d859225e463e3e44ec13af44a1badc764ea5f023b54bb109e9afd07d65dcb9fd0b3b276ff068f03e0d0b051566dd1daa990e7e3a208a5cef5330458862462ee343e48ceb9583a58ec04de6829ac15dd83435fd2b7b32b823ee3498c088ec369,gx-no-cache=1724163305645 HTTP/1.1" 200 110
190.171.142.42 - - [20/Aug/2024:11:15:43 -0300] "POST /cormun/servlet/solicitudot?gx-no-cache=1724163305678 HTTP/1.1" 200 97
35.202.9.133 - - [20/Aug/2024:11:15:43 -0300] "GET / HTTP/1.1" 200 11217
190.171.142.42 - - [20/Aug/2024:11:15:47 -0300] "GET /cormun/servlet/solicitudot?bd8e65ff2d488b4537c982bdca66d220e695475ca8530e6326d85ad22b203f8740e71a99cce7f128bfac962e7d24aeb4bf9d693f3fa301259b5b93181c6aa900731de276e1118e68a260a82d8420319a076b96328fe6084a5d2936a15d09943889410467e7c3217e707bdac65c59fcacb7831a440234c3fbed3f1256d6fa540b6372eca1553e92f9236d65bf37d1a640977e56edd92c3abec87700f99f3928af,gx-no-cache=1724163309724 HTTP/1.1" 200 29
190.171.142.42 - - [20/Aug/2024:11:15:47 -0300] "GET /cormun/static/menuarrow.gif HTTP/1.1" 404 1015
190.171.142.42 - - [20/Aug/2024:11:15:52 -0300] "GET /cormun/servlet/solicitudot?bd8e65ff2d488b4537c982bdca66d220abc004f7c4af27ba8ccaa8e41a4516f9bbb3fe38d99eedd02e0fed6d7ddf7906,gx-no-cache=1724163315025 HTTP/1.1" 200 30
190.171.142.42 - - [20/Aug/2024:11:15:56 -0300] "POST /cormun/servlet/solicitudot?gx-no-cache=1724163318758 HTTP/1.1" 200 30
192.168.10.17 - - [20/Aug/2024:11:16:01 -0300] "POST /cormun/servlet/trsolicitudgral?0d17f068fa5a656077e1547d4afe5127,,gx-no-cache=1724163340811 HTTP/1.1" 440 972
190.171.153.50 - - [20/Aug/2024:11:16:01 -0300] "GET /cormun/servlet/solicitudot?47bc4850258e781e6309a5d45e9f1befc4a0011a6e1ce6834661fc413e1bd38d681cfec8b7579956e90cf911e7185d782b1dda0f52b5434ad9cc36355e11a21490612794719effe78216ad22563e3313938763db9eee49168e19386f7bb5e78063a6cdf06974f14642308907e760ba17,gx-no-cache=1724163324418 HTTP/1.1" 200 110
190.171.153.50 - - [20/Aug/2024:11:16:01 -0300] "POST /cormun/servlet/solicitudot?gx-no-cache=1724163324456 HTTP/1.1" 200 110
192.168.10.17 - - [20/Aug/2024:11:16:02 -0300] "GET /cormun/servlet/trsolicitudgral? HTTP/1.1" 500 10
190.171.142.42 - - [20/Aug/2024:11:16:06 -0300] "POST /cormun/servlet/solicitudot?932ff89e6542879f917565b98deddc35,INS,0,0,false,,gx-no-cache=1724163328654 HTTP/1.1" 500 10
190.171.153.50 - - [20/Aug/2024:11:16:07 -0300] "GET /cormun/servlet/solicitudot?47bc4850258e781e6309a5d45e9f1bef19f69da76e2b07987b5f5167dc287dd96dff697dd9120b1224e10217386b63ae6dc4f2a72e5547d2a48e9651f26d1189158cd3095cb1e14be4e49bda0ae96b2e6b34f978330105e32f7a1766f0bbae89743d314b749f8b6ff7f1fed2dbe75404,gx-no-cache=1724163330340 HTTP/1.1" 200 29
192.168.10.17 - - [20/Aug/2024:11:16:10 -0300] "GET /cormun/servlet/hlogin HTTP/1.1" 200 1723
192.168.10.17 - - [20/Aug/2024:11:16:10 -0300] "GET /cormun/static/Resources/Spanish/PXTools.css?1759030 HTTP/1.1" 200 100853
192.168.10.17 - - [20/Aug/2024:11:16:10 -0300] "GET /cormun/static/gxtimezone.js?85251 HTTP/1.1" 200 5781
192.168.10.17 - - [20/Aug/2024:11:16:10 -0300] "GET /cormun/static/gxcfg.js?2022112219184450 HTTP/1.1" 200 953
192.168.10.17 - - [20/Aug/2024:11:16:10 -0300] "GET /cormun/static/Resources/CormunLogin.png HTTP/1.1" 200 19132
192.168.10.17 - - [20/Aug/2024:11:16:10 -0300] "GET /cormun/static/messages.spa.js?85251 HTTP/1.1" 200 30736
192.168.10.17 - - [20/Aug/2024:11:16:10 -0300] "GET /cormun/static/gxgral.js?85251 HTTP/1.1" 200 384558
192.168.10.17 - - [20/Aug/2024:11:16:10 -0300] "GET /cormun/static/hlogin.js?2022112219184458 HTTP/1.1" 200 2156
192.168.10.17 - - [20/Aug/2024:11:16:10 -0300] "GET /cormun/static/Resources/PXToolsLoginTop.png HTTP/1.1" 200 1337
192.168.10.17 - - [20/Aug/2024:11:16:10 -0300] "GET /cormun/static/Resources/PXToolsLoginBackground.png HTTP/1.1" 200 1164
192.168.10.17 - - [20/Aug/2024:11:16:10 -0300] "GET /cormun/static/Resources/PXToolsLoginBottom.png HTTP/1.1" 200 1389
192.168.10.17 - - [20/Aug/2024:11:16:10 -0300] "GET /cormun/static/Resources/PXToolsButtonRight.png HTTP/1.1" 200 1294
192.168.10.17 - - [20/Aug/2024:11:16:10 -0300] "GET /cormun/static/Resources/PXToolsButtonLeft.png HTTP/1.1" 200 1310
192.168.10.17 - - [20/Aug/2024:11:16:10 -0300] "GET /cormun/static/Resources/PXToolsButtonBackground.png HTTP/1.1" 200 1176
192.168.10.17 - - [20/Aug/2024:11:16:10 -0300] "GET /cormun/static/Resources/indicator.gif HTTP/1.1" 200 1553
190.171.153.50 - - [20/Aug/2024:11:16:11 -0300] "GET /cormun/servlet/solicitudot?47bc4850258e781e6309a5d45e9f1befceb061fbd3bafa52e9178b7a78c8962188673023bb641491bbf67b45233f5624,gx-no-cache=1724163334920 HTTP/1.1" 200 30
190.171.153.50 - - [20/Aug/2024:11:16:12 -0300] "POST /cormun/servlet/solicitudot?gx-no-cache=1724163335193 HTTP/1.1" 200 34
192.168.10.17 - - [20/Aug/2024:11:16:13 -0300] "POST /cormun/servlet/hlogin?2ab1d0db856fb59d103b4616a0057f18,gx-no-cache=1724163353392 HTTP/1.1" 200 90
192.168.10.17 - - [20/Aug/2024:11:16:14 -0300] "GET /cormun/servlet/hpexe_link HTTP/1.1" 200 952
192.168.10.17 - - [20/Aug/2024:11:16:14 -0300] "GET /cormun/static/gxcfg.js?20221129847421 HTTP/1.1" 200 953
192.168.10.17 - - [20/Aug/2024:11:16:14 -0300] "GET /cormun/static/hpexe_link.js?20221129847423 HTTP/1.1" 200 625
192.168.10.17 - - [20/Aug/2024:11:16:14 -0300] "GET /cormun/static/Resources/Spanish/PXTools.css?8354383 HTTP/1.1" 200 100853
192.168.10.17 - - [20/Aug/2024:11:16:14 -0300] "GET /cormun/servlet/hhome HTTP/1.1" 200 3821
192.168.10.17 - - [20/Aug/2024:11:16:14 -0300] "GET /cormun/static/Resources/Spanish/PXTools.css?14345360 HTTP/1.1" 200 100853
192.168.10.17 - - [20/Aug/2024:11:16:14 -0300] "GET /cormun/static/SmoothNavMenu/resources/ddsmoothmenu.css?1112540 HTTP/1.1" 200 2223
192.168.10.17 - - [20/Aug/2024:11:16:14 -0300] "GET /cormun/static/SmoothNavMenu/resources/ddsmoothmenu-v.css?1112540 HTTP/1.1" 200 1188
192.168.10.17 - - [20/Aug/2024:11:16:14 -0300] "GET /cormun/static/scaMessage/css/jquery.pnotify.default.css?1816380 HTTP/1.1" 200 1707
192.168.10.17 - - [20/Aug/2024:11:16:14 -0300] "GET /cormun/static/Shared/jqueryui/jquery-ui.min.css?1345370 HTTP/1.1" 200 30288
192.168.10.17 - - [20/Aug/2024:11:16:14 -0300] "GET /cormun/static/gxcfg.js?20201215495537 HTTP/1.1" 200 953
192.168.10.17 - - [20/Aug/2024:11:16:14 -0300] "GET /cormun/static/PXToolsJavascripts/pexe_autoreload.js HTTP/1.1" 200 1762
192.168.10.17 - - [20/Aug/2024:11:16:14 -0300] "GET /cormun/static/PXToolsJavascripts/pexe_griddivfix.js HTTP/1.1" 200 6946
192.168.10.17 - - [20/Aug/2024:11:16:14 -0300] "GET /cormun/static/PXToolsJavascripts/pexe_link.js HTTP/1.1" 200 5671
192.168.10.17 - - [20/Aug/2024:11:16:14 -0300] "GET /cormun/static/PXToolsJavascripts/pexe_windows.js HTTP/1.1" 200 15249
192.168.10.17 - - [20/Aug/2024:11:16:14 -0300] "GET /cormun/static/PXToolsJavascripts/pexe_menudivfix.js HTTP/1.1" 200 333
192.168.10.17 - - [20/Aug/2024:11:16:14 -0300] "GET /cormun/static/PXToolsJavascripts/pexe_cookies.js HTTP/1.1" 200 792
