200.54.237.82 - - [13/Aug/2024:12:43:57 -0300] "GET /cormun/static/Resources/indicator.gif HTTP/1.1" 200 1553
190.171.142.42 - - [13/Aug/2024:12:44:04 -0300] "GET /cormun/servlet/permisogoce?f805edcf89b6e9a73cee15f6151b6c5baf00c6829361c140cafb296126dcf2ca99866874f663d3d5b2122c04920572e9d57d5decc6a0aa8ae92e15df5a0a5200,gx-no-cache=1723563778273 HTTP/1.1" 200 77
190.171.142.42 - - [13/Aug/2024:12:44:04 -0300] "GET /cormun/static/menuarrow.gif HTTP/1.1" 404 1015
190.171.142.42 - - [13/Aug/2024:12:44:14 -0300] "GET /cormun/servlet/permisogoce?f805edcf89b6e9a73cee15f6151b6c5b2ca0ee284ff75c8edc1d4bb0be440d63f731dd211f2db07e1aae087c2859fe834e3615d3cafeb7baa1845ce4f2f7db4b,gx-no-cache=1723563787835 HTTP/1.1" 200 47
190.171.142.42 - - [13/Aug/2024:12:44:18 -0300] "POST /cormun/servlet/permisogoce?88bfaaf375caad280e833cf31251aec7,INS,0,,,,gx-no-cache=1723563791047 HTTP/1.1" 200 93
190.171.142.42 - - [13/Aug/2024:12:44:18 -0300] "GET /cormun/servlet/hpexe_return? HTTP/1.1" 200 1009
190.171.142.42 - - [13/Aug/2024:12:44:18 -0300] "GET /cormun/servlet/trpermisosgoce HTTP/1.1" 200 13349
190.171.142.42 - - [13/Aug/2024:12:44:21 -0300] "GET /cormun/servlet/apermisogoceprn?17465080,P,20240813114312,PU HTTP/1.1" 200 1645
46.105.97.78 - tomcat [13/Aug/2024:12:47:23 -0300] "GET /manager/html HTTP/1.1" 403 3196
190.171.153.50 - - [13/Aug/2024:12:49:34 -0300] "GET /cormun/servlet/hlogin HTTP/1.1" 200 1722
190.171.153.50 - - [13/Aug/2024:12:49:46 -0300] "POST /cormun/servlet/hlogin?79b076074ed5e63451e5c8cae4de00aa,gx-no-cache=1723564122191 HTTP/1.1" 200 432
190.171.153.50 - - [13/Aug/2024:12:49:54 -0300] "POST /cormun/servlet/hlogin?79b076074ed5e63451e5c8cae4de00aa,gx-no-cache=1723564129674 HTTP/1.1" 200 90
190.171.153.50 - - [13/Aug/2024:12:49:54 -0300] "GET /cormun/servlet/hpexe_link HTTP/1.1" 200 953
190.171.153.50 - - [13/Aug/2024:12:49:54 -0300] "GET /cormun/servlet/hhome HTTP/1.1" 200 4183
190.171.153.50 - - [13/Aug/2024:12:49:56 -0300] "GET /cormun/servlet/trlicencias? HTTP/1.1" 200 10465
190.171.153.50 - - [13/Aug/2024:12:50:08 -0300] "GET /cormun/servlet/hlogin HTTP/1.1" 200 1739
46.105.97.78 - tomcat [13/Aug/2024:12:51:11 -0300] "GET /manager/html HTTP/1.1" 403 3196
154.213.184.18 - - [13/Aug/2024:12:54:56 -0300] "CONNECT example.com:443 HTTP/1.1" 400 -
46.105.97.78 - tomcat [13/Aug/2024:12:54:57 -0300] "GET /manager/html HTTP/1.1" 403 3196
181.212.43.89 - - [13/Aug/2024:12:55:43 -0300] "GET /cormun/servlet/hlogin HTTP/1.1" 200 1717
181.212.43.89 - - [13/Aug/2024:12:55:43 -0300] "GET /cormun/static/gxtimezone.js?85251 HTTP/1.1" 200 5781
181.212.43.89 - - [13/Aug/2024:12:55:43 -0300] "GET /cormun/static/gxcfg.js?2022112219184450 HTTP/1.1" 200 953
181.212.43.89 - - [13/Aug/2024:12:55:43 -0300] "GET /cormun/static/Resources/CormunLogin.png HTTP/1.1" 200 19132
181.212.43.89 - - [13/Aug/2024:12:55:43 -0300] "GET /cormun/static/messages.spa.js?85251 HTTP/1.1" 200 30736
181.212.43.89 - - [13/Aug/2024:12:55:43 -0300] "GET /cormun/static/Resources/Spanish/PXTools.css?1759030 HTTP/1.1" 200 100853
181.212.43.89 - - [13/Aug/2024:12:55:43 -0300] "GET /cormun/static/hlogin.js?2022112219184458 HTTP/1.1" 200 2156
181.212.43.89 - - [13/Aug/2024:12:55:43 -0300] "GET /cormun/static/gxgral.js?85251 HTTP/1.1" 200 384558
181.212.43.89 - - [13/Aug/2024:12:55:43 -0300] "GET /cormun/static/Resources/PXToolsLoginTop.png HTTP/1.1" 200 1337
181.212.43.89 - - [13/Aug/2024:12:55:43 -0300] "GET /cormun/static/Resources/PXToolsLoginBackground.png HTTP/1.1" 200 1164
181.212.43.89 - - [13/Aug/2024:12:55:43 -0300] "GET /cormun/static/Resources/PXToolsButtonLeft.png HTTP/1.1" 200 1310
181.212.43.89 - - [13/Aug/2024:12:55:43 -0300] "GET /cormun/static/Resources/PXToolsButtonBackground.png HTTP/1.1" 200 1176
181.212.43.89 - - [13/Aug/2024:12:55:43 -0300] "GET /cormun/static/Resources/PXToolsButtonRight.png HTTP/1.1" 200 1294
181.212.43.89 - - [13/Aug/2024:12:55:43 -0300] "GET /cormun/static/Resources/PXToolsLoginBottom.png HTTP/1.1" 200 1389
181.212.43.89 - - [13/Aug/2024:12:55:43 -0300] "GET /cormun/static/Resources/indicator.gif HTTP/1.1" 200 1553
181.212.43.89 - - [13/Aug/2024:12:55:43 -0300] "GET /cormun/servlet/hlogin HTTP/1.1" 200 1728
181.212.43.89 - - [13/Aug/2024:12:55:43 -0300] "GET /favicon.ico HTTP/1.1" 200 21630
181.212.43.89 - - [13/Aug/2024:12:55:49 -0300] "POST /cormun/servlet/hlogin?020b9f1dba6268625ed63c4dd513d9f1,gx-no-cache=1723564481235 HTTP/1.1" 200 90
181.212.43.89 - - [13/Aug/2024:12:55:49 -0300] "GET /cormun/servlet/hpexe_link HTTP/1.1" 200 950
181.212.43.89 - - [13/Aug/2024:12:55:49 -0300] "GET /cormun/static/gxcfg.js?20221129847421 HTTP/1.1" 200 953
181.212.43.89 - - [13/Aug/2024:12:55:49 -0300] "GET /cormun/static/hpexe_link.js?20221129847423 HTTP/1.1" 200 625
181.212.43.89 - - [13/Aug/2024:12:55:49 -0300] "GET /cormun/static/Resources/Spanish/PXTools.css?8354383 HTTP/1.1" 200 100853
181.212.43.89 - - [13/Aug/2024:12:55:49 -0300] "GET /cormun/servlet/hhome HTTP/1.1" 200 4016
181.212.43.89 - - [13/Aug/2024:12:55:49 -0300] "GET /cormun/static/SmoothNavMenu/resources/ddsmoothmenu-v.css?1112540 HTTP/1.1" 200 1188
181.212.43.89 - - [13/Aug/2024:12:55:49 -0300] "GET /cormun/static/SmoothNavMenu/resources/ddsmoothmenu.css?1112540 HTTP/1.1" 200 2223
181.212.43.89 - - [13/Aug/2024:12:55:49 -0300] "GET /cormun/static/gxcfg.js?20201215495537 HTTP/1.1" 200 953
181.212.43.89 - - [13/Aug/2024:12:55:49 -0300] "GET /cormun/static/scaMessage/css/jquery.pnotify.default.css?1816380 HTTP/1.1" 200 1707
181.212.43.89 - - [13/Aug/2024:12:55:49 -0300] "GET /cormun/static/Shared/jqueryui/jquery-ui.min.css?1345370 HTTP/1.1" 200 30288
181.212.43.89 - - [13/Aug/2024:12:55:49 -0300] "GET /cormun/static/Resources/Spanish/PXTools.css?14345360 HTTP/1.1" 200 100853
181.212.43.89 - - [13/Aug/2024:12:55:49 -0300] "GET /cormun/static/PXToolsJavascripts/pexe_autoreload.js HTTP/1.1" 200 1762
181.212.43.89 - - [13/Aug/2024:12:55:49 -0300] "GET /cormun/static/PXToolsJavascripts/pexe_cookies.js HTTP/1.1" 200 792
181.212.43.89 - - [13/Aug/2024:12:55:49 -0300] "GET /cormun/static/PXToolsJavascripts/pexe_windows.js HTTP/1.1" 200 15249
181.212.43.89 - - [13/Aug/2024:12:55:49 -0300] "GET /cormun/static/PXToolsJavascripts/pexe_grid.js HTTP/1.1" 200 7559
181.212.43.89 - - [13/Aug/2024:12:55:49 -0300] "GET /cormun/static/PXToolsJavascripts/pexe_griddivfix.js HTTP/1.1" 200 6946
181.212.43.89 - - [13/Aug/2024:12:55:49 -0300] "GET /cormun/static/PXToolsJavascripts/pexe_link.js HTTP/1.1" 200 5671
181.212.43.89 - - [13/Aug/2024:12:55:49 -0300] "GET /cormun/static/PXToolsJavascripts/pexe_menudivfix.js HTTP/1.1" 200 333
181.212.43.89 - - [13/Aug/2024:12:55:49 -0300] "GET /cormun/static/PXToolsJavascripts/pexe_menus.js HTTP/1.1" 200 1286
181.212.43.89 - - [13/Aug/2024:12:55:49 -0300] "GET /cormun/static/PXToolsJavascripts/pexe_layers.js HTTP/1.1" 200 4114
181.212.43.89 - - [13/Aug/2024:12:55:49 -0300] "GET /cormun/static/PXToolsJavascripts/pexe_oav.js HTTP/1.1" 200 645
181.212.43.89 - - [13/Aug/2024:12:55:49 -0300] "GET /cormun/static/PXToolsJavascripts/pexe_oavdivfix.js HTTP/1.1" 200 639
181.212.43.89 - - [13/Aug/2024:12:55:49 -0300] "GET /cormun/static/PXToolsJavascripts/pexe_picture.js HTTP/1.1" 200 689
181.212.43.89 - - [13/Aug/2024:12:55:49 -0300] "GET /cormun/static/PXToolsJavascripts/pexe_popup.js HTTP/1.1" 200 15149
181.212.43.89 - - [13/Aug/2024:12:55:49 -0300] "GET /cormun/static/PXToolsJavascripts/pexe_scrolldiv.js HTTP/1.1" 200 4138
181.212.43.89 - - [13/Aug/2024:12:55:49 -0300] "GET /cormun/static/PXToolsJavascripts/pexe_tabs.js HTTP/1.1" 200 3748
181.212.43.89 - - [13/Aug/2024:12:55:49 -0300] "GET /cormun/static/PXToolsJavascripts/pexe_tabdivfix.js HTTP/1.1" 200 898
181.212.43.89 - - [13/Aug/2024:12:55:49 -0300] "GET /cormun/static/PXToolsJavascripts/pexe_upload.js HTTP/1.1" 200 1423
181.212.43.89 - - [13/Aug/2024:12:55:49 -0300] "GET /cormun/static/PXToolsJavascripts/PXToolsJavascriptsRender.js HTTP/1.1" 200 367
181.212.43.89 - - [13/Aug/2024:12:55:49 -0300] "GET /cormun/static/Resources/CormunMP2.png HTTP/1.1" 200 6878
181.212.43.89 - - [13/Aug/2024:12:55:49 -0300] "GET /cormun/static/Resources/ImgHome.png HTTP/1.1" 200 1364
181.212.43.89 - - [13/Aug/2024:12:55:49 -0300] "GET /cormun/static/Resources/ImgLogin.png HTTP/1.1" 200 1432
181.212.43.89 - - [13/Aug/2024:12:55:49 -0300] "GET /cormun/static/Resources/Llave.png HTTP/1.1" 200 1395
181.212.43.89 - - [13/Aug/2024:12:55:49 -0300] "GET /cormun/static/RunJS/RunJS.js HTTP/1.1" 200 288
181.212.43.89 - - [13/Aug/2024:12:55:49 -0300] "GET /cormun/static/Shared/ext/locale/ext-lang-en.js HTTP/1.1" 200 10940
181.212.43.89 - - [13/Aug/2024:12:55:49 -0300] "GET /cormun/static/Resources/PXToolsDataTitle.png HTTP/1.1" 200 1173
181.212.43.89 - - [13/Aug/2024:12:55:49 -0300] "GET /cormun/static/hhome.js?20201215495544 HTTP/1.1" 200 777
181.212.43.89 - - [13/Aug/2024:12:55:49 -0300] "GET /cormun/static/hwchdr01.js?2022112219251119 HTTP/1.1" 200 996
181.212.43.89 - - [13/Aug/2024:12:55:49 -0300] "GET /cormun/static/hpexe_recentlink.js?20201214471090 HTTP/1.1" 200 2144
181.212.43.89 - - [13/Aug/2024:12:55:49 -0300] "GET /cormun/static/hpexe_scripts.js?20201214471411 HTTP/1.1" 200 1544
181.212.43.89 - - [13/Aug/2024:12:55:49 -0300] "GET /cormun/static/hpexe_messagecontroller.js?202211298371222 HTTP/1.1" 200 870
181.212.43.89 - - [13/Aug/2024:12:55:49 -0300] "GET /cormun/static/hpexe_messagepopupcomponent.js?2020121447232 HTTP/1.1" 200 605
181.212.43.89 - - [13/Aug/2024:12:55:49 -0300] "GET /cormun/static/hpexe_messagegenexuscomponent.js?20221129836373 HTTP/1.1" 200 587
181.212.43.89 - - [13/Aug/2024:12:55:49 -0300] "GET /cormun/static/gxui/gxui-all.js HTTP/1.1" 200 107772
181.212.43.89 - - [13/Aug/2024:12:55:49 -0300] "GET /cormun/static/cmcontrolpreferences.js?20199141926336 HTTP/1.1" 200 1375
181.212.43.89 - - [13/Aug/2024:12:55:49 -0300] "GET /cormun/static/Shared/jquery/jquery-1.4.2.min.js HTTP/1.1" 200 72174
181.212.43.89 - - [13/Aug/2024:12:55:49 -0300] "GET /cormun/static/SmoothNavMenu/resources/ddsmoothmenu.js HTTP/1.1" 200 12712
181.212.43.89 - - [13/Aug/2024:12:55:49 -0300] "GET /cormun/static/SmoothNavMenu/resources/SmoothNavMenuRender.js HTTP/1.1" 200 5951
181.212.43.89 - - [13/Aug/2024:12:55:49 -0300] "GET /cormun/static/scaMessage/js/jquery.pnotify.min.js HTTP/1.1" 200 13038
181.212.43.89 - - [13/Aug/2024:12:55:49 -0300] "GET /cormun/static/scaMessage/scaMessageRender.js HTTP/1.1" 200 11977
181.212.43.89 - - [13/Aug/2024:12:55:49 -0300] "GET /cormun/static/hmpwkw03.js?20221129844354 HTTP/1.1" 200 3971
181.212.43.89 - - [13/Aug/2024:12:55:49 -0300] "GET /cormun/static/Shared/jquery/jquery-1.10.2.min.js HTTP/1.1" 200 273199
181.212.43.89 - - [13/Aug/2024:12:55:49 -0300] "GET /cormun/static/Shared/jqueryui/jquery-ui.min.js HTTP/1.1" 200 240427
181.212.43.89 - - [13/Aug/2024:12:55:49 -0300] "GET /cormun/static/Shared/ext/ext-all.js HTTP/1.1" 200 1289687
181.212.43.89 - - [13/Aug/2024:12:55:49 -0300] "GET /cormun/static/SmoothNavMenu/resources/images/down.gif HTTP/1.1" 200 854
181.212.43.89 - - [13/Aug/2024:12:55:57 -0300] "GET /cormun/servlet/trlicencias? HTTP/1.1" 200 15195
181.212.43.89 - - [13/Aug/2024:12:55:57 -0300] "GET /cormun/static/gxui/gxui-all.css?120300 HTTP/1.1" 200 2179
181.212.43.89 - - [13/Aug/2024:12:55:57 -0300] "GET /cormun/static/calendar-system.css?85620 HTTP/1.1" 200 5572
181.212.43.89 - - [13/Aug/2024:12:55:57 -0300] "GET /cormun/static/gxcfg.js?202211298463625 HTTP/1.1" 200 953
181.212.43.89 - - [13/Aug/2024:12:55:57 -0300] "GET /cormun/static/calendar.js?85251 HTTP/1.1" 200 26246
181.212.43.89 - - [13/Aug/2024:12:55:57 -0300] "GET /cormun/static/calendar-setup.js?85251 HTTP/1.1" 200 2588
181.212.43.89 - - [13/Aug/2024:12:55:57 -0300] "GET /cormun/static/calendar-es.js?85251 HTTP/1.1" 200 1901
181.212.43.89 - - [13/Aug/2024:12:55:57 -0300] "GET /cormun/static/Resources/PXTools/calendar.png HTTP/1.1" 200 1306
181.212.43.89 - - [13/Aug/2024:12:55:57 -0300] "GET /cormun/static/gxdec.js?85251 HTTP/1.1" 200 19579
181.212.43.89 - - [13/Aug/2024:12:55:57 -0300] "GET /cormun/static/trlicencias.js?202211298463889 HTTP/1.1" 200 41883
181.212.43.89 - - [13/Aug/2024:12:55:57 -0300] "GET /cormun/static/Resources/PXToolsDataSearch.png HTTP/1.1" 200 435
181.212.43.89 - - [13/Aug/2024:12:55:57 -0300] "GET /cormun/static/Shared/ext/resources/css/ext-all.css?215870 HTTP/1.1" 200 416045
181.212.43.89 - - [13/Aug/2024:12:55:57 -0300] "GET /cormun/static/Resources/PXToolsGridFirstDisabled.gif HTTP/1.1" 200 100
181.212.43.89 - - [13/Aug/2024:12:55:57 -0300] "GET /cormun/static/Resources/PXToolsGridNextDisabled.gif HTTP/1.1" 200 90
181.212.43.89 - - [13/Aug/2024:12:55:57 -0300] "GET /cormun/static/Resources/PXToolsGridPreviousDisabled.gif HTTP/1.1" 200 90
181.212.43.89 - - [13/Aug/2024:12:55:57 -0300] "GET /cormun/static/Resources/PXToolsGridPage.gif HTTP/1.1" 200 725
181.212.43.89 - - [13/Aug/2024:12:55:57 -0300] "GET /cormun/static/Resources/PXToolsAddAllAction.png HTTP/1.1" 200 495
181.212.43.89 - - [13/Aug/2024:12:55:57 -0300] "GET /cormun/static/Resources/PXToolsGridLastDisabled.gif HTTP/1.1" 200 98
181.212.43.89 - - [13/Aug/2024:12:55:57 -0300] "GET /cormun/static/Resources/PXToolsActionExcel.png HTTP/1.1" 200 727
181.212.43.89 - - [13/Aug/2024:12:55:57 -0300] "GET /cormun/static/Resources/asc.gif HTTP/1.1" 200 67
181.212.43.89 - - [13/Aug/2024:12:55:57 -0300] "GET /cormun//static/Resources/PXToolsActionPrint.png HTTP/1.1" 200 404
181.212.43.89 - - [13/Aug/2024:12:55:57 -0300] "GET /cormun//static/Resources/PXToolsGridDisplay.png HTTP/1.1" 200 525
181.212.43.89 - - [13/Aug/2024:12:55:57 -0300] "GET /cormun//static/Resources/PXTools/ActionInsert.png HTTP/1.1" 200 1482
181.212.43.89 - - [13/Aug/2024:12:55:57 -0300] "GET /cormun/static/Resources/desc.gif HTTP/1.1" 200 65
181.212.43.89 - - [13/Aug/2024:12:55:57 -0300] "GET /cormun//static/Resources/PXToolsActionDisabled.gif HTTP/1.1" 200 53
181.212.43.89 - - [13/Aug/2024:12:55:57 -0300] "GET /cormun//static/Resources/PXToolsHeaderFavorites.png HTTP/1.1" 200 1414
181.212.43.89 - - [13/Aug/2024:12:55:57 -0300] "GET /cormun//static/Resources/PXToolsHeaderHelp.png HTTP/1.1" 200 1333
181.212.43.89 - - [13/Aug/2024:12:55:57 -0300] "GET /cormun/static/Shared/ext/resources/themes/images/default/tools/tool-sprites.gif HTTP/1.1" 200 5434
181.212.43.89 - - [13/Aug/2024:12:55:57 -0300] "GET /cormun/static/Shared/ext/resources/themes/images/default/panel/bg-headersPanel.png HTTP/1.1" 200 255
181.212.40.185 - - [13/Aug/2024:12:57:52 -0300] "GET /cormun/servlet/trpermisosgoce? HTTP/1.1" 200 6035
181.212.40.185 - - [13/Aug/2024:12:57:52 -0300] "GET /cormun/servlet/hlogin HTTP/1.1" 200 1740
181.212.40.185 - - [13/Aug/2024:12:58:30 -0300] "POST /cormun/servlet/hlogin?a9e339c1372979275304db5a85a0074a,gx-no-cache=1723564646439 HTTP/1.1" 200 90
181.212.40.185 - - [13/Aug/2024:12:58:30 -0300] "GET /cormun/servlet/hpexe_link HTTP/1.1" 200 958
181.212.40.185 - - [13/Aug/2024:12:58:30 -0300] "GET /cormun/servlet/trpermisosgoce HTTP/1.1" 200 19231
181.212.40.185 - - [13/Aug/2024:12:58:34 -0300] "GET /cormun/servlet/permisogoce?INS,0,,, HTTP/1.1" 200 7083
181.212.40.185 - - [13/Aug/2024:12:58:44 -0300] "GET /cormun/servlet/permisogoce?29186329cda7bb2b81f8d011447b48e56b2c90ecdc239c59e6d92c1cafa627c53575c2e1c3c65e98ade19326821d1b8cb83dc028cf699db6d72028ce90e3d090,gx-no-cache=1723564660462 HTTP/1.1" 200 76
46.105.97.78 - tomcat [13/Aug/2024:12:58:44 -0300] "GET /manager/html HTTP/1.1" 403 3196
181.212.40.185 - - [13/Aug/2024:12:58:47 -0300] "GET /cormun/static/menuarrow.gif HTTP/1.1" 404 1015
181.212.40.185 - - [13/Aug/2024:12:58:53 -0300] "GET /cormun/servlet/permisogoce?29186329cda7bb2b81f8d011447b48e5359d352969ad8b79f88a794f91e5ecc3a492fcf32d8d15f751571fb113b358ca775a55db50bc3e5918b8f842f60bfd12,gx-no-cache=1723564669360 HTTP/1.1" 200 47
181.212.40.185 - - [13/Aug/2024:12:59:00 -0300] "POST /cormun/servlet/permisogoce?a9e339c1372979275304db5a85a0074a,INS,0,,,,gx-no-cache=1723564676160 HTTP/1.1" 200 93
181.212.40.185 - - [13/Aug/2024:12:59:00 -0300] "GET /cormun/servlet/hpexe_return? HTTP/1.1" 200 1011
181.212.40.185 - - [13/Aug/2024:12:59:00 -0300] "GET /cormun/servlet/trpermisosgoce HTTP/1.1" 200 19305
181.212.40.185 - - [13/Aug/2024:12:59:13 -0300] "POST /cormun/servlet/trpermisosgoce?a9e339c1372979275304db5a85a0074a,gx-no-cache=1723564689435 HTTP/1.1" 200 16382
181.212.40.185 - - [13/Aug/2024:12:59:14 -0300] "POST /cormun/servlet/trpermisosgoce?a9e339c1372979275304db5a85a0074a,gx-no-cache=1723564689933 HTTP/1.1" 200 16361
181.212.40.185 - - [13/Aug/2024:12:59:43 -0300] "GET /cormun/servlet/permisogoce?INS,0,,, HTTP/1.1" 200 7083
181.212.40.185 - - [13/Aug/2024:13:00:09 -0300] "GET /cormun/servlet/permisogoce?29186329cda7bb2b81f8d011447b48e5a79ae369155523a21b4c1ad6a6e700a23575c2e1c3c65e98ade19326821d1b8cb83dc028cf699db6d72028ce90e3d090,gx-no-cache=1723564745820 HTTP/1.1" 200 76
181.212.40.185 - - [13/Aug/2024:13:00:16 -0300] "GET /cormun/servlet/permisogoce?29186329cda7bb2b81f8d011447b48e5823b2b3b8aaa68fa41876c4bbd440d696b3ddbff61b21bdcddabaff631a2a884775a55db50bc3e5918b8f842f60bfd12,gx-no-cache=1723564753112 HTTP/1.1" 200 47
181.212.40.185 - - [13/Aug/2024:13:00:20 -0300] "POST /cormun/servlet/permisogoce?a9e339c1372979275304db5a85a0074a,INS,0,,,,gx-no-cache=1723564756520 HTTP/1.1" 200 93
181.212.40.185 - - [13/Aug/2024:13:00:20 -0300] "GET /cormun/servlet/hpexe_return? HTTP/1.1" 200 1033
181.212.40.185 - - [13/Aug/2024:13:00:21 -0300] "GET /cormun/servlet/trpermisosgoce?gx-no-cache=1723564689933 HTTP/1.1" 200 19305
181.212.40.185 - - [13/Aug/2024:13:00:23 -0300] "GET /cormun/servlet/trpermisosadjuntos?15105457,20240813115902,P, HTTP/1.1" 200 6549
181.212.40.185 - - [13/Aug/2024:13:00:25 -0300] "GET /cormun/servlet/permisosadjuntos?INS,15105457,P,20240813115902,, HTTP/1.1" 200 5850
181.212.40.185 - - [13/Aug/2024:13:00:26 -0300] "GET /cormun/static/about:blank HTTP/1.1" 404 1011
200.54.107.2 - - [13/Aug/2024:13:00:33 -0300] "GET /cormun/servlet/hlogin HTTP/1.1" 200 1719
181.212.40.185 - - [13/Aug/2024:13:00:33 -0300] "POST /cormun/servlet/permisosadjuntos?a9e339c1372979275304db5a85a0074a,INS,15105457,P,20240813115902,, HTTP/1.1" 200 116
181.212.40.185 - - [13/Aug/2024:13:00:33 -0300] "GET /cormun/servlet/hpexe_return? HTTP/1.1" 200 1039
181.212.40.185 - - [13/Aug/2024:13:00:33 -0300] "GET /cormun/servlet/trpermisosadjuntos?15105457,20240813115902,P, HTTP/1.1" 200 7054
200.54.107.2 - - [13/Aug/2024:13:00:38 -0300] "GET /cormun/servlet/hlogin HTTP/1.1" 200 1730
181.212.40.185 - - [13/Aug/2024:13:00:41 -0300] "POST /cormun/servlet/trpermisosadjuntos?a9e339c1372979275304db5a85a0074a,15105457,20240813115902,P,,gx-no-cache=1723564777232 HTTP/1.1" 200 90
181.212.40.185 - - [13/Aug/2024:13:00:41 -0300] "GET /cormun/servlet/hpexe_link HTTP/1.1" 200 1007
181.212.40.185 - - [13/Aug/2024:13:00:41 -0300] "GET /cormun/servlet/trpermisosgoce?gx-no-cache=1723564689933 HTTP/1.1" 200 19301
200.54.107.2 - - [13/Aug/2024:13:00:42 -0300] "POST /cormun/servlet/hlogin?e1c20dfaea0acae586a68736be789dff,gx-no-cache=1723564777475 HTTP/1.1" 200 90
200.54.107.2 - - [13/Aug/2024:13:00:42 -0300] "GET /cormun/servlet/hpexe_link HTTP/1.1" 200 951
200.54.107.2 - - [13/Aug/2024:13:00:43 -0300] "GET /cormun/servlet/hhome HTTP/1.1" 200 4353
181.212.40.185 - - [13/Aug/2024:13:00:44 -0300] "POST /cormun/servlet/trpermisosgoce?a9e339c1372979275304db5a85a0074a,gx-no-cache=1723564689933,gx-no-cache=1723564780076 HTTP/1.1" 200 16429
181.212.40.185 - - [13/Aug/2024:13:00:44 -0300] "GET /cormun/static/Shared/jqueryui/images/ui-icons_82798d_256x240.png HTTP/1.1" 404 1089
181.212.40.185 - - [13/Aug/2024:13:00:44 -0300] "GET /cormun/static/Shared/jqueryui/images/ui-bg_highlight-soft_100_c6c2c8_1x100.png HTTP/1.1" 404 1117
181.212.40.185 - - [13/Aug/2024:13:00:44 -0300] "GET /cormun/static/Shared/jqueryui/images/ui-icons_8d78a5_256x240.png HTTP/1.1" 404 1089
181.212.40.185 - - [13/Aug/2024:13:00:44 -0300] "GET /cormun/static/Shared/jqueryui/images/ui-bg_flat_55_fafafa_40x100.png HTTP/1.1" 404 1097
181.212.40.185 - - [13/Aug/2024:13:00:48 -0300] "GET /cormun/servlet/permisogoce?INS,0,,, HTTP/1.1" 200 7105
181.212.40.185 - - [13/Aug/2024:13:00:54 -0300] "GET /cormun/servlet/permisogoce?29186329cda7bb2b81f8d011447b48e54e130c41868b88120725eefb4f9b9de43575c2e1c3c65e98ade19326821d1b8cb83dc028cf699db6d72028ce90e3d090,gx-no-cache=1723564791069 HTTP/1.1" 200 80
181.212.40.185 - - [13/Aug/2024:13:01:02 -0300] "GET /cormun/servlet/permisogoce?29186329cda7bb2b81f8d011447b48e5be794bc25b21f50031bfd4193af1690f7b47da1de61c3904acf257fa9373b063d795b90b4c5a581aa930e220f2e2259e,gx-no-cache=1723564798634 HTTP/1.1" 200 47
200.54.107.2 - - [13/Aug/2024:13:01:09 -0300] "GET /cormun/servlet/trlicencias? HTTP/1.1" 200 10662
181.212.40.185 - - [13/Aug/2024:13:01:09 -0300] "POST /cormun/servlet/permisogoce?a9e339c1372979275304db5a85a0074a,INS,0,,,,gx-no-cache=1723564805129 HTTP/1.1" 200 93
181.212.40.185 - - [13/Aug/2024:13:01:09 -0300] "GET /cormun/servlet/hpexe_return? HTTP/1.1" 200 1033
181.212.40.185 - - [13/Aug/2024:13:01:09 -0300] "GET /cormun/servlet/trpermisosgoce?gx-no-cache=1723564689933 HTTP/1.1" 200 19267
181.212.40.185 - - [13/Aug/2024:13:01:12 -0300] "GET /cormun/servlet/trpermisosadjuntos?11274330,20240813120007,P, HTTP/1.1" 200 6554
181.212.40.185 - - [13/Aug/2024:13:01:13 -0300] "GET /cormun/servlet/permisosadjuntos?INS,11274330,P,20240813120007,, HTTP/1.1" 200 5856
181.212.40.185 - - [13/Aug/2024:13:01:13 -0300] "GET /cormun/static/about:blank HTTP/1.1" 404 1011
181.212.40.185 - - [13/Aug/2024:13:01:17 -0300] "POST /cormun/servlet/permisosadjuntos?a9e339c1372979275304db5a85a0074a,INS,11274330,P,20240813120007,, HTTP/1.1" 200 116
181.212.40.185 - - [13/Aug/2024:13:01:17 -0300] "GET /cormun/servlet/hpexe_return? HTTP/1.1" 200 1039
181.212.40.185 - - [13/Aug/2024:13:01:18 -0300] "GET /cormun/servlet/trpermisosadjuntos?11274330,20240813120007,P, HTTP/1.1" 200 7050
181.212.40.185 - - [13/Aug/2024:13:01:19 -0300] "POST /cormun/servlet/trpermisosadjuntos?a9e339c1372979275304db5a85a0074a,11274330,20240813120007,P,,gx-no-cache=1723564815577 HTTP/1.1" 200 90
181.212.40.185 - - [13/Aug/2024:13:01:19 -0300] "GET /cormun/servlet/hpexe_link HTTP/1.1" 200 1006
181.212.40.185 - - [13/Aug/2024:13:01:19 -0300] "GET /cormun/servlet/trpermisosgoce?gx-no-cache=1723564689933 HTTP/1.1" 200 19264
181.212.40.185 - - [13/Aug/2024:13:01:21 -0300] "POST /cormun/servlet/trpermisosgoce?a9e339c1372979275304db5a85a0074a,gx-no-cache=1723564689933,gx-no-cache=1723564817627 HTTP/1.1" 200 16436
181.212.40.185 - - [13/Aug/2024:13:01:31 -0300] "GET /cormun/servlet/permisogoce?INS,0,,, HTTP/1.1" 200 7105
181.212.40.185 - - [13/Aug/2024:13:01:42 -0300] "GET /cormun/servlet/permisogoce?29186329cda7bb2b81f8d011447b48e52a50bb33e30fd8cdd13b82bf387f401e3575c2e1c3c65e98ade19326821d1b8cb83dc028cf699db6d72028ce90e3d090,gx-no-cache=1723564838701 HTTP/1.1" 200 85
181.212.40.185 - - [13/Aug/2024:13:01:50 -0300] "GET /cormun/servlet/permisogoce?29186329cda7bb2b81f8d011447b48e5e6eecc95642174fdae9d8febef0265abc4ff83cec8471570544d870e19699b23775a55db50bc3e5918b8f842f60bfd12,gx-no-cache=1723564847120 HTTP/1.1" 200 49
181.212.40.185 - - [13/Aug/2024:13:02:00 -0300] "POST /cormun/servlet/permisogoce?a9e339c1372979275304db5a85a0074a,INS,0,,,,gx-no-cache=1723564856000 HTTP/1.1" 200 93
181.212.40.185 - - [13/Aug/2024:13:02:00 -0300] "GET /cormun/servlet/hpexe_return? HTTP/1.1" 200 1033
181.212.40.185 - - [13/Aug/2024:13:02:00 -0300] "GET /cormun/servlet/trpermisosgoce?gx-no-cache=1723564689933 HTTP/1.1" 200 19304
181.212.40.185 - - [13/Aug/2024:13:02:02 -0300] "GET /cormun/servlet/trpermisosadjuntos?19084495,20240813120049,P, HTTP/1.1" 200 6555
181.212.40.185 - - [13/Aug/2024:13:02:04 -0300] "GET /cormun/servlet/permisosadjuntos?INS,19084495,P,20240813120049,, HTTP/1.1" 200 5855
181.212.40.185 - - [13/Aug/2024:13:02:04 -0300] "GET /cormun/static/about:blank HTTP/1.1" 404 1011
181.212.40.185 - - [13/Aug/2024:13:02:09 -0300] "POST /cormun/servlet/permisosadjuntos?a9e339c1372979275304db5a85a0074a,INS,19084495,P,20240813120049,, HTTP/1.1" 200 116
181.212.40.185 - - [13/Aug/2024:13:02:09 -0300] "GET /cormun/servlet/hpexe_return? HTTP/1.1" 200 1040
181.212.40.185 - - [13/Aug/2024:13:02:09 -0300] "GET /cormun/servlet/trpermisosadjuntos?19084495,20240813120049,P, HTTP/1.1" 200 7066
181.212.40.185 - - [13/Aug/2024:13:02:17 -0300] "POST /cormun/servlet/trpermisosadjuntos?a9e339c1372979275304db5a85a0074a,19084495,20240813120049,P,,gx-no-cache=1723564873962 HTTP/1.1" 200 90
181.212.40.185 - - [13/Aug/2024:13:02:17 -0300] "GET /cormun/servlet/hpexe_link HTTP/1.1" 200 1007
181.212.40.185 - - [13/Aug/2024:13:02:18 -0300] "GET /cormun/servlet/trpermisosgoce?gx-no-cache=1723564689933 HTTP/1.1" 200 19300
181.212.40.185 - - [13/Aug/2024:13:02:21 -0300] "POST /cormun/servlet/trpermisosgoce?a9e339c1372979275304db5a85a0074a,gx-no-cache=1723564689933,gx-no-cache=1723564877459 HTTP/1.1" 200 16460
200.54.107.2 - - [13/Aug/2024:13:02:23 -0300] "GET /cormun/servlet/trsolicitudot? HTTP/1.1" 200 7566
200.54.107.2 - - [13/Aug/2024:13:02:28 -0300] "GET /cormun/servlet/solicitudot?INS,0,0,false, HTTP/1.1" 200 16351
46.105.97.78 - tomcat [13/Aug/2024:13:02:32 -0300] "GET /manager/html HTTP/1.1" 403 3196
200.54.107.2 - - [13/Aug/2024:13:02:40 -0300] "POST /cormun/servlet/solicitudot?gx-no-cache=1723564895171 HTTP/1.1" 200 4141
200.54.107.2 - - [13/Aug/2024:13:02:40 -0300] "POST /cormun/servlet/solicitudot?e1c20dfaea0acae586a68736be789dff,INS,0,0,false,,gx-no-cache=1723564895330 HTTP/1.1" 200 13003
200.54.107.2 - - [13/Aug/2024:13:02:55 -0300] "GET /cormun/servlet/solicitudot?b09bcdfb3988fbc239ca26622423c36870ce4de17d5261c353b34ab4a11a9864c15d93c1996ebe8fcd8f68b9b3bd825b,gx-no-cache=1723564909977 HTTP/1.1" 200 30
200.54.107.2 - - [13/Aug/2024:13:04:22 -0300] "GET /cormun/servlet/solicitudot?b09bcdfb3988fbc239ca26622423c368ba58d22ea1e985ba387fcdf70f16c670b729fbd02ecea74203a5ba8c53df85d7,gx-no-cache=1723564996687 HTTP/1.1" 200 30
200.54.107.2 - - [13/Aug/2024:13:04:27 -0300] "GET /cormun/servlet/solicitudot?b09bcdfb3988fbc239ca26622423c368bebbe807b09d675b5171d752009e6ac3,gx-no-cache=1723565001837 HTTP/1.1" 200 53
200.54.107.2 - - [13/Aug/2024:13:04:43 -0300] "POST /cormun/servlet/solicitudot?e1c20dfaea0acae586a68736be789dff,INS,0,0,false,,gx-no-cache=1723565018353 HTTP/1.1" 200 13140
200.54.107.2 - - [13/Aug/2024:13:04:44 -0300] "GET /cormun/static/Shared/jqueryui/images/ui-bg_highlight-soft_100_c6c2c8_1x100.png HTTP/1.1" 404 1117
200.54.107.2 - - [13/Aug/2024:13:04:44 -0300] "GET /cormun/static/Shared/jqueryui/images/ui-icons_82798d_256x240.png HTTP/1.1" 404 1089
200.54.107.2 - - [13/Aug/2024:13:04:44 -0300] "GET /cormun/static/Shared/jqueryui/images/ui-bg_flat_55_fafafa_40x100.png HTTP/1.1" 404 1097
200.54.107.2 - - [13/Aug/2024:13:04:44 -0300] "GET /cormun/static/Shared/jqueryui/images/ui-icons_8d78a5_256x240.png HTTP/1.1" 404 1089
200.54.107.2 - - [13/Aug/2024:13:04:47 -0300] "GET /cormun/servlet/solicitudot?b09bcdfb3988fbc239ca26622423c36870ce4de17d5261c353b34ab4a11a9864ba2821caa514debb10dcf0e300bab7c0,gx-no-cache=1723565021606 HTTP/1.1" 200 30
200.54.107.2 - - [13/Aug/2024:13:04:47 -0300] "GET /cormun/servlet/solicitudot?b09bcdfb3988fbc239ca26622423c368ba58d22ea1e985ba387fcdf70f16c670f7830e18f94f25d5f2a953be32432b85,gx-no-cache=1723565021638 HTTP/1.1" 200 30
200.54.107.2 - - [13/Aug/2024:13:04:47 -0300] "POST /cormun/servlet/solicitudot?gx-no-cache=1723565021667 HTTP/1.1" 200 256
200.54.107.2 - - [13/Aug/2024:13:04:47 -0300] "GET /cormun/servlet/solicitudot?b09bcdfb3988fbc239ca26622423c368903f61fd6ccb5a7f34ea84a992e577096e2a8743141b220f18c746d5fcb77284d6c5d4a34b227c9e65e99279611068c990a99464926afed771732ea96789d3d953d64595c44f89f0ccb6fe86cd955cd8ed28d989e6318b83205cc84cd9fae60e0d17228de84a8db19239585176ca27b6c8647382ead19fb181da981fa38daa852114571c03ee0481dda3360abee1447ec131158035ce2b08cc0b09adfd74fa4f54ba60e36dbe7fea42069c13cded9d18079fed4f072154694a80f9d83de2a2fbdd34a2db9dca46ddc657f5e22554610919218dc689b900ad51e837ad4b435642196204f5b4534cdbafbf018445f2ccb4c6700a9666337a2799794546ce4b295a0d06bd48b93a9c7a5e82f4d0cde6ee79c8f3d4ed8ada30cf32ca392753d036f6b38d63906659f911d1e5059c0cbbdd0e7bb5c40164db851f89ee241bd5ef7cf423a8d9323c2f745c7d692eb8c52ca6ae4ad33953b618692d6bcc2466bb8f81de6ef3ca8d5b857a71d67389d5934f12f8,gx-no-cache=1723565021703 HTTP/1.1" 200 30
190.95.15.15 - - [13/Aug/2024:13:05:27 -0300] "GET /cormun/servlet/trlicencias HTTP/1.1" 200 6050
190.95.15.15 - - [13/Aug/2024:13:05:27 -0300] "GET /cormun/servlet/hlogin HTTP/1.1" 200 1736
190.95.15.15 - - [13/Aug/2024:13:05:34 -0300] "POST /cormun/servlet/hlogin?db6547fcee566814170f638934606e6e,gx-no-cache=1723565069938 HTTP/1.1" 200 90
190.95.15.15 - - [13/Aug/2024:13:05:34 -0300] "GET /cormun/servlet/hpexe_link HTTP/1.1" 200 956
190.95.15.15 - - [13/Aug/2024:13:05:34 -0300] "GET /cormun/servlet/trlicencias HTTP/1.1" 200 12500
181.212.47.137 - - [13/Aug/2024:13:11:10 -0300] "GET /cormun/servlet/hlogin HTTP/1.1" 200 1722
181.212.47.137 - - [13/Aug/2024:13:11:12 -0300] "POST /cormun/servlet/hlogin?99cb4756a00550243736a14403a3ba07,gx-no-cache=1723565431241 HTTP/1.1" 200 90
181.212.47.137 - - [13/Aug/2024:13:11:12 -0300] "GET /cormun/servlet/hpexe_link HTTP/1.1" 200 953
181.212.47.137 - - [13/Aug/2024:13:11:12 -0300] "GET /cormun/servlet/hhome HTTP/1.1" 200 3822
181.212.47.137 - - [13/Aug/2024:13:11:16 -0300] "GET /cormun/servlet/trsolicitudgral? HTTP/1.1" 200 23911
181.212.47.137 - - [13/Aug/2024:13:11:30 -0300] "POST /cormun/servlet/trsolicitudgral?99cb4756a00550243736a14403a3ba07,,gx-no-cache=1723565449385 HTTP/1.1" 200 20460
181.212.47.137 - - [13/Aug/2024:13:11:31 -0300] "GET /cormun/static/Shared/jqueryui/images/ui-bg_highlight-soft_100_c6c2c8_1x100.png HTTP/1.1" 404 1117
181.212.47.137 - - [13/Aug/2024:13:11:31 -0300] "GET /cormun/static/Shared/jqueryui/images/ui-icons_82798d_256x240.png HTTP/1.1" 404 1089
181.212.47.137 - - [13/Aug/2024:13:11:31 -0300] "GET /cormun/static/Shared/jqueryui/images/ui-bg_flat_55_fafafa_40x100.png HTTP/1.1" 404 1097
181.212.47.137 - - [13/Aug/2024:13:11:31 -0300] "GET /cormun/static/Shared/jqueryui/images/ui-icons_8d78a5_256x240.png HTTP/1.1" 404 1089
181.212.40.185 - - [13/Aug/2024:13:11:53 -0300] "GET /cormun/servlet/trautorizarpermisogoce? HTTP/1.1" 200 8457
181.212.40.185 - - [13/Aug/2024:13:11:56 -0300] "POST /cormun/servlet/trautorizarpermisogoce?a9e339c1372979275304db5a85a0074a,,gx-no-cache=1723565452193 HTTP/1.1" 200 5571
181.212.40.185 - - [13/Aug/2024:13:11:57 -0300] "POST /cormun/servlet/trautorizarpermisogoce?a9e339c1372979275304db5a85a0074a,,gx-no-cache=1723565453167 HTTP/1.1" 200 5285
181.212.40.185 - - [13/Aug/2024:13:11:57 -0300] "POST /cormun/servlet/trautorizarpermisogoce?a9e339c1372979275304db5a85a0074a,,gx-no-cache=1723565453759 HTTP/1.1" 200 4532
181.212.40.185 - - [13/Aug/2024:13:12:00 -0300] "GET /cormun/servlet/trsolicitudot? HTTP/1.1" 200 7442
181.212.40.185 - - [13/Aug/2024:13:12:03 -0300] "GET /cormun/servlet/trlicencias? HTTP/1.1" 200 19263
200.54.107.2 - - [13/Aug/2024:13:12:08 -0300] "GET /cormun/servlet/hlogin HTTP/1.1" 200 1719
181.212.47.137 - - [13/Aug/2024:13:12:15 -0300] "POST /cormun/servlet/trsolicitudgral?99cb4756a00550243736a14403a3ba07,,gx-no-cache=1723565493476 HTTP/1.1" 200 20005
200.54.107.2 - - [13/Aug/2024:13:12:22 -0300] "POST /cormun/servlet/hlogin?e1c20dfaea0acae586a68736be789dff,gx-no-cache=1723565476984 HTTP/1.1" 200 90
200.54.107.2 - - [13/Aug/2024:13:12:22 -0300] "GET /cormun/servlet/hpexe_link HTTP/1.1" 200 965
200.54.107.2 - - [13/Aug/2024:13:12:22 -0300] "GET /cormun/servlet/solicitudot?INS,0,0,false, HTTP/1.1" 200 16352
181.212.47.137 - - [13/Aug/2024:13:12:29 -0300] "POST /cormun/servlet/trsolicitudgral?99cb4756a00550243736a14403a3ba07,,gx-no-cache=1723565508172 HTTP/1.1" 200 19583
200.54.107.2 - - [13/Aug/2024:13:12:36 -0300] "POST /cormun/servlet/solicitudot?gx-no-cache=1723565490785 HTTP/1.1" 200 4141
200.54.107.2 - - [13/Aug/2024:13:12:36 -0300] "POST /cormun/servlet/solicitudot?e1c20dfaea0acae586a68736be789dff,INS,0,0,false,,gx-no-cache=1723565490929 HTTP/1.1" 200 13003
200.54.107.2 - - [13/Aug/2024:13:12:39 -0300] "GET /cormun/servlet/solicitudot?b09bcdfb3988fbc239ca26622423c36870ce4de17d5261c353b34ab4a11a9864c15d93c1996ebe8fcd8f68b9b3bd825b,gx-no-cache=1723565494269 HTTP/1.1" 200 30
190.171.149.74 - - [13/Aug/2024:13:12:54 -0300] "GET /cormun/servlet/trpermisosgoce? HTTP/1.1" 200 6037
190.171.149.74 - - [13/Aug/2024:13:12:54 -0300] "GET /cormun/servlet/hlogin HTTP/1.1" 200 1742
190.171.149.74 - - [13/Aug/2024:13:13:00 -0300] "POST /cormun/servlet/hlogin?ee45e7985a9cf94f4baa6c15b0e7fdeb,gx-no-cache=1723565515200 HTTP/1.1" 200 90
190.171.149.74 - - [13/Aug/2024:13:13:00 -0300] "GET /cormun/servlet/hpexe_link HTTP/1.1" 200 959
190.171.149.74 - - [13/Aug/2024:13:13:00 -0300] "GET /cormun/servlet/trpermisosgoce HTTP/1.1" 200 16121
181.212.47.137 - - [13/Aug/2024:13:13:01 -0300] "POST /cormun/servlet/trsolicitudgral?99cb4756a00550243736a14403a3ba07,,gx-no-cache=1723565539908 HTTP/1.1" 200 19202
190.171.149.74 - - [13/Aug/2024:13:13:32 -0300] "GET /cormun/static/menuarrow.gif HTTP/1.1" 404 1015
190.171.149.74 - - [13/Aug/2024:13:13:47 -0300] "POST /cormun/servlet/trpermisosgoce?ee45e7985a9cf94f4baa6c15b0e7fdeb,gx-no-cache=1723565562050 HTTP/1.1" 200 5043
200.54.107.2 - - [13/Aug/2024:13:13:56 -0300] "GET /cormun/servlet/solicitudot?b09bcdfb3988fbc239ca26622423c368ba58d22ea1e985ba387fcdf70f16c670b729fbd02ecea74203a5ba8c53df85d7,gx-no-cache=1723565571117 HTTP/1.1" 200 30
200.54.107.2 - - [13/Aug/2024:13:14:00 -0300] "GET /cormun/servlet/solicitudot?b09bcdfb3988fbc239ca26622423c368bebbe807b09d675b5171d752009e6ac3,gx-no-cache=1723565575063 HTTP/1.1" 200 53
200.54.107.2 - - [13/Aug/2024:13:14:18 -0300] "POST /cormun/servlet/solicitudot?e1c20dfaea0acae586a68736be789dff,INS,0,0,false,,gx-no-cache=1723565593032 HTTP/1.1" 200 13138
200.54.107.2 - - [13/Aug/2024:13:14:18 -0300] "GET /cormun/static/Shared/jqueryui/images/ui-bg_highlight-soft_100_c6c2c8_1x100.png HTTP/1.1" 404 1117
200.54.107.2 - - [13/Aug/2024:13:14:18 -0300] "GET /cormun/static/Shared/jqueryui/images/ui-icons_82798d_256x240.png HTTP/1.1" 404 1089
200.54.107.2 - - [13/Aug/2024:13:14:18 -0300] "GET /cormun/static/Shared/jqueryui/images/ui-bg_flat_55_fafafa_40x100.png HTTP/1.1" 404 1097
200.54.107.2 - - [13/Aug/2024:13:14:18 -0300] "GET /cormun/static/Shared/jqueryui/images/ui-icons_8d78a5_256x240.png HTTP/1.1" 404 1089
181.212.47.137 - - [13/Aug/2024:13:14:22 -0300] "POST /cormun/servlet/trsolicitudgral?99cb4756a00550243736a14403a3ba07,,gx-no-cache=1723565620458 HTTP/1.1" 200 18769
200.54.107.2 - - [13/Aug/2024:13:14:24 -0300] "GET /cormun/servlet/solicitudot?b09bcdfb3988fbc239ca26622423c36870ce4de17d5261c353b34ab4a11a9864ba2821caa514debb10dcf0e300bab7c0,gx-no-cache=1723565599157 HTTP/1.1" 200 30
200.54.107.2 - - [13/Aug/2024:13:14:24 -0300] "GET /cormun/servlet/solicitudot?b09bcdfb3988fbc239ca26622423c368ba58d22ea1e985ba387fcdf70f16c670f7830e18f94f25d5f2a953be32432b85,gx-no-cache=1723565599195 HTTP/1.1" 200 30
200.54.107.2 - - [13/Aug/2024:13:14:24 -0300] "POST /cormun/servlet/solicitudot?gx-no-cache=1723565599220 HTTP/1.1" 200 256
200.54.107.2 - - [13/Aug/2024:13:14:24 -0300] "GET /cormun/servlet/solicitudot?b09bcdfb3988fbc239ca26622423c368903f61fd6ccb5a7f34ea84a992e577096e2a8743141b220f18c746d5fcb77284d6c5d4a34b227c9e65e99279611068c990a99464926afed771732ea96789d3d953d64595c44f89f0ccb6fe86cd955cd8ed28d989e6318b83205cc84cd9fae60e0d17228de84a8db19239585176ca27b6c8647382ead19fb181da981fa38daa852114571c03ee0481dda3360abee1447ec131158035ce2b08cc0b09adfd74fa4f54ba60e36dbe7fea42069c13cded9d18079fed4f072154694a80f9d83de2a2fbdd34a2db9dca46ddc657f5e22554610919218dc689b900ad51e837ad4b435642196204f5b4534cdbafbf018445f2ccb4c6700a9666337a2799794546ce4b295a0d06bd48b93a9c7a5e82f4d0cde6ee79c8f3d4ed8ada30cf32ca392753d036f6b38d63906659f911d1e5059c0cbbdd0e7bb5c40164db851f89ee241bd5ef7cf423a8d9323c2f745c7d692eb8c52ca6ae4ad33953b618692d6bcc2466bb8f81de6ef3ca8d5b857a71d67389d5934f12f8,gx-no-cache=1723565599247 HTTP/1.1" 200 30
181.212.47.137 - - [13/Aug/2024:13:14:48 -0300] "POST /cormun/servlet/trsolicitudgral?99cb4756a00550243736a14403a3ba07,,gx-no-cache=1723565647082 HTTP/1.1" 200 18286
200.54.107.2 - - [13/Aug/2024:13:14:54 -0300] "POST /cormun/servlet/solicitudot?gx-no-cache=1723565628849 HTTP/1.1" 200 30
190.171.149.74 - - [13/Aug/2024:13:14:59 -0300] "POST /cormun/servlet/trpermisosgoce?ee45e7985a9cf94f4baa6c15b0e7fdeb,gx-no-cache=1723565634168 HTTP/1.1" 200 15331
190.171.149.74 - - [13/Aug/2024:13:15:01 -0300] "GET /cormun/servlet/permisogoce?INS,0,,, HTTP/1.1" 200 6848
200.54.107.2 - - [13/Aug/2024:13:15:02 -0300] "POST /cormun/servlet/solicitudot?gx-no-cache=1723565636624 HTTP/1.1" 200 30
181.212.47.137 - - [13/Aug/2024:13:15:08 -0300] "POST /cormun/servlet/trsolicitudgral?99cb4756a00550243736a14403a3ba07,,gx-no-cache=1723565666835 HTTP/1.1" 200 17243
190.171.149.74 - - [13/Aug/2024:13:15:22 -0300] "GET /cormun/servlet/permisogoce?4cf2c8ba6a65e181e36c64ee1ab26d351b4dff0933ee6434883c6ea5182ce335a9a4c6de8c58544ccbaeff10cec7685aa7d578af6052f4c3d91252952474de05,gx-no-cache=1723565657317 HTTP/1.1" 200 81
190.171.149.74 - - [13/Aug/2024:13:15:29 -0300] "GET /cormun/servlet/permisogoce?4cf2c8ba6a65e181e36c64ee1ab26d35e3e2755c79f42e80d588a625198764c029cf0e65068a1b01c18f183e0217fbf1eadca6ef047dfd90dc0c521b9467d267,gx-no-cache=1723565664653 HTTP/1.1" 200 48
190.171.149.74 - - [13/Aug/2024:13:15:32 -0300] "POST /cormun/servlet/permisogoce?ee45e7985a9cf94f4baa6c15b0e7fdeb,INS,0,,,,gx-no-cache=1723565666631 HTTP/1.1" 200 93
190.171.149.74 - - [13/Aug/2024:13:15:32 -0300] "GET /cormun/servlet/hpexe_return? HTTP/1.1" 200 1034
190.171.149.74 - - [13/Aug/2024:13:15:32 -0300] "GET /cormun/servlet/trpermisosgoce?gx-no-cache=1723565634168 HTTP/1.1" 200 18294
181.212.47.137 - - [13/Aug/2024:13:15:33 -0300] "POST /cormun/servlet/trsolicitudgral?99cb4756a00550243736a14403a3ba07,,gx-no-cache=1723565691457 HTTP/1.1" 200 16813
190.171.149.74 - - [13/Aug/2024:13:15:36 -0300] "GET /cormun/servlet/apermisogoceprn?8527596,P,20240813121419,PU HTTP/1.1" 200 1640
181.212.47.137 - - [13/Aug/2024:13:16:13 -0300] "POST /cormun/servlet/trsolicitudgral?99cb4756a00550243736a14403a3ba07,,gx-no-cache=1723565731935 HTTP/1.1" 200 16379
190.171.143.90 - - [13/Aug/2024:13:16:42 -0300] "GET /cormun/servlet/hlogin HTTP/1.1" 200 1717
190.171.143.90 - - [13/Aug/2024:13:16:42 -0300] "GET /cormun/servlet/hlogin HTTP/1.1" 200 1728
190.171.143.90 - - [13/Aug/2024:13:16:50 -0300] "POST /cormun/servlet/hlogin?37615ff292e22e3d53c73714a8152656,gx-no-cache=1723565746755 HTTP/1.1" 200 90
190.171.143.90 - - [13/Aug/2024:13:16:50 -0300] "GET /cormun/servlet/hpexe_link HTTP/1.1" 200 947
190.171.143.90 - - [13/Aug/2024:13:16:50 -0300] "GET /cormun/servlet/hhome HTTP/1.1" 200 4320
190.171.143.90 - - [13/Aug/2024:13:16:55 -0300] "GET /cormun/servlet/trlicencias? HTTP/1.1" 200 11500
181.212.47.137 - - [13/Aug/2024:13:17:36 -0300] "POST /cormun/servlet/trsolicitudgral?99cb4756a00550243736a14403a3ba07,,gx-no-cache=1723565815017 HTTP/1.1" 200 15890
181.212.47.137 - - [13/Aug/2024:13:19:52 -0300] "POST /cormun/servlet/trsolicitudgral?99cb4756a00550243736a14403a3ba07,,gx-no-cache=1723565950880 HTTP/1.1" 200 15482
200.54.107.2 - - [13/Aug/2024:13:20:28 -0300] "GET /cormun/servlet/hlogin HTTP/1.1" 200 1719
200.54.107.2 - - [13/Aug/2024:13:20:33 -0300] "POST /cormun/servlet/hlogin?e1c20dfaea0acae586a68736be789dff,gx-no-cache=1723565968415 HTTP/1.1" 200 90
200.54.107.2 - - [13/Aug/2024:13:20:33 -0300] "GET /cormun/servlet/hpexe_link HTTP/1.1" 200 965
200.54.107.2 - - [13/Aug/2024:13:20:34 -0300] "GET /cormun/servlet/solicitudot?INS,0,0,false, HTTP/1.1" 200 16353
200.54.107.2 - - [13/Aug/2024:13:20:45 -0300] "POST /cormun/servlet/solicitudot?gx-no-cache=1723565980303 HTTP/1.1" 200 4143
200.54.107.2 - - [13/Aug/2024:13:20:45 -0300] "POST /cormun/servlet/solicitudot?e1c20dfaea0acae586a68736be789dff,INS,0,0,false,,gx-no-cache=1723565980452 HTTP/1.1" 200 13005
200.54.107.2 - - [13/Aug/2024:13:20:51 -0300] "GET /cormun/servlet/solicitudot?b09bcdfb3988fbc239ca26622423c36870ce4de17d5261c353b34ab4a11a9864c15d93c1996ebe8fcd8f68b9b3bd825b,gx-no-cache=1723565985869 HTTP/1.1" 200 30
181.212.47.137 - - [13/Aug/2024:13:21:17 -0300] "POST /cormun/servlet/trsolicitudgral?99cb4756a00550243736a14403a3ba07,,gx-no-cache=1723566035687 HTTP/1.1" 200 15096
181.212.47.137 - - [13/Aug/2024:13:21:26 -0300] "POST /cormun/servlet/trsolicitudgral?99cb4756a00550243736a14403a3ba07,,gx-no-cache=1723566044942 HTTP/1.1" 200 14632
181.212.47.137 - - [13/Aug/2024:13:21:47 -0300] "POST /cormun/servlet/trsolicitudgral?99cb4756a00550243736a14403a3ba07,,gx-no-cache=1723566066128 HTTP/1.1" 200 14320
200.54.107.2 - - [13/Aug/2024:13:21:56 -0300] "GET /cormun/servlet/solicitudot?b09bcdfb3988fbc239ca26622423c368ba58d22ea1e985ba387fcdf70f16c670b729fbd02ecea74203a5ba8c53df85d7,gx-no-cache=1723566051067 HTTP/1.1" 200 30
181.212.47.137 - - [13/Aug/2024:13:21:57 -0300] "POST /cormun/servlet/trsolicitudgral?99cb4756a00550243736a14403a3ba07,,gx-no-cache=1723566075470 HTTP/1.1" 200 13871
200.54.107.2 - - [13/Aug/2024:13:22:00 -0300] "GET /cormun/servlet/solicitudot?b09bcdfb3988fbc239ca26622423c368bebbe807b09d675b5171d752009e6ac3,gx-no-cache=1723566054733 HTTP/1.1" 200 53
181.212.47.137 - - [13/Aug/2024:13:22:08 -0300] "POST /cormun/servlet/trsolicitudgral?99cb4756a00550243736a14403a3ba07,,gx-no-cache=1723566087182 HTTP/1.1" 200 13453
200.54.107.2 - - [13/Aug/2024:13:22:14 -0300] "POST /cormun/servlet/solicitudot?e1c20dfaea0acae586a68736be789dff,INS,0,0,false,,gx-no-cache=1723566069120 HTTP/1.1" 200 13116
200.54.107.2 - - [13/Aug/2024:13:22:14 -0300] "GET /cormun/static/Shared/jqueryui/images/ui-bg_highlight-soft_100_c6c2c8_1x100.png HTTP/1.1" 404 1117
200.54.107.2 - - [13/Aug/2024:13:22:14 -0300] "GET /cormun/static/Shared/jqueryui/images/ui-icons_82798d_256x240.png HTTP/1.1" 404 1089
200.54.107.2 - - [13/Aug/2024:13:22:14 -0300] "GET /cormun/static/Shared/jqueryui/images/ui-bg_flat_55_fafafa_40x100.png HTTP/1.1" 404 1097
200.54.107.2 - - [13/Aug/2024:13:22:14 -0300] "GET /cormun/static/Shared/jqueryui/images/ui-icons_8d78a5_256x240.png HTTP/1.1" 404 1089
200.54.107.2 - - [13/Aug/2024:13:22:18 -0300] "GET /cormun/servlet/solicitudot?b09bcdfb3988fbc239ca26622423c36870ce4de17d5261c353b34ab4a11a9864ba2821caa514debb10dcf0e300bab7c0,gx-no-cache=1723566072573 HTTP/1.1" 200 30
200.54.107.2 - - [13/Aug/2024:13:22:18 -0300] "GET /cormun/servlet/solicitudot?b09bcdfb3988fbc239ca26622423c368ba58d22ea1e985ba387fcdf70f16c670f7830e18f94f25d5f2a953be32432b85,gx-no-cache=1723566072605 HTTP/1.1" 200 30
200.54.107.2 - - [13/Aug/2024:13:22:18 -0300] "POST /cormun/servlet/solicitudot?gx-no-cache=1723566072634 HTTP/1.1" 200 240
200.54.107.2 - - [13/Aug/2024:13:22:18 -0300] "GET /cormun/servlet/solicitudot?b09bcdfb3988fbc239ca26622423c368903f61fd6ccb5a7f34ea84a992e5770971f404b7464694c20eecc4653f7cd800d6c5d4a34b227c9e65e99279611068c990a99464926afed771732ea96789d3d953d64595c44f89f0ccb6fe86cd955cd8ed28d989e6318b83205cc84cd9fae60e0d17228de84a8db19239585176ca27b6c8647382ead19fb181da981fa38daa852114571c03ee0481dda3360abee1447ec131158035ce2b08cc0b09adfd74fa4f54ba60e36dbe7fea42069c13cded9d18079fed4f072154694a80f9d83de2a2fbdd34a2db9dca46ddc657f5e22554610919218dc689b900ad51e837ad4b435642ad5add1a317064ec6309b71cbe32847dc6700a9666337a2799794546ce4b295a0d06bd48b93a9c7a5e82f4d0cde6ee79c8f3d4ed8ada30cf32ca392753d036f6b38d63906659f911d1e5059c0cbbdd0e7bb5c40164db851f89ee241bd5ef7cf423a8d9323c2f745c7d692eb8c52ca6ae4ad33953b618692d6bcc2466bb8f81de6ef3ca8d5b857a71d67389d5934f12f8,gx-no-cache=1723566072669 HTTP/1.1" 200 30
181.212.47.137 - - [13/Aug/2024:13:22:22 -0300] "POST /cormun/servlet/trsolicitudgral?99cb4756a00550243736a14403a3ba07,,gx-no-cache=1723566100494 HTTP/1.1" 200 13011
200.54.107.2 - - [13/Aug/2024:13:22:23 -0300] "POST /cormun/servlet/solicitudot?gx-no-cache=1723566077559 HTTP/1.1" 200 30
200.54.107.2 - - [13/Aug/2024:13:22:35 -0300] "GET /cormun/servlet/prlicenciaspermisos?9281012,L,,MD,,gxPopupLevel%3D0%3B HTTP/1.1" 200 6481
200.54.107.2 - - [13/Aug/2024:13:22:35 -0300] "GET /cormun/static/gxcfg.js?2020121559567 HTTP/1.1" 200 953
200.54.107.2 - - [13/Aug/2024:13:22:35 -0300] "GET /cormun/static/prlicenciaspermisos.js?2020121559821 HTTP/1.1" 200 13379
200.54.107.2 - - [13/Aug/2024:13:22:39 -0300] "POST /cormun/servlet/solicitudot?gx-no-cache=1723566093979 HTTP/1.1" 200 1481
200.54.107.2 - - [13/Aug/2024:13:22:41 -0300] "POST /cormun/servlet/solicitudot?gx-no-cache=1723566096481 HTTP/1.1" 200 41
181.212.47.137 - - [13/Aug/2024:13:23:17 -0300] "POST /cormun/servlet/trsolicitudgral?99cb4756a00550243736a14403a3ba07,,gx-no-cache=1723566155830 HTTP/1.1" 200 12561
200.54.107.2 - - [13/Aug/2024:13:24:23 -0300] "GET /cormun/servlet/solicitudot?b09bcdfb3988fbc239ca26622423c3687533494558bacef228ba9e44fa82c12c8279281109fc150e6bcffeaabcfac2148812a4c2b6cfe594d5dd04c51e2c7e754949f546beda4d2616fdd6e342165228f46c15c762ad5dd207efafb512744b3cc2ead71cae23c90659bd578decb85800,gx-no-cache=1723566197982 HTTP/1.1" 200 110
200.54.107.2 - - [13/Aug/2024:13:24:23 -0300] "POST /cormun/servlet/solicitudot?gx-no-cache=1723566198025 HTTP/1.1" 200 97
200.54.107.2 - - [13/Aug/2024:13:25:31 -0300] "GET /cormun/servlet/solicitudot?b09bcdfb3988fbc239ca26622423c368f9b9e10a6ac24fa58e2f1dcd12f21471dbb8411293775272af63ec164b2d9a30901a1935cce2ef8fbf6d635b436b207cd19641fd02c1957eb4744d6b3b53ca989e9a56959b256ac1c5dcfe76290a55a3ed00aa0faa39f440a135cd402fed700ef061359027f6f0bd3eb2bb213d251efa700385b6e8ecc4b71342dd907d7b923ec8f62400a843b4b58f780a7e7dcb3635,gx-no-cache=1723566266383 HTTP/1.1" 200 29
200.54.107.2 - - [13/Aug/2024:13:25:31 -0300] "GET /cormun/static/menuarrow.gif HTTP/1.1" 404 1015
200.54.107.2 - - [13/Aug/2024:13:25:35 -0300] "GET /cormun/servlet/solicitudot?b09bcdfb3988fbc239ca26622423c36831971d17987d91b8f514603c58b754ddba0380a59bffd9ca82303f48269fdb43,gx-no-cache=1723566270132 HTTP/1.1" 200 30
200.54.107.2 - - [13/Aug/2024:13:25:35 -0300] "POST /cormun/servlet/solicitudot?gx-no-cache=1723566270167 HTTP/1.1" 200 34
200.54.107.2 - - [13/Aug/2024:13:25:52 -0300] "POST /cormun/servlet/solicitudot?e1c20dfaea0acae586a68736be789dff,INS,0,0,false,,gx-no-cache=1723566286736 HTTP/1.1" 200 93
200.54.107.2 - - [13/Aug/2024:13:25:53 -0300] "GET /cormun/servlet/hpexe_return? HTTP/1.1" 200 1008
200.54.107.2 - - [13/Aug/2024:13:25:53 -0300] "GET /cormun/static/gxcfg.js?20221129846035 HTTP/1.1" 200 953
200.54.107.2 - - [13/Aug/2024:13:25:53 -0300] "GET /cormun/static/hpexe_return.js?20221129846037 HTTP/1.1" 200 1633
200.54.107.2 - - [13/Aug/2024:13:25:53 -0300] "GET /cormun/servlet/trsolicitudot HTTP/1.1" 200 9003
200.54.107.2 - - [13/Aug/2024:13:25:53 -0300] "GET /cormun//static/Resources/PXToolsActionView.png HTTP/1.1" 200 398
200.54.107.2 - - [13/Aug/2024:13:25:53 -0300] "GET /cormun//static/Resources/PXToolsGridUpdate.png HTTP/1.1" 200 470
200.54.107.2 - - [13/Aug/2024:13:25:53 -0300] "GET /cormun//static/Resources/PXToolsGridDelete.png HTTP/1.1" 200 538
200.54.107.2 - - [13/Aug/2024:13:25:53 -0300] "GET /cormun//static/Resources/PXToolsRemoveAllAction.png HTTP/1.1" 200 487
200.54.107.2 - - [13/Aug/2024:13:26:11 -0300] "POST /cormun/servlet/trsolicitudot?e1c20dfaea0acae586a68736be789dff,gx-no-cache=1723566306369 HTTP/1.1" 200 112
200.54.107.2 - - [13/Aug/2024:13:26:11 -0300] "GET /cormun/servlet/solicitudot?UPD,2024,21641,false, HTTP/1.1" 200 16979
200.54.107.2 - - [13/Aug/2024:13:26:12 -0300] "POST /cormun/servlet/solicitudot?gx-no-cache=1723566307216 HTTP/1.1" 200 4111
200.54.107.2 - - [13/Aug/2024:13:26:12 -0300] "POST /cormun/servlet/solicitudot?e1c20dfaea0acae586a68736be789dff,UPD,2024,21641,false,,gx-no-cache=1723566307335 HTTP/1.1" 200 13045
200.54.107.2 - - [13/Aug/2024:13:26:12 -0300] "GET /cormun/servlet/solicitudot?b09bcdfb3988fbc239ca26622423c36870ce4de17d5261c353b34ab4a11a9864ba2821caa514debb10dcf0e300bab7c0,gx-no-cache=1723566307448 HTTP/1.1" 200 30
200.54.107.2 - - [13/Aug/2024:13:26:12 -0300] "GET /cormun/servlet/solicitudot?b09bcdfb3988fbc239ca26622423c368ba58d22ea1e985ba387fcdf70f16c670f7830e18f94f25d5f2a953be32432b85,gx-no-cache=1723566307485 HTTP/1.1" 200 30
200.54.107.2 - - [13/Aug/2024:13:26:12 -0300] "GET /cormun/servlet/solicitudot?b09bcdfb3988fbc239ca26622423c368a846535cd43d40c29745613341c4164c847feb7e3ac4f70e7a070a93d851bdf13c674aad4ddf2b44ac968197622b7657,gx-no-cache=1723566307499 HTTP/1.1" 200 53
200.54.107.2 - - [13/Aug/2024:13:26:12 -0300] "POST /cormun/servlet/solicitudot?gx-no-cache=1723566307516 HTTP/1.1" 200 240
200.54.107.2 - - [13/Aug/2024:13:26:12 -0300] "GET /cormun/servlet/solicitudot?b09bcdfb3988fbc239ca26622423c368903f61fd6ccb5a7f34ea84a992e5770971f404b7464694c20eecc4653f7cd800d6c5d4a34b227c9e65e99279611068c990a99464926afed771732ea96789d3d953d64595c44f89f0ccb6fe86cd955cd8ed28d989e6318b83205cc84cd9fae60e0d17228de84a8db19239585176ca27b6c8647382ead19fb181da981fa38daa852114571c03ee0481dda3360abee1447ec131158035ce2b08cc0b09adfd74fa4f54ba60e36dbe7fea42069c13cded9d18079fed4f072154694a80f9d83de2a2fbdd34a2db9dca46ddc657f5e22554610919218dc689b900ad51e837ad4b435642ad5add1a317064ec6309b71cbe32847dc6700a9666337a2799794546ce4b295a0d06bd48b93a9c7a5e82f4d0cde6ee79c8f3d4ed8ada30cf32ca392753d036f6b38d63906659f911d1e5059c0cbbdd0e7bb5c40164db851f89ee241bd5ef7cf423a8d9323c2f745c7d692eb8c52ca6ae4ad33953b618692d6bcc2466bb8f81deb0c5491d39072c78807716960686ab05,gx-no-cache=1723566307535 HTTP/1.1" 200 30
200.54.107.2 - - [13/Aug/2024:13:26:13 -0300] "POST /cormun/servlet/solicitudot?gx-no-cache=1723566307550 HTTP/1.1" 200 30
200.54.107.2 - - [13/Aug/2024:13:26:13 -0300] "POST /cormun/servlet/solicitudot?gx-no-cache=1723566307568 HTTP/1.1" 200 1482
200.54.107.2 - - [13/Aug/2024:13:26:13 -0300] "POST /cormun/servlet/solicitudot?gx-no-cache=1723566307643 HTTP/1.1" 200 41
181.212.47.137 - - [13/Aug/2024:13:26:28 -0300] "POST /cormun/servlet/trsolicitudgral?99cb4756a00550243736a14403a3ba07,,gx-no-cache=1723566346644 HTTP/1.1" 200 12084
