181.212.40.185 - - [12/Aug/2024:10:00:51 -0300] "GET /cormun/servlet/trpermisosadjuntos?11067640,20240812085930,P, HTTP/1.1" 200 6556
181.212.40.185 - - [12/Aug/2024:10:00:58 -0300] "GET /cormun/servlet/permisosadjuntos?INS,11067640,P,20240812085930,, HTTP/1.1" 200 5859
181.212.40.185 - - [12/Aug/2024:10:00:58 -0300] "GET /cormun/static/about:blank HTTP/1.1" 404 1011
40.77.167.60 - - [12/Aug/2024:10:01:01 -0300] "GET /cormun/servlet/hlogin HTTP/1.1" 200 1721
200.54.107.2 - - [12/Aug/2024:10:01:58 -0300] "GET /cormun/servlet/hlogin HTTP/1.1" 200 1724
200.54.107.2 - - [12/Aug/2024:10:02:02 -0300] "POST /cormun/servlet/hlogin?6064c71f7543add95900f50fb3756a64,gx-no-cache=1723467658415 HTTP/1.1" 200 90
200.54.107.2 - - [12/Aug/2024:10:02:02 -0300] "GET /cormun/servlet/hpexe_link HTTP/1.1" 200 961
200.54.107.2 - - [12/Aug/2024:10:02:02 -0300] "GET /cormun/servlet/prbanco?,MD, HTTP/1.1" 200 6735
200.54.107.2 - - [12/Aug/2024:10:02:08 -0300] "POST /cormun/servlet/acontrolpreferencessavestate?None,PANDRADE,true HTTP/1.1" 200 35
181.212.40.185 - - [12/Aug/2024:10:02:14 -0300] "POST /cormun/servlet/permisosadjuntos?20dbfe43d2cb5c3ad2245eabe2b15f82,INS,11067640,P,20240812085930,, HTTP/1.1" 200 116
181.212.40.185 - - [12/Aug/2024:10:02:14 -0300] "GET /cormun/servlet/hpexe_return? HTTP/1.1" 200 1035
181.212.40.185 - - [12/Aug/2024:10:02:14 -0300] "GET /cormun/servlet/trpermisosadjuntos?11067640,20240812085930,P, HTTP/1.1" 200 7071
181.212.40.185 - - [12/Aug/2024:10:02:16 -0300] "POST /cormun/servlet/trpermisosadjuntos?20dbfe43d2cb5c3ad2245eabe2b15f82,11067640,20240812085930,P,,gx-no-cache=1723467673302 HTTP/1.1" 200 90
181.212.40.185 - - [12/Aug/2024:10:02:16 -0300] "GET /cormun/servlet/hpexe_link HTTP/1.1" 200 1002
181.212.40.185 - - [12/Aug/2024:10:02:16 -0300] "GET /cormun/servlet/trpermisosgoce?gx-no-cache=1723467483055 HTTP/1.1" 200 19347
181.212.40.185 - - [12/Aug/2024:10:02:20 -0300] "POST /cormun/servlet/trpermisosgoce?20dbfe43d2cb5c3ad2245eabe2b15f82,gx-no-cache=1723467483055,gx-no-cache=1723467676745 HTTP/1.1" 200 16520
181.212.40.185 - - [12/Aug/2024:10:03:32 -0300] "GET /cormun/servlet/permisogoce?INS,0,,, HTTP/1.1" 200 7101
181.212.40.185 - - [12/Aug/2024:10:03:39 -0300] "GET /cormun/servlet/permisogoce?ebf311edcc65a91afa35c5ad5dc864e30bfed3a5e3c983aad9952b2c50b895af799d71b30ebbc9cce21804603bc3fc89b87cf571a3beec3ee85abc95582eed75,gx-no-cache=1723467756556 HTTP/1.1" 200 82
181.212.40.185 - - [12/Aug/2024:10:03:46 -0300] "GET /cormun/servlet/permisogoce?ebf311edcc65a91afa35c5ad5dc864e34747af0739f0000d48b4e9b9b144cc65ede8175e56bd0e33b10be7affe8c1218c0c77c46e7bba53a0b1cda576408f8e6,gx-no-cache=1723467763206 HTTP/1.1" 200 48
181.212.40.185 - - [12/Aug/2024:10:04:06 -0300] "POST /cormun/servlet/permisogoce?20dbfe43d2cb5c3ad2245eabe2b15f82,INS,0,,,,gx-no-cache=1723467782821 HTTP/1.1" 200 93
181.212.40.185 - - [12/Aug/2024:10:04:06 -0300] "GET /cormun/servlet/hpexe_return? HTTP/1.1" 200 1029
181.212.40.185 - - [12/Aug/2024:10:04:06 -0300] "GET /cormun/servlet/trpermisosgoce?gx-no-cache=1723467483055 HTTP/1.1" 200 19345
181.212.40.185 - - [12/Aug/2024:10:04:19 -0300] "GET /cormun/servlet/trpermisosadjuntos?15731116,20240812090253,P, HTTP/1.1" 200 6549
181.212.40.185 - - [12/Aug/2024:10:04:20 -0300] "GET /cormun/servlet/permisosadjuntos?INS,15731116,P,20240812090253,, HTTP/1.1" 200 5850
181.212.40.185 - - [12/Aug/2024:10:04:20 -0300] "GET /cormun/static/about:blank HTTP/1.1" 404 1011
46.105.97.78 - tomcat [12/Aug/2024:10:04:22 -0300] "GET /manager/html HTTP/1.1" 403 3196
200.54.107.2 - - [12/Aug/2024:10:08:03 -0300] "GET /cormun/servlet/hlogin HTTP/1.1" 200 1724
200.54.107.2 - - [12/Aug/2024:10:08:07 -0300] "POST /cormun/servlet/hlogin?6064c71f7543add95900f50fb3756a64,gx-no-cache=1723468023118 HTTP/1.1" 200 90
200.54.107.2 - - [12/Aug/2024:10:08:07 -0300] "GET /cormun/servlet/hpexe_link HTTP/1.1" 200 961
46.105.97.78 - tomcat [12/Aug/2024:10:08:07 -0300] "GET /manager/html HTTP/1.1" 403 3196
200.54.107.2 - - [12/Aug/2024:10:08:07 -0300] "GET /cormun/servlet/prbanco?,MD, HTTP/1.1" 200 6735
181.212.42.153 - - [12/Aug/2024:10:09:05 -0300] "GET /cormun/servlet/trlicencias HTTP/1.1" 200 6051
181.212.42.153 - - [12/Aug/2024:10:09:05 -0300] "GET /cormun/servlet/hlogin HTTP/1.1" 200 1739
181.212.42.153 - - [12/Aug/2024:10:09:05 -0300] "GET /cormun/servlet/trlicencias HTTP/1.1" 200 6049
181.212.42.153 - - [12/Aug/2024:10:09:13 -0300] "POST /cormun/servlet/hlogin?e29ff65c4d639b89a936a07b6140fb52,gx-no-cache=1723468091635 HTTP/1.1" 200 90
181.212.42.153 - - [12/Aug/2024:10:09:13 -0300] "GET /cormun/servlet/hpexe_link HTTP/1.1" 200 960
181.212.42.153 - - [12/Aug/2024:10:09:14 -0300] "GET /cormun/servlet/trlicencias HTTP/1.1" 200 17652
46.105.97.78 - tomcat [12/Aug/2024:10:11:52 -0300] "GET /manager/html HTTP/1.1" 403 3196
181.212.40.185 - - [12/Aug/2024:10:12:26 -0300] "POST /cormun/servlet/permisosadjuntos?20dbfe43d2cb5c3ad2245eabe2b15f82,INS,15731116,P,20240812090253,, HTTP/1.1" 200 116
181.212.40.185 - - [12/Aug/2024:10:12:26 -0300] "GET /cormun/servlet/hpexe_return? HTTP/1.1" 200 1036
181.212.40.185 - - [12/Aug/2024:10:12:26 -0300] "GET /cormun/servlet/trpermisosadjuntos?15731116,20240812090253,P, HTTP/1.1" 200 7048
181.212.40.185 - - [12/Aug/2024:10:12:29 -0300] "POST /cormun/servlet/trpermisosadjuntos?20dbfe43d2cb5c3ad2245eabe2b15f82,15731116,20240812090253,P,,gx-no-cache=1723468286549 HTTP/1.1" 200 90
181.212.40.185 - - [12/Aug/2024:10:12:29 -0300] "GET /cormun/servlet/hpexe_link HTTP/1.1" 200 1002
181.212.40.185 - - [12/Aug/2024:10:12:30 -0300] "GET /cormun/servlet/trpermisosgoce?gx-no-cache=1723467483055 HTTP/1.1" 200 19342
181.212.40.185 - - [12/Aug/2024:10:12:47 -0300] "GET /cormun/servlet/trpermisosadjuntos?15731116,20240812090253,P, HTTP/1.1" 200 7065
181.212.40.185 - - [12/Aug/2024:10:12:50 -0300] "POST /cormun/servlet/trpermisosadjuntos?20dbfe43d2cb5c3ad2245eabe2b15f82,15731116,20240812090253,P,,gx-no-cache=1723468306445 HTTP/1.1" 200 90
181.212.40.185 - - [12/Aug/2024:10:12:50 -0300] "GET /cormun/servlet/hpexe_link HTTP/1.1" 200 1002
181.212.40.185 - - [12/Aug/2024:10:12:50 -0300] "GET /cormun/servlet/trpermisosgoce?gx-no-cache=1723467483055 HTTP/1.1" 200 19342
181.212.40.185 - - [12/Aug/2024:10:13:03 -0300] "POST /cormun/servlet/trpermisosgoce?20dbfe43d2cb5c3ad2245eabe2b15f82,gx-no-cache=1723467483055,gx-no-cache=1723468308615 HTTP/1.1" 200 16496
181.212.40.185 - - [12/Aug/2024:10:13:03 -0300] "GET /cormun/static/Shared/jqueryui/images/ui-icons_82798d_256x240.png HTTP/1.1" 404 1089
181.212.40.185 - - [12/Aug/2024:10:13:03 -0300] "GET /cormun/static/Shared/jqueryui/images/ui-bg_highlight-soft_100_c6c2c8_1x100.png HTTP/1.1" 404 1117
181.212.40.185 - - [12/Aug/2024:10:13:03 -0300] "GET /cormun/static/Shared/jqueryui/images/ui-icons_8d78a5_256x240.png HTTP/1.1" 404 1089
181.212.40.185 - - [12/Aug/2024:10:13:03 -0300] "GET /cormun/static/Shared/jqueryui/images/ui-bg_flat_55_fafafa_40x100.png HTTP/1.1" 404 1097
181.212.40.185 - - [12/Aug/2024:10:13:22 -0300] "GET /cormun/servlet/permisogoce?INS,0,,, HTTP/1.1" 200 7101
181.212.40.185 - - [12/Aug/2024:10:14:41 -0300] "GET /cormun/servlet/permisogoce?ebf311edcc65a91afa35c5ad5dc864e334970cb789252dc87dee703cc059bf80799d71b30ebbc9cce21804603bc3fc89b87cf571a3beec3ee85abc95582eed75,gx-no-cache=1723468417080 HTTP/1.1" 200 81
181.212.40.185 - - [12/Aug/2024:10:14:43 -0300] "GET /cormun/static/menuarrow.gif HTTP/1.1" 404 1015
181.212.40.185 - - [12/Aug/2024:10:14:50 -0300] "GET /cormun/servlet/permisogoce?ebf311edcc65a91afa35c5ad5dc864e3496e3bcdc2cf88cde722bbb7715623e397e765cefc41474ba74e5a6f0dfa5a2dc0c77c46e7bba53a0b1cda576408f8e6,gx-no-cache=1723468426751 HTTP/1.1" 200 47
181.212.40.185 - - [12/Aug/2024:10:15:11 -0300] "POST /cormun/servlet/permisogoce?20dbfe43d2cb5c3ad2245eabe2b15f82,INS,0,,,,gx-no-cache=1723468437836 HTTP/1.1" 200 93
181.212.40.185 - - [12/Aug/2024:10:15:11 -0300] "GET /cormun/servlet/hpexe_return? HTTP/1.1" 200 1029
181.212.40.185 - - [12/Aug/2024:10:15:11 -0300] "GET /cormun/servlet/trpermisosgoce?gx-no-cache=1723467483055 HTTP/1.1" 200 19282
46.105.97.78 - tomcat [12/Aug/2024:10:15:39 -0300] "GET /manager/html HTTP/1.1" 403 3196
190.171.154.42 - - [12/Aug/2024:10:16:08 -0300] "GET /cormun/servlet/trlicencias? HTTP/1.1" 200 6043
190.171.154.42 - - [12/Aug/2024:10:16:08 -0300] "GET /cormun/servlet/hlogin HTTP/1.1" 200 1730
190.171.152.114 - - [12/Aug/2024:10:16:13 -0300] "GET /cormun/servlet/trlicencias? HTTP/1.1" 200 6047
190.171.152.114 - - [12/Aug/2024:10:16:14 -0300] "GET /cormun/servlet/hlogin HTTP/1.1" 200 1735
190.171.154.42 - - [12/Aug/2024:10:16:15 -0300] "POST /cormun/servlet/hlogin?fb191e59b7ec18d25fa434cba47e4cfe,gx-no-cache=1723468512211 HTTP/1.1" 200 90
190.171.154.42 - - [12/Aug/2024:10:16:15 -0300] "GET /cormun/servlet/hpexe_link HTTP/1.1" 200 949
190.171.154.42 - - [12/Aug/2024:10:16:15 -0300] "GET /cormun/servlet/trlicencias HTTP/1.1" 200 11670
190.171.154.42 - - [12/Aug/2024:10:16:18 -0300] "GET /cormun/servlet/trlicencias? HTTP/1.1" 200 11663
190.171.141.114 - - [12/Aug/2024:10:17:01 -0300] "GET /cormun/servlet/hhome HTTP/1.1" 200 3327
190.171.141.114 - - [12/Aug/2024:10:17:01 -0300] "GET /cormun/servlet/hhome HTTP/1.1" 200 3336
190.171.141.114 - - [12/Aug/2024:10:17:01 -0300] "GET /cormun/servlet/hlogin HTTP/1.1" 200 1738
190.171.141.114 - - [12/Aug/2024:10:17:08 -0300] "POST /cormun/servlet/hlogin?8cbbfa8afeac88b0079553831bebb28a,gx-no-cache=1723468566808 HTTP/1.1" 200 90
190.171.141.114 - - [12/Aug/2024:10:17:09 -0300] "GET /cormun/servlet/hpexe_link HTTP/1.1" 200 955
190.171.141.114 - - [12/Aug/2024:10:17:09 -0300] "GET /cormun/servlet/hhome HTTP/1.1" 200 4012
190.171.152.114 - - [12/Aug/2024:10:17:53 -0300] "POST /cormun/servlet/hlogin?0b51de5539f64d0f7867995b8faa2e82,gx-no-cache=1723468610166 HTTP/1.1" 200 90
190.171.152.114 - - [12/Aug/2024:10:17:53 -0300] "GET /cormun/servlet/hpexe_link HTTP/1.1" 200 955
190.171.152.114 - - [12/Aug/2024:10:17:53 -0300] "GET /cormun/servlet/trlicencias HTTP/1.1" 200 16198
190.171.152.114 - - [12/Aug/2024:10:18:16 -0300] "GET /cormun/servlet/trpermisosgoce? HTTP/1.1" 200 13198
190.171.142.18 - - [12/Aug/2024:10:18:19 -0300] "GET /cormun/servlet/hlogin HTTP/1.1" 200 1719
190.171.142.18 - - [12/Aug/2024:10:18:23 -0300] "POST /cormun/servlet/hlogin?1b3db083ab45da468943169c32b6e13a,gx-no-cache=1723469634335 HTTP/1.1" 200 90
190.171.142.18 - - [12/Aug/2024:10:18:23 -0300] "GET /cormun/servlet/hpexe_link HTTP/1.1" 200 951
190.171.142.18 - - [12/Aug/2024:10:18:23 -0300] "GET /cormun/servlet/hhome HTTP/1.1" 200 4378
190.171.142.18 - - [12/Aug/2024:10:18:26 -0300] "GET /cormun/servlet/trpermisosgoce? HTTP/1.1" 200 11008
190.171.142.18 - - [12/Aug/2024:10:18:26 -0300] "GET /cormun/static/gxcfg.js?2020121631564 HTTP/1.1" 200 953
190.171.142.18 - - [12/Aug/2024:10:18:26 -0300] "GET /cormun/static/trpermisosgoce.js?2020121633681 HTTP/1.1" 200 35904
190.171.141.114 - - [12/Aug/2024:10:18:33 -0300] "GET /cormun/servlet/trpermisosgoce? HTTP/1.1" 200 12709
190.171.142.18 - - [12/Aug/2024:10:18:36 -0300] "GET /cormun/servlet/permisogoce?INS,0,,, HTTP/1.1" 200 7271
190.171.142.18 - - [12/Aug/2024:10:18:36 -0300] "GET /cormun/static/gxcfg.js?20201215124560 HTTP/1.1" 200 953
190.171.142.18 - - [12/Aug/2024:10:18:36 -0300] "GET /cormun/static/Resources/prompt.gif HTTP/1.1" 200 902
190.171.142.18 - - [12/Aug/2024:10:18:36 -0300] "GET /cormun/static/permisogoce.js?20201215124939 HTTP/1.1" 200 27790
190.171.141.114 - - [12/Aug/2024:10:18:43 -0300] "GET /cormun/servlet/permisogoce?INS,0,,, HTTP/1.1" 200 6882
190.171.141.114 - - [12/Aug/2024:10:18:47 -0300] "GET /cormun/servlet/prfichaempleado?,MD,,gxPopupLevel%3D0%3B HTTP/1.1" 200 9320
190.171.141.114 - - [12/Aug/2024:10:18:57 -0300] "POST /cormun/servlet/prfichaempleado?8cbbfa8afeac88b0079553831bebb28a,,MD,,gxPopupLevel%3D0%3B,gx-no-cache=1723468675622 HTTP/1.1" 200 3454
190.171.141.114 - - [12/Aug/2024:10:19:02 -0300] "GET /cormun/servlet/permisogoce?b4ca3a5ec37546e19d85d01a5988c75dfe1e9b2d43f774c9328460b6ee74669551fa7a856511c454cb7f56108052065a2fad67146ad0fefff1304ea1617fe40e,gx-no-cache=1723468679977 HTTP/1.1" 200 73
190.171.141.114 - - [12/Aug/2024:10:19:02 -0300] "GET /cormun/static/menuarrow.gif HTTP/1.1" 404 1015
190.171.142.18 - - [12/Aug/2024:10:19:04 -0300] "GET /cormun/servlet/permisogoce?99b40c5ce6269b10ce81b84d225b8efa9c436fe5271b0f48acaf8201faa20f9e85d6e1a9324648ded09c6769d9893b62076576e40b3b77d9f0ec79394e0bc361,gx-no-cache=1723469675551 HTTP/1.1" 200 84
190.171.142.18 - - [12/Aug/2024:10:19:04 -0300] "GET /cormun/static/menuarrow.gif HTTP/1.1" 404 1015
190.171.142.18 - - [12/Aug/2024:10:19:11 -0300] "GET /cormun/servlet/permisogoce?99b40c5ce6269b10ce81b84d225b8efaf68066b8c268484e5497ea7e35ae129fc3a313211d5f02c720813e4d3af929d88de914f86229399eb0843481fd10f84e,gx-no-cache=1723469682030 HTTP/1.1" 200 47
190.171.142.18 - - [12/Aug/2024:10:19:15 -0300] "POST /cormun/servlet/permisogoce?1b3db083ab45da468943169c32b6e13a,INS,0,,,,gx-no-cache=1723469685279 HTTP/1.1" 200 93
190.171.142.18 - - [12/Aug/2024:10:19:15 -0300] "GET /cormun/servlet/hpexe_return? HTTP/1.1" 200 1008
190.171.142.18 - - [12/Aug/2024:10:19:15 -0300] "GET /cormun/static/gxcfg.js?20221129846035 HTTP/1.1" 200 953
190.171.142.18 - - [12/Aug/2024:10:19:15 -0300] "GET /cormun/static/hpexe_return.js?20221129846037 HTTP/1.1" 200 1633
190.171.142.18 - - [12/Aug/2024:10:19:15 -0300] "GET /cormun/servlet/trpermisosgoce HTTP/1.1" 200 11296
190.171.142.18 - - [12/Aug/2024:10:19:15 -0300] "GET /cormun//static/Resources/PXToolsGridUpdate.png HTTP/1.1" 200 470
190.171.142.18 - - [12/Aug/2024:10:19:24 -0300] "GET /cormun/servlet/trpermisosadjuntos?15122330,20240812091757,P, HTTP/1.1" 200 6698
190.171.142.18 - - [12/Aug/2024:10:19:24 -0300] "GET /cormun/static/gxcfg.js?2020121641683 HTTP/1.1" 200 953
190.171.142.18 - - [12/Aug/2024:10:19:24 -0300] "GET /cormun/static/trpermisosadjuntos.js?2020121642996 HTTP/1.1" 200 20158
190.171.142.18 - - [12/Aug/2024:10:19:26 -0300] "GET /cormun/servlet/permisosadjuntos?INS,15122330,P,20240812091757,, HTTP/1.1" 200 6026
190.171.142.18 - - [12/Aug/2024:10:19:27 -0300] "GET /cormun/static/gxcfg.js?20201215134212 HTTP/1.1" 200 953
190.171.142.18 - - [12/Aug/2024:10:19:27 -0300] "GET /cormun/static/permisosadjuntos.js?20201215134285 HTTP/1.1" 200 8724
190.171.142.18 - - [12/Aug/2024:10:19:27 -0300] "GET /cormun/static/about:blank HTTP/1.1" 404 1011
46.105.97.78 - tomcat [12/Aug/2024:10:19:28 -0300] "GET /manager/html HTTP/1.1" 403 3196
190.171.141.114 - - [12/Aug/2024:10:19:38 -0300] "GET /cormun/servlet/permisogoce?b4ca3a5ec37546e19d85d01a5988c75db9881282d949ea121db0afa40547cfcc7cbbd9c1865bafc836c65fabbfe7e3c4141d5ae14136734b61223572e89f4eef,gx-no-cache=1723468715872 HTTP/1.1" 200 47
190.171.141.114 - - [12/Aug/2024:10:19:41 -0300] "POST /cormun/servlet/permisogoce?8cbbfa8afeac88b0079553831bebb28a,INS,0,,,,gx-no-cache=1723468718293 HTTP/1.1" 200 93
190.171.141.114 - - [12/Aug/2024:10:19:41 -0300] "GET /cormun/servlet/hpexe_return? HTTP/1.1" 200 1015
190.171.141.114 - - [12/Aug/2024:10:19:41 -0300] "GET /cormun/servlet/trpermisosgoce HTTP/1.1" 200 12982
190.171.141.114 - - [12/Aug/2024:10:19:43 -0300] "GET /cormun/servlet/apermisogoceprn?13097042,P,20240812091804,PU HTTP/1.1" 200 1653
190.171.142.18 - - [12/Aug/2024:10:19:45 -0300] "POST /cormun/servlet/permisosadjuntos?1b3db083ab45da468943169c32b6e13a,INS,15122330,P,20240812091757,, HTTP/1.1" 200 116
190.171.142.18 - - [12/Aug/2024:10:19:45 -0300] "GET /cormun/servlet/hpexe_return? HTTP/1.1" 200 1037
190.171.142.18 - - [12/Aug/2024:10:19:45 -0300] "GET /cormun/servlet/trpermisosadjuntos?15122330,20240812091757,P, HTTP/1.1" 200 7215
190.171.142.18 - - [12/Aug/2024:10:19:48 -0300] "POST /cormun/servlet/trpermisosadjuntos?1b3db083ab45da468943169c32b6e13a,15122330,20240812091757,P,,gx-no-cache=1723469719535 HTTP/1.1" 200 90
190.171.142.18 - - [12/Aug/2024:10:19:48 -0300] "GET /cormun/servlet/hpexe_link HTTP/1.1" 200 983
190.171.142.18 - - [12/Aug/2024:10:19:48 -0300] "GET /cormun/servlet/trpermisosgoce HTTP/1.1" 200 11294
190.171.142.18 - - [12/Aug/2024:10:19:53 -0300] "POST /cormun/servlet/trpermisosgoce?1b3db083ab45da468943169c32b6e13a,gx-no-cache=1723469724171 HTTP/1.1" 200 8430
190.171.142.18 - - [12/Aug/2024:10:19:53 -0300] "GET /cormun/static/Shared/jqueryui/images/ui-bg_highlight-soft_100_c6c2c8_1x100.png HTTP/1.1" 404 1117
190.171.142.18 - - [12/Aug/2024:10:19:53 -0300] "GET /cormun/static/Shared/jqueryui/images/ui-icons_82798d_256x240.png HTTP/1.1" 404 1089
190.171.142.18 - - [12/Aug/2024:10:19:53 -0300] "GET /cormun/static/Shared/jqueryui/images/ui-bg_flat_55_fafafa_40x100.png HTTP/1.1" 404 1097
190.171.142.18 - - [12/Aug/2024:10:19:53 -0300] "GET /cormun/static/Shared/jqueryui/images/ui-icons_8d78a5_256x240.png HTTP/1.1" 404 1089
200.54.107.2 - - [12/Aug/2024:10:19:58 -0300] "GET /cormun/servlet/hlogin HTTP/1.1" 200 1724
190.171.142.18 - - [12/Aug/2024:10:20:07 -0300] "GET /cormun/servlet/permisogoce?INS,0,,, HTTP/1.1" 200 7271
190.171.142.18 - - [12/Aug/2024:10:20:22 -0300] "GET /cormun/servlet/permisogoce?99b40c5ce6269b10ce81b84d225b8efa0e380841eb6f4e8bb73a2c3a40154f0b85d6e1a9324648ded09c6769d9893b62076576e40b3b77d9f0ec79394e0bc361,gx-no-cache=1723469753863 HTTP/1.1" 200 78
200.54.107.2 - - [12/Aug/2024:10:20:23 -0300] "POST /cormun/servlet/hlogin?6064c71f7543add95900f50fb3756a64,gx-no-cache=1723468759520 HTTP/1.1" 200 90
200.54.107.2 - - [12/Aug/2024:10:20:23 -0300] "GET /cormun/servlet/hpexe_link HTTP/1.1" 200 961
200.54.107.2 - - [12/Aug/2024:10:20:23 -0300] "GET /cormun/servlet/prbanco?,MD, HTTP/1.1" 200 6735
190.171.142.18 - - [12/Aug/2024:10:20:35 -0300] "GET /cormun/servlet/permisogoce?99b40c5ce6269b10ce81b84d225b8efa524749f2bb09caa4d2cd0cb69eefa38760364ff35dd180e732734a6fe84b8ab68de914f86229399eb0843481fd10f84e,gx-no-cache=1723469766729 HTTP/1.1" 200 47
190.171.141.138 - - [12/Aug/2024:10:20:38 -0300] "GET /cormun/servlet/trlicencias? HTTP/1.1" 200 6043
190.171.141.138 - - [12/Aug/2024:10:20:38 -0300] "GET /cormun/servlet/hlogin HTTP/1.1" 200 1732
190.171.142.18 - - [12/Aug/2024:10:20:39 -0300] "POST /cormun/servlet/permisogoce?1b3db083ab45da468943169c32b6e13a,INS,0,,,,gx-no-cache=1723469770407 HTTP/1.1" 200 93
190.171.142.18 - - [12/Aug/2024:10:20:39 -0300] "GET /cormun/servlet/hpexe_return? HTTP/1.1" 200 1031
190.171.142.18 - - [12/Aug/2024:10:20:40 -0300] "GET /cormun/servlet/trpermisosgoce?gx-no-cache=1723469724171 HTTP/1.1" 200 11470
181.212.40.185 - - [12/Aug/2024:10:20:40 -0300] "GET /cormun/servlet/trautorizarpermisogoce? HTTP/1.1" 200 8504
190.171.141.138 - - [12/Aug/2024:10:20:41 -0300] "POST /cormun/servlet/hlogin?ce8c962019e18da15ad5f057db835b18,gx-no-cache=1723468778349 HTTP/1.1" 200 90
190.171.141.138 - - [12/Aug/2024:10:20:41 -0300] "GET /cormun/servlet/hpexe_link HTTP/1.1" 200 949
190.171.141.138 - - [12/Aug/2024:10:20:41 -0300] "GET /cormun/servlet/trlicencias HTTP/1.1" 200 15181
181.212.40.185 - - [12/Aug/2024:10:20:44 -0300] "POST /cormun/servlet/trautorizarpermisogoce?20dbfe43d2cb5c3ad2245eabe2b15f82,,gx-no-cache=1723468780670 HTTP/1.1" 200 5619
181.212.40.185 - - [12/Aug/2024:10:20:44 -0300] "GET /cormun/static/Shared/jqueryui/images/ui-icons_82798d_256x240.png HTTP/1.1" 404 1089
181.212.40.185 - - [12/Aug/2024:10:20:44 -0300] "GET /cormun/static/Shared/jqueryui/images/ui-bg_highlight-soft_100_c6c2c8_1x100.png HTTP/1.1" 404 1117
181.212.40.185 - - [12/Aug/2024:10:20:44 -0300] "GET /cormun/static/Shared/jqueryui/images/ui-bg_flat_55_fafafa_40x100.png HTTP/1.1" 404 1097
181.212.40.185 - - [12/Aug/2024:10:20:44 -0300] "GET /cormun/static/Shared/jqueryui/images/ui-icons_8d78a5_256x240.png HTTP/1.1" 404 1089
181.212.40.185 - - [12/Aug/2024:10:20:44 -0300] "POST /cormun/servlet/trautorizarpermisogoce?20dbfe43d2cb5c3ad2245eabe2b15f82,,gx-no-cache=1723468781315 HTTP/1.1" 200 5305
181.212.40.185 - - [12/Aug/2024:10:20:45 -0300] "POST /cormun/servlet/trautorizarpermisogoce?20dbfe43d2cb5c3ad2245eabe2b15f82,,gx-no-cache=1723468781946 HTTP/1.1" 200 4543
190.171.142.18 - - [12/Aug/2024:10:20:45 -0300] "GET /cormun/servlet/trpermisosadjuntos?11069721,20240812091928,P, HTTP/1.1" 200 6715
190.171.142.18 - - [12/Aug/2024:10:20:48 -0300] "GET /cormun/servlet/permisosadjuntos?INS,11069721,P,20240812091928,, HTTP/1.1" 200 6026
181.212.40.185 - - [12/Aug/2024:10:20:48 -0300] "GET /cormun/servlet/trpermisosgoce? HTTP/1.1" 200 19269
190.171.142.18 - - [12/Aug/2024:10:20:48 -0300] "GET /cormun/static/about:blank HTTP/1.1" 404 1011
181.212.40.185 - - [12/Aug/2024:10:20:50 -0300] "GET /cormun/static/menuarrow.gif HTTP/1.1" 404 1015
181.212.40.185 - - [12/Aug/2024:10:20:56 -0300] "POST /cormun/servlet/trpermisosgoce?20dbfe43d2cb5c3ad2245eabe2b15f82,,gx-no-cache=1723468792470 HTTP/1.1" 200 16434
181.212.40.185 - - [12/Aug/2024:10:20:58 -0300] "POST /cormun/servlet/trpermisosgoce?20dbfe43d2cb5c3ad2245eabe2b15f82,,gx-no-cache=1723468795102 HTTP/1.1" 200 16459
181.212.40.185 - - [12/Aug/2024:10:21:01 -0300] "GET /cormun/servlet/trpermisosadjuntos?17137328,20240812091244,P, HTTP/1.1" 200 6530
190.171.142.18 - - [12/Aug/2024:10:21:02 -0300] "POST /cormun/servlet/permisosadjuntos?1b3db083ab45da468943169c32b6e13a,INS,11069721,P,20240812091928,, HTTP/1.1" 200 116
190.171.142.18 - - [12/Aug/2024:10:21:02 -0300] "GET /cormun/servlet/hpexe_return? HTTP/1.1" 200 1037
190.171.142.18 - - [12/Aug/2024:10:21:02 -0300] "GET /cormun/servlet/trpermisosadjuntos?11069721,20240812091928,P, HTTP/1.1" 200 7213
190.171.142.18 - - [12/Aug/2024:10:21:04 -0300] "POST /cormun/servlet/trpermisosadjuntos?1b3db083ab45da468943169c32b6e13a,11069721,20240812091928,P,,gx-no-cache=1723469795800 HTTP/1.1" 200 90
190.171.142.18 - - [12/Aug/2024:10:21:04 -0300] "GET /cormun/servlet/hpexe_link HTTP/1.1" 200 1003
190.171.142.18 - - [12/Aug/2024:10:21:04 -0300] "GET /cormun/servlet/trpermisosgoce?gx-no-cache=1723469724171 HTTP/1.1" 200 11467
181.212.40.185 - - [12/Aug/2024:10:21:06 -0300] "GET /cormun/servlet/permisosadjuntos?INS,17137328,P,20240812091244,, HTTP/1.1" 200 5852
181.212.40.185 - - [12/Aug/2024:10:21:06 -0300] "GET /cormun/static/about:blank HTTP/1.1" 404 1011
190.171.142.18 - - [12/Aug/2024:10:21:09 -0300] "GET /cormun/servlet/trpermisosadjuntos?11069721,20240812091928,P, HTTP/1.1" 200 7228
181.212.40.185 - - [12/Aug/2024:10:21:14 -0300] "POST /cormun/servlet/permisosadjuntos?20dbfe43d2cb5c3ad2245eabe2b15f82,INS,17137328,P,20240812091244,, HTTP/1.1" 200 116
181.212.40.185 - - [12/Aug/2024:10:21:14 -0300] "GET /cormun/servlet/hpexe_return? HTTP/1.1" 200 1036
181.212.40.185 - - [12/Aug/2024:10:21:14 -0300] "GET /cormun/servlet/trpermisosadjuntos?17137328,20240812091244,P, HTTP/1.1" 200 7051
190.171.142.18 - - [12/Aug/2024:10:21:16 -0300] "POST /cormun/servlet/trpermisosadjuntos?1b3db083ab45da468943169c32b6e13a,11069721,20240812091928,P,,gx-no-cache=1723469807040 HTTP/1.1" 200 90
190.171.142.18 - - [12/Aug/2024:10:21:16 -0300] "GET /cormun/servlet/hpexe_link HTTP/1.1" 200 1003
190.171.142.18 - - [12/Aug/2024:10:21:16 -0300] "GET /cormun/servlet/trpermisosgoce?gx-no-cache=1723469724171 HTTP/1.1" 200 11467
181.212.40.185 - - [12/Aug/2024:10:21:17 -0300] "POST /cormun/servlet/trpermisosadjuntos?20dbfe43d2cb5c3ad2245eabe2b15f82,17137328,20240812091244,P,,gx-no-cache=1723468814068 HTTP/1.1" 200 90
181.212.40.185 - - [12/Aug/2024:10:21:17 -0300] "GET /cormun/servlet/hpexe_link HTTP/1.1" 200 983
181.212.40.185 - - [12/Aug/2024:10:21:17 -0300] "GET /cormun/servlet/trpermisosgoce? HTTP/1.1" 200 19274
181.212.40.185 - - [12/Aug/2024:10:21:20 -0300] "POST /cormun/servlet/trpermisosgoce?20dbfe43d2cb5c3ad2245eabe2b15f82,,gx-no-cache=1723468816438 HTTP/1.1" 200 16427
190.171.142.18 - - [12/Aug/2024:10:21:23 -0300] "GET /cormun/servlet/trpermisosadjuntos?11069721,20240812091928,P, HTTP/1.1" 200 7228
181.212.40.185 - - [12/Aug/2024:10:21:23 -0300] "GET /cormun/servlet/trautorizarpermisogoce? HTTP/1.1" 200 7889
181.212.40.185 - - [12/Aug/2024:10:21:26 -0300] "POST /cormun/servlet/trautorizarpermisogoce?20dbfe43d2cb5c3ad2245eabe2b15f82,,gx-no-cache=1723468822637 HTTP/1.1" 200 4531
190.171.142.18 - - [12/Aug/2024:10:21:26 -0300] "POST /cormun/servlet/trpermisosadjuntos?1b3db083ab45da468943169c32b6e13a,11069721,20240812091928,P,,gx-no-cache=1723469817937 HTTP/1.1" 200 90
190.171.142.18 - - [12/Aug/2024:10:21:26 -0300] "GET /cormun/servlet/hpexe_link HTTP/1.1" 200 1003
190.171.142.18 - - [12/Aug/2024:10:21:27 -0300] "GET /cormun/servlet/trpermisosgoce?gx-no-cache=1723469724171 HTTP/1.1" 200 11467
181.212.40.185 - - [12/Aug/2024:10:21:29 -0300] "GET /cormun/servlet/trpermisosgoce? HTTP/1.1" 200 19231
190.171.142.18 - - [12/Aug/2024:10:21:31 -0300] "POST /cormun/servlet/trpermisosgoce?1b3db083ab45da468943169c32b6e13a,gx-no-cache=1723469724171,gx-no-cache=1723469822425 HTTP/1.1" 200 8643
181.212.40.185 - - [12/Aug/2024:10:21:35 -0300] "GET /cormun/servlet/permisogoce?INS,0,,, HTTP/1.1" 200 7079
190.171.142.18 - - [12/Aug/2024:10:21:37 -0300] "GET /cormun/servlet/permisogoce?INS,0,,, HTTP/1.1" 200 7294
181.212.40.185 - - [12/Aug/2024:10:21:39 -0300] "GET /cormun/servlet/trpermisosgoce? HTTP/1.1" 200 19231
190.171.142.18 - - [12/Aug/2024:10:22:03 -0300] "GET /cormun/servlet/permisogoce?99b40c5ce6269b10ce81b84d225b8efaec7870211c50afbe4efaba2ab84adfd785d6e1a9324648ded09c6769d9893b62076576e40b3b77d9f0ec79394e0bc361,gx-no-cache=1723469854103 HTTP/1.1" 200 79
190.171.142.18 - - [12/Aug/2024:10:22:19 -0300] "GET /cormun/servlet/permisogoce?99b40c5ce6269b10ce81b84d225b8efa5d6610e774f099f91be89b1f1286ae57b804697d6e04a118002d850c2f27a93121e171df27136bfdc5eb0795f9c95eef,gx-no-cache=1723469870658 HTTP/1.1" 200 48
190.171.142.18 - - [12/Aug/2024:10:22:26 -0300] "POST /cormun/servlet/permisogoce?1b3db083ab45da468943169c32b6e13a,INS,0,,,,gx-no-cache=1723469877174 HTTP/1.1" 200 93
190.171.142.18 - - [12/Aug/2024:10:22:26 -0300] "GET /cormun/servlet/hpexe_return? HTTP/1.1" 200 1031
190.171.142.18 - - [12/Aug/2024:10:22:26 -0300] "GET /cormun/servlet/trpermisosgoce?gx-no-cache=1723469724171 HTTP/1.1" 200 11722
190.171.142.18 - - [12/Aug/2024:10:22:33 -0300] "GET /cormun/servlet/trpermisosadjuntos?12691689,20240812092059,P, HTTP/1.1" 200 6713
190.171.142.18 - - [12/Aug/2024:10:22:35 -0300] "GET /cormun/servlet/permisosadjuntos?INS,12691689,P,20240812092059,, HTTP/1.1" 200 6019
190.171.142.18 - - [12/Aug/2024:10:22:35 -0300] "GET /cormun/static/about:blank HTTP/1.1" 404 1011
190.171.152.114 - - [12/Aug/2024:10:22:38 -0300] "GET /cormun/servlet/trpermisosadjuntos?18039338,20240809115200,P, HTTP/1.1" 200 6639
190.171.152.114 - - [12/Aug/2024:10:22:40 -0300] "GET /cormun/servlet/permisosadjuntos?INS,18039338,P,20240809115200,, HTTP/1.1" 200 5974
181.212.40.185 - - [12/Aug/2024:10:22:40 -0300] "POST /cormun/servlet/trpermisosgoce?20dbfe43d2cb5c3ad2245eabe2b15f82,,gx-no-cache=1723468896710 HTTP/1.1" 200 104
190.171.152.114 - - [12/Aug/2024:10:22:40 -0300] "GET /cormun/static/about:blank HTTP/1.1" 404 1011
181.212.40.185 - - [12/Aug/2024:10:22:40 -0300] "GET /cormun/PermisosGoce-1972.xls HTTP/1.1" 200 57856
190.171.152.114 - - [12/Aug/2024:10:22:51 -0300] "POST /cormun/servlet/permisosadjuntos?0b51de5539f64d0f7867995b8faa2e82,INS,18039338,P,20240809115200,, HTTP/1.1" 200 116
190.171.152.114 - - [12/Aug/2024:10:22:51 -0300] "GET /cormun/servlet/hpexe_return? HTTP/1.1" 200 1037
190.171.152.114 - - [12/Aug/2024:10:22:51 -0300] "GET /cormun/servlet/trpermisosadjuntos?18039338,20240809115200,P, HTTP/1.1" 200 7150
190.171.152.114 - - [12/Aug/2024:10:22:59 -0300] "GET /cormun/servlet/trpermisosgoce? HTTP/1.1" 200 13196
190.171.143.82 - - [12/Aug/2024:10:23:02 -0300] "GET /cormun/servlet/trpermisosadjuntos?9623778,20240808171538,P, HTTP/1.1" 200 5453
190.171.143.82 - - [12/Aug/2024:10:23:02 -0300] "GET /cormun/static/gxcfg.js?2020121641683 HTTP/1.1" 200 953
190.171.143.82 - - [12/Aug/2024:10:23:02 -0300] "GET /cormun/static/trpermisosadjuntos.js?2020121642996 HTTP/1.1" 200 20158
190.171.142.18 - - [12/Aug/2024:10:23:02 -0300] "POST /cormun/servlet/permisosadjuntos?1b3db083ab45da468943169c32b6e13a,INS,12691689,P,20240812092059,, HTTP/1.1" 200 116
190.171.142.18 - - [12/Aug/2024:10:23:02 -0300] "GET /cormun/servlet/hpexe_return? HTTP/1.1" 200 1037
190.171.142.18 - - [12/Aug/2024:10:23:02 -0300] "GET /cormun/servlet/trpermisosadjuntos?12691689,20240812092059,P, HTTP/1.1" 200 7211
190.171.143.82 - - [12/Aug/2024:10:23:03 -0300] "GET /cormun/servlet/hlogin HTTP/1.1" 200 1761
190.171.152.114 - - [12/Aug/2024:10:23:04 -0300] "POST /cormun/servlet/trpermisosgoce?0b51de5539f64d0f7867995b8faa2e82,,gx-no-cache=1723468920691 HTTP/1.1" 200 10326
190.171.152.114 - - [12/Aug/2024:10:23:04 -0300] "GET /cormun/static/Shared/jqueryui/images/ui-icons_82798d_256x240.png HTTP/1.1" 404 1089
190.171.152.114 - - [12/Aug/2024:10:23:04 -0300] "GET /cormun/static/Shared/jqueryui/images/ui-bg_highlight-soft_100_c6c2c8_1x100.png HTTP/1.1" 404 1117
190.171.152.114 - - [12/Aug/2024:10:23:04 -0300] "GET /cormun/static/Shared/jqueryui/images/ui-bg_flat_55_fafafa_40x100.png HTTP/1.1" 404 1097
190.171.152.114 - - [12/Aug/2024:10:23:04 -0300] "GET /cormun/static/Shared/jqueryui/images/ui-icons_8d78a5_256x240.png HTTP/1.1" 404 1089
190.171.142.18 - - [12/Aug/2024:10:23:05 -0300] "POST /cormun/servlet/trpermisosadjuntos?1b3db083ab45da468943169c32b6e13a,12691689,20240812092059,P,,gx-no-cache=1723469916575 HTTP/1.1" 200 90
190.171.142.18 - - [12/Aug/2024:10:23:05 -0300] "GET /cormun/servlet/hpexe_link HTTP/1.1" 200 1005
190.171.142.18 - - [12/Aug/2024:10:23:05 -0300] "GET /cormun/servlet/trpermisosgoce?gx-no-cache=1723469724171 HTTP/1.1" 200 11719
190.171.143.82 - - [12/Aug/2024:10:23:06 -0300] "POST /cormun/servlet/hlogin?1b55aa1d82d022d4a127f8f92c865c2f,gx-no-cache=1723468923465 HTTP/1.1" 200 90
190.171.143.82 - - [12/Aug/2024:10:23:06 -0300] "GET /cormun/servlet/hpexe_link HTTP/1.1" 200 979
190.171.143.82 - - [12/Aug/2024:10:23:07 -0300] "GET /cormun/servlet/trpermisosadjuntos?9623778,20240808171538,P, HTTP/1.1" 200 6397
190.171.152.114 - - [12/Aug/2024:10:23:07 -0300] "GET /cormun/servlet/trpermisosadjuntos?11276668,20240808142137,P, HTTP/1.1" 200 6643
190.171.152.114 - - [12/Aug/2024:10:23:08 -0300] "GET /cormun/servlet/permisosadjuntos?INS,11276668,P,20240808142137,, HTTP/1.1" 200 5975
190.171.152.114 - - [12/Aug/2024:10:23:09 -0300] "GET /cormun/static/about:blank HTTP/1.1" 404 1011
190.171.143.82 - - [12/Aug/2024:10:23:09 -0300] "GET /cormun/servlet/permisosadjuntos?INS,9623778,P,20240808171538,, HTTP/1.1" 200 5907
190.171.143.82 - - [12/Aug/2024:10:23:09 -0300] "GET /cormun/static/gxcfg.js?20201215134212 HTTP/1.1" 200 953
190.171.143.82 - - [12/Aug/2024:10:23:09 -0300] "GET /cormun/static/permisosadjuntos.js?20201215134285 HTTP/1.1" 200 8724
190.171.143.82 - - [12/Aug/2024:10:23:10 -0300] "GET /cormun/static/about:blank HTTP/1.1" 404 1011
190.171.142.18 - - [12/Aug/2024:10:23:11 -0300] "POST /cormun/servlet/trpermisosgoce?1b3db083ab45da468943169c32b6e13a,gx-no-cache=1723469724171,gx-no-cache=1723469921985 HTTP/1.1" 200 8901
46.105.97.78 - tomcat [12/Aug/2024:10:23:15 -0300] "GET /manager/html HTTP/1.1" 403 3196
190.171.152.114 - - [12/Aug/2024:10:23:17 -0300] "POST /cormun/servlet/permisosadjuntos?0b51de5539f64d0f7867995b8faa2e82,INS,11276668,P,20240808142137,, HTTP/1.1" 200 116
190.171.152.114 - - [12/Aug/2024:10:23:17 -0300] "GET /cormun/servlet/hpexe_return? HTTP/1.1" 200 1037
190.171.152.114 - - [12/Aug/2024:10:23:17 -0300] "GET /cormun/servlet/trpermisosadjuntos?11276668,20240808142137,P, HTTP/1.1" 200 7160
190.171.152.114 - - [12/Aug/2024:10:23:21 -0300] "GET /cormun/servlet/trpermisosgoce? HTTP/1.1" 200 13172
190.171.143.82 - - [12/Aug/2024:10:23:27 -0300] "POST /cormun/servlet/permisosadjuntos?1b55aa1d82d022d4a127f8f92c865c2f,INS,9623778,P,20240808171538,, HTTP/1.1" 200 116
190.171.143.82 - - [12/Aug/2024:10:23:27 -0300] "GET /cormun/servlet/hpexe_return? HTTP/1.1" 200 1032
190.171.143.82 - - [12/Aug/2024:10:23:28 -0300] "GET /cormun/servlet/trpermisosadjuntos?9623778,20240808171538,P, HTTP/1.1" 200 6979
190.171.142.18 - - [12/Aug/2024:10:23:29 -0300] "GET /cormun/servlet/permisogoce?INS,0,,, HTTP/1.1" 200 7294
190.171.152.114 - - [12/Aug/2024:10:23:31 -0300] "POST /cormun/servlet/trpermisosgoce?0b51de5539f64d0f7867995b8faa2e82,,gx-no-cache=1723468947625 HTTP/1.1" 200 10321
190.171.143.82 - - [12/Aug/2024:10:23:33 -0300] "GET /cormun/servlet/trpermisosgoce? HTTP/1.1" 200 11556
190.171.152.114 - - [12/Aug/2024:10:23:33 -0300] "GET /cormun/servlet/trpermisosadjuntos?16881395,20240808135353,P, HTTP/1.1" 200 6644
190.171.152.114 - - [12/Aug/2024:10:23:35 -0300] "GET /cormun/servlet/permisosadjuntos?INS,16881395,P,20240808135353,, HTTP/1.1" 200 5978
190.171.152.114 - - [12/Aug/2024:10:23:35 -0300] "GET /cormun/static/about:blank HTTP/1.1" 404 1011
190.171.143.82 - - [12/Aug/2024:10:23:39 -0300] "GET /cormun/servlet/trpermisosadjuntos?12515149,20240808120404,P, HTTP/1.1" 200 6392
190.171.143.82 - - [12/Aug/2024:10:23:42 -0300] "GET /cormun/servlet/permisosadjuntos?INS,12515149,P,20240808120404,, HTTP/1.1" 200 5902
190.171.143.82 - - [12/Aug/2024:10:23:43 -0300] "GET /cormun/static/about:blank HTTP/1.1" 404 1011
190.171.152.114 - - [12/Aug/2024:10:23:45 -0300] "POST /cormun/servlet/permisosadjuntos?0b51de5539f64d0f7867995b8faa2e82,INS,16881395,P,20240808135353,, HTTP/1.1" 200 116
190.171.152.114 - - [12/Aug/2024:10:23:45 -0300] "GET /cormun/servlet/hpexe_return? HTTP/1.1" 200 1036
190.171.152.114 - - [12/Aug/2024:10:23:45 -0300] "GET /cormun/servlet/trpermisosadjuntos?16881395,20240808135353,P, HTTP/1.1" 200 7158
190.171.142.18 - - [12/Aug/2024:10:23:45 -0300] "GET /cormun/servlet/permisogoce?99b40c5ce6269b10ce81b84d225b8efa66aee06fb9669223c15113d37fecc81085d6e1a9324648ded09c6769d9893b62076576e40b3b77d9f0ec79394e0bc361,gx-no-cache=1723469956926 HTTP/1.1" 200 81
190.171.152.114 - - [12/Aug/2024:10:23:50 -0300] "GET /cormun/servlet/trpermisosgoce? HTTP/1.1" 200 13157
190.171.142.18 - - [12/Aug/2024:10:23:53 -0300] "GET /cormun/servlet/permisogoce?99b40c5ce6269b10ce81b84d225b8efa33969b4c25e7d07ea829d28a0270abe3190eedcc01b4f33679481d29a0c632948de914f86229399eb0843481fd10f84e,gx-no-cache=1723469964549 HTTP/1.1" 200 45
190.171.143.82 - - [12/Aug/2024:10:23:54 -0300] "POST /cormun/servlet/permisosadjuntos?1b55aa1d82d022d4a127f8f92c865c2f,INS,12515149,P,20240808120404,, HTTP/1.1" 200 116
190.171.143.82 - - [12/Aug/2024:10:23:54 -0300] "GET /cormun/servlet/hpexe_return? HTTP/1.1" 200 1032
190.171.143.82 - - [12/Aug/2024:10:23:54 -0300] "GET /cormun/servlet/trpermisosadjuntos?12515149,20240808120404,P, HTTP/1.1" 200 6971
190.171.152.114 - - [12/Aug/2024:10:23:54 -0300] "POST /cormun/servlet/trpermisosgoce?0b51de5539f64d0f7867995b8faa2e82,,gx-no-cache=1723468971345 HTTP/1.1" 200 10314
190.171.152.114 - - [12/Aug/2024:10:23:57 -0300] "GET /cormun/servlet/trpermisosadjuntos?14070981,20240805135716,P, HTTP/1.1" 200 6645
190.171.143.82 - - [12/Aug/2024:10:23:58 -0300] "GET /cormun/servlet/trpermisosgoce? HTTP/1.1" 200 11568
190.171.152.114 - - [12/Aug/2024:10:24:00 -0300] "GET /cormun/servlet/permisosadjuntos?INS,14070981,P,20240805135716,, HTTP/1.1" 200 5978
190.171.152.114 - - [12/Aug/2024:10:24:00 -0300] "GET /cormun/static/about:blank HTTP/1.1" 404 1011
190.171.143.82 - - [12/Aug/2024:10:24:02 -0300] "GET /cormun/servlet/trpermisosadjuntos?17652402,20240808095202,P, HTTP/1.1" 200 6387
190.171.143.82 - - [12/Aug/2024:10:24:05 -0300] "GET /cormun/servlet/permisosadjuntos?INS,17652402,P,20240808095202,, HTTP/1.1" 200 5898
190.171.143.82 - - [12/Aug/2024:10:24:06 -0300] "GET /cormun/static/about:blank HTTP/1.1" 404 1011
190.171.142.18 - - [12/Aug/2024:10:24:10 -0300] "POST /cormun/servlet/permisogoce?1b3db083ab45da468943169c32b6e13a,INS,0,,,,gx-no-cache=1723469981390 HTTP/1.1" 200 93
190.171.142.18 - - [12/Aug/2024:10:24:10 -0300] "GET /cormun/servlet/hpexe_return? HTTP/1.1" 200 1031
190.171.142.18 - - [12/Aug/2024:10:24:10 -0300] "GET /cormun/servlet/trpermisosgoce?gx-no-cache=1723469724171 HTTP/1.1" 200 11961
190.171.152.114 - - [12/Aug/2024:10:24:12 -0300] "POST /cormun/servlet/permisosadjuntos?0b51de5539f64d0f7867995b8faa2e82,INS,14070981,P,20240805135716,, HTTP/1.1" 200 116
190.171.152.114 - - [12/Aug/2024:10:24:12 -0300] "GET /cormun/servlet/hpexe_return? HTTP/1.1" 200 1037
190.171.152.114 - - [12/Aug/2024:10:24:12 -0300] "GET /cormun/servlet/trpermisosadjuntos?14070981,20240805135716,P, HTTP/1.1" 200 7164
190.171.143.82 - - [12/Aug/2024:10:24:13 -0300] "POST /cormun/servlet/permisosadjuntos?1b55aa1d82d022d4a127f8f92c865c2f,INS,17652402,P,20240808095202,, HTTP/1.1" 200 116
190.171.143.82 - - [12/Aug/2024:10:24:14 -0300] "GET /cormun/servlet/hpexe_return? HTTP/1.1" 200 1030
190.171.143.82 - - [12/Aug/2024:10:24:14 -0300] "GET /cormun/servlet/trpermisosadjuntos?17652402,20240808095202,P, HTTP/1.1" 200 6965
190.171.152.114 - - [12/Aug/2024:10:24:16 -0300] "GET /cormun/servlet/trpermisosgoce? HTTP/1.1" 200 13146
190.171.143.82 - - [12/Aug/2024:10:24:19 -0300] "GET /cormun/servlet/trpermisosgoce? HTTP/1.1" 200 11556
190.171.142.18 - - [12/Aug/2024:10:24:19 -0300] "GET /cormun/servlet/trpermisosadjuntos?16250806,20240812092250,P, HTTP/1.1" 200 6716
190.171.152.114 - - [12/Aug/2024:10:24:20 -0300] "POST /cormun/servlet/trpermisosgoce?0b51de5539f64d0f7867995b8faa2e82,,gx-no-cache=1723468996409 HTTP/1.1" 200 10276
190.171.142.18 - - [12/Aug/2024:10:24:21 -0300] "GET /cormun/servlet/permisosadjuntos?INS,16250806,P,20240812092250,, HTTP/1.1" 200 6025
190.171.142.18 - - [12/Aug/2024:10:24:21 -0300] "GET /cormun/static/about:blank HTTP/1.1" 404 1011
190.171.143.82 - - [12/Aug/2024:10:24:22 -0300] "POST /cormun/servlet/trpermisosgoce?1b55aa1d82d022d4a127f8f92c865c2f,,gx-no-cache=1723468998830 HTTP/1.1" 200 8894
190.171.143.82 - - [12/Aug/2024:10:24:22 -0300] "GET /cormun/static/Shared/jqueryui/images/ui-bg_highlight-soft_100_c6c2c8_1x100.png HTTP/1.1" 404 1117
190.171.143.82 - - [12/Aug/2024:10:24:22 -0300] "GET /cormun/static/Shared/jqueryui/images/ui-icons_82798d_256x240.png HTTP/1.1" 404 1089
190.171.143.82 - - [12/Aug/2024:10:24:22 -0300] "GET /cormun/static/Shared/jqueryui/images/ui-bg_flat_55_fafafa_40x100.png HTTP/1.1" 404 1097
190.171.143.82 - - [12/Aug/2024:10:24:22 -0300] "GET /cormun/static/Shared/jqueryui/images/ui-icons_8d78a5_256x240.png HTTP/1.1" 404 1089
190.171.143.82 - - [12/Aug/2024:10:24:23 -0300] "POST /cormun/servlet/trpermisosgoce?1b55aa1d82d022d4a127f8f92c865c2f,,gx-no-cache=1723468999701 HTTP/1.1" 200 8889
190.171.143.82 - - [12/Aug/2024:10:24:23 -0300] "POST /cormun/servlet/trpermisosgoce?1b55aa1d82d022d4a127f8f92c865c2f,,gx-no-cache=1723469000361 HTTP/1.1" 200 8889
190.171.143.82 - - [12/Aug/2024:10:24:24 -0300] "POST /cormun/servlet/trpermisosgoce?1b55aa1d82d022d4a127f8f92c865c2f,,gx-no-cache=1723469001187 HTTP/1.1" 200 8889
190.171.143.82 - - [12/Aug/2024:10:24:26 -0300] "POST /cormun/servlet/trpermisosgoce?1b55aa1d82d022d4a127f8f92c865c2f,,gx-no-cache=1723469003279 HTTP/1.1" 200 8849
190.171.152.114 - - [12/Aug/2024:10:24:29 -0300] "GET /cormun/servlet/trautorizarpermisogoce? HTTP/1.1" 200 9787
190.171.152.114 - - [12/Aug/2024:10:24:29 -0300] "GET /cormun/static/gxcfg.js?2020121645532 HTTP/1.1" 200 953
190.171.152.114 - - [12/Aug/2024:10:24:29 -0300] "GET /cormun/static/trautorizarpermisogoce.js?2020121651492 HTTP/1.1" 200 34948
190.171.143.82 - - [12/Aug/2024:10:24:33 -0300] "GET /cormun/servlet/trautorizarpermisogoce? HTTP/1.1" 200 8445
190.171.143.82 - - [12/Aug/2024:10:24:33 -0300] "GET /cormun/static/gxcfg.js?2020121645532 HTTP/1.1" 200 953
190.171.143.82 - - [12/Aug/2024:10:24:33 -0300] "GET /cormun/static/trautorizarpermisogoce.js?2020121651492 HTTP/1.1" 200 34948
190.171.143.82 - - [12/Aug/2024:10:24:36 -0300] "POST /cormun/servlet/trautorizarpermisogoce?1b55aa1d82d022d4a127f8f92c865c2f,,gx-no-cache=1723469013513 HTTP/1.1" 200 5527
190.171.143.82 - - [12/Aug/2024:10:24:37 -0300] "POST /cormun/servlet/trautorizarpermisogoce?1b55aa1d82d022d4a127f8f92c865c2f,,gx-no-cache=1723469014429 HTTP/1.1" 200 5265
190.171.142.18 - - [12/Aug/2024:10:24:38 -0300] "POST /cormun/servlet/permisosadjuntos?1b3db083ab45da468943169c32b6e13a,INS,16250806,P,20240812092250,, HTTP/1.1" 200 116
190.171.142.18 - - [12/Aug/2024:10:24:38 -0300] "GET /cormun/servlet/hpexe_return? HTTP/1.1" 200 1036
190.171.142.18 - - [12/Aug/2024:10:24:38 -0300] "GET /cormun/servlet/trpermisosadjuntos?16250806,20240812092250,P, HTTP/1.1" 200 7197
190.171.143.82 - - [12/Aug/2024:10:24:38 -0300] "POST /cormun/servlet/trautorizarpermisogoce?1b55aa1d82d022d4a127f8f92c865c2f,,gx-no-cache=1723469015292 HTTP/1.1" 200 4514
190.171.142.18 - - [12/Aug/2024:10:24:41 -0300] "POST /cormun/servlet/trpermisosadjuntos?1b3db083ab45da468943169c32b6e13a,16250806,20240812092250,P,,gx-no-cache=1723470012887 HTTP/1.1" 200 90
190.171.142.18 - - [12/Aug/2024:10:24:41 -0300] "GET /cormun/servlet/hpexe_link HTTP/1.1" 200 1003
190.171.143.82 - - [12/Aug/2024:10:24:41 -0300] "GET /cormun/servlet/trpermisosgoce? HTTP/1.1" 200 11469
190.171.142.18 - - [12/Aug/2024:10:24:42 -0300] "GET /cormun/servlet/trpermisosgoce?gx-no-cache=1723469724171 HTTP/1.1" 200 11958
190.171.142.18 - - [12/Aug/2024:10:24:45 -0300] "POST /cormun/servlet/trpermisosgoce?1b3db083ab45da468943169c32b6e13a,gx-no-cache=1723469724171,gx-no-cache=1723470015969 HTTP/1.1" 200 9111
190.171.152.114 - - [12/Aug/2024:10:24:51 -0300] "POST /cormun/servlet/trautorizarpermisogoce?0b51de5539f64d0f7867995b8faa2e82,,gx-no-cache=1723469027896 HTTP/1.1" 200 6862
190.171.152.114 - - [12/Aug/2024:10:24:52 -0300] "POST /cormun/servlet/trautorizarpermisogoce?0b51de5539f64d0f7867995b8faa2e82,,gx-no-cache=1723469028903 HTTP/1.1" 200 6649
200.54.107.2 - - [12/Aug/2024:10:24:53 -0300] "GET /cormun/servlet/hlogin HTTP/1.1" 200 1724
190.171.152.114 - - [12/Aug/2024:10:24:53 -0300] "POST /cormun/servlet/trautorizarpermisogoce?0b51de5539f64d0f7867995b8faa2e82,,gx-no-cache=1723469029798 HTTP/1.1" 200 6448
190.171.152.114 - - [12/Aug/2024:10:24:54 -0300] "POST /cormun/servlet/trautorizarpermisogoce?0b51de5539f64d0f7867995b8faa2e82,,gx-no-cache=1723469030558 HTTP/1.1" 200 6233
190.171.152.114 - - [12/Aug/2024:10:24:54 -0300] "POST /cormun/servlet/trautorizarpermisogoce?0b51de5539f64d0f7867995b8faa2e82,,gx-no-cache=1723469031326 HTTP/1.1" 200 6017
190.171.152.114 - - [12/Aug/2024:10:24:55 -0300] "POST /cormun/servlet/trautorizarpermisogoce?0b51de5539f64d0f7867995b8faa2e82,,gx-no-cache=1723469032046 HTTP/1.1" 200 5790
190.171.152.114 - - [12/Aug/2024:10:24:56 -0300] "POST /cormun/servlet/trautorizarpermisogoce?0b51de5539f64d0f7867995b8faa2e82,,gx-no-cache=1723469032757 HTTP/1.1" 200 5558
190.171.152.114 - - [12/Aug/2024:10:24:56 -0300] "POST /cormun/servlet/trautorizarpermisogoce?0b51de5539f64d0f7867995b8faa2e82,,gx-no-cache=1723469033478 HTTP/1.1" 200 5281
190.171.152.114 - - [12/Aug/2024:10:24:57 -0300] "POST /cormun/servlet/trautorizarpermisogoce?0b51de5539f64d0f7867995b8faa2e82,,gx-no-cache=1723469034230 HTTP/1.1" 200 4526
190.171.142.18 - - [12/Aug/2024:10:25:01 -0300] "GET /cormun/servlet/permisogoce?INS,0,,, HTTP/1.1" 200 7294
190.171.152.114 - - [12/Aug/2024:10:25:02 -0300] "GET /cormun/servlet/trlicencias? HTTP/1.1" 200 16200
200.54.107.2 - - [12/Aug/2024:10:25:03 -0300] "POST /cormun/servlet/hlogin?6064c71f7543add95900f50fb3756a64,gx-no-cache=1723469039077 HTTP/1.1" 200 90
200.54.107.2 - - [12/Aug/2024:10:25:03 -0300] "GET /cormun/servlet/hpexe_link HTTP/1.1" 200 961
200.54.107.2 - - [12/Aug/2024:10:25:03 -0300] "GET /cormun/servlet/prbanco?,MD, HTTP/1.1" 200 6735
190.171.142.18 - - [12/Aug/2024:10:25:25 -0300] "GET /cormun/servlet/permisogoce?99b40c5ce6269b10ce81b84d225b8efa6d393089db863174be21fa6155cecb3a85d6e1a9324648ded09c6769d9893b62076576e40b3b77d9f0ec79394e0bc361,gx-no-cache=1723470056501 HTTP/1.1" 200 85
190.171.142.18 - - [12/Aug/2024:10:25:34 -0300] "GET /cormun/servlet/permisogoce?99b40c5ce6269b10ce81b84d225b8efa64acb84e7cc54f626eb050e72261110aefc325b7ab18c64127b24ed6e98acc298de914f86229399eb0843481fd10f84e,gx-no-cache=1723470065024 HTTP/1.1" 200 47
190.171.142.18 - - [12/Aug/2024:10:25:37 -0300] "POST /cormun/servlet/permisogoce?1b3db083ab45da468943169c32b6e13a,INS,0,,,,gx-no-cache=1723470067886 HTTP/1.1" 200 93
190.171.142.18 - - [12/Aug/2024:10:25:37 -0300] "GET /cormun/servlet/hpexe_return? HTTP/1.1" 200 1031
190.171.142.18 - - [12/Aug/2024:10:25:37 -0300] "GET /cormun/servlet/trpermisosgoce?gx-no-cache=1723469724171 HTTP/1.1" 200 12193
190.171.143.82 - - [12/Aug/2024:10:25:39 -0300] "GET /cormun/servlet/hhome HTTP/1.1" 200 4241
190.171.143.82 - - [12/Aug/2024:10:25:51 -0300] "GET /cormun/servlet/trpermisosgoce? HTTP/1.1" 200 11476
190.171.142.18 - - [12/Aug/2024:10:26:05 -0300] "GET /cormun/servlet/trpermisosadjuntos?15434714,20240812092422,P, HTTP/1.1" 200 6717
190.171.142.18 - - [12/Aug/2024:10:26:09 -0300] "GET /cormun/servlet/permisosadjuntos?INS,15434714,P,20240812092422,, HTTP/1.1" 200 6021
190.171.142.18 - - [12/Aug/2024:10:26:09 -0300] "GET /cormun/static/about:blank HTTP/1.1" 404 1011
190.171.142.18 - - [12/Aug/2024:10:26:30 -0300] "POST /cormun/servlet/permisosadjuntos?1b3db083ab45da468943169c32b6e13a,INS,15434714,P,20240812092422,, HTTP/1.1" 200 116
190.171.142.18 - - [12/Aug/2024:10:26:30 -0300] "GET /cormun/servlet/hpexe_return? HTTP/1.1" 200 1036
190.171.142.18 - - [12/Aug/2024:10:26:30 -0300] "GET /cormun/servlet/trpermisosadjuntos?15434714,20240812092422,P, HTTP/1.1" 200 7211
190.171.142.18 - - [12/Aug/2024:10:26:32 -0300] "POST /cormun/servlet/trpermisosadjuntos?1b3db083ab45da468943169c32b6e13a,15434714,20240812092422,P,,gx-no-cache=1723470123887 HTTP/1.1" 200 90
190.171.142.18 - - [12/Aug/2024:10:26:32 -0300] "GET /cormun/servlet/hpexe_link HTTP/1.1" 200 1003
190.171.142.18 - - [12/Aug/2024:10:26:33 -0300] "GET /cormun/servlet/trpermisosgoce?gx-no-cache=1723469724171 HTTP/1.1" 200 12190
190.171.142.18 - - [12/Aug/2024:10:26:36 -0300] "POST /cormun/servlet/trpermisosgoce?1b3db083ab45da468943169c32b6e13a,gx-no-cache=1723469724171,gx-no-cache=1723470127241 HTTP/1.1" 200 9356
46.105.97.78 - tomcat [12/Aug/2024:10:27:02 -0300] "GET /manager/html HTTP/1.1" 403 3196
190.171.141.114 - - [12/Aug/2024:10:27:12 -0300] "GET /cormun/servlet/hhome HTTP/1.1" 200 4000
190.171.141.114 - - [12/Aug/2024:10:27:20 -0300] "GET /cormun/servlet/trsolicitudot? HTTP/1.1" 200 9140
190.171.141.114 - - [12/Aug/2024:10:27:36 -0300] "POST /cormun/servlet/trsolicitudot?8cbbfa8afeac88b0079553831bebb28a,,gx-no-cache=1723469194424 HTTP/1.1" 200 107
190.171.141.114 - - [12/Aug/2024:10:27:36 -0300] "GET /cormun/servlet/trsolicitudadjuntos?2024,21626, HTTP/1.1" 200 10163
190.171.141.114 - - [12/Aug/2024:10:27:39 -0300] "GET /cormun/servlet/solicitudotadjuntos?INS,2024,21626,,1, HTTP/1.1" 200 6068
190.171.141.114 - - [12/Aug/2024:10:27:39 -0300] "GET /cormun/static/about:blank HTTP/1.1" 404 1011
190.171.141.114 - - [12/Aug/2024:10:27:40 -0300] "GET /cormun/servlet/solicitudotadjuntos?35c67e22fc315ead46193569c335eeb925dd969b35f0781f060884762345d664f1ae9e4858b8377d389f8b1a124123fe,gx-no-cache=1723469198375 HTTP/1.1" 200 30
190.171.141.114 - - [12/Aug/2024:10:27:40 -0300] "POST /cormun/servlet/solicitudotadjuntos?8cbbfa8afeac88b0079553831bebb28a,INS,2024,21626,,1,,gx-no-cache=1723469198395 HTTP/1.1" 200 3906
190.171.141.114 - - [12/Aug/2024:10:27:43 -0300] "POST /cormun/servlet/solicitudotadjuntos?gx-no-cache=1723469201274 HTTP/1.1" 200 26
190.171.141.114 - - [12/Aug/2024:10:27:56 -0300] "GET /cormun/servlet/solicitudotadjuntos?35c67e22fc315ead46193569c335eeb951835b8c802061b7909a2f9682c51c17,gx-no-cache=1723469214449 HTTP/1.1" 200 30
190.171.141.114 - - [12/Aug/2024:10:27:56 -0300] "GET /cormun/servlet/solicitudotadjuntos?35c67e22fc315ead46193569c335eeb951835b8c802061b7909a2f9682c51c17,gx-no-cache=1723469214479 HTTP/1.1" 200 30
190.171.141.114 - - [12/Aug/2024:10:27:56 -0300] "POST /cormun/servlet/solicitudotadjuntos?8cbbfa8afeac88b0079553831bebb28a,INS,2024,21626,,1, HTTP/1.1" 200 116
190.171.141.114 - - [12/Aug/2024:10:27:56 -0300] "GET /cormun/servlet/hpexe_return? HTTP/1.1" 200 1031
190.171.141.114 - - [12/Aug/2024:10:27:56 -0300] "GET /cormun/servlet/trsolicitudadjuntos?2024,21626, HTTP/1.1" 200 10350
190.171.141.114 - - [12/Aug/2024:10:28:09 -0300] "GET /cormun/servlet/trpermisosgoce? HTTP/1.1" 200 12989
190.171.141.114 - - [12/Aug/2024:10:28:20 -0300] "POST /cormun/servlet/trpermisosgoce?8cbbfa8afeac88b0079553831bebb28a,,gx-no-cache=1723469238182 HTTP/1.1" 200 9873
190.171.141.114 - - [12/Aug/2024:10:28:20 -0300] "POST /cormun/servlet/trpermisosgoce?8cbbfa8afeac88b0079553831bebb28a,,gx-no-cache=1723469238457 HTTP/1.1" 200 9852
190.171.141.114 - - [12/Aug/2024:10:29:04 -0300] "GET /cormun/servlet/trsolicitudot? HTTP/1.1" 200 9138
190.171.141.114 - - [12/Aug/2024:10:29:15 -0300] "POST /cormun/servlet/trsolicitudot?8cbbfa8afeac88b0079553831bebb28a,,gx-no-cache=1723469293125 HTTP/1.1" 200 5806
190.171.141.114 - - [12/Aug/2024:10:29:15 -0300] "GET /cormun/static/Shared/jqueryui/images/ui-bg_highlight-soft_100_c6c2c8_1x100.png HTTP/1.1" 404 1117
190.171.141.114 - - [12/Aug/2024:10:29:15 -0300] "GET /cormun/static/Shared/jqueryui/images/ui-icons_82798d_256x240.png HTTP/1.1" 404 1089
190.171.141.114 - - [12/Aug/2024:10:29:15 -0300] "GET /cormun/static/Shared/jqueryui/images/ui-icons_8d78a5_256x240.png HTTP/1.1" 404 1089
190.171.141.114 - - [12/Aug/2024:10:29:15 -0300] "GET /cormun/static/Shared/jqueryui/images/ui-bg_flat_55_fafafa_40x100.png HTTP/1.1" 404 1097
190.171.141.114 - - [12/Aug/2024:10:29:15 -0300] "POST /cormun/servlet/trsolicitudot?8cbbfa8afeac88b0079553831bebb28a,,gx-no-cache=1723469293304 HTTP/1.1" 200 5749
190.171.141.114 - - [12/Aug/2024:10:29:21 -0300] "POST /cormun/servlet/trsolicitudot?8cbbfa8afeac88b0079553831bebb28a,,gx-no-cache=1723469299586 HTTP/1.1" 200 5898
190.171.141.114 - - [12/Aug/2024:10:29:35 -0300] "POST /cormun/servlet/trsolicitudot?8cbbfa8afeac88b0079553831bebb28a,,gx-no-cache=1723469313194 HTTP/1.1" 200 5897
190.95.15.15 - - [12/Aug/2024:10:30:02 -0300] "GET /cormun/servlet/hlogin HTTP/1.1" 200 1720
190.95.15.15 - - [12/Aug/2024:10:30:02 -0300] "GET /cormun/static/gxtimezone.js?85251 HTTP/1.1" 200 5781
