200.54.107.2 - - [09/Aug/2024:12:26:18 -0300] "POST /cormun/servlet/solicitudot?gx-no-cache=1723217118931 HTTP/1.1" 200 1481
200.54.107.2 - - [09/Aug/2024:12:26:18 -0300] "POST /cormun/servlet/solicitudot?gx-no-cache=1723217118964 HTTP/1.1" 200 38
200.54.107.2 - - [09/Aug/2024:12:26:41 -0300] "POST /cormun/servlet/solicitudot?gx-no-cache=1723217142013 HTTP/1.1" 200 1481
200.54.107.2 - - [09/Aug/2024:12:26:41 -0300] "POST /cormun/servlet/solicitudot?gx-no-cache=1723217142056 HTTP/1.1" 200 38
40.77.167.152 - - [09/Aug/2024:12:26:47 -0300] "GET /cormun/servlet/hlogin HTTP/1.1" 200 1716
46.105.97.78 - tomcat [09/Aug/2024:12:26:54 -0300] "GET /manager/html HTTP/1.1" 403 3196
190.171.149.74 - - [09/Aug/2024:12:26:59 -0300] "GET /cormun/servlet/hlogin HTTP/1.1" 200 1745
200.54.107.2 - - [09/Aug/2024:12:27:27 -0300] "GET /cormun/servlet/solicitudot?15b7464fc0ab6b0afe80da7e3dabd0d868e2f18cf8cb72bc12306be3b65723589a24f1c74fffd79716a534159f55770480261bbe7edc6d99c2f13b4c598d52d6d8f33edcbe795992bc71590f44e60cfcca72059242c8acbd604cd209f1f1e8c165302c935537375a03bff61298c16530,gx-no-cache=1723217188002 HTTP/1.1" 200 110
200.54.107.2 - - [09/Aug/2024:12:27:27 -0300] "POST /cormun/servlet/solicitudot?gx-no-cache=1723217188056 HTTP/1.1" 200 83
186.172.168.178 - - [09/Aug/2024:12:28:27 -0300] "73¿ãõ S°êm}D_Ù†>šó¸IXƒ®ª%^Ë­à‰áo «¿Uºý1‡*´kó·t°Íg9:£Á?؝5äg#·-L ::À+À/À,À0̨̩ÀÀœ/5ʊŠ+úú- þ" 400 -
186.172.168.178 - - [09/Aug/2024:12:28:27 -0300] "WSG{ W~ðŗ·Át¤GÑ 2ÙþÝåzÀ„ÉyÆ; — -…mØÃ2’ /Ÿ“©ÆÇp‰"c ¾dB—'#r„F ªªÀ+À/À,À0̨̩ÀÀœ/5Ꚛ- " 400 -
186.172.168.178 - - [09/Aug/2024:12:28:34 -0300] "GET /cormun/servlet/hlogin HTTP/1.1" 200 1717
186.172.168.178 - - [09/Aug/2024:12:28:34 -0300] "GET /cormun/static/gxtimezone.js?85251 HTTP/1.1" 200 5781
186.172.168.178 - - [09/Aug/2024:12:28:34 -0300] "GET /cormun/static/gxcfg.js?2022112219184450 HTTP/1.1" 200 953
186.172.168.178 - - [09/Aug/2024:12:28:35 -0300] "GET /cormun/static/Resources/CormunLogin.png HTTP/1.1" 200 19132
186.172.168.178 - - [09/Aug/2024:12:28:36 -0300] "GET /cormun/static/messages.spa.js?85251 HTTP/1.1" 200 30736
186.172.168.178 - - [09/Aug/2024:12:28:36 -0300] "GET /cormun/static/hlogin.js?2022112219184458 HTTP/1.1" 200 2156
186.172.168.178 - - [09/Aug/2024:12:28:37 -0300] "GET /cormun/static/Resources/Spanish/PXTools.css?1759030 HTTP/1.1" 200 100853
186.172.168.178 - - [09/Aug/2024:12:28:38 -0300] "GET /cormun/static/gxgral.js?85251 HTTP/1.1" 200 384558
186.172.168.178 - - [09/Aug/2024:12:28:40 -0300] "GET /cormun/static/Resources/PXToolsLoginTop.png HTTP/1.1" 200 1337
186.172.168.178 - - [09/Aug/2024:12:28:40 -0300] "GET /cormun/static/Resources/PXToolsLoginBackground.png HTTP/1.1" 200 1164
186.172.168.178 - - [09/Aug/2024:12:28:41 -0300] "GET /cormun/static/Resources/PXToolsButtonLeft.png HTTP/1.1" 200 1310
186.172.168.178 - - [09/Aug/2024:12:28:41 -0300] "GET /cormun/static/Resources/PXToolsButtonRight.png HTTP/1.1" 200 1294
186.172.168.178 - - [09/Aug/2024:12:28:41 -0300] "GET /cormun/static/Resources/PXToolsButtonBackground.png HTTP/1.1" 200 1176
186.172.168.178 - - [09/Aug/2024:12:28:41 -0300] "GET /cormun/static/Resources/PXToolsLoginBottom.png HTTP/1.1" 200 1389
186.172.168.178 - - [09/Aug/2024:12:28:41 -0300] "GET /cormun/servlet/hlogin HTTP/1.1" 200 1727
186.172.168.178 - - [09/Aug/2024:12:28:41 -0300] "GET /cormun/static/Resources/indicator.gif HTTP/1.1" 200 1553
186.172.168.178 - - [09/Aug/2024:12:28:41 -0300] "GET /cormun/static/Resources/PXToolsLoginTop.png HTTP/1.1" 200 1337
186.172.168.178 - - [09/Aug/2024:12:28:41 -0300] "GET /cormun/static/Resources/PXToolsButtonRight.png HTTP/1.1" 200 1294
186.172.168.178 - - [09/Aug/2024:12:28:41 -0300] "GET /cormun/static/Resources/indicator.gif HTTP/1.1" 200 1553
186.172.168.178 - - [09/Aug/2024:12:28:43 -0300] "GET /favicon.ico HTTP/1.1" 200 21630
200.54.107.2 - - [09/Aug/2024:12:28:43 -0300] "GET /cormun/servlet/solicitudot?15b7464fc0ab6b0afe80da7e3dabd0d8c901aa0c8b99ec71ec7b3c254c44396617af70a3760cab9d7021545c354d57fd5fd2c1f97176dd7d2b9c28d3b62874001eb7f5c51bf7802a75d04a4ee38e3ae1260db95b7342ae7f126c63329eed41be3118171fc50ee8722a05c69a7247dd6d,gx-no-cache=1723217263996 HTTP/1.1" 200 29
200.54.107.2 - - [09/Aug/2024:12:28:43 -0300] "GET /cormun/static/menuarrow.gif HTTP/1.1" 404 1015
200.54.107.2 - - [09/Aug/2024:12:28:49 -0300] "GET /cormun/servlet/solicitudot?15b7464fc0ab6b0afe80da7e3dabd0d8d423bb2585211d4c32d911421f9bf553133b64ada36f00eae48292ef6e267af1,gx-no-cache=1723217270362 HTTP/1.1" 200 30
200.54.107.2 - - [09/Aug/2024:12:28:55 -0300] "POST /cormun/servlet/solicitudot?gx-no-cache=1723217276522 HTTP/1.1" 200 30
186.172.168.178 - - [09/Aug/2024:12:29:15 -0300] "POST /cormun/servlet/hlogin?39895c08c867870a678632d2a0e9c3da,gx-no-cache=1723217295121 HTTP/1.1" 200 445
186.172.168.178 - - [09/Aug/2024:12:29:26 -0300] "POST /cormun/servlet/hlogin?39895c08c867870a678632d2a0e9c3da,gx-no-cache=1723217306051 HTTP/1.1" 200 445
186.172.168.178 - - [09/Aug/2024:12:29:54 -0300] "POST /cormun/servlet/hlogin?39895c08c867870a678632d2a0e9c3da,gx-no-cache=1723217334315 HTTP/1.1" 200 446
186.172.168.178 - - [09/Aug/2024:12:30:03 -0300] "POST /cormun/servlet/hlogin?39895c08c867870a678632d2a0e9c3da,gx-no-cache=1723217343121 HTTP/1.1" 200 446
190.171.141.114 - - [09/Aug/2024:12:30:07 -0300] "GET /cormun/servlet/hlogin HTTP/1.1" 200 1737
200.54.107.2 - - [09/Aug/2024:12:30:19 -0300] "POST /cormun/servlet/solicitudot?dfa5cbbdeb6d6d9a91496d6a0c2951ac,INS,0,0,false,,gx-no-cache=1723217359197 HTTP/1.1" 200 93
200.54.107.2 - - [09/Aug/2024:12:30:19 -0300] "GET /cormun/servlet/hpexe_return? HTTP/1.1" 200 1005
200.54.107.2 - - [09/Aug/2024:12:30:19 -0300] "GET /cormun/static/gxcfg.js?20221129846035 HTTP/1.1" 200 953
200.54.107.2 - - [09/Aug/2024:12:30:19 -0300] "GET /cormun/static/hpexe_return.js?20221129846037 HTTP/1.1" 200 1633
200.54.107.2 - - [09/Aug/2024:12:30:19 -0300] "GET /cormun/servlet/trsolicitudot HTTP/1.1" 200 8992
200.54.107.2 - - [09/Aug/2024:12:30:19 -0300] "GET /cormun//static/Resources/PXToolsGridUpdate.png HTTP/1.1" 200 470
200.54.107.2 - - [09/Aug/2024:12:30:19 -0300] "GET /cormun//static/Resources/PXToolsActionView.png HTTP/1.1" 200 398
200.54.107.2 - - [09/Aug/2024:12:30:19 -0300] "GET /cormun//static/Resources/PXToolsGridDelete.png HTTP/1.1" 200 538
200.54.107.2 - - [09/Aug/2024:12:30:19 -0300] "GET /cormun//static/Resources/PXToolsRemoveAllAction.png HTTP/1.1" 200 487
186.172.168.178 - - [09/Aug/2024:12:30:35 -0300] "POST /cormun/servlet/hlogin?39895c08c867870a678632d2a0e9c3da,gx-no-cache=1723217374842 HTTP/1.1" 200 445
46.105.97.78 - tomcat [09/Aug/2024:12:30:36 -0300] "GET /manager/html HTTP/1.1" 403 3196
186.172.168.178 - - [09/Aug/2024:12:30:41 -0300] "POST /cormun/servlet/hlogin?39895c08c867870a678632d2a0e9c3da,gx-no-cache=1723217381268 HTTP/1.1" 200 445
200.54.107.2 - - [09/Aug/2024:12:31:15 -0300] "POST /cormun/servlet/trsolicitudot?dfa5cbbdeb6d6d9a91496d6a0c2951ac,gx-no-cache=1723217415911 HTTP/1.1" 200 4881
200.54.107.2 - - [09/Aug/2024:12:31:15 -0300] "POST /cormun/servlet/trsolicitudot?dfa5cbbdeb6d6d9a91496d6a0c2951ac,gx-no-cache=1723217416064 HTTP/1.1" 200 4611
200.54.107.2 - - [09/Aug/2024:12:31:20 -0300] "GET /cormun/servlet/trautorizarsolicitud? HTTP/1.1" 200 8886
200.54.107.2 - - [09/Aug/2024:12:31:20 -0300] "GET /cormun/static/gxcfg.js?202211298474254 HTTP/1.1" 200 953
200.54.107.2 - - [09/Aug/2024:12:31:20 -0300] "GET /cormun/static/trautorizarsolicitud.js?202211298474588 HTTP/1.1" 200 53909
200.54.107.2 - - [09/Aug/2024:12:31:23 -0300] "POST /cormun/servlet/trautorizarsolicitud?dfa5cbbdeb6d6d9a91496d6a0c2951ac,,gx-no-cache=1723217424310 HTTP/1.1" 200 4812
200.54.107.2 - - [09/Aug/2024:12:31:23 -0300] "POST /cormun/servlet/trautorizarsolicitud?dfa5cbbdeb6d6d9a91496d6a0c2951ac,,gx-no-cache=1723217424436 HTTP/1.1" 200 4544
200.54.107.2 - - [09/Aug/2024:12:31:31 -0300] "GET /cormun/servlet/trlicencias? HTTP/1.1" 200 10526
200.54.107.2 - - [09/Aug/2024:12:32:10 -0300] "POST /cormun/servlet/trlicencias?dfa5cbbdeb6d6d9a91496d6a0c2951ac,,gx-no-cache=1723217470886 HTTP/1.1" 200 14285
190.171.141.114 - - [09/Aug/2024:12:33:58 -0300] "GET /cormun/servlet/hhome HTTP/1.1" 200 3322
190.171.141.114 - - [09/Aug/2024:12:33:58 -0300] "GET /cormun/servlet/hhome HTTP/1.1" 200 3332
190.171.141.114 - - [09/Aug/2024:12:33:58 -0300] "GET /cormun/servlet/hlogin HTTP/1.1" 200 1733
190.171.141.114 - - [09/Aug/2024:12:34:09 -0300] "POST /cormun/servlet/hlogin?0836cf8d37e758f8f9739ae0006238c4,gx-no-cache=1723217591041 HTTP/1.1" 200 90
190.171.141.114 - - [09/Aug/2024:12:34:09 -0300] "GET /cormun/servlet/hpexe_link HTTP/1.1" 200 948
190.171.141.114 - - [09/Aug/2024:12:34:09 -0300] "GET /cormun/servlet/hhome HTTP/1.1" 200 4006
190.171.141.114 - - [09/Aug/2024:12:34:13 -0300] "GET /cormun/servlet/trsolicitudot? HTTP/1.1" 200 9131
190.171.141.114 - - [09/Aug/2024:12:34:16 -0300] "POST /cormun/servlet/trsolicitudot?0836cf8d37e758f8f9739ae0006238c4,,gx-no-cache=1723217597988 HTTP/1.1" 200 107
190.171.141.114 - - [09/Aug/2024:12:34:16 -0300] "GET /cormun/servlet/trsolicitudadjuntos?2024,21626, HTTP/1.1" 200 9555
46.105.97.78 - tomcat [09/Aug/2024:12:34:20 -0300] "GET /manager/html HTTP/1.1" 403 3196
190.171.141.114 - - [09/Aug/2024:12:34:22 -0300] "GET /cormun/servlet/solicitudotadjuntos?INS,2024,21626,,1, HTTP/1.1" 200 6061
190.171.141.114 - - [09/Aug/2024:12:34:22 -0300] "GET /cormun/static/about:blank HTTP/1.1" 404 1011
190.171.141.114 - - [09/Aug/2024:12:34:22 -0300] "GET /cormun/servlet/solicitudotadjuntos?120b85743096c0ef7e22423f10104ce0c0898d8fd6a840810ce35baa26d3add1ef4c07d3d44dbf6c4856ddfeec82e0d5,gx-no-cache=1723217604185 HTTP/1.1" 200 30
190.171.141.114 - - [09/Aug/2024:12:34:22 -0300] "POST /cormun/servlet/solicitudotadjuntos?0836cf8d37e758f8f9739ae0006238c4,INS,2024,21626,,1,,gx-no-cache=1723217604209 HTTP/1.1" 200 3901
181.212.40.185 - - [09/Aug/2024:12:34:29 -0300] "POST /cormun/servlet/trlicencias?113b4da196b47925df72eb768a0b9ad8,gx-no-cache=1723217610722 HTTP/1.1" 440 972
190.171.141.114 - - [09/Aug/2024:12:34:29 -0300] "POST /cormun/servlet/solicitudotadjuntos?gx-no-cache=1723217611176 HTTP/1.1" 200 26
181.212.40.185 - - [09/Aug/2024:12:34:30 -0300] "GET /cormun/servlet/trlicencias HTTP/1.1" 200 7245
181.212.40.185 - - [09/Aug/2024:12:34:30 -0300] "GET /cormun/servlet/hlogin HTTP/1.1" 200 1738
181.212.40.185 - - [09/Aug/2024:12:34:43 -0300] "POST /cormun/servlet/hlogin?3f1053810b4acdde422ac4dc71be8fb6,gx-no-cache=1723217624734 HTTP/1.1" 200 90
181.212.40.185 - - [09/Aug/2024:12:34:43 -0300] "GET /cormun/servlet/hpexe_link HTTP/1.1" 200 957
181.212.40.185 - - [09/Aug/2024:12:34:44 -0300] "GET /cormun/servlet/trlicencias HTTP/1.1" 200 18640
190.171.141.114 - - [09/Aug/2024:12:35:13 -0300] "GET /cormun/servlet/solicitudotadjuntos?120b85743096c0ef7e22423f10104ce04c6e017721b022f20f9df068bab19062,gx-no-cache=1723217654298 HTTP/1.1" 200 30
190.171.141.114 - - [09/Aug/2024:12:35:13 -0300] "GET /cormun/servlet/solicitudotadjuntos?120b85743096c0ef7e22423f10104ce04c6e017721b022f20f9df068bab19062,gx-no-cache=1723217654325 HTTP/1.1" 200 30
190.171.141.114 - - [09/Aug/2024:12:35:13 -0300] "POST /cormun/servlet/solicitudotadjuntos?0836cf8d37e758f8f9739ae0006238c4,INS,2024,21626,,1, HTTP/1.1" 200 116
190.171.141.114 - - [09/Aug/2024:12:35:13 -0300] "GET /cormun/servlet/hpexe_return? HTTP/1.1" 200 1023
190.171.141.114 - - [09/Aug/2024:12:35:13 -0300] "GET /cormun/servlet/trsolicitudadjuntos?2024,21626, HTTP/1.1" 200 9869
190.171.141.114 - - [09/Aug/2024:12:35:22 -0300] "GET /cormun/PublicTempStorage/documento_sin_titulo8915775.pdf HTTP/1.1" 200 638312
190.171.141.114 - - [09/Aug/2024:12:36:22 -0300] "GET /cormun/servlet/trsolicitudadjuntos?2024,21626, HTTP/1.1" 200 9868
190.171.141.114 - - [09/Aug/2024:12:36:29 -0300] "GET /cormun/servlet/solicitudotadjuntos?DLT,2024,21626,CARNET,0, HTTP/1.1" 200 6038
190.171.141.114 - - [09/Aug/2024:12:36:29 -0300] "GET /cormun/static/Shared/jqueryui/images/ui-bg_highlight-soft_100_c6c2c8_1x100.png HTTP/1.1" 404 1117
190.171.141.114 - - [09/Aug/2024:12:36:29 -0300] "GET /cormun/static/Shared/jqueryui/images/ui-icons_82798d_256x240.png HTTP/1.1" 404 1089
190.171.141.114 - - [09/Aug/2024:12:36:29 -0300] "GET /cormun/static/Shared/jqueryui/images/ui-bg_flat_55_fafafa_40x100.png HTTP/1.1" 404 1097
190.171.141.114 - - [09/Aug/2024:12:36:29 -0300] "GET /cormun/static/Shared/jqueryui/images/ui-icons_8d78a5_256x240.png HTTP/1.1" 404 1089
190.171.141.114 - - [09/Aug/2024:12:36:29 -0300] "GET /cormun/PublicTempStorage/documento_sin_titulo5751951.pdf HTTP/1.1" 200 638312
190.171.141.114 - - [09/Aug/2024:12:36:32 -0300] "POST /cormun/servlet/solicitudotadjuntos?0836cf8d37e758f8f9739ae0006238c4,DLT,2024,21626,CARNET,0,,gx-no-cache=1723217733836 HTTP/1.1" 200 93
190.171.141.114 - - [09/Aug/2024:12:36:32 -0300] "GET /cormun/servlet/hpexe_return? HTTP/1.1" 200 1029
190.171.141.114 - - [09/Aug/2024:12:36:32 -0300] "GET /cormun/servlet/trsolicitudadjuntos?2024,21626, HTTP/1.1" 200 9559
190.171.141.114 - - [09/Aug/2024:12:36:35 -0300] "GET /cormun/servlet/solicitudotadjuntos?INS,2024,21626,,1, HTTP/1.1" 200 6061
190.171.141.114 - - [09/Aug/2024:12:36:35 -0300] "GET /cormun/static/about:blank HTTP/1.1" 404 1011
190.171.141.114 - - [09/Aug/2024:12:36:36 -0300] "GET /cormun/servlet/solicitudotadjuntos?120b85743096c0ef7e22423f10104ce0c0898d8fd6a840810ce35baa26d3add1ef4c07d3d44dbf6c4856ddfeec82e0d5,gx-no-cache=1723217737520 HTTP/1.1" 200 30
190.171.141.114 - - [09/Aug/2024:12:36:36 -0300] "POST /cormun/servlet/solicitudotadjuntos?0836cf8d37e758f8f9739ae0006238c4,INS,2024,21626,,1,,gx-no-cache=1723217737552 HTTP/1.1" 200 3900
190.171.141.114 - - [09/Aug/2024:12:36:40 -0300] "POST /cormun/servlet/solicitudotadjuntos?gx-no-cache=1723217741711 HTTP/1.1" 200 26
190.171.141.114 - - [09/Aug/2024:12:36:46 -0300] "GET /cormun/servlet/solicitudotadjuntos?120b85743096c0ef7e22423f10104ce04c6e017721b022f20f9df068bab19062,gx-no-cache=1723217748097 HTTP/1.1" 200 30
190.171.141.114 - - [09/Aug/2024:12:36:46 -0300] "GET /cormun/servlet/solicitudotadjuntos?120b85743096c0ef7e22423f10104ce04c6e017721b022f20f9df068bab19062,gx-no-cache=1723217748114 HTTP/1.1" 200 30
190.171.141.114 - - [09/Aug/2024:12:36:47 -0300] "POST /cormun/servlet/solicitudotadjuntos?0836cf8d37e758f8f9739ae0006238c4,INS,2024,21626,,1, HTTP/1.1" 200 116
190.171.141.114 - - [09/Aug/2024:12:36:47 -0300] "GET /cormun/servlet/hpexe_return? HTTP/1.1" 200 1023
190.171.141.114 - - [09/Aug/2024:12:36:47 -0300] "GET /cormun/servlet/trsolicitudadjuntos?2024,21626, HTTP/1.1" 200 9888
190.171.141.114 - - [09/Aug/2024:12:36:52 -0300] "POST /cormun/servlet/trsolicitudadjuntos?0836cf8d37e758f8f9739ae0006238c4,2024,21626,,gx-no-cache=1723217753594 HTTP/1.1" 200 90
190.171.141.114 - - [09/Aug/2024:12:36:52 -0300] "GET /cormun/servlet/hpexe_link HTTP/1.1" 200 966
190.171.141.114 - - [09/Aug/2024:12:36:52 -0300] "GET /cormun/servlet/trsolicitudot HTTP/1.1" 200 9130
190.171.141.114 - - [09/Aug/2024:12:37:02 -0300] "POST /cormun/servlet/trsolicitudot?0836cf8d37e758f8f9739ae0006238c4,gx-no-cache=1723217763956 HTTP/1.1" 200 6371
46.105.97.78 - tomcat [09/Aug/2024:12:38:03 -0300] "GET /manager/html HTTP/1.1" 403 3196
190.171.141.114 - - [09/Aug/2024:12:40:42 -0300] "POST /cormun/servlet/trsolicitudot?0836cf8d37e758f8f9739ae0006238c4,gx-no-cache=1723217984054 HTTP/1.1" 200 107
190.171.141.114 - - [09/Aug/2024:12:40:42 -0300] "GET /cormun/servlet/trsolicitudadjuntos?2024,21626, HTTP/1.1" 200 9882
190.171.141.114 - - [09/Aug/2024:12:40:45 -0300] "GET /cormun/servlet/solicitudotadjuntos?INS,2024,21626,,1, HTTP/1.1" 200 6062
190.171.141.114 - - [09/Aug/2024:12:40:45 -0300] "GET /cormun/static/about:blank HTTP/1.1" 404 1011
190.171.141.114 - - [09/Aug/2024:12:40:46 -0300] "GET /cormun/servlet/solicitudotadjuntos?120b85743096c0ef7e22423f10104ce0c0898d8fd6a840810ce35baa26d3add1ef4c07d3d44dbf6c4856ddfeec82e0d5,gx-no-cache=1723217987342 HTTP/1.1" 200 30
190.171.141.114 - - [09/Aug/2024:12:40:46 -0300] "POST /cormun/servlet/solicitudotadjuntos?0836cf8d37e758f8f9739ae0006238c4,INS,2024,21626,,1,,gx-no-cache=1723217987361 HTTP/1.1" 200 3901
190.171.141.114 - - [09/Aug/2024:12:40:49 -0300] "POST /cormun/servlet/solicitudotadjuntos?gx-no-cache=1723217991121 HTTP/1.1" 200 26
190.171.141.114 - - [09/Aug/2024:12:41:06 -0300] "GET /cormun/servlet/solicitudotadjuntos?120b85743096c0ef7e22423f10104ce04c6e017721b022f20f9df068bab19062,gx-no-cache=1723218007330 HTTP/1.1" 200 30
190.171.141.114 - - [09/Aug/2024:12:41:06 -0300] "GET /cormun/servlet/solicitudotadjuntos?120b85743096c0ef7e22423f10104ce04c6e017721b022f20f9df068bab19062,gx-no-cache=1723218007348 HTTP/1.1" 200 30
190.171.141.114 - - [09/Aug/2024:12:41:06 -0300] "POST /cormun/servlet/solicitudotadjuntos?0836cf8d37e758f8f9739ae0006238c4,INS,2024,21626,,1, HTTP/1.1" 200 116
190.171.141.114 - - [09/Aug/2024:12:41:06 -0300] "GET /cormun/servlet/hpexe_return? HTTP/1.1" 200 1023
190.171.141.114 - - [09/Aug/2024:12:41:06 -0300] "GET /cormun/servlet/trsolicitudadjuntos?2024,21626, HTTP/1.1" 200 10160
46.105.97.78 - tomcat [09/Aug/2024:12:41:46 -0300] "GET /manager/html HTTP/1.1" 403 3196
190.171.141.114 - - [09/Aug/2024:12:43:41 -0300] "GET /cormun/servlet/trsolicitudot? HTTP/1.1" 200 9136
190.171.141.114 - - [09/Aug/2024:12:43:46 -0300] "POST /cormun/servlet/trsolicitudot?0836cf8d37e758f8f9739ae0006238c4,,gx-no-cache=1723218168093 HTTP/1.1" 200 106
190.171.141.114 - - [09/Aug/2024:12:43:47 -0300] "GET /cormun/servlet/trsolicitudadjuntos?2024,21622, HTTP/1.1" 200 9859
190.171.141.114 - - [09/Aug/2024:12:43:54 -0300] "POST /cormun/servlet/trsolicitudadjuntos?0836cf8d37e758f8f9739ae0006238c4,2024,21622,,gx-no-cache=1723218176180 HTTP/1.1" 200 90
190.171.141.114 - - [09/Aug/2024:12:43:55 -0300] "GET /cormun/servlet/hpexe_link HTTP/1.1" 200 966
190.171.141.114 - - [09/Aug/2024:12:43:55 -0300] "GET /cormun/servlet/trsolicitudot HTTP/1.1" 200 9130
190.171.141.114 - - [09/Aug/2024:12:43:59 -0300] "POST /cormun/servlet/trsolicitudot?0836cf8d37e758f8f9739ae0006238c4,gx-no-cache=1723218180821 HTTP/1.1" 200 6382
46.105.97.78 - tomcat [09/Aug/2024:12:45:31 -0300] "GET /manager/html HTTP/1.1" 403 3196
46.105.97.78 - tomcat [09/Aug/2024:12:49:13 -0300] "GET /manager/html HTTP/1.1" 403 3196
200.54.103.162 - - [09/Aug/2024:12:50:17 -0300] "GET /cormun/servlet/hhome HTTP/1.1" 200 3326
200.54.103.162 - - [09/Aug/2024:12:50:17 -0300] "GET /cormun/servlet/hlogin HTTP/1.1" 200 1733
200.54.103.162 - - [09/Aug/2024:12:50:20 -0300] "POST /cormun/servlet/hlogin?13e5c5da637042c16ce56664737db3d3,gx-no-cache=1723218562253 HTTP/1.1" 200 90
200.54.103.162 - - [09/Aug/2024:12:50:20 -0300] "GET /cormun/servlet/hpexe_link HTTP/1.1" 200 952
200.54.103.162 - - [09/Aug/2024:12:50:20 -0300] "GET /cormun/servlet/hhome HTTP/1.1" 200 4346
200.54.103.162 - - [09/Aug/2024:12:50:22 -0300] "GET /cormun/servlet/trlicencias? HTTP/1.1" 200 14091
190.171.152.114 - - [09/Aug/2024:12:52:06 -0300] "POST /cormun/servlet/hlogin?f5f3471e0504fc78bd20dab9226d1f6a,gx-no-cache=1723218667075 HTTP/1.1" 440 972
190.171.152.114 - - [09/Aug/2024:12:52:07 -0300] "GET /cormun/servlet/hlogin HTTP/1.1" 200 1727
190.171.152.114 - - [09/Aug/2024:12:52:23 -0300] "POST /cormun/servlet/hlogin?19dd4a0cf6766181488bf44d550b420c,gx-no-cache=1723218684867 HTTP/1.1" 200 90
190.171.152.114 - - [09/Aug/2024:12:52:23 -0300] "GET /cormun/servlet/hpexe_link HTTP/1.1" 200 948
190.171.152.114 - - [09/Aug/2024:12:52:23 -0300] "GET /cormun/servlet/hhome HTTP/1.1" 200 4326
190.171.152.114 - - [09/Aug/2024:12:52:28 -0300] "GET /cormun/servlet/trpermisosgoce? HTTP/1.1" 200 13423
190.171.152.114 - - [09/Aug/2024:12:52:32 -0300] "GET /cormun/servlet/permisogoce?INS,0,,, HTTP/1.1" 200 7219
190.171.152.114 - - [09/Aug/2024:12:52:41 -0300] "GET /cormun/servlet/permisogoce?a416d6d27b477af9cc96ff8bf3e56bc2d1817bbfeb7849f5a8854616ff917b9238a6e07b55cff18b29f7d05f0a3911b7dca5580ff226fabb431c2ae2d584b6d3,gx-no-cache=1723218703049 HTTP/1.1" 200 74
190.171.152.114 - - [09/Aug/2024:12:52:43 -0300] "GET /cormun/static/menuarrow.gif HTTP/1.1" 404 1015
190.171.152.114 - - [09/Aug/2024:12:52:48 -0300] "GET /cormun/servlet/permisogoce?a416d6d27b477af9cc96ff8bf3e56bc293823220fd236b8c9cf5b4f9ca7fd9c5a6dc3f459f1188c952e618677ece3a49bac4d9b3be569a21e228d978d380b035,gx-no-cache=1723218709302 HTTP/1.1" 200 45
190.171.141.114 - - [09/Aug/2024:12:52:48 -0300] "POST /cormun/servlet/trsolicitudot?0836cf8d37e758f8f9739ae0006238c4,gx-no-cache=1723218709531 HTTP/1.1" 200 6382
190.171.152.114 - - [09/Aug/2024:12:52:49 -0300] "POST /cormun/servlet/permisogoce?19dd4a0cf6766181488bf44d550b420c,INS,0,,,,gx-no-cache=1723218710812 HTTP/1.1" 200 93
190.171.152.114 - - [09/Aug/2024:12:52:49 -0300] "GET /cormun/servlet/hpexe_return? HTTP/1.1" 200 1007
190.171.152.114 - - [09/Aug/2024:12:52:50 -0300] "GET /cormun/servlet/trpermisosgoce HTTP/1.1" 200 13648
190.171.152.114 - - [09/Aug/2024:12:52:53 -0300] "GET /cormun/servlet/apermisogoceprn?18039338,P,20240809115200,PU HTTP/1.1" 200 1654
46.105.97.78 - tomcat [09/Aug/2024:12:52:54 -0300] "GET /manager/html HTTP/1.1" 403 3196
190.171.152.138 - - [09/Aug/2024:12:55:17 -0300] "GET /cormun/servlet/hlogin HTTP/1.1" 200 1717
190.171.152.138 - - [09/Aug/2024:12:55:39 -0300] "POST /cormun/servlet/hlogin?e77f8e94bf25f117ff84ea5f5a8cab43,gx-no-cache=1723218880575 HTTP/1.1" 200 90
190.171.152.138 - - [09/Aug/2024:12:55:39 -0300] "GET /cormun/servlet/hpexe_link HTTP/1.1" 200 950
190.171.152.138 - - [09/Aug/2024:12:55:40 -0300] "GET /cormun/servlet/hhome HTTP/1.1" 200 3860
190.171.152.138 - - [09/Aug/2024:12:55:48 -0300] "GET /cormun/servlet/trpermisosgoce? HTTP/1.1" 200 10215
190.171.152.138 - - [09/Aug/2024:12:55:54 -0300] "GET /cormun/servlet/permisogoce?INS,0,,, HTTP/1.1" 200 6726
190.171.152.138 - - [09/Aug/2024:12:55:54 -0300] "GET /cormun/static/gxcfg.js?20201215124560 HTTP/1.1" 200 953
190.171.152.138 - - [09/Aug/2024:12:55:54 -0300] "GET /cormun/static/Resources/prompt.gif HTTP/1.1" 200 902
190.171.152.138 - - [09/Aug/2024:12:55:54 -0300] "GET /cormun/static/permisogoce.js?20201215124939 HTTP/1.1" 200 27790
190.171.152.138 - - [09/Aug/2024:12:56:12 -0300] "GET /cormun/servlet/permisogoce?ec900c839f662e65b7910e1c64f227b71e246294905d1324a7abfde5ece28725dba4d8a496c5a50960d01cb2544a43569503600a5dc10cb04370dfba6d57d02a,gx-no-cache=1723218912960 HTTP/1.1" 200 80
190.171.152.138 - - [09/Aug/2024:12:56:14 -0300] "GET /cormun/static/menuarrow.gif HTTP/1.1" 404 1015
190.171.152.138 - - [09/Aug/2024:12:56:33 -0300] "GET /cormun/servlet/permisogoce?ec900c839f662e65b7910e1c64f227b7fe4aff7c8ec3a78029a6fb992a40bf149b8013043d84c6469bc6e398a407ce288cd1b0c3c37ce821431de4a8b7b69077,gx-no-cache=1723218933976 HTTP/1.1" 200 47
46.105.97.78 - tomcat [09/Aug/2024:12:56:34 -0300] "GET /manager/html HTTP/1.1" 403 3196
190.171.152.138 - - [09/Aug/2024:12:56:38 -0300] "POST /cormun/servlet/permisogoce?e77f8e94bf25f117ff84ea5f5a8cab43,INS,0,,,,gx-no-cache=1723218939139 HTTP/1.1" 200 93
190.171.152.138 - - [09/Aug/2024:12:56:38 -0300] "GET /cormun/servlet/hpexe_return? HTTP/1.1" 200 1009
190.171.152.138 - - [09/Aug/2024:12:56:39 -0300] "GET /cormun/static/gxcfg.js?20221129846035 HTTP/1.1" 200 953
190.171.152.138 - - [09/Aug/2024:12:56:39 -0300] "GET /cormun/static/hpexe_return.js?20221129846037 HTTP/1.1" 200 1633
190.171.152.138 - - [09/Aug/2024:12:56:39 -0300] "GET /cormun/servlet/trpermisosgoce HTTP/1.1" 200 10560
190.171.152.138 - - [09/Aug/2024:12:56:39 -0300] "GET /cormun//static/Resources/PXToolsGridUpdate.png HTTP/1.1" 200 470
190.171.152.138 - - [09/Aug/2024:12:56:43 -0300] "GET /cormun/servlet/apermisogoceprn?14515568,P,20240809115522,PU HTTP/1.1" 200 1653
46.105.97.78 - tomcat [09/Aug/2024:13:00:13 -0300] "GET /manager/html HTTP/1.1" 403 3196
154.213.184.18 - - [09/Aug/2024:13:03:52 -0300] "CONNECT example.com:443 HTTP/1.1" 400 -
46.105.97.78 - tomcat [09/Aug/2024:13:03:53 -0300] "GET /manager/html HTTP/1.1" 403 3196
200.54.103.162 - - [09/Aug/2024:13:06:33 -0300] "GET /cormun/servlet/hhome HTTP/1.1" 200 4334
200.54.103.162 - - [09/Aug/2024:13:06:36 -0300] "GET /cormun/servlet/trpermisosgoce? HTTP/1.1" 200 15979
200.54.103.162 - - [09/Aug/2024:13:06:36 -0300] "GET /cormun/static/gxcfg.js?2020121631564 HTTP/1.1" 200 953
200.54.103.162 - - [09/Aug/2024:13:06:36 -0300] "GET /cormun/static/trpermisosgoce.js?2020121633681 HTTP/1.1" 200 35904
200.54.103.162 - - [09/Aug/2024:13:06:37 -0300] "GET /cormun//static/Resources/PXToolsGridDelete.png HTTP/1.1" 200 538
200.54.103.162 - - [09/Aug/2024:13:06:44 -0300] "GET /cormun/servlet/permisogoce?INS,0,,, HTTP/1.1" 200 7239
200.54.103.162 - - [09/Aug/2024:13:06:44 -0300] "GET /cormun/static/gxcfg.js?20201215124560 HTTP/1.1" 200 953
200.54.103.162 - - [09/Aug/2024:13:06:44 -0300] "GET /cormun/static/Resources/prompt.gif HTTP/1.1" 200 902
200.54.103.162 - - [09/Aug/2024:13:06:44 -0300] "GET /cormun/static/permisogoce.js?20201215124939 HTTP/1.1" 200 27790
200.54.103.162 - - [09/Aug/2024:13:06:53 -0300] "GET /cormun/servlet/permisogoce?8993b1e42e569a1c3ad56b9902e9c94a43abb228883701d7e0c8bef4cf9d270b354117b7e9af6ab762046e5d67da677c058f0c97426cfc7c11c12c85bcdd9e01,gx-no-cache=1723219555134 HTTP/1.1" 200 73
200.54.103.162 - - [09/Aug/2024:13:06:53 -0300] "GET /cormun/static/menuarrow.gif HTTP/1.1" 404 1015
200.54.103.162 - - [09/Aug/2024:13:06:58 -0300] "GET /cormun/servlet/permisogoce?8993b1e42e569a1c3ad56b9902e9c94ae8e554f4acaad105942932d88d10c9b91e1c60cf4c4050e7f747e757dd4feab13aec11543dbd96f4fdc1c866954e2ad1,gx-no-cache=1723219560107 HTTP/1.1" 200 47
200.54.103.162 - - [09/Aug/2024:13:07:03 -0300] "POST /cormun/servlet/permisogoce?13e5c5da637042c16ce56664737db3d3,INS,0,,,,gx-no-cache=1723219563662 HTTP/1.1" 200 93
200.54.103.162 - - [09/Aug/2024:13:07:03 -0300] "GET /cormun/servlet/hpexe_return? HTTP/1.1" 200 1010
200.54.103.162 - - [09/Aug/2024:13:07:03 -0300] "GET /cormun/static/hpexe_return.js?20221129846037 HTTP/1.1" 200 1633
200.54.103.162 - - [09/Aug/2024:13:07:03 -0300] "GET /cormun/static/gxcfg.js?20221129846035 HTTP/1.1" 200 953
200.54.103.162 - - [09/Aug/2024:13:07:03 -0300] "GET /cormun/servlet/trpermisosgoce HTTP/1.1" 200 16197
200.54.103.162 - - [09/Aug/2024:13:07:09 -0300] "GET /cormun/servlet/permisogoce?INS,0,,, HTTP/1.1" 200 7239
200.54.103.162 - - [09/Aug/2024:13:07:17 -0300] "GET /cormun/servlet/permisogoce?8993b1e42e569a1c3ad56b9902e9c94a5094636945dfb1c3ea11ca5413676b27354117b7e9af6ab762046e5d67da677c058f0c97426cfc7c11c12c85bcdd9e01,gx-no-cache=1723219579565 HTTP/1.1" 200 92
200.54.103.162 - - [09/Aug/2024:13:07:24 -0300] "GET /cormun/servlet/permisogoce?8993b1e42e569a1c3ad56b9902e9c94a6cd75d3fd08c73bb705b0b0608d307ff943de06474e75310fc0a01b82217f1073aec11543dbd96f4fdc1c866954e2ad1,gx-no-cache=1723219586347 HTTP/1.1" 200 45
200.54.103.162 - - [09/Aug/2024:13:07:26 -0300] "POST /cormun/servlet/permisogoce?13e5c5da637042c16ce56664737db3d3,INS,0,,,,gx-no-cache=1723219588197 HTTP/1.1" 200 93
200.54.103.162 - - [09/Aug/2024:13:07:26 -0300] "GET /cormun/servlet/hpexe_return? HTTP/1.1" 200 1010
200.54.103.162 - - [09/Aug/2024:13:07:27 -0300] "GET /cormun/servlet/trpermisosgoce HTTP/1.1" 200 16444
200.54.103.162 - - [09/Aug/2024:13:07:32 -0300] "GET /cormun/servlet/permisogoce?INS,0,,, HTTP/1.1" 200 7238
46.105.97.78 - tomcat [09/Aug/2024:13:07:32 -0300] "GET /manager/html HTTP/1.1" 403 3196
209.141.51.21 - - [09/Aug/2024:13:07:35 -0300] "POST /goform/set_LimitClient_cfg HTTP/1.1" 404 1013
200.54.103.162 - - [09/Aug/2024:13:08:38 -0300] "GET /cormun/servlet/permisogoce?8993b1e42e569a1c3ad56b9902e9c94a068a8e2bc9502a8a03324dda6b8ab8f3354117b7e9af6ab762046e5d67da677c058f0c97426cfc7c11c12c85bcdd9e01,gx-no-cache=1723219659846 HTTP/1.1" 200 68
200.54.103.162 - - [09/Aug/2024:13:08:43 -0300] "GET /cormun/servlet/permisogoce?8993b1e42e569a1c3ad56b9902e9c94a2836165a2e653e4b6282b8fd05136a5f4d3ab6c69f773cae238427cdccb1f9e63aec11543dbd96f4fdc1c866954e2ad1,gx-no-cache=1723219664860 HTTP/1.1" 200 47
200.54.103.162 - - [09/Aug/2024:13:08:45 -0300] "POST /cormun/servlet/permisogoce?13e5c5da637042c16ce56664737db3d3,INS,0,,,,gx-no-cache=1723219667087 HTTP/1.1" 200 93
200.54.103.162 - - [09/Aug/2024:13:08:45 -0300] "GET /cormun/servlet/hpexe_return? HTTP/1.1" 200 1010
200.54.103.162 - - [09/Aug/2024:13:08:46 -0300] "GET /cormun/servlet/trpermisosgoce HTTP/1.1" 200 16664
200.54.103.162 - - [09/Aug/2024:13:08:53 -0300] "GET /cormun/servlet/permisogoce?INS,0,,, HTTP/1.1" 200 7239
200.54.103.162 - - [09/Aug/2024:13:09:02 -0300] "GET /cormun/servlet/permisogoce?8993b1e42e569a1c3ad56b9902e9c94ae6f24195ec3a5dc49f0431ca8d3da7ab354117b7e9af6ab762046e5d67da677c058f0c97426cfc7c11c12c85bcdd9e01,gx-no-cache=1723219684366 HTTP/1.1" 200 75
200.54.103.162 - - [09/Aug/2024:13:09:10 -0300] "GET /cormun/servlet/permisogoce?8993b1e42e569a1c3ad56b9902e9c94a854359fae0ee33675d082704f1624d4f72251fd0f990c70e0f8df53b4c5b99823aec11543dbd96f4fdc1c866954e2ad1,gx-no-cache=1723219691772 HTTP/1.1" 200 47
200.54.103.162 - - [09/Aug/2024:13:09:12 -0300] "POST /cormun/servlet/permisogoce?13e5c5da637042c16ce56664737db3d3,INS,0,,,,gx-no-cache=1723219694279 HTTP/1.1" 200 93
200.54.103.162 - - [09/Aug/2024:13:09:13 -0300] "GET /cormun/servlet/hpexe_return? HTTP/1.1" 200 1010
200.54.103.162 - - [09/Aug/2024:13:09:13 -0300] "GET /cormun/servlet/trpermisosgoce HTTP/1.1" 200 16895
200.54.103.162 - - [09/Aug/2024:13:09:18 -0300] "GET /cormun/servlet/permisogoce?INS,0,,, HTTP/1.1" 200 7239
200.54.103.162 - - [09/Aug/2024:13:09:33 -0300] "GET /cormun/servlet/permisogoce?8993b1e42e569a1c3ad56b9902e9c94a6978c5ac62b0fbaf5ab9915130dff3d1354117b7e9af6ab762046e5d67da677c058f0c97426cfc7c11c12c85bcdd9e01,gx-no-cache=1723219715439 HTTP/1.1" 200 82
200.54.103.162 - - [09/Aug/2024:13:09:42 -0300] "GET /cormun/servlet/permisogoce?8993b1e42e569a1c3ad56b9902e9c94adcc53a57955d9bcad014734d3287537fb0b9bc512eabf27c36a5e2557e500f1c3aec11543dbd96f4fdc1c866954e2ad1,gx-no-cache=1723219723732 HTTP/1.1" 200 47
200.54.103.162 - - [09/Aug/2024:13:09:44 -0300] "POST /cormun/servlet/permisogoce?13e5c5da637042c16ce56664737db3d3,INS,0,,,,gx-no-cache=1723219725494 HTTP/1.1" 200 93
200.54.103.162 - - [09/Aug/2024:13:09:44 -0300] "GET /cormun/servlet/hpexe_return? HTTP/1.1" 200 1010
200.54.103.162 - - [09/Aug/2024:13:09:44 -0300] "GET /cormun/servlet/trpermisosgoce HTTP/1.1" 200 17108
200.54.103.162 - - [09/Aug/2024:13:09:49 -0300] "GET /cormun/servlet/permisogoce?INS,0,,, HTTP/1.1" 200 7239
200.54.103.162 - - [09/Aug/2024:13:10:03 -0300] "GET /cormun/servlet/permisogoce?8993b1e42e569a1c3ad56b9902e9c94a6c7fbf3517a65109dfc751639207313d354117b7e9af6ab762046e5d67da677c058f0c97426cfc7c11c12c85bcdd9e01,gx-no-cache=1723219745158 HTTP/1.1" 200 79
200.54.103.162 - - [09/Aug/2024:13:10:08 -0300] "GET /cormun/servlet/permisogoce?8993b1e42e569a1c3ad56b9902e9c94a3a8eadc830ca0b79b6ba6b8edbb16a11a1e6b3d232cb8e43ebd6bb6d53a7c6cf3aec11543dbd96f4fdc1c866954e2ad1,gx-no-cache=1723219750548 HTTP/1.1" 200 47
200.54.103.162 - - [09/Aug/2024:13:10:11 -0300] "POST /cormun/servlet/permisogoce?13e5c5da637042c16ce56664737db3d3,INS,0,,,,gx-no-cache=1723219752454 HTTP/1.1" 200 93
200.54.103.162 - - [09/Aug/2024:13:10:11 -0300] "GET /cormun/servlet/hpexe_return? HTTP/1.1" 200 1010
200.54.103.162 - - [09/Aug/2024:13:10:11 -0300] "GET /cormun/servlet/trpermisosgoce HTTP/1.1" 200 17319
200.54.103.162 - - [09/Aug/2024:13:10:19 -0300] "GET /cormun/servlet/permisogoce?INS,0,,, HTTP/1.1" 200 7239
200.54.103.162 - - [09/Aug/2024:13:10:26 -0300] "GET /cormun/servlet/permisogoce?8993b1e42e569a1c3ad56b9902e9c94aaf24f3531e20413bc0745428e811bc7b354117b7e9af6ab762046e5d67da677c058f0c97426cfc7c11c12c85bcdd9e01,gx-no-cache=1723219768142 HTTP/1.1" 200 83
200.54.103.162 - - [09/Aug/2024:13:10:31 -0300] "GET /cormun/servlet/permisogoce?8993b1e42e569a1c3ad56b9902e9c94a1b2d7f9e81977913fa4dc3386f741a7d3e89fef1bc25c455e56bac144f5a10e13aec11543dbd96f4fdc1c866954e2ad1,gx-no-cache=1723219772867 HTTP/1.1" 200 47
200.54.103.162 - - [09/Aug/2024:13:10:34 -0300] "POST /cormun/servlet/permisogoce?13e5c5da637042c16ce56664737db3d3,INS,0,,,,gx-no-cache=1723219775319 HTTP/1.1" 200 93
200.54.103.162 - - [09/Aug/2024:13:10:34 -0300] "GET /cormun/servlet/hpexe_return? HTTP/1.1" 200 1010
200.54.103.162 - - [09/Aug/2024:13:10:34 -0300] "GET /cormun/servlet/trpermisosgoce HTTP/1.1" 200 17529
200.54.103.162 - - [09/Aug/2024:13:10:39 -0300] "GET /cormun/servlet/permisogoce?INS,0,,, HTTP/1.1" 200 7239
200.54.103.162 - - [09/Aug/2024:13:10:49 -0300] "GET /cormun/servlet/permisogoce?8993b1e42e569a1c3ad56b9902e9c94a7b3de914e318b2d01cb5a63ef7da3606354117b7e9af6ab762046e5d67da677c058f0c97426cfc7c11c12c85bcdd9e01,gx-no-cache=1723219790862 HTTP/1.1" 200 81
200.54.103.162 - - [09/Aug/2024:13:10:56 -0300] "GET /cormun/servlet/permisogoce?8993b1e42e569a1c3ad56b9902e9c94aa776ba6d21f4d9f5a1c6d71d8e6402e5409580b00341b0fe54fb9e286b2b5b774ed487613bfc4757c0dc72ec2eafec95,gx-no-cache=1723219798581 HTTP/1.1" 200 48
200.54.103.162 - - [09/Aug/2024:13:11:08 -0300] "POST /cormun/servlet/permisogoce?13e5c5da637042c16ce56664737db3d3,INS,0,,,,gx-no-cache=1723219809887 HTTP/1.1" 200 93
200.54.103.162 - - [09/Aug/2024:13:11:08 -0300] "GET /cormun/servlet/hpexe_return? HTTP/1.1" 200 1010
200.54.103.162 - - [09/Aug/2024:13:11:08 -0300] "GET /cormun/servlet/trpermisosgoce HTTP/1.1" 200 17708
46.105.97.78 - tomcat [09/Aug/2024:13:11:13 -0300] "GET /manager/html HTTP/1.1" 403 3196
200.54.103.162 - - [09/Aug/2024:13:11:14 -0300] "GET /cormun/servlet/permisogoce?INS,0,,, HTTP/1.1" 200 7238
200.54.103.162 - - [09/Aug/2024:13:11:21 -0300] "GET /cormun/servlet/permisogoce?8993b1e42e569a1c3ad56b9902e9c94adfce525143b64bf4f8115c053c42de2c189c8a8133d9f5b0149733208139929016275918bba920e74253693a26b85ed9,gx-no-cache=1723219823486 HTTP/1.1" 200 83
200.54.103.162 - - [09/Aug/2024:13:11:27 -0300] "GET /cormun/servlet/permisogoce?8993b1e42e569a1c3ad56b9902e9c94abaad63f6d52afbd0ca97469e37d73d169b218f0c4f5bbe3b10abeb2f04df6cf320e9948248c7834b82a031550f5a1237,gx-no-cache=1723219829172 HTTP/1.1" 200 48
200.54.103.162 - - [09/Aug/2024:13:11:32 -0300] "POST /cormun/servlet/permisogoce?13e5c5da637042c16ce56664737db3d3,INS,0,,,,gx-no-cache=1723219833975 HTTP/1.1" 200 93
200.54.103.162 - - [09/Aug/2024:13:11:32 -0300] "GET /cormun/servlet/hpexe_return? HTTP/1.1" 200 1010
200.54.103.162 - - [09/Aug/2024:13:11:32 -0300] "GET /cormun/servlet/trpermisosgoce HTTP/1.1" 200 17887
154.213.184.25 - - [09/Aug/2024:13:11:36 -0300] "CONNECT google.com:443 HTTP/1.1" 400 -
200.54.103.162 - - [09/Aug/2024:13:11:37 -0300] "GET /cormun/servlet/permisogoce?INS,0,,, HTTP/1.1" 200 7238
200.54.103.162 - - [09/Aug/2024:13:11:44 -0300] "GET /cormun/servlet/permisogoce?8993b1e42e569a1c3ad56b9902e9c94a43a07489ac97073b81d1a62ced074f8e354117b7e9af6ab762046e5d67da677c058f0c97426cfc7c11c12c85bcdd9e01,gx-no-cache=1723219845902 HTTP/1.1" 200 77
200.54.103.162 - - [09/Aug/2024:13:11:49 -0300] "GET /cormun/servlet/permisogoce?8993b1e42e569a1c3ad56b9902e9c94a11d7d8d834f821f5ee97da01bd7d2c9ad374522a8dddb6bb4e37ed51e36faa853aec11543dbd96f4fdc1c866954e2ad1,gx-no-cache=1723219850677 HTTP/1.1" 200 47
200.54.103.162 - - [09/Aug/2024:13:11:50 -0300] "POST /cormun/servlet/permisogoce?13e5c5da637042c16ce56664737db3d3,INS,0,,,,gx-no-cache=1723219852287 HTTP/1.1" 200 93
200.54.103.162 - - [09/Aug/2024:13:11:50 -0300] "GET /cormun/servlet/hpexe_return? HTTP/1.1" 200 1010
200.54.103.162 - - [09/Aug/2024:13:11:51 -0300] "GET /cormun/servlet/trpermisosgoce HTTP/1.1" 200 18091
200.54.103.162 - - [09/Aug/2024:13:11:58 -0300] "GET /cormun/servlet/permisogoce?INS,0,,, HTTP/1.1" 200 7239
200.54.103.162 - - [09/Aug/2024:13:12:04 -0300] "GET /cormun/servlet/permisogoce?8993b1e42e569a1c3ad56b9902e9c94adbd967750d12b39e3f27acc2b8a6da2a354117b7e9af6ab762046e5d67da677c058f0c97426cfc7c11c12c85bcdd9e01,gx-no-cache=1723219866198 HTTP/1.1" 200 77
200.54.103.162 - - [09/Aug/2024:13:12:09 -0300] "GET /cormun/servlet/permisogoce?8993b1e42e569a1c3ad56b9902e9c94a8d8686a213c15ba9792ed174bc32815346ff70208f9487c03a3ddf0f28889a9b3aec11543dbd96f4fdc1c866954e2ad1,gx-no-cache=1723219871508 HTTP/1.1" 200 48
200.54.103.162 - - [09/Aug/2024:13:12:12 -0300] "POST /cormun/servlet/permisogoce?13e5c5da637042c16ce56664737db3d3,INS,0,,,,gx-no-cache=1723219873415 HTTP/1.1" 200 93
200.54.103.162 - - [09/Aug/2024:13:12:12 -0300] "GET /cormun/servlet/hpexe_return? HTTP/1.1" 200 1010
200.54.103.162 - - [09/Aug/2024:13:12:12 -0300] "GET /cormun/servlet/trpermisosgoce HTTP/1.1" 200 18272
200.54.103.162 - - [09/Aug/2024:13:12:18 -0300] "GET /cormun/servlet/permisogoce?INS,0,,, HTTP/1.1" 200 7239
200.54.103.162 - - [09/Aug/2024:13:12:26 -0300] "GET /cormun/servlet/permisogoce?8993b1e42e569a1c3ad56b9902e9c94a18f08800037515ca30237981f21c590f354117b7e9af6ab762046e5d67da677c058f0c97426cfc7c11c12c85bcdd9e01,gx-no-cache=1723219888054 HTTP/1.1" 200 81
200.54.103.162 - - [09/Aug/2024:13:12:31 -0300] "GET /cormun/servlet/permisogoce?8993b1e42e569a1c3ad56b9902e9c94a5b2fd3463d9be88ace7e1292386a7f0854ea5c4f071050983e2352f58f8780913aec11543dbd96f4fdc1c866954e2ad1,gx-no-cache=1723219893108 HTTP/1.1" 200 45
200.54.103.162 - - [09/Aug/2024:13:12:33 -0300] "POST /cormun/servlet/permisogoce?13e5c5da637042c16ce56664737db3d3,INS,0,,,,gx-no-cache=1723219895287 HTTP/1.1" 200 93
200.54.103.162 - - [09/Aug/2024:13:12:34 -0300] "GET /cormun/servlet/hpexe_return? HTTP/1.1" 200 1010
200.54.103.162 - - [09/Aug/2024:13:12:34 -0300] "GET /cormun/servlet/trpermisosgoce HTTP/1.1" 200 18481
200.54.103.162 - - [09/Aug/2024:13:12:46 -0300] "GET /cormun/servlet/permisogoce?INS,0,,, HTTP/1.1" 200 7238
200.54.103.162 - - [09/Aug/2024:13:12:56 -0300] "GET /cormun/servlet/permisogoce?8993b1e42e569a1c3ad56b9902e9c94a9e5d2630050d63d92ed4848d9124e1bd354117b7e9af6ab762046e5d67da677c058f0c97426cfc7c11c12c85bcdd9e01,gx-no-cache=1723219918383 HTTP/1.1" 200 84
200.54.103.162 - - [09/Aug/2024:13:13:03 -0300] "GET /cormun/servlet/permisogoce?8993b1e42e569a1c3ad56b9902e9c94a5d158633d1718f9643b48047b62f5aea2827283f33e538a7fb8d5dc3a82d8d663aec11543dbd96f4fdc1c866954e2ad1,gx-no-cache=1723219925557 HTTP/1.1" 200 46
190.171.142.26 - - [09/Aug/2024:13:13:05 -0300] "GET /cormun/servlet/hlogin HTTP/1.1" 200 1725
190.171.142.26 - - [09/Aug/2024:13:13:05 -0300] "GET /cormun/servlet/hlogin HTTP/1.1" 200 1735
200.54.103.162 - - [09/Aug/2024:13:13:06 -0300] "POST /cormun/servlet/permisogoce?13e5c5da637042c16ce56664737db3d3,INS,0,,,,gx-no-cache=1723219927399 HTTP/1.1" 200 93
200.54.103.162 - - [09/Aug/2024:13:13:06 -0300] "GET /cormun/servlet/hpexe_return? HTTP/1.1" 200 1010
200.54.103.162 - - [09/Aug/2024:13:13:06 -0300] "GET /cormun/servlet/trpermisosgoce HTTP/1.1" 200 18557
200.54.103.162 - - [09/Aug/2024:13:13:10 -0300] "GET /cormun/servlet/permisogoce?INS,0,,, HTTP/1.1" 200 7239
190.171.142.26 - - [09/Aug/2024:13:13:12 -0300] "POST /cormun/servlet/hlogin?fbda95588c4081a7f29922e64eb5b2d3,gx-no-cache=1723219933568 HTTP/1.1" 200 90
190.171.142.26 - - [09/Aug/2024:13:13:12 -0300] "GET /cormun/servlet/hpexe_link HTTP/1.1" 200 953
190.171.142.26 - - [09/Aug/2024:13:13:12 -0300] "GET /cormun/servlet/hhome HTTP/1.1" 200 4285
190.171.142.26 - - [09/Aug/2024:13:13:16 -0300] "GET /cormun/servlet/trsolicitudot? HTTP/1.1" 200 7502
190.171.142.26 - - [09/Aug/2024:13:13:16 -0300] "GET /cormun/static/gxcfg.js?20221129846531 HTTP/1.1" 200 953
190.171.142.26 - - [09/Aug/2024:13:13:16 -0300] "GET /cormun/static/trsolicitudot.js?202211298465651 HTTP/1.1" 200 54040
200.54.103.162 - - [09/Aug/2024:13:13:17 -0300] "GET /cormun/servlet/permisogoce?8993b1e42e569a1c3ad56b9902e9c94aa88c3a5aec2c384503449baee60e1ee9354117b7e9af6ab762046e5d67da677c058f0c97426cfc7c11c12c85bcdd9e01,gx-no-cache=1723219939023 HTTP/1.1" 200 83
190.171.142.26 - - [09/Aug/2024:13:13:20 -0300] "GET /cormun/servlet/solicitudot?INS,0,0,false, HTTP/1.1" 200 16273
190.171.142.26 - - [09/Aug/2024:13:13:20 -0300] "GET /cormun/static/gxcfg.js?20221129840861 HTTP/1.1" 200 953
190.171.142.26 - - [09/Aug/2024:13:13:20 -0300] "GET /cormun/static/solicitudot.js?20221129840983 HTTP/1.1" 200 74072
200.54.103.162 - - [09/Aug/2024:13:13:23 -0300] "GET /cormun/servlet/permisogoce?8993b1e42e569a1c3ad56b9902e9c94ae8b4a433769e9e165bb01bb1c636df8ffa609526e0701463b4d80231af1318a33aec11543dbd96f4fdc1c866954e2ad1,gx-no-cache=1723219945044 HTTP/1.1" 200 47
200.54.103.162 - - [09/Aug/2024:13:13:27 -0300] "POST /cormun/servlet/permisogoce?13e5c5da637042c16ce56664737db3d3,INS,0,,,,gx-no-cache=1723219948415 HTTP/1.1" 200 93
200.54.103.162 - - [09/Aug/2024:13:13:27 -0300] "GET /cormun/servlet/hpexe_return? HTTP/1.1" 200 1010
200.54.103.162 - - [09/Aug/2024:13:13:27 -0300] "GET /cormun/servlet/trpermisosgoce HTTP/1.1" 200 18578
200.54.103.162 - - [09/Aug/2024:13:13:39 -0300] "GET /cormun/servlet/trpermisosadjuntos?19956884,20240809120612,P, HTTP/1.1" 200 6662
200.54.103.162 - - [09/Aug/2024:13:13:39 -0300] "GET /cormun/static/gxcfg.js?2020121641683 HTTP/1.1" 200 953
200.54.103.162 - - [09/Aug/2024:13:13:39 -0300] "GET /cormun/static/trpermisosadjuntos.js?2020121642996 HTTP/1.1" 200 20158
200.54.103.162 - - [09/Aug/2024:13:13:41 -0300] "GET /cormun/servlet/permisosadjuntos?INS,19956884,P,20240809120612,, HTTP/1.1" 200 5988
200.54.103.162 - - [09/Aug/2024:13:13:41 -0300] "GET /cormun/static/gxcfg.js?20201215134212 HTTP/1.1" 200 953
200.54.103.162 - - [09/Aug/2024:13:13:41 -0300] "GET /cormun/static/permisosadjuntos.js?20201215134285 HTTP/1.1" 200 8724
200.54.103.162 - - [09/Aug/2024:13:13:41 -0300] "GET /cormun/static/about:blank HTTP/1.1" 404 1011
200.54.103.162 - - [09/Aug/2024:13:14:00 -0300] "POST /cormun/servlet/permisosadjuntos?13e5c5da637042c16ce56664737db3d3,INS,19956884,P,20240809120612,, HTTP/1.1" 200 116
200.54.103.162 - - [09/Aug/2024:13:14:00 -0300] "GET /cormun/servlet/hpexe_return? HTTP/1.1" 200 1040
200.54.103.162 - - [09/Aug/2024:13:14:00 -0300] "GET /cormun/servlet/trpermisosadjuntos?19956884,20240809120612,P, HTTP/1.1" 200 7167
200.54.103.162 - - [09/Aug/2024:13:14:02 -0300] "POST /cormun/servlet/trpermisosadjuntos?13e5c5da637042c16ce56664737db3d3,19956884,20240809120612,P,,gx-no-cache=1723219983874 HTTP/1.1" 200 90
200.54.103.162 - - [09/Aug/2024:13:14:02 -0300] "GET /cormun/servlet/hpexe_link HTTP/1.1" 200 985
200.54.103.162 - - [09/Aug/2024:13:14:02 -0300] "GET /cormun/servlet/trpermisosgoce HTTP/1.1" 200 18575
200.54.103.162 - - [09/Aug/2024:13:14:05 -0300] "GET /cormun/servlet/trpermisosadjuntos?16846409,20240809120637,P, HTTP/1.1" 200 6675
200.54.103.162 - - [09/Aug/2024:13:14:06 -0300] "GET /cormun/servlet/permisosadjuntos?INS,16846409,P,20240809120637,, HTTP/1.1" 200 6002
200.54.103.162 - - [09/Aug/2024:13:14:06 -0300] "GET /cormun/static/about:blank HTTP/1.1" 404 1011
200.54.103.162 - - [09/Aug/2024:13:14:12 -0300] "POST /cormun/servlet/permisosadjuntos?13e5c5da637042c16ce56664737db3d3,INS,16846409,P,20240809120637,, HTTP/1.1" 200 116
200.54.103.162 - - [09/Aug/2024:13:14:12 -0300] "GET /cormun/servlet/hpexe_return? HTTP/1.1" 200 1040
200.54.103.162 - - [09/Aug/2024:13:14:12 -0300] "GET /cormun/servlet/trpermisosadjuntos?16846409,20240809120637,P, HTTP/1.1" 200 7181
200.54.103.162 - - [09/Aug/2024:13:14:14 -0300] "POST /cormun/servlet/trpermisosadjuntos?13e5c5da637042c16ce56664737db3d3,16846409,20240809120637,P,,gx-no-cache=1723219995904 HTTP/1.1" 200 90
200.54.103.162 - - [09/Aug/2024:13:14:14 -0300] "GET /cormun/servlet/hpexe_link HTTP/1.1" 200 985
200.54.103.162 - - [09/Aug/2024:13:14:14 -0300] "GET /cormun/servlet/trpermisosgoce HTTP/1.1" 200 18575
190.171.142.26 - - [09/Aug/2024:13:14:14 -0300] "POST /cormun/servlet/solicitudot?gx-no-cache=1723219995747 HTTP/1.1" 200 4088
190.171.142.26 - - [09/Aug/2024:13:14:14 -0300] "GET /cormun/static/Shared/jqueryui/images/ui-bg_highlight-soft_100_c6c2c8_1x100.png HTTP/1.1" 404 1117
190.171.142.26 - - [09/Aug/2024:13:14:15 -0300] "GET /cormun/static/Shared/jqueryui/images/ui-icons_82798d_256x240.png HTTP/1.1" 404 1089
190.171.142.26 - - [09/Aug/2024:13:14:15 -0300] "GET /cormun/static/Shared/jqueryui/images/ui-bg_flat_55_994d53_40x100.png HTTP/1.1" 404 1097
190.171.142.26 - - [09/Aug/2024:13:14:15 -0300] "GET /cormun/static/Shared/jqueryui/images/ui-icons_ebccce_256x240.png HTTP/1.1" 404 1089
190.171.142.26 - - [09/Aug/2024:13:14:15 -0300] "GET /cormun/servlet/solicitudot?a08b4b6f2b2cf06565d099ba48657c6e72beda4c8165ba27c6caf0e2cf2f1c65,gx-no-cache=1723219995825 HTTP/1.1" 200 111
190.171.142.26 - - [09/Aug/2024:13:14:15 -0300] "GET /cormun/servlet/solicitudot?a08b4b6f2b2cf06565d099ba48657c6eb9f93d730a5b38ef7556c682c88d4525,gx-no-cache=1723219995847 HTTP/1.1" 200 94
190.171.142.26 - - [09/Aug/2024:13:14:15 -0300] "GET /cormun/servlet/solicitudot?a08b4b6f2b2cf06565d099ba48657c6ed34f08e22e82a8af792e06055d5fcdef,gx-no-cache=1723219995867 HTTP/1.1" 200 29
200.54.103.162 - - [09/Aug/2024:13:14:17 -0300] "GET /cormun/servlet/trpermisosadjuntos?17066796,20240809120700,P, HTTP/1.1" 200 6659
200.54.103.162 - - [09/Aug/2024:13:14:19 -0300] "GET /cormun/servlet/permisosadjuntos?INS,17066796,P,20240809120700,, HTTP/1.1" 200 5988
200.54.103.162 - - [09/Aug/2024:13:14:19 -0300] "GET /cormun/static/about:blank HTTP/1.1" 404 1011
190.171.142.26 - - [09/Aug/2024:13:14:20 -0300] "GET /cormun/servlet/solicitudot?a08b4b6f2b2cf06565d099ba48657c6ee5bef2a75712e12ac6c1b6e6659038e8f35a81a89201591cd1a83c0b866ee6b519baf17a7505a26ec3c8e9472699cc89a7e0afe011be8548b6300cded1570bc893f52b25cba709ff3f0900bfa0c2860b064f8517a201fb59f324f5f012df7312fd25c03902aef892d566869584431d559e293b44574efc0a37e65fb05b6b9ad918d4af2037d5250b15a9a1a2172d34ca27addbcc778c9bb719d32cf23b7e9e4fd826eb9c6c014497b76c23fc392eec305b83b0fd9434b8570ab249b1b613f8877db03b72eed72b8f52b47561c3002cda9c20c7520c52e22b6ccc9ff167af4c1eecb81f71304f5f9530bdd9926518a1cb211c657c1965089631a634340e64d9606b4b07812036977ca8bf75080039f68af47812b81dc702de4693b5615cbe313d2733f8298627016525029493816ea709348a1b3c521711cf9b3f9345f5c2be94,gx-no-cache=1723220001560 HTTP/1.1" 200 240
190.171.142.26 - - [09/Aug/2024:13:14:23 -0300] "POST /cormun/servlet/solicitudot?gx-no-cache=1723220004183 HTTP/1.1" 200 256
200.54.103.162 - - [09/Aug/2024:13:14:24 -0300] "POST /cormun/servlet/permisosadjuntos?13e5c5da637042c16ce56664737db3d3,INS,17066796,P,20240809120700,, HTTP/1.1" 200 116
200.54.103.162 - - [09/Aug/2024:13:14:24 -0300] "GET /cormun/servlet/hpexe_return? HTTP/1.1" 200 1040
200.54.103.162 - - [09/Aug/2024:13:14:24 -0300] "GET /cormun/servlet/trpermisosadjuntos?17066796,20240809120700,P, HTTP/1.1" 200 7162
200.54.103.162 - - [09/Aug/2024:13:14:26 -0300] "POST /cormun/servlet/trpermisosadjuntos?13e5c5da637042c16ce56664737db3d3,17066796,20240809120700,P,,gx-no-cache=1723220007712 HTTP/1.1" 200 90
200.54.103.162 - - [09/Aug/2024:13:14:26 -0300] "GET /cormun/servlet/hpexe_link HTTP/1.1" 200 985
200.54.103.162 - - [09/Aug/2024:13:14:26 -0300] "GET /cormun/servlet/trpermisosgoce HTTP/1.1" 200 18575
200.54.103.162 - - [09/Aug/2024:13:14:29 -0300] "GET /cormun/servlet/trpermisosadjuntos?24698895,20240809120821,P, HTTP/1.1" 200 6665
200.54.103.162 - - [09/Aug/2024:13:14:31 -0300] "GET /cormun/servlet/permisosadjuntos?INS,24698895,P,20240809120821,, HTTP/1.1" 200 5988
200.54.103.162 - - [09/Aug/2024:13:14:31 -0300] "GET /cormun/static/about:blank HTTP/1.1" 404 1011
200.54.103.162 - - [09/Aug/2024:13:14:36 -0300] "POST /cormun/servlet/permisosadjuntos?13e5c5da637042c16ce56664737db3d3,INS,24698895,P,20240809120821,, HTTP/1.1" 200 116
200.54.103.162 - - [09/Aug/2024:13:14:36 -0300] "GET /cormun/servlet/hpexe_return? HTTP/1.1" 200 1040
200.54.103.162 - - [09/Aug/2024:13:14:36 -0300] "GET /cormun/servlet/trpermisosadjuntos?24698895,20240809120821,P, HTTP/1.1" 200 7168
200.54.103.162 - - [09/Aug/2024:13:14:38 -0300] "POST /cormun/servlet/trpermisosadjuntos?13e5c5da637042c16ce56664737db3d3,24698895,20240809120821,P,,gx-no-cache=1723220019856 HTTP/1.1" 200 90
200.54.103.162 - - [09/Aug/2024:13:14:38 -0300] "GET /cormun/servlet/hpexe_link HTTP/1.1" 200 985
200.54.103.162 - - [09/Aug/2024:13:14:38 -0300] "GET /cormun/servlet/trpermisosgoce HTTP/1.1" 200 18575
190.171.142.26 - - [09/Aug/2024:13:14:41 -0300] "POST /cormun/servlet/solicitudot?gx-no-cache=1723220021879 HTTP/1.1" 200 4024
190.171.142.26 - - [09/Aug/2024:13:14:41 -0300] "POST /cormun/servlet/solicitudot?fbda95588c4081a7f29922e64eb5b2d3,INS,0,0,false,,gx-no-cache=1723220021961 HTTP/1.1" 200 12857
200.54.103.162 - - [09/Aug/2024:13:14:42 -0300] "GET /cormun/servlet/trpermisosadjuntos?15036142,20240809120846,P, HTTP/1.1" 200 6667
200.54.103.162 - - [09/Aug/2024:13:14:43 -0300] "GET /cormun/servlet/permisosadjuntos?INS,15036142,P,20240809120846,, HTTP/1.1" 200 5993
200.54.103.162 - - [09/Aug/2024:13:14:43 -0300] "GET /cormun/static/about:blank HTTP/1.1" 404 1011
200.54.103.162 - - [09/Aug/2024:13:14:48 -0300] "POST /cormun/servlet/permisosadjuntos?13e5c5da637042c16ce56664737db3d3,INS,15036142,P,20240809120846,, HTTP/1.1" 200 116
200.54.103.162 - - [09/Aug/2024:13:14:48 -0300] "GET /cormun/servlet/hpexe_return? HTTP/1.1" 200 1039
200.54.103.162 - - [09/Aug/2024:13:14:48 -0300] "GET /cormun/servlet/trpermisosadjuntos?15036142,20240809120846,P, HTTP/1.1" 200 7175
200.54.103.162 - - [09/Aug/2024:13:14:51 -0300] "POST /cormun/servlet/trpermisosadjuntos?13e5c5da637042c16ce56664737db3d3,15036142,20240809120846,P,,gx-no-cache=1723220032847 HTTP/1.1" 200 90
200.54.103.162 - - [09/Aug/2024:13:14:51 -0300] "GET /cormun/servlet/hpexe_link HTTP/1.1" 200 985
200.54.103.162 - - [09/Aug/2024:13:14:51 -0300] "GET /cormun/servlet/trpermisosgoce HTTP/1.1" 200 18575
46.105.97.78 - tomcat [09/Aug/2024:13:14:54 -0300] "GET /manager/html HTTP/1.1" 403 3196
200.54.103.162 - - [09/Aug/2024:13:14:54 -0300] "GET /cormun/servlet/trpermisosadjuntos?19851730,20240809120917,P, HTTP/1.1" 200 6666
200.54.103.162 - - [09/Aug/2024:13:14:56 -0300] "GET /cormun/servlet/permisosadjuntos?INS,19851730,P,20240809120917,, HTTP/1.1" 200 5989
200.54.103.162 - - [09/Aug/2024:13:14:56 -0300] "GET /cormun/static/about:blank HTTP/1.1" 404 1011
190.171.142.26 - - [09/Aug/2024:13:14:58 -0300] "GET /cormun/servlet/solicitudot?a08b4b6f2b2cf06565d099ba48657c6e65d455d68572f4a5199633aaaab3640fdd8fdaa6ba8e51b7b30a1246ebc91aa5,gx-no-cache=1723220039539 HTTP/1.1" 200 30
