200.54.103.162 - - [18/Jul/2024:09:58:47 -0300] "GET /cormun/servlet/permisosadjuntos?INS,23711264,P,20240718085534,, HTTP/1.1" 200 5987
200.54.103.162 - - [18/Jul/2024:09:58:47 -0300] "GET /cormun/static/about:blank HTTP/1.1" 404 1011
200.54.103.162 - - [18/Jul/2024:09:58:54 -0300] "POST /cormun/servlet/permisosadjuntos?3fb630fb0c0584f3a6200f7503ea07de,INS,23711264,P,20240718085534,, HTTP/1.1" 200 116
200.54.103.162 - - [18/Jul/2024:09:58:54 -0300] "GET /cormun/servlet/hpexe_return? HTTP/1.1" 200 1038
200.54.103.162 - - [18/Jul/2024:09:58:54 -0300] "GET /cormun/servlet/trpermisosadjuntos?23711264,20240718085534,P, HTTP/1.1" 200 7167
200.54.103.162 - - [18/Jul/2024:09:58:56 -0300] "POST /cormun/servlet/trpermisosadjuntos?3fb630fb0c0584f3a6200f7503ea07de,23711264,20240718085534,P,,gx-no-cache=1721307466679 HTTP/1.1" 200 90
200.54.103.162 - - [18/Jul/2024:09:58:56 -0300] "GET /cormun/servlet/hpexe_link HTTP/1.1" 200 983
200.54.103.162 - - [18/Jul/2024:09:58:57 -0300] "GET /cormun/servlet/trpermisosgoce HTTP/1.1" 200 14223
200.54.103.162 - - [18/Jul/2024:09:59:00 -0300] "GET /cormun/servlet/trpermisosadjuntos?13096000,20240718085557,P, HTTP/1.1" 200 6661
200.54.103.162 - - [18/Jul/2024:09:59:01 -0300] "GET /cormun/servlet/permisosadjuntos?INS,13096000,P,20240718085557,, HTTP/1.1" 200 5990
200.54.103.162 - - [18/Jul/2024:09:59:01 -0300] "GET /cormun/static/about:blank HTTP/1.1" 404 1011
200.54.103.162 - - [18/Jul/2024:09:59:07 -0300] "POST /cormun/servlet/permisosadjuntos?3fb630fb0c0584f3a6200f7503ea07de,INS,13096000,P,20240718085557,, HTTP/1.1" 200 116
200.54.103.162 - - [18/Jul/2024:09:59:07 -0300] "GET /cormun/servlet/hpexe_return? HTTP/1.1" 200 1039
200.54.103.162 - - [18/Jul/2024:09:59:07 -0300] "GET /cormun/servlet/trpermisosadjuntos?13096000,20240718085557,P, HTTP/1.1" 200 7162
200.54.103.162 - - [18/Jul/2024:09:59:08 -0300] "POST /cormun/servlet/trpermisosadjuntos?3fb630fb0c0584f3a6200f7503ea07de,13096000,20240718085557,P,,gx-no-cache=1721307478792 HTTP/1.1" 200 90
200.54.103.162 - - [18/Jul/2024:09:59:09 -0300] "GET /cormun/servlet/hpexe_link HTTP/1.1" 200 984
200.54.103.162 - - [18/Jul/2024:09:59:09 -0300] "GET /cormun/servlet/trpermisosgoce HTTP/1.1" 200 14223
200.54.103.162 - - [18/Jul/2024:09:59:12 -0300] "GET /cormun/servlet/trpermisosadjuntos?15919893,20240718085622,P, HTTP/1.1" 200 6668
200.54.103.162 - - [18/Jul/2024:09:59:14 -0300] "GET /cormun/servlet/permisosadjuntos?INS,15919893,P,20240718085622,, HTTP/1.1" 200 5996
200.54.103.162 - - [18/Jul/2024:09:59:14 -0300] "GET /cormun/static/about:blank HTTP/1.1" 404 1011
200.54.103.162 - - [18/Jul/2024:09:59:21 -0300] "POST /cormun/servlet/permisosadjuntos?3fb630fb0c0584f3a6200f7503ea07de,INS,15919893,P,20240718085622,, HTTP/1.1" 200 116
200.54.103.162 - - [18/Jul/2024:09:59:21 -0300] "GET /cormun/servlet/hpexe_return? HTTP/1.1" 200 1039
200.54.103.162 - - [18/Jul/2024:09:59:21 -0300] "GET /cormun/servlet/trpermisosadjuntos?15919893,20240718085622,P, HTTP/1.1" 200 7171
200.54.103.162 - - [18/Jul/2024:09:59:23 -0300] "POST /cormun/servlet/trpermisosadjuntos?3fb630fb0c0584f3a6200f7503ea07de,15919893,20240718085622,P,,gx-no-cache=1721307493791 HTTP/1.1" 200 90
200.54.103.162 - - [18/Jul/2024:09:59:24 -0300] "GET /cormun/servlet/hpexe_link HTTP/1.1" 200 985
200.54.103.162 - - [18/Jul/2024:09:59:24 -0300] "GET /cormun/servlet/trpermisosgoce HTTP/1.1" 200 14223
200.54.103.162 - - [18/Jul/2024:09:59:28 -0300] "GET /cormun/servlet/trpermisosadjuntos?11457182,20240718085648,P, HTTP/1.1" 200 6667
200.54.103.162 - - [18/Jul/2024:09:59:29 -0300] "GET /cormun/servlet/permisosadjuntos?INS,11457182,P,20240718085648,, HTTP/1.1" 200 5995
200.54.103.162 - - [18/Jul/2024:09:59:29 -0300] "GET /cormun/static/about:blank HTTP/1.1" 404 1011
200.54.103.162 - - [18/Jul/2024:09:59:35 -0300] "POST /cormun/servlet/permisosadjuntos?3fb630fb0c0584f3a6200f7503ea07de,INS,11457182,P,20240718085648,, HTTP/1.1" 200 116
200.54.103.162 - - [18/Jul/2024:09:59:35 -0300] "GET /cormun/servlet/hpexe_return? HTTP/1.1" 200 1038
200.54.103.162 - - [18/Jul/2024:09:59:35 -0300] "GET /cormun/servlet/trpermisosadjuntos?11457182,20240718085648,P, HTTP/1.1" 200 7175
200.54.103.162 - - [18/Jul/2024:09:59:36 -0300] "POST /cormun/servlet/trpermisosadjuntos?3fb630fb0c0584f3a6200f7503ea07de,11457182,20240718085648,P,,gx-no-cache=1721307506255 HTTP/1.1" 200 90
200.54.103.162 - - [18/Jul/2024:09:59:36 -0300] "GET /cormun/servlet/hpexe_link HTTP/1.1" 200 984
200.54.103.162 - - [18/Jul/2024:09:59:36 -0300] "GET /cormun/servlet/trpermisosgoce HTTP/1.1" 200 14223
200.54.103.162 - - [18/Jul/2024:09:59:39 -0300] "POST /cormun/servlet/trpermisosgoce?3fb630fb0c0584f3a6200f7503ea07de,gx-no-cache=1721307508738 HTTP/1.1" 200 11475
200.54.103.162 - - [18/Jul/2024:09:59:39 -0300] "GET /cormun/static/Shared/jqueryui/images/ui-bg_highlight-soft_100_c6c2c8_1x100.png HTTP/1.1" 404 1117
200.54.103.162 - - [18/Jul/2024:09:59:39 -0300] "GET /cormun/static/Shared/jqueryui/images/ui-icons_82798d_256x240.png HTTP/1.1" 404 1089
200.54.103.162 - - [18/Jul/2024:09:59:39 -0300] "GET /cormun/static/Shared/jqueryui/images/ui-bg_flat_55_fafafa_40x100.png HTTP/1.1" 404 1097
200.54.103.162 - - [18/Jul/2024:09:59:39 -0300] "GET /cormun/static/Shared/jqueryui/images/ui-icons_8d78a5_256x240.png HTTP/1.1" 404 1089
200.54.103.162 - - [18/Jul/2024:09:59:40 -0300] "POST /cormun/servlet/trpermisosgoce?3fb630fb0c0584f3a6200f7503ea07de,gx-no-cache=1721307509984 HTTP/1.1" 200 11466
200.54.103.162 - - [18/Jul/2024:09:59:41 -0300] "POST /cormun/servlet/trpermisosgoce?3fb630fb0c0584f3a6200f7503ea07de,gx-no-cache=1721307511040 HTTP/1.1" 200 11458
200.54.103.162 - - [18/Jul/2024:09:59:42 -0300] "POST /cormun/servlet/trpermisosgoce?3fb630fb0c0584f3a6200f7503ea07de,gx-no-cache=1721307511975 HTTP/1.1" 200 11451
200.54.103.162 - - [18/Jul/2024:09:59:43 -0300] "POST /cormun/servlet/trpermisosgoce?3fb630fb0c0584f3a6200f7503ea07de,gx-no-cache=1721307512863 HTTP/1.1" 200 11441
200.54.103.162 - - [18/Jul/2024:09:59:44 -0300] "POST /cormun/servlet/trpermisosgoce?3fb630fb0c0584f3a6200f7503ea07de,gx-no-cache=1721307513799 HTTP/1.1" 200 11425
200.54.103.162 - - [18/Jul/2024:09:59:45 -0300] "POST /cormun/servlet/trpermisosgoce?3fb630fb0c0584f3a6200f7503ea07de,gx-no-cache=1721307514856 HTTP/1.1" 200 11390
190.171.141.138 - - [18/Jul/2024:09:59:48 -0300] "GET /cormun/servlet/hlogin HTTP/1.1" 200 1715
200.54.103.162 - - [18/Jul/2024:09:59:48 -0300] "GET /cormun/servlet/trautorizarpermisogoce? HTTP/1.1" 200 9321
200.54.103.162 - - [18/Jul/2024:09:59:48 -0300] "GET /cormun/static/gxcfg.js?2020121645532 HTTP/1.1" 200 953
200.54.103.162 - - [18/Jul/2024:09:59:48 -0300] "GET /cormun/static/trautorizarpermisogoce.js?2020121651492 HTTP/1.1" 200 34948
200.54.103.162 - - [18/Jul/2024:09:59:50 -0300] "POST /cormun/servlet/trautorizarpermisogoce?3fb630fb0c0584f3a6200f7503ea07de,,gx-no-cache=1721307520128 HTTP/1.1" 200 6380
200.54.103.162 - - [18/Jul/2024:09:59:51 -0300] "POST /cormun/servlet/trautorizarpermisogoce?3fb630fb0c0584f3a6200f7503ea07de,,gx-no-cache=1721307520885 HTTP/1.1" 200 6155
200.54.103.162 - - [18/Jul/2024:09:59:51 -0300] "POST /cormun/servlet/trautorizarpermisogoce?3fb630fb0c0584f3a6200f7503ea07de,,gx-no-cache=1721307521630 HTTP/1.1" 200 5952
200.54.103.162 - - [18/Jul/2024:09:59:52 -0300] "POST /cormun/servlet/trautorizarpermisogoce?3fb630fb0c0584f3a6200f7503ea07de,,gx-no-cache=1721307522430 HTTP/1.1" 200 5738
200.54.103.162 - - [18/Jul/2024:09:59:53 -0300] "POST /cormun/servlet/trautorizarpermisogoce?3fb630fb0c0584f3a6200f7503ea07de,,gx-no-cache=1721307523221 HTTP/1.1" 200 5547
200.54.103.162 - - [18/Jul/2024:09:59:54 -0300] "POST /cormun/servlet/trautorizarpermisogoce?3fb630fb0c0584f3a6200f7503ea07de,,gx-no-cache=1721307524029 HTTP/1.1" 200 5277
190.171.141.138 - - [18/Jul/2024:09:59:55 -0300] "POST /cormun/servlet/hlogin?8c66abb216674de58a45cc3b22b66f63,gx-no-cache=1721307523587 HTTP/1.1" 200 90
190.171.141.138 - - [18/Jul/2024:09:59:55 -0300] "GET /cormun/servlet/hpexe_link HTTP/1.1" 200 946
190.171.141.138 - - [18/Jul/2024:09:59:55 -0300] "GET /cormun/servlet/hhome HTTP/1.1" 200 4470
200.54.103.162 - - [18/Jul/2024:09:59:55 -0300] "POST /cormun/servlet/trautorizarpermisogoce?3fb630fb0c0584f3a6200f7503ea07de,,gx-no-cache=1721307525334 HTTP/1.1" 200 4524
190.171.141.138 - - [18/Jul/2024:09:59:58 -0300] "GET /cormun/servlet/trlicencias? HTTP/1.1" 200 13301
190.171.149.90 - - [18/Jul/2024:10:00:44 -0300] "GET /cormun/servlet/trpermisosgoce? HTTP/1.1" 200 6029
190.171.149.90 - - [18/Jul/2024:10:00:44 -0300] "GET /cormun/servlet/hlogin HTTP/1.1" 200 1736
190.171.149.90 - - [18/Jul/2024:10:00:53 -0300] "POST /cormun/servlet/hlogin?518c041e4f3cc00ab8ac3b74e7d2f3ee,gx-no-cache=1721307481455 HTTP/1.1" 200 449
190.171.149.90 - - [18/Jul/2024:10:00:57 -0300] "POST /cormun/servlet/hlogin?518c041e4f3cc00ab8ac3b74e7d2f3ee,gx-no-cache=1721307486047 HTTP/1.1" 200 90
190.171.149.90 - - [18/Jul/2024:10:00:57 -0300] "GET /cormun/servlet/hpexe_link HTTP/1.1" 200 955
190.171.149.90 - - [18/Jul/2024:10:00:57 -0300] "GET /cormun/servlet/trpermisosgoce HTTP/1.1" 200 9013
190.171.149.90 - - [18/Jul/2024:10:01:00 -0300] "GET /cormun/servlet/trpermisosgoce? HTTP/1.1" 200 9012
190.171.149.90 - - [18/Jul/2024:10:01:01 -0300] "GET /cormun/servlet/permisogoce?INS,0,,, HTTP/1.1" 200 6709
190.171.149.90 - - [18/Jul/2024:10:01:12 -0300] "GET /cormun/servlet/permisogoce?1b7cd780a30e7a93f11e16e0907e2173ab2e063bc4bb8251b626935588b81601e04711e0ae143f8d33f80fd74c01d9c5556cf558b51e53edf0b00c126f8aad47,gx-no-cache=1721307500792 HTTP/1.1" 200 77
190.171.149.90 - - [18/Jul/2024:10:01:18 -0300] "GET /cormun/static/menuarrow.gif HTTP/1.1" 404 1015
190.171.149.90 - - [18/Jul/2024:10:01:25 -0300] "GET /cormun/servlet/permisogoce?1b7cd780a30e7a93f11e16e0907e21739215a5a6e48be0ac41561d440c168695665b46482998267bd28452c2a395d9211cf80b350e26f4c89411d4dfd863c81a,gx-no-cache=1721307513606 HTTP/1.1" 200 47
190.171.149.90 - - [18/Jul/2024:10:01:25 -0300] "POST /cormun/servlet/permisogoce?518c041e4f3cc00ab8ac3b74e7d2f3ee,INS,0,,,,gx-no-cache=1721307513641 HTTP/1.1" 200 93
190.171.149.90 - - [18/Jul/2024:10:01:25 -0300] "GET /cormun/servlet/hpexe_return? HTTP/1.1" 200 1008
190.171.149.90 - - [18/Jul/2024:10:01:25 -0300] "GET /cormun/servlet/trpermisosgoce HTTP/1.1" 200 9254
190.171.149.90 - - [18/Jul/2024:10:01:28 -0300] "GET /cormun/servlet/apermisogoceprn?12414107,P,20240718090017,PU HTTP/1.1" 200 1662
190.171.141.82 - - [18/Jul/2024:10:03:38 -0300] "POST /cormun/servlet/trcontratosolicitud?a99d41f8f621e05c2c71312a9db82836,gx-no-cache=1721307746221 HTTP/1.1" 200 12060
190.171.144.234 - - [18/Jul/2024:10:04:32 -0300] "GET /cormun/servlet/trlicencias? HTTP/1.1" 200 7250
190.171.144.234 - - [18/Jul/2024:10:04:33 -0300] "GET /cormun/servlet/hlogin HTTP/1.1" 200 1745
190.171.141.106 - - [18/Jul/2024:10:06:52 -0300] "GET /cormun/servlet/hlogin HTTP/1.1" 200 1728
190.171.141.106 - - [18/Jul/2024:10:06:56 -0300] "POST /cormun/servlet/hlogin?9c28ab8e729e5c6a8754188d1a768f86,gx-no-cache=1721307945553 HTTP/1.1" 200 90
190.171.141.106 - - [18/Jul/2024:10:06:56 -0300] "GET /cormun/servlet/hpexe_link HTTP/1.1" 200 961
190.171.141.106 - - [18/Jul/2024:10:06:57 -0300] "GET /cormun/servlet/trlicencias HTTP/1.1" 200 11370
190.171.141.106 - - [18/Jul/2024:10:07:09 -0300] "GET /cormun/servlet/trsolicitudot? HTTP/1.1" 200 7498
190.171.141.106 - - [18/Jul/2024:10:07:19 -0300] "GET /cormun/servlet/solicitudot?INS,0,0,false, HTTP/1.1" 200 16282
190.171.141.106 - - [18/Jul/2024:10:07:58 -0300] "POST /cormun/servlet/solicitudot?gx-no-cache=1721308007026 HTTP/1.1" 200 4040
190.171.141.106 - - [18/Jul/2024:10:07:58 -0300] "POST /cormun/servlet/solicitudot?9c28ab8e729e5c6a8754188d1a768f86,INS,0,0,false,,gx-no-cache=1721308007169 HTTP/1.1" 200 12901
190.171.141.106 - - [18/Jul/2024:10:08:01 -0300] "GET /cormun/servlet/solicitudot?371aafef9f45bf0386a1b8645f34479c0ff105e994dbf13af7ab79b0647cacce063595b46a3239c3ab25f3cbd48bee62,gx-no-cache=1721308010532 HTTP/1.1" 200 30
190.171.142.50 - - [18/Jul/2024:10:09:12 -0300] "GET /cormun/servlet/trsolicitudot? HTTP/1.1" 200 6321
190.171.142.50 - - [18/Jul/2024:10:09:12 -0300] "GET /cormun/servlet/hlogin HTTP/1.1" 200 1738
190.171.142.50 - - [18/Jul/2024:10:09:19 -0300] "POST /cormun/servlet/hlogin?f03a2e257d379ecf3b3471c19931e8fd,gx-no-cache=1721308089937 HTTP/1.1" 200 90
190.171.142.50 - - [18/Jul/2024:10:09:19 -0300] "GET /cormun/servlet/hpexe_link HTTP/1.1" 200 955
190.171.142.50 - - [18/Jul/2024:10:09:20 -0300] "GET /cormun/servlet/trsolicitudot HTTP/1.1" 200 7013
190.171.142.50 - - [18/Jul/2024:10:09:22 -0300] "GET /cormun/servlet/solicitudot?INS,0,0,false, HTTP/1.1" 200 15970
190.171.142.50 - - [18/Jul/2024:10:10:01 -0300] "POST /cormun/servlet/solicitudot?gx-no-cache=1721308131280 HTTP/1.1" 200 4030
190.171.142.50 - - [18/Jul/2024:10:10:01 -0300] "POST /cormun/servlet/solicitudot?f03a2e257d379ecf3b3471c19931e8fd,INS,0,0,false,,gx-no-cache=1721308131391 HTTP/1.1" 200 12604
190.171.142.50 - - [18/Jul/2024:10:10:28 -0300] "GET /cormun/servlet/solicitudot?d3d67d8a651f9912af7e6bc8d9a0716f6d3b8d4bd005f7d3f2f4f7e80b8ab9b6f758d31986dded2d0e778516cc1e7886,gx-no-cache=1721308158705 HTTP/1.1" 200 30
181.212.42.153 - - [18/Jul/2024:10:10:40 -0300] "GET /cormun/servlet/trpermisosgoce? HTTP/1.1" 200 14562
181.212.42.153 - - [18/Jul/2024:10:10:42 -0300] "GET /cormun/servlet/permisogoce?INS,0,,, HTTP/1.1" 200 6832
181.212.42.153 - - [18/Jul/2024:10:10:49 -0300] "GET /cormun/servlet/permisogoce?d27710fb94161e49212f4990b4ca0d934e968b7da198cd8e544a3150f665964adcbe1f23c80ef7f14802ff4acf8c2f2329ee713e766b12e7cc984c0d5962a5c9,gx-no-cache=1721308178812 HTTP/1.1" 200 78
181.212.42.153 - - [18/Jul/2024:10:10:51 -0300] "GET /cormun/static/menuarrow.gif HTTP/1.1" 404 1015
181.212.42.153 - - [18/Jul/2024:10:10:54 -0300] "GET /cormun/servlet/permisogoce?d27710fb94161e49212f4990b4ca0d93ffe2fd2026b9d56119d649a5c97465b0ee2db37d6a968456b2b630204e3d55f294be02308761d6e07f357536c60076f6,gx-no-cache=1721308184163 HTTP/1.1" 200 47
181.212.42.153 - - [18/Jul/2024:10:10:56 -0300] "POST /cormun/servlet/permisogoce?cd2a314334c259fe5b907635a390d3bf,INS,0,,,,gx-no-cache=1721308185437 HTTP/1.1" 200 93
181.212.42.153 - - [18/Jul/2024:10:10:56 -0300] "GET /cormun/servlet/hpexe_return? HTTP/1.1" 200 1010
181.212.42.153 - - [18/Jul/2024:10:10:56 -0300] "GET /cormun/servlet/trpermisosgoce HTTP/1.1" 200 14767
181.212.42.153 - - [18/Jul/2024:10:10:58 -0300] "GET /cormun/servlet/apermisogoceprn?9813073,P,20240718090957,PU HTTP/1.1" 200 1652
190.171.141.106 - - [18/Jul/2024:10:10:59 -0300] "GET /cormun/servlet/solicitudot?371aafef9f45bf0386a1b8645f34479c77167def1268a28fed20d61c7f9a683e9210a0f20d39adfc606ba3e4e19e6b5bd1d2ed83affb4da36ad676ef8a3bb45e,gx-no-cache=1721308188169 HTTP/1.1" 200 30
190.171.141.106 - - [18/Jul/2024:10:11:02 -0300] "GET /cormun/servlet/solicitudot?371aafef9f45bf0386a1b8645f34479cc331f8abc20774a604ad5c1d80b13208,gx-no-cache=1721308191502 HTTP/1.1" 200 53
190.171.141.106 - - [18/Jul/2024:10:11:51 -0300] "POST /cormun/servlet/solicitudot?gx-no-cache=1721308239834 HTTP/1.1" 200 255
190.171.141.106 - - [18/Jul/2024:10:11:54 -0300] "GET /cormun/servlet/solicitudot?371aafef9f45bf0386a1b8645f34479c248cdc22556f0c603d09b5a3907e1d869cf5600a45270811301db16eebdf6af5d45adfbddbc93904713611e8e99376f6e9ea241bd8df6bb682cd5bb8d1330cf1769aa94400da2d394dde3e82273bcd70df0134ec675f92ea90989bc2073df34db87e952e12ad5d1cadf854667e71edad94937d70f3c051e2f1d51199a618ccc1246fd847f72542474eb1d7b64176e185e33fdc0699ffbeb0b0581523ee4b388f32027ffea7858f334dff941aae0ae4025ec8f239608bc66071630330688da94680bc56b173661fd391ceae6dc60d2bd5f86e292515667faa508b1385c05ea2210369a9e1b32582802c5f83bcc8ef8fc6957c46e5dd371024baddfdf7973130ddfce750891616f4a56d6334da5825b8b5bdeaef577d0a2e5650b1762d0cd6de5a94319e27ef2bc72266f6738c1044105a3cc48c5cc6ff8e7083dc2fbefc0dc4898212ced9aad1f2445a6f56694713e7e24752d2efd7c46bf54d27d4ecce1db063961166539ca0c05ef3d818e124c26d1a,gx-no-cache=1721308242875 HTTP/1.1" 200 30
190.171.141.106 - - [18/Jul/2024:10:12:13 -0300] "POST /cormun/servlet/solicitudot?gx-no-cache=1721308262659 HTTP/1.1" 200 30
190.171.141.106 - - [18/Jul/2024:10:12:16 -0300] "POST /cormun/servlet/solicitudot?gx-no-cache=1721308264867 HTTP/1.1" 200 1481
190.171.141.106 - - [18/Jul/2024:10:12:16 -0300] "POST /cormun/servlet/solicitudot?gx-no-cache=1721308264904 HTTP/1.1" 200 38
190.171.142.50 - - [18/Jul/2024:10:12:48 -0300] "GET /cormun/static/Resources/resize.gif HTTP/1.1" 200 77
190.171.142.50 - - [18/Jul/2024:10:12:48 -0300] "GET /cormun/static/Resources/PXTools/ClosePrompt.png HTTP/1.1" 200 1036
190.171.142.50 - - [18/Jul/2024:10:12:48 -0300] "GET /cormun/servlet/prbanco?,MD,,gxPopupLevel%3D0%3B HTTP/1.1" 200 6605
190.171.142.50 - - [18/Jul/2024:10:12:48 -0300] "GET /cormun/static/gxcfg.js?20201216131581 HTTP/1.1" 200 953
190.171.142.50 - - [18/Jul/2024:10:12:48 -0300] "GET /cormun/static/prbanco.js?20201216132311 HTTP/1.1" 200 10693
190.171.142.50 - - [18/Jul/2024:10:12:48 -0300] "GET /cormun/servlet/prbanco?,MD,,gxPopupLevel%3D0%3B,gxPopupLevel%3D0%3B HTTP/1.1" 200 6609
190.171.142.50 - - [18/Jul/2024:10:12:52 -0300] "GET /cormun/servlet/solicitudot?d3d67d8a651f9912af7e6bc8d9a0716f149442a971038731dcd7ac29510aaea305be56ca981bd37530e1cd68b1821719c3992bb683bbcf80f7ac858becdda9f8,gx-no-cache=1721308302190 HTTP/1.1" 200 30
190.171.141.106 - - [18/Jul/2024:10:12:53 -0300] "GET /cormun/servlet/solicitudot?371aafef9f45bf0386a1b8645f34479c3021dc181c502c4a223ec343087930deac4a337ab2a29c7b00054ea5e3cd255f2bb54e3b11d32be20b3d986bf39c7d50048b6abffc7eb296031f636ed8b09cabf2b5d9f6d394b80f1bf5cc1ee63e1398e02ca2b2c8259cbcaa5d4523e20a4051,gx-no-cache=1721308301776 HTTP/1.1" 200 110
190.171.141.106 - - [18/Jul/2024:10:12:53 -0300] "POST /cormun/servlet/solicitudot?gx-no-cache=1721308301891 HTTP/1.1" 200 97
190.171.142.50 - - [18/Jul/2024:10:12:53 -0300] "GET /cormun/servlet/solicitudot?d3d67d8a651f9912af7e6bc8d9a0716f2826233418dcb8941f6c8cc30a04cd8f,gx-no-cache=1721308303483 HTTP/1.1" 200 53
190.171.141.106 - - [18/Jul/2024:10:13:02 -0300] "GET /cormun/servlet/solicitudot?371aafef9f45bf0386a1b8645f34479c2044ac8d42868472f9693da91689af1040583ffc8228205290f74ef477dbb69c9aea09e5504a923c20b3feda4d04940ab615ef22ee8338cebbc3311121acb358124869bd0b82ddb07734a1b8e214114e4b386cab7986d4ae2bf70e0b7b01e3f3,gx-no-cache=1721308311645 HTTP/1.1" 200 29
190.171.142.50 - - [18/Jul/2024:10:13:12 -0300] "POST /cormun/servlet/solicitudot?gx-no-cache=1721308322948 HTTP/1.1" 200 297
190.171.142.50 - - [18/Jul/2024:10:13:12 -0300] "GET /cormun/servlet/solicitudot?d3d67d8a651f9912af7e6bc8d9a0716fc5d60e6291556df4b43c15a03211933a7e1418d7fdbae455d25995f21b621d0d32db129bba1825a492afdcacf6f37dec85c2b04b7a15ae5ce3604e47ecd76308747c0f4ad95b2fe7d6fcc6569e26411216ca882e07b4012cefed682968d16d300ea882267b36573d8484339be4200503fd94c0bbf5b34814f18761f48af99d7885bd16a7a481a7e4334cf205ac328819e4abd4378ad2c7bbb5d159f5825f1f1a5805c9b06af9dd31e8979ec87bc904097669bbf5ff3992732ca78cc855a907673106ed5fe89a500e88055a3012a2ab95a3bc8e33648cf23c78b9963b95c94f8a402cf29b01f27fbb366b20ed634230e71c46019aac9d0379abc6bb324f596b7fe076c88eb40b20db04679d2f9ea40eddfa7c0ec23cd41720c4db313aabcd12238d29879c8a04ecbf0750e0b82cbb2697bafb699c26051ac1f42e0b4e07698a99f51e24a84023a0fad76a07607380cb0fafa46d3cb1abbc40a90f2397621e5ef343adc2741bac974d96c6467c6a45e1891a8aa0dcb130d64a2082dcb9e4aa499d,gx-no-cache=1721308322980 HTTP/1.1" 200 30
190.171.141.106 - - [18/Jul/2024:10:13:13 -0300] "GET /cormun/servlet/solicitudot?371aafef9f45bf0386a1b8645f34479c7293ef8070d580bcd834d0938273b5b814677a2c6c1b3275dd21230f50784add,gx-no-cache=1721308321821 HTTP/1.1" 200 30
190.171.142.50 - - [18/Jul/2024:10:13:14 -0300] "POST /cormun/servlet/solicitudot?gx-no-cache=1721308324437 HTTP/1.1" 200 30
190.171.141.106 - - [18/Jul/2024:10:13:32 -0300] "POST /cormun/servlet/solicitudot?gx-no-cache=1721308341385 HTTP/1.1" 200 30
190.171.141.106 - - [18/Jul/2024:10:14:29 -0300] "POST /cormun/servlet/solicitudot?9c28ab8e729e5c6a8754188d1a768f86,INS,0,0,false,,gx-no-cache=1721308398445 HTTP/1.1" 200 93
190.171.141.106 - - [18/Jul/2024:10:14:30 -0300] "GET /cormun/servlet/hpexe_return? HTTP/1.1" 200 1014
190.171.141.106 - - [18/Jul/2024:10:14:30 -0300] "GET /cormun/servlet/trsolicitudot HTTP/1.1" 200 8901
190.171.142.50 - - [18/Jul/2024:10:14:35 -0300] "GET /cormun/servlet/prlicenciaspermisos?19853263,L,,MD,,gxPopupLevel%3D0%3B HTTP/1.1" 200 7668
190.171.142.50 - - [18/Jul/2024:10:14:35 -0300] "GET /cormun/static/gxcfg.js?2020121559567 HTTP/1.1" 200 953
190.171.142.50 - - [18/Jul/2024:10:14:35 -0300] "GET /cormun/static/prlicenciaspermisos.js?2020121559821 HTTP/1.1" 200 13379
190.171.149.90 - - [18/Jul/2024:10:14:39 -0300] "GET /cormun/servlet/trpermisosadjuntos?12414107,20240718090017,P, HTTP/1.1" 200 6165
190.171.149.90 - - [18/Jul/2024:10:14:39 -0300] "GET /cormun/static/gxcfg.js?2020121641683 HTTP/1.1" 200 953
190.171.149.90 - - [18/Jul/2024:10:14:39 -0300] "GET /cormun/static/trpermisosadjuntos.js?2020121642996 HTTP/1.1" 200 20158
190.171.142.50 - - [18/Jul/2024:10:14:40 -0300] "POST /cormun/servlet/solicitudot?gx-no-cache=1721308410409 HTTP/1.1" 200 1483
190.171.149.90 - - [18/Jul/2024:10:14:41 -0300] "GET /cormun/servlet/permisosadjuntos?INS,12414107,P,20240718090017,, HTTP/1.1" 200 5486
190.171.149.90 - - [18/Jul/2024:10:14:41 -0300] "GET /cormun/static/gxcfg.js?20201215134212 HTTP/1.1" 200 953
190.171.149.90 - - [18/Jul/2024:10:14:41 -0300] "GET /cormun/static/permisosadjuntos.js?20201215134285 HTTP/1.1" 200 8724
190.171.149.90 - - [18/Jul/2024:10:14:42 -0300] "GET /cormun/static/about:blank HTTP/1.1" 404 1011
190.171.142.50 - - [18/Jul/2024:10:14:43 -0300] "POST /cormun/servlet/solicitudot?gx-no-cache=1721308413300 HTTP/1.1" 200 41
190.171.141.106 - - [18/Jul/2024:10:14:45 -0300] "POST /cormun/servlet/trsolicitudot?9c28ab8e729e5c6a8754188d1a768f86,gx-no-cache=1721308413974 HTTP/1.1" 200 107
190.171.141.106 - - [18/Jul/2024:10:14:45 -0300] "GET /cormun/servlet/trsolicitudadjuntos?2024,21567, HTTP/1.1" 200 6391
190.171.141.106 - - [18/Jul/2024:10:14:54 -0300] "GET /cormun/servlet/solicitudotadjuntos?INS,2024,21567,,1, HTTP/1.1" 200 6342
190.171.141.106 - - [18/Jul/2024:10:14:54 -0300] "GET /cormun/static/gxcfg.js?202211298385187 HTTP/1.1" 200 953
190.171.141.106 - - [18/Jul/2024:10:14:54 -0300] "GET /cormun/static/solicitudotadjuntos.js?202211298385196 HTTP/1.1" 200 11771
190.171.141.106 - - [18/Jul/2024:10:14:54 -0300] "GET /cormun/static/about:blank HTTP/1.1" 404 1011
190.171.141.106 - - [18/Jul/2024:10:14:54 -0300] "GET /cormun/servlet/solicitudotadjuntos?371aafef9f45bf0386a1b8645f34479ca227d1ebbad0d0c6edcc7d31ca8eac4f76e7dba028d2b79ba436cf63e15a070f,gx-no-cache=1721308423582 HTTP/1.1" 200 30
190.171.141.106 - - [18/Jul/2024:10:14:54 -0300] "POST /cormun/servlet/solicitudotadjuntos?9c28ab8e729e5c6a8754188d1a768f86,INS,2024,21567,,1,,gx-no-cache=1721308423601 HTTP/1.1" 200 4199
181.212.43.89 - - [18/Jul/2024:10:14:59 -0300] "GET /cormun/servlet/hlogin HTTP/1.1" 200 1719
181.212.43.89 - - [18/Jul/2024:10:14:59 -0300] "GET /cormun/servlet/hlogin HTTP/1.1" 200 1729
181.212.43.89 - - [18/Jul/2024:10:14:59 -0300] "GET /favicon.ico HTTP/1.1" 200 21630
181.212.43.89 - - [18/Jul/2024:10:15:09 -0300] "POST /cormun/servlet/hlogin?ee30420c2c9102b5db500c2f5eea18f8,gx-no-cache=1721308437050 HTTP/1.1" 200 90
181.212.43.89 - - [18/Jul/2024:10:15:09 -0300] "GET /cormun/servlet/hpexe_link HTTP/1.1" 200 950
181.212.43.89 - - [18/Jul/2024:10:15:09 -0300] "GET /cormun/servlet/hhome HTTP/1.1" 200 4017
181.212.43.89 - - [18/Jul/2024:10:15:09 -0300] "GET /cormun/static/gxcfg.js?20201215495537 HTTP/1.1" 200 953
181.212.43.89 - - [18/Jul/2024:10:15:09 -0300] "GET /cormun/static/hhome.js?20201215495544 HTTP/1.1" 200 777
181.212.43.89 - - [18/Jul/2024:10:15:09 -0300] "GET /cormun/static/Resources/Spanish/PXTools.css?14345360 HTTP/1.1" 200 100853
181.212.43.89 - - [18/Jul/2024:10:15:21 -0300] "GET /cormun/servlet/trlicencias? HTTP/1.1" 200 12121
190.171.141.106 - - [18/Jul/2024:10:15:23 -0300] "POST /cormun/servlet/solicitudotadjuntos?gx-no-cache=1721308452199 HTTP/1.1" 200 26
190.171.141.106 - - [18/Jul/2024:10:15:33 -0300] "GET /cormun/servlet/solicitudotadjuntos?371aafef9f45bf0386a1b8645f34479cbb5e1888ed6647e21d17430ef1ae2e11,gx-no-cache=1721308461914 HTTP/1.1" 200 30
190.171.141.106 - - [18/Jul/2024:10:15:33 -0300] "GET /cormun/servlet/solicitudotadjuntos?371aafef9f45bf0386a1b8645f34479cbb5e1888ed6647e21d17430ef1ae2e11,gx-no-cache=1721308461933 HTTP/1.1" 200 30
190.171.141.106 - - [18/Jul/2024:10:15:33 -0300] "POST /cormun/servlet/solicitudotadjuntos?9c28ab8e729e5c6a8754188d1a768f86,INS,2024,21567,,1, HTTP/1.1" 200 116
190.171.141.106 - - [18/Jul/2024:10:15:33 -0300] "GET /cormun/servlet/hpexe_return? HTTP/1.1" 200 1032
190.171.141.106 - - [18/Jul/2024:10:15:33 -0300] "GET /cormun/servlet/trsolicitudadjuntos?2024,21567, HTTP/1.1" 200 9372
190.171.141.106 - - [18/Jul/2024:10:15:36 -0300] "GET /cormun/servlet/solicitudotadjuntos?INS,2024,21567,,1, HTTP/1.1" 200 6342
190.171.141.106 - - [18/Jul/2024:10:15:36 -0300] "GET /cormun/static/about:blank HTTP/1.1" 404 1011
190.171.141.106 - - [18/Jul/2024:10:15:37 -0300] "GET /cormun/servlet/solicitudotadjuntos?371aafef9f45bf0386a1b8645f34479ca227d1ebbad0d0c6edcc7d31ca8eac4f76e7dba028d2b79ba436cf63e15a070f,gx-no-cache=1721308466167 HTTP/1.1" 200 30
190.171.141.106 - - [18/Jul/2024:10:15:37 -0300] "POST /cormun/servlet/solicitudotadjuntos?9c28ab8e729e5c6a8754188d1a768f86,INS,2024,21567,,1,,gx-no-cache=1721308466213 HTTP/1.1" 200 4199
190.171.141.106 - - [18/Jul/2024:10:15:41 -0300] "POST /cormun/servlet/solicitudotadjuntos?gx-no-cache=1721308470242 HTTP/1.1" 200 26
190.171.149.90 - - [18/Jul/2024:10:15:43 -0300] "POST /cormun/servlet/permisosadjuntos?518c041e4f3cc00ab8ac3b74e7d2f3ee,INS,12414107,P,20240718090017,, HTTP/1.1" 200 116
190.171.149.90 - - [18/Jul/2024:10:15:43 -0300] "GET /cormun/servlet/hpexe_return? HTTP/1.1" 200 1036
190.171.149.90 - - [18/Jul/2024:10:15:43 -0300] "GET /cormun/servlet/trpermisosadjuntos?12414107,20240718090017,P, HTTP/1.1" 200 6635
190.171.149.90 - - [18/Jul/2024:10:15:46 -0300] "GET /cormun/servlet/trpermisosgoce? HTTP/1.1" 200 9249
190.171.149.90 - - [18/Jul/2024:10:15:48 -0300] "POST /cormun/servlet/trpermisosgoce?518c041e4f3cc00ab8ac3b74e7d2f3ee,,gx-no-cache=1721308376964 HTTP/1.1" 200 6568
190.171.149.90 - - [18/Jul/2024:10:15:48 -0300] "GET /cormun/static/Shared/jqueryui/images/ui-icons_82798d_256x240.png HTTP/1.1" 404 1089
190.171.149.90 - - [18/Jul/2024:10:15:48 -0300] "GET /cormun/static/Shared/jqueryui/images/ui-bg_highlight-soft_100_c6c2c8_1x100.png HTTP/1.1" 404 1117
190.171.149.90 - - [18/Jul/2024:10:15:48 -0300] "GET /cormun/static/Shared/jqueryui/images/ui-bg_flat_55_fafafa_40x100.png HTTP/1.1" 404 1097
190.171.149.90 - - [18/Jul/2024:10:15:48 -0300] "GET /cormun/static/Shared/jqueryui/images/ui-icons_8d78a5_256x240.png HTTP/1.1" 404 1089
190.171.149.90 - - [18/Jul/2024:10:15:50 -0300] "GET /cormun/servlet/trpermisosadjuntos?16532735,20240717095350,P, HTTP/1.1" 200 6167
190.171.149.90 - - [18/Jul/2024:10:15:51 -0300] "GET /cormun/servlet/permisosadjuntos?INS,16532735,P,20240717095350,, HTTP/1.1" 200 5489
190.171.149.90 - - [18/Jul/2024:10:15:51 -0300] "GET /cormun/static/about:blank HTTP/1.1" 404 1011
190.171.149.90 - - [18/Jul/2024:10:15:57 -0300] "POST /cormun/servlet/permisosadjuntos?518c041e4f3cc00ab8ac3b74e7d2f3ee,INS,16532735,P,20240717095350,, HTTP/1.1" 200 116
190.171.149.90 - - [18/Jul/2024:10:15:57 -0300] "GET /cormun/servlet/hpexe_return? HTTP/1.1" 200 1037
190.171.149.90 - - [18/Jul/2024:10:15:58 -0300] "GET /cormun/servlet/trpermisosadjuntos?16532735,20240717095350,P, HTTP/1.1" 200 6639
190.171.149.90 - - [18/Jul/2024:10:15:59 -0300] "GET /cormun/servlet/trpermisosgoce? HTTP/1.1" 200 9246
190.171.141.106 - - [18/Jul/2024:10:16:00 -0300] "GET /cormun/servlet/solicitudotadjuntos?371aafef9f45bf0386a1b8645f34479cbb5e1888ed6647e21d17430ef1ae2e11,gx-no-cache=1721308488961 HTTP/1.1" 200 30
190.171.141.106 - - [18/Jul/2024:10:16:00 -0300] "GET /cormun/servlet/solicitudotadjuntos?371aafef9f45bf0386a1b8645f34479cbb5e1888ed6647e21d17430ef1ae2e11,gx-no-cache=1721308488982 HTTP/1.1" 200 30
190.171.141.106 - - [18/Jul/2024:10:16:00 -0300] "POST /cormun/servlet/solicitudotadjuntos?9c28ab8e729e5c6a8754188d1a768f86,INS,2024,21567,,1, HTTP/1.1" 200 116
190.171.141.106 - - [18/Jul/2024:10:16:00 -0300] "GET /cormun/servlet/hpexe_return? HTTP/1.1" 200 1032
190.171.141.106 - - [18/Jul/2024:10:16:00 -0300] "GET /cormun/servlet/trsolicitudadjuntos?2024,21567, HTTP/1.1" 200 9604
190.171.149.90 - - [18/Jul/2024:10:16:02 -0300] "POST /cormun/servlet/trpermisosgoce?518c041e4f3cc00ab8ac3b74e7d2f3ee,,gx-no-cache=1721308390220 HTTP/1.1" 200 6567
190.171.141.106 - - [18/Jul/2024:10:16:03 -0300] "GET /cormun/servlet/solicitudotadjuntos?INS,2024,21567,,1, HTTP/1.1" 200 6342
190.171.141.106 - - [18/Jul/2024:10:16:03 -0300] "GET /cormun/static/about:blank HTTP/1.1" 404 1011
190.171.141.106 - - [18/Jul/2024:10:16:04 -0300] "GET /cormun/servlet/solicitudotadjuntos?371aafef9f45bf0386a1b8645f34479ca227d1ebbad0d0c6edcc7d31ca8eac4f76e7dba028d2b79ba436cf63e15a070f,gx-no-cache=1721308493218 HTTP/1.1" 200 30
190.171.141.106 - - [18/Jul/2024:10:16:04 -0300] "POST /cormun/servlet/solicitudotadjuntos?9c28ab8e729e5c6a8754188d1a768f86,INS,2024,21567,,1,,gx-no-cache=1721308493253 HTTP/1.1" 200 4200
190.171.149.90 - - [18/Jul/2024:10:16:04 -0300] "POST /cormun/servlet/trpermisosgoce?518c041e4f3cc00ab8ac3b74e7d2f3ee,,gx-no-cache=1721308392827 HTTP/1.1" 200 6559
190.171.149.90 - - [18/Jul/2024:10:16:06 -0300] "GET /cormun/servlet/trpermisosadjuntos?12158284,20240711115227,P, HTTP/1.1" 200 6173
190.171.149.90 - - [18/Jul/2024:10:16:07 -0300] "GET /cormun/servlet/permisosadjuntos?INS,12158284,P,20240711115227,, HTTP/1.1" 200 5497
190.171.149.90 - - [18/Jul/2024:10:16:07 -0300] "GET /cormun/static/about:blank HTTP/1.1" 404 1011
190.171.141.106 - - [18/Jul/2024:10:16:12 -0300] "POST /cormun/servlet/solicitudotadjuntos?gx-no-cache=1721308501498 HTTP/1.1" 200 26
190.171.149.90 - - [18/Jul/2024:10:16:16 -0300] "POST /cormun/servlet/permisosadjuntos?518c041e4f3cc00ab8ac3b74e7d2f3ee,INS,12158284,P,20240711115227,, HTTP/1.1" 200 116
190.171.149.90 - - [18/Jul/2024:10:16:16 -0300] "GET /cormun/servlet/hpexe_return? HTTP/1.1" 200 1035
190.171.149.90 - - [18/Jul/2024:10:16:16 -0300] "GET /cormun/servlet/trpermisosadjuntos?12158284,20240711115227,P, HTTP/1.1" 200 6656
190.171.149.90 - - [18/Jul/2024:10:16:18 -0300] "GET /cormun/servlet/trpermisosgoce? HTTP/1.1" 200 9233
190.171.141.106 - - [18/Jul/2024:10:16:21 -0300] "GET /cormun/servlet/solicitudotadjuntos?371aafef9f45bf0386a1b8645f34479cbb5e1888ed6647e21d17430ef1ae2e11,gx-no-cache=1721308510505 HTTP/1.1" 200 30
190.171.141.106 - - [18/Jul/2024:10:16:21 -0300] "GET /cormun/servlet/solicitudotadjuntos?371aafef9f45bf0386a1b8645f34479cbb5e1888ed6647e21d17430ef1ae2e11,gx-no-cache=1721308510515 HTTP/1.1" 200 30
190.171.141.106 - - [18/Jul/2024:10:16:21 -0300] "POST /cormun/servlet/solicitudotadjuntos?9c28ab8e729e5c6a8754188d1a768f86,INS,2024,21567,,1, HTTP/1.1" 200 116
190.171.141.106 - - [18/Jul/2024:10:16:21 -0300] "GET /cormun/servlet/hpexe_return? HTTP/1.1" 200 1032
190.171.141.106 - - [18/Jul/2024:10:16:22 -0300] "GET /cormun/servlet/trsolicitudadjuntos?2024,21567, HTTP/1.1" 200 9847
190.171.149.90 - - [18/Jul/2024:10:16:22 -0300] "POST /cormun/servlet/trpermisosgoce?518c041e4f3cc00ab8ac3b74e7d2f3ee,,gx-no-cache=1721308410258 HTTP/1.1" 200 6560
190.171.149.90 - - [18/Jul/2024:10:16:23 -0300] "GET /cormun/servlet/trpermisosadjuntos?13503222,20240710120649,P, HTTP/1.1" 200 6167
190.171.149.90 - - [18/Jul/2024:10:16:25 -0300] "GET /cormun/servlet/permisosadjuntos?INS,13503222,P,20240710120649,, HTTP/1.1" 200 5489
190.171.149.90 - - [18/Jul/2024:10:16:25 -0300] "GET /cormun/static/about:blank HTTP/1.1" 404 1011
190.171.141.106 - - [18/Jul/2024:10:16:29 -0300] "GET /cormun/servlet/solicitudotadjuntos?INS,2024,21567,,1, HTTP/1.1" 200 6342
190.171.141.106 - - [18/Jul/2024:10:16:29 -0300] "GET /cormun/static/about:blank HTTP/1.1" 404 1011
190.171.141.106 - - [18/Jul/2024:10:16:30 -0300] "GET /cormun/servlet/solicitudotadjuntos?371aafef9f45bf0386a1b8645f34479ca227d1ebbad0d0c6edcc7d31ca8eac4f76e7dba028d2b79ba436cf63e15a070f,gx-no-cache=1721308518965 HTTP/1.1" 200 30
190.171.141.106 - - [18/Jul/2024:10:16:30 -0300] "POST /cormun/servlet/solicitudotadjuntos?9c28ab8e729e5c6a8754188d1a768f86,INS,2024,21567,,1,,gx-no-cache=1721308519007 HTTP/1.1" 200 4200
190.171.149.90 - - [18/Jul/2024:10:16:32 -0300] "POST /cormun/servlet/permisosadjuntos?518c041e4f3cc00ab8ac3b74e7d2f3ee,INS,13503222,P,20240710120649,, HTTP/1.1" 200 116
190.171.149.90 - - [18/Jul/2024:10:16:32 -0300] "GET /cormun/servlet/hpexe_return? HTTP/1.1" 200 1036
190.171.149.90 - - [18/Jul/2024:10:16:32 -0300] "GET /cormun/servlet/trpermisosadjuntos?13503222,20240710120649,P, HTTP/1.1" 200 6649
190.171.149.90 - - [18/Jul/2024:10:16:34 -0300] "GET /cormun/servlet/trpermisosgoce? HTTP/1.1" 200 9228
190.171.141.106 - - [18/Jul/2024:10:16:35 -0300] "POST /cormun/servlet/solicitudotadjuntos?gx-no-cache=1721308523762 HTTP/1.1" 200 26
190.171.149.90 - - [18/Jul/2024:10:16:37 -0300] "POST /cormun/servlet/trpermisosgoce?518c041e4f3cc00ab8ac3b74e7d2f3ee,,gx-no-cache=1721308425138 HTTP/1.1" 200 6549
190.171.141.106 - - [18/Jul/2024:10:16:42 -0300] "GET /cormun/servlet/solicitudotadjuntos?371aafef9f45bf0386a1b8645f34479cbb5e1888ed6647e21d17430ef1ae2e11,gx-no-cache=1721308531178 HTTP/1.1" 200 30
190.171.141.106 - - [18/Jul/2024:10:16:42 -0300] "GET /cormun/servlet/solicitudotadjuntos?371aafef9f45bf0386a1b8645f34479cbb5e1888ed6647e21d17430ef1ae2e11,gx-no-cache=1721308531192 HTTP/1.1" 200 30
190.171.141.106 - - [18/Jul/2024:10:16:42 -0300] "POST /cormun/servlet/solicitudotadjuntos?9c28ab8e729e5c6a8754188d1a768f86,INS,2024,21567,,1, HTTP/1.1" 200 116
190.171.141.106 - - [18/Jul/2024:10:16:42 -0300] "GET /cormun/servlet/hpexe_return? HTTP/1.1" 200 1032
190.171.141.106 - - [18/Jul/2024:10:16:42 -0300] "GET /cormun/servlet/trsolicitudadjuntos?2024,21567, HTTP/1.1" 200 10078
190.171.141.106 - - [18/Jul/2024:10:16:51 -0300] "GET /cormun/servlet/solicitudotadjuntos?INS,2024,21567,,1, HTTP/1.1" 200 6342
190.171.141.106 - - [18/Jul/2024:10:16:51 -0300] "GET /cormun/static/about:blank HTTP/1.1" 404 1011
190.171.141.106 - - [18/Jul/2024:10:16:51 -0300] "GET /cormun/servlet/solicitudotadjuntos?371aafef9f45bf0386a1b8645f34479ca227d1ebbad0d0c6edcc7d31ca8eac4f76e7dba028d2b79ba436cf63e15a070f,gx-no-cache=1721308540418 HTTP/1.1" 200 30
190.171.141.106 - - [18/Jul/2024:10:16:51 -0300] "POST /cormun/servlet/solicitudotadjuntos?9c28ab8e729e5c6a8754188d1a768f86,INS,2024,21567,,1,,gx-no-cache=1721308540439 HTTP/1.1" 200 4200
190.171.141.106 - - [18/Jul/2024:10:16:55 -0300] "POST /cormun/servlet/solicitudotadjuntos?gx-no-cache=1721308544458 HTTP/1.1" 200 26
190.171.142.50 - - [18/Jul/2024:10:16:58 -0300] "GET /cormun/servlet/solicitudot?d3d67d8a651f9912af7e6bc8d9a0716fac8ad5778efb19e9d3067b4eee7a8f588fc7ddd8dd52995eedaa51c5fc75113b8cdb874ee40600831b85f45751c79235ba6b880eb8fe7b30c57d7646eb3146cab693257e61fa580cc701fa47d807804840bbb5ccab9931917dc2fc3917cec853,gx-no-cache=1721308548426 HTTP/1.1" 200 110
190.171.142.50 - - [18/Jul/2024:10:16:58 -0300] "POST /cormun/servlet/solicitudot?gx-no-cache=1721308548452 HTTP/1.1" 200 72
190.171.142.50 - - [18/Jul/2024:10:17:04 -0300] "GET /cormun/servlet/solicitudot?d3d67d8a651f9912af7e6bc8d9a0716f422eefd2a2337b2d441ac3c2cfa828bf907a89d64fefb3fe8bde35a5e3ead89533f88e7d41fb3a75cfc19e1ac86916385e33d331796d210dcf09d55077942812453e6770f0f5854a45907e3bb1153f3ac90071406fe428a6b2b81755dc2820ec,gx-no-cache=1721308554716 HTTP/1.1" 200 29
190.171.142.50 - - [18/Jul/2024:10:17:04 -0300] "GET /cormun/static/menuarrow.gif HTTP/1.1" 404 1015
190.171.141.106 - - [18/Jul/2024:10:17:05 -0300] "GET /cormun/servlet/solicitudotadjuntos?371aafef9f45bf0386a1b8645f34479cbb5e1888ed6647e21d17430ef1ae2e11,gx-no-cache=1721308553809 HTTP/1.1" 200 30
190.171.141.106 - - [18/Jul/2024:10:17:05 -0300] "GET /cormun/servlet/solicitudotadjuntos?371aafef9f45bf0386a1b8645f34479cbb5e1888ed6647e21d17430ef1ae2e11,gx-no-cache=1721308553819 HTTP/1.1" 200 30
190.171.141.106 - - [18/Jul/2024:10:17:05 -0300] "POST /cormun/servlet/solicitudotadjuntos?9c28ab8e729e5c6a8754188d1a768f86,INS,2024,21567,,1, HTTP/1.1" 200 116
190.171.141.106 - - [18/Jul/2024:10:17:05 -0300] "GET /cormun/servlet/hpexe_return? HTTP/1.1" 200 1032
190.171.141.106 - - [18/Jul/2024:10:17:05 -0300] "GET /cormun/servlet/trsolicitudadjuntos?2024,21567, HTTP/1.1" 200 10325
190.171.142.50 - - [18/Jul/2024:10:17:07 -0300] "GET /cormun/servlet/solicitudot?d3d67d8a651f9912af7e6bc8d9a0716f622da3173a30810f9f4e83d3f0e940ff38e3ee055f642aedc04888936c8f8789,gx-no-cache=1721308557764 HTTP/1.1" 200 30
190.171.142.50 - - [18/Jul/2024:10:17:07 -0300] "POST /cormun/servlet/solicitudot?gx-no-cache=1721308557781 HTTP/1.1" 200 34
190.171.141.106 - - [18/Jul/2024:10:17:12 -0300] "GET /cormun/servlet/solicitudotadjuntos?INS,2024,21567,,1, HTTP/1.1" 200 6342
190.171.141.106 - - [18/Jul/2024:10:17:12 -0300] "GET /cormun/static/about:blank HTTP/1.1" 404 1011
190.171.141.106 - - [18/Jul/2024:10:17:13 -0300] "GET /cormun/servlet/solicitudotadjuntos?371aafef9f45bf0386a1b8645f34479ca227d1ebbad0d0c6edcc7d31ca8eac4f76e7dba028d2b79ba436cf63e15a070f,gx-no-cache=1721308562049 HTTP/1.1" 200 30
190.171.141.106 - - [18/Jul/2024:10:17:13 -0300] "POST /cormun/servlet/solicitudotadjuntos?9c28ab8e729e5c6a8754188d1a768f86,INS,2024,21567,,1,,gx-no-cache=1721308562070 HTTP/1.1" 200 4200
190.171.141.106 - - [18/Jul/2024:10:17:17 -0300] "POST /cormun/servlet/solicitudotadjuntos?gx-no-cache=1721308566482 HTTP/1.1" 200 26
190.171.141.106 - - [18/Jul/2024:10:17:26 -0300] "GET /cormun/servlet/solicitudotadjuntos?371aafef9f45bf0386a1b8645f34479cbb5e1888ed6647e21d17430ef1ae2e11,gx-no-cache=1721308575385 HTTP/1.1" 200 30
190.171.141.106 - - [18/Jul/2024:10:17:26 -0300] "GET /cormun/servlet/solicitudotadjuntos?371aafef9f45bf0386a1b8645f34479cbb5e1888ed6647e21d17430ef1ae2e11,gx-no-cache=1721308575395 HTTP/1.1" 200 30
190.171.141.106 - - [18/Jul/2024:10:17:26 -0300] "POST /cormun/servlet/solicitudotadjuntos?9c28ab8e729e5c6a8754188d1a768f86,INS,2024,21567,,1, HTTP/1.1" 200 116
190.171.141.106 - - [18/Jul/2024:10:17:26 -0300] "GET /cormun/servlet/hpexe_return? HTTP/1.1" 200 1032
190.171.141.106 - - [18/Jul/2024:10:17:27 -0300] "GET /cormun/servlet/trsolicitudadjuntos?2024,21567, HTTP/1.1" 200 10472
190.171.141.106 - - [18/Jul/2024:10:17:38 -0300] "GET /cormun/servlet/solicitudotadjuntos?INS,2024,21567,,2, HTTP/1.1" 200 6339
190.171.141.106 - - [18/Jul/2024:10:17:38 -0300] "GET /cormun/static/about:blank HTTP/1.1" 404 1011
190.171.141.106 - - [18/Jul/2024:10:17:38 -0300] "GET /cormun/servlet/solicitudotadjuntos?371aafef9f45bf0386a1b8645f34479ca227d1ebbad0d0c6edcc7d31ca8eac4f76e7dba028d2b79ba436cf63e15a070f,gx-no-cache=1721308587700 HTTP/1.1" 200 30
190.171.141.106 - - [18/Jul/2024:10:17:39 -0300] "POST /cormun/servlet/solicitudotadjuntos?9c28ab8e729e5c6a8754188d1a768f86,INS,2024,21567,,2,,gx-no-cache=1721308587715 HTTP/1.1" 200 4338
190.171.149.90 - - [18/Jul/2024:10:17:46 -0300] "GET /cormun/servlet/trpermisosadjuntos?13721005,20240710144028,P, HTTP/1.1" 200 6164
190.171.142.50 - - [18/Jul/2024:10:17:46 -0300] "POST /cormun/servlet/solicitudot?gx-no-cache=1721308596884 HTTP/1.1" 200 238
190.171.149.90 - - [18/Jul/2024:10:17:48 -0300] "GET /cormun/servlet/permisosadjuntos?INS,13721005,P,20240710144028,, HTTP/1.1" 200 5487
190.171.149.90 - - [18/Jul/2024:10:17:48 -0300] "GET /cormun/static/about:blank HTTP/1.1" 404 1011
190.171.141.106 - - [18/Jul/2024:10:17:51 -0300] "POST /cormun/servlet/solicitudotadjuntos?gx-no-cache=1721308600315 HTTP/1.1" 200 26
190.171.144.234 - - [18/Jul/2024:10:17:52 -0300] "GET /cormun/servlet/hlogin HTTP/1.1" 200 1745
190.171.142.50 - - [18/Jul/2024:10:17:55 -0300] "GET /cormun/servlet/solicitudot?d3d67d8a651f9912af7e6bc8d9a0716fc5d60e6291556df4b43c15a03211933af5f665c535072ab189db0b251eb1fada32db129bba1825a492afdcacf6f37dec85c2b04b7a15ae5ce3604e47ecd76308747c0f4ad95b2fe7d6fcc6569e26411216ca882e07b4012cefed682968d16d300ea882267b36573d8484339be4200503fd94c0bbf5b34814f18761f48af99d7885bd16a7a481a7e4334cf205ac328819e4abd4378ad2c7bbb5d159f5825f1f1a5805c9b06af9dd31e8979ec87bc904097669bbf5ff3992732ca78cc855a907673106ed5fe89a500e88055a3012a2ab95a3bc8e33648cf23c78b9963b95c94f8a402cf29b01f27fbb366b20ed634230e71c46019aac9d0379abc6bb324f596b7fe076c88eb40b20db04679d2f9ea40eddfa7c0ec23cd41720c4db313aabcd12238d29879c8a04ecbf0750e0b82cbb26975cd78be9c7dde87188039a46241a99962a957b8e576f8ac2faf554efbd8b124cef7ce06f4418967cdf71441a0581811b5ab85ba2b24ec870cecd4903f97ff317,gx-no-cache=1721308605486 HTTP/1.1" 200 30
190.171.142.50 - - [18/Jul/2024:10:17:55 -0300] "POST /cormun/servlet/solicitudot?gx-no-cache=1721308605503 HTTP/1.1" 200 30
190.171.142.50 - - [18/Jul/2024:10:17:55 -0300] "POST /cormun/servlet/solicitudot?gx-no-cache=1721308605521 HTTP/1.1" 200 1483
190.171.142.50 - - [18/Jul/2024:10:17:55 -0300] "POST /cormun/servlet/solicitudot?gx-no-cache=1721308605586 HTTP/1.1" 200 41
190.171.142.50 - - [18/Jul/2024:10:17:55 -0300] "GET /cormun/servlet/solicitudot?d3d67d8a651f9912af7e6bc8d9a0716fac8ad5778efb19e9d3067b4eee7a8f588fc7ddd8dd52995eedaa51c5fc75113b8cdb874ee40600831b85f45751c79235ba6b880eb8fe7b30c57d7646eb3146cab693257e61fa580cc701fa47d807804840bbb5ccab9931917dc2fc3917cec853,gx-no-cache=1721308605600 HTTP/1.1" 200 110
190.171.142.50 - - [18/Jul/2024:10:17:55 -0300] "POST /cormun/servlet/solicitudot?gx-no-cache=1721308605616 HTTP/1.1" 200 67
190.171.142.50 - - [18/Jul/2024:10:17:55 -0300] "GET /cormun/servlet/solicitudot?d3d67d8a651f9912af7e6bc8d9a0716f622da3173a30810f9f4e83d3f0e940ff38e3ee055f642aedc04888936c8f8789,gx-no-cache=1721308605631 HTTP/1.1" 200 30
190.171.142.50 - - [18/Jul/2024:10:17:55 -0300] "POST /cormun/servlet/solicitudot?gx-no-cache=1721308605645 HTTP/1.1" 200 34
190.171.142.50 - - [18/Jul/2024:10:17:55 -0300] "POST /cormun/servlet/solicitudot?f03a2e257d379ecf3b3471c19931e8fd,INS,0,0,false,,gx-no-cache=1721308605661 HTTP/1.1" 200 93
190.171.142.50 - - [18/Jul/2024:10:17:55 -0300] "GET /cormun/servlet/hpexe_return? HTTP/1.1" 200 1006
190.171.142.50 - - [18/Jul/2024:10:17:56 -0300] "GET /cormun/servlet/trsolicitudot HTTP/1.1" 200 8490
190.171.149.90 - - [18/Jul/2024:10:17:57 -0300] "POST /cormun/servlet/permisosadjuntos?518c041e4f3cc00ab8ac3b74e7d2f3ee,INS,13721005,P,20240710144028,, HTTP/1.1" 200 116
190.171.149.90 - - [18/Jul/2024:10:17:57 -0300] "GET /cormun/servlet/hpexe_return? HTTP/1.1" 200 1036
190.171.149.90 - - [18/Jul/2024:10:17:57 -0300] "GET /cormun/servlet/trpermisosadjuntos?13721005,20240710144028,P, HTTP/1.1" 200 6646
190.171.141.106 - - [18/Jul/2024:10:18:00 -0300] "GET /cormun/servlet/solicitudotadjuntos?371aafef9f45bf0386a1b8645f34479cbb5e1888ed6647e21d17430ef1ae2e11,gx-no-cache=1721308609529 HTTP/1.1" 200 30
190.171.141.106 - - [18/Jul/2024:10:18:00 -0300] "GET /cormun/servlet/solicitudotadjuntos?371aafef9f45bf0386a1b8645f34479cbb5e1888ed6647e21d17430ef1ae2e11,gx-no-cache=1721308609540 HTTP/1.1" 200 30
190.171.141.106 - - [18/Jul/2024:10:18:00 -0300] "POST /cormun/servlet/solicitudotadjuntos?9c28ab8e729e5c6a8754188d1a768f86,INS,2024,21567,,2, HTTP/1.1" 200 116
190.171.141.106 - - [18/Jul/2024:10:18:00 -0300] "GET /cormun/servlet/hpexe_return? HTTP/1.1" 200 1032
190.171.141.106 - - [18/Jul/2024:10:18:01 -0300] "GET /cormun/servlet/trsolicitudadjuntos?2024,21567, HTTP/1.1" 200 10617
190.171.149.90 - - [18/Jul/2024:10:18:02 -0300] "GET /cormun/servlet/trpermisosgoce? HTTP/1.1" 200 9218
190.171.149.90 - - [18/Jul/2024:10:18:04 -0300] "POST /cormun/servlet/trpermisosgoce?518c041e4f3cc00ab8ac3b74e7d2f3ee,,gx-no-cache=1721308512643 HTTP/1.1" 200 6517
190.171.141.106 - - [18/Jul/2024:10:18:08 -0300] "GET /cormun/servlet/solicitudotadjuntos?INS,2024,21567,,2, HTTP/1.1" 200 6338
190.171.141.106 - - [18/Jul/2024:10:18:08 -0300] "GET /cormun/static/about:blank HTTP/1.1" 404 1011
190.171.142.50 - - [18/Jul/2024:10:18:09 -0300] "POST /cormun/servlet/trsolicitudot?f03a2e257d379ecf3b3471c19931e8fd,gx-no-cache=1721308619035 HTTP/1.1" 200 113
190.171.141.106 - - [18/Jul/2024:10:18:09 -0300] "GET /cormun/servlet/solicitudotadjuntos?371aafef9f45bf0386a1b8645f34479ca227d1ebbad0d0c6edcc7d31ca8eac4f76e7dba028d2b79ba436cf63e15a070f,gx-no-cache=1721308617890 HTTP/1.1" 200 30
190.171.142.50 - - [18/Jul/2024:10:18:09 -0300] "GET /cormun/servlet/solicitudot?UPD,2024,21568,false, HTTP/1.1" 200 16554
190.171.141.106 - - [18/Jul/2024:10:18:09 -0300] "POST /cormun/servlet/solicitudotadjuntos?9c28ab8e729e5c6a8754188d1a768f86,INS,2024,21567,,2,,gx-no-cache=1721308617903 HTTP/1.1" 200 4336
190.171.142.50 - - [18/Jul/2024:10:18:09 -0300] "POST /cormun/servlet/solicitudot?gx-no-cache=1721308619802 HTTP/1.1" 200 4109
190.171.142.50 - - [18/Jul/2024:10:18:09 -0300] "POST /cormun/servlet/solicitudot?f03a2e257d379ecf3b3471c19931e8fd,UPD,2024,21568,false,,gx-no-cache=1721308619896 HTTP/1.1" 200 12730
190.171.142.50 - - [18/Jul/2024:10:18:10 -0300] "GET /cormun/servlet/solicitudot?d3d67d8a651f9912af7e6bc8d9a0716f6d3b8d4bd005f7d3f2f4f7e80b8ab9b6ca87849e762e5815ac038a7dfa44db51,gx-no-cache=1721308619985 HTTP/1.1" 200 30
190.171.142.50 - - [18/Jul/2024:10:18:10 -0300] "GET /cormun/servlet/solicitudot?d3d67d8a651f9912af7e6bc8d9a0716f149442a971038731dcd7ac29510aaea305be56ca981bd37530e1cd68b1821719972abc9370ebc5dc6e697e0b1947dced,gx-no-cache=1721308620003 HTTP/1.1" 200 30
190.171.142.50 - - [18/Jul/2024:10:18:10 -0300] "GET /cormun/servlet/solicitudot?d3d67d8a651f9912af7e6bc8d9a0716ff384a7bfa35feb447975232c290f4836da7b961c4ebe2b55aa198f5e1faec144fffce6d8c5f9949d4b2dc03ec7dd16e8,gx-no-cache=1721308620018 HTTP/1.1" 200 53
190.171.142.50 - - [18/Jul/2024:10:18:10 -0300] "POST /cormun/servlet/solicitudot?gx-no-cache=1721308620033 HTTP/1.1" 200 238
190.171.142.50 - - [18/Jul/2024:10:18:10 -0300] "GET /cormun/servlet/solicitudot?d3d67d8a651f9912af7e6bc8d9a0716fc5d60e6291556df4b43c15a03211933af5f665c535072ab189db0b251eb1fada32db129bba1825a492afdcacf6f37dec85c2b04b7a15ae5ce3604e47ecd76308747c0f4ad95b2fe7d6fcc6569e26411216ca882e07b4012cefed682968d16d300ea882267b36573d8484339be4200503fd94c0bbf5b34814f18761f48af99d7885bd16a7a481a7e4334cf205ac328819e4abd4378ad2c7bbb5d159f5825f1f1a5805c9b06af9dd31e8979ec87bc904097669bbf5ff3992732ca78cc855a907673106ed5fe89a500e88055a3012a2ab95a3bc8e33648cf23c78b9963b95c94f8a402cf29b01f27fbb366b20ed634230e71c46019aac9d0379abc6bb324f596b7fe076c88eb40b20db04679d2f9ea40eddfa7c0ec23cd41720c4db313aabcd12238d29879c8a04ecbf0750e0b82cbb26975cd78be9c7dde87188039a46241a99962a957b8e576f8ac2faf554efbd8b124cef7ce06f4418967cdf71441a0581811b5ab85ba2b24ec870cecd4903f97ff317,gx-no-cache=1721308620050 HTTP/1.1" 200 30
190.171.142.50 - - [18/Jul/2024:10:18:10 -0300] "POST /cormun/servlet/solicitudot?gx-no-cache=1721308620066 HTTP/1.1" 200 30
190.171.142.50 - - [18/Jul/2024:10:18:10 -0300] "POST /cormun/servlet/solicitudot?gx-no-cache=1721308620082 HTTP/1.1" 200 1483
190.171.142.50 - - [18/Jul/2024:10:18:10 -0300] "POST /cormun/servlet/solicitudot?gx-no-cache=1721308620141 HTTP/1.1" 200 41
190.171.141.106 - - [18/Jul/2024:10:18:17 -0300] "POST /cormun/servlet/solicitudotadjuntos?gx-no-cache=1721308626515 HTTP/1.1" 200 26
190.171.142.50 - - [18/Jul/2024:10:18:18 -0300] "GET /cormun/servlet/solicitudot?d3d67d8a651f9912af7e6bc8d9a0716fac8ad5778efb19e9d3067b4eee7a8f588fc7ddd8dd52995eedaa51c5fc75113b8cdb874ee40600831b85f45751c79235ba6b880eb8fe7b30c57d7646eb3146cab693257e61fa580cc701fa47d807804840bbb5ccab9931917dc2fc3917cec853,gx-no-cache=1721308628959 HTTP/1.1" 200 110
190.171.142.50 - - [18/Jul/2024:10:18:19 -0300] "POST /cormun/servlet/solicitudot?gx-no-cache=1721308628978 HTTP/1.1" 200 67
190.171.142.50 - - [18/Jul/2024:10:18:19 -0300] "GET /cormun/servlet/solicitudot?d3d67d8a651f9912af7e6bc8d9a0716fcfb59f973d74ab4c34dddf7d6867aff11149aba9ffea160af8f1858b158524df7bec8e4bb57f0dfd72f20bc828cf3fd01fc795e1d6177deb932bf0b9cdc8ea9cd7f6c623e0b600b2ead921b0589a48426febb3110e3d76d4af99a9af55a4b65b,gx-no-cache=1721308628996 HTTP/1.1" 200 29
190.171.142.50 - - [18/Jul/2024:10:18:19 -0300] "GET /cormun/servlet/solicitudot?d3d67d8a651f9912af7e6bc8d9a0716f622da3173a30810f9f4e83d3f0e940ff38e3ee055f642aedc04888936c8f8789,gx-no-cache=1721308629009 HTTP/1.1" 200 30
190.171.142.50 - - [18/Jul/2024:10:18:19 -0300] "POST /cormun/servlet/solicitudot?gx-no-cache=1721308629024 HTTP/1.1" 200 34
190.171.142.50 - - [18/Jul/2024:10:18:19 -0300] "POST /cormun/servlet/solicitudot?f03a2e257d379ecf3b3471c19931e8fd,UPD,2024,21568,false,,gx-no-cache=1721308629041 HTTP/1.1" 200 93
190.171.142.50 - - [18/Jul/2024:10:18:19 -0300] "GET /cormun/servlet/hpexe_return? HTTP/1.1" 200 1012
190.171.142.50 - - [18/Jul/2024:10:18:19 -0300] "GET /cormun/servlet/trsolicitudot HTTP/1.1" 200 8490
190.171.141.106 - - [18/Jul/2024:10:18:26 -0300] "GET /cormun/servlet/solicitudotadjuntos?371aafef9f45bf0386a1b8645f34479cbb5e1888ed6647e21d17430ef1ae2e11,gx-no-cache=1721308635097 HTTP/1.1" 200 30
190.171.141.106 - - [18/Jul/2024:10:18:26 -0300] "GET /cormun/servlet/solicitudotadjuntos?371aafef9f45bf0386a1b8645f34479cbb5e1888ed6647e21d17430ef1ae2e11,gx-no-cache=1721308635108 HTTP/1.1" 200 30
190.171.141.106 - - [18/Jul/2024:10:18:26 -0300] "POST /cormun/servlet/solicitudotadjuntos?9c28ab8e729e5c6a8754188d1a768f86,INS,2024,21567,,2, HTTP/1.1" 200 116
190.171.141.106 - - [18/Jul/2024:10:18:26 -0300] "GET /cormun/servlet/hpexe_return? HTTP/1.1" 200 1032
190.171.141.106 - - [18/Jul/2024:10:18:26 -0300] "GET /cormun/servlet/trsolicitudadjuntos?2024,21567, HTTP/1.1" 200 10744
190.171.142.10 - - [18/Jul/2024:10:18:45 -0300] "GET /cormun/servlet/hlogin HTTP/1.1" 200 1725
190.171.141.106 - - [18/Jul/2024:10:18:46 -0300] "GET /cormun/servlet/solicitudotadjuntos?INS,2024,21567,,2, HTTP/1.1" 200 6339
190.171.141.106 - - [18/Jul/2024:10:18:46 -0300] "GET /cormun/static/about:blank HTTP/1.1" 404 1011
