201.186.225.189 - - [10/Jul/2024:10:32:43 -0300] "GET /cormun/servlet/trsolicitudadjuntos?2024,21531, HTTP/1.1" 200 9735
201.186.225.189 - - [10/Jul/2024:10:32:45 -0300] "GET /cormun/servlet/solicitudotadjuntos?INS,2024,21531,,1, HTTP/1.1" 200 6417
201.186.225.189 - - [10/Jul/2024:10:32:46 -0300] "GET /cormun/static/about:blank HTTP/1.1" 404 1011
201.186.225.189 - - [10/Jul/2024:10:32:46 -0300] "GET /cormun/servlet/solicitudotadjuntos?9b4d4ca78321bdaf32b4552906471dc9ba20799af80981c6676481a7cb33c5e82697c36f7a59e952b18b9edf9768efe9,gx-no-cache=1720618198250 HTTP/1.1" 200 30
201.186.225.189 - - [10/Jul/2024:10:32:46 -0300] "POST /cormun/servlet/solicitudotadjuntos?cfecc3ec3d28eef0007401b70e12bb85,INS,2024,21531,,1,,gx-no-cache=1720618198270 HTTP/1.1" 200 4151
201.186.225.189 - - [10/Jul/2024:10:32:50 -0300] "POST /cormun/servlet/solicitudotadjuntos?gx-no-cache=1720618201882 HTTP/1.1" 200 26
201.186.225.189 - - [10/Jul/2024:10:32:55 -0300] "GET /cormun/servlet/solicitudotadjuntos?9b4d4ca78321bdaf32b4552906471dc9db3834e138e7d1b8220ed48727037b05,gx-no-cache=1720618207249 HTTP/1.1" 200 30
201.186.225.189 - - [10/Jul/2024:10:32:55 -0300] "GET /cormun/servlet/solicitudotadjuntos?9b4d4ca78321bdaf32b4552906471dc9db3834e138e7d1b8220ed48727037b05,gx-no-cache=1720618207265 HTTP/1.1" 200 30
201.186.225.189 - - [10/Jul/2024:10:32:55 -0300] "POST /cormun/servlet/solicitudotadjuntos?cfecc3ec3d28eef0007401b70e12bb85,INS,2024,21531,,1, HTTP/1.1" 200 116
201.186.225.189 - - [10/Jul/2024:10:32:55 -0300] "GET /cormun/servlet/hpexe_return? HTTP/1.1" 200 1028
201.186.225.189 - - [10/Jul/2024:10:32:55 -0300] "GET /cormun/servlet/trsolicitudadjuntos?2024,21531, HTTP/1.1" 200 9986
201.186.225.189 - - [10/Jul/2024:10:32:58 -0300] "GET /cormun/servlet/solicitudotadjuntos?INS,2024,21531,,1, HTTP/1.1" 200 6417
201.186.225.189 - - [10/Jul/2024:10:32:58 -0300] "GET /cormun/static/about:blank HTTP/1.1" 404 1011
201.186.225.189 - - [10/Jul/2024:10:32:59 -0300] "GET /cormun/servlet/solicitudotadjuntos?9b4d4ca78321bdaf32b4552906471dc9ba20799af80981c6676481a7cb33c5e82697c36f7a59e952b18b9edf9768efe9,gx-no-cache=1720618211026 HTTP/1.1" 200 30
201.186.225.189 - - [10/Jul/2024:10:32:59 -0300] "POST /cormun/servlet/solicitudotadjuntos?cfecc3ec3d28eef0007401b70e12bb85,INS,2024,21531,,1,,gx-no-cache=1720618211043 HTTP/1.1" 200 4151
201.186.225.189 - - [10/Jul/2024:10:33:03 -0300] "POST /cormun/servlet/solicitudotadjuntos?gx-no-cache=1720618215283 HTTP/1.1" 200 26
190.171.142.10 - - [10/Jul/2024:10:33:42 -0300] "GET /cormun/servlet/hlogin HTTP/1.1" 200 1718
201.186.225.189 - - [10/Jul/2024:10:33:44 -0300] "GET /cormun/servlet/solicitudotadjuntos?9b4d4ca78321bdaf32b4552906471dc9db3834e138e7d1b8220ed48727037b05,gx-no-cache=1720618255739 HTTP/1.1" 200 30
201.186.225.189 - - [10/Jul/2024:10:33:44 -0300] "GET /cormun/servlet/solicitudotadjuntos?9b4d4ca78321bdaf32b4552906471dc9db3834e138e7d1b8220ed48727037b05,gx-no-cache=1720618255817 HTTP/1.1" 200 30
201.186.225.189 - - [10/Jul/2024:10:33:44 -0300] "POST /cormun/servlet/solicitudotadjuntos?cfecc3ec3d28eef0007401b70e12bb85,INS,2024,21531,,1, HTTP/1.1" 200 116
201.186.225.189 - - [10/Jul/2024:10:33:44 -0300] "GET /cormun/servlet/hpexe_return? HTTP/1.1" 200 1028
201.186.225.189 - - [10/Jul/2024:10:33:44 -0300] "GET /cormun/servlet/trsolicitudadjuntos?2024,21531, HTTP/1.1" 200 10243
190.171.142.10 - - [10/Jul/2024:10:33:46 -0300] "POST /cormun/servlet/hlogin?cd9f4e10acd6fc5890aba9cc9fb16b1c,gx-no-cache=1720618258942 HTTP/1.1" 200 90
190.171.142.10 - - [10/Jul/2024:10:33:47 -0300] "GET /cormun/servlet/hpexe_link HTTP/1.1" 200 948
190.171.142.10 - - [10/Jul/2024:10:33:47 -0300] "GET /cormun/servlet/hhome HTTP/1.1" 200 4195
201.186.225.189 - - [10/Jul/2024:10:33:47 -0300] "GET /cormun/servlet/solicitudotadjuntos?INS,2024,21531,,1, HTTP/1.1" 200 6415
201.186.225.189 - - [10/Jul/2024:10:33:47 -0300] "GET /cormun/static/about:blank HTTP/1.1" 404 1011
201.186.225.189 - - [10/Jul/2024:10:33:48 -0300] "GET /cormun/servlet/solicitudotadjuntos?9b4d4ca78321bdaf32b4552906471dc9ba20799af80981c6676481a7cb33c5e82697c36f7a59e952b18b9edf9768efe9,gx-no-cache=1720618259769 HTTP/1.1" 200 30
201.186.225.189 - - [10/Jul/2024:10:33:48 -0300] "POST /cormun/servlet/solicitudotadjuntos?cfecc3ec3d28eef0007401b70e12bb85,INS,2024,21531,,1,,gx-no-cache=1720618259786 HTTP/1.1" 200 4150
201.186.225.189 - - [10/Jul/2024:10:33:50 -0300] "POST /cormun/servlet/solicitudotadjuntos?gx-no-cache=1720618262468 HTTP/1.1" 200 26
190.171.142.10 - - [10/Jul/2024:10:33:55 -0300] "GET /cormun/servlet/trsolicitudot? HTTP/1.1" 200 8818
201.186.225.189 - - [10/Jul/2024:10:33:58 -0300] "GET /cormun/servlet/solicitudotadjuntos?9b4d4ca78321bdaf32b4552906471dc9db3834e138e7d1b8220ed48727037b05,gx-no-cache=1720618270187 HTTP/1.1" 200 30
201.186.225.189 - - [10/Jul/2024:10:33:58 -0300] "GET /cormun/servlet/solicitudotadjuntos?9b4d4ca78321bdaf32b4552906471dc9db3834e138e7d1b8220ed48727037b05,gx-no-cache=1720618270202 HTTP/1.1" 200 30
201.186.225.189 - - [10/Jul/2024:10:33:58 -0300] "POST /cormun/servlet/solicitudotadjuntos?cfecc3ec3d28eef0007401b70e12bb85,INS,2024,21531,,1, HTTP/1.1" 200 116
201.186.225.189 - - [10/Jul/2024:10:33:58 -0300] "GET /cormun/servlet/hpexe_return? HTTP/1.1" 200 1028
190.171.143.82 - - [10/Jul/2024:10:33:58 -0300] "GET /cormun/servlet/apermisogoceprn?17520834,P,20240710090604,PU HTTP/1.1" 200 1656
201.186.225.189 - - [10/Jul/2024:10:33:58 -0300] "GET /cormun/servlet/trsolicitudadjuntos?2024,21531, HTTP/1.1" 200 10533
181.212.42.153 - - [10/Jul/2024:10:33:59 -0300] "GET /cormun/servlet/trpermisosgoce? HTTP/1.1" 200 6026
181.212.42.153 - - [10/Jul/2024:10:33:59 -0300] "GET /cormun/static/gxcfg.js?2020121631564 HTTP/1.1" 200 953
181.212.42.153 - - [10/Jul/2024:10:33:59 -0300] "GET /cormun/static/trpermisosgoce.js?2020121633681 HTTP/1.1" 200 35904
181.212.42.153 - - [10/Jul/2024:10:33:59 -0300] "GET /cormun/servlet/hlogin HTTP/1.1" 200 1737
201.186.225.189 - - [10/Jul/2024:10:34:01 -0300] "GET /cormun/servlet/solicitudotadjuntos?INS,2024,21531,,1, HTTP/1.1" 200 6415
201.186.225.189 - - [10/Jul/2024:10:34:01 -0300] "GET /cormun/static/about:blank HTTP/1.1" 404 1011
201.186.225.189 - - [10/Jul/2024:10:34:01 -0300] "GET /cormun/servlet/solicitudotadjuntos?9b4d4ca78321bdaf32b4552906471dc9ba20799af80981c6676481a7cb33c5e82697c36f7a59e952b18b9edf9768efe9,gx-no-cache=1720618273567 HTTP/1.1" 200 30
201.186.225.189 - - [10/Jul/2024:10:34:01 -0300] "POST /cormun/servlet/solicitudotadjuntos?cfecc3ec3d28eef0007401b70e12bb85,INS,2024,21531,,1,,gx-no-cache=1720618273585 HTTP/1.1" 200 4150
181.212.42.153 - - [10/Jul/2024:10:34:04 -0300] "POST /cormun/servlet/hlogin?aa6295f2d6ef061fd7abfe318958ae23,gx-no-cache=1720618276998 HTTP/1.1" 200 90
181.212.42.153 - - [10/Jul/2024:10:34:04 -0300] "GET /cormun/servlet/hpexe_link HTTP/1.1" 200 953
181.212.42.153 - - [10/Jul/2024:10:34:04 -0300] "GET /cormun/servlet/trpermisosgoce HTTP/1.1" 200 11607
201.186.225.189 - - [10/Jul/2024:10:34:05 -0300] "POST /cormun/servlet/solicitudotadjuntos?gx-no-cache=1720618276660 HTTP/1.1" 200 26
201.186.225.189 - - [10/Jul/2024:10:34:11 -0300] "GET /cormun/servlet/solicitudotadjuntos?9b4d4ca78321bdaf32b4552906471dc9db3834e138e7d1b8220ed48727037b05,gx-no-cache=1720618282923 HTTP/1.1" 200 30
201.186.225.189 - - [10/Jul/2024:10:34:11 -0300] "GET /cormun/servlet/solicitudotadjuntos?9b4d4ca78321bdaf32b4552906471dc9db3834e138e7d1b8220ed48727037b05,gx-no-cache=1720618282939 HTTP/1.1" 200 30
201.186.225.189 - - [10/Jul/2024:10:34:11 -0300] "POST /cormun/servlet/solicitudotadjuntos?cfecc3ec3d28eef0007401b70e12bb85,INS,2024,21531,,1, HTTP/1.1" 200 116
201.186.225.189 - - [10/Jul/2024:10:34:11 -0300] "GET /cormun/servlet/hpexe_return? HTTP/1.1" 200 1028
201.186.225.189 - - [10/Jul/2024:10:34:11 -0300] "GET /cormun/servlet/trsolicitudadjuntos?2024,21531, HTTP/1.1" 200 10693
181.212.42.153 - - [10/Jul/2024:10:34:13 -0300] "GET /cormun/static/menuarrow.gif HTTP/1.1" 404 1015
181.212.42.153 - - [10/Jul/2024:10:34:17 -0300] "POST /cormun/servlet/trpermisosgoce?aa6295f2d6ef061fd7abfe318958ae23,gx-no-cache=1720618289754 HTTP/1.1" 200 5684
201.186.225.189 - - [10/Jul/2024:10:34:17 -0300] "GET /cormun/servlet/trsolicitudot? HTTP/1.1" 200 9017
201.186.225.189 - - [10/Jul/2024:10:34:20 -0300] "POST /cormun/servlet/trsolicitudot?cfecc3ec3d28eef0007401b70e12bb85,,gx-no-cache=1720618292103 HTTP/1.1" 200 4894
201.186.225.189 - - [10/Jul/2024:10:34:20 -0300] "GET /cormun/static/Shared/jqueryui/images/ui-bg_highlight-soft_100_c6c2c8_1x100.png HTTP/1.1" 404 1117
201.186.225.189 - - [10/Jul/2024:10:34:20 -0300] "GET /cormun/static/Shared/jqueryui/images/ui-icons_82798d_256x240.png HTTP/1.1" 404 1089
201.186.225.189 - - [10/Jul/2024:10:34:20 -0300] "GET /cormun/static/Shared/jqueryui/images/ui-bg_flat_55_fafafa_40x100.png HTTP/1.1" 404 1097
201.186.225.189 - - [10/Jul/2024:10:34:20 -0300] "GET /cormun/static/Shared/jqueryui/images/ui-icons_8d78a5_256x240.png HTTP/1.1" 404 1089
201.186.225.189 - - [10/Jul/2024:10:34:20 -0300] "POST /cormun/servlet/trsolicitudot?cfecc3ec3d28eef0007401b70e12bb85,,gx-no-cache=1720618292264 HTTP/1.1" 200 4624
181.212.42.153 - - [10/Jul/2024:10:34:21 -0300] "GET /cormun/servlet/permisogoce?INS,0,,, HTTP/1.1" 200 6824
201.186.225.189 - - [10/Jul/2024:10:34:23 -0300] "GET /cormun/servlet/trautorizarsolicitud? HTTP/1.1" 200 8907
201.186.225.189 - - [10/Jul/2024:10:34:23 -0300] "GET /cormun/static/gxcfg.js?202211298474254 HTTP/1.1" 200 953
201.186.225.189 - - [10/Jul/2024:10:34:23 -0300] "GET /cormun/static/trautorizarsolicitud.js?202211298474588 HTTP/1.1" 200 53909
201.186.225.189 - - [10/Jul/2024:10:34:26 -0300] "POST /cormun/servlet/trautorizarsolicitud?cfecc3ec3d28eef0007401b70e12bb85,,gx-no-cache=1720618297654 HTTP/1.1" 200 4810
201.186.225.189 - - [10/Jul/2024:10:34:26 -0300] "POST /cormun/servlet/trautorizarsolicitud?cfecc3ec3d28eef0007401b70e12bb85,,gx-no-cache=1720618297770 HTTP/1.1" 200 4540
201.186.225.189 - - [10/Jul/2024:10:34:29 -0300] "GET /cormun/servlet/trvisualizadoreventos? HTTP/1.1" 200 7148
201.186.225.189 - - [10/Jul/2024:10:34:30 -0300] "GET /cormun/static/Resources/PXToolsActionPrint.png HTTP/1.1" 200 404
201.186.225.189 - - [10/Jul/2024:10:34:30 -0300] "GET /cormun/static/gxcfg.js?202211298474834 HTTP/1.1" 200 953
201.186.225.189 - - [10/Jul/2024:10:34:30 -0300] "GET /cormun/static/trvisualizadoreventos.js?202211298474971 HTTP/1.1" 200 19318
190.171.142.10 - - [10/Jul/2024:10:34:39 -0300] "GET /cormun/servlet/solicitudot?INS,0,0,false, HTTP/1.1" 200 16185
190.171.142.10 - - [10/Jul/2024:10:34:39 -0300] "GET /cormun/static/gxcfg.js?20221129840861 HTTP/1.1" 200 953
190.171.142.10 - - [10/Jul/2024:10:34:39 -0300] "GET /cormun/static/Resources/prompt.gif HTTP/1.1" 200 902
190.171.142.10 - - [10/Jul/2024:10:34:39 -0300] "GET /cormun/static/solicitudot.js?20221129840983 HTTP/1.1" 200 74072
181.212.42.153 - - [10/Jul/2024:10:34:42 -0300] "GET /cormun/servlet/permisogoce?bf13c392f5cb0f9a58b1c760954f5ea3b9ec3fba05c4c5acd2a6cfc705e12c9480558cbeffa17066701029dd78854b85dc824b14ace9d880cfef097fb2e39e5f,gx-no-cache=1720618315574 HTTP/1.1" 200 80
190.171.142.10 - - [10/Jul/2024:10:34:52 -0300] "POST /cormun/servlet/solicitudot?gx-no-cache=1720618324694 HTTP/1.1" 200 4030
190.171.142.10 - - [10/Jul/2024:10:34:52 -0300] "POST /cormun/servlet/solicitudot?cd9f4e10acd6fc5890aba9cc9fb16b1c,INS,0,0,false,,gx-no-cache=1720618324818 HTTP/1.1" 200 12882
190.171.142.10 - - [10/Jul/2024:10:34:57 -0300] "GET /cormun/servlet/solicitudot?893f3ac024141ad0a7d21a9f012f94446fb0d6f815ab6bb3336f81e432e1eb9d4237a2262fccec9bd532d33a8d933447,gx-no-cache=1720618329247 HTTP/1.1" 200 30
181.212.42.153 - - [10/Jul/2024:10:35:18 -0300] "GET /cormun/servlet/permisogoce?bf13c392f5cb0f9a58b1c760954f5ea3bf6752472feda16ac22195ad2249153b835e111604b5e4813e5e7e016a6487235a06dd706c65218f36e7b4896e36ce77,gx-no-cache=1720618351591 HTTP/1.1" 200 47
181.212.42.153 - - [10/Jul/2024:10:35:20 -0300] "POST /cormun/servlet/permisogoce?aa6295f2d6ef061fd7abfe318958ae23,INS,0,,,,gx-no-cache=1720618352590 HTTP/1.1" 200 93
181.212.42.153 - - [10/Jul/2024:10:35:20 -0300] "GET /cormun/servlet/hpexe_return? HTTP/1.1" 200 1029
181.212.42.153 - - [10/Jul/2024:10:35:21 -0300] "GET /cormun/servlet/trpermisosgoce?gx-no-cache=1720618289754 HTTP/1.1" 200 8702
181.212.42.153 - - [10/Jul/2024:10:35:24 -0300] "GET /cormun/servlet/apermisogoceprn?10264376,P,20240710093203,PU HTTP/1.1" 200 1655
181.212.42.153 - - [10/Jul/2024:10:35:50 -0300] "GET /cormun/servlet/permisogoce?INS,0,,, HTTP/1.1" 200 6846
181.212.42.153 - - [10/Jul/2024:10:36:01 -0300] "GET /cormun/servlet/permisogoce?bf13c392f5cb0f9a58b1c760954f5ea3986f1841b1132bde58fa8dd72540bd9a80558cbeffa17066701029dd78854b85dc824b14ace9d880cfef097fb2e39e5f,gx-no-cache=1720618394061 HTTP/1.1" 200 78
181.212.42.153 - - [10/Jul/2024:10:36:05 -0300] "GET /cormun/servlet/permisogoce?bf13c392f5cb0f9a58b1c760954f5ea36387ead1fe88e6bd8cefceb3d72063bc1fe40dfdf83f2e1c5f785ea5b2fbf6f6e8ea8f9af202e33f58b2f8cc8f8bb289,gx-no-cache=1720618398657 HTTP/1.1" 200 48
181.212.42.153 - - [10/Jul/2024:10:36:07 -0300] "POST /cormun/servlet/permisogoce?aa6295f2d6ef061fd7abfe318958ae23,INS,0,,,,gx-no-cache=1720618399578 HTTP/1.1" 200 93
181.212.42.153 - - [10/Jul/2024:10:36:07 -0300] "GET /cormun/servlet/hpexe_return? HTTP/1.1" 200 1029
181.212.42.153 - - [10/Jul/2024:10:36:07 -0300] "GET /cormun/servlet/trpermisosgoce?gx-no-cache=1720618289754 HTTP/1.1" 200 8702
181.212.42.153 - - [10/Jul/2024:10:36:11 -0300] "POST /cormun/servlet/trpermisosgoce?aa6295f2d6ef061fd7abfe318958ae23,gx-no-cache=1720618289754,gx-no-cache=1720618404450 HTTP/1.1" 200 15610
181.212.42.153 - - [10/Jul/2024:10:36:11 -0300] "GET /cormun/static/Resources/PXToolsGridNext.gif HTTP/1.1" 200 369
181.212.42.153 - - [10/Jul/2024:10:36:11 -0300] "GET /cormun/static/Resources/PXToolsGridLast.gif HTTP/1.1" 200 370
181.212.42.153 - - [10/Jul/2024:10:36:13 -0300] "GET /cormun/servlet/apermisogoceprn?11528777,P,20240710093331,PU HTTP/1.1" 200 1649
181.212.42.153 - - [10/Jul/2024:10:36:35 -0300] "GET /cormun/servlet/permisogoce?INS,0,,, HTTP/1.1" 200 6847
181.212.42.153 - - [10/Jul/2024:10:36:46 -0300] "GET /cormun/servlet/permisogoce?bf13c392f5cb0f9a58b1c760954f5ea30f6708149f754cb7bcef89ba6f681f729e14dbd348210dec72c84460462a0550ea1ae45e3da98cd4d3f1873c7bf8c9f2,gx-no-cache=1720618439317 HTTP/1.1" 200 226
181.212.42.153 - - [10/Jul/2024:10:36:46 -0300] "GET /cormun/static/Shared/jqueryui/images/ui-icons_82798d_256x240.png HTTP/1.1" 404 1089
181.212.42.153 - - [10/Jul/2024:10:36:46 -0300] "GET /cormun/static/Shared/jqueryui/images/ui-bg_highlight-soft_100_c6c2c8_1x100.png HTTP/1.1" 404 1117
181.212.42.153 - - [10/Jul/2024:10:36:46 -0300] "GET /cormun/static/Shared/jqueryui/images/ui-bg_flat_55_994d53_40x100.png HTTP/1.1" 404 1097
181.212.42.153 - - [10/Jul/2024:10:36:46 -0300] "GET /cormun/static/Shared/jqueryui/images/ui-icons_ebccce_256x240.png HTTP/1.1" 404 1089
181.212.42.153 - - [10/Jul/2024:10:36:53 -0300] "GET /cormun/servlet/permisogoce?bf13c392f5cb0f9a58b1c760954f5ea37f1d318b6652abdddef1e23c4c5d909680558cbeffa17066701029dd78854b85dc824b14ace9d880cfef097fb2e39e5f,gx-no-cache=1720618445804 HTTP/1.1" 200 79
181.212.42.153 - - [10/Jul/2024:10:37:11 -0300] "GET /cormun/servlet/permisogoce?bf13c392f5cb0f9a58b1c760954f5ea36650f18c891b1ed1d0ed49f388af6f0bf54eeb8030e65a31175e361103e7683d5a06dd706c65218f36e7b4896e36ce77,gx-no-cache=1720618463950 HTTP/1.1" 200 48
181.212.42.153 - - [10/Jul/2024:10:37:14 -0300] "POST /cormun/servlet/permisogoce?aa6295f2d6ef061fd7abfe318958ae23,INS,0,,,,gx-no-cache=1720618466673 HTTP/1.1" 200 93
181.212.42.153 - - [10/Jul/2024:10:37:14 -0300] "GET /cormun/servlet/hpexe_return? HTTP/1.1" 200 1029
181.212.42.153 - - [10/Jul/2024:10:37:14 -0300] "GET /cormun/servlet/trpermisosgoce?gx-no-cache=1720618289754 HTTP/1.1" 200 18447
181.212.42.153 - - [10/Jul/2024:10:37:29 -0300] "GET /cormun/servlet/apermisogoceprn?15915422,P,20240710093417,PU HTTP/1.1" 200 1645
190.171.142.10 - - [10/Jul/2024:10:37:52 -0300] "GET /cormun/servlet/solicitudot?893f3ac024141ad0a7d21a9f012f94446b53800c3987e14ccccc7c0f538d568efece9d583ff19829c214afcdc11ac50482d98b3483b31cb613db2a120e229f5459bd03842ac314de31646e5212f6e1bf,gx-no-cache=1720618504221 HTTP/1.1" 200 30
190.171.142.10 - - [10/Jul/2024:10:37:56 -0300] "GET /cormun/static/Resources/resize.gif HTTP/1.1" 200 77
190.171.142.10 - - [10/Jul/2024:10:37:56 -0300] "GET /cormun/static/Resources/PXTools/ClosePrompt.png HTTP/1.1" 200 1036
190.171.142.10 - - [10/Jul/2024:10:37:56 -0300] "GET /cormun/servlet/prbanco?,MD,,gxPopupLevel%3D0%3B HTTP/1.1" 200 6550
190.171.142.10 - - [10/Jul/2024:10:37:56 -0300] "GET /cormun/static/gxcfg.js?20201216131581 HTTP/1.1" 200 953
190.171.142.10 - - [10/Jul/2024:10:37:56 -0300] "GET /cormun/static/Resources/PXToolsMenuSearch.png HTTP/1.1" 200 336
190.171.142.10 - - [10/Jul/2024:10:37:56 -0300] "GET /cormun/static/prbanco.js?20201216132311 HTTP/1.1" 200 10693
190.171.142.10 - - [10/Jul/2024:10:37:56 -0300] "GET /cormun/static/hmpwkw011.js?202211298443482 HTTP/1.1" 200 1968
190.171.142.10 - - [10/Jul/2024:10:37:56 -0300] "GET /cormun/static/Resources/PXToolsMenuSearchCancel.png HTTP/1.1" 200 306
190.171.142.10 - - [10/Jul/2024:10:37:56 -0300] "GET /cormun/static/menusearch.js?20201214473581 HTTP/1.1" 200 1424
181.212.42.153 - - [10/Jul/2024:10:37:58 -0300] "GET /cormun/servlet/permisogoce?INS,0,,, HTTP/1.1" 200 6846
181.212.42.153 - - [10/Jul/2024:10:38:06 -0300] "GET /cormun/servlet/permisogoce?bf13c392f5cb0f9a58b1c760954f5ea3f553db2a6ce1c5b14c803190c7f2907080558cbeffa17066701029dd78854b85dc824b14ace9d880cfef097fb2e39e5f,gx-no-cache=1720618519471 HTTP/1.1" 200 75
190.171.142.10 - - [10/Jul/2024:10:38:10 -0300] "GET /cormun/servlet/solicitudot?893f3ac024141ad0a7d21a9f012f944468beb4ecd9753e440284adfd4fd3b8d0,gx-no-cache=1720618522067 HTTP/1.1" 200 51
181.212.42.153 - - [10/Jul/2024:10:38:12 -0300] "GET /cormun/servlet/permisogoce?bf13c392f5cb0f9a58b1c760954f5ea366c477948a0087a04292c2d0378b619cafec51c93604a96db45377c49db3c753e8ea8f9af202e33f58b2f8cc8f8bb289,gx-no-cache=1720618524855 HTTP/1.1" 200 47
181.212.42.153 - - [10/Jul/2024:10:38:13 -0300] "POST /cormun/servlet/permisogoce?aa6295f2d6ef061fd7abfe318958ae23,INS,0,,,,gx-no-cache=1720618525674 HTTP/1.1" 200 93
181.212.42.153 - - [10/Jul/2024:10:38:13 -0300] "GET /cormun/servlet/hpexe_return? HTTP/1.1" 200 1029
181.212.42.153 - - [10/Jul/2024:10:38:13 -0300] "GET /cormun/servlet/trpermisosgoce?gx-no-cache=1720618289754 HTTP/1.1" 200 18476
181.212.42.153 - - [10/Jul/2024:10:38:16 -0300] "GET /cormun/servlet/apermisogoceprn?16879891,P,20240710093540,PU HTTP/1.1" 200 1645
200.54.100.179 - - [10/Jul/2024:10:38:27 -0300] "GET /cormun/servlet/hlogin HTTP/1.1" 200 1725
200.54.100.179 - - [10/Jul/2024:10:38:27 -0300] "GET /cormun/static/gxtimezone.js?85251 HTTP/1.1" 200 5781
200.54.100.179 - - [10/Jul/2024:10:38:27 -0300] "GET /cormun/static/gxcfg.js?2022112219184450 HTTP/1.1" 200 953
200.54.100.179 - - [10/Jul/2024:10:38:27 -0300] "GET /cormun/static/messages.spa.js?85251 HTTP/1.1" 200 30736
200.54.100.179 - - [10/Jul/2024:10:38:27 -0300] "GET /cormun/static/Resources/CormunLogin.png HTTP/1.1" 200 19132
200.54.100.179 - - [10/Jul/2024:10:38:27 -0300] "GET /cormun/static/hlogin.js?2022112219184458 HTTP/1.1" 200 2156
200.54.100.179 - - [10/Jul/2024:10:38:27 -0300] "GET /cormun/static/Resources/Spanish/PXTools.css?1759030 HTTP/1.1" 200 100853
200.54.100.179 - - [10/Jul/2024:10:38:27 -0300] "GET /cormun/static/gxgral.js?85251 HTTP/1.1" 200 384558
200.54.100.179 - - [10/Jul/2024:10:38:27 -0300] "GET /cormun/static/Resources/PXToolsButtonLeft.png HTTP/1.1" 200 1310
200.54.100.179 - - [10/Jul/2024:10:38:27 -0300] "GET /cormun/static/Resources/PXToolsButtonBackground.png HTTP/1.1" 200 1176
200.54.100.179 - - [10/Jul/2024:10:38:27 -0300] "GET /cormun/static/Resources/PXToolsLoginBottom.png HTTP/1.1" 200 1389
200.54.100.179 - - [10/Jul/2024:10:38:27 -0300] "GET /cormun/static/Resources/PXToolsLoginTop.png HTTP/1.1" 200 1337
200.54.100.179 - - [10/Jul/2024:10:38:27 -0300] "GET /cormun/static/Resources/PXToolsLoginBackground.png HTTP/1.1" 200 1164
200.54.100.179 - - [10/Jul/2024:10:38:27 -0300] "GET /cormun/static/Resources/PXToolsButtonRight.png HTTP/1.1" 200 1294
200.54.100.179 - - [10/Jul/2024:10:38:27 -0300] "GET /cormun/servlet/hlogin HTTP/1.1" 200 1735
200.54.100.179 - - [10/Jul/2024:10:38:27 -0300] "GET /cormun/static/Resources/indicator.gif HTTP/1.1" 200 1553
200.54.100.179 - - [10/Jul/2024:10:38:30 -0300] "POST /cormun/servlet/hlogin?63e7248750bf197b6f0c2db4b5e2fd4b,gx-no-cache=1720618541571 HTTP/1.1" 200 90
200.54.100.179 - - [10/Jul/2024:10:38:30 -0300] "GET /cormun/servlet/hpexe_link HTTP/1.1" 200 956
200.54.100.179 - - [10/Jul/2024:10:38:30 -0300] "GET /cormun/static/gxcfg.js?20221129847421 HTTP/1.1" 200 953
200.54.100.179 - - [10/Jul/2024:10:38:30 -0300] "GET /cormun/static/hpexe_link.js?20221129847423 HTTP/1.1" 200 625
200.54.100.179 - - [10/Jul/2024:10:38:30 -0300] "GET /cormun/static/Resources/Spanish/PXTools.css?8354383 HTTP/1.1" 200 100853
200.54.100.179 - - [10/Jul/2024:10:38:30 -0300] "GET /cormun/servlet/hhome HTTP/1.1" 200 4328
200.54.100.179 - - [10/Jul/2024:10:38:30 -0300] "GET /cormun/static/Shared/jqueryui/jquery-ui.min.css?1345370 HTTP/1.1" 200 30288
200.54.100.179 - - [10/Jul/2024:10:38:30 -0300] "GET /cormun/static/SmoothNavMenu/resources/ddsmoothmenu.css?1112540 HTTP/1.1" 200 2223
200.54.100.179 - - [10/Jul/2024:10:38:30 -0300] "GET /cormun/static/SmoothNavMenu/resources/ddsmoothmenu-v.css?1112540 HTTP/1.1" 200 1188
200.54.100.179 - - [10/Jul/2024:10:38:30 -0300] "GET /cormun/static/scaMessage/css/jquery.pnotify.default.css?1816380 HTTP/1.1" 200 1707
200.54.100.179 - - [10/Jul/2024:10:38:30 -0300] "GET /cormun/static/gxcfg.js?20201215495537 HTTP/1.1" 200 953
200.54.100.179 - - [10/Jul/2024:10:38:30 -0300] "GET /cormun/static/Resources/Spanish/PXTools.css?14345360 HTTP/1.1" 200 100853
200.54.100.179 - - [10/Jul/2024:10:38:30 -0300] "GET /cormun/static/PXToolsJavascripts/pexe_autoreload.js HTTP/1.1" 200 1762
200.54.100.179 - - [10/Jul/2024:10:38:30 -0300] "GET /cormun/static/PXToolsJavascripts/pexe_grid.js HTTP/1.1" 200 7559
200.54.100.179 - - [10/Jul/2024:10:38:30 -0300] "GET /cormun/static/PXToolsJavascripts/pexe_cookies.js HTTP/1.1" 200 792
200.54.100.179 - - [10/Jul/2024:10:38:30 -0300] "GET /cormun/static/PXToolsJavascripts/pexe_windows.js HTTP/1.1" 200 15249
200.54.100.179 - - [10/Jul/2024:10:38:30 -0300] "GET /cormun/static/PXToolsJavascripts/pexe_griddivfix.js HTTP/1.1" 200 6946
200.54.100.179 - - [10/Jul/2024:10:38:30 -0300] "GET /cormun/static/PXToolsJavascripts/pexe_link.js HTTP/1.1" 200 5671
200.54.100.179 - - [10/Jul/2024:10:38:30 -0300] "GET /cormun/static/PXToolsJavascripts/pexe_menudivfix.js HTTP/1.1" 200 333
200.54.100.179 - - [10/Jul/2024:10:38:30 -0300] "GET /cormun/static/PXToolsJavascripts/pexe_menus.js HTTP/1.1" 200 1286
200.54.100.179 - - [10/Jul/2024:10:38:30 -0300] "GET /cormun/static/PXToolsJavascripts/pexe_layers.js HTTP/1.1" 200 4114
200.54.100.179 - - [10/Jul/2024:10:38:30 -0300] "GET /cormun/static/PXToolsJavascripts/pexe_oav.js HTTP/1.1" 200 645
200.54.100.179 - - [10/Jul/2024:10:38:30 -0300] "GET /cormun/static/PXToolsJavascripts/pexe_oavdivfix.js HTTP/1.1" 200 639
200.54.100.179 - - [10/Jul/2024:10:38:30 -0300] "GET /cormun/static/PXToolsJavascripts/pexe_picture.js HTTP/1.1" 200 689
200.54.100.179 - - [10/Jul/2024:10:38:30 -0300] "GET /cormun/static/PXToolsJavascripts/pexe_popup.js HTTP/1.1" 200 15149
200.54.100.179 - - [10/Jul/2024:10:38:30 -0300] "GET /cormun/static/PXToolsJavascripts/pexe_scrolldiv.js HTTP/1.1" 200 4138
200.54.100.179 - - [10/Jul/2024:10:38:30 -0300] "GET /cormun/static/PXToolsJavascripts/pexe_tabdivfix.js HTTP/1.1" 200 898
200.54.100.179 - - [10/Jul/2024:10:38:30 -0300] "GET /cormun/static/PXToolsJavascripts/pexe_tabs.js HTTP/1.1" 200 3748
200.54.100.179 - - [10/Jul/2024:10:38:30 -0300] "GET /cormun/static/PXToolsJavascripts/pexe_upload.js HTTP/1.1" 200 1423
200.54.100.179 - - [10/Jul/2024:10:38:30 -0300] "GET /cormun/static/PXToolsJavascripts/PXToolsJavascriptsRender.js HTTP/1.1" 200 367
200.54.100.179 - - [10/Jul/2024:10:38:30 -0300] "GET /cormun/static/Resources/CormunMP2.png HTTP/1.1" 200 6878
200.54.100.179 - - [10/Jul/2024:10:38:30 -0300] "GET /cormun/static/Resources/ImgHome.png HTTP/1.1" 200 1364
200.54.100.179 - - [10/Jul/2024:10:38:30 -0300] "GET /cormun/static/Resources/ImgLogin.png HTTP/1.1" 200 1432
200.54.100.179 - - [10/Jul/2024:10:38:30 -0300] "GET /cormun/static/RunJS/RunJS.js HTTP/1.1" 200 288
200.54.100.179 - - [10/Jul/2024:10:38:30 -0300] "GET /cormun/static/Resources/Llave.png HTTP/1.1" 200 1395
200.54.100.179 - - [10/Jul/2024:10:38:30 -0300] "GET /cormun/static/Shared/ext/locale/ext-lang-en.js HTTP/1.1" 200 10940
200.54.100.179 - - [10/Jul/2024:10:38:30 -0300] "GET /cormun/static/hhome.js?20201215495544 HTTP/1.1" 200 777
200.54.100.179 - - [10/Jul/2024:10:38:30 -0300] "GET /cormun/static/hwchdr01.js?2022112219251119 HTTP/1.1" 200 996
200.54.100.179 - - [10/Jul/2024:10:38:30 -0300] "GET /cormun/static/hpexe_recentlink.js?20201214471090 HTTP/1.1" 200 2144
200.54.100.179 - - [10/Jul/2024:10:38:30 -0300] "GET /cormun/static/hpexe_scripts.js?20201214471411 HTTP/1.1" 200 1544
200.54.100.179 - - [10/Jul/2024:10:38:30 -0300] "GET /cormun/static/Resources/PXToolsDataTitle.png HTTP/1.1" 200 1173
200.54.100.179 - - [10/Jul/2024:10:38:30 -0300] "GET /cormun/static/hpexe_messagecontroller.js?202211298371222 HTTP/1.1" 200 870
200.54.100.179 - - [10/Jul/2024:10:38:30 -0300] "GET /cormun/static/hpexe_messagepopupcomponent.js?2020121447232 HTTP/1.1" 200 605
200.54.100.179 - - [10/Jul/2024:10:38:30 -0300] "GET /cormun/static/hpexe_messagegenexuscomponent.js?20221129836373 HTTP/1.1" 200 587
200.54.100.179 - - [10/Jul/2024:10:38:30 -0300] "GET /cormun/static/gxui/gxui-all.js HTTP/1.1" 200 107772
200.54.100.179 - - [10/Jul/2024:10:38:30 -0300] "GET /cormun/static/cmcontrolpreferences.js?20199141926336 HTTP/1.1" 200 1375
200.54.100.179 - - [10/Jul/2024:10:38:30 -0300] "GET /cormun/static/SmoothNavMenu/resources/ddsmoothmenu.js HTTP/1.1" 200 12712
200.54.100.179 - - [10/Jul/2024:10:38:30 -0300] "GET /cormun/static/SmoothNavMenu/resources/SmoothNavMenuRender.js HTTP/1.1" 200 5951
200.54.100.179 - - [10/Jul/2024:10:38:30 -0300] "GET /cormun/static/scaMessage/js/jquery.pnotify.min.js HTTP/1.1" 200 13038
200.54.100.179 - - [10/Jul/2024:10:38:30 -0300] "GET /cormun/static/Shared/jqueryui/jquery-ui.min.js HTTP/1.1" 200 240427
200.54.100.179 - - [10/Jul/2024:10:38:30 -0300] "GET /cormun/static/Shared/jquery/jquery-1.4.2.min.js HTTP/1.1" 200 72174
200.54.100.179 - - [10/Jul/2024:10:38:30 -0300] "GET /cormun/static/scaMessage/scaMessageRender.js HTTP/1.1" 200 11977
200.54.100.179 - - [10/Jul/2024:10:38:30 -0300] "GET /cormun/static/hmpwkw03.js?20221129844354 HTTP/1.1" 200 3971
200.54.100.179 - - [10/Jul/2024:10:38:30 -0300] "GET /cormun/static/Shared/jquery/jquery-1.10.2.min.js HTTP/1.1" 200 273199
200.54.100.179 - - [10/Jul/2024:10:38:30 -0300] "GET /cormun/static/Shared/ext/ext-all.js HTTP/1.1" 200 1289687
200.54.100.179 - - [10/Jul/2024:10:38:31 -0300] "GET /cormun/static/SmoothNavMenu/resources/images/right.gif HTTP/1.1" 200 860
200.54.100.179 - - [10/Jul/2024:10:38:31 -0300] "GET /cormun/static/SmoothNavMenu/resources/images/down.gif HTTP/1.1" 200 854
190.171.142.10 - - [10/Jul/2024:10:38:32 -0300] "POST /cormun/servlet/solicitudot?gx-no-cache=1720618544421 HTTP/1.1" 200 255
190.171.142.10 - - [10/Jul/2024:10:38:36 -0300] "GET /cormun/servlet/solicitudot?893f3ac024141ad0a7d21a9f012f94445933aaa0a7306bbb9f01f9ed30c295d8d376222eeb59e47912f12bdd559bf2f715dda7dc329ffebab4e41009849acee95f31454151b6dab66fb1ad3fbe69dcb27a4d573b3c5e726ab789e1acc6dd2d98751025586ea4ccf5dea78814b36ce7601bedc6738b9c8f39da90ece0f6eb0d35e7fef23bdfac2e17d132afe2b96143fad52608c0eda263c63bd5285f76aaa5a79722eab04862bd9691347c6bba60be5a207a8d200a9b08f81a5f886895fac1badf6103e2aac1c4e619859ff9e7cf89be3a39e0d59b345989800dff9999a11b447b829d8c7edafd9f38d53089b5e9484cb79fa8b2c2481242f5f2a1e2c6d9e5debbc127053b91d5032b6e72737c75e95b5a3071334c5b1b25b435389b657f2998a5ade4997f4d7e8f99ed99e386b1ba8e73a8da7456ccb54d635654ef3b65e2a82ac8fc66d7c213b4dcc8fe8e595f3e36ebece4aee2d49359f130b0e26db5d762ecd1b3c7858755ba4cf75365744e1350de9f782c72204651d97a1f13e5d92fde,gx-no-cache=1720618548029 HTTP/1.1" 200 30
200.54.100.179 - - [10/Jul/2024:10:38:36 -0300] "GET /cormun/servlet/trpermisosgoce? HTTP/1.1" 200 8125
200.54.100.179 - - [10/Jul/2024:10:38:36 -0300] "GET /cormun/static/gxui/gxui-all.css?120300 HTTP/1.1" 200 2179
200.54.100.179 - - [10/Jul/2024:10:38:36 -0300] "GET /cormun/static/calendar-setup.js?85251 HTTP/1.1" 200 2588
200.54.100.179 - - [10/Jul/2024:10:38:36 -0300] "GET /cormun/static/calendar-system.css?85620 HTTP/1.1" 200 5572
200.54.100.179 - - [10/Jul/2024:10:38:36 -0300] "GET /cormun/static/gxcfg.js?2020121631564 HTTP/1.1" 200 953
200.54.100.179 - - [10/Jul/2024:10:38:36 -0300] "GET /cormun/static/calendar.js?85251 HTTP/1.1" 200 26246
200.54.100.179 - - [10/Jul/2024:10:38:36 -0300] "GET /cormun/static/calendar-es.js?85251 HTTP/1.1" 200 1901
200.54.100.179 - - [10/Jul/2024:10:38:36 -0300] "GET /cormun/static/Resources/PXTools/calendar.png HTTP/1.1" 200 1306
200.54.100.179 - - [10/Jul/2024:10:38:36 -0300] "GET /cormun/static/gxdec.js?85251 HTTP/1.1" 200 19579
200.54.100.179 - - [10/Jul/2024:10:38:36 -0300] "GET /cormun/static/trpermisosgoce.js?2020121633681 HTTP/1.1" 200 35904
200.54.100.179 - - [10/Jul/2024:10:38:36 -0300] "GET /cormun/static/Resources/PXToolsDataSearch.png HTTP/1.1" 200 435
200.54.100.179 - - [10/Jul/2024:10:38:36 -0300] "GET /cormun/static/Resources/PXToolsGridFirstDisabled.gif HTTP/1.1" 200 100
200.54.100.179 - - [10/Jul/2024:10:38:36 -0300] "GET /cormun/static/Shared/ext/resources/css/ext-all.css?215870 HTTP/1.1" 200 416045
200.54.100.179 - - [10/Jul/2024:10:38:36 -0300] "GET /cormun/static/Resources/PXToolsGridPreviousDisabled.gif HTTP/1.1" 200 90
200.54.100.179 - - [10/Jul/2024:10:38:36 -0300] "GET /cormun/static/Resources/PXToolsGridNextDisabled.gif HTTP/1.1" 200 90
200.54.100.179 - - [10/Jul/2024:10:38:36 -0300] "GET /cormun/static/Resources/PXToolsGridLastDisabled.gif HTTP/1.1" 200 98
200.54.100.179 - - [10/Jul/2024:10:38:36 -0300] "GET /cormun/static/Resources/PXToolsGridPage.gif HTTP/1.1" 200 725
200.54.100.179 - - [10/Jul/2024:10:38:36 -0300] "GET /cormun/static/Resources/PXToolsAddAllAction.png HTTP/1.1" 200 495
200.54.100.179 - - [10/Jul/2024:10:38:36 -0300] "GET /cormun/static/Resources/PXToolsActionExcel.png HTTP/1.1" 200 727
200.54.100.179 - - [10/Jul/2024:10:38:36 -0300] "GET /cormun/static/Resources/desc.gif HTTP/1.1" 200 65
200.54.100.179 - - [10/Jul/2024:10:38:36 -0300] "GET /cormun/static/Resources/asc.gif HTTP/1.1" 200 67
200.54.100.179 - - [10/Jul/2024:10:38:36 -0300] "GET /cormun//static/Resources/PXToolsGridDisplay.png HTTP/1.1" 200 525
200.54.100.179 - - [10/Jul/2024:10:38:36 -0300] "GET /cormun//static/Resources/PXToolsActionPrint.png HTTP/1.1" 200 404
200.54.100.179 - - [10/Jul/2024:10:38:36 -0300] "GET /cormun//static/Resources/PXToolsGridUpdate.png HTTP/1.1" 200 470
200.54.100.179 - - [10/Jul/2024:10:38:36 -0300] "GET /cormun//static/Resources/PXTools/ActionInsert.png HTTP/1.1" 200 1482
200.54.100.179 - - [10/Jul/2024:10:38:36 -0300] "GET /cormun//static/Resources/PXToolsHeaderHelp.png HTTP/1.1" 200 1333
200.54.100.179 - - [10/Jul/2024:10:38:36 -0300] "GET /cormun//static/Resources/PXToolsHeaderFavorites.png HTTP/1.1" 200 1414
200.54.100.179 - - [10/Jul/2024:10:38:36 -0300] "GET /cormun//static/Resources/PXToolsGridDelete.png HTTP/1.1" 200 538
200.54.100.179 - - [10/Jul/2024:10:38:36 -0300] "GET /cormun/static/Shared/ext/resources/themes/images/default/tools/tool-sprites.gif HTTP/1.1" 200 5434
200.54.100.179 - - [10/Jul/2024:10:38:36 -0300] "GET /cormun/static/Shared/ext/resources/themes/images/default/panel/bg-headersPanel.png HTTP/1.1" 200 255
200.54.100.179 - - [10/Jul/2024:10:38:42 -0300] "GET /cormun/servlet/permisogoce?INS,0,,, HTTP/1.1" 200 7220
200.54.100.179 - - [10/Jul/2024:10:38:42 -0300] "GET /cormun/static/gxcfg.js?20201215124560 HTTP/1.1" 200 953
200.54.100.179 - - [10/Jul/2024:10:38:42 -0300] "GET /cormun/static/Resources/prompt.gif HTTP/1.1" 200 902
200.54.100.179 - - [10/Jul/2024:10:38:42 -0300] "GET /cormun/static/permisogoce.js?20201215124939 HTTP/1.1" 200 27790
190.171.142.10 - - [10/Jul/2024:10:38:43 -0300] "POST /cormun/servlet/solicitudot?gx-no-cache=1720618555357 HTTP/1.1" 200 30
200.54.100.179 - - [10/Jul/2024:10:38:45 -0300] "GET /cormun/static/Resources/resize.gif HTTP/1.1" 200 77
200.54.100.179 - - [10/Jul/2024:10:38:45 -0300] "GET /cormun/static/Resources/PXTools/ClosePrompt.png HTTP/1.1" 200 1036
200.54.100.179 - - [10/Jul/2024:10:38:45 -0300] "GET /cormun/servlet/prfichaempleado?,MD,,gxPopupLevel%3D0%3B HTTP/1.1" 200 9361
200.54.100.179 - - [10/Jul/2024:10:38:45 -0300] "GET /cormun/static/gxcfg.js?20201215571085 HTTP/1.1" 200 953
200.54.100.179 - - [10/Jul/2024:10:38:45 -0300] "GET /cormun/static/prfichaempleado.js?20201215572193 HTTP/1.1" 200 16005
200.54.100.179 - - [10/Jul/2024:10:38:45 -0300] "GET /cormun/static/Resources/PXToolsMenuSearch.png HTTP/1.1" 200 336
200.54.100.179 - - [10/Jul/2024:10:38:45 -0300] "GET /cormun/static/Resources/PXToolsMenuSearchCancel.png HTTP/1.1" 200 306
200.54.100.179 - - [10/Jul/2024:10:38:45 -0300] "GET /cormun/static/hmpwkw011.js?202211298443482 HTTP/1.1" 200 1968
200.54.100.179 - - [10/Jul/2024:10:38:45 -0300] "GET /cormun/static/menusearch.js?20201214473581 HTTP/1.1" 200 1424
190.171.142.10 - - [10/Jul/2024:10:38:45 -0300] "POST /cormun/servlet/solicitudot?gx-no-cache=1720618557951 HTTP/1.1" 200 1479
190.171.142.10 - - [10/Jul/2024:10:38:45 -0300] "POST /cormun/servlet/solicitudot?gx-no-cache=1720618557982 HTTP/1.1" 200 38
190.171.142.10 - - [10/Jul/2024:10:38:57 -0300] "GET /cormun/servlet/solicitudot?893f3ac024141ad0a7d21a9f012f9444d0ad088c2985cd662f11efab1f027aa9144d6073d51a4eb93a1c1fa5863488550de350d0387fa64267704b843441a836a35b8678ea6245bf40a9f44af6cf43f10f2901bf5ce5d8d9aec3b6ec0bf76cf9973b7663dc7c0a76e2c65931545f4eea,gx-no-cache=1720618569988 HTTP/1.1" 200 110
200.54.100.179 - - [10/Jul/2024:10:39:00 -0300] "POST /cormun/servlet/prfichaempleado?63e7248750bf197b6f0c2db4b5e2fd4b,,MD,,gxPopupLevel%3D0%3B,gx-no-cache=1720618572233 HTTP/1.1" 200 3416
200.54.100.179 - - [10/Jul/2024:10:39:05 -0300] "GET /cormun/servlet/permisogoce?1c4a60e6e792ad91658e24b75a12c9e8d13dffbd6dbfafe721153cfb4b245d12323c6e7a68088586c1e5bb715bffc130f8b41735c52601cf2387d9494b6d14c5,gx-no-cache=1720618577260 HTTP/1.1" 200 84
200.54.100.179 - - [10/Jul/2024:10:39:09 -0300] "GET /cormun/static/menuarrow.gif HTTP/1.1" 404 1015
200.54.100.179 - - [10/Jul/2024:10:39:19 -0300] "GET /cormun/servlet/permisogoce?1c4a60e6e792ad91658e24b75a12c9e8102de729a1d141c6a7a3fd967bc1bb9a5764522edf2296342b47cac187a6b81665ef696d7338623514fe54261423bd1c,gx-no-cache=1720618590595 HTTP/1.1" 200 47
190.171.142.10 - - [10/Jul/2024:10:39:23 -0300] "POST /cormun/servlet/solicitudot?gx-no-cache=1720618595895 HTTP/1.1" 200 97
200.54.100.179 - - [10/Jul/2024:10:39:26 -0300] "POST /cormun/servlet/permisogoce?63e7248750bf197b6f0c2db4b5e2fd4b,INS,0,,,,gx-no-cache=1720618597559 HTTP/1.1" 200 93
200.54.100.179 - - [10/Jul/2024:10:39:26 -0300] "GET /cormun/servlet/hpexe_return? HTTP/1.1" 200 1015
200.54.100.179 - - [10/Jul/2024:10:39:26 -0300] "GET /cormun/static/hpexe_return.js?20221129846037 HTTP/1.1" 200 1633
200.54.100.179 - - [10/Jul/2024:10:39:26 -0300] "GET /cormun/static/gxcfg.js?20221129846035 HTTP/1.1" 200 953
200.54.100.179 - - [10/Jul/2024:10:39:26 -0300] "GET /cormun/servlet/trpermisosgoce HTTP/1.1" 200 8450
190.171.142.10 - - [10/Jul/2024:10:39:37 -0300] "GET /cormun/servlet/solicitudot?893f3ac024141ad0a7d21a9f012f94443f10c74178f39f35433c98abf7045889fe947ea96014b9160f21b8384b1665579ad8b7eded665082873707012311a12ea9b8e77e7b7519d6fcfe2001c6570d9aee7e1d117c17e790fff780c9332ebe2e51195099c4c845fa1009136dea660b7f,gx-no-cache=1720618609566 HTTP/1.1" 200 29
190.171.142.10 - - [10/Jul/2024:10:39:37 -0300] "GET /cormun/static/menuarrow.gif HTTP/1.1" 404 1015
190.171.142.10 - - [10/Jul/2024:10:39:43 -0300] "GET /cormun/servlet/solicitudot?893f3ac024141ad0a7d21a9f012f9444daf9623e0915d64723f407790d3b329d3f947a3dfad33010590a6745f1843c9e,gx-no-cache=1720618615414 HTTP/1.1" 200 30
200.54.100.179 - - [10/Jul/2024:10:39:51 -0300] "GET /cormun/servlet/apermisogoceprn?9017848,P,20240710093624,PU HTTP/1.1" 200 1653
190.171.142.10 - - [10/Jul/2024:10:40:07 -0300] "GET /cormun/servlet/hlogin HTTP/1.1" 200 1718
190.171.142.10 - - [10/Jul/2024:10:40:12 -0300] "POST /cormun/servlet/hlogin?cd9f4e10acd6fc5890aba9cc9fb16b1c,gx-no-cache=1720618644168 HTTP/1.1" 200 90
190.171.142.10 - - [10/Jul/2024:10:40:12 -0300] "GET /cormun/servlet/hpexe_link HTTP/1.1" 200 954
190.171.142.10 - - [10/Jul/2024:10:40:12 -0300] "GET /cormun/servlet/prbanco?,MD, HTTP/1.1" 200 6543
190.171.142.10 - - [10/Jul/2024:10:40:32 -0300] "POST /cormun/servlet/solicitudot?gx-no-cache=1720618664537 HTTP/1.1" 200 30
190.171.142.10 - - [10/Jul/2024:10:40:32 -0300] "POST /cormun/servlet/solicitudot?cd9f4e10acd6fc5890aba9cc9fb16b1c,INS,0,0,false,,gx-no-cache=1720618664571 HTTP/1.1" 200 93
190.171.142.10 - - [10/Jul/2024:10:40:32 -0300] "GET /cormun/servlet/hpexe_return? HTTP/1.1" 200 1006
190.171.142.10 - - [10/Jul/2024:10:40:32 -0300] "GET /cormun/static/gxcfg.js?20221129846035 HTTP/1.1" 200 953
190.171.142.10 - - [10/Jul/2024:10:40:32 -0300] "GET /cormun/static/hpexe_return.js?20221129846037 HTTP/1.1" 200 1633
190.171.142.10 - - [10/Jul/2024:10:40:33 -0300] "GET /cormun/servlet/trsolicitudot HTTP/1.1" 200 9287
200.54.237.82 - - [10/Jul/2024:10:41:22 -0300] "GET /cormun/servlet/trcontratounov2? HTTP/1.1" 200 5910
200.54.237.82 - - [10/Jul/2024:10:41:22 -0300] "GET /cormun/servlet/hlogin HTTP/1.1" 200 1738
200.54.237.82 - - [10/Jul/2024:10:41:22 -0300] "GET /cormun/servlet/trcontratounov2? HTTP/1.1" 200 5921
200.54.237.82 - - [10/Jul/2024:10:41:26 -0300] "POST /cormun/servlet/hlogin?88ede03589f71ec262e26ebd62c60e53,gx-no-cache=1720618718428 HTTP/1.1" 200 90
200.54.237.82 - - [10/Jul/2024:10:41:26 -0300] "GET /cormun/servlet/hpexe_link HTTP/1.1" 200 955
200.54.237.82 - - [10/Jul/2024:10:41:26 -0300] "GET /cormun/servlet/trcontratounov2 HTTP/1.1" 200 17671
190.171.142.10 - - [10/Jul/2024:10:41:27 -0300] "POST /cormun/servlet/trsolicitudot?cd9f4e10acd6fc5890aba9cc9fb16b1c,gx-no-cache=1720618718988 HTTP/1.1" 200 107
190.171.142.10 - - [10/Jul/2024:10:41:27 -0300] "GET /cormun/servlet/trsolicitudadjuntos?2024,21532, HTTP/1.1" 200 6297
190.171.142.10 - - [10/Jul/2024:10:41:27 -0300] "GET /cormun/static/gxcfg.js?20201215574222 HTTP/1.1" 200 953
190.171.142.10 - - [10/Jul/2024:10:41:27 -0300] "GET /cormun/static/Resources/PXToolsGridNew.png HTTP/1.1" 200 427
190.171.142.10 - - [10/Jul/2024:10:41:27 -0300] "GET /cormun/static/trsolicitudadjuntos.js?20201215574932 HTTP/1.1" 200 17921
190.171.149.90 - - [10/Jul/2024:10:41:30 -0300] "GET /cormun/servlet/trpermisosgoce? HTTP/1.1" 200 6031
190.171.149.90 - - [10/Jul/2024:10:41:30 -0300] "GET /cormun/servlet/hlogin HTTP/1.1" 200 1739
190.171.149.90 - - [10/Jul/2024:10:41:30 -0300] "GET /cormun/servlet/trpermisosgoce? HTTP/1.1" 200 6027
200.54.237.82 - - [10/Jul/2024:10:41:35 -0300] "GET /cormun/servlet/trlicencias? HTTP/1.1" 200 8972
190.171.149.90 - - [10/Jul/2024:10:41:36 -0300] "POST /cormun/servlet/hlogin?f33ad4aea97ff89f5db2d25f814e0c5a,gx-no-cache=1720618630076 HTTP/1.1" 200 450
190.171.142.10 - - [10/Jul/2024:10:41:38 -0300] "GET /cormun/servlet/solicitudotadjuntos?INS,2024,21532,,1, HTTP/1.1" 200 6245
190.171.142.10 - - [10/Jul/2024:10:41:38 -0300] "GET /cormun/static/gxcfg.js?202211298385187 HTTP/1.1" 200 953
190.171.142.10 - - [10/Jul/2024:10:41:38 -0300] "GET /cormun/static/solicitudotadjuntos.js?202211298385196 HTTP/1.1" 200 11771
190.171.142.10 - - [10/Jul/2024:10:41:38 -0300] "GET /cormun/static/about:blank HTTP/1.1" 404 1011
190.171.142.10 - - [10/Jul/2024:10:41:39 -0300] "GET /cormun/servlet/solicitudotadjuntos?893f3ac024141ad0a7d21a9f012f9444c0bf62625299125f2e6f481b107cc4fe109f6d1cac4170116d4f5eba98d91734,gx-no-cache=1720618731269 HTTP/1.1" 200 30
190.171.142.10 - - [10/Jul/2024:10:41:39 -0300] "POST /cormun/servlet/solicitudotadjuntos?cd9f4e10acd6fc5890aba9cc9fb16b1c,INS,2024,21532,,1,,gx-no-cache=1720618731286 HTTP/1.1" 200 4176
190.171.149.90 - - [10/Jul/2024:10:41:41 -0300] "POST /cormun/servlet/hlogin?f33ad4aea97ff89f5db2d25f814e0c5a,gx-no-cache=1720618634749 HTTP/1.1" 200 90
190.171.149.90 - - [10/Jul/2024:10:41:41 -0300] "GET /cormun/servlet/hpexe_link HTTP/1.1" 200 957
190.171.149.90 - - [10/Jul/2024:10:41:41 -0300] "GET /cormun/servlet/trpermisosgoce HTTP/1.1" 200 8944
190.171.149.90 - - [10/Jul/2024:10:41:44 -0300] "GET /cormun/servlet/trpermisosgoce? HTTP/1.1" 200 8943
190.171.149.90 - - [10/Jul/2024:10:41:53 -0300] "GET /cormun/servlet/trpermisosadjuntos?19125914,20240708141952,P, HTTP/1.1" 200 6173
190.171.149.90 - - [10/Jul/2024:10:41:53 -0300] "GET /cormun/static/gxcfg.js?2020121641683 HTTP/1.1" 200 953
190.171.149.90 - - [10/Jul/2024:10:41:53 -0300] "GET /cormun/static/trpermisosadjuntos.js?2020121642996 HTTP/1.1" 200 20158
190.171.149.90 - - [10/Jul/2024:10:41:55 -0300] "GET /cormun/servlet/permisosadjuntos?INS,19125914,P,20240708141952,, HTTP/1.1" 200 5497
190.171.149.90 - - [10/Jul/2024:10:41:55 -0300] "GET /cormun/static/gxcfg.js?20201215134212 HTTP/1.1" 200 953
190.171.149.90 - - [10/Jul/2024:10:41:55 -0300] "GET /cormun/static/permisosadjuntos.js?20201215134285 HTTP/1.1" 200 8724
190.171.149.90 - - [10/Jul/2024:10:41:55 -0300] "GET /cormun/static/about:blank HTTP/1.1" 404 1011
190.171.142.10 - - [10/Jul/2024:10:42:04 -0300] "POST /cormun/servlet/solicitudotadjuntos?gx-no-cache=1720618756026 HTTP/1.1" 200 26
190.171.149.90 - - [10/Jul/2024:10:42:07 -0300] "POST /cormun/servlet/permisosadjuntos?f33ad4aea97ff89f5db2d25f814e0c5a,INS,19125914,P,20240708141952,, HTTP/1.1" 200 116
190.171.149.90 - - [10/Jul/2024:10:42:07 -0300] "GET /cormun/servlet/hpexe_return? HTTP/1.1" 200 1036
190.171.149.90 - - [10/Jul/2024:10:42:07 -0300] "GET /cormun/servlet/trpermisosadjuntos?19125914,20240708141952,P, HTTP/1.1" 200 6653
190.171.149.90 - - [10/Jul/2024:10:42:10 -0300] "GET /cormun/servlet/trpermisosgoce? HTTP/1.1" 200 8943
190.171.149.90 - - [10/Jul/2024:10:42:12 -0300] "POST /cormun/servlet/trpermisosgoce?f33ad4aea97ff89f5db2d25f814e0c5a,,gx-no-cache=1720618665360 HTTP/1.1" 200 6254
190.171.149.90 - - [10/Jul/2024:10:42:12 -0300] "GET /cormun/static/Shared/jqueryui/images/ui-icons_82798d_256x240.png HTTP/1.1" 404 1089
190.171.149.90 - - [10/Jul/2024:10:42:12 -0300] "GET /cormun/static/Shared/jqueryui/images/ui-bg_highlight-soft_100_c6c2c8_1x100.png HTTP/1.1" 404 1117
190.171.149.90 - - [10/Jul/2024:10:42:12 -0300] "GET /cormun/static/Shared/jqueryui/images/ui-bg_flat_55_fafafa_40x100.png HTTP/1.1" 404 1097
190.171.149.90 - - [10/Jul/2024:10:42:12 -0300] "GET /cormun/static/Shared/jqueryui/images/ui-icons_8d78a5_256x240.png HTTP/1.1" 404 1089
200.54.237.82 - - [10/Jul/2024:10:42:13 -0300] "GET /cormun/servlet/trpermisosgoce? HTTP/1.1" 200 8666
190.171.149.90 - - [10/Jul/2024:10:42:13 -0300] "GET /cormun/servlet/trpermisosadjuntos?9404476,20240621111804,P, HTTP/1.1" 200 6175
190.171.149.90 - - [10/Jul/2024:10:42:15 -0300] "GET /cormun/servlet/permisosadjuntos?INS,9404476,P,20240621111804,, HTTP/1.1" 200 5503
190.171.149.90 - - [10/Jul/2024:10:42:15 -0300] "GET /cormun/static/about:blank HTTP/1.1" 404 1011
190.171.149.90 - - [10/Jul/2024:10:42:22 -0300] "POST /cormun/servlet/permisosadjuntos?f33ad4aea97ff89f5db2d25f814e0c5a,INS,9404476,P,20240621111804,, HTTP/1.1" 200 116
190.171.149.90 - - [10/Jul/2024:10:42:22 -0300] "GET /cormun/servlet/hpexe_return? HTTP/1.1" 200 1037
190.171.149.90 - - [10/Jul/2024:10:42:22 -0300] "GET /cormun/servlet/trpermisosadjuntos?9404476,20240621111804,P, HTTP/1.1" 200 6657
190.171.142.10 - - [10/Jul/2024:10:42:23 -0300] "GET /cormun/servlet/solicitudotadjuntos?893f3ac024141ad0a7d21a9f012f944406490c3e41f0b67e94a618b7da2c014f,gx-no-cache=1720618775761 HTTP/1.1" 200 30
190.171.142.10 - - [10/Jul/2024:10:42:23 -0300] "GET /cormun/servlet/solicitudotadjuntos?893f3ac024141ad0a7d21a9f012f944406490c3e41f0b67e94a618b7da2c014f,gx-no-cache=1720618775775 HTTP/1.1" 200 30
190.171.149.90 - - [10/Jul/2024:10:42:24 -0300] "GET /cormun/servlet/trpermisosgoce? HTTP/1.1" 200 8922
190.171.142.10 - - [10/Jul/2024:10:42:24 -0300] "POST /cormun/servlet/solicitudotadjuntos?cd9f4e10acd6fc5890aba9cc9fb16b1c,INS,2024,21532,,1, HTTP/1.1" 200 116
190.171.142.10 - - [10/Jul/2024:10:42:24 -0300] "GET /cormun/servlet/hpexe_return? HTTP/1.1" 200 1022
190.171.142.10 - - [10/Jul/2024:10:42:24 -0300] "GET /cormun/servlet/trsolicitudadjuntos?2024,21532, HTTP/1.1" 200 9300
200.54.237.82 - - [10/Jul/2024:10:42:26 -0300] "POST /cormun/servlet/trpermisosgoce?88ede03589f71ec262e26ebd62c60e53,,gx-no-cache=1720618771612 HTTP/1.1" 200 5839
190.171.149.90 - - [10/Jul/2024:10:42:26 -0300] "POST /cormun/servlet/trpermisosgoce?f33ad4aea97ff89f5db2d25f814e0c5a,,gx-no-cache=1720618679319 HTTP/1.1" 200 6229
200.54.237.82 - - [10/Jul/2024:10:42:26 -0300] "GET /cormun/static/Shared/jqueryui/images/ui-icons_82798d_256x240.png HTTP/1.1" 404 1089
200.54.237.82 - - [10/Jul/2024:10:42:26 -0300] "GET /cormun/static/Shared/jqueryui/images/ui-bg_highlight-soft_100_c6c2c8_1x100.png HTTP/1.1" 404 1117
200.54.237.82 - - [10/Jul/2024:10:42:26 -0300] "GET /cormun/static/Shared/jqueryui/images/ui-bg_flat_55_fafafa_40x100.png HTTP/1.1" 404 1097
200.54.237.82 - - [10/Jul/2024:10:42:26 -0300] "GET /cormun/static/Shared/jqueryui/images/ui-icons_8d78a5_256x240.png HTTP/1.1" 404 1089
190.171.142.10 - - [10/Jul/2024:10:42:27 -0300] "GET /cormun/servlet/solicitudotadjuntos?INS,2024,21532,,1, HTTP/1.1" 200 6247
190.171.142.10 - - [10/Jul/2024:10:42:27 -0300] "GET /cormun/static/about:blank HTTP/1.1" 404 1011
190.171.142.10 - - [10/Jul/2024:10:42:28 -0300] "GET /cormun/servlet/solicitudotadjuntos?893f3ac024141ad0a7d21a9f012f9444c0bf62625299125f2e6f481b107cc4fe109f6d1cac4170116d4f5eba98d91734,gx-no-cache=1720618780450 HTTP/1.1" 200 30
190.171.142.10 - - [10/Jul/2024:10:42:28 -0300] "POST /cormun/servlet/solicitudotadjuntos?cd9f4e10acd6fc5890aba9cc9fb16b1c,INS,2024,21532,,1,,gx-no-cache=1720618780470 HTTP/1.1" 200 4177
200.54.237.82 - - [10/Jul/2024:10:42:32 -0300] "POST /cormun/servlet/trpermisosgoce?88ede03589f71ec262e26ebd62c60e53,,gx-no-cache=1720618784505 HTTP/1.1" 200 5306
190.171.142.10 - - [10/Jul/2024:10:42:33 -0300] "POST /cormun/servlet/solicitudotadjuntos?gx-no-cache=1720618785234 HTTP/1.1" 200 26
190.171.152.114 - - [10/Jul/2024:10:42:34 -0300] "GET /cormun/servlet/prfichaempleado?,MD,,gxPopupLevel%3D0%3B HTTP/1.1" 200 9368
200.54.237.82 - - [10/Jul/2024:10:42:34 -0300] "POST /cormun/servlet/trpermisosgoce?88ede03589f71ec262e26ebd62c60e53,,gx-no-cache=1720618786649 HTTP/1.1" 200 5328
200.54.237.82 - - [10/Jul/2024:10:42:37 -0300] "POST /cormun/servlet/trpermisosgoce?88ede03589f71ec262e26ebd62c60e53,,gx-no-cache=1720618789160 HTTP/1.1" 200 5329
190.171.142.10 - - [10/Jul/2024:10:42:42 -0300] "GET /cormun/servlet/solicitudotadjuntos?893f3ac024141ad0a7d21a9f012f944406490c3e41f0b67e94a618b7da2c014f,gx-no-cache=1720618794385 HTTP/1.1" 200 30
190.171.142.10 - - [10/Jul/2024:10:42:42 -0300] "GET /cormun/servlet/solicitudotadjuntos?893f3ac024141ad0a7d21a9f012f944406490c3e41f0b67e94a618b7da2c014f,gx-no-cache=1720618794398 HTTP/1.1" 200 30
190.171.142.10 - - [10/Jul/2024:10:42:42 -0300] "POST /cormun/servlet/solicitudotadjuntos?cd9f4e10acd6fc5890aba9cc9fb16b1c,INS,2024,21532,,1, HTTP/1.1" 200 116
190.171.142.10 - - [10/Jul/2024:10:42:42 -0300] "GET /cormun/servlet/hpexe_return? HTTP/1.1" 200 1022
190.171.142.10 - - [10/Jul/2024:10:42:42 -0300] "GET /cormun/servlet/trsolicitudadjuntos?2024,21532, HTTP/1.1" 200 9519
190.171.142.10 - - [10/Jul/2024:10:42:46 -0300] "GET /cormun/servlet/solicitudotadjuntos?INS,2024,21532,,1, HTTP/1.1" 200 6247
190.171.142.10 - - [10/Jul/2024:10:42:46 -0300] "GET /cormun/static/about:blank HTTP/1.1" 404 1011
190.171.142.10 - - [10/Jul/2024:10:42:47 -0300] "GET /cormun/servlet/solicitudotadjuntos?893f3ac024141ad0a7d21a9f012f9444c0bf62625299125f2e6f481b107cc4fe109f6d1cac4170116d4f5eba98d91734,gx-no-cache=1720618799476 HTTP/1.1" 200 30
190.171.142.10 - - [10/Jul/2024:10:42:47 -0300] "POST /cormun/servlet/solicitudotadjuntos?cd9f4e10acd6fc5890aba9cc9fb16b1c,INS,2024,21532,,1,,gx-no-cache=1720618799493 HTTP/1.1" 200 4177
200.54.237.82 - - [10/Jul/2024:10:42:51 -0300] "GET /cormun/servlet/trpermisosadjuntos?15105573,20240708171343,P, HTTP/1.1" 200 7143
190.171.142.10 - - [10/Jul/2024:10:42:51 -0300] "POST /cormun/servlet/solicitudotadjuntos?gx-no-cache=1720618803547 HTTP/1.1" 200 26
200.54.237.82 - - [10/Jul/2024:10:42:53 -0300] "GET /cormun/PublicTempStorage/ana_celis1447185.pdf HTTP/1.1" 200 139250
190.171.142.10 - - [10/Jul/2024:10:42:59 -0300] "GET /cormun/servlet/solicitudotadjuntos?893f3ac024141ad0a7d21a9f012f944406490c3e41f0b67e94a618b7da2c014f,gx-no-cache=1720618811218 HTTP/1.1" 200 30
190.171.142.10 - - [10/Jul/2024:10:42:59 -0300] "GET /cormun/servlet/solicitudotadjuntos?893f3ac024141ad0a7d21a9f012f944406490c3e41f0b67e94a618b7da2c014f,gx-no-cache=1720618811230 HTTP/1.1" 200 30
190.171.142.10 - - [10/Jul/2024:10:42:59 -0300] "POST /cormun/servlet/solicitudotadjuntos?cd9f4e10acd6fc5890aba9cc9fb16b1c,INS,2024,21532,,1, HTTP/1.1" 200 116
190.171.142.10 - - [10/Jul/2024:10:42:59 -0300] "GET /cormun/servlet/hpexe_return? HTTP/1.1" 200 1022
190.171.142.10 - - [10/Jul/2024:10:42:59 -0300] "GET /cormun/servlet/trsolicitudadjuntos?2024,21532, HTTP/1.1" 200 9771
190.171.152.114 - - [10/Jul/2024:10:42:59 -0300] "GET /cormun/servlet/prfichaempleado?,MD,,gxPopupLevel%3D0%3B HTTP/1.1" 200 9368
190.171.142.10 - - [10/Jul/2024:10:43:02 -0300] "GET /cormun/servlet/solicitudotadjuntos?INS,2024,21532,,1, HTTP/1.1" 200 6247
190.171.142.10 - - [10/Jul/2024:10:43:02 -0300] "GET /cormun/static/about:blank HTTP/1.1" 404 1011
