190.171.152.138 - - [24/May/2024:09:36:11 -0300] "GET /cormun/static/hpexe_return.js?20221129846037 HTTP/1.1" 200 1633
190.171.152.138 - - [24/May/2024:09:36:11 -0300] "GET /cormun/servlet/trpermisosgoce HTTP/1.1" 200 11387
190.171.152.138 - - [24/May/2024:09:36:12 -0300] "GET /cormun//static/Resources/PXToolsGridUpdate.png HTTP/1.1" 200 470
190.171.152.138 - - [24/May/2024:09:36:16 -0300] "GET /cormun/servlet/apermisogoceprn?10453079,P,20240524083401,PU HTTP/1.1" 200 1649
201.186.225.183 - - [24/May/2024:09:39:22 -0300] "GET /cormun/servlet/hlogin HTTP/1.1" 200 1719
201.186.225.183 - - [24/May/2024:09:39:23 -0300] "GET /cormun/servlet/hlogin HTTP/1.1" 200 1730
201.186.225.183 - - [24/May/2024:09:39:28 -0300] "POST /cormun/servlet/hlogin?e79f07b29750354a271feca813bff63c,gx-no-cache=1716554267437 HTTP/1.1" 200 90
201.186.225.183 - - [24/May/2024:09:39:28 -0300] "GET /cormun/servlet/hpexe_link HTTP/1.1" 200 950
201.186.225.183 - - [24/May/2024:09:39:28 -0300] "GET /cormun/static/gxcfg.js?20221129847421 HTTP/1.1" 200 953
201.186.225.183 - - [24/May/2024:09:39:28 -0300] "GET /cormun/static/hpexe_link.js?20221129847423 HTTP/1.1" 200 625
201.186.225.183 - - [24/May/2024:09:39:28 -0300] "GET /cormun/servlet/hhome HTTP/1.1" 200 3964
201.186.225.183 - - [24/May/2024:09:39:28 -0300] "GET /cormun/static/Resources/Spanish/PXTools.css?14345360 HTTP/1.1" 200 100853
201.186.225.183 - - [24/May/2024:09:39:28 -0300] "GET /cormun/static/gxcfg.js?20201215495537 HTTP/1.1" 200 953
201.186.225.183 - - [24/May/2024:09:39:28 -0300] "GET /cormun/static/hhome.js?20201215495544 HTTP/1.1" 200 777
201.186.225.183 - - [24/May/2024:09:39:29 -0300] "GET /cormun/static/SmoothNavMenu/resources/images/down.gif HTTP/1.1" 200 854
201.186.225.183 - - [24/May/2024:09:39:59 -0300] "GET /cormun/servlet/trsolicitudot? HTTP/1.1" 200 7180
201.186.225.183 - - [24/May/2024:09:39:59 -0300] "GET /cormun/static/gxcfg.js?20221129846531 HTTP/1.1" 200 953
201.186.225.183 - - [24/May/2024:09:39:59 -0300] "GET /cormun/static/trsolicitudot.js?202211298465651 HTTP/1.1" 200 54040
201.186.225.183 - - [24/May/2024:09:40:00 -0300] "GET /cormun/static/Resources/desc.gif HTTP/1.1" 200 65
201.186.225.183 - - [24/May/2024:09:40:00 -0300] "GET /cormun/static/Shared/ext/resources/themes/images/default/panel/bg-headersPanel.png HTTP/1.1" 200 255
201.186.225.183 - - [24/May/2024:09:40:00 -0300] "GET /cormun/static/Shared/ext/resources/themes/images/default/tools/tool-sprites.gif HTTP/1.1" 200 5434
201.186.225.183 - - [24/May/2024:09:40:02 -0300] "GET /cormun/servlet/hlogin HTTP/1.1" 200 1737
201.186.225.183 - - [24/May/2024:09:40:09 -0300] "POST /cormun/servlet/hlogin?e79f07b29750354a271feca813bff63c,gx-no-cache=1716554308724 HTTP/1.1" 200 90
201.186.225.183 - - [24/May/2024:09:40:09 -0300] "GET /cormun/servlet/hpexe_link HTTP/1.1" 200 950
201.186.225.183 - - [24/May/2024:09:40:09 -0300] "GET /cormun/servlet/hhome HTTP/1.1" 200 4338
201.186.225.183 - - [24/May/2024:09:40:10 -0300] "GET /cormun/static/SmoothNavMenu/resources/images/right.gif HTTP/1.1" 200 860
201.186.225.183 - - [24/May/2024:09:40:12 -0300] "GET /cormun/servlet/trautorizarsolicitud? HTTP/1.1" 200 8869
201.186.225.183 - - [24/May/2024:09:40:12 -0300] "GET /cormun/static/gxcfg.js?202211298474254 HTTP/1.1" 200 953
201.186.225.183 - - [24/May/2024:09:40:12 -0300] "GET /cormun/static/trautorizarsolicitud.js?202211298474588 HTTP/1.1" 200 53909
201.186.225.183 - - [24/May/2024:09:40:12 -0300] "GET /cormun//static/Resources/PXToolsActionView.png HTTP/1.1" 200 398
201.186.225.183 - - [24/May/2024:09:40:12 -0300] "GET /cormun//static/Resources/PXToolsRemoveAllAction.png HTTP/1.1" 200 487
201.186.225.183 - - [24/May/2024:09:40:12 -0300] "GET /cormun//static/Resources/PXToolsGridDelete.png HTTP/1.1" 200 538
201.186.225.183 - - [24/May/2024:09:40:12 -0300] "GET /cormun//static/Resources/PXToolsGridUpdate.png HTTP/1.1" 200 470
201.186.225.183 - - [24/May/2024:09:40:12 -0300] "GET /cormun//static/Resources/PXTools/ActionInsert.png HTTP/1.1" 200 1482
201.186.225.183 - - [24/May/2024:09:40:16 -0300] "POST /cormun/servlet/trautorizarsolicitud?e79f07b29750354a271feca813bff63c,,gx-no-cache=1716554315150 HTTP/1.1" 200 4786
201.186.225.183 - - [24/May/2024:09:40:16 -0300] "GET /cormun/static/Shared/jqueryui/images/ui-icons_82798d_256x240.png HTTP/1.1" 404 1089
201.186.225.183 - - [24/May/2024:09:40:16 -0300] "GET /cormun/static/Shared/jqueryui/images/ui-bg_highlight-soft_100_c6c2c8_1x100.png HTTP/1.1" 404 1117
201.186.225.183 - - [24/May/2024:09:40:16 -0300] "GET /cormun/static/Shared/jqueryui/images/ui-bg_flat_55_fafafa_40x100.png HTTP/1.1" 404 1097
201.186.225.183 - - [24/May/2024:09:40:16 -0300] "GET /cormun/static/Shared/jqueryui/images/ui-icons_8d78a5_256x240.png HTTP/1.1" 404 1089
201.186.225.183 - - [24/May/2024:09:40:16 -0300] "POST /cormun/servlet/trautorizarsolicitud?e79f07b29750354a271feca813bff63c,,gx-no-cache=1716554315374 HTTP/1.1" 200 4526
201.186.225.183 - - [24/May/2024:09:40:26 -0300] "GET /cormun/servlet/trsolicitudot? HTTP/1.1" 200 7550
201.186.225.183 - - [24/May/2024:09:40:29 -0300] "GET /cormun/servlet/solicitudot?INS,0,0,false, HTTP/1.1" 200 16308
201.186.225.183 - - [24/May/2024:09:40:29 -0300] "GET /cormun/static/gxcfg.js?20221129840861 HTTP/1.1" 200 953
201.186.225.183 - - [24/May/2024:09:40:29 -0300] "GET /cormun/static/Resources/prompt.gif HTTP/1.1" 200 902
201.186.225.183 - - [24/May/2024:09:40:29 -0300] "GET /cormun/static/solicitudot.js?20221129840983 HTTP/1.1" 200 74072
201.186.225.183 - - [24/May/2024:09:40:42 -0300] "POST /cormun/servlet/solicitudot?gx-no-cache=1716554341626 HTTP/1.1" 200 4149
201.186.225.183 - - [24/May/2024:09:40:42 -0300] "POST /cormun/servlet/solicitudot?e79f07b29750354a271feca813bff63c,INS,0,0,false,,gx-no-cache=1716554341757 HTTP/1.1" 200 13017
201.186.225.183 - - [24/May/2024:09:40:55 -0300] "GET /cormun/servlet/solicitudot?827d7e2349e3f407897c4ba49cc89d737cff02d97ff11c4d94bc0a24631267d5812d36f0fb08174513625c97cdccc5d6,gx-no-cache=1716554354262 HTTP/1.1" 200 30
201.186.225.183 - - [24/May/2024:09:40:55 -0300] "GET /cormun/servlet/solicitudot?827d7e2349e3f407897c4ba49cc89d73a3f38b9781f70e4309ef377fb53afcfc40f11bd4a44187aee32566ab07f6f1a6d4e20585bd78cd5b034f70af9b73205a,gx-no-cache=1716554354285 HTTP/1.1" 200 30
201.186.225.183 - - [24/May/2024:09:40:55 -0300] "GET /cormun/servlet/solicitudot?827d7e2349e3f407897c4ba49cc89d730e1986f4dacedd17bedbf2a9a8720586,gx-no-cache=1716554354300 HTTP/1.1" 200 53
201.186.225.183 - - [24/May/2024:09:40:55 -0300] "POST /cormun/servlet/solicitudot?gx-no-cache=1716554354318 HTTP/1.1" 200 255
201.186.225.183 - - [24/May/2024:09:40:55 -0300] "GET /cormun/servlet/solicitudot?827d7e2349e3f407897c4ba49cc89d7397968e703a14e70f74697f61bbc172178b26c0cd62b9f72bc46fdf153c1e67ba35a531d24bfd0dbe66cce90fd0075aeb554d2328910f927875f49faaaebf7208bd786e9c32f74a4749c17aab4f0359216f05418ecf4dd44246f04ef67eb350fdc9f675635273883246eece9b7757637def7506a005ec5d66d1a6aaf3b8205389ec3c00c21d27187cdc29c13acb9a2343ba78015f0dd44f48700890b6dc88b4ec12142b9ec8a7d7e568db91c1ed7aba5c5d2be5072f00477774daab5906cab83318821b3400dfea7cc66a7db9b1a51899f34c470c30f9fcb295405133c3dff4d475cdb1a22450bd89adb05994438a1bd52ace44d70290687cbc8099bc2ef203a85a05f5f7d4e5d23fd2e7d8d0f5e0ba3605f5783ed38e540bb6078469fbd5b14bbec812d1ff7b0ba09476b1675e819a3d4a5a894df4fe2abe84d313e64dad2d26d95ba2294377a18d7894684879b430d0563b137fc816d3b4cd47c9fbf9421bc63bbafce6f6fc3b03fb5a623670549564,gx-no-cache=1716554354342 HTTP/1.1" 200 30
201.186.225.183 - - [24/May/2024:09:41:12 -0300] "POST /cormun/servlet/solicitudot?gx-no-cache=1716554370996 HTTP/1.1" 200 30
201.186.225.183 - - [24/May/2024:09:41:12 -0300] "POST /cormun/servlet/solicitudot?gx-no-cache=1716554371030 HTTP/1.1" 200 1480
201.186.225.183 - - [24/May/2024:09:41:12 -0300] "POST /cormun/servlet/solicitudot?gx-no-cache=1716554371068 HTTP/1.1" 200 38
201.186.225.183 - - [24/May/2024:09:41:12 -0300] "GET /cormun/servlet/solicitudot?827d7e2349e3f407897c4ba49cc89d73c866607f115a2ae597549101d6d4e596367998a009d239252d6e8df15c60d6d155a13e0447a3fb07d4cf9985273019bbf5afea02b50aadec41a9e4c5c3ae3268f1a59b6ad3c7f0cf75d1b7f3a5c8502b0853c57d6bdb97f0b31cf7cd0c0ccf28,gx-no-cache=1716554371086 HTTP/1.1" 200 110
201.186.225.183 - - [24/May/2024:09:41:12 -0300] "POST /cormun/servlet/solicitudot?gx-no-cache=1716554371105 HTTP/1.1" 200 72
190.171.142.50 - - [24/May/2024:09:42:30 -0300] "GET /cormun/servlet/trlicencias? HTTP/1.1" 200 11962
190.171.143.90 - - [24/May/2024:09:42:59 -0300] "GET /cormun/servlet/hlogin HTTP/1.1" 200 1719
190.171.143.90 - - [24/May/2024:09:43:08 -0300] "POST /cormun/servlet/hlogin?99e06a3a33fec98fa68cedc0187be85d,gx-no-cache=1716554485956 HTTP/1.1" 200 90
190.171.143.90 - - [24/May/2024:09:43:08 -0300] "GET /cormun/servlet/hpexe_link HTTP/1.1" 200 948
190.171.143.90 - - [24/May/2024:09:43:08 -0300] "GET /cormun/servlet/hhome HTTP/1.1" 200 4320
201.186.225.183 - - [24/May/2024:09:43:26 -0300] "POST /cormun/servlet/solicitudot?e79f07b29750354a271feca813bff63c,INS,0,0,false,,gx-no-cache=1716554505182 HTTP/1.1" 200 93
201.186.225.183 - - [24/May/2024:09:43:26 -0300] "GET /cormun/servlet/hpexe_return? HTTP/1.1" 200 1008
201.186.225.183 - - [24/May/2024:09:43:26 -0300] "GET /cormun/static/gxcfg.js?20221129846035 HTTP/1.1" 200 953
201.186.225.183 - - [24/May/2024:09:43:26 -0300] "GET /cormun/static/hpexe_return.js?20221129846037 HTTP/1.1" 200 1633
201.186.225.183 - - [24/May/2024:09:43:26 -0300] "GET /cormun/servlet/trsolicitudot HTTP/1.1" 200 7553
201.186.225.183 - - [24/May/2024:09:43:44 -0300] "GET /cormun/servlet/trsolicitudot? HTTP/1.1" 200 7549
201.186.225.183 - - [24/May/2024:09:43:47 -0300] "GET /cormun/servlet/solicitudot?INS,0,0,false, HTTP/1.1" 200 16308
201.186.225.183 - - [24/May/2024:09:43:53 -0300] "POST /cormun/servlet/solicitudot?gx-no-cache=1716554532189 HTTP/1.1" 200 4031
201.186.225.183 - - [24/May/2024:09:43:53 -0300] "POST /cormun/servlet/solicitudot?e79f07b29750354a271feca813bff63c,INS,0,0,false,,gx-no-cache=1716554532305 HTTP/1.1" 200 12881
201.186.225.183 - - [24/May/2024:09:43:54 -0300] "GET /cormun/servlet/solicitudot?827d7e2349e3f407897c4ba49cc89d7329e2308eaea4669818336a471338569a812d36f0fb08174513625c97cdccc5d6,gx-no-cache=1716554533008 HTTP/1.1" 200 30
201.186.225.183 - - [24/May/2024:09:46:07 -0300] "GET /cormun/static/Resources/resize.gif HTTP/1.1" 200 77
201.186.225.183 - - [24/May/2024:09:46:07 -0300] "GET /cormun/static/Resources/PXTools/ClosePrompt.png HTTP/1.1" 200 1036
201.186.225.183 - - [24/May/2024:09:46:07 -0300] "GET /cormun/servlet/prbanco?,MD,,gxPopupLevel%3D0%3B HTTP/1.1" 200 6692
201.186.225.183 - - [24/May/2024:09:46:08 -0300] "GET /cormun/static/gxcfg.js?20201216131581 HTTP/1.1" 200 953
201.186.225.183 - - [24/May/2024:09:46:08 -0300] "GET /cormun/static/Resources/PXToolsMenuSearch.png HTTP/1.1" 200 336
201.186.225.183 - - [24/May/2024:09:46:08 -0300] "GET /cormun/static/prbanco.js?20201216132311 HTTP/1.1" 200 10693
201.186.225.183 - - [24/May/2024:09:46:08 -0300] "GET /cormun/static/menusearch.js?20201214473581 HTTP/1.1" 200 1424
201.186.225.183 - - [24/May/2024:09:46:08 -0300] "GET /cormun/static/hmpwkw011.js?202211298443482 HTTP/1.1" 200 1968
201.186.225.183 - - [24/May/2024:09:46:08 -0300] "GET /cormun/static/Resources/PXToolsMenuSearchCancel.png HTTP/1.1" 200 306
201.186.225.183 - - [24/May/2024:09:46:11 -0300] "GET /cormun/servlet/solicitudot?827d7e2349e3f407897c4ba49cc89d737b9b9ba2368b57a98deaeba667d977f9be581e2e98ae595d4484cba02be2ea358bf62c0dd0f2043d3bcdcf96681f8db9,gx-no-cache=1716554670704 HTTP/1.1" 200 30
201.186.225.183 - - [24/May/2024:09:46:12 -0300] "GET /cormun/servlet/solicitudot?827d7e2349e3f407897c4ba49cc89d730e1986f4dacedd17bedbf2a9a8720586,gx-no-cache=1716554671807 HTTP/1.1" 200 53
190.171.143.90 - - [24/May/2024:09:47:41 -0300] "GET /cormun/servlet/trlicencias? HTTP/1.1" 200 12364
200.54.103.162 - - [24/May/2024:09:48:18 -0300] "GET /cormun/servlet/hhome HTTP/1.1" 200 3317
200.54.103.162 - - [24/May/2024:09:48:18 -0300] "GET /cormun/servlet/hlogin HTTP/1.1" 200 1727
200.54.103.162 - - [24/May/2024:09:48:18 -0300] "GET /cormun/servlet/hhome HTTP/1.1" 200 3327
200.54.103.162 - - [24/May/2024:09:48:25 -0300] "POST /cormun/servlet/hlogin?b1c2673617773b60a4757a3f6939606e,gx-no-cache=1716554802419 HTTP/1.1" 200 90
200.54.103.162 - - [24/May/2024:09:48:25 -0300] "GET /cormun/servlet/hpexe_link HTTP/1.1" 200 946
200.54.103.162 - - [24/May/2024:09:48:25 -0300] "GET /cormun/servlet/hhome HTTP/1.1" 200 4337
200.54.103.162 - - [24/May/2024:09:48:30 -0300] "GET /cormun/servlet/trpermisosgoce? HTTP/1.1" 200 13911
200.54.103.162 - - [24/May/2024:09:48:30 -0300] "GET /cormun/static/gxcfg.js?2020121631564 HTTP/1.1" 200 953
200.54.103.162 - - [24/May/2024:09:48:30 -0300] "GET /cormun/static/trpermisosgoce.js?2020121633681 HTTP/1.1" 200 35904
200.54.103.162 - - [24/May/2024:09:48:30 -0300] "GET /cormun//static/Resources/PXToolsGridDelete.png HTTP/1.1" 200 538
200.54.103.162 - - [24/May/2024:09:48:32 -0300] "GET /cormun/servlet/permisogoce?INS,0,,, HTTP/1.1" 200 7230
200.54.103.162 - - [24/May/2024:09:48:32 -0300] "GET /cormun/static/permisogoce.js?20201215124939 HTTP/1.1" 200 27790
200.54.103.162 - - [24/May/2024:09:48:32 -0300] "GET /cormun/static/gxcfg.js?20201215124560 HTTP/1.1" 200 953
201.186.225.183 - - [24/May/2024:09:48:45 -0300] "POST /cormun/servlet/solicitudot?gx-no-cache=1716554823984 HTTP/1.1" 200 255
200.54.103.162 - - [24/May/2024:09:48:45 -0300] "GET /cormun/servlet/permisogoce?f71e793cc4b11cf84e078037f6bc13a4d9be2525ef4220aa317c2c77d18068aa962e68a69d43eeb1d5dac8c76af8d637034b3f48ddffd6b51f0d7a37d0bf9d05,gx-no-cache=1716554821716 HTTP/1.1" 200 86
200.54.103.162 - - [24/May/2024:09:48:45 -0300] "GET /cormun/static/menuarrow.gif HTTP/1.1" 404 1015
201.186.225.183 - - [24/May/2024:09:48:46 -0300] "GET /cormun/servlet/solicitudot?827d7e2349e3f407897c4ba49cc89d7397968e703a14e70f74697f61bbc172178b26c0cd62b9f72bc46fdf153c1e67ba35a531d24bfd0dbe66cce90fd0075aeb554d2328910f927875f49faaaebf7208bd786e9c32f74a4749c17aab4f0359216f05418ecf4dd44246f04ef67eb350fdc9f675635273883246eece9b7757637def7506a005ec5d66d1a6aaf3b8205389ec3c00c21d27187cdc29c13acb9a2343ba78015f0dd44f48700890b6dc88b4ec12142b9ec8a7d7e568db91c1ed7aba5c5d2be5072f00477774daab5906cab83318821b3400dfea7cc66a7db9b1a51899f34c470c30f9fcb295405133c3dff4d475cdb1a22450bd89adb05994438a1bd52ace44d70290687cbc8099bc2ef203a85a05f5f7d4e5d23fd2e7d8d0f5e0ba3605f5783ed38e540bb6078469fbd5b14bbec812d1ff7b0ba09476b1675e819a3d4a5a894df4fe2abe84d313e64dad2d26d95ba2294377a18d7894684879b430d0563b137fc816d3b4cd47c9fbf9421bc63bbafce6f6fc3b03fb5a623670549564,gx-no-cache=1716554825669 HTTP/1.1" 200 30
201.186.225.183 - - [24/May/2024:09:48:49 -0300] "POST /cormun/servlet/solicitudot?gx-no-cache=1716554828528 HTTP/1.1" 200 30
200.54.103.162 - - [24/May/2024:09:48:49 -0300] "GET /cormun/servlet/permisogoce?f71e793cc4b11cf84e078037f6bc13a4edfe8f55153317ca082e912d99c5f556d335bba9b2d2ed03d99e324b0f3a7b2163bed4b11a8e8b17320be8ca979383ce,gx-no-cache=1716554826161 HTTP/1.1" 200 47
200.54.103.162 - - [24/May/2024:09:48:52 -0300] "POST /cormun/servlet/permisogoce?b1c2673617773b60a4757a3f6939606e,INS,0,,,,gx-no-cache=1716554828436 HTTP/1.1" 200 93
200.54.103.162 - - [24/May/2024:09:48:52 -0300] "GET /cormun/servlet/hpexe_return? HTTP/1.1" 200 1004
200.54.103.162 - - [24/May/2024:09:48:52 -0300] "GET /cormun/servlet/trpermisosgoce HTTP/1.1" 200 14193
201.186.225.183 - - [24/May/2024:09:48:52 -0300] "POST /cormun/servlet/solicitudot?gx-no-cache=1716554831850 HTTP/1.1" 200 1481
200.54.103.162 - - [24/May/2024:09:48:52 -0300] "GET /cormun//static/Resources/PXToolsGridUpdate.png HTTP/1.1" 200 470
201.186.225.183 - - [24/May/2024:09:48:52 -0300] "POST /cormun/servlet/solicitudot?gx-no-cache=1716554831883 HTTP/1.1" 200 38
200.54.103.162 - - [24/May/2024:09:48:58 -0300] "GET /cormun/servlet/permisogoce?INS,0,,, HTTP/1.1" 200 7228
201.186.225.183 - - [24/May/2024:09:49:08 -0300] "GET /cormun/servlet/solicitudot?827d7e2349e3f407897c4ba49cc89d73c866607f115a2ae597549101d6d4e596367998a009d239252d6e8df15c60d6d155a13e0447a3fb07d4cf9985273019bbf5afea02b50aadec41a9e4c5c3ae3268f1a59b6ad3c7f0cf75d1b7f3a5c8502b0853c57d6bdb97f0b31cf7cd0c0ccf28,gx-no-cache=1716554847779 HTTP/1.1" 200 110
201.186.225.183 - - [24/May/2024:09:49:08 -0300] "POST /cormun/servlet/solicitudot?gx-no-cache=1716554847804 HTTP/1.1" 200 110
200.54.103.162 - - [24/May/2024:09:49:10 -0300] "GET /cormun/servlet/permisogoce?f71e793cc4b11cf84e078037f6bc13a4a14c7d10d9773b23c36e08b8eae87d157102f4e6b3bc2d16f21602d9948ba2c309ae5d203c03ff74cf619a94f1403728,gx-no-cache=1716554847043 HTTP/1.1" 200 91
201.186.225.183 - - [24/May/2024:09:49:16 -0300] "GET /cormun/servlet/solicitudot?827d7e2349e3f407897c4ba49cc89d733242f3a0651d506319a81c44d1863077711c61a585bdfb7c4e1625dc9ae918e4fb8de0aa4f43873c3d86fd468447930d6ebeb8120e471d0f74cb45bd308419abe54baba7e930b4bcd45392e8dd9f5d3739d3c679b78c77bae35c03656b3efff4,gx-no-cache=1716554855644 HTTP/1.1" 200 29
201.186.225.183 - - [24/May/2024:09:49:16 -0300] "GET /cormun/static/menuarrow.gif HTTP/1.1" 404 1015
200.54.103.162 - - [24/May/2024:09:49:19 -0300] "GET /cormun/servlet/permisogoce?f71e793cc4b11cf84e078037f6bc13a46bc3abf87d66a5b374cd81d15c96a37fa7181834b0a14d339e3b720e27dd16a1b6ccad9f097bf55bca3d379b67089e53,gx-no-cache=1716554855882 HTTP/1.1" 200 47
201.186.225.183 - - [24/May/2024:09:49:19 -0300] "GET /cormun/servlet/solicitudot?827d7e2349e3f407897c4ba49cc89d7318a435d300e7daa34fdbed10d78854911176fcae5ea7e826d85192dfcb925a8a,gx-no-cache=1716554858942 HTTP/1.1" 200 30
200.54.103.162 - - [24/May/2024:09:49:21 -0300] "POST /cormun/servlet/permisogoce?b1c2673617773b60a4757a3f6939606e,INS,0,,,,gx-no-cache=1716554857812 HTTP/1.1" 200 93
200.54.103.162 - - [24/May/2024:09:49:21 -0300] "GET /cormun/servlet/hpexe_return? HTTP/1.1" 200 1004
200.54.103.162 - - [24/May/2024:09:49:21 -0300] "GET /cormun/servlet/trpermisosgoce HTTP/1.1" 200 14414
201.186.225.183 - - [24/May/2024:09:49:23 -0300] "POST /cormun/servlet/solicitudot?gx-no-cache=1716554862272 HTTP/1.1" 200 30
200.54.103.162 - - [24/May/2024:09:49:36 -0300] "GET /cormun/servlet/permisogoce?INS,0,,, HTTP/1.1" 200 7228
201.186.225.183 - - [24/May/2024:09:49:39 -0300] "POST /cormun/servlet/solicitudot?e79f07b29750354a271feca813bff63c,INS,0,0,false,,gx-no-cache=1716554877878 HTTP/1.1" 200 93
201.186.225.183 - - [24/May/2024:09:49:39 -0300] "GET /cormun/servlet/hpexe_return? HTTP/1.1" 200 1008
201.186.225.183 - - [24/May/2024:09:49:39 -0300] "GET /cormun/servlet/trsolicitudot HTTP/1.1" 200 8955
201.186.225.183 - - [24/May/2024:09:49:41 -0300] "POST /cormun/servlet/trsolicitudot?e79f07b29750354a271feca813bff63c,gx-no-cache=1716554880163 HTTP/1.1" 200 106
201.186.225.183 - - [24/May/2024:09:49:41 -0300] "GET /cormun/servlet/trsolicitudadjuntos?2024,21454, HTTP/1.1" 200 6441
201.186.225.183 - - [24/May/2024:09:49:41 -0300] "GET /cormun/static/gxcfg.js?20201215574222 HTTP/1.1" 200 953
201.186.225.183 - - [24/May/2024:09:49:41 -0300] "GET /cormun/static/Resources/PXToolsGridNew.png HTTP/1.1" 200 427
201.186.225.183 - - [24/May/2024:09:49:41 -0300] "GET /cormun/static/trsolicitudadjuntos.js?20201215574932 HTTP/1.1" 200 17921
201.186.225.183 - - [24/May/2024:09:49:42 -0300] "GET /cormun/servlet/solicitudotadjuntos?INS,2024,21454,,1, HTTP/1.1" 200 6384
201.186.225.183 - - [24/May/2024:09:49:42 -0300] "GET /cormun/static/gxcfg.js?202211298385187 HTTP/1.1" 200 953
201.186.225.183 - - [24/May/2024:09:49:42 -0300] "GET /cormun/static/solicitudotadjuntos.js?202211298385196 HTTP/1.1" 200 11771
201.186.225.183 - - [24/May/2024:09:49:43 -0300] "GET /cormun/static/about:blank HTTP/1.1" 404 1011
201.186.225.183 - - [24/May/2024:09:49:43 -0300] "GET /cormun/servlet/solicitudotadjuntos?827d7e2349e3f407897c4ba49cc89d7340e8eb9a7d4e987e71218b72170f7f86f618343118fba145f6c87820b468fdd1,gx-no-cache=1716554882571 HTTP/1.1" 200 30
201.186.225.183 - - [24/May/2024:09:49:43 -0300] "POST /cormun/servlet/solicitudotadjuntos?e79f07b29750354a271feca813bff63c,INS,2024,21454,,1,,gx-no-cache=1716554882585 HTTP/1.1" 200 4177
201.186.225.183 - - [24/May/2024:09:49:45 -0300] "POST /cormun/servlet/solicitudotadjuntos?gx-no-cache=1716554883989 HTTP/1.1" 200 26
200.54.103.162 - - [24/May/2024:09:49:48 -0300] "GET /cormun/servlet/permisogoce?f71e793cc4b11cf84e078037f6bc13a44029d5e24a286df8ddbd0327547864b67102f4e6b3bc2d16f21602d9948ba2c309ae5d203c03ff74cf619a94f1403728,gx-no-cache=1716554885011 HTTP/1.1" 200 83
200.54.103.162 - - [24/May/2024:09:49:52 -0300] "GET /cormun/servlet/permisogoce?f71e793cc4b11cf84e078037f6bc13a488f9dd4cf0d00ac185ffdece6b3f46140e7683b58083da739c3878560f9bfa4eb01d3b1c151fdb1c6fa0be48e52aa7d9,gx-no-cache=1716554889322 HTTP/1.1" 200 47
200.54.103.162 - - [24/May/2024:09:49:54 -0300] "POST /cormun/servlet/permisogoce?b1c2673617773b60a4757a3f6939606e,INS,0,,,,gx-no-cache=1716554891140 HTTP/1.1" 200 93
200.54.103.162 - - [24/May/2024:09:49:54 -0300] "GET /cormun/servlet/hpexe_return? HTTP/1.1" 200 1004
200.54.103.162 - - [24/May/2024:09:49:55 -0300] "GET /cormun/servlet/trpermisosgoce HTTP/1.1" 200 14648
200.54.103.162 - - [24/May/2024:09:50:00 -0300] "GET /cormun/servlet/permisogoce?INS,0,,, HTTP/1.1" 200 7227
201.186.225.183 - - [24/May/2024:09:50:00 -0300] "GET /cormun/servlet/solicitudotadjuntos?827d7e2349e3f407897c4ba49cc89d7333ce34afca35775015c2e21b6686743b,gx-no-cache=1716554899764 HTTP/1.1" 200 30
201.186.225.183 - - [24/May/2024:09:50:00 -0300] "GET /cormun/servlet/solicitudotadjuntos?827d7e2349e3f407897c4ba49cc89d7333ce34afca35775015c2e21b6686743b,gx-no-cache=1716554899775 HTTP/1.1" 200 30
201.186.225.183 - - [24/May/2024:09:50:01 -0300] "POST /cormun/servlet/solicitudotadjuntos?e79f07b29750354a271feca813bff63c,INS,2024,21454,,1, HTTP/1.1" 200 116
201.186.225.183 - - [24/May/2024:09:50:01 -0300] "GET /cormun/servlet/hpexe_return? HTTP/1.1" 200 1026
201.186.225.183 - - [24/May/2024:09:50:01 -0300] "GET /cormun/servlet/trsolicitudadjuntos?2024,21454, HTTP/1.1" 200 9363
201.186.225.183 - - [24/May/2024:09:50:03 -0300] "GET /cormun/servlet/solicitudotadjuntos?INS,2024,21454,,1, HTTP/1.1" 200 6384
201.186.225.183 - - [24/May/2024:09:50:03 -0300] "GET /cormun/static/about:blank HTTP/1.1" 404 1011
201.186.225.183 - - [24/May/2024:09:50:03 -0300] "GET /cormun/servlet/solicitudotadjuntos?827d7e2349e3f407897c4ba49cc89d7340e8eb9a7d4e987e71218b72170f7f86f618343118fba145f6c87820b468fdd1,gx-no-cache=1716554902974 HTTP/1.1" 200 30
201.186.225.183 - - [24/May/2024:09:50:04 -0300] "POST /cormun/servlet/solicitudotadjuntos?e79f07b29750354a271feca813bff63c,INS,2024,21454,,1,,gx-no-cache=1716554902988 HTTP/1.1" 200 4177
201.186.225.183 - - [24/May/2024:09:50:05 -0300] "POST /cormun/servlet/solicitudotadjuntos?gx-no-cache=1716554904668 HTTP/1.1" 200 26
201.186.225.183 - - [24/May/2024:09:50:14 -0300] "GET /cormun/servlet/solicitudotadjuntos?827d7e2349e3f407897c4ba49cc89d7333ce34afca35775015c2e21b6686743b,gx-no-cache=1716554913656 HTTP/1.1" 200 30
201.186.225.183 - - [24/May/2024:09:50:14 -0300] "GET /cormun/servlet/solicitudotadjuntos?827d7e2349e3f407897c4ba49cc89d7333ce34afca35775015c2e21b6686743b,gx-no-cache=1716554913667 HTTP/1.1" 200 30
201.186.225.183 - - [24/May/2024:09:50:14 -0300] "POST /cormun/servlet/solicitudotadjuntos?e79f07b29750354a271feca813bff63c,INS,2024,21454,,1, HTTP/1.1" 200 116
201.186.225.183 - - [24/May/2024:09:50:14 -0300] "GET /cormun/servlet/hpexe_return? HTTP/1.1" 200 1026
201.186.225.183 - - [24/May/2024:09:50:15 -0300] "GET /cormun/servlet/trsolicitudadjuntos?2024,21454, HTTP/1.1" 200 9657
201.186.225.183 - - [24/May/2024:09:50:17 -0300] "GET /cormun/servlet/solicitudotadjuntos?INS,2024,21454,,1, HTTP/1.1" 200 6384
201.186.225.183 - - [24/May/2024:09:50:17 -0300] "GET /cormun/static/about:blank HTTP/1.1" 404 1011
201.186.225.183 - - [24/May/2024:09:50:17 -0300] "GET /cormun/servlet/solicitudotadjuntos?827d7e2349e3f407897c4ba49cc89d7340e8eb9a7d4e987e71218b72170f7f86f618343118fba145f6c87820b468fdd1,gx-no-cache=1716554916642 HTTP/1.1" 200 30
201.186.225.183 - - [24/May/2024:09:50:17 -0300] "POST /cormun/servlet/solicitudotadjuntos?e79f07b29750354a271feca813bff63c,INS,2024,21454,,1,,gx-no-cache=1716554916665 HTTP/1.1" 200 4177
201.186.225.183 - - [24/May/2024:09:50:19 -0300] "POST /cormun/servlet/solicitudotadjuntos?gx-no-cache=1716554918416 HTTP/1.1" 200 26
201.186.225.183 - - [24/May/2024:09:50:24 -0300] "GET /cormun/servlet/solicitudotadjuntos?827d7e2349e3f407897c4ba49cc89d7333ce34afca35775015c2e21b6686743b,gx-no-cache=1716554923880 HTTP/1.1" 200 30
201.186.225.183 - - [24/May/2024:09:50:24 -0300] "GET /cormun/servlet/solicitudotadjuntos?827d7e2349e3f407897c4ba49cc89d7333ce34afca35775015c2e21b6686743b,gx-no-cache=1716554923904 HTTP/1.1" 200 30
201.186.225.183 - - [24/May/2024:09:50:25 -0300] "POST /cormun/servlet/solicitudotadjuntos?e79f07b29750354a271feca813bff63c,INS,2024,21454,,1, HTTP/1.1" 200 116
201.186.225.183 - - [24/May/2024:09:50:25 -0300] "GET /cormun/servlet/hpexe_return? HTTP/1.1" 200 1026
201.186.225.183 - - [24/May/2024:09:50:25 -0300] "GET /cormun/servlet/trsolicitudadjuntos?2024,21454, HTTP/1.1" 200 9890
201.186.225.183 - - [24/May/2024:09:50:28 -0300] "GET /cormun/servlet/solicitudotadjuntos?INS,2024,21454,,1, HTTP/1.1" 200 6384
201.186.225.183 - - [24/May/2024:09:50:28 -0300] "GET /cormun/static/about:blank HTTP/1.1" 404 1011
201.186.225.183 - - [24/May/2024:09:50:29 -0300] "GET /cormun/servlet/solicitudotadjuntos?827d7e2349e3f407897c4ba49cc89d7340e8eb9a7d4e987e71218b72170f7f86f618343118fba145f6c87820b468fdd1,gx-no-cache=1716554928025 HTTP/1.1" 200 30
201.186.225.183 - - [24/May/2024:09:50:29 -0300] "POST /cormun/servlet/solicitudotadjuntos?e79f07b29750354a271feca813bff63c,INS,2024,21454,,1,,gx-no-cache=1716554928040 HTTP/1.1" 200 4177
201.186.225.183 - - [24/May/2024:09:50:31 -0300] "POST /cormun/servlet/solicitudotadjuntos?gx-no-cache=1716554930836 HTTP/1.1" 200 26
201.186.225.183 - - [24/May/2024:09:50:37 -0300] "GET /cormun/servlet/solicitudotadjuntos?827d7e2349e3f407897c4ba49cc89d7333ce34afca35775015c2e21b6686743b,gx-no-cache=1716554936492 HTTP/1.1" 200 30
201.186.225.183 - - [24/May/2024:09:50:37 -0300] "GET /cormun/servlet/solicitudotadjuntos?827d7e2349e3f407897c4ba49cc89d7333ce34afca35775015c2e21b6686743b,gx-no-cache=1716554936504 HTTP/1.1" 200 30
201.186.225.183 - - [24/May/2024:09:50:37 -0300] "POST /cormun/servlet/solicitudotadjuntos?e79f07b29750354a271feca813bff63c,INS,2024,21454,,1, HTTP/1.1" 200 116
201.186.225.183 - - [24/May/2024:09:50:37 -0300] "GET /cormun/servlet/hpexe_return? HTTP/1.1" 200 1026
201.186.225.183 - - [24/May/2024:09:50:37 -0300] "GET /cormun/servlet/trsolicitudadjuntos?2024,21454, HTTP/1.1" 200 10133
201.186.225.183 - - [24/May/2024:09:50:40 -0300] "GET /cormun/servlet/solicitudotadjuntos?INS,2024,21454,,1, HTTP/1.1" 200 6385
201.186.225.183 - - [24/May/2024:09:50:40 -0300] "GET /cormun/static/about:blank HTTP/1.1" 404 1011
201.186.225.183 - - [24/May/2024:09:50:41 -0300] "GET /cormun/servlet/solicitudotadjuntos?827d7e2349e3f407897c4ba49cc89d7340e8eb9a7d4e987e71218b72170f7f86f618343118fba145f6c87820b468fdd1,gx-no-cache=1716554940042 HTTP/1.1" 200 30
201.186.225.183 - - [24/May/2024:09:50:41 -0300] "POST /cormun/servlet/solicitudotadjuntos?e79f07b29750354a271feca813bff63c,INS,2024,21454,,1,,gx-no-cache=1716554940055 HTTP/1.1" 200 4178
200.54.103.162 - - [24/May/2024:09:50:42 -0300] "GET /cormun/servlet/permisogoce?f71e793cc4b11cf84e078037f6bc13a4dd57b30659af7ba288501ba7cb0041c97102f4e6b3bc2d16f21602d9948ba2c309ae5d203c03ff74cf619a94f1403728,gx-no-cache=1716554939411 HTTP/1.1" 200 81
201.186.225.183 - - [24/May/2024:09:50:42 -0300] "POST /cormun/servlet/solicitudotadjuntos?gx-no-cache=1716554941980 HTTP/1.1" 200 26
201.186.225.183 - - [24/May/2024:09:50:49 -0300] "GET /cormun/servlet/solicitudotadjuntos?827d7e2349e3f407897c4ba49cc89d7333ce34afca35775015c2e21b6686743b,gx-no-cache=1716554948020 HTTP/1.1" 200 30
201.186.225.183 - - [24/May/2024:09:50:49 -0300] "GET /cormun/servlet/solicitudotadjuntos?827d7e2349e3f407897c4ba49cc89d7333ce34afca35775015c2e21b6686743b,gx-no-cache=1716554948030 HTTP/1.1" 200 30
200.54.103.162 - - [24/May/2024:09:50:49 -0300] "GET /cormun/servlet/permisogoce?f71e793cc4b11cf84e078037f6bc13a43c4aa1dff82d293a8ed550ca535475adcfabc2dcdb481805c4e20574eae7e7c5b01d3b1c151fdb1c6fa0be48e52aa7d9,gx-no-cache=1716554945585 HTTP/1.1" 200 47
201.186.225.183 - - [24/May/2024:09:50:49 -0300] "POST /cormun/servlet/solicitudotadjuntos?e79f07b29750354a271feca813bff63c,INS,2024,21454,,1, HTTP/1.1" 200 116
201.186.225.183 - - [24/May/2024:09:50:49 -0300] "GET /cormun/servlet/hpexe_return? HTTP/1.1" 200 1026
201.186.225.183 - - [24/May/2024:09:50:49 -0300] "GET /cormun/servlet/trsolicitudadjuntos?2024,21454, HTTP/1.1" 200 10471
201.186.225.183 - - [24/May/2024:09:50:51 -0300] "GET /cormun/servlet/solicitudotadjuntos?INS,2024,21454,,1, HTTP/1.1" 200 6385
200.54.103.162 - - [24/May/2024:09:50:51 -0300] "POST /cormun/servlet/permisogoce?b1c2673617773b60a4757a3f6939606e,INS,0,,,,gx-no-cache=1716554947540 HTTP/1.1" 200 93
200.54.103.162 - - [24/May/2024:09:50:51 -0300] "GET /cormun/servlet/hpexe_return? HTTP/1.1" 200 1004
201.186.225.183 - - [24/May/2024:09:50:51 -0300] "GET /cormun/static/about:blank HTTP/1.1" 404 1011
200.54.103.162 - - [24/May/2024:09:50:51 -0300] "GET /cormun/servlet/trpermisosgoce HTTP/1.1" 200 14813
201.186.225.183 - - [24/May/2024:09:50:51 -0300] "GET /cormun/servlet/solicitudotadjuntos?827d7e2349e3f407897c4ba49cc89d7340e8eb9a7d4e987e71218b72170f7f86f618343118fba145f6c87820b468fdd1,gx-no-cache=1716554950965 HTTP/1.1" 200 30
201.186.225.183 - - [24/May/2024:09:50:52 -0300] "POST /cormun/servlet/solicitudotadjuntos?e79f07b29750354a271feca813bff63c,INS,2024,21454,,1,,gx-no-cache=1716554950984 HTTP/1.1" 200 4178
201.186.225.183 - - [24/May/2024:09:50:54 -0300] "POST /cormun/servlet/solicitudotadjuntos?gx-no-cache=1716554953024 HTTP/1.1" 200 26
200.54.103.162 - - [24/May/2024:09:50:57 -0300] "GET /cormun/servlet/permisogoce?INS,0,,, HTTP/1.1" 200 7228
201.186.225.183 - - [24/May/2024:09:50:58 -0300] "GET /cormun/servlet/solicitudotadjuntos?827d7e2349e3f407897c4ba49cc89d7333ce34afca35775015c2e21b6686743b,gx-no-cache=1716554957304 HTTP/1.1" 200 30
201.186.225.183 - - [24/May/2024:09:50:58 -0300] "GET /cormun/servlet/solicitudotadjuntos?827d7e2349e3f407897c4ba49cc89d7333ce34afca35775015c2e21b6686743b,gx-no-cache=1716554957315 HTTP/1.1" 200 30
201.186.225.183 - - [24/May/2024:09:50:58 -0300] "POST /cormun/servlet/solicitudotadjuntos?e79f07b29750354a271feca813bff63c,INS,2024,21454,,1, HTTP/1.1" 200 6666
201.186.225.183 - - [24/May/2024:09:50:58 -0300] "GET /cormun/static/Shared/jqueryui/images/ui-bg_highlight-soft_100_c6c2c8_1x100.png HTTP/1.1" 404 1117
201.186.225.183 - - [24/May/2024:09:50:58 -0300] "GET /cormun/static/Shared/jqueryui/images/ui-icons_82798d_256x240.png HTTP/1.1" 404 1089
201.186.225.183 - - [24/May/2024:09:50:58 -0300] "GET /cormun/static/Shared/jqueryui/images/ui-bg_flat_55_994d53_40x100.png HTTP/1.1" 404 1097
201.186.225.183 - - [24/May/2024:09:50:58 -0300] "GET /cormun/static/Shared/jqueryui/images/ui-icons_ebccce_256x240.png HTTP/1.1" 404 1089
201.186.225.183 - - [24/May/2024:09:50:58 -0300] "GET /cormun/PrivateTempStorage/upload_00001398.jpg HTTP/1.1" 200 1440985
200.54.103.162 - - [24/May/2024:09:51:06 -0300] "GET /cormun/servlet/permisogoce?f71e793cc4b11cf84e078037f6bc13a43d907be350a1caafd0ee0471f3ba3ad87102f4e6b3bc2d16f21602d9948ba2c309ae5d203c03ff74cf619a94f1403728,gx-no-cache=1716554962715 HTTP/1.1" 200 75
200.54.103.162 - - [24/May/2024:09:51:12 -0300] "GET /cormun/servlet/permisogoce?f71e793cc4b11cf84e078037f6bc13a497b5da020cc45f8c516a7917a0571953347199b6dd57c088b465a9222e560c40b01d3b1c151fdb1c6fa0be48e52aa7d9,gx-no-cache=1716554969250 HTTP/1.1" 200 47
200.54.103.162 - - [24/May/2024:09:51:14 -0300] "POST /cormun/servlet/permisogoce?b1c2673617773b60a4757a3f6939606e,INS,0,,,,gx-no-cache=1716554970908 HTTP/1.1" 200 93
200.54.103.162 - - [24/May/2024:09:51:14 -0300] "GET /cormun/servlet/hpexe_return? HTTP/1.1" 200 1004
200.54.103.162 - - [24/May/2024:09:51:14 -0300] "GET /cormun/servlet/trpermisosgoce HTTP/1.1" 200 15035
200.54.103.162 - - [24/May/2024:09:51:20 -0300] "GET /cormun/servlet/permisogoce?INS,0,,, HTTP/1.1" 200 7228
200.54.103.162 - - [24/May/2024:09:51:28 -0300] "GET /cormun/servlet/permisogoce?f71e793cc4b11cf84e078037f6bc13a4a42d923867b3df316309e7de1197eb6d7102f4e6b3bc2d16f21602d9948ba2c309ae5d203c03ff74cf619a94f1403728,gx-no-cache=1716554984803 HTTP/1.1" 200 76
201.186.225.183 - - [24/May/2024:09:51:31 -0300] "GET /cormun/servlet/solicitudotadjuntos?827d7e2349e3f407897c4ba49cc89d7390ba45522f736715ba24306ffdcd44426426bfcd1ec5bbeb42dd2af543fd6d6a,gx-no-cache=1716554990313 HTTP/1.1" 200 30
201.186.225.183 - - [24/May/2024:09:51:31 -0300] "GET /cormun/servlet/solicitudotadjuntos?827d7e2349e3f407897c4ba49cc89d7390ba45522f736715ba24306ffdcd44426426bfcd1ec5bbeb42dd2af543fd6d6a,gx-no-cache=1716554990332 HTTP/1.1" 200 30
201.186.225.183 - - [24/May/2024:09:51:31 -0300] "POST /cormun/servlet/solicitudotadjuntos?e79f07b29750354a271feca813bff63c,INS,2024,21454,,1, HTTP/1.1" 200 116
201.186.225.183 - - [24/May/2024:09:51:31 -0300] "GET /cormun/servlet/hpexe_return? HTTP/1.1" 200 1026
201.186.225.183 - - [24/May/2024:09:51:32 -0300] "GET /cormun/servlet/trsolicitudadjuntos?2024,21454, HTTP/1.1" 200 10620
200.54.103.162 - - [24/May/2024:09:51:32 -0300] "GET /cormun/servlet/permisogoce?f71e793cc4b11cf84e078037f6bc13a4060bf2c38b6c8fc406e9232e68d3e5fc4131396115ffa8cca17e863dffbfa5d0b01d3b1c151fdb1c6fa0be48e52aa7d9,gx-no-cache=1716554989177 HTTP/1.1" 200 47
200.54.103.162 - - [24/May/2024:09:51:34 -0300] "POST /cormun/servlet/permisogoce?b1c2673617773b60a4757a3f6939606e,INS,0,,,,gx-no-cache=1716554991100 HTTP/1.1" 200 93
200.54.103.162 - - [24/May/2024:09:51:34 -0300] "GET /cormun/servlet/hpexe_return? HTTP/1.1" 200 1004
200.54.103.162 - - [24/May/2024:09:51:35 -0300] "GET /cormun/servlet/trpermisosgoce HTTP/1.1" 200 15243
201.186.225.183 - - [24/May/2024:09:51:36 -0300] "GET /cormun/servlet/trsolicitudot? HTTP/1.1" 200 8958
201.186.225.183 - - [24/May/2024:09:51:39 -0300] "POST /cormun/servlet/trsolicitudot?e79f07b29750354a271feca813bff63c,,gx-no-cache=1716554998075 HTTP/1.1" 200 4859
201.186.225.183 - - [24/May/2024:09:51:39 -0300] "GET /cormun/static/Shared/jqueryui/images/ui-bg_flat_55_fafafa_40x100.png HTTP/1.1" 404 1097
201.186.225.183 - - [24/May/2024:09:51:39 -0300] "GET /cormun/static/Shared/jqueryui/images/ui-icons_8d78a5_256x240.png HTTP/1.1" 404 1089
201.186.225.183 - - [24/May/2024:09:51:39 -0300] "POST /cormun/servlet/trsolicitudot?e79f07b29750354a271feca813bff63c,,gx-no-cache=1716554998212 HTTP/1.1" 200 4618
200.54.103.162 - - [24/May/2024:09:51:40 -0300] "GET /cormun/servlet/permisogoce?INS,0,,, HTTP/1.1" 200 7228
201.186.225.183 - - [24/May/2024:09:51:41 -0300] "GET /cormun/servlet/trautorizarsolicitud? HTTP/1.1" 200 8844
201.186.225.183 - - [24/May/2024:09:51:44 -0300] "POST /cormun/servlet/trautorizarsolicitud?e79f07b29750354a271feca813bff63c,,gx-no-cache=1716555002962 HTTP/1.1" 200 4770
201.186.225.183 - - [24/May/2024:09:51:44 -0300] "POST /cormun/servlet/trautorizarsolicitud?e79f07b29750354a271feca813bff63c,,gx-no-cache=1716555003076 HTTP/1.1" 200 4530
200.54.103.162 - - [24/May/2024:09:51:47 -0300] "GET /cormun/servlet/permisogoce?f71e793cc4b11cf84e078037f6bc13a4ea6587360e7ffde59f5bf673cfbf64ad7102f4e6b3bc2d16f21602d9948ba2c309ae5d203c03ff74cf619a94f1403728,gx-no-cache=1716555003539 HTTP/1.1" 200 79
200.54.103.162 - - [24/May/2024:09:51:53 -0300] "GET /cormun/servlet/permisogoce?f71e793cc4b11cf84e078037f6bc13a49e1f457517534fd7b422c4af6ddf01631e5e6eaa760622a0b5a95ccf885b17f5b01d3b1c151fdb1c6fa0be48e52aa7d9,gx-no-cache=1716555009913 HTTP/1.1" 200 48
200.54.103.162 - - [24/May/2024:09:51:55 -0300] "POST /cormun/servlet/permisogoce?b1c2673617773b60a4757a3f6939606e,INS,0,,,,gx-no-cache=1716555011707 HTTP/1.1" 200 93
200.54.103.162 - - [24/May/2024:09:51:55 -0300] "GET /cormun/servlet/hpexe_return? HTTP/1.1" 200 1004
200.54.103.162 - - [24/May/2024:09:51:55 -0300] "GET /cormun/servlet/trpermisosgoce HTTP/1.1" 200 15439
200.54.103.162 - - [24/May/2024:09:52:01 -0300] "GET /cormun/servlet/permisogoce?INS,0,,, HTTP/1.1" 200 7228
200.54.103.162 - - [24/May/2024:09:52:12 -0300] "GET /cormun/servlet/permisogoce?f71e793cc4b11cf84e078037f6bc13a43613cf61390d42c18922e657a18cd056962e68a69d43eeb1d5dac8c76af8d637034b3f48ddffd6b51f0d7a37d0bf9d05,gx-no-cache=1716555028746 HTTP/1.1" 200 80
200.54.103.162 - - [24/May/2024:09:52:20 -0300] "GET /cormun/servlet/permisogoce?f71e793cc4b11cf84e078037f6bc13a47e3fadcdf2031334308ed026eddf6797e868f4239b9ba85a4a54936415d24ceebbf92fb3759c2ee2e95c8b073e67b5f6,gx-no-cache=1716555036730 HTTP/1.1" 200 49
200.54.103.162 - - [24/May/2024:09:52:22 -0300] "POST /cormun/servlet/permisogoce?b1c2673617773b60a4757a3f6939606e,INS,0,,,,gx-no-cache=1716555038476 HTTP/1.1" 200 93
200.54.103.162 - - [24/May/2024:09:52:22 -0300] "GET /cormun/servlet/hpexe_return? HTTP/1.1" 200 1004
200.54.103.162 - - [24/May/2024:09:52:22 -0300] "GET /cormun/servlet/trpermisosgoce HTTP/1.1" 200 15660
200.54.103.162 - - [24/May/2024:09:52:34 -0300] "GET /cormun/servlet/trpermisosadjuntos?7833428,20240524084702,P, HTTP/1.1" 200 6661
200.54.103.162 - - [24/May/2024:09:52:34 -0300] "GET /cormun/static/gxcfg.js?2020121641683 HTTP/1.1" 200 953
200.54.103.162 - - [24/May/2024:09:52:34 -0300] "GET /cormun/static/trpermisosadjuntos.js?2020121642996 HTTP/1.1" 200 20158
200.54.103.162 - - [24/May/2024:09:52:36 -0300] "GET /cormun/servlet/permisosadjuntos?INS,7833428,P,20240524084702,, HTTP/1.1" 200 5984
200.54.103.162 - - [24/May/2024:09:52:36 -0300] "GET /cormun/static/gxcfg.js?20201215134212 HTTP/1.1" 200 953
200.54.103.162 - - [24/May/2024:09:52:36 -0300] "GET /cormun/static/permisosadjuntos.js?20201215134285 HTTP/1.1" 200 8724
200.54.103.162 - - [24/May/2024:09:52:36 -0300] "GET /cormun/static/about:blank HTTP/1.1" 404 1011
190.171.152.114 - - [24/May/2024:09:52:42 -0300] "GET /cormun/servlet/hlogin HTTP/1.1" 200 1722
190.171.152.114 - - [24/May/2024:09:52:42 -0300] "GET /cormun/servlet/hlogin HTTP/1.1" 200 1733
200.54.103.162 - - [24/May/2024:09:52:43 -0300] "POST /cormun/servlet/permisosadjuntos?b1c2673617773b60a4757a3f6939606e,INS,7833428,P,20240524084702,, HTTP/1.1" 200 116
200.54.103.162 - - [24/May/2024:09:52:43 -0300] "GET /cormun/servlet/hpexe_return? HTTP/1.1" 200 1032
200.54.103.162 - - [24/May/2024:09:52:43 -0300] "GET /cormun/servlet/trpermisosadjuntos?7833428,20240524084702,P, HTTP/1.1" 200 7167
200.54.103.162 - - [24/May/2024:09:52:46 -0300] "POST /cormun/servlet/trpermisosadjuntos?b1c2673617773b60a4757a3f6939606e,7833428,20240524084702,P,,gx-no-cache=1716555063460 HTTP/1.1" 200 90
200.54.103.162 - - [24/May/2024:09:52:46 -0300] "GET /cormun/servlet/hpexe_link HTTP/1.1" 200 977
200.54.103.162 - - [24/May/2024:09:52:47 -0300] "GET /cormun/servlet/trpermisosgoce HTTP/1.1" 200 15656
200.54.103.162 - - [24/May/2024:09:52:49 -0300] "GET /cormun/servlet/trpermisosadjuntos?17399914,20240524084728,P, HTTP/1.1" 200 6662
200.54.103.162 - - [24/May/2024:09:52:51 -0300] "GET /cormun/servlet/permisosadjuntos?INS,17399914,P,20240524084728,, HTTP/1.1" 200 5991
200.54.103.162 - - [24/May/2024:09:52:51 -0300] "GET /cormun/static/about:blank HTTP/1.1" 404 1011
190.171.152.114 - - [24/May/2024:09:52:56 -0300] "POST /cormun/servlet/hlogin?f9b8a8758db7bc9248e7a00808afccc7,gx-no-cache=1716555072596 HTTP/1.1" 200 90
190.171.152.114 - - [24/May/2024:09:52:56 -0300] "GET /cormun/servlet/hpexe_link HTTP/1.1" 200 953
190.171.152.114 - - [24/May/2024:09:52:56 -0300] "GET /cormun/servlet/hhome HTTP/1.1" 200 4329
200.54.103.162 - - [24/May/2024:09:52:57 -0300] "POST /cormun/servlet/permisosadjuntos?b1c2673617773b60a4757a3f6939606e,INS,17399914,P,20240524084728,, HTTP/1.1" 200 116
200.54.103.162 - - [24/May/2024:09:52:57 -0300] "GET /cormun/servlet/hpexe_return? HTTP/1.1" 200 1033
200.54.103.162 - - [24/May/2024:09:52:57 -0300] "GET /cormun/servlet/trpermisosadjuntos?17399914,20240524084728,P, HTTP/1.1" 200 7172
190.171.152.114 - - [24/May/2024:09:52:58 -0300] "GET /cormun/servlet/trlicencias? HTTP/1.1" 200 13530
200.54.103.162 - - [24/May/2024:09:52:58 -0300] "POST /cormun/servlet/trpermisosadjuntos?b1c2673617773b60a4757a3f6939606e,17399914,20240524084728,P,,gx-no-cache=1716555075500 HTTP/1.1" 200 90
200.54.103.162 - - [24/May/2024:09:52:59 -0300] "GET /cormun/servlet/hpexe_link HTTP/1.1" 200 977
200.54.103.162 - - [24/May/2024:09:52:59 -0300] "GET /cormun/servlet/trpermisosgoce HTTP/1.1" 200 15656
200.54.103.162 - - [24/May/2024:09:53:01 -0300] "GET /cormun/servlet/trpermisosadjuntos?15919893,20240524084806,P, HTTP/1.1" 200 6660
200.54.103.162 - - [24/May/2024:09:53:03 -0300] "GET /cormun/servlet/permisosadjuntos?INS,15919893,P,20240524084806,, HTTP/1.1" 200 5986
200.54.103.162 - - [24/May/2024:09:53:03 -0300] "GET /cormun/static/about:blank HTTP/1.1" 404 1011
200.54.103.162 - - [24/May/2024:09:53:10 -0300] "POST /cormun/servlet/permisosadjuntos?b1c2673617773b60a4757a3f6939606e,INS,15919893,P,20240524084806,, HTTP/1.1" 200 116
200.54.103.162 - - [24/May/2024:09:53:10 -0300] "GET /cormun/servlet/hpexe_return? HTTP/1.1" 200 1033
200.54.103.162 - - [24/May/2024:09:53:10 -0300] "GET /cormun/servlet/trpermisosadjuntos?15919893,20240524084806,P, HTTP/1.1" 200 7165
200.54.103.162 - - [24/May/2024:09:53:12 -0300] "POST /cormun/servlet/trpermisosadjuntos?b1c2673617773b60a4757a3f6939606e,15919893,20240524084806,P,,gx-no-cache=1716555089180 HTTP/1.1" 200 90
200.54.103.162 - - [24/May/2024:09:53:12 -0300] "GET /cormun/servlet/hpexe_link HTTP/1.1" 200 978
200.54.103.162 - - [24/May/2024:09:53:12 -0300] "GET /cormun/servlet/trpermisosgoce HTTP/1.1" 200 15656
200.54.103.162 - - [24/May/2024:09:53:15 -0300] "GET /cormun/servlet/trpermisosadjuntos?15634633,20240524084830,P, HTTP/1.1" 200 6654
200.54.103.162 - - [24/May/2024:09:53:17 -0300] "GET /cormun/servlet/permisosadjuntos?INS,15634633,P,20240524084830,, HTTP/1.1" 200 5983
200.54.103.162 - - [24/May/2024:09:53:17 -0300] "GET /cormun/static/about:blank HTTP/1.1" 404 1011
200.54.103.162 - - [24/May/2024:09:53:27 -0300] "POST /cormun/servlet/permisosadjuntos?b1c2673617773b60a4757a3f6939606e,INS,15634633,P,20240524084830,, HTTP/1.1" 200 116
200.54.103.162 - - [24/May/2024:09:53:27 -0300] "GET /cormun/servlet/hpexe_return? HTTP/1.1" 200 1033
200.54.103.162 - - [24/May/2024:09:53:27 -0300] "GET /cormun/servlet/trpermisosadjuntos?15634633,20240524084830,P, HTTP/1.1" 200 7162
200.54.103.162 - - [24/May/2024:09:53:30 -0300] "POST /cormun/servlet/trpermisosadjuntos?b1c2673617773b60a4757a3f6939606e,15634633,20240524084830,P,,gx-no-cache=1716555106654 HTTP/1.1" 200 90
200.54.103.162 - - [24/May/2024:09:53:30 -0300] "GET /cormun/servlet/hpexe_link HTTP/1.1" 200 978
200.54.103.162 - - [24/May/2024:09:53:30 -0300] "GET /cormun/servlet/trpermisosgoce HTTP/1.1" 200 15656
200.54.103.162 - - [24/May/2024:09:53:34 -0300] "GET /cormun/servlet/trpermisosadjuntos?19083384,20240524084927,P, HTTP/1.1" 200 6651
200.54.103.162 - - [24/May/2024:09:53:36 -0300] "GET /cormun/servlet/permisosadjuntos?INS,19083384,P,20240524084927,, HTTP/1.1" 200 5979
200.54.103.162 - - [24/May/2024:09:53:36 -0300] "GET /cormun/static/about:blank HTTP/1.1" 404 1011
200.54.103.162 - - [24/May/2024:09:53:41 -0300] "POST /cormun/servlet/permisosadjuntos?b1c2673617773b60a4757a3f6939606e,INS,19083384,P,20240524084927,, HTTP/1.1" 200 116
200.54.103.162 - - [24/May/2024:09:53:41 -0300] "GET /cormun/servlet/hpexe_return? HTTP/1.1" 200 1033
200.54.103.162 - - [24/May/2024:09:53:42 -0300] "GET /cormun/servlet/trpermisosadjuntos?19083384,20240524084927,P, HTTP/1.1" 200 7156
200.54.103.162 - - [24/May/2024:09:53:44 -0300] "POST /cormun/servlet/trpermisosadjuntos?b1c2673617773b60a4757a3f6939606e,19083384,20240524084927,P,,gx-no-cache=1716555120996 HTTP/1.1" 200 90
200.54.103.162 - - [24/May/2024:09:53:44 -0300] "GET /cormun/servlet/hpexe_link HTTP/1.1" 200 978
200.54.103.162 - - [24/May/2024:09:53:44 -0300] "GET /cormun/servlet/trpermisosgoce HTTP/1.1" 200 15656
200.54.103.162 - - [24/May/2024:09:53:48 -0300] "GET /cormun/servlet/trpermisosadjuntos?13096000,20240524084950,P, HTTP/1.1" 200 6650
200.54.103.162 - - [24/May/2024:09:53:49 -0300] "GET /cormun/servlet/permisosadjuntos?INS,13096000,P,20240524084950,, HTTP/1.1" 200 5979
200.54.103.162 - - [24/May/2024:09:53:49 -0300] "GET /cormun/static/about:blank HTTP/1.1" 404 1011
200.54.103.162 - - [24/May/2024:09:53:55 -0300] "POST /cormun/servlet/permisosadjuntos?b1c2673617773b60a4757a3f6939606e,INS,13096000,P,20240524084950,, HTTP/1.1" 200 116
200.54.103.162 - - [24/May/2024:09:53:55 -0300] "GET /cormun/servlet/hpexe_return? HTTP/1.1" 200 1031
200.54.103.162 - - [24/May/2024:09:53:55 -0300] "GET /cormun/servlet/trpermisosadjuntos?13096000,20240524084950,P, HTTP/1.1" 200 7152
200.54.103.162 - - [24/May/2024:09:53:57 -0300] "POST /cormun/servlet/trpermisosadjuntos?b1c2673617773b60a4757a3f6939606e,13096000,20240524084950,P,,gx-no-cache=1716555133988 HTTP/1.1" 200 90
200.54.103.162 - - [24/May/2024:09:53:57 -0300] "GET /cormun/servlet/hpexe_link HTTP/1.1" 200 976
200.54.103.162 - - [24/May/2024:09:53:57 -0300] "GET /cormun/servlet/trpermisosgoce HTTP/1.1" 200 15656
200.54.103.162 - - [24/May/2024:09:54:01 -0300] "GET /cormun/servlet/trpermisosadjuntos?10699672,20240524085010,P, HTTP/1.1" 200 6652
200.54.103.162 - - [24/May/2024:09:54:03 -0300] "GET /cormun/servlet/permisosadjuntos?INS,10699672,P,20240524085010,, HTTP/1.1" 200 5981
200.54.103.162 - - [24/May/2024:09:54:03 -0300] "GET /cormun/static/about:blank HTTP/1.1" 404 1011
190.171.152.138 - - [24/May/2024:09:54:06 -0300] "GET /cormun/servlet/trpermisosadjuntos?10453079,20240524083401,P, HTTP/1.1" 200 6187
190.171.152.138 - - [24/May/2024:09:54:06 -0300] "GET /cormun/static/gxcfg.js?2020121641683 HTTP/1.1" 200 953
190.171.152.138 - - [24/May/2024:09:54:06 -0300] "GET /cormun/static/trpermisosadjuntos.js?2020121642996 HTTP/1.1" 200 20158
200.54.103.162 - - [24/May/2024:09:54:08 -0300] "POST /cormun/servlet/permisosadjuntos?b1c2673617773b60a4757a3f6939606e,INS,10699672,P,20240524085010,, HTTP/1.1" 200 116
200.54.103.162 - - [24/May/2024:09:54:08 -0300] "GET /cormun/servlet/hpexe_return? HTTP/1.1" 200 1033
200.54.103.162 - - [24/May/2024:09:54:08 -0300] "GET /cormun/servlet/trpermisosadjuntos?10699672,20240524085010,P, HTTP/1.1" 200 7151
200.54.103.162 - - [24/May/2024:09:54:11 -0300] "POST /cormun/servlet/trpermisosadjuntos?b1c2673617773b60a4757a3f6939606e,10699672,20240524085010,P,,gx-no-cache=1716555148436 HTTP/1.1" 200 90
200.54.103.162 - - [24/May/2024:09:54:11 -0300] "GET /cormun/servlet/hpexe_link HTTP/1.1" 200 978
200.54.103.162 - - [24/May/2024:09:54:12 -0300] "GET /cormun/servlet/trpermisosgoce HTTP/1.1" 200 15656
200.54.103.162 - - [24/May/2024:09:54:20 -0300] "GET /cormun/servlet/trpermisosadjuntos?8494476,20240524085031,P, HTTP/1.1" 200 6651
200.54.103.162 - - [24/May/2024:09:54:22 -0300] "GET /cormun/servlet/permisosadjuntos?INS,8494476,P,20240524085031,, HTTP/1.1" 200 5975
200.54.103.162 - - [24/May/2024:09:54:22 -0300] "GET /cormun/static/about:blank HTTP/1.1" 404 1011
200.54.103.162 - - [24/May/2024:09:54:29 -0300] "POST /cormun/servlet/permisosadjuntos?b1c2673617773b60a4757a3f6939606e,INS,8494476,P,20240524085031,, HTTP/1.1" 200 116
200.54.103.162 - - [24/May/2024:09:54:29 -0300] "GET /cormun/servlet/hpexe_return? HTTP/1.1" 200 1032
200.54.103.162 - - [24/May/2024:09:54:29 -0300] "GET /cormun/servlet/trpermisosadjuntos?8494476,20240524085031,P, HTTP/1.1" 200 7152
200.54.103.162 - - [24/May/2024:09:54:32 -0300] "POST /cormun/servlet/trpermisosadjuntos?b1c2673617773b60a4757a3f6939606e,8494476,20240524085031,P,,gx-no-cache=1716555168900 HTTP/1.1" 200 90
200.54.103.162 - - [24/May/2024:09:54:32 -0300] "GET /cormun/servlet/hpexe_link HTTP/1.1" 200 977
200.54.103.162 - - [24/May/2024:09:54:32 -0300] "GET /cormun/servlet/trpermisosgoce HTTP/1.1" 200 15656
190.171.152.114 - - [24/May/2024:09:54:34 -0300] "GET /cormun/servlet/alicenciaprn?8368036,L,20240524000000,PU HTTP/1.1" 200 1539
200.54.103.162 - - [24/May/2024:09:54:36 -0300] "POST /cormun/servlet/trpermisosgoce?b1c2673617773b60a4757a3f6939606e,gx-no-cache=1716555172407 HTTP/1.1" 200 12926
200.54.103.162 - - [24/May/2024:09:54:36 -0300] "GET /cormun/static/Shared/jqueryui/images/ui-bg_highlight-soft_100_c6c2c8_1x100.png HTTP/1.1" 404 1117
200.54.103.162 - - [24/May/2024:09:54:36 -0300] "GET /cormun/static/Shared/jqueryui/images/ui-icons_82798d_256x240.png HTTP/1.1" 404 1089
200.54.103.162 - - [24/May/2024:09:54:36 -0300] "GET /cormun/static/Shared/jqueryui/images/ui-bg_flat_55_fafafa_40x100.png HTTP/1.1" 404 1097
200.54.103.162 - - [24/May/2024:09:54:36 -0300] "GET /cormun/static/Shared/jqueryui/images/ui-icons_8d78a5_256x240.png HTTP/1.1" 404 1089
200.54.103.162 - - [24/May/2024:09:54:37 -0300] "POST /cormun/servlet/trpermisosgoce?b1c2673617773b60a4757a3f6939606e,gx-no-cache=1716555173686 HTTP/1.1" 200 12913
200.54.103.162 - - [24/May/2024:09:54:38 -0300] "POST /cormun/servlet/trpermisosgoce?b1c2673617773b60a4757a3f6939606e,gx-no-cache=1716555174797 HTTP/1.1" 200 12904
200.54.103.162 - - [24/May/2024:09:54:39 -0300] "POST /cormun/servlet/trpermisosgoce?b1c2673617773b60a4757a3f6939606e,gx-no-cache=1716555175645 HTTP/1.1" 200 12901
200.54.103.162 - - [24/May/2024:09:54:40 -0300] "POST /cormun/servlet/trpermisosgoce?b1c2673617773b60a4757a3f6939606e,gx-no-cache=1716555176429 HTTP/1.1" 200 12890
200.54.103.162 - - [24/May/2024:09:54:41 -0300] "POST /cormun/servlet/trpermisosgoce?b1c2673617773b60a4757a3f6939606e,gx-no-cache=1716555177558 HTTP/1.1" 200 12882
200.54.103.162 - - [24/May/2024:09:54:42 -0300] "POST /cormun/servlet/trpermisosgoce?b1c2673617773b60a4757a3f6939606e,gx-no-cache=1716555178718 HTTP/1.1" 200 12875
200.54.103.162 - - [24/May/2024:09:54:43 -0300] "POST /cormun/servlet/trpermisosgoce?b1c2673617773b60a4757a3f6939606e,gx-no-cache=1716555179973 HTTP/1.1" 200 12839
