190.163.3.54 - - [23/May/2024:09:10:25 -0300] "GET /cormun/static/Resources/PXToolsLoginBackground.png HTTP/1.1" 200 1164
190.163.3.54 - - [23/May/2024:09:10:25 -0300] "GET /cormun/static/Resources/PXToolsLoginBottom.png HTTP/1.1" 200 1389
190.163.3.54 - - [23/May/2024:09:10:25 -0300] "GET /cormun/static/Resources/PXToolsButtonRight.png HTTP/1.1" 200 1294
190.163.3.54 - - [23/May/2024:09:10:25 -0300] "GET /cormun/static/Resources/PXToolsButtonBackground.png HTTP/1.1" 200 1176
190.163.3.54 - - [23/May/2024:09:10:25 -0300] "GET /cormun/static/Resources/indicator.gif HTTP/1.1" 200 1553
190.171.153.50 - - [23/May/2024:09:11:01 -0300] "GET /cormun/servlet/trlicencias? HTTP/1.1" 200 11563
190.171.153.26 - - [23/May/2024:09:11:03 -0300] "GET /cormun/servlet/hlogin HTTP/1.1" 200 1723
190.171.153.26 - - [23/May/2024:09:11:33 -0300] "POST /cormun/servlet/hlogin?58d82ee2833b15ed9f2ea0b21eb6fdf4,gx-no-cache=1716466193483 HTTP/1.1" 200 90
190.171.153.26 - - [23/May/2024:09:11:34 -0300] "GET /cormun/servlet/hpexe_link HTTP/1.1" 200 953
190.171.153.26 - - [23/May/2024:09:11:34 -0300] "GET /cormun/servlet/hhome HTTP/1.1" 200 3975
190.171.153.26 - - [23/May/2024:09:11:34 -0300] "GET /cormun/servlet/hhome HTTP/1.1" 200 3971
190.171.153.26 - - [23/May/2024:09:11:35 -0300] "GET /cormun/servlet/hhome HTTP/1.1" 200 3971
190.171.153.26 - - [23/May/2024:09:11:35 -0300] "GET /cormun/servlet/hhome HTTP/1.1" 200 3971
190.171.153.26 - - [23/May/2024:09:11:50 -0300] "GET /cormun/servlet/trlicencias? HTTP/1.1" 200 9185
190.171.153.26 - - [23/May/2024:09:11:51 -0300] "GET /cormun/servlet/trlicencias? HTTP/1.1" 200 9182
190.171.149.74 - - [23/May/2024:09:12:00 -0300] "POST /cormun/servlet/trlicencias?bb6fbc429311f3405f8e0e76fb239d4d,,gx-no-cache=1716466217987 HTTP/1.1" 200 10765
190.171.149.74 - - [23/May/2024:09:12:02 -0300] "POST /cormun/servlet/trlicencias?bb6fbc429311f3405f8e0e76fb239d4d,,gx-no-cache=1716466219952 HTTP/1.1" 200 10764
41.211.106.223 - - [23/May/2024:09:12:54 -0300] "GET / HTTP/1.1" 200 11217
190.171.153.26 - - [23/May/2024:09:13:09 -0300] "POST /cormun/servlet/trlicencias?58d82ee2833b15ed9f2ea0b21eb6fdf4,,gx-no-cache=1716466288778 HTTP/1.1" 200 6638
190.171.142.50 - - [23/May/2024:09:15:52 -0300] "GET /cormun/servlet/hlogin HTTP/1.1" 200 1718
190.171.142.50 - - [23/May/2024:09:16:29 -0300] "POST /cormun/servlet/hlogin?f60d0526c1edb32d1c1981937a601f08,gx-no-cache=1716466488865 HTTP/1.1" 200 90
190.171.142.50 - - [23/May/2024:09:16:29 -0300] "GET /cormun/servlet/hpexe_link HTTP/1.1" 200 950
190.171.142.50 - - [23/May/2024:09:16:29 -0300] "GET /cormun/servlet/hhome HTTP/1.1" 200 3974
190.171.142.50 - - [23/May/2024:09:16:31 -0300] "GET /cormun/servlet/trlicencias? HTTP/1.1" 200 12388
190.171.153.50 - - [23/May/2024:09:17:21 -0300] "GET /cormun/servlet/trsolicitudot? HTTP/1.1" 200 7349
190.171.153.50 - - [23/May/2024:09:17:26 -0300] "GET /cormun/servlet/solicitudot?INS,0,0,false, HTTP/1.1" 200 16129
190.171.153.50 - - [23/May/2024:09:17:35 -0300] "POST /cormun/servlet/solicitudot?gx-no-cache=1716466553090 HTTP/1.1" 200 4022
190.171.153.50 - - [23/May/2024:09:17:35 -0300] "POST /cormun/servlet/solicitudot?6d6be01ffac7dca461efaba6e622dd7b,INS,0,0,false,,gx-no-cache=1716466553219 HTTP/1.1" 200 12883
190.171.153.50 - - [23/May/2024:09:17:37 -0300] "GET /cormun/servlet/solicitudot?26bcb601586a082d6f71dde14201ce5ef68f62ba4a0dc85fdadf2e676463068fde5c488f12bf13957e0d79fb64ceb908,gx-no-cache=1716466555566 HTTP/1.1" 200 30
190.171.142.50 - - [23/May/2024:09:17:40 -0300] "GET /cormun/servlet/licenciaspermisos?DSP,12099402,L,20240508000000, HTTP/1.1" 200 7084
190.171.142.50 - - [23/May/2024:09:17:40 -0300] "GET /cormun/static/gxcfg.js?202012153173 HTTP/1.1" 200 953
190.171.142.50 - - [23/May/2024:09:17:40 -0300] "GET /cormun/static/licenciaspermisos.js?2020121532136 HTTP/1.1" 200 38753
200.54.103.162 - - [23/May/2024:09:17:40 -0300] "GET /cormun/servlet/hhome HTTP/1.1" 200 3323
200.54.103.162 - - [23/May/2024:09:17:40 -0300] "GET /cormun/servlet/hlogin HTTP/1.1" 200 1732
200.54.103.162 - - [23/May/2024:09:17:40 -0300] "GET /cormun/servlet/hhome HTTP/1.1" 200 3332
190.171.142.50 - - [23/May/2024:09:17:42 -0300] "POST /cormun/servlet/licenciaspermisos?f60d0526c1edb32d1c1981937a601f08,DSP,12099402,L,20240508000000,,gx-no-cache=1716466562493 HTTP/1.1" 200 93
190.171.142.50 - - [23/May/2024:09:17:42 -0300] "GET /cormun/servlet/hpexe_return? HTTP/1.1" 200 1028
190.171.142.50 - - [23/May/2024:09:17:43 -0300] "GET /cormun/servlet/trlicencias HTTP/1.1" 200 12391
200.54.103.162 - - [23/May/2024:09:17:45 -0300] "POST /cormun/servlet/hlogin?2bfc9795cbeb0955b1846ade8fe5b444,gx-no-cache=1716466565547 HTTP/1.1" 200 90
200.54.103.162 - - [23/May/2024:09:17:45 -0300] "GET /cormun/servlet/hpexe_link HTTP/1.1" 200 951
200.54.103.162 - - [23/May/2024:09:17:45 -0300] "GET /cormun/servlet/hhome HTTP/1.1" 200 4343
200.54.103.162 - - [23/May/2024:09:17:48 -0300] "GET /cormun/servlet/trlicencias? HTTP/1.1" 200 13069
200.54.103.162 - - [23/May/2024:09:17:55 -0300] "GET /cormun/servlet/hlogin HTTP/1.1" 200 1737
190.171.153.50 - - [23/May/2024:09:18:37 -0300] "GET /cormun/servlet/prbanco?,MD,,gxPopupLevel%3D0%3B HTTP/1.1" 200 6453
190.171.153.50 - - [23/May/2024:09:18:42 -0300] "GET /cormun/servlet/solicitudot?26bcb601586a082d6f71dde14201ce5ee225aa90f580bb9ecdb6444ad5ed741a56bdb18f2fec6783e1441ce44bbdf3dc1e45dac94fc56945ea36476a98bcd9c8,gx-no-cache=1716466620728 HTTP/1.1" 200 30
190.171.153.50 - - [23/May/2024:09:18:43 -0300] "GET /cormun/servlet/solicitudot?26bcb601586a082d6f71dde14201ce5ef5fcfd42e43f1bd43b9f4b21decc7fce,gx-no-cache=1716466621792 HTTP/1.1" 200 53
190.171.153.50 - - [23/May/2024:09:18:56 -0300] "POST /cormun/servlet/solicitudot?gx-no-cache=1716466634987 HTTP/1.1" 200 297
190.171.153.50 - - [23/May/2024:09:18:59 -0300] "GET /cormun/servlet/solicitudot?26bcb601586a082d6f71dde14201ce5ec41d3c580e2b51c590fe313334714b1eeb6303642a3941fb923d2b9587a7a256bbe8a51de32eb17a1b90411fe64871308650f01d6ee0a55969fb5f7fba72591151620c47a81849346d45a940e1c7e86d1bdd36a1c7da6240ea39940880065f8316d5407d71d0589c650472a5971f63d6952b914ae9110d2f96618566d68a22a31fe8884701b575dbb4c7e410032f49a2f4ea01a43db0069d5d2dd06a29f5ebd15456a8767593873ea850f2dd3603b79b70a039d62f348c40c8f26fdad68ca80c859d8770d83068149b07ffef222bcf20f7466175573d54f65ac6f3ecb35f9163f6728207378309e2e997ab6042b14ec74cac35d8314cf4a065b2bb67e8e58539f044b4fddf1248eb57b3ab9bb5b081d2c538a25ce9ee875325b60a323ac8c3f3b310d976d68b47c3bcc1eebdc6ba0ab04baba46548e78f928875571d92494e0906816b1b318a5c914902b9943cb2b4f8418bc14b03488e5ce6656da7048f6538ac1c3f7f2715c7ff3e20a04f9639f9b8c2aabebadf19fc30eb43ecb1158687df,gx-no-cache=1716466637043 HTTP/1.1" 200 30
190.171.153.50 - - [23/May/2024:09:19:02 -0300] "POST /cormun/servlet/solicitudot?gx-no-cache=1716466640209 HTTP/1.1" 200 30
190.171.142.26 - - [23/May/2024:09:20:33 -0300] "GET /cormun/servlet/trsolicitudot? HTTP/1.1" 200 8895
190.171.142.26 - - [23/May/2024:09:21:18 -0300] "GET /cormun/servlet/solicitudot?INS,0,0,false, HTTP/1.1" 200 16249
190.171.153.50 - - [23/May/2024:09:22:00 -0300] "POST /cormun/servlet/solicitudot?gx-no-cache=1716466817945 HTTP/1.1" 200 1561
190.171.153.50 - - [23/May/2024:09:22:00 -0300] "GET /cormun/static/Shared/jqueryui/images/ui-bg_highlight-soft_100_c6c2c8_1x100.png HTTP/1.1" 404 1117
190.171.153.50 - - [23/May/2024:09:22:00 -0300] "GET /cormun/static/Shared/jqueryui/images/ui-bg_flat_55_994d53_40x100.png HTTP/1.1" 404 1097
190.171.153.50 - - [23/May/2024:09:22:00 -0300] "GET /cormun/static/Shared/jqueryui/images/ui-icons_ebccce_256x240.png HTTP/1.1" 404 1089
190.171.153.50 - - [23/May/2024:09:22:00 -0300] "GET /cormun/static/Shared/jqueryui/images/ui-icons_82798d_256x240.png HTTP/1.1" 404 1089
190.171.153.50 - - [23/May/2024:09:22:12 -0300] "POST /cormun/servlet/solicitudot?gx-no-cache=1716466829982 HTTP/1.1" 200 1596
190.171.153.26 - - [23/May/2024:09:23:10 -0300] "POST /cormun/servlet/trlicencias?58d82ee2833b15ed9f2ea0b21eb6fdf4,,gx-no-cache=1716466889813 HTTP/1.1" 200 6637
190.171.142.26 - - [23/May/2024:09:23:56 -0300] "POST /cormun/servlet/solicitudot?gx-no-cache=1716466934526 HTTP/1.1" 200 4022
190.171.142.26 - - [23/May/2024:09:23:56 -0300] "POST /cormun/servlet/solicitudot?d1d6763396bc28cecee88f59ae77ed94,INS,0,0,false,,gx-no-cache=1716466934725 HTTP/1.1" 200 12878
190.171.142.26 - - [23/May/2024:09:24:00 -0300] "GET /cormun/servlet/solicitudot?4f7fbff044de5166626b43473414c5b2e824b980ecd085fe8df3cb26568e92092ae29901c0341c60a181754c3aa17927,gx-no-cache=1716466938974 HTTP/1.1" 200 30
190.171.142.26 - - [23/May/2024:09:25:11 -0300] "GET /cormun/servlet/solicitudot?4f7fbff044de5166626b43473414c5b229e0b46fed94849fc9f84a3a4d5e6dd3618994f2f4b83742f44fe0868c3ee716e9db93ccb2978f7437058aecbfd0cb04,gx-no-cache=1716467009538 HTTP/1.1" 200 30
190.171.142.26 - - [23/May/2024:09:25:11 -0300] "GET /cormun/servlet/solicitudot?4f7fbff044de5166626b43473414c5b2716971dde9af774a0524d9931ce6fac0,gx-no-cache=1716467009628 HTTP/1.1" 200 29
190.171.142.26 - - [23/May/2024:09:25:25 -0300] "GET /cormun/servlet/prbanco?,MD,,gxPopupLevel%3D0%3B HTTP/1.1" 200 6589
190.171.142.26 - - [23/May/2024:09:25:38 -0300] "GET /cormun/servlet/solicitudot?4f7fbff044de5166626b43473414c5b2de020a4f894ce04bcc20b304b415cede,gx-no-cache=1716467036935 HTTP/1.1" 200 53
200.54.103.162 - - [23/May/2024:09:25:39 -0300] "GET /cormun/servlet/hhome HTTP/1.1" 200 3323
200.54.103.162 - - [23/May/2024:09:25:39 -0300] "GET /cormun/servlet/hlogin HTTP/1.1" 200 1732
200.54.103.162 - - [23/May/2024:09:25:42 -0300] "POST /cormun/servlet/hlogin?2bfc9795cbeb0955b1846ade8fe5b444,gx-no-cache=1716467041972 HTTP/1.1" 200 90
200.54.103.162 - - [23/May/2024:09:25:42 -0300] "GET /cormun/servlet/hpexe_link HTTP/1.1" 200 951
200.54.103.162 - - [23/May/2024:09:25:42 -0300] "GET /cormun/servlet/hhome HTTP/1.1" 200 4343
200.54.103.162 - - [23/May/2024:09:25:44 -0300] "GET /cormun/servlet/trlicencias? HTTP/1.1" 200 13069
190.171.153.50 - - [23/May/2024:09:27:34 -0300] "GET /cormun/servlet/hlogin HTTP/1.1" 200 1746
190.171.142.26 - - [23/May/2024:09:27:44 -0300] "GET /cormun/servlet/prbanco?,MD,,gxPopupLevel%3D0%3B HTTP/1.1" 200 6589
190.171.142.42 - - [23/May/2024:09:27:56 -0300] "GET /cormun/servlet/hlogin HTTP/1.1" 200 1715
190.171.142.42 - - [23/May/2024:09:27:56 -0300] "GET /cormun/servlet/hlogin HTTP/1.1" 200 1725
190.171.142.26 - - [23/May/2024:09:27:57 -0300] "GET /cormun/servlet/solicitudot?4f7fbff044de5166626b43473414c5b2b65c80aa0a1568a8f639e1d3df7625323cbea35423f4a7f04bb5438d164129cdaadf78c4a0c180cf23510c1b06e57c50,gx-no-cache=1716467175224 HTTP/1.1" 200 53
190.171.142.26 - - [23/May/2024:09:28:06 -0300] "GET /cormun/servlet/solicitudot?4f7fbff044de5166626b43473414c5b2cbb6357699bf7a2895fe69015a4a4c499e0203d3f86992b093058f76168aaae5aa6584e1b87b80150ebbc572372f9018,gx-no-cache=1716467184310 HTTP/1.1" 200 29
190.171.142.42 - - [23/May/2024:09:28:11 -0300] "POST /cormun/servlet/hlogin?ca2f08b44539bfeef780f667f3c28792,gx-no-cache=1716467189358 HTTP/1.1" 200 90
190.171.142.42 - - [23/May/2024:09:28:11 -0300] "GET /cormun/servlet/hpexe_link HTTP/1.1" 200 947
190.171.142.42 - - [23/May/2024:09:28:11 -0300] "GET /cormun/static/gxcfg.js?20221129847421 HTTP/1.1" 200 953
190.171.142.42 - - [23/May/2024:09:28:11 -0300] "GET /cormun/static/hpexe_link.js?20221129847423 HTTP/1.1" 200 625
190.171.142.42 - - [23/May/2024:09:28:11 -0300] "GET /cormun/static/Resources/Spanish/PXTools.css?8354383 HTTP/1.1" 200 100853
190.171.142.42 - - [23/May/2024:09:28:11 -0300] "GET /cormun/servlet/hhome HTTP/1.1" 200 3879
190.171.142.42 - - [23/May/2024:09:28:11 -0300] "GET /cormun/static/SmoothNavMenu/resources/ddsmoothmenu.css?1112540 HTTP/1.1" 200 2223
190.171.142.42 - - [23/May/2024:09:28:11 -0300] "GET /cormun/static/Shared/jqueryui/jquery-ui.min.css?1345370 HTTP/1.1" 200 30288
190.171.142.42 - - [23/May/2024:09:28:11 -0300] "GET /cormun/static/scaMessage/css/jquery.pnotify.default.css?1816380 HTTP/1.1" 200 1707
190.171.142.42 - - [23/May/2024:09:28:11 -0300] "GET /cormun/static/gxcfg.js?20201215495537 HTTP/1.1" 200 953
190.171.142.42 - - [23/May/2024:09:28:11 -0300] "GET /cormun/static/PXToolsJavascripts/pexe_autoreload.js HTTP/1.1" 200 1762
190.171.142.42 - - [23/May/2024:09:28:11 -0300] "GET /cormun/static/Resources/Spanish/PXTools.css?14345360 HTTP/1.1" 200 100853
190.171.142.42 - - [23/May/2024:09:28:11 -0300] "GET /cormun/static/PXToolsJavascripts/pexe_cookies.js HTTP/1.1" 200 792
190.171.142.42 - - [23/May/2024:09:28:11 -0300] "GET /cormun/static/PXToolsJavascripts/pexe_grid.js HTTP/1.1" 200 7559
190.171.142.42 - - [23/May/2024:09:28:11 -0300] "GET /cormun/static/PXToolsJavascripts/pexe_griddivfix.js HTTP/1.1" 200 6946
190.171.142.42 - - [23/May/2024:09:28:11 -0300] "GET /cormun/static/PXToolsJavascripts/pexe_windows.js HTTP/1.1" 200 15249
190.171.142.42 - - [23/May/2024:09:28:11 -0300] "GET /cormun/static/PXToolsJavascripts/pexe_link.js HTTP/1.1" 200 5671
190.171.142.42 - - [23/May/2024:09:28:11 -0300] "GET /cormun/static/PXToolsJavascripts/pexe_menus.js HTTP/1.1" 200 1286
190.171.142.42 - - [23/May/2024:09:28:11 -0300] "GET /cormun/static/PXToolsJavascripts/pexe_menudivfix.js HTTP/1.1" 200 333
190.171.142.42 - - [23/May/2024:09:28:11 -0300] "GET /cormun/static/PXToolsJavascripts/pexe_layers.js HTTP/1.1" 200 4114
190.171.142.42 - - [23/May/2024:09:28:11 -0300] "GET /cormun/static/PXToolsJavascripts/pexe_oav.js HTTP/1.1" 200 645
190.171.142.42 - - [23/May/2024:09:28:11 -0300] "GET /cormun/static/PXToolsJavascripts/pexe_scrolldiv.js HTTP/1.1" 200 4138
190.171.142.42 - - [23/May/2024:09:28:11 -0300] "GET /cormun/static/PXToolsJavascripts/pexe_oavdivfix.js HTTP/1.1" 200 639
190.171.142.42 - - [23/May/2024:09:28:11 -0300] "GET /cormun/static/PXToolsJavascripts/pexe_popup.js HTTP/1.1" 200 15149
190.171.142.42 - - [23/May/2024:09:28:11 -0300] "GET /cormun/static/PXToolsJavascripts/pexe_picture.js HTTP/1.1" 200 689
190.171.142.42 - - [23/May/2024:09:28:11 -0300] "GET /cormun/static/PXToolsJavascripts/pexe_tabdivfix.js HTTP/1.1" 200 898
190.171.142.42 - - [23/May/2024:09:28:11 -0300] "GET /cormun/static/PXToolsJavascripts/pexe_tabs.js HTTP/1.1" 200 3748
190.171.142.42 - - [23/May/2024:09:28:11 -0300] "GET /cormun/static/PXToolsJavascripts/pexe_upload.js HTTP/1.1" 200 1423
190.171.142.42 - - [23/May/2024:09:28:11 -0300] "GET /cormun/static/PXToolsJavascripts/PXToolsJavascriptsRender.js HTTP/1.1" 200 367
190.171.142.42 - - [23/May/2024:09:28:11 -0300] "GET /cormun/static/Resources/CormunMP2.png HTTP/1.1" 200 6878
190.171.142.42 - - [23/May/2024:09:28:11 -0300] "GET /cormun/static/Resources/ImgHome.png HTTP/1.1" 200 1364
190.171.142.42 - - [23/May/2024:09:28:11 -0300] "GET /cormun/static/Resources/ImgLogin.png HTTP/1.1" 200 1432
190.171.142.42 - - [23/May/2024:09:28:11 -0300] "GET /cormun/static/Resources/Llave.png HTTP/1.1" 200 1395
190.171.142.42 - - [23/May/2024:09:28:11 -0300] "GET /cormun/static/RunJS/RunJS.js HTTP/1.1" 200 288
190.171.142.42 - - [23/May/2024:09:28:12 -0300] "GET /cormun/static/gxui/gxui-all.js HTTP/1.1" 200 107772
190.171.142.42 - - [23/May/2024:09:28:12 -0300] "GET /cormun/static/SmoothNavMenu/resources/ddsmoothmenu-v.css?1112540 HTTP/1.1" 200 1188
190.171.142.42 - - [23/May/2024:09:28:12 -0300] "GET /cormun/static/Shared/ext/locale/ext-lang-en.js HTTP/1.1" 200 10940
190.171.142.42 - - [23/May/2024:09:28:12 -0300] "GET /cormun/static/hhome.js?20201215495544 HTTP/1.1" 200 777
190.171.142.42 - - [23/May/2024:09:28:12 -0300] "GET /cormun/static/hwchdr01.js?2022112219251119 HTTP/1.1" 200 996
190.171.142.42 - - [23/May/2024:09:28:12 -0300] "GET /cormun/static/hpexe_scripts.js?20201214471411 HTTP/1.1" 200 1544
190.171.142.42 - - [23/May/2024:09:28:12 -0300] "GET /cormun/static/hpexe_messagecontroller.js?202211298371222 HTTP/1.1" 200 870
190.171.142.42 - - [23/May/2024:09:28:12 -0300] "GET /cormun/static/hpexe_recentlink.js?20201214471090 HTTP/1.1" 200 2144
190.171.142.42 - - [23/May/2024:09:28:12 -0300] "GET /cormun/static/Resources/PXToolsDataTitle.png HTTP/1.1" 200 1173
190.171.142.42 - - [23/May/2024:09:28:12 -0300] "GET /cormun/static/cmcontrolpreferences.js?20199141926336 HTTP/1.1" 200 1375
190.171.142.42 - - [23/May/2024:09:28:12 -0300] "GET /cormun/static/hpexe_messagepopupcomponent.js?2020121447232 HTTP/1.1" 200 605
190.171.142.42 - - [23/May/2024:09:28:12 -0300] "GET /cormun/static/hpexe_messagegenexuscomponent.js?20221129836373 HTTP/1.1" 200 587
190.171.142.42 - - [23/May/2024:09:28:12 -0300] "GET /cormun/static/SmoothNavMenu/resources/SmoothNavMenuRender.js HTTP/1.1" 200 5951
190.171.142.42 - - [23/May/2024:09:28:12 -0300] "GET /cormun/static/SmoothNavMenu/resources/ddsmoothmenu.js HTTP/1.1" 200 12712
190.171.142.42 - - [23/May/2024:09:28:12 -0300] "GET /cormun/static/scaMessage/js/jquery.pnotify.min.js HTTP/1.1" 200 13038
190.171.142.42 - - [23/May/2024:09:28:12 -0300] "GET /cormun/static/scaMessage/scaMessageRender.js HTTP/1.1" 200 11977
190.171.142.42 - - [23/May/2024:09:28:12 -0300] "GET /cormun/static/Shared/jquery/jquery-1.4.2.min.js HTTP/1.1" 200 72174
190.171.142.42 - - [23/May/2024:09:28:12 -0300] "GET /cormun/static/hmpwkw03.js?20221129844354 HTTP/1.1" 200 3971
190.171.142.42 - - [23/May/2024:09:28:12 -0300] "GET /cormun/static/Shared/jquery/jquery-1.10.2.min.js HTTP/1.1" 200 273199
190.171.142.42 - - [23/May/2024:09:28:12 -0300] "GET /cormun/static/Shared/ext/ext-all.js HTTP/1.1" 200 1289687
190.171.142.42 - - [23/May/2024:09:28:12 -0300] "GET /cormun/static/Shared/jqueryui/jquery-ui.min.js HTTP/1.1" 200 240427
190.171.142.42 - - [23/May/2024:09:28:12 -0300] "GET /cormun/static/SmoothNavMenu/resources/images/down.gif HTTP/1.1" 200 854
190.171.142.26 - - [23/May/2024:09:28:23 -0300] "POST /cormun/servlet/solicitudot?gx-no-cache=1716467201238 HTTP/1.1" 200 297
190.171.142.26 - - [23/May/2024:09:28:46 -0300] "POST /cormun/servlet/solicitudot?gx-no-cache=1716467224175 HTTP/1.1" 200 255
190.171.142.42 - - [23/May/2024:09:28:48 -0300] "GET /cormun/servlet/trpermisosgoce? HTTP/1.1" 200 12988
190.171.142.42 - - [23/May/2024:09:28:48 -0300] "GET /cormun/static/gxui/gxui-all.css?120300 HTTP/1.1" 200 2179
190.171.142.42 - - [23/May/2024:09:28:48 -0300] "GET /cormun/static/calendar-system.css?85620 HTTP/1.1" 200 5572
190.171.142.42 - - [23/May/2024:09:28:48 -0300] "GET /cormun/static/gxcfg.js?2020121631564 HTTP/1.1" 200 953
190.171.142.42 - - [23/May/2024:09:28:48 -0300] "GET /cormun/static/calendar-setup.js?85251 HTTP/1.1" 200 2588
190.171.142.42 - - [23/May/2024:09:28:48 -0300] "GET /cormun/static/calendar-es.js?85251 HTTP/1.1" 200 1901
190.171.142.42 - - [23/May/2024:09:28:48 -0300] "GET /cormun/static/calendar.js?85251 HTTP/1.1" 200 26246
190.171.142.42 - - [23/May/2024:09:28:48 -0300] "GET /cormun/static/Resources/PXTools/calendar.png HTTP/1.1" 200 1306
190.171.142.42 - - [23/May/2024:09:28:48 -0300] "GET /cormun/static/gxdec.js?85251 HTTP/1.1" 200 19579
190.171.142.42 - - [23/May/2024:09:28:48 -0300] "GET /cormun/static/trpermisosgoce.js?2020121633681 HTTP/1.1" 200 35904
190.171.142.42 - - [23/May/2024:09:28:48 -0300] "GET /cormun/static/Resources/PXToolsDataSearch.png HTTP/1.1" 200 435
190.171.142.42 - - [23/May/2024:09:28:48 -0300] "GET /cormun/static/Resources/PXToolsGridFirstDisabled.gif HTTP/1.1" 200 100
190.171.142.42 - - [23/May/2024:09:28:48 -0300] "GET /cormun/static/Resources/PXToolsGridPreviousDisabled.gif HTTP/1.1" 200 90
190.171.142.42 - - [23/May/2024:09:28:48 -0300] "GET /cormun/static/Resources/PXToolsGridNextDisabled.gif HTTP/1.1" 200 90
190.171.142.42 - - [23/May/2024:09:28:48 -0300] "GET /cormun/static/Resources/PXToolsGridLastDisabled.gif HTTP/1.1" 200 98
190.171.142.42 - - [23/May/2024:09:28:48 -0300] "GET /cormun/static/Resources/PXToolsGridPage.gif HTTP/1.1" 200 725
190.171.142.42 - - [23/May/2024:09:28:48 -0300] "GET /cormun/static/Resources/PXToolsActionExcel.png HTTP/1.1" 200 727
190.171.142.42 - - [23/May/2024:09:28:48 -0300] "GET /cormun/static/Resources/PXToolsAddAllAction.png HTTP/1.1" 200 495
190.171.142.42 - - [23/May/2024:09:28:48 -0300] "GET /cormun/static/Shared/ext/resources/css/ext-all.css?215870 HTTP/1.1" 200 416045
190.171.142.42 - - [23/May/2024:09:28:49 -0300] "GET /cormun/static/Resources/desc.gif HTTP/1.1" 200 65
190.171.142.42 - - [23/May/2024:09:28:49 -0300] "GET /cormun//static/Resources/PXTools/ActionInsert.png HTTP/1.1" 200 1482
190.171.142.42 - - [23/May/2024:09:28:49 -0300] "GET /cormun//static/Resources/PXToolsGridUpdate.png HTTP/1.1" 200 470
190.171.142.42 - - [23/May/2024:09:28:49 -0300] "GET /cormun//static/Resources/PXToolsActionPrint.png HTTP/1.1" 200 404
190.171.142.42 - - [23/May/2024:09:28:49 -0300] "GET /cormun//static/Resources/PXToolsGridDisplay.png HTTP/1.1" 200 525
190.171.142.42 - - [23/May/2024:09:28:49 -0300] "GET /cormun/static/Resources/asc.gif HTTP/1.1" 200 67
190.171.142.42 - - [23/May/2024:09:28:49 -0300] "GET /cormun//static/Resources/PXToolsGridDelete.png HTTP/1.1" 200 538
190.171.142.42 - - [23/May/2024:09:28:49 -0300] "GET /cormun//static/Resources/PXToolsHeaderFavorites.png HTTP/1.1" 200 1414
190.171.142.42 - - [23/May/2024:09:28:49 -0300] "GET /cormun//static/Resources/PXToolsHeaderHelp.png HTTP/1.1" 200 1333
190.171.142.42 - - [23/May/2024:09:28:49 -0300] "GET /cormun/static/Shared/ext/resources/themes/images/default/panel/bg-headersPanel.png HTTP/1.1" 200 255
190.171.142.42 - - [23/May/2024:09:28:49 -0300] "GET /cormun/static/Shared/ext/resources/themes/images/default/tools/tool-sprites.gif HTTP/1.1" 200 5434
190.171.142.26 - - [23/May/2024:09:28:49 -0300] "GET /cormun/servlet/solicitudot?4f7fbff044de5166626b43473414c5b27826aa2baf83f0483f5566ba70c9eba3eed2a3e41f8d5edb80fed215c2c3415ce5ad5ea22a832c58714de8dba4f006021b6f7646557bb80a4292512f2bdb46cc01d14fe8d8fa6571e1130ab6178cba3a98c7a2ea0269cf64f29ee599e6eda83ffb1b801a1f900002ba3fc1b1c1859310bed9edd6c7e9efbc24c355f30789d7201f6d8badd79a5f873f27656ac88867eb38d920767fcdb054e26fce9a46da8c6446b75bbbea88bf924bc4da69f58c3ba07b72032be2b5c3a9b554fa15327f500c573d050648e5bb74cb52604852125f0f5ccd624668c876299710e35abe65829a911e87c06947478c370b66b5851982892f7c8044f00730ee03c7f646049ef35791fdcc97520f9a6868eccf8c8611ed71c62e654fe6df73c70feb876bf5b07272bfe7b4a98a64de14684ce6ceedaf9b39b5d80383a48a160f720ceda555f5b49c6853ea3bfa178b7cd73159a3e09f1855486f1b21141221ee90c15e9cf2892151eb7378e44396ff21cd51381094d4995f,gx-no-cache=1716467227384 HTTP/1.1" 200 30
190.171.142.42 - - [23/May/2024:09:28:52 -0300] "GET /cormun/servlet/trlicencias? HTTP/1.1" 200 13583
190.171.142.42 - - [23/May/2024:09:28:52 -0300] "GET /cormun/static/gxcfg.js?202211298463625 HTTP/1.1" 200 953
190.171.142.42 - - [23/May/2024:09:28:52 -0300] "GET /cormun/static/trlicencias.js?202211298463889 HTTP/1.1" 200 41883
190.171.142.42 - - [23/May/2024:09:28:52 -0300] "GET /cormun//static/Resources/PXToolsActionDisabled.gif HTTP/1.1" 200 53
190.171.143.82 - - [23/May/2024:09:28:53 -0300] "GET /cormun/servlet/hhome HTTP/1.1" 200 3324
190.171.152.114 - - [23/May/2024:09:28:58 -0300] "GET /cormun/servlet/trpermisosgoce? HTTP/1.1" 200 6033
190.171.152.114 - - [23/May/2024:09:28:58 -0300] "GET /cormun/servlet/hlogin HTTP/1.1" 200 1743
190.171.152.114 - - [23/May/2024:09:28:58 -0300] "GET /cormun/servlet/trpermisosgoce? HTTP/1.1" 200 6029
190.171.143.82 - - [23/May/2024:09:28:58 -0300] "GET /cormun/servlet/hhome HTTP/1.1" 200 3335
190.171.143.82 - - [23/May/2024:09:28:59 -0300] "GET /cormun/servlet/hlogin HTTP/1.1" 200 1736
190.171.143.82 - - [23/May/2024:09:29:02 -0300] "POST /cormun/servlet/hlogin?beeecf2920bb73b03b46e5c68fe7fb55,gx-no-cache=1716467240902 HTTP/1.1" 200 90
190.171.143.82 - - [23/May/2024:09:29:03 -0300] "GET /cormun/servlet/hpexe_link HTTP/1.1" 200 953
190.171.143.82 - - [23/May/2024:09:29:03 -0300] "GET /cormun/servlet/hhome HTTP/1.1" 200 4260
190.171.143.82 - - [23/May/2024:09:29:11 -0300] "GET /cormun/servlet/trpermisosgoce? HTTP/1.1" 200 14763
190.171.143.82 - - [23/May/2024:09:29:48 -0300] "GET /cormun/servlet/trlicencias? HTTP/1.1" 200 11666
190.171.143.82 - - [23/May/2024:09:29:48 -0300] "GET /cormun/static/gxcfg.js?202211298463625 HTTP/1.1" 200 953
190.171.143.82 - - [23/May/2024:09:29:48 -0300] "GET /cormun/static/trlicencias.js?202211298463889 HTTP/1.1" 200 41883
190.171.152.114 - - [23/May/2024:09:29:58 -0300] "POST /cormun/servlet/hlogin?42bf6c4f42d5665db7ac6e1e1b2e884a,gx-no-cache=1716467297697 HTTP/1.1" 200 90
190.171.152.114 - - [23/May/2024:09:29:58 -0300] "GET /cormun/servlet/hpexe_link HTTP/1.1" 200 959
190.171.152.114 - - [23/May/2024:09:29:58 -0300] "GET /cormun/servlet/trpermisosgoce HTTP/1.1" 200 8742
190.171.142.26 - - [23/May/2024:09:30:09 -0300] "POST /cormun/servlet/solicitudot?gx-no-cache=1716467307394 HTTP/1.1" 200 30
190.171.142.26 - - [23/May/2024:09:30:32 -0300] "GET /cormun/servlet/trsolicitudot? HTTP/1.1" 200 8896
190.171.142.26 - - [23/May/2024:09:31:27 -0300] "GET /cormun/servlet/trsolicitudot? HTTP/1.1" 200 8895
190.171.142.26 - - [23/May/2024:09:31:43 -0300] "GET /cormun/static/menuarrow.gif HTTP/1.1" 404 1015
190.171.149.74 - - [23/May/2024:09:32:00 -0300] "POST /cormun/servlet/trlicencias?bb6fbc429311f3405f8e0e76fb239d4d,,gx-no-cache=1716467417240 HTTP/1.1" 200 10740
190.171.141.106 - - [23/May/2024:09:32:27 -0300] "GET /cormun/servlet/hhome HTTP/1.1" 200 3319
190.171.141.106 - - [23/May/2024:09:32:28 -0300] "GET /cormun/servlet/hlogin HTTP/1.1" 200 1731
190.171.141.106 - - [23/May/2024:09:32:49 -0300] "POST /cormun/servlet/hlogin?e98938882bc9406dc87fd9be5ba02b40,gx-no-cache=1716467463991 HTTP/1.1" 200 90
190.171.141.106 - - [23/May/2024:09:32:49 -0300] "GET /cormun/servlet/hpexe_link HTTP/1.1" 200 949
190.171.141.106 - - [23/May/2024:09:32:49 -0300] "GET /cormun/servlet/hhome HTTP/1.1" 200 4267
190.171.142.26 - - [23/May/2024:09:33:03 -0300] "GET /cormun/servlet/solicitudot?INS,0,0,false, HTTP/1.1" 200 16249
190.171.142.26 - - [23/May/2024:09:33:24 -0300] "POST /cormun/servlet/solicitudot?gx-no-cache=1716467502080 HTTP/1.1" 200 4022
190.171.142.26 - - [23/May/2024:09:33:24 -0300] "POST /cormun/servlet/solicitudot?d1d6763396bc28cecee88f59ae77ed94,INS,0,0,false,,gx-no-cache=1716467502421 HTTP/1.1" 200 12879
190.171.142.26 - - [23/May/2024:09:33:24 -0300] "GET /cormun/servlet/solicitudot?4f7fbff044de5166626b43473414c5b2ec45c5bb00085930ef7d0a94754e5752ef903c5efab936724d1751b9b6e7583b,gx-no-cache=1716467502607 HTTP/1.1" 200 111
190.171.142.26 - - [23/May/2024:09:33:24 -0300] "GET /cormun/static/Shared/jqueryui/images/ui-bg_highlight-soft_100_c6c2c8_1x100.png HTTP/1.1" 404 1117
190.171.142.26 - - [23/May/2024:09:33:24 -0300] "GET /cormun/static/Shared/jqueryui/images/ui-icons_82798d_256x240.png HTTP/1.1" 404 1089
190.171.142.26 - - [23/May/2024:09:33:24 -0300] "GET /cormun/static/Shared/jqueryui/images/ui-icons_ebccce_256x240.png HTTP/1.1" 404 1089
190.171.142.26 - - [23/May/2024:09:33:24 -0300] "GET /cormun/static/Shared/jqueryui/images/ui-bg_flat_55_994d53_40x100.png HTTP/1.1" 404 1097
190.171.142.26 - - [23/May/2024:09:33:29 -0300] "GET /cormun/servlet/solicitudot?4f7fbff044de5166626b43473414c5b2e824b980ecd085fe8df3cb26568e92092ae29901c0341c60a181754c3aa17927,gx-no-cache=1716467507925 HTTP/1.1" 200 30
190.171.141.106 - - [23/May/2024:09:33:52 -0300] "GET /cormun/servlet/trlicencias? HTTP/1.1" 200 13387
190.171.141.90 - - [23/May/2024:09:34:15 -0300] "GET /cormun/servlet/hlogin HTTP/1.1" 200 1725
190.171.141.90 - - [23/May/2024:09:34:20 -0300] "POST /cormun/servlet/hlogin?23800749864c72147d5d154c39ee8257,gx-no-cache=1716467558507 HTTP/1.1" 200 90
190.171.141.90 - - [23/May/2024:09:34:20 -0300] "GET /cormun/servlet/hpexe_link HTTP/1.1" 200 955
190.171.141.90 - - [23/May/2024:09:34:20 -0300] "GET /cormun/servlet/hhome HTTP/1.1" 200 3976
190.171.141.90 - - [23/May/2024:09:34:23 -0300] "GET /cormun/servlet/trlicencias? HTTP/1.1" 200 16629
190.171.142.42 - - [23/May/2024:09:34:35 -0300] "POST /cormun/servlet/trlicencias?ca2f08b44539bfeef780f667f3c28792,,gx-no-cache=1716467573210 HTTP/1.1" 200 4164
190.171.142.26 - - [23/May/2024:09:34:44 -0300] "GET /cormun/servlet/solicitudot?4f7fbff044de5166626b43473414c5b229e0b46fed94849fc9f84a3a4d5e6dd3618994f2f4b83742f44fe0868c3ee716e9db93ccb2978f7437058aecbfd0cb04,gx-no-cache=1716467582062 HTTP/1.1" 200 30
190.171.142.26 - - [23/May/2024:09:34:44 -0300] "GET /cormun/servlet/solicitudot?4f7fbff044de5166626b43473414c5b2716971dde9af774a0524d9931ce6fac0,gx-no-cache=1716467582174 HTTP/1.1" 200 29
190.171.142.42 - - [23/May/2024:09:34:45 -0300] "GET /cormun/servlet/trlicencias? HTTP/1.1" 200 6802
190.171.153.26 - - [23/May/2024:09:34:49 -0300] "POST /cormun/servlet/trlicencias?58d82ee2833b15ed9f2ea0b21eb6fdf4,,gx-no-cache=1716467589236 HTTP/1.1" 200 6635
190.171.142.42 - - [23/May/2024:09:34:52 -0300] "GET /cormun/servlet/trpermisosgoce? HTTP/1.1" 200 12996
190.171.153.26 - - [23/May/2024:09:34:55 -0300] "POST /cormun/servlet/trlicencias?58d82ee2833b15ed9f2ea0b21eb6fdf4,,gx-no-cache=1716467594979 HTTP/1.1" 200 6635
190.171.142.26 - - [23/May/2024:09:34:56 -0300] "POST /cormun/servlet/solicitudot?gx-no-cache=1716467594371 HTTP/1.1" 200 256
190.171.142.42 - - [23/May/2024:09:34:58 -0300] "GET /cormun/servlet/trlicencias? HTTP/1.1" 200 6804
190.171.142.26 - - [23/May/2024:09:35:00 -0300] "GET /cormun/servlet/solicitudot?4f7fbff044de5166626b43473414c5b27826aa2baf83f0483f5566ba70c9eba3b367a26310f7bad4c817dcb31e77be3ce5ad5ea22a832c58714de8dba4f006021b6f7646557bb80a4292512f2bdb46cc01d14fe8d8fa6571e1130ab6178cba3a98c7a2ea0269cf64f29ee599e6eda83ffb1b801a1f900002ba3fc1b1c1859310bed9edd6c7e9efbc24c355f30789d7201f6d8badd79a5f873f27656ac88867eb38d920767fcdb054e26fce9a46da8c6446b75bbbea88bf924bc4da69f58c3ba07b72032be2b5c3a9b554fa15327f500c573d050648e5bb74cb52604852125f0f5ccd624668c876299710e35abe65829a3f8a1e7368b10560b81dc52f58bb69a92f7c8044f00730ee03c7f646049ef3579edc340d43a0fab923b8f569edcb8bed62ba5885901b6c2475f0c846305b16228cbccdd5fcc360397a00c891ead7367c9a7da6f4b3dba930f5e1c68a55c7f79e1b134472c0aba49f343d5db361824ad0c921bd26ea5a91e588dc08fcb5fbdf5bde1dc1ab72b6e378f3521aaa1d50b7f9,gx-no-cache=1716467599056 HTTP/1.1" 200 30
190.171.142.42 - - [23/May/2024:09:35:05 -0300] "GET /cormun/servlet/hlogin HTTP/1.1" 200 1732
190.171.153.26 - - [23/May/2024:09:35:05 -0300] "POST /cormun/servlet/trlicencias?58d82ee2833b15ed9f2ea0b21eb6fdf4,,gx-no-cache=1716467605339 HTTP/1.1" 200 6635
190.171.143.82 - - [23/May/2024:09:35:09 -0300] "GET /cormun/servlet/trpermisosgoce? HTTP/1.1" 200 14760
190.171.142.42 - - [23/May/2024:09:35:18 -0300] "POST /cormun/servlet/hlogin?ca2f08b44539bfeef780f667f3c28792,gx-no-cache=1716467616118 HTTP/1.1" 200 90
190.171.142.42 - - [23/May/2024:09:35:18 -0300] "GET /cormun/servlet/hpexe_link HTTP/1.1" 200 951
190.171.142.42 - - [23/May/2024:09:35:18 -0300] "GET /cormun/servlet/trlicencias HTTP/1.1" 200 6805
190.171.142.42 - - [23/May/2024:09:35:24 -0300] "GET /cormun/servlet/trpermisosgoce? HTTP/1.1" 200 12985
190.171.142.26 - - [23/May/2024:09:35:26 -0300] "POST /cormun/servlet/solicitudot?gx-no-cache=1716467624577 HTTP/1.1" 200 30
190.171.142.42 - - [23/May/2024:09:35:27 -0300] "GET /cormun/servlet/trlicencias? HTTP/1.1" 200 6804
190.171.142.26 - - [23/May/2024:09:35:31 -0300] "GET /cormun/servlet/solicitudot?4f7fbff044de5166626b43473414c5b27826aa2baf83f0483f5566ba70c9eba3b367a26310f7bad4c817dcb31e77be3ce5ad5ea22a832c58714de8dba4f006021b6f7646557bb80a4292512f2bdb46cc01d14fe8d8fa6571e1130ab6178cba3a98c7a2ea0269cf64f29ee599e6eda83ffb1b801a1f900002ba3fc1b1c1859310bed9edd6c7e9efbc24c355f30789d7201f6d8badd79a5f873f27656ac88867eb38d920767fcdb054e26fce9a46da8c6446b75bbbea88bf924bc4da69f58c3ba07b72032be2b5c3a9b554fa15327f500c573d050648e5bb74cb52604852125f0f5ccd624668c876299710e35abe65829a911e87c06947478c370b66b5851982892f7c8044f00730ee03c7f646049ef3579edc340d43a0fab923b8f569edcb8bed62ba5885901b6c2475f0c846305b16228cbccdd5fcc360397a00c891ead7367c9a7da6f4b3dba930f5e1c68a55c7f79e1b134472c0aba49f343d5db361824ad0c921bd26ea5a91e588dc08fcb5fbdf5b67a60aebad14e90675450fa904cb4447,gx-no-cache=1716467629553 HTTP/1.1" 200 30
190.171.142.42 - - [23/May/2024:09:35:33 -0300] "POST /cormun/servlet/trlicencias?ca2f08b44539bfeef780f667f3c28792,,gx-no-cache=1716467630846 HTTP/1.1" 200 11540
190.171.153.50 - - [23/May/2024:09:35:47 -0300] "GET /cormun/servlet/hlogin HTTP/1.1" 200 1746
190.171.153.50 - - [23/May/2024:09:35:50 -0300] "GET /cormun/servlet/hlogin HTTP/1.1" 200 1746
190.171.142.26 - - [23/May/2024:09:36:21 -0300] "POST /cormun/servlet/solicitudot?gx-no-cache=1716467679624 HTTP/1.1" 200 1561
190.171.142.26 - - [23/May/2024:09:36:21 -0300] "POST /cormun/servlet/solicitudot?gx-no-cache=1716467679691 HTTP/1.1" 200 117
190.171.142.26 - - [23/May/2024:09:37:01 -0300] "GET /cormun/servlet/solicitudot?4f7fbff044de5166626b43473414c5b2cb65af199707e5271d284f2fdd32f59ae324b5b99d1903cbb723e79b6f124b93ad6b2223a0806ffcd284125df30fa76a67a3966bf1445ca224d70dbc86fba7698da3db0d3806dff0d50d72614f13a7547cbfc6d9d59ede9270334c9f77be41a6,gx-no-cache=1716467719345 HTTP/1.1" 200 110
181.212.47.137 - - [23/May/2024:09:37:16 -0300] "GET /cormun/servlet/hlogin HTTP/1.1" 200 1717
181.212.47.137 - - [23/May/2024:09:37:16 -0300] "GET /cormun/servlet/hlogin HTTP/1.1" 200 1728
190.171.142.26 - - [23/May/2024:09:37:17 -0300] "POST /cormun/servlet/solicitudot?gx-no-cache=1716467735839 HTTP/1.1" 200 97
181.212.47.137 - - [23/May/2024:09:37:22 -0300] "POST /cormun/servlet/hlogin?88e95ee20db0e5681d706b7def979dcd,gx-no-cache=1716467756157 HTTP/1.1" 200 90
181.212.47.137 - - [23/May/2024:09:37:22 -0300] "GET /cormun/servlet/hpexe_link HTTP/1.1" 200 949
181.212.47.137 - - [23/May/2024:09:37:22 -0300] "GET /cormun/servlet/hhome HTTP/1.1" 200 3818
181.212.47.137 - - [23/May/2024:09:37:26 -0300] "GET /cormun/servlet/trsolicitudgral? HTTP/1.1" 200 11356
190.171.142.26 - - [23/May/2024:09:37:33 -0300] "GET /cormun/servlet/solicitudot?4f7fbff044de5166626b43473414c5b254f224d3f5e158df7e02d3fbc2f5d10afc976a9d0fb2d05b2b83989407fbcf88bee7226e9b72882b31ac8b3eea47ec3cdd31559a345b3cc701b91632eeb8842fbd335b75a7c20854cf6590d32976d1e1a4df502de3123268b27f4417ddc80e61,gx-no-cache=1716467751380 HTTP/1.1" 200 29
190.171.142.26 - - [23/May/2024:09:37:33 -0300] "GET /cormun/static/menuarrow.gif HTTP/1.1" 404 1015
190.171.142.26 - - [23/May/2024:09:37:44 -0300] "GET /cormun/servlet/solicitudot?4f7fbff044de5166626b43473414c5b2c3d625a8d2edf66d1325381993bcb8a4f760758ee63322112eb287a73843e526,gx-no-cache=1716467762611 HTTP/1.1" 200 134
181.212.47.137 - - [23/May/2024:09:38:07 -0300] "GET /cormun/static/menuarrow.gif HTTP/1.1" 404 1015
181.212.47.137 - - [23/May/2024:09:38:10 -0300] "POST /cormun/servlet/trsolicitudgral?88e95ee20db0e5681d706b7def979dcd,,gx-no-cache=1716467803375 HTTP/1.1" 200 11220
190.171.142.26 - - [23/May/2024:09:38:16 -0300] "GET /cormun/servlet/hlogin HTTP/1.1" 200 1717
190.171.142.26 - - [23/May/2024:09:38:19 -0300] "POST /cormun/servlet/hlogin?d1d6763396bc28cecee88f59ae77ed94,gx-no-cache=1716467797554 HTTP/1.1" 200 90
190.171.142.26 - - [23/May/2024:09:38:19 -0300] "GET /cormun/servlet/hpexe_link HTTP/1.1" 200 963
190.171.142.26 - - [23/May/2024:09:38:19 -0300] "GET /cormun/servlet/solicitudot?INS,0,0,false, HTTP/1.1" 200 16251
190.171.142.26 - - [23/May/2024:09:38:21 -0300] "GET /cormun/servlet/trlicencias? HTTP/1.1" 200 16087
190.171.142.26 - - [23/May/2024:09:39:10 -0300] "POST /cormun/servlet/solicitudot?gx-no-cache=1716467848541 HTTP/1.1" 200 118
190.171.142.26 - - [23/May/2024:09:39:10 -0300] "GET /cormun/servlet/solicitudot?4f7fbff044de5166626b43473414c5b2cb65af199707e5271d284f2fdd32f59ae324b5b99d1903cbb723e79b6f124b93ad6b2223a0806ffcd284125df30fa76a67a3966bf1445ca224d70dbc86fba7698da3db0d3806dff0d50d72614f13a7547cbfc6d9d59ede9270334c9f77be41a6,gx-no-cache=1716467848605 HTTP/1.1" 200 110
190.171.142.26 - - [23/May/2024:09:39:32 -0300] "POST /cormun/servlet/solicitudot?gx-no-cache=1716467870393 HTTP/1.1" 200 1481
190.171.142.26 - - [23/May/2024:09:39:32 -0300] "POST /cormun/servlet/solicitudot?gx-no-cache=1716467870609 HTTP/1.1" 200 41
190.171.142.26 - - [23/May/2024:09:39:32 -0300] "GET /cormun/servlet/solicitudot?4f7fbff044de5166626b43473414c5b2cb65af199707e5271d284f2fdd32f59ae324b5b99d1903cbb723e79b6f124b93ad6b2223a0806ffcd284125df30fa76a67a3966bf1445ca224d70dbc86fba7698da3db0d3806dff0d50d72614f13a7547cbfc6d9d59ede9270334c9f77be41a6,gx-no-cache=1716467870649 HTTP/1.1" 200 110
190.171.142.26 - - [23/May/2024:09:39:32 -0300] "POST /cormun/servlet/solicitudot?gx-no-cache=1716467870684 HTTP/1.1" 200 97
190.171.142.26 - - [23/May/2024:09:39:32 -0300] "GET /cormun/servlet/solicitudot?4f7fbff044de5166626b43473414c5b2c3d625a8d2edf66d1325381993bcb8a4a77435c448aea807ee9c0edb87ea31a2,gx-no-cache=1716467870726 HTTP/1.1" 200 134
190.171.142.26 - - [23/May/2024:09:39:32 -0300] "POST /cormun/servlet/solicitudot?gx-no-cache=1716467870763 HTTP/1.1" 200 146
181.212.47.137 - - [23/May/2024:09:39:42 -0300] "POST /cormun/servlet/trsolicitudgral?88e95ee20db0e5681d706b7def979dcd,,gx-no-cache=1716467895756 HTTP/1.1" 200 9837
181.212.47.137 - - [23/May/2024:09:39:58 -0300] "POST /cormun/servlet/trsolicitudgral?88e95ee20db0e5681d706b7def979dcd,,gx-no-cache=1716467911691 HTTP/1.1" 200 7639
190.171.142.26 - - [23/May/2024:09:40:05 -0300] "POST /cormun/servlet/solicitudot?d1d6763396bc28cecee88f59ae77ed94,INS,0,0,false,,gx-no-cache=1716467903555 HTTP/1.1" 200 13368
181.212.47.137 - - [23/May/2024:09:40:10 -0300] "POST /cormun/servlet/trsolicitudgral?88e95ee20db0e5681d706b7def979dcd,,gx-no-cache=1716467923388 HTTP/1.1" 200 5250
181.212.47.137 - - [23/May/2024:09:40:19 -0300] "POST /cormun/servlet/trsolicitudgral?88e95ee20db0e5681d706b7def979dcd,,gx-no-cache=1716467933058 HTTP/1.1" 200 6670
181.212.47.137 - - [23/May/2024:09:40:31 -0300] "POST /cormun/servlet/trsolicitudgral?88e95ee20db0e5681d706b7def979dcd,,gx-no-cache=1716467944627 HTTP/1.1" 200 5249
190.171.142.26 - - [23/May/2024:09:40:32 -0300] "GET /cormun/servlet/solicitudot?4f7fbff044de5166626b43473414c5b29abc6ae1486b72d127c88b0621165ac87373f4478ca6eedcc0626e40add8dc90,gx-no-cache=1716467930597 HTTP/1.1" 200 134
190.171.142.26 - - [23/May/2024:09:40:32 -0300] "POST /cormun/servlet/solicitudot?gx-no-cache=1716467930647 HTTP/1.1" 200 146
190.171.142.26 - - [23/May/2024:09:40:32 -0300] "POST /cormun/servlet/solicitudot?d1d6763396bc28cecee88f59ae77ed94,INS,0,0,false,,gx-no-cache=1716467930709 HTTP/1.1" 200 13439
181.212.47.137 - - [23/May/2024:09:40:44 -0300] "POST /cormun/servlet/trsolicitudgral?88e95ee20db0e5681d706b7def979dcd,,gx-no-cache=1716467957968 HTTP/1.1" 200 5251
181.212.47.137 - - [23/May/2024:09:41:03 -0300] "POST /cormun/servlet/trsolicitudgral?88e95ee20db0e5681d706b7def979dcd,,gx-no-cache=1716467977064 HTTP/1.1" 200 6667
190.171.142.26 - - [23/May/2024:09:41:48 -0300] "GET /cormun/servlet/solicitudot?4f7fbff044de5166626b43473414c5b26f6de3446783cbea2d4455533014b696a77435c448aea807ee9c0edb87ea31a2,gx-no-cache=1716468006171 HTTP/1.1" 200 30
190.171.142.26 - - [23/May/2024:09:41:48 -0300] "POST /cormun/servlet/solicitudot?gx-no-cache=1716468006271 HTTP/1.1" 200 135
190.171.142.26 - - [23/May/2024:09:41:48 -0300] "POST /cormun/servlet/solicitudot?d1d6763396bc28cecee88f59ae77ed94,INS,0,0,false,,gx-no-cache=1716468006369 HTTP/1.1" 200 13470
190.171.142.26 - - [23/May/2024:09:42:07 -0300] "POST /cormun/servlet/solicitudot?gx-no-cache=1716468025676 HTTP/1.1" 200 239
190.171.142.26 - - [23/May/2024:09:42:13 -0300] "GET /cormun/servlet/solicitudot?4f7fbff044de5166626b43473414c5b27826aa2baf83f0483f5566ba70c9eba38cce1dabcc7c5dcc0e484592479b1c0ee5ad5ea22a832c58714de8dba4f006021b6f7646557bb80a4292512f2bdb46cc01d14fe8d8fa6571e1130ab6178cba3a98c7a2ea0269cf64f29ee599e6eda83ffb1b801a1f900002ba3fc1b1c1859310bed9edd6c7e9efbc24c355f30789d7201f6d8badd79a5f873f27656ac88867eb38d920767fcdb054e26fce9a46da8c6446b75bbbea88bf924bc4da69f58c3ba07b72032be2b5c3a9b554fa15327f500c573d050648e5bb74cb52604852125f0f5ccd624668c876299710e35abe65829a911e87c06947478c370b66b5851982892f7c8044f00730ee03c7f646049ef3579edc340d43a0fab923b8f569edcb8bed62ba5885901b6c2475f0c846305b16228cbccdd5fcc360397a00c891ead7367c9a7da6f4b3dba930f5e1c68a55c7f79e1b134472c0aba49f343d5db361824ad0c921bd26ea5a91e588dc08fcb5fbdf5b67a60aebad14e90675450fa904cb4447,gx-no-cache=1716468031704 HTTP/1.1" 200 30
190.171.142.26 - - [23/May/2024:09:42:26 -0300] "POST /cormun/servlet/solicitudot?gx-no-cache=1716468044300 HTTP/1.1" 200 30
190.171.142.26 - - [23/May/2024:09:42:33 -0300] "POST /cormun/servlet/solicitudot?gx-no-cache=1716468051732 HTTP/1.1" 200 1481
190.171.142.26 - - [23/May/2024:09:42:33 -0300] "POST /cormun/servlet/solicitudot?gx-no-cache=1716468051802 HTTP/1.1" 200 41
190.171.142.26 - - [23/May/2024:09:42:33 -0300] "GET /cormun/servlet/solicitudot?4f7fbff044de5166626b43473414c5b2cb65af199707e5271d284f2fdd32f59ae324b5b99d1903cbb723e79b6f124b93ad6b2223a0806ffcd284125df30fa76a67a3966bf1445ca224d70dbc86fba7698da3db0d3806dff0d50d72614f13a7547cbfc6d9d59ede9270334c9f77be41a6,gx-no-cache=1716468051819 HTTP/1.1" 200 110
190.171.142.26 - - [23/May/2024:09:42:33 -0300] "POST /cormun/servlet/solicitudot?gx-no-cache=1716468051835 HTTP/1.1" 200 97
190.171.142.26 - - [23/May/2024:09:42:33 -0300] "POST /cormun/servlet/solicitudot?gx-no-cache=1716468051854 HTTP/1.1" 200 34
190.171.142.26 - - [23/May/2024:09:42:34 -0300] "POST /cormun/servlet/solicitudot?d1d6763396bc28cecee88f59ae77ed94,INS,0,0,false,,gx-no-cache=1716468051878 HTTP/1.1" 200 93
190.171.142.26 - - [23/May/2024:09:42:34 -0300] "GET /cormun/servlet/hpexe_return? HTTP/1.1" 200 1010
190.171.142.26 - - [23/May/2024:09:42:34 -0300] "GET /cormun/servlet/trlicencias HTTP/1.1" 200 16069
190.171.141.138 - - [23/May/2024:09:42:39 -0300] "GET /cormun/servlet/hlogin HTTP/1.1" 200 1720
190.171.141.138 - - [23/May/2024:09:42:39 -0300] "GET /cormun/servlet/hlogin HTTP/1.1" 200 1731
190.171.141.138 - - [23/May/2024:09:42:42 -0300] "POST /cormun/servlet/hlogin?dd73847fda2a917cc8cb9a36a56223e3,gx-no-cache=1716468060227 HTTP/1.1" 200 90
190.171.141.138 - - [23/May/2024:09:42:42 -0300] "GET /cormun/servlet/hpexe_link HTTP/1.1" 200 952
190.171.141.138 - - [23/May/2024:09:42:42 -0300] "GET /cormun/servlet/hhome HTTP/1.1" 200 4474
190.171.142.26 - - [23/May/2024:09:42:44 -0300] "GET /cormun/servlet/trsolicitudot? HTTP/1.1" 200 9434
190.171.141.138 - - [23/May/2024:09:42:45 -0300] "GET /cormun/servlet/trlicencias? HTTP/1.1" 200 16206
190.171.142.26 - - [23/May/2024:09:43:03 -0300] "POST /cormun/servlet/trsolicitudot?d1d6763396bc28cecee88f59ae77ed94,,gx-no-cache=1716468081021 HTTP/1.1" 200 106
190.171.142.26 - - [23/May/2024:09:43:03 -0300] "GET /cormun/servlet/trsolicitudadjuntos?2024,21443, HTTP/1.1" 200 6371
190.171.142.26 - - [23/May/2024:09:43:03 -0300] "GET /cormun/static/gxcfg.js?20201215574222 HTTP/1.1" 200 953
190.171.142.26 - - [23/May/2024:09:43:03 -0300] "GET /cormun/static/Resources/PXToolsGridNew.png HTTP/1.1" 200 427
190.171.142.26 - - [23/May/2024:09:43:03 -0300] "GET /cormun/static/trsolicitudadjuntos.js?20201215574932 HTTP/1.1" 200 17921
190.171.142.26 - - [23/May/2024:09:43:10 -0300] "GET /cormun/servlet/trsolicitudot? HTTP/1.1" 200 9440
181.212.47.137 - - [23/May/2024:09:43:20 -0300] "POST /cormun/servlet/trsolicitudgral?88e95ee20db0e5681d706b7def979dcd,,gx-no-cache=1716468113885 HTTP/1.1" 200 6665
181.212.47.137 - - [23/May/2024:09:43:25 -0300] "GET /cormun/servlet/vesolicitudgral?2024,21441,, HTTP/1.1" 200 8378
181.212.47.137 - - [23/May/2024:09:43:25 -0300] "GET /cormun/pexe_scrolldiv.js HTTP/1.1" 404 1009
181.212.47.137 - - [23/May/2024:09:43:28 -0300] "GET /cormun/servlet/vesolicitudgral?2024,21441,,SolicitudOTAdjuntos HTTP/1.1" 200 11085
181.212.47.137 - - [23/May/2024:09:43:28 -0300] "GET /cormun/pexe_scrolldiv.js HTTP/1.1" 404 1009
181.212.47.137 - - [23/May/2024:09:43:29 -0300] "POST /cormun/servlet/acontrolpreferencessavestate?None,RRHH+DANIELA,true HTTP/1.1" 200 35
181.212.47.137 - - [23/May/2024:09:43:31 -0300] "GET /cormun/servlet/vesolicitudgral?2024,21441,,General HTTP/1.1" 200 8380
181.212.47.137 - - [23/May/2024:09:43:31 -0300] "GET /cormun/pexe_scrolldiv.js HTTP/1.1" 404 1009
190.171.142.26 - - [23/May/2024:09:43:32 -0300] "POST /cormun/servlet/trsolicitudot?d1d6763396bc28cecee88f59ae77ed94,,gx-no-cache=1716468110276 HTTP/1.1" 200 106
190.171.142.26 - - [23/May/2024:09:43:32 -0300] "GET /cormun/servlet/trsolicitudadjuntos?2024,21443, HTTP/1.1" 200 6371
190.95.15.9 - - [23/May/2024:09:43:35 -0300] "GET /cormun/servlet/hlogin HTTP/1.1" 200 1722
190.95.15.9 - - [23/May/2024:09:43:35 -0300] "GET /cormun/servlet/hlogin HTTP/1.1" 200 1733
190.171.142.26 - - [23/May/2024:09:43:36 -0300] "POST /cormun/servlet/trsolicitudadjuntos?d1d6763396bc28cecee88f59ae77ed94,2024,21443,,gx-no-cache=1716468114385 HTTP/1.1" 200 4224
190.95.15.9 - - [23/May/2024:09:43:44 -0300] "POST /cormun/servlet/hlogin?804f85b6cfa99e5f4369297ef4db04af,gx-no-cache=1716468125803 HTTP/1.1" 200 90
190.95.15.9 - - [23/May/2024:09:43:44 -0300] "GET /cormun/servlet/hpexe_link HTTP/1.1" 200 952
190.95.15.9 - - [23/May/2024:09:43:44 -0300] "GET /cormun/servlet/hhome HTTP/1.1" 200 4210
190.171.142.26 - - [23/May/2024:09:43:46 -0300] "GET /cormun/servlet/solicitudotadjuntos?INS,2024,21443,,1, HTTP/1.1" 200 6312
190.171.142.26 - - [23/May/2024:09:43:46 -0300] "GET /cormun/static/gxcfg.js?202211298385187 HTTP/1.1" 200 953
190.171.142.26 - - [23/May/2024:09:43:46 -0300] "GET /cormun/static/solicitudotadjuntos.js?202211298385196 HTTP/1.1" 200 11771
190.171.142.26 - - [23/May/2024:09:43:46 -0300] "GET /cormun/static/about:blank HTTP/1.1" 404 1011
190.171.142.26 - - [23/May/2024:09:43:46 -0300] "GET /cormun/servlet/solicitudotadjuntos?4f7fbff044de5166626b43473414c5b2c4fd156347d696cb1c3b1992a2571d97db62bd0f1cd96e8503210a4ccea03a18,gx-no-cache=1716468124992 HTTP/1.1" 200 30
190.171.142.26 - - [23/May/2024:09:43:47 -0300] "POST /cormun/servlet/solicitudotadjuntos?d1d6763396bc28cecee88f59ae77ed94,INS,2024,21443,,1,,gx-no-cache=1716468125019 HTTP/1.1" 200 4187
190.95.15.9 - - [23/May/2024:09:43:48 -0300] "GET /cormun/servlet/trlicencias? HTTP/1.1" 200 12143
181.212.47.137 - - [23/May/2024:09:43:51 -0300] "POST /cormun/servlet/vesolicitudgral?88e95ee20db0e5681d706b7def979dcd,2024,21441,,General,gx-no-cache=1716468144768 HTTP/1.1" 200 12272
181.212.47.137 - - [23/May/2024:09:43:51 -0300] "GET /cormun/static/Shared/jqueryui/images/ui-bg_highlight-soft_100_c6c2c8_1x100.png HTTP/1.1" 404 1117
181.212.47.137 - - [23/May/2024:09:43:51 -0300] "GET /cormun/static/Shared/jqueryui/images/ui-icons_82798d_256x240.png HTTP/1.1" 404 1089
181.212.47.137 - - [23/May/2024:09:43:51 -0300] "GET /cormun/static/Shared/jqueryui/images/ui-bg_flat_55_fafafa_40x100.png HTTP/1.1" 404 1097
181.212.47.137 - - [23/May/2024:09:43:51 -0300] "GET /cormun/static/Shared/jqueryui/images/ui-icons_8d78a5_256x240.png HTTP/1.1" 404 1089
190.171.142.26 - - [23/May/2024:09:43:55 -0300] "POST /cormun/servlet/solicitudotadjuntos?gx-no-cache=1716468133589 HTTP/1.1" 200 26
190.171.142.26 - - [23/May/2024:09:44:03 -0300] "GET /cormun/servlet/solicitudotadjuntos?4f7fbff044de5166626b43473414c5b28dc3e85f7badbed8392c50cca359f277,gx-no-cache=1716468141448 HTTP/1.1" 200 30
190.171.142.26 - - [23/May/2024:09:44:03 -0300] "GET /cormun/servlet/solicitudotadjuntos?4f7fbff044de5166626b43473414c5b28dc3e85f7badbed8392c50cca359f277,gx-no-cache=1716468141492 HTTP/1.1" 200 30
190.171.142.26 - - [23/May/2024:09:44:03 -0300] "POST /cormun/servlet/solicitudotadjuntos?d1d6763396bc28cecee88f59ae77ed94,INS,2024,21443,,1, HTTP/1.1" 200 116
190.171.142.26 - - [23/May/2024:09:44:03 -0300] "GET /cormun/servlet/hpexe_return? HTTP/1.1" 200 1023
190.171.142.26 - - [23/May/2024:09:44:03 -0300] "GET /cormun/servlet/trsolicitudadjuntos?2024,21443, HTTP/1.1" 200 9288
190.171.142.26 - - [23/May/2024:09:44:06 -0300] "POST /cormun/servlet/trsolicitudadjuntos?d1d6763396bc28cecee88f59ae77ed94,2024,21443,,gx-no-cache=1716468144913 HTTP/1.1" 200 8420
190.171.142.26 - - [23/May/2024:09:44:09 -0300] "POST /cormun/servlet/trsolicitudadjuntos?d1d6763396bc28cecee88f59ae77ed94,2024,21443,,gx-no-cache=1716468147096 HTTP/1.1" 200 8421
190.171.142.26 - - [23/May/2024:09:44:12 -0300] "GET /cormun/servlet/solicitudotadjuntos?INS,2024,21443,,1, HTTP/1.1" 200 6312
190.171.142.26 - - [23/May/2024:09:44:12 -0300] "GET /cormun/static/about:blank HTTP/1.1" 404 1011
190.171.142.26 - - [23/May/2024:09:44:13 -0300] "GET /cormun/servlet/solicitudotadjuntos?4f7fbff044de5166626b43473414c5b2c4fd156347d696cb1c3b1992a2571d97db62bd0f1cd96e8503210a4ccea03a18,gx-no-cache=1716468151075 HTTP/1.1" 200 30
190.171.142.26 - - [23/May/2024:09:44:13 -0300] "POST /cormun/servlet/solicitudotadjuntos?d1d6763396bc28cecee88f59ae77ed94,INS,2024,21443,,1,,gx-no-cache=1716468151088 HTTP/1.1" 200 4187
190.171.142.26 - - [23/May/2024:09:44:22 -0300] "POST /cormun/servlet/solicitudotadjuntos?gx-no-cache=1716468160096 HTTP/1.1" 200 26
190.95.15.9 - - [23/May/2024:09:44:22 -0300] "GET /cormun/servlet/hlogin HTTP/1.1" 200 1739
190.171.142.26 - - [23/May/2024:09:44:31 -0300] "GET /cormun/servlet/solicitudotadjuntos?4f7fbff044de5166626b43473414c5b28dc3e85f7badbed8392c50cca359f277,gx-no-cache=1716468169783 HTTP/1.1" 200 30
190.171.142.26 - - [23/May/2024:09:44:31 -0300] "GET /cormun/servlet/solicitudotadjuntos?4f7fbff044de5166626b43473414c5b28dc3e85f7badbed8392c50cca359f277,gx-no-cache=1716468169794 HTTP/1.1" 200 30
190.171.142.26 - - [23/May/2024:09:44:31 -0300] "POST /cormun/servlet/solicitudotadjuntos?d1d6763396bc28cecee88f59ae77ed94,INS,2024,21443,,1, HTTP/1.1" 200 116
190.171.142.26 - - [23/May/2024:09:44:31 -0300] "GET /cormun/servlet/hpexe_return? HTTP/1.1" 200 1023
190.171.142.26 - - [23/May/2024:09:44:31 -0300] "GET /cormun/servlet/trsolicitudadjuntos?2024,21443, HTTP/1.1" 200 9531
190.171.142.26 - - [23/May/2024:09:44:36 -0300] "GET /cormun/servlet/solicitudotadjuntos?INS,2024,21443,,1, HTTP/1.1" 200 6310
190.171.142.26 - - [23/May/2024:09:44:36 -0300] "GET /cormun/static/about:blank HTTP/1.1" 404 1011
190.171.142.26 - - [23/May/2024:09:44:36 -0300] "GET /cormun/servlet/solicitudotadjuntos?4f7fbff044de5166626b43473414c5b2c4fd156347d696cb1c3b1992a2571d97db62bd0f1cd96e8503210a4ccea03a18,gx-no-cache=1716468174925 HTTP/1.1" 200 30
