190.171.141.90 - - [15/May/2024:16:58:50 -0300] "POST /cormun/servlet/trsolicitudadjuntos?fb3277d2a3401f4e5a64cd4b894ee479,2024,21416,,gx-no-cache=1715802989771 HTTP/1.1" 200 90
190.171.141.90 - - [15/May/2024:16:58:50 -0300] "GET /cormun/servlet/hpexe_link HTTP/1.1" 200 972
190.171.141.90 - - [15/May/2024:16:58:50 -0300] "GET /cormun/servlet/trsolicitudot HTTP/1.1" 200 8603
190.171.141.90 - - [15/May/2024:16:58:52 -0300] "POST /cormun/servlet/trsolicitudot?fb3277d2a3401f4e5a64cd4b894ee479,gx-no-cache=1715802991676 HTTP/1.1" 200 4576
190.171.141.90 - - [15/May/2024:16:58:52 -0300] "GET /cormun/static/Shared/jqueryui/images/ui-icons_82798d_256x240.png HTTP/1.1" 404 1089
190.171.141.90 - - [15/May/2024:16:58:52 -0300] "GET /cormun/static/Shared/jqueryui/images/ui-bg_highlight-soft_100_c6c2c8_1x100.png HTTP/1.1" 404 1117
190.171.141.90 - - [15/May/2024:16:58:52 -0300] "GET /cormun/static/Shared/jqueryui/images/ui-bg_flat_55_fafafa_40x100.png HTTP/1.1" 404 1097
190.171.141.90 - - [15/May/2024:16:58:52 -0300] "GET /cormun/static/Shared/jqueryui/images/ui-icons_8d78a5_256x240.png HTTP/1.1" 404 1089
190.171.141.90 - - [15/May/2024:16:58:52 -0300] "POST /cormun/servlet/trsolicitudot?fb3277d2a3401f4e5a64cd4b894ee479,gx-no-cache=1715802991778 HTTP/1.1" 200 4320
190.171.141.114 - - [15/May/2024:16:59:55 -0300] "GET /cormun/servlet/solicitudot?b485cfae210e5a45781fdb002259cb4fb37403b6a53571adf67348bc5c06276d8e91ee04c83cbfddeae62e23e28fe2b8954ae088a0cfd71c73cb175c54405d4e,gx-no-cache=1715803053681 HTTP/1.1" 200 30
190.171.141.114 - - [15/May/2024:16:59:56 -0300] "POST /cormun/servlet/solicitudot?gx-no-cache=1715803054993 HTTP/1.1" 200 255
190.171.141.114 - - [15/May/2024:17:00:08 -0300] "GET /cormun/servlet/solicitudot?b485cfae210e5a45781fdb002259cb4fde6df6d44e2408dd0cb58fbf392e932d132fb9c62499674413a57cfe1d56037e7e8befaf34dca9d4bc249bf8f5c9835db5615e92c05f8651031d9d5ae017883d431b631db32912b0f687cf4ef8d982971103d65cdde150ecae0baf202b460e7a9abb6b6db756f91d8aec98726cd142549406cc15420c3607faae009e1b71b70811d9619a6e1c887489f0fa79d17067a0239999c99279ec7c9bece452ca9e496e60d62faebc29511f0dabb0ff5dc4d008ff2e3158dfe74da2eaea96e3c2299f4e96cb2511682c9ad9aaf6b987ca6d865d095777a0b6b988470178249a674b8253d9d61231c1980b3ce8a0c956e15d4f2b92a5f54558c9f64b72c95f6f7b82e3bc2d60e480071ec96817e1a69a8c436e90ec1eb811ab6ac1b8ddf66b2f54d7ea9eb9334890f11bf8d6eccced9246f1fc40a9036cecaf0ee4a2eca37287a00b8bb925e169266659b97dd892fb6cb9f6f139d15d6eff0e4414d9f013853db2c9c47e4e8b691a0c1a52840680d9fee17f5b75,gx-no-cache=1715803066170 HTTP/1.1" 200 30
190.171.141.114 - - [15/May/2024:17:00:11 -0300] "POST /cormun/servlet/solicitudot?gx-no-cache=1715803069050 HTTP/1.1" 200 30
190.171.141.114 - - [15/May/2024:17:00:50 -0300] "POST /cormun/servlet/solicitudot?gx-no-cache=1715803108721 HTTP/1.1" 200 297
190.171.141.114 - - [15/May/2024:17:01:00 -0300] "GET /cormun/servlet/solicitudot?b485cfae210e5a45781fdb002259cb4fde6df6d44e2408dd0cb58fbf392e932d0cabcb74c2df8f8476d852dfff9455327e8befaf34dca9d4bc249bf8f5c9835db5615e92c05f8651031d9d5ae017883d431b631db32912b0f687cf4ef8d982971103d65cdde150ecae0baf202b460e7a9abb6b6db756f91d8aec98726cd142549406cc15420c3607faae009e1b71b70811d9619a6e1c887489f0fa79d17067a0239999c99279ec7c9bece452ca9e496e60d62faebc29511f0dabb0ff5dc4d008ff2e3158dfe74da2eaea96e3c2299f4e96cb2511682c9ad9aaf6b987ca6d865d095777a0b6b988470178249a674b8253edb8090e6bcddd93fe8f324b65ea500692a5f54558c9f64b72c95f6f7b82e3bc8f5dc94cc41ee91135129dec3ebb53051bdcb31beeebab2e97ee1776594ea20eae8c1e06c38b7909cb30ca9973532729794393d4915bad9fdeecf173071a8f270f6eabc47792e3ea040f31180bf68329938cc502e6ee148cad47fe5f374f69057430ed3c9f109946f53d8b61fd3bd1deb2a9a8c587d8096f0fefca057814bcde,gx-no-cache=1715803118158 HTTP/1.1" 200 30
190.171.141.114 - - [15/May/2024:17:01:00 -0300] "POST /cormun/servlet/solicitudot?gx-no-cache=1715803118185 HTTP/1.1" 200 30
190.171.141.114 - - [15/May/2024:17:01:00 -0300] "POST /cormun/servlet/solicitudot?gx-no-cache=1715803118217 HTTP/1.1" 200 1479
190.171.141.114 - - [15/May/2024:17:01:00 -0300] "POST /cormun/servlet/solicitudot?gx-no-cache=1715803118257 HTTP/1.1" 200 38
190.171.141.90 - - [15/May/2024:17:01:17 -0300] "POST /cormun/servlet/trsolicitudot?fb3277d2a3401f4e5a64cd4b894ee479,gx-no-cache=1715803136422 HTTP/1.1" 200 5752
190.171.141.114 - - [15/May/2024:17:02:30 -0300] "GET /cormun/servlet/solicitudot?b485cfae210e5a45781fdb002259cb4f72a05f742961c34bb78b4a402dce3968d7c28febdf991675a52ce388c1840261d9607118714e9d3104423cf4f2d42a0fb799e6cdcc6a16e124aa722ea9823190db49d24f75bbc9154e26fd9e65d71c4e956f640fc9fa8a9eee15ebb656e69127,gx-no-cache=1715803208509 HTTP/1.1" 200 110
190.171.141.114 - - [15/May/2024:17:02:47 -0300] "POST /cormun/servlet/solicitudot?gx-no-cache=1715803225955 HTTP/1.1" 200 110
190.171.141.114 - - [15/May/2024:17:03:09 -0300] "GET /cormun/servlet/solicitudot?b485cfae210e5a45781fdb002259cb4f9506093cd84dec31cc3d86cc4c287976ae1039c86ae8037be33c365313427f561c542776dfa434c9ac6df1e7638a7361b9f9854a28f94c61e8a1d2c1b502fb524691ac1325c41fd073a458b203db530d2e0c1ed673a5e0543559d054c7710d7d,gx-no-cache=1715803247833 HTTP/1.1" 200 29
190.171.141.114 - - [15/May/2024:17:03:09 -0300] "GET /cormun/static/menuarrow.gif HTTP/1.1" 404 1015
190.171.141.114 - - [15/May/2024:17:03:13 -0300] "GET /cormun/servlet/solicitudot?b485cfae210e5a45781fdb002259cb4fa0e94e8bad5bc6fc0c98cc16fc851af46810ecc111885627885fdb7e92d13d73,gx-no-cache=1715803251393 HTTP/1.1" 200 30
190.171.141.114 - - [15/May/2024:17:03:25 -0300] "POST /cormun/servlet/solicitudot?gx-no-cache=1715803263259 HTTP/1.1" 200 30
190.171.141.114 - - [15/May/2024:17:05:08 -0300] "POST /cormun/servlet/solicitudot?gx-no-cache=1715803366929 HTTP/1.1" 200 256
190.171.141.114 - - [15/May/2024:17:05:14 -0300] "GET /cormun/servlet/solicitudot?b485cfae210e5a45781fdb002259cb4fde6df6d44e2408dd0cb58fbf392e932d132fb9c62499674413a57cfe1d56037e7e8befaf34dca9d4bc249bf8f5c9835db5615e92c05f8651031d9d5ae017883d431b631db32912b0f687cf4ef8d982971103d65cdde150ecae0baf202b460e7a9abb6b6db756f91d8aec98726cd142549406cc15420c3607faae009e1b71b70811d9619a6e1c887489f0fa79d17067a0239999c99279ec7c9bece452ca9e496e60d62faebc29511f0dabb0ff5dc4d008ff2e3158dfe74da2eaea96e3c2299f4e96cb2511682c9ad9aaf6b987ca6d865d095777a0b6b988470178249a674b8253d9d61231c1980b3ce8a0c956e15d4f2b92a5f54558c9f64b72c95f6f7b82e3bc2d60e480071ec96817e1a69a8c436e90ec1eb811ab6ac1b8ddf66b2f54d7ea9eb9334890f11bf8d6eccced9246f1fc40a9036cecaf0ee4a2eca37287a00b8bb925e169266659b97dd892fb6cb9f6f139d15d6eff0e4414d9f013853db2c9c47ede7d3a67222ad3093ed915c7dde1be5c,gx-no-cache=1715803372387 HTTP/1.1" 200 30
190.171.141.114 - - [15/May/2024:17:05:14 -0300] "POST /cormun/servlet/solicitudot?gx-no-cache=1715803372429 HTTP/1.1" 200 30
190.171.141.114 - - [15/May/2024:17:05:14 -0300] "POST /cormun/servlet/solicitudot?gx-no-cache=1715803372466 HTTP/1.1" 200 1481
190.171.141.114 - - [15/May/2024:17:05:14 -0300] "POST /cormun/servlet/solicitudot?gx-no-cache=1715803372510 HTTP/1.1" 200 41
190.171.141.114 - - [15/May/2024:17:05:14 -0300] "GET /cormun/servlet/solicitudot?b485cfae210e5a45781fdb002259cb4f72a05f742961c34bb78b4a402dce3968d7c28febdf991675a52ce388c1840261d9607118714e9d3104423cf4f2d42a0fb799e6cdcc6a16e124aa722ea9823190db49d24f75bbc9154e26fd9e65d71c4e956f640fc9fa8a9eee15ebb656e69127,gx-no-cache=1715803372541 HTTP/1.1" 200 110
190.171.141.114 - - [15/May/2024:17:05:25 -0300] "POST /cormun/servlet/solicitudot?gx-no-cache=1715803383172 HTTP/1.1" 200 109
190.171.141.114 - - [15/May/2024:17:05:36 -0300] "GET /cormun/servlet/solicitudot?b485cfae210e5a45781fdb002259cb4fa0e94e8bad5bc6fc0c98cc16fc851af46810ecc111885627885fdb7e92d13d73,gx-no-cache=1715803394942 HTTP/1.1" 200 30
190.171.141.114 - - [15/May/2024:17:05:36 -0300] "POST /cormun/servlet/solicitudot?gx-no-cache=1715803394970 HTTP/1.1" 200 30
190.171.141.114 - - [15/May/2024:17:05:37 -0300] "POST /cormun/servlet/solicitudot?1d92d8c0d1ec0c355da3595e820bf37e,INS,0,0,false,,gx-no-cache=1715803395001 HTTP/1.1" 200 93
190.171.141.114 - - [15/May/2024:17:05:37 -0300] "GET /cormun/servlet/hpexe_return? HTTP/1.1" 200 1007
190.171.141.114 - - [15/May/2024:17:05:37 -0300] "GET /cormun/servlet/trsolicitudot HTTP/1.1" 200 9112
190.171.141.90 - - [15/May/2024:17:06:33 -0300] "GET /cormun/servlet/hlogin HTTP/1.1" 200 1740
190.171.141.90 - - [15/May/2024:17:06:51 -0300] "POST /cormun/servlet/hlogin?fb3277d2a3401f4e5a64cd4b894ee479,gx-no-cache=1715803470573 HTTP/1.1" 200 90
190.171.141.90 - - [15/May/2024:17:06:51 -0300] "GET /cormun/servlet/hpexe_link HTTP/1.1" 200 955
190.171.141.90 - - [15/May/2024:17:06:51 -0300] "GET /cormun/servlet/hhome HTTP/1.1" 200 4110
190.171.141.90 - - [15/May/2024:17:06:51 -0300] "GET /cormun/static/gxcfg.js?20201215495537 HTTP/1.1" 200 953
190.171.141.90 - - [15/May/2024:17:06:51 -0300] "GET /cormun/static/hhome.js?20201215495544 HTTP/1.1" 200 777
190.171.141.90 - - [15/May/2024:17:06:51 -0300] "GET /cormun/static/SmoothNavMenu/resources/images/right.gif HTTP/1.1" 200 860
190.171.141.90 - - [15/May/2024:17:06:54 -0300] "GET /cormun/servlet/trautorizarsolicitud? HTTP/1.1" 200 8613
190.171.141.90 - - [15/May/2024:17:06:54 -0300] "GET /cormun/static/gxcfg.js?202211298474254 HTTP/1.1" 200 953
190.171.141.90 - - [15/May/2024:17:06:54 -0300] "GET /cormun/static/trautorizarsolicitud.js?202211298474588 HTTP/1.1" 200 53909
190.171.141.90 - - [15/May/2024:17:06:57 -0300] "POST /cormun/servlet/trautorizarsolicitud?fb3277d2a3401f4e5a64cd4b894ee479,,gx-no-cache=1715803476727 HTTP/1.1" 200 4787
190.171.141.90 - - [15/May/2024:17:06:57 -0300] "GET /cormun/static/Shared/jqueryui/images/ui-icons_82798d_256x240.png HTTP/1.1" 404 1089
190.171.141.90 - - [15/May/2024:17:06:57 -0300] "GET /cormun/static/Shared/jqueryui/images/ui-bg_highlight-soft_100_c6c2c8_1x100.png HTTP/1.1" 404 1117
190.171.141.90 - - [15/May/2024:17:06:57 -0300] "GET /cormun/static/Shared/jqueryui/images/ui-icons_8d78a5_256x240.png HTTP/1.1" 404 1089
190.171.141.90 - - [15/May/2024:17:06:57 -0300] "GET /cormun/static/Shared/jqueryui/images/ui-bg_flat_55_fafafa_40x100.png HTTP/1.1" 404 1097
190.171.141.90 - - [15/May/2024:17:06:57 -0300] "POST /cormun/servlet/trautorizarsolicitud?fb3277d2a3401f4e5a64cd4b894ee479,,gx-no-cache=1715803476905 HTTP/1.1" 200 4531
190.171.141.114 - - [15/May/2024:17:08:23 -0300] "POST /cormun/servlet/trsolicitudot?1d92d8c0d1ec0c355da3595e820bf37e,gx-no-cache=1715803559582 HTTP/1.1" 200 107
190.171.141.114 - - [15/May/2024:17:08:23 -0300] "GET /cormun/servlet/trsolicitudadjuntos?2024,21393, HTTP/1.1" 200 10120
190.171.142.50 - - [15/May/2024:17:08:26 -0300] "GET /cormun/servlet/trlicencias? HTTP/1.1" 200 6041
190.171.142.50 - - [15/May/2024:17:08:27 -0300] "GET /cormun/servlet/hlogin HTTP/1.1" 200 1732
190.171.141.114 - - [15/May/2024:17:08:30 -0300] "POST /cormun/servlet/trsolicitudadjuntos?1d92d8c0d1ec0c355da3595e820bf37e,2024,21393,,gx-no-cache=1715803568372 HTTP/1.1" 200 90
190.171.142.50 - - [15/May/2024:17:08:34 -0300] "POST /cormun/servlet/hlogin?71a64bf65ca4d196989f33f28a98c2b5,gx-no-cache=1715803573172 HTTP/1.1" 200 90
190.171.142.50 - - [15/May/2024:17:08:34 -0300] "GET /cormun/servlet/hpexe_link HTTP/1.1" 200 950
190.171.142.50 - - [15/May/2024:17:08:34 -0300] "GET /cormun/servlet/trlicencias HTTP/1.1" 200 12446
190.171.141.114 - - [15/May/2024:17:08:37 -0300] "GET /cormun/servlet/hpexe_link HTTP/1.1" 200 966
190.171.141.114 - - [15/May/2024:17:08:40 -0300] "GET /cormun/servlet/trsolicitudot HTTP/1.1" 200 9109
190.171.141.114 - - [15/May/2024:17:09:10 -0300] "POST /cormun/servlet/trsolicitudot?1d92d8c0d1ec0c355da3595e820bf37e,gx-no-cache=1715803608405 HTTP/1.1" 200 107
190.171.141.114 - - [15/May/2024:17:09:10 -0300] "GET /cormun/servlet/trsolicitudadjuntos?2024,21417, HTTP/1.1" 200 6113
190.171.141.114 - - [15/May/2024:17:09:13 -0300] "GET /cormun/servlet/solicitudotadjuntos?INS,2024,21417,,1, HTTP/1.1" 200 6059
190.171.141.114 - - [15/May/2024:17:09:13 -0300] "GET /cormun/static/about:blank HTTP/1.1" 404 1011
190.171.141.114 - - [15/May/2024:17:09:13 -0300] "GET /cormun/servlet/solicitudotadjuntos?b485cfae210e5a45781fdb002259cb4f596c214967567dffddde297615ac68df9da31764c14628bb8581e39d61ebf12d,gx-no-cache=1715803611999 HTTP/1.1" 200 30
190.171.141.114 - - [15/May/2024:17:09:14 -0300] "POST /cormun/servlet/solicitudotadjuntos?1d92d8c0d1ec0c355da3595e820bf37e,INS,2024,21417,,1,,gx-no-cache=1715803612028 HTTP/1.1" 200 3899
190.171.141.114 - - [15/May/2024:17:09:22 -0300] "POST /cormun/servlet/solicitudotadjuntos?gx-no-cache=1715803620354 HTTP/1.1" 200 26
78.108.177.51 - - [15/May/2024:17:09:23 -0300] "GET / HTTP/1.0" 200 11197
190.171.141.114 - - [15/May/2024:17:10:17 -0300] "POST /cormun/servlet/solicitudotadjuntos?gx-no-cache=1715803668425 HTTP/1.1" 200 26
190.171.141.114 - - [15/May/2024:17:11:39 -0300] "POST /cormun/servlet/solicitudotadjuntos?gx-no-cache=1715803750882 HTTP/1.1" 200 26
190.171.154.42 - - [15/May/2024:17:11:52 -0300] "GET /cormun/servlet/trpermisosgoce? HTTP/1.1" 200 6030
190.171.154.42 - - [15/May/2024:17:11:52 -0300] "GET /cormun/servlet/hlogin HTTP/1.1" 200 1737
190.171.141.114 - - [15/May/2024:17:11:57 -0300] "GET /cormun/servlet/solicitudotadjuntos?b485cfae210e5a45781fdb002259cb4ff57cdc07c4b56cf91118d896ebcaa780,gx-no-cache=1715803775841 HTTP/1.1" 200 30
190.171.141.114 - - [15/May/2024:17:11:57 -0300] "GET /cormun/servlet/solicitudotadjuntos?b485cfae210e5a45781fdb002259cb4ff57cdc07c4b56cf91118d896ebcaa780,gx-no-cache=1715803775873 HTTP/1.1" 200 30
190.171.141.114 - - [15/May/2024:17:11:58 -0300] "POST /cormun/servlet/solicitudotadjuntos?1d92d8c0d1ec0c355da3595e820bf37e,INS,2024,21417,,1, HTTP/1.1" 200 116
190.171.141.114 - - [15/May/2024:17:11:58 -0300] "GET /cormun/servlet/hpexe_return? HTTP/1.1" 200 1024
190.171.141.114 - - [15/May/2024:17:11:58 -0300] "GET /cormun/servlet/trsolicitudadjuntos?2024,21417, HTTP/1.1" 200 9066
190.171.154.42 - - [15/May/2024:17:11:59 -0300] "POST /cormun/servlet/hlogin?40c854e15c843d9a0ec9795460dcc3cb,gx-no-cache=1715803777968 HTTP/1.1" 200 90
190.171.154.42 - - [15/May/2024:17:11:59 -0300] "GET /cormun/servlet/hpexe_link HTTP/1.1" 200 955
190.171.154.42 - - [15/May/2024:17:11:59 -0300] "GET /cormun/servlet/trpermisosgoce HTTP/1.1" 200 14462
190.171.141.114 - - [15/May/2024:17:12:04 -0300] "GET /cormun/servlet/solicitudotadjuntos?INS,2024,21417,,1, HTTP/1.1" 200 6059
190.171.154.42 - - [15/May/2024:17:12:04 -0300] "GET /cormun/servlet/permisogoce?INS,0,,, HTTP/1.1" 200 7170
190.171.141.114 - - [15/May/2024:17:12:09 -0300] "GET /cormun/servlet/solicitudotadjuntos?INS,2024,21417,,1, HTTP/1.1" 200 6059
190.171.141.114 - - [15/May/2024:17:12:09 -0300] "GET /cormun/static/about:blank HTTP/1.1" 404 1011
190.171.141.114 - - [15/May/2024:17:12:10 -0300] "GET /cormun/servlet/solicitudotadjuntos?b485cfae210e5a45781fdb002259cb4f596c214967567dffddde297615ac68df9da31764c14628bb8581e39d61ebf12d,gx-no-cache=1715803788551 HTTP/1.1" 200 30
190.171.141.114 - - [15/May/2024:17:12:10 -0300] "POST /cormun/servlet/solicitudotadjuntos?1d92d8c0d1ec0c355da3595e820bf37e,INS,2024,21417,,1,,gx-no-cache=1715803788575 HTTP/1.1" 200 3899
190.171.141.114 - - [15/May/2024:17:12:13 -0300] "POST /cormun/servlet/solicitudotadjuntos?gx-no-cache=1715803791770 HTTP/1.1" 200 26
190.171.141.114 - - [15/May/2024:17:12:28 -0300] "GET /cormun/servlet/solicitudotadjuntos?b485cfae210e5a45781fdb002259cb4ff57cdc07c4b56cf91118d896ebcaa780,gx-no-cache=1715803806430 HTTP/1.1" 200 30
190.171.141.114 - - [15/May/2024:17:12:36 -0300] "GET /cormun/servlet/solicitudotadjuntos?b485cfae210e5a45781fdb002259cb4ff57cdc07c4b56cf91118d896ebcaa780,gx-no-cache=1715803814185 HTTP/1.1" 200 30
190.171.141.114 - - [15/May/2024:17:12:36 -0300] "POST /cormun/servlet/solicitudotadjuntos?1d92d8c0d1ec0c355da3595e820bf37e,INS,2024,21417,,1, HTTP/1.1" 200 116
190.171.141.114 - - [15/May/2024:17:12:36 -0300] "GET /cormun/servlet/hpexe_return? HTTP/1.1" 200 1024
190.171.141.114 - - [15/May/2024:17:12:36 -0300] "GET /cormun/servlet/trsolicitudadjuntos?2024,21417, HTTP/1.1" 200 9347
190.171.141.114 - - [15/May/2024:17:12:43 -0300] "GET /cormun/servlet/solicitudotadjuntos?INS,2024,21417,,1, HTTP/1.1" 200 6059
190.171.141.114 - - [15/May/2024:17:12:43 -0300] "GET /cormun/static/about:blank HTTP/1.1" 404 1011
190.171.141.114 - - [15/May/2024:17:12:43 -0300] "GET /cormun/servlet/solicitudotadjuntos?b485cfae210e5a45781fdb002259cb4f596c214967567dffddde297615ac68df9da31764c14628bb8581e39d61ebf12d,gx-no-cache=1715803821739 HTTP/1.1" 200 30
190.171.141.114 - - [15/May/2024:17:12:43 -0300] "POST /cormun/servlet/solicitudotadjuntos?1d92d8c0d1ec0c355da3595e820bf37e,INS,2024,21417,,1,,gx-no-cache=1715803821781 HTTP/1.1" 200 3899
190.171.141.114 - - [15/May/2024:17:12:55 -0300] "POST /cormun/servlet/solicitudotadjuntos?gx-no-cache=1715803833154 HTTP/1.1" 200 26
190.171.141.114 - - [15/May/2024:17:13:03 -0300] "GET /cormun/servlet/solicitudotadjuntos?b485cfae210e5a45781fdb002259cb4ff57cdc07c4b56cf91118d896ebcaa780,gx-no-cache=1715803841426 HTTP/1.1" 200 30
190.171.154.42 - - [15/May/2024:17:13:08 -0300] "GET /cormun/servlet/permisogoce?8d5d17b0a551790a04e3a3bde4808a0d9d53ae26e88d445d85bda0e012222ae5608633aab6aa66ab5aa63cea3e6c767108e4c529f72e70559be96acf3e4e6279,gx-no-cache=1715803847398 HTTP/1.1" 200 79
190.171.141.114 - - [15/May/2024:17:13:10 -0300] "GET /cormun/servlet/solicitudotadjuntos?b485cfae210e5a45781fdb002259cb4ff57cdc07c4b56cf91118d896ebcaa780,gx-no-cache=1715803848891 HTTP/1.1" 200 30
190.171.141.114 - - [15/May/2024:17:13:11 -0300] "POST /cormun/servlet/solicitudotadjuntos?1d92d8c0d1ec0c355da3595e820bf37e,INS,2024,21417,,1, HTTP/1.1" 200 116
190.171.141.114 - - [15/May/2024:17:13:11 -0300] "GET /cormun/servlet/hpexe_return? HTTP/1.1" 200 1024
190.171.141.114 - - [15/May/2024:17:13:11 -0300] "GET /cormun/servlet/trsolicitudadjuntos?2024,21417, HTTP/1.1" 200 9581
190.171.154.42 - - [15/May/2024:17:13:15 -0300] "GET /cormun/static/menuarrow.gif HTTP/1.1" 404 1015
190.171.141.114 - - [15/May/2024:17:13:15 -0300] "GET /cormun/servlet/solicitudotadjuntos?INS,2024,21417,,1, HTTP/1.1" 200 6059
190.171.141.114 - - [15/May/2024:17:13:15 -0300] "GET /cormun/static/about:blank HTTP/1.1" 404 1011
190.171.141.114 - - [15/May/2024:17:13:15 -0300] "GET /cormun/servlet/solicitudotadjuntos?b485cfae210e5a45781fdb002259cb4f596c214967567dffddde297615ac68df9da31764c14628bb8581e39d61ebf12d,gx-no-cache=1715803853823 HTTP/1.1" 200 30
190.171.141.114 - - [15/May/2024:17:13:15 -0300] "POST /cormun/servlet/solicitudotadjuntos?1d92d8c0d1ec0c355da3595e820bf37e,INS,2024,21417,,1,,gx-no-cache=1715803853858 HTTP/1.1" 200 3899
190.171.154.42 - - [15/May/2024:17:13:19 -0300] "GET /cormun/servlet/permisogoce?8d5d17b0a551790a04e3a3bde4808a0d6c88ff58671757a275511597f2e166303ab737d685564b6f20d3443636395a4af127b0939bf5a89608af1a8ea1be9c76,gx-no-cache=1715803857847 HTTP/1.1" 200 47
190.171.141.114 - - [15/May/2024:17:13:22 -0300] "POST /cormun/servlet/solicitudotadjuntos?gx-no-cache=1715803860322 HTTP/1.1" 200 26
190.171.154.42 - - [15/May/2024:17:13:35 -0300] "POST /cormun/servlet/permisogoce?40c854e15c843d9a0ec9795460dcc3cb,INS,0,,,,gx-no-cache=1715803873375 HTTP/1.1" 200 93
190.171.154.42 - - [15/May/2024:17:13:35 -0300] "GET /cormun/servlet/hpexe_return? HTTP/1.1" 200 1009
190.171.141.114 - - [15/May/2024:17:13:35 -0300] "GET /cormun/servlet/solicitudotadjuntos?b485cfae210e5a45781fdb002259cb4ff57cdc07c4b56cf91118d896ebcaa780,gx-no-cache=1715803873626 HTTP/1.1" 200 30
190.171.154.42 - - [15/May/2024:17:13:35 -0300] "GET /cormun/servlet/trpermisosgoce HTTP/1.1" 200 14732
190.171.154.42 - - [15/May/2024:17:13:44 -0300] "GET /cormun/servlet/trpermisosadjuntos?16731886,20240515160938,P, HTTP/1.1" 200 6592
190.171.154.42 - - [15/May/2024:17:13:46 -0300] "GET /cormun/servlet/permisosadjuntos?INS,16731886,P,20240515160938,, HTTP/1.1" 200 5919
190.171.141.114 - - [15/May/2024:17:13:46 -0300] "GET /cormun/servlet/solicitudotadjuntos?b485cfae210e5a45781fdb002259cb4ff57cdc07c4b56cf91118d896ebcaa780,gx-no-cache=1715803884882 HTTP/1.1" 200 30
190.171.154.42 - - [15/May/2024:17:13:46 -0300] "GET /cormun/static/about:blank HTTP/1.1" 404 1011
190.171.141.114 - - [15/May/2024:17:13:47 -0300] "POST /cormun/servlet/solicitudotadjuntos?1d92d8c0d1ec0c355da3595e820bf37e,INS,2024,21417,,1, HTTP/1.1" 200 116
190.171.141.114 - - [15/May/2024:17:13:47 -0300] "GET /cormun/servlet/hpexe_return? HTTP/1.1" 200 1024
190.171.141.114 - - [15/May/2024:17:13:47 -0300] "GET /cormun/servlet/trsolicitudadjuntos?2024,21417, HTTP/1.1" 200 9870
190.171.141.114 - - [15/May/2024:17:13:51 -0300] "GET /cormun/servlet/solicitudotadjuntos?INS,2024,21417,,1, HTTP/1.1" 200 6059
190.171.154.42 - - [15/May/2024:17:13:54 -0300] "POST /cormun/servlet/permisosadjuntos?40c854e15c843d9a0ec9795460dcc3cb,INS,16731886,P,20240515160938,, HTTP/1.1" 200 116
190.171.154.42 - - [15/May/2024:17:13:54 -0300] "GET /cormun/servlet/hpexe_return? HTTP/1.1" 200 1038
190.171.154.42 - - [15/May/2024:17:13:54 -0300] "GET /cormun/servlet/trpermisosadjuntos?16731886,20240515160938,P, HTTP/1.1" 200 7130
190.171.154.42 - - [15/May/2024:17:13:59 -0300] "POST /cormun/servlet/trpermisosadjuntos?40c854e15c843d9a0ec9795460dcc3cb,16731886,20240515160938,P,,gx-no-cache=1715803898019 HTTP/1.1" 200 90
190.171.154.42 - - [15/May/2024:17:13:59 -0300] "GET /cormun/servlet/hpexe_link HTTP/1.1" 200 983
190.171.154.42 - - [15/May/2024:17:13:59 -0300] "GET /cormun/servlet/trpermisosgoce HTTP/1.1" 200 14733
190.171.141.114 - - [15/May/2024:17:14:01 -0300] "GET /cormun/servlet/solicitudotadjuntos?INS,2024,21417,,1, HTTP/1.1" 200 6059
190.171.141.114 - - [15/May/2024:17:14:01 -0300] "GET /cormun/static/about:blank HTTP/1.1" 404 1011
190.171.141.114 - - [15/May/2024:17:14:02 -0300] "GET /cormun/servlet/solicitudotadjuntos?b485cfae210e5a45781fdb002259cb4f596c214967567dffddde297615ac68df9da31764c14628bb8581e39d61ebf12d,gx-no-cache=1715803900529 HTTP/1.1" 200 30
190.171.141.114 - - [15/May/2024:17:14:02 -0300] "POST /cormun/servlet/solicitudotadjuntos?1d92d8c0d1ec0c355da3595e820bf37e,INS,2024,21417,,1,,gx-no-cache=1715803900548 HTTP/1.1" 200 3898
190.171.154.42 - - [15/May/2024:17:14:03 -0300] "POST /cormun/servlet/trpermisosgoce?40c854e15c843d9a0ec9795460dcc3cb,gx-no-cache=1715803901980 HTTP/1.1" 200 11824
190.171.154.42 - - [15/May/2024:17:14:03 -0300] "GET /cormun/static/Shared/jqueryui/images/ui-bg_highlight-soft_100_c6c2c8_1x100.png HTTP/1.1" 404 1117
190.171.154.42 - - [15/May/2024:17:14:03 -0300] "GET /cormun/static/Shared/jqueryui/images/ui-icons_82798d_256x240.png HTTP/1.1" 404 1089
190.171.154.42 - - [15/May/2024:17:14:03 -0300] "GET /cormun/static/Shared/jqueryui/images/ui-bg_flat_55_fafafa_40x100.png HTTP/1.1" 404 1097
190.171.154.42 - - [15/May/2024:17:14:03 -0300] "GET /cormun/static/Shared/jqueryui/images/ui-icons_8d78a5_256x240.png HTTP/1.1" 404 1089
190.171.141.114 - - [15/May/2024:17:14:05 -0300] "POST /cormun/servlet/solicitudotadjuntos?gx-no-cache=1715803903202 HTTP/1.1" 200 26
190.171.154.42 - - [15/May/2024:17:14:08 -0300] "GET /cormun/servlet/trautorizarpermisogoce? HTTP/1.1" 200 7943
190.171.154.42 - - [15/May/2024:17:14:12 -0300] "POST /cormun/servlet/trautorizarpermisogoce?40c854e15c843d9a0ec9795460dcc3cb,,gx-no-cache=1715803910952 HTTP/1.1" 200 4522
190.171.152.138 - - [15/May/2024:17:14:29 -0300] "GET /cormun/servlet/trpermisosadjuntos?20985850,20240515151406,P, HTTP/1.1" 200 5454
190.171.152.138 - - [15/May/2024:17:14:30 -0300] "GET /cormun/static/gxcfg.js?2020121641683 HTTP/1.1" 200 953
190.171.152.138 - - [15/May/2024:17:14:30 -0300] "GET /cormun/static/trpermisosadjuntos.js?2020121642996 HTTP/1.1" 200 20158
190.171.152.138 - - [15/May/2024:17:14:30 -0300] "GET /cormun/servlet/hlogin HTTP/1.1" 200 1763
190.171.141.114 - - [15/May/2024:17:14:37 -0300] "GET /cormun/servlet/solicitudotadjuntos?b485cfae210e5a45781fdb002259cb4ff57cdc07c4b56cf91118d896ebcaa780,gx-no-cache=1715803925985 HTTP/1.1" 200 30
190.171.141.114 - - [15/May/2024:17:14:37 -0300] "GET /cormun/servlet/solicitudotadjuntos?b485cfae210e5a45781fdb002259cb4ff57cdc07c4b56cf91118d896ebcaa780,gx-no-cache=1715803935605 HTTP/1.1" 200 30
190.171.141.114 - - [15/May/2024:17:14:37 -0300] "POST /cormun/servlet/solicitudotadjuntos?1d92d8c0d1ec0c355da3595e820bf37e,INS,2024,21417,,1, HTTP/1.1" 200 116
190.171.141.114 - - [15/May/2024:17:14:37 -0300] "GET /cormun/servlet/hpexe_return? HTTP/1.1" 200 1024
190.171.141.114 - - [15/May/2024:17:14:38 -0300] "GET /cormun/servlet/trsolicitudadjuntos?2024,21417, HTTP/1.1" 200 10181
190.171.141.114 - - [15/May/2024:17:14:41 -0300] "GET /cormun/servlet/solicitudotadjuntos?INS,2024,21417,,1, HTTP/1.1" 200 6059
190.171.141.114 - - [15/May/2024:17:14:41 -0300] "GET /cormun/static/about:blank HTTP/1.1" 404 1011
190.171.141.114 - - [15/May/2024:17:14:42 -0300] "GET /cormun/servlet/solicitudotadjuntos?b485cfae210e5a45781fdb002259cb4f596c214967567dffddde297615ac68df9da31764c14628bb8581e39d61ebf12d,gx-no-cache=1715803940123 HTTP/1.1" 200 30
190.171.141.114 - - [15/May/2024:17:14:42 -0300] "POST /cormun/servlet/solicitudotadjuntos?1d92d8c0d1ec0c355da3595e820bf37e,INS,2024,21417,,1,,gx-no-cache=1715803940141 HTTP/1.1" 200 3898
190.171.141.114 - - [15/May/2024:17:14:45 -0300] "POST /cormun/servlet/solicitudotadjuntos?gx-no-cache=1715803943161 HTTP/1.1" 200 26
190.171.152.138 - - [15/May/2024:17:15:22 -0300] "POST /cormun/servlet/hlogin?1d41a301d8ed194948d957f4d46ac439,gx-no-cache=1715803981392 HTTP/1.1" 200 90
190.171.152.138 - - [15/May/2024:17:15:22 -0300] "GET /cormun/servlet/hpexe_link HTTP/1.1" 200 982
190.171.152.138 - - [15/May/2024:17:15:23 -0300] "GET /cormun/servlet/trpermisosadjuntos?20985850,20240515151406,P, HTTP/1.1" 200 6010
190.171.152.138 - - [15/May/2024:17:15:33 -0300] "GET /cormun/servlet/permisosadjuntos?INS,20985850,P,20240515151406,, HTTP/1.1" 200 5507
190.171.152.138 - - [15/May/2024:17:15:33 -0300] "GET /cormun/static/gxcfg.js?20201215134212 HTTP/1.1" 200 953
190.171.152.138 - - [15/May/2024:17:15:33 -0300] "GET /cormun/static/permisosadjuntos.js?20201215134285 HTTP/1.1" 200 8724
190.171.152.138 - - [15/May/2024:17:15:34 -0300] "GET /cormun/static/about:blank HTTP/1.1" 404 1011
190.171.152.138 - - [15/May/2024:17:16:13 -0300] "POST /cormun/servlet/permisosadjuntos?1d41a301d8ed194948d957f4d46ac439,INS,20985850,P,20240515151406,, HTTP/1.1" 200 116
190.171.152.138 - - [15/May/2024:17:16:13 -0300] "GET /cormun/servlet/hpexe_return? HTTP/1.1" 200 1037
190.171.152.138 - - [15/May/2024:17:16:14 -0300] "GET /cormun/servlet/trpermisosadjuntos?20985850,20240515151406,P, HTTP/1.1" 200 6546
190.171.152.138 - - [15/May/2024:17:16:27 -0300] "GET /cormun/servlet/trpermisosgoce? HTTP/1.1" 200 11193
190.171.152.138 - - [15/May/2024:17:16:32 -0300] "POST /cormun/servlet/trpermisosgoce?1d41a301d8ed194948d957f4d46ac439,,gx-no-cache=1715804050651 HTTP/1.1" 200 8528
190.171.152.138 - - [15/May/2024:17:16:32 -0300] "GET /cormun/static/Shared/jqueryui/images/ui-bg_highlight-soft_100_c6c2c8_1x100.png HTTP/1.1" 404 1117
190.171.152.138 - - [15/May/2024:17:16:32 -0300] "GET /cormun/static/Shared/jqueryui/images/ui-icons_82798d_256x240.png HTTP/1.1" 404 1089
190.171.152.138 - - [15/May/2024:17:16:32 -0300] "GET /cormun/static/Shared/jqueryui/images/ui-bg_flat_55_fafafa_40x100.png HTTP/1.1" 404 1097
190.171.152.138 - - [15/May/2024:17:16:32 -0300] "GET /cormun/static/Shared/jqueryui/images/ui-icons_8d78a5_256x240.png HTTP/1.1" 404 1089
190.171.141.114 - - [15/May/2024:17:16:35 -0300] "GET /cormun/servlet/solicitudotadjuntos?b485cfae210e5a45781fdb002259cb4ff57cdc07c4b56cf91118d896ebcaa780,gx-no-cache=1715804051954 HTTP/1.1" 200 30
190.171.141.114 - - [15/May/2024:17:16:35 -0300] "GET /cormun/servlet/solicitudotadjuntos?b485cfae210e5a45781fdb002259cb4ff57cdc07c4b56cf91118d896ebcaa780,gx-no-cache=1715804053186 HTTP/1.1" 200 30
190.171.141.114 - - [15/May/2024:17:16:35 -0300] "POST /cormun/servlet/solicitudotadjuntos?1d92d8c0d1ec0c355da3595e820bf37e,INS,2024,21417,,1, HTTP/1.1" 200 116
190.171.141.114 - - [15/May/2024:17:16:35 -0300] "GET /cormun/servlet/hpexe_return? HTTP/1.1" 200 1024
190.171.141.114 - - [15/May/2024:17:16:35 -0300] "GET /cormun/servlet/trsolicitudadjuntos?2024,21417, HTTP/1.1" 200 10366
190.171.152.138 - - [15/May/2024:17:16:52 -0300] "GET /cormun/servlet/hlogin HTTP/1.1" 200 1741
190.171.152.138 - - [15/May/2024:17:17:12 -0300] "POST /cormun/servlet/hlogin?1d41a301d8ed194948d957f4d46ac439,gx-no-cache=1715804090648 HTTP/1.1" 200 90
190.171.152.138 - - [15/May/2024:17:17:12 -0300] "GET /cormun/servlet/hpexe_link HTTP/1.1" 200 953
190.171.152.138 - - [15/May/2024:17:17:12 -0300] "GET /cormun/servlet/hhome HTTP/1.1" 200 4318
190.171.152.138 - - [15/May/2024:17:17:12 -0300] "GET /cormun/static/SmoothNavMenu/resources/images/right.gif HTTP/1.1" 200 860
190.171.152.138 - - [15/May/2024:17:17:15 -0300] "GET /cormun/servlet/trautorizarpermisogoce? HTTP/1.1" 200 8010
190.171.152.138 - - [15/May/2024:17:17:15 -0300] "GET /cormun/static/gxcfg.js?2020121645532 HTTP/1.1" 200 953
190.171.152.138 - - [15/May/2024:17:17:15 -0300] "GET /cormun/static/trautorizarpermisogoce.js?2020121651492 HTTP/1.1" 200 34948
190.171.152.138 - - [15/May/2024:17:17:22 -0300] "POST /cormun/servlet/trautorizarpermisogoce?1d41a301d8ed194948d957f4d46ac439,,gx-no-cache=1715804100658 HTTP/1.1" 200 4518
190.171.152.138 - - [15/May/2024:17:17:22 -0300] "GET /cormun/static/Shared/jqueryui/images/ui-icons_82798d_256x240.png HTTP/1.1" 404 1089
190.171.152.138 - - [15/May/2024:17:17:22 -0300] "GET /cormun/static/Shared/jqueryui/images/ui-bg_highlight-soft_100_c6c2c8_1x100.png HTTP/1.1" 404 1117
190.171.152.138 - - [15/May/2024:17:17:22 -0300] "GET /cormun/static/Shared/jqueryui/images/ui-bg_flat_55_fafafa_40x100.png HTTP/1.1" 404 1097
190.171.152.138 - - [15/May/2024:17:17:22 -0300] "GET /cormun/static/Shared/jqueryui/images/ui-icons_8d78a5_256x240.png HTTP/1.1" 404 1089
190.171.152.138 - - [15/May/2024:17:17:32 -0300] "GET /cormun/servlet/hlogin HTTP/1.1" 200 1746
190.171.143.82 - - [15/May/2024:17:17:38 -0300] "GET /cormun/servlet/permisogoce?INS,0,,, HTTP/1.1" 200 7151
190.171.152.138 - - [15/May/2024:17:17:44 -0300] "POST /cormun/servlet/hlogin?1d41a301d8ed194948d957f4d46ac439,gx-no-cache=1715804123151 HTTP/1.1" 200 90
190.171.152.138 - - [15/May/2024:17:17:44 -0300] "GET /cormun/servlet/hpexe_link HTTP/1.1" 200 953
190.171.152.138 - - [15/May/2024:17:17:44 -0300] "GET /cormun/servlet/hhome HTTP/1.1" 200 3865
190.171.152.138 - - [15/May/2024:17:17:47 -0300] "GET /cormun/servlet/trpermisosgoce? HTTP/1.1" 200 11127
190.171.152.138 - - [15/May/2024:17:17:55 -0300] "GET /cormun/servlet/hlogin HTTP/1.1" 200 1741
190.171.143.82 - - [15/May/2024:17:18:09 -0300] "GET /cormun/servlet/permisogoce?f79ee794de3c0e6aab7535125be76f7e1fbaf2b34051c7496837e54e1d0ab598b6f884dcd907c1198230fe9580c59524ff330f40a58f0deb93a548879099a909,gx-no-cache=1715804148439 HTTP/1.1" 200 84
190.171.143.82 - - [15/May/2024:17:18:16 -0300] "GET /cormun/servlet/permisogoce?f79ee794de3c0e6aab7535125be76f7e81a72b59f61c3ebc67e99d47b0f79b1e88b113c29e48a91e91ec9b44a8b8081549a08a98691278ef2c9f7ac5b4a1fef1,gx-no-cache=1715804155607 HTTP/1.1" 200 48
190.171.143.82 - - [15/May/2024:17:18:19 -0300] "POST /cormun/servlet/permisogoce?f8ef8bd579a7d8eaf5ec89e81277033a,INS,0,,,,gx-no-cache=1715804158073 HTTP/1.1" 200 93
190.171.143.82 - - [15/May/2024:17:18:19 -0300] "GET /cormun/servlet/hpexe_return? HTTP/1.1" 200 1012
190.171.143.82 - - [15/May/2024:17:18:20 -0300] "GET /cormun/servlet/trpermisosgoce HTTP/1.1" 200 16128
190.171.143.82 - - [15/May/2024:17:18:28 -0300] "GET /cormun/servlet/apermisogoceprn?18057676,P,20240515161512,PU HTTP/1.1" 200 1654
190.171.141.106 - - [15/May/2024:17:18:36 -0300] "GET /cormun/servlet/trlicencias? HTTP/1.1" 200 6043
190.171.141.106 - - [15/May/2024:17:18:37 -0300] "GET /cormun/servlet/hlogin HTTP/1.1" 200 1737
190.171.141.106 - - [15/May/2024:17:18:39 -0300] "POST /cormun/servlet/hlogin?235e2161e96b3b7c804b1dbfbf3fdbaf,gx-no-cache=1715804180223 HTTP/1.1" 200 90
190.171.141.106 - - [15/May/2024:17:18:39 -0300] "GET /cormun/servlet/hpexe_link HTTP/1.1" 200 954
190.171.141.106 - - [15/May/2024:17:18:40 -0300] "GET /cormun/servlet/trlicencias HTTP/1.1" 200 13902
190.171.141.114 - - [15/May/2024:17:19:17 -0300] "POST /cormun/servlet/trsolicitudadjuntos?1d92d8c0d1ec0c355da3595e820bf37e,2024,21417,,gx-no-cache=1715804208743 HTTP/1.1" 200 90
190.171.141.114 - - [15/May/2024:17:19:17 -0300] "GET /cormun/servlet/hpexe_link HTTP/1.1" 200 966
190.171.141.114 - - [15/May/2024:17:19:18 -0300] "GET /cormun/servlet/trsolicitudot HTTP/1.1" 200 9109
190.171.141.114 - - [15/May/2024:17:19:42 -0300] "POST /cormun/servlet/trsolicitudot?1d92d8c0d1ec0c355da3595e820bf37e,gx-no-cache=1715804240094 HTTP/1.1" 200 5777
190.171.141.114 - - [15/May/2024:17:19:42 -0300] "GET /cormun/static/Shared/jqueryui/images/ui-bg_flat_55_fafafa_40x100.png HTTP/1.1" 404 1097
190.171.141.114 - - [15/May/2024:17:19:42 -0300] "GET /cormun/static/Shared/jqueryui/images/ui-icons_8d78a5_256x240.png HTTP/1.1" 404 1089
190.171.141.114 - - [15/May/2024:17:19:42 -0300] "POST /cormun/servlet/trsolicitudot?1d92d8c0d1ec0c355da3595e820bf37e,gx-no-cache=1715804240358 HTTP/1.1" 200 5718
190.171.154.42 - - [15/May/2024:17:22:39 -0300] "GET /cormun/servlet/trlicencias? HTTP/1.1" 200 12202
190.171.154.42 - - [15/May/2024:17:22:48 -0300] "GET /cormun/servlet/trsolicitudot? HTTP/1.1" 200 8883
190.171.152.138 - - [15/May/2024:17:24:48 -0300] "GET /cormun/servlet/hlogin HTTP/1.1" 200 1722
190.171.152.138 - - [15/May/2024:17:25:04 -0300] "POST /cormun/servlet/hlogin?1d41a301d8ed194948d957f4d46ac439,gx-no-cache=1715804563311 HTTP/1.1" 200 90
190.171.152.138 - - [15/May/2024:17:25:04 -0300] "GET /cormun/servlet/hpexe_link HTTP/1.1" 200 958
190.171.152.138 - - [15/May/2024:17:25:05 -0300] "GET /cormun/servlet/trpermisosgoce HTTP/1.1" 200 11126
190.171.152.138 - - [15/May/2024:17:25:14 -0300] "GET /cormun/servlet/trlicencias? HTTP/1.1" 200 9632
190.171.152.138 - - [15/May/2024:17:25:14 -0300] "GET /cormun/static/gxcfg.js?202211298463625 HTTP/1.1" 200 953
190.171.152.138 - - [15/May/2024:17:25:14 -0300] "GET /cormun/static/trlicencias.js?202211298463889 HTTP/1.1" 200 41883
190.171.152.138 - - [15/May/2024:17:25:31 -0300] "GET /cormun/servlet/hlogin HTTP/1.1" 200 1738
190.171.141.114 - - [15/May/2024:17:28:38 -0300] "GET /cormun/servlet/solicitudot?INS,0,0,false, HTTP/1.1" 200 15993
190.171.141.114 - - [15/May/2024:17:28:53 -0300] "POST /cormun/servlet/solicitudot?gx-no-cache=1715804791800 HTTP/1.1" 200 4022
190.171.141.114 - - [15/May/2024:17:28:53 -0300] "POST /cormun/servlet/solicitudot?1d92d8c0d1ec0c355da3595e820bf37e,INS,0,0,false,,gx-no-cache=1715804791936 HTTP/1.1" 200 12601
190.171.141.114 - - [15/May/2024:17:28:56 -0300] "GET /cormun/servlet/solicitudot?b485cfae210e5a45781fdb002259cb4fad2944b6c761dc88cbc2759452dc4cbac554e26b8bc3e133ab7ae536034fd63a,gx-no-cache=1715804794216 HTTP/1.1" 200 30
200.54.107.2 - - [15/May/2024:17:30:27 -0300] "GET /cormun/servlet/hlogin HTTP/1.1" 200 1723
200.54.107.2 - - [15/May/2024:17:30:37 -0300] "GET /cormun/servlet/hlogin HTTP/1.1" 200 1733
200.54.107.2 - - [15/May/2024:17:30:43 -0300] "POST /cormun/servlet/hlogin?e54ee0bcbf6a6ea11f355782100676fa,gx-no-cache=1715804902222 HTTP/1.1" 200 90
200.54.107.2 - - [15/May/2024:17:30:43 -0300] "GET /cormun/servlet/hpexe_link HTTP/1.1" 200 952
200.54.107.2 - - [15/May/2024:17:30:43 -0300] "GET /cormun/servlet/hhome HTTP/1.1" 200 4356
190.171.149.74 - - [15/May/2024:17:30:56 -0300] "GET /cormun/servlet/trlicencias? HTTP/1.1" 200 6051
190.171.149.74 - - [15/May/2024:17:30:56 -0300] "GET /cormun/servlet/hlogin HTTP/1.1" 200 1737
190.171.149.74 - - [15/May/2024:17:31:02 -0300] "POST /cormun/servlet/hlogin?d2cef17e294a54ffdbbb1e614dc4b84b,gx-no-cache=1715804918545 HTTP/1.1" 200 90
190.171.149.74 - - [15/May/2024:17:31:02 -0300] "GET /cormun/servlet/hpexe_link HTTP/1.1" 200 956
190.171.149.74 - - [15/May/2024:17:31:02 -0300] "GET /cormun/servlet/trlicencias HTTP/1.1" 200 13730
200.54.107.2 - - [15/May/2024:17:31:28 -0300] "GET /cormun/servlet/trlicencias? HTTP/1.1" 200 9846
190.171.141.114 - - [15/May/2024:17:34:47 -0300] "GET /cormun/servlet/solicitudot?b485cfae210e5a45781fdb002259cb4f0a1631c7788c607e511a4cfa3ddf8043,gx-no-cache=1715805145693 HTTP/1.1" 200 94
190.171.141.114 - - [15/May/2024:17:34:47 -0300] "GET /cormun/static/Shared/jqueryui/images/ui-bg_highlight-soft_100_c6c2c8_1x100.png HTTP/1.1" 404 1117
190.171.141.114 - - [15/May/2024:17:34:47 -0300] "GET /cormun/static/Shared/jqueryui/images/ui-icons_82798d_256x240.png HTTP/1.1" 404 1089
190.171.141.114 - - [15/May/2024:17:34:47 -0300] "GET /cormun/static/Shared/jqueryui/images/ui-bg_flat_55_994d53_40x100.png HTTP/1.1" 404 1097
190.171.141.114 - - [15/May/2024:17:34:47 -0300] "GET /cormun/static/Shared/jqueryui/images/ui-icons_ebccce_256x240.png HTTP/1.1" 404 1089
190.171.141.114 - - [15/May/2024:17:34:47 -0300] "GET /cormun/servlet/solicitudot?b485cfae210e5a45781fdb002259cb4fb20fb61421dd940e7478915d35e0f258,gx-no-cache=1715805145777 HTTP/1.1" 200 29
190.171.141.114 - - [15/May/2024:17:34:47 -0300] "POST /cormun/servlet/solicitudot?gx-no-cache=1715805145803 HTTP/1.1" 200 297
190.171.141.114 - - [15/May/2024:17:34:51 -0300] "GET /cormun/servlet/solicitudot?b485cfae210e5a45781fdb002259cb4fde6df6d44e2408dd0cb58fbf392e932d0cabcb74c2df8f8476d852dfff9455327e8befaf34dca9d4bc249bf8f5c9835db5615e92c05f8651031d9d5ae017883d431b631db32912b0f687cf4ef8d982971103d65cdde150ecae0baf202b460e7a9abb6b6db756f91d8aec98726cd142549406cc15420c3607faae009e1b71b70811d9619a6e1c887489f0fa79d17067a0239999c99279ec7c9bece452ca9e496e60d62faebc29511f0dabb0ff5dc4d008ff2e3158dfe74da2eaea96e3c2299f4e96cb2511682c9ad9aaf6b987ca6d865d095777a0b6b988470178249a674b8253edb8090e6bcddd93fe8f324b65ea500692a5f54558c9f64b72c95f6f7b82e3bc8f5dc94cc41ee91135129dec3ebb53051bdcb31beeebab2e97ee1776594ea20eae8c1e06c38b7909cb30ca9973532729794393d4915bad9fdeecf173071a8f270f6eabc47792e3ea040f31180bf68329938cc502e6ee148cad47fe5f374f690567447b5d385c32eb0d68c22df1f19584b2a9a8c587d8096f0fefca057814bcde,gx-no-cache=1715805149442 HTTP/1.1" 200 30
190.171.141.114 - - [15/May/2024:17:35:42 -0300] "GET /cormun/servlet/solicitudot?b485cfae210e5a45781fdb002259cb4fb48afadf13a1a8085264e5cd57b64d01cf044140387247ebf6534f641b1ccf56ea813d39cde0bf1b1382e345c613eeae,gx-no-cache=1715805198958 HTTP/1.1" 200 30
190.171.141.114 - - [15/May/2024:17:35:42 -0300] "POST /cormun/servlet/solicitudot?gx-no-cache=1715805200286 HTTP/1.1" 200 30
190.171.141.114 - - [15/May/2024:17:35:42 -0300] "POST /cormun/servlet/solicitudot?gx-no-cache=1715805200324 HTTP/1.1" 200 1479
190.171.141.114 - - [15/May/2024:17:35:42 -0300] "POST /cormun/servlet/solicitudot?gx-no-cache=1715805200365 HTTP/1.1" 200 38
190.171.141.114 - - [15/May/2024:17:35:54 -0300] "GET /cormun/servlet/solicitudot?b485cfae210e5a45781fdb002259cb4f72a05f742961c34bb78b4a402dce3968d7c28febdf991675a52ce388c1840261d9607118714e9d3104423cf4f2d42a0fb799e6cdcc6a16e124aa722ea9823190db49d24f75bbc9154e26fd9e65d71c4e956f640fc9fa8a9eee15ebb656e69127,gx-no-cache=1715805212871 HTTP/1.1" 200 110
190.171.141.114 - - [15/May/2024:17:36:01 -0300] "POST /cormun/servlet/solicitudot?gx-no-cache=1715805219334 HTTP/1.1" 200 110
190.171.141.114 - - [15/May/2024:17:36:09 -0300] "GET /cormun/servlet/solicitudot?b485cfae210e5a45781fdb002259cb4f9506093cd84dec31cc3d86cc4c287976ae1039c86ae8037be33c365313427f561c542776dfa434c9ac6df1e7638a7361b9f9854a28f94c61e8a1d2c1b502fb524691ac1325c41fd073a458b203db530d2e0c1ed673a5e0543559d054c7710d7d,gx-no-cache=1715805227171 HTTP/1.1" 200 29
190.171.141.114 - - [15/May/2024:17:36:09 -0300] "GET /cormun/static/menuarrow.gif HTTP/1.1" 404 1015
190.171.141.114 - - [15/May/2024:17:36:13 -0300] "GET /cormun/servlet/solicitudot?b485cfae210e5a45781fdb002259cb4fa0e94e8bad5bc6fc0c98cc16fc851af46810ecc111885627885fdb7e92d13d73,gx-no-cache=1715805231443 HTTP/1.1" 200 30
190.171.141.114 - - [15/May/2024:17:36:21 -0300] "POST /cormun/servlet/solicitudot?gx-no-cache=1715805239692 HTTP/1.1" 200 30
190.171.141.114 - - [15/May/2024:17:37:18 -0300] "POST /cormun/servlet/solicitudot?gx-no-cache=1715805292131 HTTP/1.1" 200 30
190.171.141.114 - - [15/May/2024:17:37:23 -0300] "POST /cormun/servlet/solicitudot?gx-no-cache=1715805301112 HTTP/1.1" 200 1481
190.171.141.114 - - [15/May/2024:17:37:23 -0300] "POST /cormun/servlet/solicitudot?gx-no-cache=1715805301146 HTTP/1.1" 200 41
190.171.141.114 - - [15/May/2024:17:37:23 -0300] "GET /cormun/servlet/solicitudot?b485cfae210e5a45781fdb002259cb4f72a05f742961c34bb78b4a402dce3968d7c28febdf991675a52ce388c1840261d9607118714e9d3104423cf4f2d42a0fb799e6cdcc6a16e124aa722ea9823190db49d24f75bbc9154e26fd9e65d71c4e956f640fc9fa8a9eee15ebb656e69127,gx-no-cache=1715805301172 HTTP/1.1" 200 110
190.171.141.114 - - [15/May/2024:17:37:23 -0300] "POST /cormun/servlet/solicitudot?gx-no-cache=1715805301196 HTTP/1.1" 200 110
190.171.141.114 - - [15/May/2024:17:37:23 -0300] "GET /cormun/servlet/solicitudot?b485cfae210e5a45781fdb002259cb4fa0e94e8bad5bc6fc0c98cc16fc851af46810ecc111885627885fdb7e92d13d73,gx-no-cache=1715805301223 HTTP/1.1" 200 30
190.171.141.114 - - [15/May/2024:17:37:23 -0300] "POST /cormun/servlet/solicitudot?gx-no-cache=1715805301243 HTTP/1.1" 200 30
190.171.141.114 - - [15/May/2024:17:37:23 -0300] "POST /cormun/servlet/solicitudot?1d92d8c0d1ec0c355da3595e820bf37e,INS,0,0,false,,gx-no-cache=1715805301293 HTTP/1.1" 200 93
190.171.141.114 - - [15/May/2024:17:37:23 -0300] "GET /cormun/servlet/hpexe_return? HTTP/1.1" 200 1026
190.171.141.114 - - [15/May/2024:17:37:23 -0300] "GET /cormun/servlet/trsolicitudot?gx-no-cache=1715804240358 HTTP/1.1" 200 9035
190.171.141.114 - - [15/May/2024:17:37:28 -0300] "POST /cormun/servlet/trsolicitudot?1d92d8c0d1ec0c355da3595e820bf37e,gx-no-cache=1715804240358,gx-no-cache=1715805306432 HTTP/1.1" 200 107
190.171.141.114 - - [15/May/2024:17:37:28 -0300] "GET /cormun/servlet/trsolicitudadjuntos?2024,21418, HTTP/1.1" 200 6133
190.171.141.114 - - [15/May/2024:17:37:30 -0300] "GET /cormun/servlet/solicitudotadjuntos?INS,2024,21418,,1, HTTP/1.1" 200 6058
190.171.141.114 - - [15/May/2024:17:37:31 -0300] "GET /cormun/static/about:blank HTTP/1.1" 404 1011
190.171.141.114 - - [15/May/2024:17:37:31 -0300] "GET /cormun/servlet/solicitudotadjuntos?b485cfae210e5a45781fdb002259cb4f59532d64798a79c6560ded8c4e630f0af0db7b8c82c4463454de2dd9ece23b20,gx-no-cache=1715805309595 HTTP/1.1" 200 30
190.171.141.114 - - [15/May/2024:17:37:31 -0300] "POST /cormun/servlet/solicitudotadjuntos?1d92d8c0d1ec0c355da3595e820bf37e,INS,2024,21418,,1,,gx-no-cache=1715805309633 HTTP/1.1" 200 3868
190.171.141.114 - - [15/May/2024:17:37:35 -0300] "POST /cormun/servlet/solicitudotadjuntos?gx-no-cache=1715805313931 HTTP/1.1" 200 26
190.171.141.114 - - [15/May/2024:17:38:24 -0300] "GET /cormun/servlet/solicitudotadjuntos?b485cfae210e5a45781fdb002259cb4ff57cdc07c4b56cf91118d896ebcaa780,gx-no-cache=1715805362931 HTTP/1.1" 200 30
190.171.141.114 - - [15/May/2024:17:38:24 -0300] "GET /cormun/servlet/solicitudotadjuntos?b485cfae210e5a45781fdb002259cb4ff57cdc07c4b56cf91118d896ebcaa780,gx-no-cache=1715805362960 HTTP/1.1" 200 30
190.171.141.114 - - [15/May/2024:17:38:25 -0300] "POST /cormun/servlet/solicitudotadjuntos?1d92d8c0d1ec0c355da3595e820bf37e,INS,2024,21418,,1, HTTP/1.1" 200 116
190.171.141.114 - - [15/May/2024:17:38:25 -0300] "GET /cormun/servlet/hpexe_return? HTTP/1.1" 200 1024
190.171.141.114 - - [15/May/2024:17:38:25 -0300] "GET /cormun/servlet/trsolicitudadjuntos?2024,21418, HTTP/1.1" 200 9064
190.171.141.114 - - [15/May/2024:17:38:27 -0300] "GET /cormun/servlet/solicitudotadjuntos?INS,2024,21418,,1, HTTP/1.1" 200 6059
190.171.141.114 - - [15/May/2024:17:38:27 -0300] "GET /cormun/static/about:blank HTTP/1.1" 404 1011
190.171.141.114 - - [15/May/2024:17:38:28 -0300] "GET /cormun/servlet/solicitudotadjuntos?b485cfae210e5a45781fdb002259cb4f59532d64798a79c6560ded8c4e630f0af0db7b8c82c4463454de2dd9ece23b20,gx-no-cache=1715805366309 HTTP/1.1" 200 30
190.171.141.114 - - [15/May/2024:17:38:28 -0300] "POST /cormun/servlet/solicitudotadjuntos?1d92d8c0d1ec0c355da3595e820bf37e,INS,2024,21418,,1,,gx-no-cache=1715805366327 HTTP/1.1" 200 3868
190.171.141.114 - - [15/May/2024:17:38:30 -0300] "POST /cormun/servlet/solicitudotadjuntos?gx-no-cache=1715805368803 HTTP/1.1" 200 26
190.171.141.114 - - [15/May/2024:17:38:39 -0300] "GET /cormun/servlet/solicitudotadjuntos?b485cfae210e5a45781fdb002259cb4ff57cdc07c4b56cf91118d896ebcaa780,gx-no-cache=1715805377187 HTTP/1.1" 200 30
190.171.141.114 - - [15/May/2024:17:38:39 -0300] "GET /cormun/servlet/solicitudotadjuntos?b485cfae210e5a45781fdb002259cb4ff57cdc07c4b56cf91118d896ebcaa780,gx-no-cache=1715805377209 HTTP/1.1" 200 30
190.171.141.114 - - [15/May/2024:17:38:39 -0300] "POST /cormun/servlet/solicitudotadjuntos?1d92d8c0d1ec0c355da3595e820bf37e,INS,2024,21418,,1, HTTP/1.1" 200 116
190.171.141.114 - - [15/May/2024:17:38:39 -0300] "GET /cormun/servlet/hpexe_return? HTTP/1.1" 200 1024
190.171.141.114 - - [15/May/2024:17:38:39 -0300] "GET /cormun/servlet/trsolicitudadjuntos?2024,21418, HTTP/1.1" 200 9318
190.171.141.114 - - [15/May/2024:17:38:41 -0300] "GET /cormun/servlet/solicitudotadjuntos?INS,2024,21418,,1, HTTP/1.1" 200 6059
190.171.141.114 - - [15/May/2024:17:38:42 -0300] "GET /cormun/static/about:blank HTTP/1.1" 404 1011
190.171.141.114 - - [15/May/2024:17:38:42 -0300] "GET /cormun/servlet/solicitudotadjuntos?b485cfae210e5a45781fdb002259cb4f59532d64798a79c6560ded8c4e630f0af0db7b8c82c4463454de2dd9ece23b20,gx-no-cache=1715805380635 HTTP/1.1" 200 30
190.171.141.114 - - [15/May/2024:17:38:42 -0300] "POST /cormun/servlet/solicitudotadjuntos?1d92d8c0d1ec0c355da3595e820bf37e,INS,2024,21418,,1,,gx-no-cache=1715805380652 HTTP/1.1" 200 3868
190.171.141.114 - - [15/May/2024:17:38:45 -0300] "POST /cormun/servlet/solicitudotadjuntos?gx-no-cache=1715805383075 HTTP/1.1" 200 26
190.171.141.114 - - [15/May/2024:17:38:55 -0300] "GET /cormun/servlet/solicitudotadjuntos?b485cfae210e5a45781fdb002259cb4ff57cdc07c4b56cf91118d896ebcaa780,gx-no-cache=1715805393299 HTTP/1.1" 200 30
190.171.141.114 - - [15/May/2024:17:38:55 -0300] "GET /cormun/servlet/solicitudotadjuntos?b485cfae210e5a45781fdb002259cb4ff57cdc07c4b56cf91118d896ebcaa780,gx-no-cache=1715805393318 HTTP/1.1" 200 30
190.171.141.114 - - [15/May/2024:17:38:55 -0300] "POST /cormun/servlet/solicitudotadjuntos?1d92d8c0d1ec0c355da3595e820bf37e,INS,2024,21418,,1, HTTP/1.1" 200 116
190.171.141.114 - - [15/May/2024:17:38:55 -0300] "GET /cormun/servlet/hpexe_return? HTTP/1.1" 200 1024
190.171.141.114 - - [15/May/2024:17:38:55 -0300] "GET /cormun/servlet/trsolicitudadjuntos?2024,21418, HTTP/1.1" 200 9548
190.171.141.114 - - [15/May/2024:17:39:00 -0300] "GET /cormun/servlet/solicitudotadjuntos?INS,2024,21418,,1, HTTP/1.1" 200 6059
190.171.141.114 - - [15/May/2024:17:39:00 -0300] "GET /cormun/static/about:blank HTTP/1.1" 404 1011
190.171.141.114 - - [15/May/2024:17:39:00 -0300] "GET /cormun/servlet/solicitudotadjuntos?b485cfae210e5a45781fdb002259cb4f59532d64798a79c6560ded8c4e630f0af0db7b8c82c4463454de2dd9ece23b20,gx-no-cache=1715805398994 HTTP/1.1" 200 30
190.171.141.114 - - [15/May/2024:17:39:01 -0300] "POST /cormun/servlet/solicitudotadjuntos?1d92d8c0d1ec0c355da3595e820bf37e,INS,2024,21418,,1,,gx-no-cache=1715805399012 HTTP/1.1" 200 3868
190.171.141.138 - - [15/May/2024:17:39:02 -0300] "GET /cormun/servlet/hlogin HTTP/1.1" 200 1721
190.171.141.114 - - [15/May/2024:17:39:03 -0300] "POST /cormun/servlet/solicitudotadjuntos?gx-no-cache=1715805401628 HTTP/1.1" 200 26
190.171.141.114 - - [15/May/2024:17:39:10 -0300] "GET /cormun/servlet/solicitudotadjuntos?b485cfae210e5a45781fdb002259cb4ff57cdc07c4b56cf91118d896ebcaa780,gx-no-cache=1715805408420 HTTP/1.1" 200 30
190.171.141.114 - - [15/May/2024:17:39:17 -0300] "GET /cormun/servlet/solicitudotadjuntos?b485cfae210e5a45781fdb002259cb4ff57cdc07c4b56cf91118d896ebcaa780,gx-no-cache=1715805415355 HTTP/1.1" 200 30
190.171.141.114 - - [15/May/2024:17:39:17 -0300] "POST /cormun/servlet/solicitudotadjuntos?1d92d8c0d1ec0c355da3595e820bf37e,INS,2024,21418,,1, HTTP/1.1" 200 116
190.171.141.114 - - [15/May/2024:17:39:17 -0300] "GET /cormun/servlet/hpexe_return? HTTP/1.1" 200 1024
190.171.141.114 - - [15/May/2024:17:39:17 -0300] "GET /cormun/servlet/trsolicitudadjuntos?2024,21418, HTTP/1.1" 200 9805
190.171.141.114 - - [15/May/2024:17:39:20 -0300] "GET /cormun/servlet/solicitudotadjuntos?INS,2024,21418,,1, HTTP/1.1" 200 6059
190.171.141.114 - - [15/May/2024:17:39:20 -0300] "GET /cormun/static/about:blank HTTP/1.1" 404 1011
190.171.141.114 - - [15/May/2024:17:39:20 -0300] "GET /cormun/servlet/solicitudotadjuntos?b485cfae210e5a45781fdb002259cb4f59532d64798a79c6560ded8c4e630f0af0db7b8c82c4463454de2dd9ece23b20,gx-no-cache=1715805418876 HTTP/1.1" 200 30
190.171.141.114 - - [15/May/2024:17:39:20 -0300] "POST /cormun/servlet/solicitudotadjuntos?1d92d8c0d1ec0c355da3595e820bf37e,INS,2024,21418,,1,,gx-no-cache=1715805418911 HTTP/1.1" 200 3868
190.171.141.114 - - [15/May/2024:17:39:24 -0300] "POST /cormun/servlet/solicitudotadjuntos?gx-no-cache=1715805422188 HTTP/1.1" 200 26
190.171.141.138 - - [15/May/2024:17:39:46 -0300] "GET /cormun/servlet/trlicencias? HTTP/1.1" 200 6053
190.171.141.138 - - [15/May/2024:17:39:46 -0300] "GET /cormun/servlet/hlogin HTTP/1.1" 200 1738
190.171.141.138 - - [15/May/2024:17:39:49 -0300] "POST /cormun/servlet/hlogin?36a40c1923b10b33e73e066846c27e24,gx-no-cache=1715805448828 HTTP/1.1" 200 90
190.171.141.138 - - [15/May/2024:17:39:49 -0300] "GET /cormun/servlet/hpexe_link HTTP/1.1" 200 957
190.171.141.138 - - [15/May/2024:17:39:49 -0300] "GET /cormun/servlet/trlicencias HTTP/1.1" 200 14884
190.171.141.114 - - [15/May/2024:17:39:56 -0300] "POST /cormun/servlet/solicitudotadjuntos?gx-no-cache=1715805454899 HTTP/1.1" 200 26
190.171.141.114 - - [15/May/2024:17:40:08 -0300] "GET /cormun/servlet/solicitudotadjuntos?b485cfae210e5a45781fdb002259cb4ff57cdc07c4b56cf91118d896ebcaa780,gx-no-cache=1715805466892 HTTP/1.1" 200 30
190.171.141.114 - - [15/May/2024:17:40:08 -0300] "GET /cormun/servlet/solicitudotadjuntos?b485cfae210e5a45781fdb002259cb4ff57cdc07c4b56cf91118d896ebcaa780,gx-no-cache=1715805466910 HTTP/1.1" 200 30
