190.171.149.82 - - [15/May/2024:11:59:54 -0300] "GET /cormun/static/trfichaempleado.js?201991420132430 HTTP/1.1" 200 22815
190.171.149.82 - - [15/May/2024:11:59:54 -0300] "GET /cormun/static/Shared/ext/resources/css/ext-all.css?205870 HTTP/1.1" 200 416045
190.171.149.74 - - [15/May/2024:12:00:06 -0300] "POST /cormun/servlet/solicitudot?gx-no-cache=1715785063141 HTTP/1.1" 200 255
190.171.149.74 - - [15/May/2024:12:00:08 -0300] "POST /cormun/servlet/solicitudot?gx-no-cache=1715785065156 HTTP/1.1" 200 240
190.171.149.74 - - [15/May/2024:12:00:10 -0300] "GET /cormun/servlet/solicitudot?044f93a12a10817ae1970eb01fe994e60ed2f80e76cf36a08b415080c262d3751dea04532c6514fb262a36137bfc0a847e3f6a6f0ed1f8869287abcf3c07922d924e50774e4cb60492c13c73f1eb7be0b0e7bb28f3073cb280126937332c892d17db9d39b9c3df6017114fbcca8a24ac0700788f6fb1fec69029fb9915ea64713cd6f53878b72e08cc095b6be4b86a33405541af8e323bd3b40b55295ecdbf9b2cd6edfbd7443de44c84ce992d929d7bf17241f8531e7f76256e8cc32247c4403edc48ed766a5fc4ea630955da9875fa9792f60dec7df184a67fa97778db07fbf6dd79a296f44384533eecbc0a2f8007bd2c0e81ef8ad0e7838a80f68851875d7e69df1d34ad30c698ca538169641835b1aeaab63af13bd7bb12c9e5ef7410d4e096ea9ef1b4a7f564e18424b503d4d92693d5dcffc7d146ba4f3c70fab5a9aafa94c2bcf5561c1ae99b84678cd378413e419d00eaa800916b1ba634e687ea9bf489e4d917d4b68ecacdfa5a52edc3b4cb260747eb252e3e9ac670b40ee1733c,gx-no-cache=1715785067517 HTTP/1.1" 200 30
190.171.149.74 - - [15/May/2024:12:00:13 -0300] "POST /cormun/servlet/solicitudot?gx-no-cache=1715785070660 HTTP/1.1" 200 30
190.171.141.106 - - [15/May/2024:12:00:54 -0300] "GET /cormun/servlet/solicitudot?383c55f9b1f16de8d7c417adaa11d2f8037b316383401f00ac5205aa117f13abc8219dd955a05d4a048b1420b53c85788fc727c9db6b38908abb4ce5e9ee9686,gx-no-cache=1715785113902 HTTP/1.1" 200 30
190.171.141.106 - - [15/May/2024:12:00:56 -0300] "GET /cormun/static/Resources/resize.gif HTTP/1.1" 200 77
190.171.141.106 - - [15/May/2024:12:00:56 -0300] "GET /cormun/static/Resources/PXTools/ClosePrompt.png HTTP/1.1" 200 1036
190.171.141.106 - - [15/May/2024:12:00:56 -0300] "GET /cormun/servlet/prbanco?,MD,,gxPopupLevel%3D0%3B HTTP/1.1" 200 6608
190.171.141.106 - - [15/May/2024:12:00:57 -0300] "GET /cormun/static/prbanco.js?20201216132311 HTTP/1.1" 200 10693
190.171.141.106 - - [15/May/2024:12:00:57 -0300] "GET /cormun/static/Resources/PXToolsMenuSearch.png HTTP/1.1" 200 336
190.171.141.106 - - [15/May/2024:12:00:57 -0300] "GET /cormun/static/gxcfg.js?20201216131581 HTTP/1.1" 200 953
190.171.141.106 - - [15/May/2024:12:00:57 -0300] "GET /cormun/static/hmpwkw011.js?202211298443482 HTTP/1.1" 200 1968
190.171.141.106 - - [15/May/2024:12:00:57 -0300] "GET /cormun/static/menusearch.js?20201214473581 HTTP/1.1" 200 1424
190.171.141.106 - - [15/May/2024:12:00:57 -0300] "GET /cormun/static/Resources/PXToolsMenuSearchCancel.png HTTP/1.1" 200 306
190.171.141.106 - - [15/May/2024:12:01:10 -0300] "GET /cormun/servlet/solicitudot?383c55f9b1f16de8d7c417adaa11d2f8f83d3770056f8a58f2bc0ca0a7cc6a20,gx-no-cache=1715785129548 HTTP/1.1" 200 45
190.171.141.106 - - [15/May/2024:12:01:29 -0300] "POST /cormun/servlet/solicitudot?gx-no-cache=1715785148397 HTTP/1.1" 200 255
190.171.141.106 - - [15/May/2024:12:01:32 -0300] "GET /cormun/servlet/solicitudot?383c55f9b1f16de8d7c417adaa11d2f83024ecffea3f427b8269d350d8220bf484f6f3964dc64f4a77673430cb5daed0e01f3f7b4420ed46b6d690dbcc406279d36557793560c7fe160a03edb05b9971cdd9ba2ffdebab44dc216a9c205863321608d771ac592e1096dc44095524932a55a7fa1d05ca998e51e1a56fc00007b994421f7673f3105a1f140dc8025fd8f6e1c1e10e98c248496ca16314d123d16b6813286432a9345c0e8bed716b5cbc8a1e223e50d0d89994347139359d3eee95482c291468b19b51594f6d2dac37a21bbb61f724a08911b4faf83f359daae3ff9d48229d451dde4141add96f697091160cc93d005863e95753d035c0489261be1af7b158f7ea3fe45b1e983b7ac67f66d40d9a4f75b6e19423a32b4537fb8696650d2a5bd1dc87c73aa16159a2836c26fe50eeaade4ef7ff3188fa4fcfeebe6ba9b8712fd8ce2cf078e14cf1d6d3c84ec1aed55df3cd09fca19e79429277db84c94028d10ec5ccc395f6698301590278a699f527ac1651f2f4d83ba2fe02e9cb,gx-no-cache=1715785151734 HTTP/1.1" 200 30
190.171.141.106 - - [15/May/2024:12:01:40 -0300] "POST /cormun/servlet/solicitudot?gx-no-cache=1715785160093 HTTP/1.1" 200 30
190.171.141.106 - - [15/May/2024:12:01:45 -0300] "POST /cormun/servlet/solicitudot?gx-no-cache=1715785164992 HTTP/1.1" 200 1481
190.171.141.106 - - [15/May/2024:12:01:45 -0300] "POST /cormun/servlet/solicitudot?gx-no-cache=1715785165023 HTTP/1.1" 200 38
190.171.149.74 - - [15/May/2024:12:02:08 -0300] "POST /cormun/servlet/solicitudot?gx-no-cache=1715785185488 HTTP/1.1" 200 1482
190.171.149.74 - - [15/May/2024:12:02:10 -0300] "GET /cormun/servlet/prlicenciaspermisos?16426000,L,,MD,,gxPopupLevel%3D0%3B HTTP/1.1" 200 5847
190.171.149.74 - - [15/May/2024:12:02:10 -0300] "GET /cormun/static/gxcfg.js?2020121559567 HTTP/1.1" 200 953
190.171.149.74 - - [15/May/2024:12:02:11 -0300] "GET /cormun/static/prlicenciaspermisos.js?2020121559821 HTTP/1.1" 200 13379
190.171.149.74 - - [15/May/2024:12:02:55 -0300] "GET /cormun/servlet/prlicenciaspermisos?16426000,L,,MD,,gxPopupLevel%3D0%3B HTTP/1.1" 200 5847
190.171.149.74 - - [15/May/2024:12:03:04 -0300] "POST /cormun/servlet/solicitudot?gx-no-cache=1715785241838 HTTP/1.1" 200 41
190.171.149.74 - - [15/May/2024:12:04:09 -0300] "GET /cormun/servlet/solicitudot?044f93a12a10817ae1970eb01fe994e69d8f975ae0e0c848f8353cd9de01ad17201d93023a54949e23588a7ec61ba26495b1b43116ce966caed010dc3d1379d93a96dde44500919fce05da126ea66beb7b488c6fdd3d5945ad6b98034ad2e7f84c4e18c65c639c0849988c4f1a4a6c6c,gx-no-cache=1715785306269 HTTP/1.1" 200 110
190.171.149.74 - - [15/May/2024:12:04:09 -0300] "POST /cormun/servlet/solicitudot?gx-no-cache=1715785306315 HTTP/1.1" 200 97
190.171.149.74 - - [15/May/2024:12:04:15 -0300] "GET /cormun/servlet/solicitudot?044f93a12a10817ae1970eb01fe994e626226e67f949158b9782f74575066aa3b230b9646f091edfa3dba4f93c5cb604e1603c8b8808669b5038e83a78764dbfeb4f2b23c24f295d1900f1b56e8de143c03e05a94f47a544f7642472525ec73f5f1ee7ebd544b2bcf0cb2502a96b74f9,gx-no-cache=1715785312459 HTTP/1.1" 200 29
190.171.149.74 - - [15/May/2024:12:04:15 -0300] "GET /cormun/static/menuarrow.gif HTTP/1.1" 404 1015
190.171.149.74 - - [15/May/2024:12:04:17 -0300] "GET /cormun/servlet/solicitudot?044f93a12a10817ae1970eb01fe994e6dff8b2ab91f04a2cb26e4fe79a3bbd0eb1b9c756f9427df51596daa83ceaddd4,gx-no-cache=1715785314741 HTTP/1.1" 200 30
190.171.149.74 - - [15/May/2024:12:04:17 -0300] "POST /cormun/servlet/solicitudot?gx-no-cache=1715785314764 HTTP/1.1" 200 34
190.171.149.74 - - [15/May/2024:12:04:21 -0300] "POST /cormun/servlet/solicitudot?77fc501935aa0a2a3f9a3964d7987819,INS,0,0,false,,gx-no-cache=1715785317965 HTTP/1.1" 200 93
190.171.149.74 - - [15/May/2024:12:04:21 -0300] "GET /cormun/servlet/hpexe_return? HTTP/1.1" 200 1010
190.171.149.74 - - [15/May/2024:12:04:21 -0300] "GET /cormun/servlet/trsolicitudot HTTP/1.1" 200 8618
190.171.149.74 - - [15/May/2024:12:04:21 -0300] "GET /cormun//static/Resources/PXToolsActionView.png HTTP/1.1" 200 398
190.171.149.74 - - [15/May/2024:12:04:21 -0300] "GET /cormun//static/Resources/PXToolsRemoveAllAction.png HTTP/1.1" 200 487
190.171.141.106 - - [15/May/2024:12:04:41 -0300] "GET /cormun/servlet/solicitudot?383c55f9b1f16de8d7c417adaa11d2f8497ad07934de78d99570920f7395203e5b8b3d487592b44aede6b9dfb9db37c7a00052a1d791a0b3987bd62c4d197cecf1bb25b502d10ca4c1dfc7b02146efb66ebca01bef6246be4e64cb7ad952baf3ebe889a77807eba2c154ae8f4ee664e3,gx-no-cache=1715785340220 HTTP/1.1" 200 110
190.171.149.74 - - [15/May/2024:12:04:54 -0300] "POST /cormun/servlet/trsolicitudot?77fc501935aa0a2a3f9a3964d7987819,gx-no-cache=1715785351397 HTTP/1.1" 200 106
190.171.149.74 - - [15/May/2024:12:04:54 -0300] "GET /cormun/servlet/trsolicitudadjuntos?2024,21410, HTTP/1.1" 200 6092
190.171.149.74 - - [15/May/2024:12:04:54 -0300] "GET /cormun/static/gxcfg.js?20201215574222 HTTP/1.1" 200 953
190.171.149.74 - - [15/May/2024:12:04:54 -0300] "GET /cormun/static/trsolicitudadjuntos.js?20201215574932 HTTP/1.1" 200 17921
190.171.149.74 - - [15/May/2024:12:04:54 -0300] "GET /cormun/static/Resources/PXToolsGridNew.png HTTP/1.1" 200 427
190.171.149.74 - - [15/May/2024:12:04:56 -0300] "GET /cormun/servlet/solicitudotadjuntos?INS,2024,21410,,1, HTTP/1.1" 200 6037
190.171.149.74 - - [15/May/2024:12:04:56 -0300] "GET /cormun/static/gxcfg.js?202211298385187 HTTP/1.1" 200 953
190.171.149.74 - - [15/May/2024:12:04:56 -0300] "GET /cormun/static/solicitudotadjuntos.js?202211298385196 HTTP/1.1" 200 11771
190.171.149.74 - - [15/May/2024:12:04:57 -0300] "GET /cormun/static/about:blank HTTP/1.1" 404 1011
190.171.149.74 - - [15/May/2024:12:04:57 -0300] "GET /cormun/servlet/solicitudotadjuntos?044f93a12a10817ae1970eb01fe994e660fd98898908173f310108a13c306650f768c2fb7ac97c69e42a74f5ba5db497,gx-no-cache=1715785354485 HTTP/1.1" 200 30
190.171.149.74 - - [15/May/2024:12:04:57 -0300] "POST /cormun/servlet/solicitudotadjuntos?77fc501935aa0a2a3f9a3964d7987819,INS,2024,21410,,1,,gx-no-cache=1715785354512 HTTP/1.1" 200 3904
190.171.141.106 - - [15/May/2024:12:04:57 -0300] "POST /cormun/servlet/solicitudot?gx-no-cache=1715785356796 HTTP/1.1" 200 97
190.171.149.74 - - [15/May/2024:12:05:05 -0300] "POST /cormun/servlet/solicitudotadjuntos?gx-no-cache=1715785362045 HTTP/1.1" 200 26
190.171.141.106 - - [15/May/2024:12:05:06 -0300] "GET /cormun/servlet/solicitudot?383c55f9b1f16de8d7c417adaa11d2f83b648b006cacd6958700d8e6571d759f69a45a70cc4719094fae13214d021f6122876b74f58a83846d04e548db54fe0136827e2b090d90fc3638d4498efe8ec7605c2e94cb23d4eab758577f5db29448b4fd84250ff07bb5fa91aeae28dd2eed,gx-no-cache=1715785364430 HTTP/1.1" 200 29
190.171.141.106 - - [15/May/2024:12:05:17 -0300] "GET /cormun/servlet/solicitudot?383c55f9b1f16de8d7c417adaa11d2f8c82c8534b5f386dc281b12ef4961d18e180b0fd5e30d28a2bb4bb016a5287120,gx-no-cache=1715785377062 HTTP/1.1" 200 30
190.171.149.74 - - [15/May/2024:12:05:23 -0300] "GET /cormun/servlet/solicitudotadjuntos?044f93a12a10817ae1970eb01fe994e6e9f6a5b3dfdf448bec62284edd23ca22,gx-no-cache=1715785380626 HTTP/1.1" 200 30
190.171.149.74 - - [15/May/2024:12:05:23 -0300] "GET /cormun/servlet/solicitudotadjuntos?044f93a12a10817ae1970eb01fe994e6e9f6a5b3dfdf448bec62284edd23ca22,gx-no-cache=1715785380642 HTTP/1.1" 200 30
190.171.149.74 - - [15/May/2024:12:05:23 -0300] "POST /cormun/servlet/solicitudotadjuntos?77fc501935aa0a2a3f9a3964d7987819,INS,2024,21410,,1, HTTP/1.1" 200 116
190.171.149.74 - - [15/May/2024:12:05:23 -0300] "GET /cormun/servlet/hpexe_return? HTTP/1.1" 200 1029
190.171.149.74 - - [15/May/2024:12:05:23 -0300] "GET /cormun/servlet/trsolicitudadjuntos?2024,21410, HTTP/1.1" 200 9020
190.171.149.74 - - [15/May/2024:12:05:25 -0300] "GET /cormun/servlet/solicitudotadjuntos?INS,2024,21410,,1, HTTP/1.1" 200 6037
190.171.149.74 - - [15/May/2024:12:05:25 -0300] "GET /cormun/static/about:blank HTTP/1.1" 404 1011
190.171.149.74 - - [15/May/2024:12:05:26 -0300] "GET /cormun/servlet/solicitudotadjuntos?044f93a12a10817ae1970eb01fe994e660fd98898908173f310108a13c306650f768c2fb7ac97c69e42a74f5ba5db497,gx-no-cache=1715785383434 HTTP/1.1" 200 30
190.171.149.74 - - [15/May/2024:12:05:26 -0300] "POST /cormun/servlet/solicitudotadjuntos?77fc501935aa0a2a3f9a3964d7987819,INS,2024,21410,,1,,gx-no-cache=1715785383456 HTTP/1.1" 200 3905
190.171.149.74 - - [15/May/2024:12:05:30 -0300] "POST /cormun/servlet/solicitudotadjuntos?gx-no-cache=1715785387555 HTTP/1.1" 200 26
190.171.149.74 - - [15/May/2024:12:05:37 -0300] "GET /cormun/servlet/solicitudotadjuntos?044f93a12a10817ae1970eb01fe994e6e9f6a5b3dfdf448bec62284edd23ca22,gx-no-cache=1715785394099 HTTP/1.1" 200 30
190.171.149.74 - - [15/May/2024:12:05:37 -0300] "GET /cormun/servlet/solicitudotadjuntos?044f93a12a10817ae1970eb01fe994e6e9f6a5b3dfdf448bec62284edd23ca22,gx-no-cache=1715785394116 HTTP/1.1" 200 30
190.171.149.74 - - [15/May/2024:12:05:37 -0300] "POST /cormun/servlet/solicitudotadjuntos?77fc501935aa0a2a3f9a3964d7987819,INS,2024,21410,,1, HTTP/1.1" 200 116
190.171.149.74 - - [15/May/2024:12:05:37 -0300] "GET /cormun/servlet/hpexe_return? HTTP/1.1" 200 1029
190.171.149.74 - - [15/May/2024:12:05:37 -0300] "GET /cormun/servlet/trsolicitudadjuntos?2024,21410, HTTP/1.1" 200 9274
190.171.149.74 - - [15/May/2024:12:05:39 -0300] "GET /cormun/servlet/solicitudotadjuntos?INS,2024,21410,,1, HTTP/1.1" 200 6037
190.171.149.74 - - [15/May/2024:12:05:39 -0300] "GET /cormun/static/about:blank HTTP/1.1" 404 1011
190.171.149.74 - - [15/May/2024:12:05:40 -0300] "GET /cormun/servlet/solicitudotadjuntos?044f93a12a10817ae1970eb01fe994e660fd98898908173f310108a13c306650f768c2fb7ac97c69e42a74f5ba5db497,gx-no-cache=1715785397123 HTTP/1.1" 200 30
190.171.149.74 - - [15/May/2024:12:05:40 -0300] "POST /cormun/servlet/solicitudotadjuntos?77fc501935aa0a2a3f9a3964d7987819,INS,2024,21410,,1,,gx-no-cache=1715785397142 HTTP/1.1" 200 3905
190.171.149.74 - - [15/May/2024:12:05:43 -0300] "POST /cormun/servlet/solicitudotadjuntos?gx-no-cache=1715785400828 HTTP/1.1" 200 26
190.171.149.74 - - [15/May/2024:12:05:49 -0300] "GET /cormun/servlet/solicitudotadjuntos?044f93a12a10817ae1970eb01fe994e6e9f6a5b3dfdf448bec62284edd23ca22,gx-no-cache=1715785406082 HTTP/1.1" 200 30
190.171.149.74 - - [15/May/2024:12:05:49 -0300] "GET /cormun/servlet/solicitudotadjuntos?044f93a12a10817ae1970eb01fe994e6e9f6a5b3dfdf448bec62284edd23ca22,gx-no-cache=1715785406100 HTTP/1.1" 200 30
190.171.149.74 - - [15/May/2024:12:05:49 -0300] "POST /cormun/servlet/solicitudotadjuntos?77fc501935aa0a2a3f9a3964d7987819,INS,2024,21410,,1, HTTP/1.1" 200 116
190.171.149.74 - - [15/May/2024:12:05:49 -0300] "GET /cormun/servlet/hpexe_return? HTTP/1.1" 200 1029
190.171.149.74 - - [15/May/2024:12:05:49 -0300] "GET /cormun/servlet/trsolicitudadjuntos?2024,21410, HTTP/1.1" 200 9476
190.171.149.74 - - [15/May/2024:12:05:51 -0300] "GET /cormun/servlet/solicitudotadjuntos?INS,2024,21410,,1, HTTP/1.1" 200 6037
190.171.149.74 - - [15/May/2024:12:05:51 -0300] "GET /cormun/static/about:blank HTTP/1.1" 404 1011
190.171.141.106 - - [15/May/2024:12:05:52 -0300] "POST /cormun/servlet/solicitudot?gx-no-cache=1715785411422 HTTP/1.1" 200 30
190.171.149.74 - - [15/May/2024:12:05:52 -0300] "GET /cormun/servlet/solicitudotadjuntos?044f93a12a10817ae1970eb01fe994e660fd98898908173f310108a13c306650f768c2fb7ac97c69e42a74f5ba5db497,gx-no-cache=1715785409299 HTTP/1.1" 200 30
190.171.149.74 - - [15/May/2024:12:05:52 -0300] "POST /cormun/servlet/solicitudotadjuntos?77fc501935aa0a2a3f9a3964d7987819,INS,2024,21410,,1,,gx-no-cache=1715785409317 HTTP/1.1" 200 3905
190.171.149.82 - - [15/May/2024:12:05:53 -0300] "GET /cormun/servlet/hlogin HTTP/1.1" 200 1741
190.171.149.74 - - [15/May/2024:12:05:54 -0300] "POST /cormun/servlet/solicitudotadjuntos?gx-no-cache=1715785411595 HTTP/1.1" 200 26
190.171.149.74 - - [15/May/2024:12:06:01 -0300] "GET /cormun/servlet/solicitudotadjuntos?044f93a12a10817ae1970eb01fe994e6e9f6a5b3dfdf448bec62284edd23ca22,gx-no-cache=1715785418690 HTTP/1.1" 200 30
190.171.149.74 - - [15/May/2024:12:06:01 -0300] "GET /cormun/servlet/solicitudotadjuntos?044f93a12a10817ae1970eb01fe994e6e9f6a5b3dfdf448bec62284edd23ca22,gx-no-cache=1715785418718 HTTP/1.1" 200 30
190.171.149.74 - - [15/May/2024:12:06:01 -0300] "POST /cormun/servlet/solicitudotadjuntos?77fc501935aa0a2a3f9a3964d7987819,INS,2024,21410,,1, HTTP/1.1" 200 116
190.171.149.74 - - [15/May/2024:12:06:01 -0300] "GET /cormun/servlet/hpexe_return? HTTP/1.1" 200 1029
190.171.149.74 - - [15/May/2024:12:06:02 -0300] "GET /cormun/servlet/trsolicitudadjuntos?2024,21410, HTTP/1.1" 200 9752
190.171.149.74 - - [15/May/2024:12:06:03 -0300] "GET /cormun/servlet/solicitudotadjuntos?INS,2024,21410,,1, HTTP/1.1" 200 6037
190.171.149.74 - - [15/May/2024:12:06:04 -0300] "GET /cormun/static/about:blank HTTP/1.1" 404 1011
190.171.149.74 - - [15/May/2024:12:06:04 -0300] "GET /cormun/servlet/solicitudotadjuntos?044f93a12a10817ae1970eb01fe994e660fd98898908173f310108a13c306650f768c2fb7ac97c69e42a74f5ba5db497,gx-no-cache=1715785421581 HTTP/1.1" 200 30
190.171.149.74 - - [15/May/2024:12:06:04 -0300] "POST /cormun/servlet/solicitudotadjuntos?77fc501935aa0a2a3f9a3964d7987819,INS,2024,21410,,1,,gx-no-cache=1715785421627 HTTP/1.1" 200 3905
190.171.149.74 - - [15/May/2024:12:06:07 -0300] "POST /cormun/servlet/solicitudotadjuntos?gx-no-cache=1715785424468 HTTP/1.1" 200 26
190.171.149.74 - - [15/May/2024:12:06:13 -0300] "GET /cormun/servlet/solicitudotadjuntos?044f93a12a10817ae1970eb01fe994e6e9f6a5b3dfdf448bec62284edd23ca22,gx-no-cache=1715785429987 HTTP/1.1" 200 30
190.171.149.74 - - [15/May/2024:12:06:13 -0300] "GET /cormun/servlet/solicitudotadjuntos?044f93a12a10817ae1970eb01fe994e6e9f6a5b3dfdf448bec62284edd23ca22,gx-no-cache=1715785430017 HTTP/1.1" 200 30
190.171.149.74 - - [15/May/2024:12:06:13 -0300] "POST /cormun/servlet/solicitudotadjuntos?77fc501935aa0a2a3f9a3964d7987819,INS,2024,21410,,1, HTTP/1.1" 200 116
190.171.149.74 - - [15/May/2024:12:06:13 -0300] "GET /cormun/servlet/hpexe_return? HTTP/1.1" 200 1029
190.171.149.74 - - [15/May/2024:12:06:13 -0300] "GET /cormun/servlet/trsolicitudadjuntos?2024,21410, HTTP/1.1" 200 10045
190.171.141.106 - - [15/May/2024:12:06:13 -0300] "POST /cormun/servlet/solicitudot?211343177a560d2a3b82ecdc8e12c25a,INS,0,0,false,,gx-no-cache=1715785432661 HTTP/1.1" 200 93
190.171.141.106 - - [15/May/2024:12:06:13 -0300] "GET /cormun/servlet/hpexe_return? HTTP/1.1" 200 1014
190.171.141.106 - - [15/May/2024:12:06:14 -0300] "GET /cormun/servlet/trsolicitudot HTTP/1.1" 200 8920
190.171.149.74 - - [15/May/2024:12:06:15 -0300] "GET /cormun/servlet/solicitudotadjuntos?INS,2024,21410,,1, HTTP/1.1" 200 6037
190.171.141.106 - - [15/May/2024:12:06:15 -0300] "GET /cormun//static/Resources/PXToolsActionView.png HTTP/1.1" 200 398
190.171.149.74 - - [15/May/2024:12:06:15 -0300] "GET /cormun/static/about:blank HTTP/1.1" 404 1011
190.171.141.106 - - [15/May/2024:12:06:15 -0300] "GET /cormun//static/Resources/PXToolsRemoveAllAction.png HTTP/1.1" 200 487
190.171.149.74 - - [15/May/2024:12:06:15 -0300] "GET /cormun/servlet/solicitudotadjuntos?044f93a12a10817ae1970eb01fe994e660fd98898908173f310108a13c306650f768c2fb7ac97c69e42a74f5ba5db497,gx-no-cache=1715785432854 HTTP/1.1" 200 30
190.171.149.74 - - [15/May/2024:12:06:15 -0300] "POST /cormun/servlet/solicitudotadjuntos?77fc501935aa0a2a3f9a3964d7987819,INS,2024,21410,,1,,gx-no-cache=1715785432887 HTTP/1.1" 200 3905
190.171.149.74 - - [15/May/2024:12:06:18 -0300] "POST /cormun/servlet/solicitudotadjuntos?gx-no-cache=1715785435628 HTTP/1.1" 200 26
190.171.149.74 - - [15/May/2024:12:06:25 -0300] "GET /cormun/servlet/solicitudotadjuntos?044f93a12a10817ae1970eb01fe994e6e9f6a5b3dfdf448bec62284edd23ca22,gx-no-cache=1715785441979 HTTP/1.1" 200 30
190.171.149.74 - - [15/May/2024:12:06:25 -0300] "GET /cormun/servlet/solicitudotadjuntos?044f93a12a10817ae1970eb01fe994e6e9f6a5b3dfdf448bec62284edd23ca22,gx-no-cache=1715785441996 HTTP/1.1" 200 30
190.171.149.74 - - [15/May/2024:12:06:25 -0300] "POST /cormun/servlet/solicitudotadjuntos?77fc501935aa0a2a3f9a3964d7987819,INS,2024,21410,,1, HTTP/1.1" 200 116
190.171.149.74 - - [15/May/2024:12:06:25 -0300] "GET /cormun/servlet/hpexe_return? HTTP/1.1" 200 1029
190.171.149.74 - - [15/May/2024:12:06:25 -0300] "GET /cormun/servlet/trsolicitudadjuntos?2024,21410, HTTP/1.1" 200 10253
190.171.141.106 - - [15/May/2024:12:06:26 -0300] "POST /cormun/servlet/trsolicitudot?211343177a560d2a3b82ecdc8e12c25a,gx-no-cache=1715785445912 HTTP/1.1" 200 106
190.171.141.106 - - [15/May/2024:12:06:26 -0300] "GET /cormun/servlet/trsolicitudadjuntos?2024,21411, HTTP/1.1" 200 6386
190.171.141.106 - - [15/May/2024:12:06:28 -0300] "GET /cormun/static/gxcfg.js?20201215574222 HTTP/1.1" 200 953
190.171.141.106 - - [15/May/2024:12:06:28 -0300] "GET /cormun/static/trsolicitudadjuntos.js?20201215574932 HTTP/1.1" 200 17921
190.171.141.106 - - [15/May/2024:12:06:28 -0300] "GET /cormun/static/Resources/PXToolsGridNew.png HTTP/1.1" 200 427
190.171.149.74 - - [15/May/2024:12:06:30 -0300] "GET /cormun/servlet/trsolicitudot? HTTP/1.1" 200 8620
190.171.141.106 - - [15/May/2024:12:06:37 -0300] "GET /cormun/servlet/solicitudotadjuntos?INS,2024,21411,,1, HTTP/1.1" 200 6333
190.171.141.106 - - [15/May/2024:12:06:37 -0300] "GET /cormun/static/gxcfg.js?202211298385187 HTTP/1.1" 200 953
190.171.141.106 - - [15/May/2024:12:06:37 -0300] "GET /cormun/static/solicitudotadjuntos.js?202211298385196 HTTP/1.1" 200 11771
190.171.141.106 - - [15/May/2024:12:06:37 -0300] "GET /cormun/static/about:blank HTTP/1.1" 404 1011
190.171.141.106 - - [15/May/2024:12:06:38 -0300] "GET /cormun/servlet/solicitudotadjuntos?383c55f9b1f16de8d7c417adaa11d2f8a57783feb5a4bf30aaeb886a40a8f68eba7e66a13e4dc25423106b2237fbd685,gx-no-cache=1715785457496 HTTP/1.1" 200 30
190.171.141.106 - - [15/May/2024:12:06:38 -0300] "POST /cormun/servlet/solicitudotadjuntos?211343177a560d2a3b82ecdc8e12c25a,INS,2024,21411,,1,,gx-no-cache=1715785457509 HTTP/1.1" 200 4198
190.171.141.106 - - [15/May/2024:12:06:42 -0300] "POST /cormun/servlet/solicitudotadjuntos?gx-no-cache=1715785461964 HTTP/1.1" 200 26
190.171.149.74 - - [15/May/2024:12:07:33 -0300] "POST /cormun/servlet/trsolicitudot?77fc501935aa0a2a3f9a3964d7987819,,gx-no-cache=1715785509924 HTTP/1.1" 200 4580
190.171.149.74 - - [15/May/2024:12:07:33 -0300] "GET /cormun/static/Shared/jqueryui/images/ui-bg_highlight-soft_100_c6c2c8_1x100.png HTTP/1.1" 404 1117
190.171.149.74 - - [15/May/2024:12:07:33 -0300] "GET /cormun/static/Shared/jqueryui/images/ui-bg_flat_55_fafafa_40x100.png HTTP/1.1" 404 1097
190.171.149.74 - - [15/May/2024:12:07:33 -0300] "GET /cormun/static/Shared/jqueryui/images/ui-icons_8d78a5_256x240.png HTTP/1.1" 404 1089
190.171.149.74 - - [15/May/2024:12:07:33 -0300] "GET /cormun/static/Shared/jqueryui/images/ui-icons_82798d_256x240.png HTTP/1.1" 404 1089
190.171.149.74 - - [15/May/2024:12:07:33 -0300] "POST /cormun/servlet/trsolicitudot?77fc501935aa0a2a3f9a3964d7987819,,gx-no-cache=1715785510074 HTTP/1.1" 200 4338
190.171.149.74 - - [15/May/2024:12:07:35 -0300] "GET /cormun/servlet/solicitudot?INS,0,0,false, HTTP/1.1" 200 15971
190.171.141.106 - - [15/May/2024:12:07:45 -0300] "GET /cormun/servlet/solicitudotadjuntos?383c55f9b1f16de8d7c417adaa11d2f8962c0553c1479a485be8cfab761cb6ca,gx-no-cache=1715785525051 HTTP/1.1" 200 30
190.171.141.106 - - [15/May/2024:12:07:45 -0300] "GET /cormun/servlet/solicitudotadjuntos?383c55f9b1f16de8d7c417adaa11d2f8962c0553c1479a485be8cfab761cb6ca,gx-no-cache=1715785525069 HTTP/1.1" 200 30
190.171.141.106 - - [15/May/2024:12:07:46 -0300] "POST /cormun/servlet/solicitudotadjuntos?211343177a560d2a3b82ecdc8e12c25a,INS,2024,21411,,1, HTTP/1.1" 200 116
190.171.141.106 - - [15/May/2024:12:07:46 -0300] "GET /cormun/servlet/hpexe_return? HTTP/1.1" 200 1031
190.171.141.106 - - [15/May/2024:12:07:46 -0300] "GET /cormun/servlet/trsolicitudadjuntos?2024,21411, HTTP/1.1" 200 9337
190.171.141.106 - - [15/May/2024:12:07:50 -0300] "GET /cormun/servlet/solicitudotadjuntos?INS,2024,21411,,1, HTTP/1.1" 200 6333
190.171.141.106 - - [15/May/2024:12:07:50 -0300] "GET /cormun/static/about:blank HTTP/1.1" 404 1011
190.171.141.106 - - [15/May/2024:12:07:51 -0300] "GET /cormun/servlet/solicitudotadjuntos?383c55f9b1f16de8d7c417adaa11d2f8a57783feb5a4bf30aaeb886a40a8f68eba7e66a13e4dc25423106b2237fbd685,gx-no-cache=1715785530413 HTTP/1.1" 200 30
190.171.141.106 - - [15/May/2024:12:07:51 -0300] "POST /cormun/servlet/solicitudotadjuntos?211343177a560d2a3b82ecdc8e12c25a,INS,2024,21411,,1,,gx-no-cache=1715785530427 HTTP/1.1" 200 4199
190.171.149.74 - - [15/May/2024:12:07:54 -0300] "POST /cormun/servlet/solicitudot?gx-no-cache=1715785530932 HTTP/1.1" 200 4022
190.171.149.74 - - [15/May/2024:12:07:54 -0300] "POST /cormun/servlet/solicitudot?77fc501935aa0a2a3f9a3964d7987819,INS,0,0,false,,gx-no-cache=1715785531038 HTTP/1.1" 200 12601
190.171.149.74 - - [15/May/2024:12:07:57 -0300] "GET /cormun/servlet/solicitudot?044f93a12a10817ae1970eb01fe994e6fda63c9b90069d3dffa3dd9b599c815c4882dc5621884b2cf07cbda575a8eda1,gx-no-cache=1715785534318 HTTP/1.1" 200 30
190.171.141.106 - - [15/May/2024:12:08:12 -0300] "POST /cormun/servlet/solicitudotadjuntos?gx-no-cache=1715785552012 HTTP/1.1" 200 26
190.171.141.106 - - [15/May/2024:12:08:30 -0300] "GET /cormun/servlet/solicitudotadjuntos?383c55f9b1f16de8d7c417adaa11d2f8962c0553c1479a485be8cfab761cb6ca,gx-no-cache=1715785569811 HTTP/1.1" 200 30
190.171.141.106 - - [15/May/2024:12:08:30 -0300] "GET /cormun/servlet/solicitudotadjuntos?383c55f9b1f16de8d7c417adaa11d2f8962c0553c1479a485be8cfab761cb6ca,gx-no-cache=1715785569822 HTTP/1.1" 200 30
190.171.141.106 - - [15/May/2024:12:08:30 -0300] "POST /cormun/servlet/solicitudotadjuntos?211343177a560d2a3b82ecdc8e12c25a,INS,2024,21411,,1, HTTP/1.1" 200 116
190.171.141.106 - - [15/May/2024:12:08:30 -0300] "GET /cormun/servlet/hpexe_return? HTTP/1.1" 200 1031
190.171.141.106 - - [15/May/2024:12:08:30 -0300] "GET /cormun/servlet/trsolicitudadjuntos?2024,21411, HTTP/1.1" 200 9580
190.171.141.106 - - [15/May/2024:12:08:34 -0300] "GET /cormun/servlet/solicitudotadjuntos?INS,2024,21411,,1, HTTP/1.1" 200 6333
190.171.141.106 - - [15/May/2024:12:08:34 -0300] "GET /cormun/static/about:blank HTTP/1.1" 404 1011
190.171.141.106 - - [15/May/2024:12:08:35 -0300] "GET /cormun/servlet/solicitudotadjuntos?383c55f9b1f16de8d7c417adaa11d2f8a57783feb5a4bf30aaeb886a40a8f68eba7e66a13e4dc25423106b2237fbd685,gx-no-cache=1715785574677 HTTP/1.1" 200 30
190.171.141.106 - - [15/May/2024:12:08:35 -0300] "POST /cormun/servlet/solicitudotadjuntos?211343177a560d2a3b82ecdc8e12c25a,INS,2024,21411,,1,,gx-no-cache=1715785574690 HTTP/1.1" 200 4199
190.171.141.106 - - [15/May/2024:12:08:49 -0300] "POST /cormun/servlet/solicitudotadjuntos?gx-no-cache=1715785588588 HTTP/1.1" 200 26
190.171.141.106 - - [15/May/2024:12:08:58 -0300] "GET /cormun/servlet/solicitudotadjuntos?383c55f9b1f16de8d7c417adaa11d2f8962c0553c1479a485be8cfab761cb6ca,gx-no-cache=1715785597483 HTTP/1.1" 200 30
190.171.141.106 - - [15/May/2024:12:08:58 -0300] "GET /cormun/servlet/solicitudotadjuntos?383c55f9b1f16de8d7c417adaa11d2f8962c0553c1479a485be8cfab761cb6ca,gx-no-cache=1715785597492 HTTP/1.1" 200 30
190.171.141.106 - - [15/May/2024:12:08:58 -0300] "POST /cormun/servlet/solicitudotadjuntos?211343177a560d2a3b82ecdc8e12c25a,INS,2024,21411,,1, HTTP/1.1" 200 116
190.171.141.106 - - [15/May/2024:12:08:58 -0300] "GET /cormun/servlet/hpexe_return? HTTP/1.1" 200 1031
190.171.141.106 - - [15/May/2024:12:08:58 -0300] "GET /cormun/servlet/trsolicitudadjuntos?2024,21411, HTTP/1.1" 200 9830
190.171.141.106 - - [15/May/2024:12:09:04 -0300] "GET /cormun/servlet/solicitudotadjuntos?INS,2024,21411,,1, HTTP/1.1" 200 6333
190.171.141.106 - - [15/May/2024:12:09:04 -0300] "GET /cormun/static/about:blank HTTP/1.1" 404 1011
190.171.141.106 - - [15/May/2024:12:09:05 -0300] "GET /cormun/servlet/solicitudotadjuntos?383c55f9b1f16de8d7c417adaa11d2f8a57783feb5a4bf30aaeb886a40a8f68eba7e66a13e4dc25423106b2237fbd685,gx-no-cache=1715785604652 HTTP/1.1" 200 30
190.171.141.106 - - [15/May/2024:12:09:05 -0300] "POST /cormun/servlet/solicitudotadjuntos?211343177a560d2a3b82ecdc8e12c25a,INS,2024,21411,,1,,gx-no-cache=1715785604664 HTTP/1.1" 200 4199
190.171.141.106 - - [15/May/2024:12:09:09 -0300] "POST /cormun/servlet/solicitudotadjuntos?gx-no-cache=1715785608780 HTTP/1.1" 200 26
190.171.141.106 - - [15/May/2024:12:09:19 -0300] "GET /cormun/servlet/solicitudotadjuntos?383c55f9b1f16de8d7c417adaa11d2f8962c0553c1479a485be8cfab761cb6ca,gx-no-cache=1715785618187 HTTP/1.1" 200 30
190.171.141.106 - - [15/May/2024:12:09:19 -0300] "GET /cormun/servlet/solicitudotadjuntos?383c55f9b1f16de8d7c417adaa11d2f8962c0553c1479a485be8cfab761cb6ca,gx-no-cache=1715785618196 HTTP/1.1" 200 30
190.171.141.106 - - [15/May/2024:12:09:19 -0300] "POST /cormun/servlet/solicitudotadjuntos?211343177a560d2a3b82ecdc8e12c25a,INS,2024,21411,,1, HTTP/1.1" 200 116
190.171.141.106 - - [15/May/2024:12:09:19 -0300] "GET /cormun/servlet/hpexe_return? HTTP/1.1" 200 1031
190.171.141.106 - - [15/May/2024:12:09:19 -0300] "GET /cormun/servlet/trsolicitudadjuntos?2024,21411, HTTP/1.1" 200 10065
190.171.141.106 - - [15/May/2024:12:09:30 -0300] "GET /cormun/servlet/solicitudotadjuntos?INS,2024,21411,,1, HTTP/1.1" 200 6332
190.171.141.106 - - [15/May/2024:12:09:30 -0300] "GET /cormun/static/about:blank HTTP/1.1" 404 1011
190.171.141.106 - - [15/May/2024:12:09:30 -0300] "GET /cormun/servlet/solicitudotadjuntos?383c55f9b1f16de8d7c417adaa11d2f8a57783feb5a4bf30aaeb886a40a8f68eba7e66a13e4dc25423106b2237fbd685,gx-no-cache=1715785630142 HTTP/1.1" 200 30
190.171.141.106 - - [15/May/2024:12:09:31 -0300] "POST /cormun/servlet/solicitudotadjuntos?211343177a560d2a3b82ecdc8e12c25a,INS,2024,21411,,1,,gx-no-cache=1715785630155 HTTP/1.1" 200 4198
190.171.141.82 - - [15/May/2024:12:09:32 -0300] "POST /cormun/servlet/hlogin?06de1629c1c1affcf6aa080f9e972b3f,gx-no-cache=1715785631059 HTTP/1.1" 440 972
190.171.141.82 - - [15/May/2024:12:09:33 -0300] "GET /cormun/servlet/hlogin HTTP/1.1" 200 1732
190.171.141.82 - - [15/May/2024:12:09:34 -0300] "GET /cormun/servlet/hlogin HTTP/1.1" 200 1732
190.171.141.82 - - [15/May/2024:12:09:38 -0300] "POST /cormun/servlet/hlogin?c11149c41de65d92e1951254490091e2,gx-no-cache=1715785636939 HTTP/1.1" 200 90
190.171.141.82 - - [15/May/2024:12:09:38 -0300] "GET /cormun/servlet/hpexe_link HTTP/1.1" 200 952
190.171.141.82 - - [15/May/2024:12:09:38 -0300] "GET /cormun/servlet/hhome HTTP/1.1" 200 4323
190.171.141.82 - - [15/May/2024:12:09:50 -0300] "GET /cormun/servlet/trpermisosingoce? HTTP/1.1" 200 7276
190.171.141.82 - - [15/May/2024:12:09:50 -0300] "GET /cormun/static/gxcfg.js?2020121653066 HTTP/1.1" 200 953
190.171.141.82 - - [15/May/2024:12:09:51 -0300] "GET /cormun/static/trpermisosingoce.js?2020121655097 HTTP/1.1" 200 34472
190.171.141.82 - - [15/May/2024:12:09:53 -0300] "GET /cormun/static/menuarrow.gif HTTP/1.1" 404 1015
190.171.141.82 - - [15/May/2024:12:09:57 -0300] "POST /cormun/servlet/trpermisosingoce?c11149c41de65d92e1951254490091e2,,gx-no-cache=1715785656117 HTTP/1.1" 200 4483
190.171.141.82 - - [15/May/2024:12:10:01 -0300] "POST /cormun/servlet/trpermisosingoce?c11149c41de65d92e1951254490091e2,,gx-no-cache=1715785659972 HTTP/1.1" 200 4484
190.171.149.74 - - [15/May/2024:12:10:05 -0300] "GET /cormun/servlet/prbanco?,MD,,gxPopupLevel%3D0%3B HTTP/1.1" 200 6588
190.171.141.82 - - [15/May/2024:12:10:12 -0300] "POST /cormun/servlet/trpermisosingoce?c11149c41de65d92e1951254490091e2,,gx-no-cache=1715785671564 HTTP/1.1" 200 4484
190.171.141.82 - - [15/May/2024:12:10:13 -0300] "POST /cormun/servlet/trpermisosingoce?c11149c41de65d92e1951254490091e2,,gx-no-cache=1715785672259 HTTP/1.1" 200 4485
190.171.141.82 - - [15/May/2024:12:10:13 -0300] "POST /cormun/servlet/trpermisosingoce?c11149c41de65d92e1951254490091e2,,gx-no-cache=1715785672516 HTTP/1.1" 200 4485
190.171.141.82 - - [15/May/2024:12:10:16 -0300] "POST /cormun/servlet/trpermisosingoce?c11149c41de65d92e1951254490091e2,,gx-no-cache=1715785674996 HTTP/1.1" 200 4485
190.171.149.74 - - [15/May/2024:12:10:24 -0300] "GET /cormun/servlet/solicitudot?044f93a12a10817ae1970eb01fe994e6849f72b8554b60fa91b6b70a7b625652b334ce9c57e682886151767529632882,gx-no-cache=1715785681163 HTTP/1.1" 200 30
190.171.149.74 - - [15/May/2024:12:10:27 -0300] "GET /cormun/servlet/solicitudot?044f93a12a10817ae1970eb01fe994e67920b7f238289f31ec3d6dc45a095b14,gx-no-cache=1715785684315 HTTP/1.1" 200 53
190.171.149.74 - - [15/May/2024:12:11:06 -0300] "POST /cormun/servlet/solicitudot?gx-no-cache=1715785723382 HTTP/1.1" 200 240
190.171.149.74 - - [15/May/2024:12:11:08 -0300] "GET /cormun/servlet/solicitudot?044f93a12a10817ae1970eb01fe994e60ed2f80e76cf36a08b415080c262d3751dea04532c6514fb262a36137bfc0a847e3f6a6f0ed1f8869287abcf3c07922d924e50774e4cb60492c13c73f1eb7be0b0e7bb28f3073cb280126937332c892d17db9d39b9c3df6017114fbcca8a24ac0700788f6fb1fec69029fb9915ea64713cd6f53878b72e08cc095b6be4b86a33405541af8e323bd3b40b55295ecdbf9b2cd6edfbd7443de44c84ce992d929d7bf17241f8531e7f76256e8cc32247c4403edc48ed766a5fc4ea630955da9875fa9792f60dec7df184a67fa97778db07fbf6dd79a296f44384533eecbc0a2f8007bd2c0e81ef8ad0e7838a80f68851875d7e69df1d34ad30c698ca538169641835b1aeaab63af13bd7bb12c9e5ef7410d4e096ea9ef1b4a7f564e18424b503d4d92693d5dcffc7d146ba4f3c70fab5a9aafa94c2bcf5561c1ae99b84678cd378413e419d00eaa800916b1ba634e687ea9bf489e4d917d4b68ecacdfa5a52edc3b4cb260747eb252e3e9ac670b40ee1733c,gx-no-cache=1715785725301 HTTP/1.1" 200 30
190.171.149.74 - - [15/May/2024:12:11:11 -0300] "POST /cormun/servlet/solicitudot?gx-no-cache=1715785728083 HTTP/1.1" 200 30
190.171.141.106 - - [15/May/2024:12:11:46 -0300] "POST /cormun/servlet/solicitudotadjuntos?gx-no-cache=1715785765541 HTTP/1.1" 200 26
190.171.141.106 - - [15/May/2024:12:12:03 -0300] "GET /cormun/servlet/solicitudotadjuntos?383c55f9b1f16de8d7c417adaa11d2f8962c0553c1479a485be8cfab761cb6ca,gx-no-cache=1715785782820 HTTP/1.1" 200 30
190.171.141.106 - - [15/May/2024:12:12:03 -0300] "GET /cormun/servlet/solicitudotadjuntos?383c55f9b1f16de8d7c417adaa11d2f8962c0553c1479a485be8cfab761cb6ca,gx-no-cache=1715785782830 HTTP/1.1" 200 30
190.171.141.106 - - [15/May/2024:12:12:03 -0300] "POST /cormun/servlet/solicitudotadjuntos?211343177a560d2a3b82ecdc8e12c25a,INS,2024,21411,,1, HTTP/1.1" 200 116
190.171.141.106 - - [15/May/2024:12:12:03 -0300] "GET /cormun/servlet/hpexe_return? HTTP/1.1" 200 1031
190.171.141.106 - - [15/May/2024:12:12:04 -0300] "GET /cormun/servlet/trsolicitudadjuntos?2024,21411, HTTP/1.1" 200 10342
190.171.149.74 - - [15/May/2024:12:12:35 -0300] "POST /cormun/servlet/solicitudot?gx-no-cache=1715785812606 HTTP/1.1" 200 1482
190.171.149.74 - - [15/May/2024:12:12:38 -0300] "GET /cormun/servlet/prlicenciaspermisos?16426000,L,,MD,,gxPopupLevel%3D0%3B HTTP/1.1" 200 5847
190.171.149.74 - - [15/May/2024:12:13:14 -0300] "GET /cormun/servlet/prlicenciaspermisos?16426000,L,,MD,,gxPopupLevel%3D0%3B HTTP/1.1" 200 5847
190.171.141.106 - - [15/May/2024:12:13:16 -0300] "GET /cormun/servlet/solicitudotadjuntos?INS,2024,21411,,1, HTTP/1.1" 200 6333
190.171.141.106 - - [15/May/2024:12:13:16 -0300] "GET /cormun/static/about:blank HTTP/1.1" 404 1011
190.171.141.106 - - [15/May/2024:12:13:17 -0300] "GET /cormun/servlet/solicitudotadjuntos?383c55f9b1f16de8d7c417adaa11d2f8a57783feb5a4bf30aaeb886a40a8f68eba7e66a13e4dc25423106b2237fbd685,gx-no-cache=1715785856497 HTTP/1.1" 200 30
190.171.141.106 - - [15/May/2024:12:13:17 -0300] "POST /cormun/servlet/solicitudotadjuntos?211343177a560d2a3b82ecdc8e12c25a,INS,2024,21411,,1,,gx-no-cache=1715785856510 HTTP/1.1" 200 4199
190.171.149.74 - - [15/May/2024:12:13:19 -0300] "POST /cormun/servlet/solicitudot?gx-no-cache=1715785856901 HTTP/1.1" 200 41
190.171.141.106 - - [15/May/2024:12:13:21 -0300] "POST /cormun/servlet/solicitudotadjuntos?gx-no-cache=1715785860837 HTTP/1.1" 200 26
190.171.141.106 - - [15/May/2024:12:13:29 -0300] "GET /cormun/servlet/solicitudotadjuntos?383c55f9b1f16de8d7c417adaa11d2f8962c0553c1479a485be8cfab761cb6ca,gx-no-cache=1715785869155 HTTP/1.1" 200 30
190.171.141.106 - - [15/May/2024:12:13:30 -0300] "GET /cormun/servlet/solicitudotadjuntos?383c55f9b1f16de8d7c417adaa11d2f8962c0553c1479a485be8cfab761cb6ca,gx-no-cache=1715785869166 HTTP/1.1" 200 30
190.171.141.106 - - [15/May/2024:12:13:30 -0300] "POST /cormun/servlet/solicitudotadjuntos?211343177a560d2a3b82ecdc8e12c25a,INS,2024,21411,,1, HTTP/1.1" 200 116
190.171.141.106 - - [15/May/2024:12:13:30 -0300] "GET /cormun/servlet/hpexe_return? HTTP/1.1" 200 1031
190.171.141.106 - - [15/May/2024:12:13:30 -0300] "GET /cormun/servlet/trsolicitudadjuntos?2024,21411, HTTP/1.1" 200 10502
190.171.149.74 - - [15/May/2024:12:13:41 -0300] "GET /cormun/servlet/solicitudot?044f93a12a10817ae1970eb01fe994e69d8f975ae0e0c848f8353cd9de01ad17201d93023a54949e23588a7ec61ba26495b1b43116ce966caed010dc3d1379d93a96dde44500919fce05da126ea66beb7b488c6fdd3d5945ad6b98034ad2e7f84c4e18c65c639c0849988c4f1a4a6c6c,gx-no-cache=1715785878330 HTTP/1.1" 200 110
190.171.149.74 - - [15/May/2024:12:13:41 -0300] "POST /cormun/servlet/solicitudot?gx-no-cache=1715785878365 HTTP/1.1" 200 97
190.171.141.106 - - [15/May/2024:12:13:45 -0300] "GET /cormun/servlet/solicitudotadjuntos?INS,2024,21411,,1, HTTP/1.1" 200 6332
190.171.141.106 - - [15/May/2024:12:13:45 -0300] "GET /cormun/static/about:blank HTTP/1.1" 404 1011
190.171.141.106 - - [15/May/2024:12:13:46 -0300] "GET /cormun/servlet/solicitudotadjuntos?383c55f9b1f16de8d7c417adaa11d2f8a57783feb5a4bf30aaeb886a40a8f68eba7e66a13e4dc25423106b2237fbd685,gx-no-cache=1715785885445 HTTP/1.1" 200 30
190.171.141.106 - - [15/May/2024:12:13:46 -0300] "POST /cormun/servlet/solicitudotadjuntos?211343177a560d2a3b82ecdc8e12c25a,INS,2024,21411,,1,,gx-no-cache=1715785885458 HTTP/1.1" 200 4197
190.171.149.74 - - [15/May/2024:12:13:54 -0300] "GET /cormun/servlet/solicitudot?044f93a12a10817ae1970eb01fe994e626226e67f949158b9782f74575066aa3b230b9646f091edfa3dba4f93c5cb604e1603c8b8808669b5038e83a78764dbfeb4f2b23c24f295d1900f1b56e8de143c03e05a94f47a544f7642472525ec73f5f1ee7ebd544b2bcf0cb2502a96b74f9,gx-no-cache=1715785891050 HTTP/1.1" 200 29
190.171.149.74 - - [15/May/2024:12:13:54 -0300] "GET /cormun/static/menuarrow.gif HTTP/1.1" 404 1015
190.171.149.74 - - [15/May/2024:12:13:56 -0300] "GET /cormun/servlet/solicitudot?044f93a12a10817ae1970eb01fe994e6dff8b2ab91f04a2cb26e4fe79a3bbd0eb1b9c756f9427df51596daa83ceaddd4,gx-no-cache=1715785893507 HTTP/1.1" 200 30
190.171.149.74 - - [15/May/2024:12:13:56 -0300] "POST /cormun/servlet/solicitudot?gx-no-cache=1715785893534 HTTP/1.1" 200 34
190.171.149.74 - - [15/May/2024:12:14:01 -0300] "POST /cormun/servlet/solicitudot?77fc501935aa0a2a3f9a3964d7987819,INS,0,0,false,,gx-no-cache=1715785898203 HTTP/1.1" 200 93
190.171.149.74 - - [15/May/2024:12:14:01 -0300] "GET /cormun/servlet/hpexe_return? HTTP/1.1" 200 1010
190.171.149.74 - - [15/May/2024:12:14:01 -0300] "GET /cormun/servlet/trsolicitudot? HTTP/1.1" 200 8621
190.171.141.106 - - [15/May/2024:12:14:06 -0300] "POST /cormun/servlet/solicitudotadjuntos?gx-no-cache=1715785905461 HTTP/1.1" 200 26
190.171.141.106 - - [15/May/2024:12:14:15 -0300] "GET /cormun/servlet/solicitudotadjuntos?383c55f9b1f16de8d7c417adaa11d2f8962c0553c1479a485be8cfab761cb6ca,gx-no-cache=1715785914971 HTTP/1.1" 200 30
190.171.141.106 - - [15/May/2024:12:14:15 -0300] "GET /cormun/servlet/solicitudotadjuntos?383c55f9b1f16de8d7c417adaa11d2f8962c0553c1479a485be8cfab761cb6ca,gx-no-cache=1715785914981 HTTP/1.1" 200 30
190.171.141.106 - - [15/May/2024:12:14:15 -0300] "POST /cormun/servlet/solicitudotadjuntos?211343177a560d2a3b82ecdc8e12c25a,INS,2024,21411,,1, HTTP/1.1" 200 6655
190.171.141.106 - - [15/May/2024:12:14:16 -0300] "GET /cormun/static/Shared/jqueryui/images/ui-bg_highlight-soft_100_c6c2c8_1x100.png HTTP/1.1" 404 1117
190.171.141.106 - - [15/May/2024:12:14:16 -0300] "GET /cormun/static/Shared/jqueryui/images/ui-icons_82798d_256x240.png HTTP/1.1" 404 1089
190.171.141.106 - - [15/May/2024:12:14:16 -0300] "GET /cormun/static/Shared/jqueryui/images/ui-icons_ebccce_256x240.png HTTP/1.1" 404 1089
190.171.141.106 - - [15/May/2024:12:14:16 -0300] "GET /cormun/static/Shared/jqueryui/images/ui-bg_flat_55_994d53_40x100.png HTTP/1.1" 404 1097
190.171.141.106 - - [15/May/2024:12:14:16 -0300] "GET /cormun/PrivateTempStorage/upload_00004770.pdf HTTP/1.1" 200 106217
190.171.141.106 - - [15/May/2024:12:14:27 -0300] "GET /cormun/servlet/solicitudotadjuntos?383c55f9b1f16de8d7c417adaa11d2f86f502e176aaa625cf257aeea3562ffe276ce3299fcbb30b29928e6f12c7c03a5,gx-no-cache=1715785927147 HTTP/1.1" 200 30
190.171.141.106 - - [15/May/2024:12:14:28 -0300] "POST /cormun/servlet/solicitudotadjuntos?211343177a560d2a3b82ecdc8e12c25a,INS,2024,21411,,1, HTTP/1.1" 200 6655
190.171.141.106 - - [15/May/2024:12:14:28 -0300] "GET /cormun/PrivateTempStorage/upload_00004782.pdf HTTP/1.1" 200 106217
190.171.149.74 - - [15/May/2024:12:15:06 -0300] "POST /cormun/servlet/trsolicitudot?77fc501935aa0a2a3f9a3964d7987819,,gx-no-cache=1715785962878 HTTP/1.1" 200 106
190.171.149.74 - - [15/May/2024:12:15:06 -0300] "GET /cormun/servlet/trsolicitudadjuntos?2024,21412, HTTP/1.1" 200 6092
190.171.149.74 - - [15/May/2024:12:15:07 -0300] "GET /cormun/servlet/solicitudotadjuntos?INS,2024,21412,,1, HTTP/1.1" 200 6036
190.171.149.74 - - [15/May/2024:12:15:08 -0300] "GET /cormun/static/about:blank HTTP/1.1" 404 1011
190.171.149.74 - - [15/May/2024:12:15:08 -0300] "GET /cormun/servlet/solicitudotadjuntos?044f93a12a10817ae1970eb01fe994e69565cf393e44c37cbbdffcbd264a0cdff768c2fb7ac97c69e42a74f5ba5db497,gx-no-cache=1715785965631 HTTP/1.1" 200 30
190.171.149.74 - - [15/May/2024:12:15:08 -0300] "POST /cormun/servlet/solicitudotadjuntos?77fc501935aa0a2a3f9a3964d7987819,INS,2024,21412,,1,,gx-no-cache=1715785965648 HTTP/1.1" 200 3902
190.171.149.74 - - [15/May/2024:12:15:10 -0300] "POST /cormun/servlet/solicitudotadjuntos?gx-no-cache=1715785967790 HTTP/1.1" 200 26
190.171.143.106 - - [15/May/2024:12:15:11 -0300] "GET /cormun/servlet/hhome HTTP/1.1" 200 3317
190.171.143.106 - - [15/May/2024:12:15:12 -0300] "GET /cormun/servlet/hlogin HTTP/1.1" 200 1727
190.171.143.106 - - [15/May/2024:12:15:15 -0300] "POST /cormun/servlet/hlogin?fd6f5fd29afd3f70773b4cee1b61b034,gx-no-cache=1715785974659 HTTP/1.1" 200 90
190.171.143.106 - - [15/May/2024:12:15:15 -0300] "GET /cormun/servlet/hpexe_link HTTP/1.1" 200 948
190.171.143.106 - - [15/May/2024:12:15:15 -0300] "GET /cormun/servlet/hhome HTTP/1.1" 200 4266
190.171.149.74 - - [15/May/2024:12:15:19 -0300] "GET /cormun/servlet/solicitudotadjuntos?044f93a12a10817ae1970eb01fe994e6e9f6a5b3dfdf448bec62284edd23ca22,gx-no-cache=1715785976299 HTTP/1.1" 200 30
190.171.149.74 - - [15/May/2024:12:15:19 -0300] "GET /cormun/servlet/solicitudotadjuntos?044f93a12a10817ae1970eb01fe994e6e9f6a5b3dfdf448bec62284edd23ca22,gx-no-cache=1715785976318 HTTP/1.1" 200 30
190.171.149.74 - - [15/May/2024:12:15:19 -0300] "POST /cormun/servlet/solicitudotadjuntos?77fc501935aa0a2a3f9a3964d7987819,INS,2024,21412,,1, HTTP/1.1" 200 116
190.171.149.74 - - [15/May/2024:12:15:19 -0300] "GET /cormun/servlet/hpexe_return? HTTP/1.1" 200 1029
190.171.149.74 - - [15/May/2024:12:15:19 -0300] "GET /cormun/servlet/trsolicitudadjuntos?2024,21412, HTTP/1.1" 200 9018
190.171.149.74 - - [15/May/2024:12:15:29 -0300] "GET /cormun/servlet/solicitudotadjuntos?INS,2024,21412,,1, HTTP/1.1" 200 6037
190.171.149.74 - - [15/May/2024:12:15:29 -0300] "GET /cormun/static/about:blank HTTP/1.1" 404 1011
190.171.149.74 - - [15/May/2024:12:15:29 -0300] "GET /cormun/servlet/solicitudotadjuntos?044f93a12a10817ae1970eb01fe994e69565cf393e44c37cbbdffcbd264a0cdff768c2fb7ac97c69e42a74f5ba5db497,gx-no-cache=1715785986622 HTTP/1.1" 200 30
190.171.149.74 - - [15/May/2024:12:15:29 -0300] "POST /cormun/servlet/solicitudotadjuntos?77fc501935aa0a2a3f9a3964d7987819,INS,2024,21412,,1,,gx-no-cache=1715785986642 HTTP/1.1" 200 3904
190.171.149.74 - - [15/May/2024:12:15:31 -0300] "POST /cormun/servlet/solicitudotadjuntos?gx-no-cache=1715785988747 HTTP/1.1" 200 26
190.171.149.74 - - [15/May/2024:12:15:36 -0300] "GET /cormun/servlet/solicitudotadjuntos?044f93a12a10817ae1970eb01fe994e6e9f6a5b3dfdf448bec62284edd23ca22,gx-no-cache=1715785993778 HTTP/1.1" 200 30
190.171.149.74 - - [15/May/2024:12:15:36 -0300] "GET /cormun/servlet/solicitudotadjuntos?044f93a12a10817ae1970eb01fe994e6e9f6a5b3dfdf448bec62284edd23ca22,gx-no-cache=1715785993793 HTTP/1.1" 200 30
190.171.149.74 - - [15/May/2024:12:15:36 -0300] "POST /cormun/servlet/solicitudotadjuntos?77fc501935aa0a2a3f9a3964d7987819,INS,2024,21412,,1, HTTP/1.1" 200 116
190.171.149.74 - - [15/May/2024:12:15:36 -0300] "GET /cormun/servlet/hpexe_return? HTTP/1.1" 200 1029
190.171.149.74 - - [15/May/2024:12:15:37 -0300] "GET /cormun/servlet/trsolicitudadjuntos?2024,21412, HTTP/1.1" 200 9272
190.171.149.74 - - [15/May/2024:12:15:38 -0300] "GET /cormun/servlet/solicitudotadjuntos?INS,2024,21412,,1, HTTP/1.1" 200 6037
190.171.149.74 - - [15/May/2024:12:15:39 -0300] "GET /cormun/static/about:blank HTTP/1.1" 404 1011
190.171.149.74 - - [15/May/2024:12:15:39 -0300] "GET /cormun/servlet/solicitudotadjuntos?044f93a12a10817ae1970eb01fe994e69565cf393e44c37cbbdffcbd264a0cdff768c2fb7ac97c69e42a74f5ba5db497,gx-no-cache=1715785996494 HTTP/1.1" 200 30
190.171.149.74 - - [15/May/2024:12:15:39 -0300] "POST /cormun/servlet/solicitudotadjuntos?77fc501935aa0a2a3f9a3964d7987819,INS,2024,21412,,1,,gx-no-cache=1715785996515 HTTP/1.1" 200 3904
190.171.149.74 - - [15/May/2024:12:15:42 -0300] "POST /cormun/servlet/solicitudotadjuntos?gx-no-cache=1715785999227 HTTP/1.1" 200 26
190.171.141.106 - - [15/May/2024:12:15:43 -0300] "GET /cormun/servlet/solicitudotadjuntos?383c55f9b1f16de8d7c417adaa11d2f8a804ab79e2792e80c5c5b5c47e08c43076ce3299fcbb30b29928e6f12c7c03a5,gx-no-cache=1715786002284 HTTP/1.1" 200 30
190.171.141.106 - - [15/May/2024:12:15:43 -0300] "GET /cormun/servlet/solicitudotadjuntos?383c55f9b1f16de8d7c417adaa11d2f8a804ab79e2792e80c5c5b5c47e08c43076ce3299fcbb30b29928e6f12c7c03a5,gx-no-cache=1715786002314 HTTP/1.1" 200 30
190.171.141.106 - - [15/May/2024:12:15:43 -0300] "POST /cormun/servlet/solicitudotadjuntos?211343177a560d2a3b82ecdc8e12c25a,INS,2024,21411,,1, HTTP/1.1" 200 6683
190.171.141.106 - - [15/May/2024:12:15:43 -0300] "GET /cormun/PrivateTempStorage/upload_00004818.pdf HTTP/1.1" 200 106177
190.171.149.74 - - [15/May/2024:12:15:50 -0300] "GET /cormun/servlet/solicitudotadjuntos?044f93a12a10817ae1970eb01fe994e6e9f6a5b3dfdf448bec62284edd23ca22,gx-no-cache=1715786007666 HTTP/1.1" 200 30
190.171.149.74 - - [15/May/2024:12:15:50 -0300] "GET /cormun/servlet/solicitudotadjuntos?044f93a12a10817ae1970eb01fe994e6e9f6a5b3dfdf448bec62284edd23ca22,gx-no-cache=1715786007682 HTTP/1.1" 200 30
190.171.149.74 - - [15/May/2024:12:15:50 -0300] "POST /cormun/servlet/solicitudotadjuntos?77fc501935aa0a2a3f9a3964d7987819,INS,2024,21412,,1, HTTP/1.1" 200 116
190.171.149.74 - - [15/May/2024:12:15:50 -0300] "GET /cormun/servlet/hpexe_return? HTTP/1.1" 200 1029
190.171.149.74 - - [15/May/2024:12:15:50 -0300] "GET /cormun/servlet/trsolicitudadjuntos?2024,21412, HTTP/1.1" 200 9472
190.171.149.74 - - [15/May/2024:12:15:52 -0300] "GET /cormun/servlet/solicitudotadjuntos?INS,2024,21412,,1, HTTP/1.1" 200 6037
190.171.149.74 - - [15/May/2024:12:15:52 -0300] "GET /cormun/static/about:blank HTTP/1.1" 404 1011
190.171.149.74 - - [15/May/2024:12:15:53 -0300] "GET /cormun/servlet/solicitudotadjuntos?044f93a12a10817ae1970eb01fe994e69565cf393e44c37cbbdffcbd264a0cdff768c2fb7ac97c69e42a74f5ba5db497,gx-no-cache=1715786010350 HTTP/1.1" 200 30
190.171.149.74 - - [15/May/2024:12:15:53 -0300] "POST /cormun/servlet/solicitudotadjuntos?77fc501935aa0a2a3f9a3964d7987819,INS,2024,21412,,1,,gx-no-cache=1715786010374 HTTP/1.1" 200 3904
190.171.149.74 - - [15/May/2024:12:15:55 -0300] "POST /cormun/servlet/solicitudotadjuntos?gx-no-cache=1715786012675 HTTP/1.1" 200 26
190.171.141.106 - - [15/May/2024:12:15:57 -0300] "POST /cormun/servlet/solicitudotadjuntos?211343177a560d2a3b82ecdc8e12c25a,INS,2024,21411,,1,,gx-no-cache=1715786016172 HTTP/1.1" 200 93
190.171.141.106 - - [15/May/2024:12:15:57 -0300] "GET /cormun/servlet/hpexe_return? HTTP/1.1" 200 1031
190.171.141.106 - - [15/May/2024:12:15:57 -0300] "GET /cormun/servlet/trsolicitudadjuntos?2024,21411, HTTP/1.1" 200 10506
190.171.149.74 - - [15/May/2024:12:16:01 -0300] "GET /cormun/servlet/solicitudotadjuntos?044f93a12a10817ae1970eb01fe994e6e9f6a5b3dfdf448bec62284edd23ca22,gx-no-cache=1715786018842 HTTP/1.1" 200 30
190.171.149.74 - - [15/May/2024:12:16:01 -0300] "GET /cormun/servlet/solicitudotadjuntos?044f93a12a10817ae1970eb01fe994e6e9f6a5b3dfdf448bec62284edd23ca22,gx-no-cache=1715786018859 HTTP/1.1" 200 30
190.171.149.74 - - [15/May/2024:12:16:02 -0300] "POST /cormun/servlet/solicitudotadjuntos?77fc501935aa0a2a3f9a3964d7987819,INS,2024,21412,,1, HTTP/1.1" 200 116
190.171.149.74 - - [15/May/2024:12:16:02 -0300] "GET /cormun/servlet/hpexe_return? HTTP/1.1" 200 1029
190.171.149.74 - - [15/May/2024:12:16:02 -0300] "GET /cormun/servlet/trsolicitudadjuntos?2024,21412, HTTP/1.1" 200 9753
190.171.149.74 - - [15/May/2024:12:16:04 -0300] "GET /cormun/servlet/solicitudotadjuntos?INS,2024,21412,,1, HTTP/1.1" 200 6037
190.171.149.74 - - [15/May/2024:12:16:04 -0300] "GET /cormun/static/about:blank HTTP/1.1" 404 1011
190.171.149.74 - - [15/May/2024:12:16:05 -0300] "GET /cormun/servlet/solicitudotadjuntos?044f93a12a10817ae1970eb01fe994e69565cf393e44c37cbbdffcbd264a0cdff768c2fb7ac97c69e42a74f5ba5db497,gx-no-cache=1715786022319 HTTP/1.1" 200 30
190.171.149.74 - - [15/May/2024:12:16:05 -0300] "POST /cormun/servlet/solicitudotadjuntos?77fc501935aa0a2a3f9a3964d7987819,INS,2024,21412,,1,,gx-no-cache=1715786022339 HTTP/1.1" 200 3904
190.171.149.74 - - [15/May/2024:12:16:08 -0300] "POST /cormun/servlet/solicitudotadjuntos?gx-no-cache=1715786025218 HTTP/1.1" 200 26
190.171.149.74 - - [15/May/2024:12:16:13 -0300] "GET /cormun/servlet/solicitudotadjuntos?044f93a12a10817ae1970eb01fe994e6e9f6a5b3dfdf448bec62284edd23ca22,gx-no-cache=1715786030538 HTTP/1.1" 200 30
190.171.149.74 - - [15/May/2024:12:16:13 -0300] "GET /cormun/servlet/solicitudotadjuntos?044f93a12a10817ae1970eb01fe994e6e9f6a5b3dfdf448bec62284edd23ca22,gx-no-cache=1715786030584 HTTP/1.1" 200 30
190.171.149.74 - - [15/May/2024:12:16:13 -0300] "POST /cormun/servlet/solicitudotadjuntos?77fc501935aa0a2a3f9a3964d7987819,INS,2024,21412,,1, HTTP/1.1" 200 116
190.171.149.74 - - [15/May/2024:12:16:13 -0300] "GET /cormun/servlet/hpexe_return? HTTP/1.1" 200 1029
190.171.149.74 - - [15/May/2024:12:16:14 -0300] "GET /cormun/servlet/trsolicitudadjuntos?2024,21412, HTTP/1.1" 200 10045
190.171.149.74 - - [15/May/2024:12:16:16 -0300] "GET /cormun/servlet/solicitudotadjuntos?INS,2024,21412,,1, HTTP/1.1" 200 6037
190.171.149.74 - - [15/May/2024:12:16:16 -0300] "GET /cormun/static/about:blank HTTP/1.1" 404 1011
190.171.149.74 - - [15/May/2024:12:16:17 -0300] "GET /cormun/servlet/solicitudotadjuntos?044f93a12a10817ae1970eb01fe994e69565cf393e44c37cbbdffcbd264a0cdff768c2fb7ac97c69e42a74f5ba5db497,gx-no-cache=1715786034181 HTTP/1.1" 200 30
190.171.149.74 - - [15/May/2024:12:16:17 -0300] "POST /cormun/servlet/solicitudotadjuntos?77fc501935aa0a2a3f9a3964d7987819,INS,2024,21412,,1,,gx-no-cache=1715786034200 HTTP/1.1" 200 3904
