200.54.103.162 - - [15/May/2024:10:54:18 -0300] "GET /cormun/servlet/hpexe_link HTTP/1.1" 200 980
200.54.103.162 - - [15/May/2024:10:54:18 -0300] "GET /cormun/servlet/trpermisosgoce HTTP/1.1" 200 17340
190.171.142.10 - - [15/May/2024:10:54:20 -0300] "GET /cormun/servlet/trsolicitudot? HTTP/1.1" 200 7417
200.54.103.162 - - [15/May/2024:10:54:24 -0300] "GET /cormun/servlet/trpermisosadjuntos?12913525,20240515094511,P, HTTP/1.1" 200 6655
200.54.103.162 - - [15/May/2024:10:54:26 -0300] "GET /cormun/servlet/permisosadjuntos?INS,12913525,P,20240515094511,, HTTP/1.1" 200 5985
200.54.103.162 - - [15/May/2024:10:54:26 -0300] "GET /cormun/static/about:blank HTTP/1.1" 404 1011
200.54.103.162 - - [15/May/2024:10:54:33 -0300] "POST /cormun/servlet/permisosadjuntos?969f61f8cff9debe506a788c128eb944,INS,12913525,P,20240515094511,, HTTP/1.1" 200 116
200.54.103.162 - - [15/May/2024:10:54:33 -0300] "GET /cormun/servlet/hpexe_return? HTTP/1.1" 200 1033
200.54.103.162 - - [15/May/2024:10:54:33 -0300] "GET /cormun/servlet/trpermisosadjuntos?12913525,20240515094511,P, HTTP/1.1" 200 7162
200.54.103.162 - - [15/May/2024:10:54:35 -0300] "POST /cormun/servlet/trpermisosadjuntos?969f61f8cff9debe506a788c128eb944,12913525,20240515094511,P,,gx-no-cache=1715781134211 HTTP/1.1" 200 90
200.54.103.162 - - [15/May/2024:10:54:35 -0300] "GET /cormun/servlet/hpexe_link HTTP/1.1" 200 978
200.54.103.162 - - [15/May/2024:10:54:35 -0300] "GET /cormun/servlet/trpermisosgoce HTTP/1.1" 200 17339
200.54.103.162 - - [15/May/2024:10:54:41 -0300] "GET /cormun/servlet/trpermisosadjuntos?13788520,20240515094533,P, HTTP/1.1" 200 6654
200.54.103.162 - - [15/May/2024:10:54:42 -0300] "GET /cormun/servlet/permisosadjuntos?INS,13788520,P,20240515094533,, HTTP/1.1" 200 5981
200.54.103.162 - - [15/May/2024:10:54:43 -0300] "GET /cormun/static/about:blank HTTP/1.1" 404 1011
200.54.103.162 - - [15/May/2024:10:54:53 -0300] "POST /cormun/servlet/permisosadjuntos?969f61f8cff9debe506a788c128eb944,INS,13788520,P,20240515094533,, HTTP/1.1" 200 116
200.54.103.162 - - [15/May/2024:10:54:53 -0300] "GET /cormun/servlet/hpexe_return? HTTP/1.1" 200 1033
200.54.103.162 - - [15/May/2024:10:54:53 -0300] "GET /cormun/servlet/trpermisosadjuntos?13788520,20240515094533,P, HTTP/1.1" 200 7159
200.54.103.162 - - [15/May/2024:10:54:55 -0300] "POST /cormun/servlet/trpermisosadjuntos?969f61f8cff9debe506a788c128eb944,13788520,20240515094533,P,,gx-no-cache=1715781155059 HTTP/1.1" 200 90
200.54.103.162 - - [15/May/2024:10:54:55 -0300] "GET /cormun/servlet/hpexe_link HTTP/1.1" 200 979
200.54.103.162 - - [15/May/2024:10:54:56 -0300] "GET /cormun/servlet/trpermisosgoce HTTP/1.1" 200 17340
200.54.103.162 - - [15/May/2024:10:55:00 -0300] "POST /cormun/servlet/trpermisosgoce?969f61f8cff9debe506a788c128eb944,gx-no-cache=1715781158888 HTTP/1.1" 200 14543
200.54.103.162 - - [15/May/2024:10:55:00 -0300] "GET /cormun/static/Shared/jqueryui/images/ui-bg_highlight-soft_100_c6c2c8_1x100.png HTTP/1.1" 404 1117
200.54.103.162 - - [15/May/2024:10:55:00 -0300] "GET /cormun/static/Shared/jqueryui/images/ui-icons_82798d_256x240.png HTTP/1.1" 404 1089
200.54.103.162 - - [15/May/2024:10:55:00 -0300] "GET /cormun/static/Shared/jqueryui/images/ui-icons_8d78a5_256x240.png HTTP/1.1" 404 1089
200.54.103.162 - - [15/May/2024:10:55:00 -0300] "GET /cormun/static/Shared/jqueryui/images/ui-bg_flat_55_fafafa_40x100.png HTTP/1.1" 404 1097
190.171.142.10 - - [15/May/2024:10:55:00 -0300] "GET /cormun/static/menuarrow.gif HTTP/1.1" 404 1015
200.54.103.162 - - [15/May/2024:10:55:01 -0300] "POST /cormun/servlet/trpermisosgoce?969f61f8cff9debe506a788c128eb944,gx-no-cache=1715781160165 HTTP/1.1" 200 14539
200.54.103.162 - - [15/May/2024:10:55:02 -0300] "POST /cormun/servlet/trpermisosgoce?969f61f8cff9debe506a788c128eb944,gx-no-cache=1715781161581 HTTP/1.1" 200 14530
200.54.103.162 - - [15/May/2024:10:55:03 -0300] "POST /cormun/servlet/trpermisosgoce?969f61f8cff9debe506a788c128eb944,gx-no-cache=1715781162476 HTTP/1.1" 200 14531
200.54.103.162 - - [15/May/2024:10:55:04 -0300] "POST /cormun/servlet/trpermisosgoce?969f61f8cff9debe506a788c128eb944,gx-no-cache=1715781163634 HTTP/1.1" 200 14524
200.54.103.162 - - [15/May/2024:10:55:05 -0300] "POST /cormun/servlet/trpermisosgoce?969f61f8cff9debe506a788c128eb944,gx-no-cache=1715781164530 HTTP/1.1" 200 14504
200.54.103.162 - - [15/May/2024:10:55:06 -0300] "POST /cormun/servlet/trpermisosgoce?969f61f8cff9debe506a788c128eb944,gx-no-cache=1715781165557 HTTP/1.1" 200 14508
200.54.103.162 - - [15/May/2024:10:55:07 -0300] "POST /cormun/servlet/trpermisosgoce?969f61f8cff9debe506a788c128eb944,gx-no-cache=1715781166773 HTTP/1.1" 200 14486
200.54.103.162 - - [15/May/2024:10:55:08 -0300] "POST /cormun/servlet/trpermisosgoce?969f61f8cff9debe506a788c128eb944,gx-no-cache=1715781167724 HTTP/1.1" 200 14478
200.54.103.162 - - [15/May/2024:10:55:09 -0300] "POST /cormun/servlet/trpermisosgoce?969f61f8cff9debe506a788c128eb944,gx-no-cache=1715781168773 HTTP/1.1" 200 14451
200.54.103.162 - - [15/May/2024:10:55:14 -0300] "GET /cormun/servlet/trautorizarpermisogoce? HTTP/1.1" 200 9894
200.54.103.162 - - [15/May/2024:10:55:14 -0300] "GET /cormun/static/gxcfg.js?2020121645532 HTTP/1.1" 200 953
200.54.103.162 - - [15/May/2024:10:55:14 -0300] "GET /cormun/static/trautorizarpermisogoce.js?2020121651492 HTTP/1.1" 200 34948
200.54.103.162 - - [15/May/2024:10:55:17 -0300] "POST /cormun/servlet/trautorizarpermisogoce?969f61f8cff9debe506a788c128eb944,,gx-no-cache=1715781176716 HTTP/1.1" 200 6951
200.54.103.162 - - [15/May/2024:10:55:18 -0300] "POST /cormun/servlet/trautorizarpermisogoce?969f61f8cff9debe506a788c128eb944,,gx-no-cache=1715781177460 HTTP/1.1" 200 6747
200.54.103.162 - - [15/May/2024:10:55:19 -0300] "POST /cormun/servlet/trautorizarpermisogoce?969f61f8cff9debe506a788c128eb944,,gx-no-cache=1715781178297 HTTP/1.1" 200 6557
200.54.103.162 - - [15/May/2024:10:55:20 -0300] "POST /cormun/servlet/trautorizarpermisogoce?969f61f8cff9debe506a788c128eb944,,gx-no-cache=1715781179194 HTTP/1.1" 200 6367
200.54.103.162 - - [15/May/2024:10:55:21 -0300] "POST /cormun/servlet/trautorizarpermisogoce?969f61f8cff9debe506a788c128eb944,,gx-no-cache=1715781180080 HTTP/1.1" 200 6156
200.54.103.162 - - [15/May/2024:10:55:21 -0300] "POST /cormun/servlet/trautorizarpermisogoce?969f61f8cff9debe506a788c128eb944,,gx-no-cache=1715781180881 HTTP/1.1" 200 5946
200.54.103.162 - - [15/May/2024:10:55:22 -0300] "POST /cormun/servlet/trautorizarpermisogoce?969f61f8cff9debe506a788c128eb944,,gx-no-cache=1715781181625 HTTP/1.1" 200 5735
200.54.103.162 - - [15/May/2024:10:55:23 -0300] "POST /cormun/servlet/trautorizarpermisogoce?969f61f8cff9debe506a788c128eb944,,gx-no-cache=1715781182361 HTTP/1.1" 200 5523
200.54.103.162 - - [15/May/2024:10:55:24 -0300] "POST /cormun/servlet/trautorizarpermisogoce?969f61f8cff9debe506a788c128eb944,,gx-no-cache=1715781183081 HTTP/1.1" 200 5261
200.54.103.162 - - [15/May/2024:10:55:24 -0300] "POST /cormun/servlet/trautorizarpermisogoce?969f61f8cff9debe506a788c128eb944,,gx-no-cache=1715781183817 HTTP/1.1" 200 4511
200.54.103.162 - - [15/May/2024:10:55:29 -0300] "POST /cormun/servlet/trautorizarpermisogoce?969f61f8cff9debe506a788c128eb944,,gx-no-cache=1715781188681 HTTP/1.1" 200 90
200.54.103.162 - - [15/May/2024:10:55:29 -0300] "GET /cormun/servlet/hpexe_link HTTP/1.1" 200 982
200.54.103.162 - - [15/May/2024:10:55:29 -0300] "GET /cormun/servlet/trpermisosgoce?gx-no-cache=1715781168773 HTTP/1.1" 200 17205
200.54.107.2 - - [15/May/2024:10:56:08 -0300] "GET /cormun/servlet/solicitudot?ca4290bd4a18a74592d8258a66570ceb01e9cdb160c39eea669c55ca789b9a430969796e3a6ca5a535145bd30c2fc64869f4c173ba6353d56b979e61e50204d3,gx-no-cache=1715781228093 HTTP/1.1" 200 30
190.171.142.10 - - [15/May/2024:10:56:10 -0300] "GET /cormun/servlet/solicitudot?INS,0,0,false, HTTP/1.1" 200 16183
190.171.142.10 - - [15/May/2024:10:56:10 -0300] "GET /cormun/static/gxcfg.js?20221129840861 HTTP/1.1" 200 953
190.171.142.10 - - [15/May/2024:10:56:10 -0300] "GET /cormun/static/Resources/prompt.gif HTTP/1.1" 200 902
190.171.142.10 - - [15/May/2024:10:56:10 -0300] "GET /cormun/static/solicitudot.js?20221129840983 HTTP/1.1" 200 74072
200.54.107.2 - - [15/May/2024:10:56:12 -0300] "GET /cormun/servlet/solicitudot?ca4290bd4a18a74592d8258a66570cebbc98a720da1113b0967820a308fbccc1,gx-no-cache=1715781231707 HTTP/1.1" 200 53
190.171.142.10 - - [15/May/2024:10:56:28 -0300] "POST /cormun/servlet/solicitudot?gx-no-cache=1715781245800 HTTP/1.1" 200 4153
190.171.142.10 - - [15/May/2024:10:56:28 -0300] "POST /cormun/servlet/solicitudot?7e8e2f78e135dfc03aec73eaeb91cd52,INS,0,0,false,,gx-no-cache=1715781245949 HTTP/1.1" 200 13017
200.54.107.2 - - [15/May/2024:10:56:33 -0300] "POST /cormun/servlet/solicitudot?74b883a6269dee7d0b9d0ba7dde61005,INS,0,0,false,,gx-no-cache=1715781252624 HTTP/1.1" 200 13105
200.54.107.2 - - [15/May/2024:10:56:33 -0300] "GET /cormun/static/Shared/jqueryui/images/ui-bg_highlight-soft_100_c6c2c8_1x100.png HTTP/1.1" 404 1117
200.54.107.2 - - [15/May/2024:10:56:33 -0300] "GET /cormun/static/Shared/jqueryui/images/ui-icons_8d78a5_256x240.png HTTP/1.1" 404 1089
200.54.107.2 - - [15/May/2024:10:56:33 -0300] "GET /cormun/static/Shared/jqueryui/images/ui-bg_flat_55_fafafa_40x100.png HTTP/1.1" 404 1097
200.54.107.2 - - [15/May/2024:10:56:33 -0300] "GET /cormun/static/Shared/jqueryui/images/ui-icons_82798d_256x240.png HTTP/1.1" 404 1089
190.171.142.10 - - [15/May/2024:10:56:43 -0300] "GET /cormun/servlet/solicitudot?adef98e6e90e7f036cbe235031754e93a54697a410a939999162add8420333f87f52eb0865123957e74efeda6ef0f6e4,gx-no-cache=1715781260617 HTTP/1.1" 200 30
190.171.142.10 - - [15/May/2024:10:56:43 -0300] "GET /cormun/servlet/solicitudot?adef98e6e90e7f036cbe235031754e9375a77ca7577d82414d25e34156bfe397d2ab9cc369dfe419f1e59ae96d61e3c7946306d5e3935077539133ec8f2150ea,gx-no-cache=1715781260639 HTTP/1.1" 200 30
190.171.142.10 - - [15/May/2024:10:56:43 -0300] "GET /cormun/servlet/solicitudot?adef98e6e90e7f036cbe235031754e93c1d049d9d6d392a195cc686c0da35586,gx-no-cache=1715781260660 HTTP/1.1" 200 53
190.171.142.10 - - [15/May/2024:10:56:43 -0300] "POST /cormun/servlet/solicitudot?gx-no-cache=1715781260678 HTTP/1.1" 200 297
190.171.142.10 - - [15/May/2024:10:56:43 -0300] "GET /cormun/servlet/solicitudot?adef98e6e90e7f036cbe235031754e93e9d48b416463981bb59b56b780efada0ab68fcfb8d94a406b2e11a6d9ef7446239bccd7d5dae47ff1ea9001256f5d907519672dd608e165fb4288c5212f85d63bb83e3bf4034192bbd763156f78710955951a65b03be986304cbfeb075dccf35b7e72bf7e3c2ce991b93c15504c391b5ddbc57f24bb2610cc03684b290085d2b8f5ddd500b8ae88c230d53701b03771dcdb8c0374feaab869a91e9d249046c4646d90294e4f478b4f271c498c06d7384780492080b77b7eb4584a161eb773d9e1971f6160b2b443b1253344c4d80e928b8a1b1680ca979e617193377599e5643a4cb9081925f941c4e03fe510e39889b4681d5b3686d189222ecb0b08dd8b59719e868a155a0422d543af7d662522d3c628d1f3f82ecc52608fae34935fe4d4476d215c16b2b0d7e02b96c1d4b86e7a5b15d67382e97cb123a016514dc0c48791a70c536db88ffb693de399be3d0bbea4af810f24d988f03df24edab8925fc3c2316f93989dc9f08a3e8e553fc729f0f52dd8b2486451ea91b63f09c331fc3a3,gx-no-cache=1715781260698 HTTP/1.1" 200 30
190.171.142.10 - - [15/May/2024:10:56:45 -0300] "POST /cormun/servlet/solicitudot?gx-no-cache=1715781263410 HTTP/1.1" 200 30
200.54.107.2 - - [15/May/2024:10:56:48 -0300] "POST /cormun/servlet/solicitudot?gx-no-cache=1715781267491 HTTP/1.1" 200 297
200.54.107.2 - - [15/May/2024:10:56:48 -0300] "GET /cormun/servlet/solicitudot?ca4290bd4a18a74592d8258a66570cebb4035f36d437c87dae5e8980735a9541c8b096b8c0cb06cd8bad74f0e28e4128209263a5fff62c8c5ed8c26a2e6d0fe70ebb6b68f93504c2e5d9c260eafca0b3381f3658786af03d7586fe84c7b4021004e03e2f79422552814ad441e45ef0d2b4b68e7f905eba9c1d21453882ce8431a4015c1429a5da8d8b7d701e4df78cc5a318d488f15c4b3c705aa85614d2e4032a7d970e1a5d0a93f8c071595569794c2130aaa7c16fc3db304b26ce0bad4409b8fd5ead8e4aac986fa38904b5cc8846722b13bb57611f3cc271bfc093fda4fef150010b5bdb167a8373b0799a6055184863c10425793a7cd9bb9fff28034048108a257a781220f70f8ab13a2648e8d36db6afeeb4463c16b3f8f9a5f6a32b16286a0899e1fcdb463f4f79bf9f00ff52e5686d6d293153a19a1f9a485e521192a2ec6a5e6df3f97a91868515bb62e1ab3f753401a822b791f018a294c3a6889c171b4c8be54dceb96de94f6fd33dcd1bbd8c86fdedbb2f3102f20ef9793312324b57bc0a0aab33b6999dc3d6370c7421,gx-no-cache=1715781267533 HTTP/1.1" 200 30
190.171.142.10 - - [15/May/2024:10:56:54 -0300] "POST /cormun/servlet/solicitudot?gx-no-cache=1715781271715 HTTP/1.1" 200 1481
190.171.142.10 - - [15/May/2024:10:56:54 -0300] "POST /cormun/servlet/solicitudot?gx-no-cache=1715781271761 HTTP/1.1" 200 38
190.171.142.10 - - [15/May/2024:10:56:54 -0300] "GET /cormun/servlet/solicitudot?adef98e6e90e7f036cbe235031754e93d19d05da6192262d8aa5070e9e4860e52d0b0ea00c65da9901fba70a09b6d5d9a65480b6695386a463f0bccdf97d7c9dc16b5a6e4c980a29a05ff37343883efe8545bf7c53a7b27b359d8c8a3599750a736caec292dc1908289dabcfb6f6ee81,gx-no-cache=1715781271778 HTTP/1.1" 200 110
200.54.103.162 - - [15/May/2024:10:56:57 -0300] "GET /cormun/servlet/hlogin HTTP/1.1" 200 1756
200.54.107.2 - - [15/May/2024:10:56:59 -0300] "POST /cormun/servlet/solicitudot?gx-no-cache=1715781278800 HTTP/1.1" 200 30
200.54.107.2 - - [15/May/2024:10:57:13 -0300] "POST /cormun/servlet/solicitudot?gx-no-cache=1715781292724 HTTP/1.1" 200 1481
200.54.107.2 - - [15/May/2024:10:57:13 -0300] "POST /cormun/servlet/solicitudot?gx-no-cache=1715781292778 HTTP/1.1" 200 38
200.54.107.2 - - [15/May/2024:10:58:05 -0300] "GET /cormun/servlet/solicitudot?ca4290bd4a18a74592d8258a66570ceb73c719d98ef8fed1e52dc0c96a49b6b897ed8b32df3ff31a406db8d8267b8bf8681a4f7bfe9599a0fbeb9d2050afedec1c9a738a927004146cfac6c152c6c656a8d2947bf116f2f63f9f5935962ece4bf871867ccc54241f5598c7d36a028cd0,gx-no-cache=1715781344838 HTTP/1.1" 200 110
200.54.107.2 - - [15/May/2024:10:58:05 -0300] "POST /cormun/servlet/solicitudot?gx-no-cache=1715781344903 HTTP/1.1" 200 83
200.54.107.2 - - [15/May/2024:10:58:15 -0300] "GET /cormun/servlet/solicitudot?ca4290bd4a18a74592d8258a66570ceb8ff2202ca04275ac55fc9750258c9a3c8c257407b0fe2009392f2211cbceb916518cbb935490b99119d4044bd9fd9c1f698f6e50e43b13c704999c7b70ddc2d7816b06c6385e01f676a9ae34e0da2f862436109c04f24371dc38f0531e2f4ceb,gx-no-cache=1715781355030 HTTP/1.1" 200 29
200.54.107.2 - - [15/May/2024:10:58:15 -0300] "GET /cormun/static/menuarrow.gif HTTP/1.1" 404 1015
190.171.141.82 - - [15/May/2024:10:58:18 -0300] "GET /cormun/servlet/hlogin HTTP/1.1" 200 1717
200.54.107.2 - - [15/May/2024:10:58:22 -0300] "GET /cormun/servlet/solicitudot?ca4290bd4a18a74592d8258a66570ceb6a1f309c56d14c654c16222b4b9ec02000bf296460b67072321b49b50c84ab2b,gx-no-cache=1715781361662 HTTP/1.1" 200 30
190.171.141.82 - - [15/May/2024:10:58:23 -0300] "POST /cormun/servlet/hlogin?06de1629c1c1affcf6aa080f9e972b3f,gx-no-cache=1715781362203 HTTP/1.1" 200 90
190.171.141.82 - - [15/May/2024:10:58:23 -0300] "GET /cormun/servlet/hpexe_link HTTP/1.1" 200 950
190.171.141.82 - - [15/May/2024:10:58:23 -0300] "GET /cormun/servlet/hhome HTTP/1.1" 200 4317
190.171.141.82 - - [15/May/2024:10:58:27 -0300] "GET /cormun/servlet/trsolicitudot? HTTP/1.1" 200 7534
190.171.141.82 - - [15/May/2024:10:58:29 -0300] "GET /cormun/servlet/solicitudot?INS,0,0,false, HTTP/1.1" 200 16301
190.171.141.82 - - [15/May/2024:10:58:29 -0300] "GET /cormun/static/solicitudot.js?20221129840983 HTTP/1.1" 206 1
190.171.141.82 - - [15/May/2024:10:58:29 -0300] "GET /cormun/static/solicitudot.js?20221129840983 HTTP/1.1" 206 15195
200.54.107.2 - - [15/May/2024:10:58:31 -0300] "POST /cormun/servlet/solicitudot?gx-no-cache=1715781370655 HTTP/1.1" 200 30
190.171.142.10 - - [15/May/2024:10:58:33 -0300] "POST /cormun/servlet/solicitudot?gx-no-cache=1715781371213 HTTP/1.1" 200 83
190.171.153.26 - - [15/May/2024:10:58:45 -0300] "GET /cormun/servlet/hlogin HTTP/1.1" 200 1719
190.171.142.10 - - [15/May/2024:10:58:45 -0300] "GET /cormun/servlet/solicitudot?adef98e6e90e7f036cbe235031754e93cc6546ad70fffa0072ba3fe12b4836d1bcd70a3736331a69a08f3a4ffa58259a20be0e2e271f475563eca27b9953ff167aef389b579b1616b4e005f2580160ba41a99982cf2b370c98a1fde4acaa1d7c609d9257e4fd2b765981b8d4fa1a1e41,gx-no-cache=1715781383156 HTTP/1.1" 200 29
190.171.141.82 - - [15/May/2024:10:58:53 -0300] "POST /cormun/servlet/solicitudot?gx-no-cache=1715781392625 HTTP/1.1" 200 4158
190.171.141.82 - - [15/May/2024:10:58:53 -0300] "POST /cormun/servlet/solicitudot?06de1629c1c1affcf6aa080f9e972b3f,INS,0,0,false,,gx-no-cache=1715781392749 HTTP/1.1" 200 12979
190.171.141.82 - - [15/May/2024:10:58:56 -0300] "GET /cormun/servlet/solicitudot?07c9e3f8ff0165f90054e527fe89afad4752df08734eb74008a932cf04e7858344b48a64954fe7f34b5f32d79082fdaa,gx-no-cache=1715781395734 HTTP/1.1" 200 30
190.171.153.26 - - [15/May/2024:10:58:59 -0300] "GET /cormun/servlet/hlogin HTTP/1.1" 200 1730
190.171.153.26 - - [15/May/2024:10:59:00 -0300] "GET /cormun/static/Resources/PXToolsLoginBottom.png HTTP/1.1" 200 1389
190.171.141.82 - - [15/May/2024:10:59:00 -0300] "GET /cormun/servlet/solicitudot?07c9e3f8ff0165f90054e527fe89afadf9da475fffee62b156c5eb5e47556992419605fe08e019f5a4bccd71f0c16c1744b48a64954fe7f34b5f32d79082fdaa,gx-no-cache=1715781399317 HTTP/1.1" 200 30
190.171.141.82 - - [15/May/2024:10:59:00 -0300] "GET /cormun/servlet/solicitudot?07c9e3f8ff0165f90054e527fe89afadfdb58b01685f86823ce9dd2b04f59435,gx-no-cache=1715781399339 HTTP/1.1" 200 53
190.171.141.82 - - [15/May/2024:10:59:00 -0300] "POST /cormun/servlet/solicitudot?gx-no-cache=1715781399364 HTTP/1.1" 200 240
190.171.141.82 - - [15/May/2024:10:59:00 -0300] "GET /cormun/servlet/solicitudot?07c9e3f8ff0165f90054e527fe89afad714f7d3fca9d1d9e6a96f30c3b92f0911ab5f10944d144a27d7e01c64d738df2c7181990a433fde2ea8d4b110fd3bf32785ece4d4ed097ea0f28e7d83c1859069e2becdcdf6ae9c496dc5cc27400a0ae5f7832dd6d231fdf6aa67561a9ae3dd5b43ad9595dd8fdf81cb603946601a3bfbfd06a94232289a8b4e31e170f7f38f0a909b18777a322d247a3f58ad92a2dd452bfd3a8b8ba3045390a40854332c75fdb1f1dd4a443d4a26c008a6503b9f30d4004551fbf682319ba56cfe1996ac0d1aa58719e61faf82ed2a50a23fd0f6b05e675d84de5c7a7196e9bffdbad677fb63c788e11604eab878b211e3d3841265824d1bd47bac7d9c74851779a15ded0e25e5626066fa8f9d1e5e9f7033285bd26c7edeeedacc97142e28d902439c60d33230b2c69ad9955f0a4de67f3cc19dba83dc1ff81274210a5da0bef6640d5f9c7c476798b025197811d200b1a6f8b711be9d28f069108175a296555e31d7d71e59dcb55bfdccf4a16a4a7a1f6b7ae94ef,gx-no-cache=1715781399393 HTTP/1.1" 200 30
190.171.142.10 - - [15/May/2024:10:59:00 -0300] "GET /cormun/static/menuarrow.gif HTTP/1.1" 404 1015
190.171.142.10 - - [15/May/2024:10:59:06 -0300] "GET /cormun/servlet/solicitudot?adef98e6e90e7f036cbe235031754e93bdfe91a34d340f1f92a0644358b8695c4f4a34418b10598213b1e8cd75ac640e,gx-no-cache=1715781404442 HTTP/1.1" 200 30
190.171.141.82 - - [15/May/2024:10:59:08 -0300] "POST /cormun/servlet/solicitudot?gx-no-cache=1715781407523 HTTP/1.1" 200 30
190.171.153.26 - - [15/May/2024:10:59:12 -0300] "POST /cormun/servlet/hlogin?62d5c5accc3ccb504786892c96e1fcdf,gx-no-cache=1715781413459 HTTP/1.1" 200 90
190.171.153.26 - - [15/May/2024:10:59:12 -0300] "GET /cormun/servlet/hpexe_link HTTP/1.1" 200 952
190.171.153.26 - - [15/May/2024:10:59:13 -0300] "GET /cormun/servlet/hhome HTTP/1.1" 200 3972
190.171.141.82 - - [15/May/2024:10:59:15 -0300] "POST /cormun/servlet/solicitudot?gx-no-cache=1715781414751 HTTP/1.1" 200 1480
190.171.141.82 - - [15/May/2024:10:59:15 -0300] "POST /cormun/servlet/solicitudot?gx-no-cache=1715781414791 HTTP/1.1" 200 38
190.171.153.26 - - [15/May/2024:10:59:19 -0300] "GET /cormun/servlet/hhome HTTP/1.1" 200 3969
190.171.142.10 - - [15/May/2024:10:59:20 -0300] "POST /cormun/servlet/solicitudot?gx-no-cache=1715781418119 HTTP/1.1" 200 30
190.171.142.10 - - [15/May/2024:10:59:20 -0300] "POST /cormun/servlet/solicitudot?7e8e2f78e135dfc03aec73eaeb91cd52,INS,0,0,false,,gx-no-cache=1715781418140 HTTP/1.1" 200 93
190.171.142.10 - - [15/May/2024:10:59:20 -0300] "GET /cormun/servlet/hpexe_return? HTTP/1.1" 200 1012
190.171.142.10 - - [15/May/2024:10:59:21 -0300] "GET /cormun/servlet/trsolicitudot HTTP/1.1" 200 8837
190.171.141.82 - - [15/May/2024:10:59:27 -0300] "GET /cormun/servlet/solicitudot?07c9e3f8ff0165f90054e527fe89afadbd9c096bb0232f8e2d9eb7b26c5f7f80f3fc15ff5393d7f215182c65e2a657576588907bcccc8d169af130a78cc3e872eb6a146d995b73f5849ac6d0d0b132197c911569d8fffa5fe350b8ce635df6c3cda06f224bf46fe1358cc7840a48b7d1,gx-no-cache=1715781426462 HTTP/1.1" 200 110
190.171.142.10 - - [15/May/2024:10:59:28 -0300] "GET /cormun/servlet/trautorizarsolicitud? HTTP/1.1" 200 7317
190.171.141.82 - - [15/May/2024:10:59:30 -0300] "POST /cormun/servlet/solicitudot?gx-no-cache=1715781429774 HTTP/1.1" 200 72
190.171.141.82 - - [15/May/2024:10:59:33 -0300] "GET /cormun/servlet/solicitudot?07c9e3f8ff0165f90054e527fe89afadc3b50dde65a54c84e7e61b68da9a32a8545ea793723599189c693e2bf1d501dd2fdb9feaa55bcdd1e97c663daaa5b32c9f737c4b210b1c160ce641741dbed6ae340a5f97125f4e917fb92a19ac58c284e3ce6859fbf08b6c16b35aaa6f23850c,gx-no-cache=1715781432547 HTTP/1.1" 200 29
190.171.141.82 - - [15/May/2024:10:59:33 -0300] "GET /cormun/static/menuarrow.gif HTTP/1.1" 404 1015
190.171.153.26 - - [15/May/2024:10:59:36 -0300] "GET /cormun/servlet/trsolicitudot? HTTP/1.1" 200 7186
190.171.153.26 - - [15/May/2024:10:59:36 -0300] "GET /cormun/static/gxcfg.js?20221129846531 HTTP/1.1" 200 953
190.171.153.26 - - [15/May/2024:10:59:36 -0300] "GET /cormun/static/trsolicitudot.js?202211298465651 HTTP/1.1" 200 54040
190.171.153.26 - - [15/May/2024:10:59:36 -0300] "GET /cormun/servlet/trsolicitudot? HTTP/1.1" 200 7185
190.171.142.10 - - [15/May/2024:10:59:38 -0300] "GET /cormun/servlet/trautorizarsolicitud? HTTP/1.1" 200 7316
190.171.153.26 - - [15/May/2024:10:59:39 -0300] "GET /cormun/servlet/solicitudot?INS,0,0,false, HTTP/1.1" 200 15962
190.171.153.26 - - [15/May/2024:10:59:39 -0300] "GET /cormun/static/gxcfg.js?20221129840861 HTTP/1.1" 200 953
190.171.153.26 - - [15/May/2024:10:59:39 -0300] "GET /cormun/static/solicitudot.js?20221129840983 HTTP/1.1" 200 74072
190.171.153.26 - - [15/May/2024:10:59:39 -0300] "GET /cormun/servlet/solicitudot?INS,0,0,false, HTTP/1.1" 200 15970
190.171.141.82 - - [15/May/2024:10:59:41 -0300] "GET /cormun/servlet/solicitudot?07c9e3f8ff0165f90054e527fe89afad7b0b95e07a2b5378358f04e1841092e61e2dee7341f0f7088f0b408537e40d76,gx-no-cache=1715781440669 HTTP/1.1" 200 30
190.171.141.82 - - [15/May/2024:10:59:51 -0300] "POST /cormun/servlet/solicitudot?gx-no-cache=1715781450685 HTTP/1.1" 200 30
200.54.107.2 - - [15/May/2024:11:00:11 -0300] "POST /cormun/servlet/solicitudot?74b883a6269dee7d0b9d0ba7dde61005,INS,0,0,false,,gx-no-cache=1715781470346 HTTP/1.1" 200 93
200.54.107.2 - - [15/May/2024:11:00:13 -0300] "GET /cormun/servlet/hpexe_return? HTTP/1.1" 200 1011
200.54.107.2 - - [15/May/2024:11:00:13 -0300] "GET /cormun/servlet/trsolicitudot HTTP/1.1" 200 9001
200.54.103.162 - - [15/May/2024:11:00:15 -0300] "GET /cormun/servlet/hhome HTTP/1.1" 200 3317
200.54.103.162 - - [15/May/2024:11:00:15 -0300] "GET /cormun/servlet/hlogin HTTP/1.1" 200 1727
200.54.103.162 - - [15/May/2024:11:00:18 -0300] "POST /cormun/servlet/hlogin?969f61f8cff9debe506a788c128eb944,gx-no-cache=1715781477547 HTTP/1.1" 200 90
200.54.103.162 - - [15/May/2024:11:00:18 -0300] "GET /cormun/servlet/hpexe_link HTTP/1.1" 200 947
200.54.103.162 - - [15/May/2024:11:00:18 -0300] "GET /cormun/servlet/hhome HTTP/1.1" 200 4339
190.171.141.82 - - [15/May/2024:11:00:18 -0300] "POST /cormun/servlet/solicitudot?06de1629c1c1affcf6aa080f9e972b3f,INS,0,0,false,,gx-no-cache=1715781477636 HTTP/1.1" 200 93
190.171.141.82 - - [15/May/2024:11:00:18 -0300] "GET /cormun/servlet/hpexe_return? HTTP/1.1" 200 1007
190.171.141.82 - - [15/May/2024:11:00:19 -0300] "GET /cormun/servlet/trsolicitudot HTTP/1.1" 200 8951
200.54.103.162 - - [15/May/2024:11:00:20 -0300] "GET /cormun/servlet/trlicencias? HTTP/1.1" 200 13309
190.171.141.82 - - [15/May/2024:11:00:21 -0300] "POST /cormun/servlet/trsolicitudot?06de1629c1c1affcf6aa080f9e972b3f,gx-no-cache=1715781480253 HTTP/1.1" 200 107
190.171.141.82 - - [15/May/2024:11:00:21 -0300] "GET /cormun/servlet/trsolicitudadjuntos?2024,21407, HTTP/1.1" 200 6423
190.171.141.82 - - [15/May/2024:11:00:24 -0300] "GET /cormun/servlet/solicitudotadjuntos?INS,2024,21407,,1, HTTP/1.1" 200 6366
190.171.141.82 - - [15/May/2024:11:00:24 -0300] "GET /cormun/static/about:blank HTTP/1.1" 404 1011
190.171.141.82 - - [15/May/2024:11:00:25 -0300] "GET /cormun/servlet/solicitudotadjuntos?07c9e3f8ff0165f90054e527fe89afadab15ba97975c6568745845d3c985187c43221d4ec92f8b96a78f078d75774e51,gx-no-cache=1715781484083 HTTP/1.1" 200 30
190.171.141.82 - - [15/May/2024:11:00:25 -0300] "POST /cormun/servlet/solicitudotadjuntos?06de1629c1c1affcf6aa080f9e972b3f,INS,2024,21407,,1,,gx-no-cache=1715781484102 HTTP/1.1" 200 4143
190.171.141.82 - - [15/May/2024:11:00:26 -0300] "POST /cormun/servlet/solicitudotadjuntos?gx-no-cache=1715781485164 HTTP/1.1" 200 26
200.54.107.2 - - [15/May/2024:11:00:26 -0300] "POST /cormun/servlet/trsolicitudot?74b883a6269dee7d0b9d0ba7dde61005,gx-no-cache=1715781485634 HTTP/1.1" 200 4880
200.54.107.2 - - [15/May/2024:11:00:26 -0300] "POST /cormun/servlet/trsolicitudot?74b883a6269dee7d0b9d0ba7dde61005,gx-no-cache=1715781485837 HTTP/1.1" 200 4612
190.171.153.26 - - [15/May/2024:11:00:28 -0300] "POST /cormun/servlet/solicitudot?gx-no-cache=1715781489875 HTTP/1.1" 200 4022
190.171.153.26 - - [15/May/2024:11:00:28 -0300] "POST /cormun/servlet/solicitudot?62d5c5accc3ccb504786892c96e1fcdf,INS,0,0,false,,gx-no-cache=1715781490038 HTTP/1.1" 200 12600
200.54.107.2 - - [15/May/2024:11:00:30 -0300] "GET /cormun/servlet/trautorizarsolicitud? HTTP/1.1" 200 8897
190.171.141.82 - - [15/May/2024:11:00:32 -0300] "GET /cormun/servlet/solicitudotadjuntos?07c9e3f8ff0165f90054e527fe89afad8589948efc0d749e649820491669dd8c,gx-no-cache=1715781491578 HTTP/1.1" 200 30
190.171.141.82 - - [15/May/2024:11:00:32 -0300] "GET /cormun/servlet/solicitudotadjuntos?07c9e3f8ff0165f90054e527fe89afad8589948efc0d749e649820491669dd8c,gx-no-cache=1715781491592 HTTP/1.1" 200 30
190.171.141.82 - - [15/May/2024:11:00:32 -0300] "POST /cormun/servlet/solicitudotadjuntos?06de1629c1c1affcf6aa080f9e972b3f,INS,2024,21407,,1, HTTP/1.1" 200 116
190.171.141.82 - - [15/May/2024:11:00:32 -0300] "GET /cormun/servlet/hpexe_return? HTTP/1.1" 200 1024
190.171.141.82 - - [15/May/2024:11:00:32 -0300] "GET /cormun/servlet/trsolicitudadjuntos?2024,21407, HTTP/1.1" 200 9395
200.54.107.2 - - [15/May/2024:11:00:34 -0300] "POST /cormun/servlet/trautorizarsolicitud?74b883a6269dee7d0b9d0ba7dde61005,,gx-no-cache=1715781493465 HTTP/1.1" 200 4811
200.54.107.2 - - [15/May/2024:11:00:34 -0300] "POST /cormun/servlet/trautorizarsolicitud?74b883a6269dee7d0b9d0ba7dde61005,,gx-no-cache=1715781493606 HTTP/1.1" 200 4545
190.171.141.82 - - [15/May/2024:11:00:34 -0300] "GET /cormun/servlet/solicitudotadjuntos?INS,2024,21407,,1, HTTP/1.1" 200 6367
190.171.141.82 - - [15/May/2024:11:00:34 -0300] "GET /cormun/static/about:blank HTTP/1.1" 404 1011
190.171.153.26 - - [15/May/2024:11:00:34 -0300] "GET /cormun/servlet/solicitudot?1aecf1f2c42c5c4b6f1efb784059401f149d67ae8a04f2de3062310157caa840aec268a3abcd1e2d1c2853fa3785c504,gx-no-cache=1715781496308 HTTP/1.1" 200 30
190.171.141.82 - - [15/May/2024:11:00:35 -0300] "GET /cormun/servlet/solicitudotadjuntos?07c9e3f8ff0165f90054e527fe89afadab15ba97975c6568745845d3c985187c43221d4ec92f8b96a78f078d75774e51,gx-no-cache=1715781494426 HTTP/1.1" 200 30
190.171.141.82 - - [15/May/2024:11:00:35 -0300] "POST /cormun/servlet/solicitudotadjuntos?06de1629c1c1affcf6aa080f9e972b3f,INS,2024,21407,,1,,gx-no-cache=1715781494443 HTTP/1.1" 200 4144
190.171.141.82 - - [15/May/2024:11:00:36 -0300] "POST /cormun/servlet/solicitudotadjuntos?gx-no-cache=1715781495442 HTTP/1.1" 200 26
190.171.141.82 - - [15/May/2024:11:00:41 -0300] "GET /cormun/servlet/solicitudotadjuntos?07c9e3f8ff0165f90054e527fe89afad8589948efc0d749e649820491669dd8c,gx-no-cache=1715781500210 HTTP/1.1" 200 30
190.171.141.82 - - [15/May/2024:11:00:41 -0300] "GET /cormun/servlet/solicitudotadjuntos?07c9e3f8ff0165f90054e527fe89afad8589948efc0d749e649820491669dd8c,gx-no-cache=1715781500223 HTTP/1.1" 200 30
190.171.141.82 - - [15/May/2024:11:00:41 -0300] "POST /cormun/servlet/solicitudotadjuntos?06de1629c1c1affcf6aa080f9e972b3f,INS,2024,21407,,1, HTTP/1.1" 200 116
190.171.141.82 - - [15/May/2024:11:00:41 -0300] "GET /cormun/servlet/hpexe_return? HTTP/1.1" 200 1024
190.171.141.82 - - [15/May/2024:11:00:41 -0300] "GET /cormun/servlet/trsolicitudadjuntos?2024,21407, HTTP/1.1" 200 9626
190.171.141.82 - - [15/May/2024:11:00:43 -0300] "GET /cormun/servlet/solicitudotadjuntos?INS,2024,21407,,1, HTTP/1.1" 200 6367
190.171.141.82 - - [15/May/2024:11:00:43 -0300] "GET /cormun/static/about:blank HTTP/1.1" 404 1011
190.171.141.82 - - [15/May/2024:11:00:44 -0300] "GET /cormun/servlet/solicitudotadjuntos?07c9e3f8ff0165f90054e527fe89afadab15ba97975c6568745845d3c985187c43221d4ec92f8b96a78f078d75774e51,gx-no-cache=1715781503134 HTTP/1.1" 200 30
190.171.141.82 - - [15/May/2024:11:00:44 -0300] "POST /cormun/servlet/solicitudotadjuntos?06de1629c1c1affcf6aa080f9e972b3f,INS,2024,21407,,1,,gx-no-cache=1715781503152 HTTP/1.1" 200 4144
190.171.141.82 - - [15/May/2024:11:00:45 -0300] "POST /cormun/servlet/solicitudotadjuntos?gx-no-cache=1715781504227 HTTP/1.1" 200 26
190.171.141.82 - - [15/May/2024:11:00:49 -0300] "GET /cormun/servlet/solicitudotadjuntos?07c9e3f8ff0165f90054e527fe89afad8589948efc0d749e649820491669dd8c,gx-no-cache=1715781508243 HTTP/1.1" 200 30
190.171.141.82 - - [15/May/2024:11:00:49 -0300] "GET /cormun/servlet/solicitudotadjuntos?07c9e3f8ff0165f90054e527fe89afad8589948efc0d749e649820491669dd8c,gx-no-cache=1715781508258 HTTP/1.1" 200 30
190.171.141.82 - - [15/May/2024:11:00:49 -0300] "POST /cormun/servlet/solicitudotadjuntos?06de1629c1c1affcf6aa080f9e972b3f,INS,2024,21407,,1, HTTP/1.1" 200 116
190.171.141.82 - - [15/May/2024:11:00:49 -0300] "GET /cormun/servlet/hpexe_return? HTTP/1.1" 200 1024
190.171.141.82 - - [15/May/2024:11:00:49 -0300] "GET /cormun/servlet/trsolicitudadjuntos?2024,21407, HTTP/1.1" 200 9867
190.171.141.82 - - [15/May/2024:11:00:51 -0300] "GET /cormun/servlet/solicitudotadjuntos?INS,2024,21407,,1, HTTP/1.1" 200 6367
190.171.141.82 - - [15/May/2024:11:00:52 -0300] "GET /cormun/static/about:blank HTTP/1.1" 404 1011
190.171.141.82 - - [15/May/2024:11:00:52 -0300] "GET /cormun/servlet/solicitudotadjuntos?07c9e3f8ff0165f90054e527fe89afadab15ba97975c6568745845d3c985187c43221d4ec92f8b96a78f078d75774e51,gx-no-cache=1715781511660 HTTP/1.1" 200 30
190.171.141.82 - - [15/May/2024:11:00:52 -0300] "POST /cormun/servlet/solicitudotadjuntos?06de1629c1c1affcf6aa080f9e972b3f,INS,2024,21407,,1,,gx-no-cache=1715781511678 HTTP/1.1" 200 4144
190.171.141.82 - - [15/May/2024:11:00:56 -0300] "POST /cormun/servlet/solicitudotadjuntos?gx-no-cache=1715781515507 HTTP/1.1" 200 26
200.54.107.2 - - [15/May/2024:11:01:08 -0300] "POST /cormun/servlet/trautorizarsolicitud?74b883a6269dee7d0b9d0ba7dde61005,,gx-no-cache=1715781528088 HTTP/1.1" 200 12951
190.171.141.82 - - [15/May/2024:11:01:15 -0300] "POST /cormun/servlet/solicitudotadjuntos?gx-no-cache=1715781534794 HTTP/1.1" 200 26
190.171.141.82 - - [15/May/2024:11:01:20 -0300] "GET /cormun/servlet/solicitudotadjuntos?07c9e3f8ff0165f90054e527fe89afad8589948efc0d749e649820491669dd8c,gx-no-cache=1715781539058 HTTP/1.1" 200 30
190.171.141.82 - - [15/May/2024:11:01:20 -0300] "GET /cormun/servlet/solicitudotadjuntos?07c9e3f8ff0165f90054e527fe89afad8589948efc0d749e649820491669dd8c,gx-no-cache=1715781539072 HTTP/1.1" 200 30
190.171.141.82 - - [15/May/2024:11:01:20 -0300] "POST /cormun/servlet/solicitudotadjuntos?06de1629c1c1affcf6aa080f9e972b3f,INS,2024,21407,,1, HTTP/1.1" 200 116
190.171.141.82 - - [15/May/2024:11:01:20 -0300] "GET /cormun/servlet/hpexe_return? HTTP/1.1" 200 1024
190.171.141.82 - - [15/May/2024:11:01:20 -0300] "GET /cormun/servlet/trsolicitudadjuntos?2024,21407, HTTP/1.1" 200 10084
190.171.141.82 - - [15/May/2024:11:01:22 -0300] "GET /cormun/servlet/solicitudotadjuntos?INS,2024,21407,,1, HTTP/1.1" 200 6367
190.171.141.82 - - [15/May/2024:11:01:22 -0300] "GET /cormun/static/about:blank HTTP/1.1" 404 1011
190.171.141.82 - - [15/May/2024:11:01:23 -0300] "GET /cormun/servlet/solicitudotadjuntos?07c9e3f8ff0165f90054e527fe89afadab15ba97975c6568745845d3c985187c43221d4ec92f8b96a78f078d75774e51,gx-no-cache=1715781542548 HTTP/1.1" 200 30
190.171.141.82 - - [15/May/2024:11:01:23 -0300] "POST /cormun/servlet/solicitudotadjuntos?06de1629c1c1affcf6aa080f9e972b3f,INS,2024,21407,,1,,gx-no-cache=1715781542564 HTTP/1.1" 200 4144
190.171.141.82 - - [15/May/2024:11:01:26 -0300] "POST /cormun/servlet/solicitudotadjuntos?gx-no-cache=1715781545067 HTTP/1.1" 200 26
190.171.141.82 - - [15/May/2024:11:01:30 -0300] "GET /cormun/servlet/solicitudotadjuntos?07c9e3f8ff0165f90054e527fe89afad8589948efc0d749e649820491669dd8c,gx-no-cache=1715781549994 HTTP/1.1" 200 30
190.171.141.82 - - [15/May/2024:11:01:30 -0300] "GET /cormun/servlet/solicitudotadjuntos?07c9e3f8ff0165f90054e527fe89afad8589948efc0d749e649820491669dd8c,gx-no-cache=1715781550007 HTTP/1.1" 200 30
190.171.141.82 - - [15/May/2024:11:01:31 -0300] "POST /cormun/servlet/solicitudotadjuntos?06de1629c1c1affcf6aa080f9e972b3f,INS,2024,21407,,1, HTTP/1.1" 200 116
190.171.141.82 - - [15/May/2024:11:01:31 -0300] "GET /cormun/servlet/hpexe_return? HTTP/1.1" 200 1024
190.171.141.82 - - [15/May/2024:11:01:31 -0300] "GET /cormun/servlet/trsolicitudadjuntos?2024,21407, HTTP/1.1" 200 10337
190.171.141.82 - - [15/May/2024:11:01:35 -0300] "GET /cormun/servlet/solicitudotadjuntos?INS,2024,21407,,1, HTTP/1.1" 200 6366
190.171.141.82 - - [15/May/2024:11:01:35 -0300] "GET /cormun/static/about:blank HTTP/1.1" 404 1011
190.171.141.82 - - [15/May/2024:11:01:36 -0300] "GET /cormun/servlet/solicitudotadjuntos?07c9e3f8ff0165f90054e527fe89afadab15ba97975c6568745845d3c985187c43221d4ec92f8b96a78f078d75774e51,gx-no-cache=1715781555212 HTTP/1.1" 200 30
190.171.141.82 - - [15/May/2024:11:01:36 -0300] "POST /cormun/servlet/solicitudotadjuntos?06de1629c1c1affcf6aa080f9e972b3f,INS,2024,21407,,1,,gx-no-cache=1715781555228 HTTP/1.1" 200 4143
190.171.141.82 - - [15/May/2024:11:01:40 -0300] "POST /cormun/servlet/solicitudotadjuntos?06de1629c1c1affcf6aa080f9e972b3f,INS,2024,21407,,1,,gx-no-cache=1715781559469 HTTP/1.1" 200 93
190.171.141.82 - - [15/May/2024:11:01:40 -0300] "GET /cormun/servlet/hpexe_return? HTTP/1.1" 200 1024
190.171.141.82 - - [15/May/2024:11:01:40 -0300] "GET /cormun/servlet/trsolicitudadjuntos?2024,21407, HTTP/1.1" 200 10339
190.171.141.82 - - [15/May/2024:11:01:47 -0300] "GET /cormun/servlet/solicitudotadjuntos?INS,2024,21407,,1, HTTP/1.1" 200 6366
190.171.141.82 - - [15/May/2024:11:01:47 -0300] "GET /cormun/static/about:blank HTTP/1.1" 404 1011
190.171.141.82 - - [15/May/2024:11:01:48 -0300] "GET /cormun/servlet/solicitudotadjuntos?07c9e3f8ff0165f90054e527fe89afadab15ba97975c6568745845d3c985187c43221d4ec92f8b96a78f078d75774e51,gx-no-cache=1715781567077 HTTP/1.1" 200 30
190.171.141.82 - - [15/May/2024:11:01:48 -0300] "POST /cormun/servlet/solicitudotadjuntos?06de1629c1c1affcf6aa080f9e972b3f,INS,2024,21407,,1,,gx-no-cache=1715781567093 HTTP/1.1" 200 4143
190.171.141.82 - - [15/May/2024:11:01:49 -0300] "POST /cormun/servlet/solicitudotadjuntos?gx-no-cache=1715781568947 HTTP/1.1" 200 26
190.171.141.82 - - [15/May/2024:11:01:54 -0300] "GET /cormun/servlet/solicitudotadjuntos?07c9e3f8ff0165f90054e527fe89afad8589948efc0d749e649820491669dd8c,gx-no-cache=1715781573242 HTTP/1.1" 200 30
190.171.141.82 - - [15/May/2024:11:01:54 -0300] "GET /cormun/servlet/solicitudotadjuntos?07c9e3f8ff0165f90054e527fe89afad8589948efc0d749e649820491669dd8c,gx-no-cache=1715781573256 HTTP/1.1" 200 30
190.171.141.82 - - [15/May/2024:11:01:54 -0300] "POST /cormun/servlet/solicitudotadjuntos?06de1629c1c1affcf6aa080f9e972b3f,INS,2024,21407,,1, HTTP/1.1" 200 116
190.171.141.82 - - [15/May/2024:11:01:54 -0300] "GET /cormun/servlet/hpexe_return? HTTP/1.1" 200 1024
190.171.141.82 - - [15/May/2024:11:01:54 -0300] "GET /cormun/servlet/trsolicitudadjuntos?2024,21407, HTTP/1.1" 200 10489
190.171.141.82 - - [15/May/2024:11:01:57 -0300] "POST /cormun/servlet/trsolicitudadjuntos?06de1629c1c1affcf6aa080f9e972b3f,2024,21407,,gx-no-cache=1715781576358 HTTP/1.1" 200 90
190.171.141.82 - - [15/May/2024:11:01:57 -0300] "GET /cormun/servlet/hpexe_link HTTP/1.1" 200 967
190.171.141.82 - - [15/May/2024:11:01:57 -0300] "GET /cormun/servlet/trsolicitudot HTTP/1.1" 200 8949
190.171.141.82 - - [15/May/2024:11:02:02 -0300] "POST /cormun/servlet/trsolicitudot?06de1629c1c1affcf6aa080f9e972b3f,gx-no-cache=1715781581876 HTTP/1.1" 200 4858
190.171.141.82 - - [15/May/2024:11:02:02 -0300] "GET /cormun/static/Shared/jqueryui/images/ui-bg_highlight-soft_100_c6c2c8_1x100.png HTTP/1.1" 404 1117
190.171.141.82 - - [15/May/2024:11:02:02 -0300] "GET /cormun/static/Shared/jqueryui/images/ui-icons_82798d_256x240.png HTTP/1.1" 404 1089
190.171.141.82 - - [15/May/2024:11:02:02 -0300] "GET /cormun/static/Shared/jqueryui/images/ui-icons_8d78a5_256x240.png HTTP/1.1" 404 1089
190.171.141.82 - - [15/May/2024:11:02:02 -0300] "GET /cormun/static/Shared/jqueryui/images/ui-bg_flat_55_fafafa_40x100.png HTTP/1.1" 404 1097
190.171.141.82 - - [15/May/2024:11:02:03 -0300] "POST /cormun/servlet/trsolicitudot?06de1629c1c1affcf6aa080f9e972b3f,gx-no-cache=1715781582005 HTTP/1.1" 200 4601
190.171.141.82 - - [15/May/2024:11:02:07 -0300] "GET /cormun/servlet/hlogin HTTP/1.1" 200 1717
181.42.43.156 - - [15/May/2024:11:02:25 -0300] "GET /cormun/servlet/hlogin HTTP/1.1" 200 1701
190.171.153.26 - - [15/May/2024:11:03:12 -0300] "GET /cormun/servlet/solicitudot?1aecf1f2c42c5c4b6f1efb784059401f890198e200444dabd1811c6e4a3c14f2b7e4255871d469cace7b4ee27d19f59f294445a30377eb2af915729f5fcdd682,gx-no-cache=1715781653803 HTTP/1.1" 200 30
190.171.153.26 - - [15/May/2024:11:03:16 -0300] "GET /cormun/static/Resources/resize.gif HTTP/1.1" 200 77
190.171.153.26 - - [15/May/2024:11:03:16 -0300] "GET /cormun/static/Resources/PXTools/ClosePrompt.png HTTP/1.1" 200 1036
190.171.153.26 - - [15/May/2024:11:03:16 -0300] "GET /cormun/servlet/prbanco?,MD,,gxPopupLevel%3D0%3B HTTP/1.1" 200 6569
190.171.153.26 - - [15/May/2024:11:03:16 -0300] "GET /cormun/static/gxcfg.js?20201216131581 HTTP/1.1" 200 953
190.171.153.26 - - [15/May/2024:11:03:16 -0300] "GET /cormun/static/prbanco.js?20201216132311 HTTP/1.1" 200 10693
190.171.153.26 - - [15/May/2024:11:03:16 -0300] "GET /cormun/static/menusearch.js?20201214473581 HTTP/1.1" 200 1424
190.171.153.26 - - [15/May/2024:11:03:17 -0300] "GET /cormun/static/hmpwkw011.js?202211298443482 HTTP/1.1" 200 1968
190.171.153.26 - - [15/May/2024:11:03:17 -0300] "GET /cormun/static/Resources/PXToolsMenuSearch.png HTTP/1.1" 200 336
190.171.153.26 - - [15/May/2024:11:03:17 -0300] "GET /cormun/static/Resources/PXToolsMenuSearchCancel.png HTTP/1.1" 200 306
190.171.153.26 - - [15/May/2024:11:03:21 -0300] "GET /cormun/servlet/solicitudot?1aecf1f2c42c5c4b6f1efb784059401f4431ed130779331621946a1f050885b6,gx-no-cache=1715781663124 HTTP/1.1" 200 53
190.171.153.26 - - [15/May/2024:11:03:49 -0300] "POST /cormun/servlet/solicitudot?gx-no-cache=1715781691097 HTTP/1.1" 200 255
190.171.153.26 - - [15/May/2024:11:03:52 -0300] "GET /cormun/servlet/solicitudot?1aecf1f2c42c5c4b6f1efb784059401fed78654084fc33d8f9bbde34ff7fc591bb41142a3e5427ff8b5ba1cbe1dda0578bb724dd63ca51341e52c26e523995d14ecf1acc80aaecbeb9e2116ac7b3d68e266e0617b193198ec55f2e52db612b31788467e9a050e1a15889817bb7096e85908c80a30353eb672315e5db5bbc5524c2bbdb40cea38a9f394dcc05876a75253e697ee6b8037ab69c265636fe9286cad58c3499092a06b3db7f80c5d6b958a48de7088962908940595f4221c7d5adea55c77344651fda190db82b51020a75d035fab5bfd9ea7af9f13c0ed01b1c18d99515af968d3d3af9961921d7170449c599495099702da8321b54a01e9cf0f023bf875c056e50e31b3d5ede12ee070a11bb3d3cd93d81c018d8988349f017cbd680475b3d6df4092538cd6977fcf3a3fc9d05ddb6cf0f3f4249b3c6383a2b58a39c472b38bf6477aa9a54286444973597b6432c57d35be1b748b0e0494428c61673a8d419128089c978fc942f14c174ddc0e9da49502ee3b8ba81604f1ceaf0a3,gx-no-cache=1715781694178 HTTP/1.1" 200 30
190.171.153.26 - - [15/May/2024:11:04:30 -0300] "POST /cormun/servlet/solicitudot?gx-no-cache=1715781731453 HTTP/1.1" 200 30
190.171.153.26 - - [15/May/2024:11:05:15 -0300] "POST /cormun/servlet/solicitudot?gx-no-cache=1715781776240 HTTP/1.1" 200 30
190.171.153.26 - - [15/May/2024:11:05:25 -0300] "POST /cormun/servlet/solicitudot?gx-no-cache=1715781786359 HTTP/1.1" 200 30
190.171.153.26 - - [15/May/2024:11:06:36 -0300] "POST /cormun/servlet/solicitudot?gx-no-cache=1715781857626 HTTP/1.1" 200 30
190.171.141.138 - - [15/May/2024:11:07:16 -0300] "GET /cormun/servlet/trpermisosgoce? HTTP/1.1" 200 6029
190.171.141.138 - - [15/May/2024:11:07:17 -0300] "GET /cormun/servlet/hlogin HTTP/1.1" 200 1743
190.171.153.26 - - [15/May/2024:11:07:24 -0300] "POST /cormun/servlet/solicitudot?gx-no-cache=1715781905562 HTTP/1.1" 200 30
190.171.153.26 - - [15/May/2024:11:08:04 -0300] "POST /cormun/servlet/solicitudot?gx-no-cache=1715781945406 HTTP/1.1" 200 30
190.171.153.26 - - [15/May/2024:11:08:12 -0300] "POST /cormun/servlet/solicitudot?gx-no-cache=1715781953669 HTTP/1.1" 200 30
190.171.153.26 - - [15/May/2024:11:08:36 -0300] "POST /cormun/servlet/solicitudot?gx-no-cache=1715781978089 HTTP/1.1" 200 30
190.171.153.26 - - [15/May/2024:11:08:48 -0300] "POST /cormun/servlet/solicitudot?gx-no-cache=1715781989763 HTTP/1.1" 200 30
190.171.153.26 - - [15/May/2024:11:09:11 -0300] "GET /cormun/servlet/prfichaempleado?,MD,,gxPopupLevel%3D0%3B HTTP/1.1" 200 9265
190.171.153.26 - - [15/May/2024:11:09:11 -0300] "GET /cormun/static/gxcfg.js?20201215571085 HTTP/1.1" 200 953
190.171.153.26 - - [15/May/2024:11:09:11 -0300] "GET /cormun/static/prfichaempleado.js?20201215572193 HTTP/1.1" 200 16005
190.171.153.26 - - [15/May/2024:11:09:55 -0300] "POST /cormun/servlet/solicitudot?gx-no-cache=1715782057094 HTTP/1.1" 200 30
190.171.153.26 - - [15/May/2024:11:10:11 -0300] "POST /cormun/servlet/solicitudot?gx-no-cache=1715782072272 HTTP/1.1" 200 1479
190.171.153.26 - - [15/May/2024:11:10:11 -0300] "POST /cormun/servlet/solicitudot?gx-no-cache=1715782072390 HTTP/1.1" 200 38
190.171.153.26 - - [15/May/2024:11:10:23 -0300] "POST /cormun/servlet/solicitudot?gx-no-cache=1715782084767 HTTP/1.1" 200 30
190.171.153.26 - - [15/May/2024:11:10:26 -0300] "POST /cormun/servlet/solicitudot?gx-no-cache=1715782088087 HTTP/1.1" 200 30
190.171.153.26 - - [15/May/2024:11:10:32 -0300] "POST /cormun/servlet/solicitudot?gx-no-cache=1715782094303 HTTP/1.1" 200 30
190.171.153.26 - - [15/May/2024:11:10:39 -0300] "POST /cormun/servlet/solicitudot?gx-no-cache=1715782101066 HTTP/1.1" 200 30
190.171.153.26 - - [15/May/2024:11:10:45 -0300] "POST /cormun/servlet/solicitudot?gx-no-cache=1715782107099 HTTP/1.1" 200 30
190.171.153.26 - - [15/May/2024:11:10:48 -0300] "POST /cormun/servlet/solicitudot?gx-no-cache=1715782109506 HTTP/1.1" 200 30
190.171.153.26 - - [15/May/2024:11:10:51 -0300] "POST /cormun/servlet/solicitudot?gx-no-cache=1715782113203 HTTP/1.1" 200 30
190.171.153.26 - - [15/May/2024:11:10:59 -0300] "POST /cormun/servlet/solicitudot?gx-no-cache=1715782120466 HTTP/1.1" 200 30
190.171.153.26 - - [15/May/2024:11:11:13 -0300] "POST /cormun/servlet/solicitudot?gx-no-cache=1715782134915 HTTP/1.1" 200 30
190.171.153.26 - - [15/May/2024:11:11:38 -0300] "POST /cormun/servlet/solicitudot?gx-no-cache=1715782159642 HTTP/1.1" 200 238
190.171.153.26 - - [15/May/2024:11:11:42 -0300] "GET /cormun/servlet/solicitudot?1aecf1f2c42c5c4b6f1efb784059401fed78654084fc33d8f9bbde34ff7fc591ec8860a3c0e25c3a32647257b041c8318bb724dd63ca51341e52c26e523995d14ecf1acc80aaecbeb9e2116ac7b3d68e266e0617b193198ec55f2e52db612b31788467e9a050e1a15889817bb7096e85908c80a30353eb672315e5db5bbc5524c2bbdb40cea38a9f394dcc05876a75253e697ee6b8037ab69c265636fe9286cad58c3499092a06b3db7f80c5d6b958a48de7088962908940595f4221c7d5adea55c77344651fda190db82b51020a75d035fab5bfd9ea7af9f13c0ed01b1c18d99515af968d3d3af9961921d7170449c599495099702da8321b54a01e9cf0f023bf875c056e50e31b3d5ede12ee070a111314ad5127c06a5b6b389e572ab156b742659970016357ef1fe3234dd11224e8e6d62df9949b6dfec0a90d9f7d6ad5ed4e9e718382688de8355d7a1b19ede07b601fec2cf5b38c9c6620f1c38f7b0f1942b395ce6043620c1d1f267e8cfedbb54f7b96ba20baf5666b5cfd29fb8eae4d,gx-no-cache=1715782163875 HTTP/1.1" 200 30
190.171.153.26 - - [15/May/2024:11:11:48 -0300] "POST /cormun/servlet/solicitudot?gx-no-cache=1715782169839 HTTP/1.1" 200 30
190.171.153.26 - - [15/May/2024:11:12:13 -0300] "GET /cormun/servlet/prfichaempleado?,MD,,gxPopupLevel%3D0%3B HTTP/1.1" 200 9265
190.171.153.26 - - [15/May/2024:11:12:21 -0300] "POST /cormun/servlet/solicitudot?gx-no-cache=1715782203264 HTTP/1.1" 200 1481
190.171.153.26 - - [15/May/2024:11:12:25 -0300] "GET /cormun/servlet/prlicenciaspermisos?11015686,L,,MD,,gxPopupLevel%3D0%3B HTTP/1.1" 200 7124
190.171.153.26 - - [15/May/2024:11:12:25 -0300] "GET /cormun/static/gxcfg.js?2020121559567 HTTP/1.1" 200 953
190.171.153.26 - - [15/May/2024:11:12:25 -0300] "GET /cormun/static/prlicenciaspermisos.js?2020121559821 HTTP/1.1" 200 13379
190.171.153.26 - - [15/May/2024:11:12:37 -0300] "POST /cormun/servlet/solicitudot?gx-no-cache=1715782218394 HTTP/1.1" 200 41
190.171.153.26 - - [15/May/2024:11:14:04 -0300] "GET /cormun/servlet/solicitudot?1aecf1f2c42c5c4b6f1efb784059401f15129e3b3d05499be388da3bb25c31b58407e003787d32c9f7c703f166af646b41cf89a4a976103d27facdb1dc9bfb06a543291243361bd8b726fac3eb45907a02f5bd16a50376277b89319863d38c43fcea6a781ce5083364ca3e3e056c69ab,gx-no-cache=1715782305977 HTTP/1.1" 200 110
190.171.153.26 - - [15/May/2024:11:14:04 -0300] "POST /cormun/servlet/solicitudot?gx-no-cache=1715782306042 HTTP/1.1" 200 97
190.171.153.26 - - [15/May/2024:11:14:04 -0300] "GET /cormun/servlet/solicitudot?1aecf1f2c42c5c4b6f1efb784059401f1647653fde94d8d08e97627e23eebc2623cd63753f70208a9e350850de5b750ceaf426835e063675538c6570d62edb994dd33c9e9b02f0368ceba1ced34edffca8968e2d9baa57ceb551ac55652217e0cc0c5b0b963ae81ec2d3073371c71276,gx-no-cache=1715782306084 HTTP/1.1" 200 29
190.171.153.26 - - [15/May/2024:11:14:17 -0300] "GET /cormun/servlet/solicitudot?1aecf1f2c42c5c4b6f1efb784059401f15129e3b3d05499be388da3bb25c31b58407e003787d32c9f7c703f166af646b41cf89a4a976103d27facdb1dc9bfb06a543291243361bd8b726fac3eb45907a02f5bd16a50376277b89319863d38c43fcea6a781ce5083364ca3e3e056c69ab,gx-no-cache=1715782319059 HTTP/1.1" 200 110
190.171.153.26 - - [15/May/2024:11:14:21 -0300] "GET /cormun/static/menuarrow.gif HTTP/1.1" 404 1015
190.171.153.26 - - [15/May/2024:11:14:26 -0300] "GET /cormun/servlet/solicitudot?1aecf1f2c42c5c4b6f1efb784059401f03f6146043b1444d28718a6791fffaee6f02475a4b3812af7ae26047157effa4,gx-no-cache=1715782328283 HTTP/1.1" 200 30
190.171.153.26 - - [15/May/2024:11:14:27 -0300] "POST /cormun/servlet/solicitudot?gx-no-cache=1715782328358 HTTP/1.1" 200 34
181.212.40.185 - - [15/May/2024:11:14:53 -0300] "GET /cormun/servlet/hlogin HTTP/1.1" 200 1714
181.212.40.185 - - [15/May/2024:11:15:21 -0300] "POST /cormun/servlet/hlogin?cf50c40b74459732de5d61ca171b0229,gx-no-cache=1715782379727 HTTP/1.1" 200 90
181.212.40.185 - - [15/May/2024:11:15:21 -0300] "GET /cormun/servlet/hpexe_link HTTP/1.1" 200 945
181.212.40.185 - - [15/May/2024:11:15:22 -0300] "GET /cormun/servlet/hhome HTTP/1.1" 200 4209
181.212.40.185 - - [15/May/2024:11:15:27 -0300] "GET /cormun/servlet/trpermisosgoce? HTTP/1.1" 200 19428
181.212.40.185 - - [15/May/2024:11:15:31 -0300] "GET /cormun/servlet/permisogoce?INS,0,,, HTTP/1.1" 200 7073
181.212.40.185 - - [15/May/2024:11:15:37 -0300] "GET /cormun/servlet/permisogoce?3aefa5abeb3ebfa5961455185bf69d33af73b3bcceb7c0e53841beff83bf1f3e6eb4a8d739fd29d1fb91ac04d55be65cb3523ce47f244b533ba238df826b7f5e,gx-no-cache=1715782396559 HTTP/1.1" 200 78
181.212.40.185 - - [15/May/2024:11:16:46 -0300] "GET /cormun/static/menuarrow.gif HTTP/1.1" 404 1015
190.171.153.26 - - [15/May/2024:11:16:48 -0300] "POST /cormun/servlet/solicitudot?62d5c5accc3ccb504786892c96e1fcdf,INS,0,0,false,,gx-no-cache=1715782469054 HTTP/1.1" 200 93
190.171.153.26 - - [15/May/2024:11:16:48 -0300] "GET /cormun/servlet/hpexe_return? HTTP/1.1" 200 1010
190.171.153.26 - - [15/May/2024:11:16:48 -0300] "GET /cormun/servlet/trsolicitudot HTTP/1.1" 200 8632
190.171.153.26 - - [15/May/2024:11:16:49 -0300] "GET /cormun//static/Resources/PXToolsActionView.png HTTP/1.1" 200 398
190.171.153.26 - - [15/May/2024:11:16:49 -0300] "GET /cormun//static/Resources/PXToolsRemoveAllAction.png HTTP/1.1" 200 487
190.171.153.26 - - [15/May/2024:11:16:49 -0300] "GET /cormun/servlet/trsolicitudot HTTP/1.1" 200 8628
181.212.40.185 - - [15/May/2024:11:16:50 -0300] "GET /cormun/servlet/permisogoce?3aefa5abeb3ebfa5961455185bf69d3342244cb789fdf0d84dafb76aa96a8773b1c473e262981c0cc6eab4a35bcf2b75a1f8784ddf58933e928e982e0803559b,gx-no-cache=1715782469400 HTTP/1.1" 200 47
190.171.153.26 - - [15/May/2024:11:16:56 -0300] "POST /cormun/servlet/trsolicitudot?62d5c5accc3ccb504786892c96e1fcdf,gx-no-cache=1715782477896 HTTP/1.1" 200 107
190.171.153.26 - - [15/May/2024:11:16:56 -0300] "GET /cormun/servlet/trsolicitudadjuntos?2024,21408, HTTP/1.1" 200 6082
190.171.153.26 - - [15/May/2024:11:16:56 -0300] "GET /cormun/static/gxcfg.js?20201215574222 HTTP/1.1" 200 953
190.171.153.26 - - [15/May/2024:11:16:56 -0300] "GET /cormun/static/Resources/PXToolsGridNew.png HTTP/1.1" 200 427
190.171.153.26 - - [15/May/2024:11:16:56 -0300] "GET /cormun/static/trsolicitudadjuntos.js?20201215574932 HTTP/1.1" 200 17921
190.171.153.26 - - [15/May/2024:11:16:56 -0300] "GET /cormun/servlet/trsolicitudadjuntos?2024,21408, HTTP/1.1" 200 6082
181.212.40.185 - - [15/May/2024:11:16:58 -0300] "POST /cormun/servlet/permisogoce?cf50c40b74459732de5d61ca171b0229,INS,0,,,,gx-no-cache=1715782476872 HTTP/1.1" 200 93
181.212.40.185 - - [15/May/2024:11:16:59 -0300] "GET /cormun/servlet/hpexe_return? HTTP/1.1" 200 1004
181.212.40.185 - - [15/May/2024:11:16:59 -0300] "GET /cormun/servlet/trpermisosgoce HTTP/1.1" 200 19548
190.171.153.26 - - [15/May/2024:11:16:59 -0300] "GET /cormun/servlet/solicitudotadjuntos?INS,2024,21408,,1, HTTP/1.1" 200 6026
190.171.153.26 - - [15/May/2024:11:16:59 -0300] "GET /cormun/static/gxcfg.js?202211298385187 HTTP/1.1" 200 953
