190.171.149.82 - - [10/May/2024:10:04:58 -0300] "POST /cormun/servlet/solicitudotadjuntos?120ab9768eafe8cefdb0b2abe632b2fc,INS,2024,21389,,1,,gx-no-cache=1715346164254 HTTP/1.1" 200 3897
190.171.149.82 - - [10/May/2024:10:05:01 -0300] "POST /cormun/servlet/solicitudotadjuntos?gx-no-cache=1715346167207 HTTP/1.1" 200 26
190.171.149.90 - - [10/May/2024:10:05:01 -0300] "GET /cormun/servlet/solicitudot?c886c46d08be6a9f1440a3791eda9f0e1e46f923ecf9c0883c0a2a0711352fd8,gx-no-cache=1715346097886 HTTP/1.1" 200 94
190.171.149.90 - - [10/May/2024:10:05:02 -0300] "GET /cormun/static/Shared/jqueryui/images/ui-bg_highlight-soft_100_c6c2c8_1x100.png HTTP/1.1" 404 1117
190.171.149.90 - - [10/May/2024:10:05:02 -0300] "GET /cormun/static/Shared/jqueryui/images/ui-icons_82798d_256x240.png HTTP/1.1" 404 1089
190.171.149.90 - - [10/May/2024:10:05:02 -0300] "GET /cormun/static/Shared/jqueryui/images/ui-bg_flat_55_994d53_40x100.png HTTP/1.1" 404 1097
190.171.149.90 - - [10/May/2024:10:05:02 -0300] "GET /cormun/static/Shared/jqueryui/images/ui-icons_ebccce_256x240.png HTTP/1.1" 404 1089
186.103.157.42 - - [10/May/2024:10:05:02 -0300] "POST /cormun/servlet/hlogin?dbccd66d93ad1342b68b451f09b627f4,gx-no-cache=1715347028594 HTTP/1.1" 200 90
186.103.157.42 - - [10/May/2024:10:05:02 -0300] "GET /cormun/servlet/hpexe_link HTTP/1.1" 200 949
186.103.157.42 - - [10/May/2024:10:05:02 -0300] "GET /cormun/static/gxcfg.js?20221129847421 HTTP/1.1" 200 953
186.103.157.42 - - [10/May/2024:10:05:02 -0300] "GET /cormun/static/hpexe_link.js?20221129847423 HTTP/1.1" 200 625
186.103.157.42 - - [10/May/2024:10:05:02 -0300] "GET /cormun/static/Resources/Spanish/PXTools.css?8354383 HTTP/1.1" 200 100853
186.103.157.42 - - [10/May/2024:10:05:02 -0300] "GET /cormun/servlet/hhome HTTP/1.1" 200 4379
186.103.157.42 - - [10/May/2024:10:05:02 -0300] "GET /cormun/static/SmoothNavMenu/resources/ddsmoothmenu.css?1112540 HTTP/1.1" 200 2223
186.103.157.42 - - [10/May/2024:10:05:02 -0300] "GET /cormun/static/scaMessage/css/jquery.pnotify.default.css?1816380 HTTP/1.1" 200 1707
186.103.157.42 - - [10/May/2024:10:05:02 -0300] "GET /cormun/static/SmoothNavMenu/resources/ddsmoothmenu-v.css?1112540 HTTP/1.1" 200 1188
186.103.157.42 - - [10/May/2024:10:05:02 -0300] "GET /cormun/static/gxcfg.js?20201215495537 HTTP/1.1" 200 953
186.103.157.42 - - [10/May/2024:10:05:02 -0300] "GET /cormun/static/Resources/Spanish/PXTools.css?14345360 HTTP/1.1" 200 100853
186.103.157.42 - - [10/May/2024:10:05:02 -0300] "GET /cormun/static/Shared/jqueryui/jquery-ui.min.css?1345370 HTTP/1.1" 200 30288
186.103.157.42 - - [10/May/2024:10:05:02 -0300] "GET /cormun/static/PXToolsJavascripts/pexe_autoreload.js HTTP/1.1" 200 1762
186.103.157.42 - - [10/May/2024:10:05:02 -0300] "GET /cormun/static/PXToolsJavascripts/pexe_cookies.js HTTP/1.1" 200 792
186.103.157.42 - - [10/May/2024:10:05:02 -0300] "GET /cormun/static/PXToolsJavascripts/pexe_windows.js HTTP/1.1" 200 15249
186.103.157.42 - - [10/May/2024:10:05:02 -0300] "GET /cormun/static/PXToolsJavascripts/pexe_grid.js HTTP/1.1" 200 7559
186.103.157.42 - - [10/May/2024:10:05:02 -0300] "GET /cormun/static/PXToolsJavascripts/pexe_griddivfix.js HTTP/1.1" 200 6946
186.103.157.42 - - [10/May/2024:10:05:02 -0300] "GET /cormun/static/PXToolsJavascripts/pexe_link.js HTTP/1.1" 200 5671
186.103.157.42 - - [10/May/2024:10:05:02 -0300] "GET /cormun/static/PXToolsJavascripts/pexe_menudivfix.js HTTP/1.1" 200 333
186.103.157.42 - - [10/May/2024:10:05:02 -0300] "GET /cormun/static/PXToolsJavascripts/pexe_menus.js HTTP/1.1" 200 1286
186.103.157.42 - - [10/May/2024:10:05:02 -0300] "GET /cormun/static/PXToolsJavascripts/pexe_layers.js HTTP/1.1" 200 4114
186.103.157.42 - - [10/May/2024:10:05:02 -0300] "GET /cormun/static/PXToolsJavascripts/pexe_oav.js HTTP/1.1" 200 645
186.103.157.42 - - [10/May/2024:10:05:02 -0300] "GET /cormun/static/PXToolsJavascripts/pexe_oavdivfix.js HTTP/1.1" 200 639
186.103.157.42 - - [10/May/2024:10:05:02 -0300] "GET /cormun/static/PXToolsJavascripts/pexe_popup.js HTTP/1.1" 200 15149
186.103.157.42 - - [10/May/2024:10:05:02 -0300] "GET /cormun/static/PXToolsJavascripts/pexe_picture.js HTTP/1.1" 200 689
186.103.157.42 - - [10/May/2024:10:05:02 -0300] "GET /cormun/static/PXToolsJavascripts/pexe_scrolldiv.js HTTP/1.1" 200 4138
186.103.157.42 - - [10/May/2024:10:05:02 -0300] "GET /cormun/static/PXToolsJavascripts/pexe_tabdivfix.js HTTP/1.1" 200 898
186.103.157.42 - - [10/May/2024:10:05:02 -0300] "GET /cormun/static/PXToolsJavascripts/pexe_tabs.js HTTP/1.1" 200 3748
186.103.157.42 - - [10/May/2024:10:05:02 -0300] "GET /cormun/static/PXToolsJavascripts/pexe_upload.js HTTP/1.1" 200 1423
186.103.157.42 - - [10/May/2024:10:05:02 -0300] "GET /cormun/static/PXToolsJavascripts/PXToolsJavascriptsRender.js HTTP/1.1" 200 367
186.103.157.42 - - [10/May/2024:10:05:02 -0300] "GET /cormun/static/Resources/CormunMP2.png HTTP/1.1" 200 6878
186.103.157.42 - - [10/May/2024:10:05:02 -0300] "GET /cormun/static/Resources/ImgHome.png HTTP/1.1" 200 1364
186.103.157.42 - - [10/May/2024:10:05:02 -0300] "GET /cormun/static/Resources/ImgLogin.png HTTP/1.1" 200 1432
186.103.157.42 - - [10/May/2024:10:05:02 -0300] "GET /cormun/static/RunJS/RunJS.js HTTP/1.1" 200 288
186.103.157.42 - - [10/May/2024:10:05:02 -0300] "GET /cormun/static/Resources/Llave.png HTTP/1.1" 200 1395
186.103.157.42 - - [10/May/2024:10:05:02 -0300] "GET /cormun/static/Shared/ext/locale/ext-lang-en.js HTTP/1.1" 200 10940
186.103.157.42 - - [10/May/2024:10:05:02 -0300] "GET /cormun/static/Resources/PXToolsDataTitle.png HTTP/1.1" 200 1173
186.103.157.42 - - [10/May/2024:10:05:02 -0300] "GET /cormun/static/hhome.js?20201215495544 HTTP/1.1" 200 777
186.103.157.42 - - [10/May/2024:10:05:02 -0300] "GET /cormun/static/hwchdr01.js?2022112219251119 HTTP/1.1" 200 996
186.103.157.42 - - [10/May/2024:10:05:02 -0300] "GET /cormun/static/hpexe_recentlink.js?20201214471090 HTTP/1.1" 200 2144
186.103.157.42 - - [10/May/2024:10:05:02 -0300] "GET /cormun/static/hpexe_scripts.js?20201214471411 HTTP/1.1" 200 1544
186.103.157.42 - - [10/May/2024:10:05:02 -0300] "GET /cormun/static/hpexe_messagecontroller.js?202211298371222 HTTP/1.1" 200 870
186.103.157.42 - - [10/May/2024:10:05:02 -0300] "GET /cormun/static/hpexe_messagepopupcomponent.js?2020121447232 HTTP/1.1" 200 605
186.103.157.42 - - [10/May/2024:10:05:02 -0300] "GET /cormun/static/hpexe_messagegenexuscomponent.js?20221129836373 HTTP/1.1" 200 587
186.103.157.42 - - [10/May/2024:10:05:02 -0300] "GET /cormun/static/gxui/gxui-all.js HTTP/1.1" 200 107772
186.103.157.42 - - [10/May/2024:10:05:02 -0300] "GET /cormun/static/cmcontrolpreferences.js?20199141926336 HTTP/1.1" 200 1375
186.103.157.42 - - [10/May/2024:10:05:02 -0300] "GET /cormun/static/SmoothNavMenu/resources/ddsmoothmenu.js HTTP/1.1" 200 12712
186.103.157.42 - - [10/May/2024:10:05:02 -0300] "GET /cormun/static/SmoothNavMenu/resources/SmoothNavMenuRender.js HTTP/1.1" 200 5951
186.103.157.42 - - [10/May/2024:10:05:02 -0300] "GET /cormun/static/scaMessage/js/jquery.pnotify.min.js HTTP/1.1" 200 13038
186.103.157.42 - - [10/May/2024:10:05:02 -0300] "GET /cormun/static/scaMessage/scaMessageRender.js HTTP/1.1" 200 11977
186.103.157.42 - - [10/May/2024:10:05:02 -0300] "GET /cormun/static/Shared/jqueryui/jquery-ui.min.js HTTP/1.1" 200 240427
186.103.157.42 - - [10/May/2024:10:05:02 -0300] "GET /cormun/static/Shared/jquery/jquery-1.4.2.min.js HTTP/1.1" 200 72174
186.103.157.42 - - [10/May/2024:10:05:02 -0300] "GET /cormun/static/hmpwkw03.js?20221129844354 HTTP/1.1" 200 3971
186.103.157.42 - - [10/May/2024:10:05:02 -0300] "GET /cormun/static/Shared/ext/ext-all.js HTTP/1.1" 200 1289687
186.103.157.42 - - [10/May/2024:10:05:02 -0300] "GET /cormun/static/Shared/jquery/jquery-1.10.2.min.js HTTP/1.1" 200 273199
186.103.157.42 - - [10/May/2024:10:05:02 -0300] "GET /cormun/static/SmoothNavMenu/resources/images/right.gif HTTP/1.1" 200 860
186.103.157.42 - - [10/May/2024:10:05:02 -0300] "GET /cormun/static/SmoothNavMenu/resources/images/down.gif HTTP/1.1" 200 854
190.171.149.90 - - [10/May/2024:10:05:03 -0300] "GET /cormun/servlet/solicitudot?c886c46d08be6a9f1440a3791eda9f0e5499aea01f40f6a07758b766d2277810,gx-no-cache=1715346099650 HTTP/1.1" 200 53
186.103.157.42 - - [10/May/2024:10:05:09 -0300] "GET /cormun/servlet/trpermisosgoce? HTTP/1.1" 200 11726
186.103.157.42 - - [10/May/2024:10:05:09 -0300] "GET /cormun/static/gxui/gxui-all.css?120300 HTTP/1.1" 200 2179
186.103.157.42 - - [10/May/2024:10:05:09 -0300] "GET /cormun/static/calendar.js?85251 HTTP/1.1" 200 26246
186.103.157.42 - - [10/May/2024:10:05:09 -0300] "GET /cormun/static/calendar-system.css?85620 HTTP/1.1" 200 5572
186.103.157.42 - - [10/May/2024:10:05:09 -0300] "GET /cormun/static/gxcfg.js?2020121631564 HTTP/1.1" 200 953
186.103.157.42 - - [10/May/2024:10:05:09 -0300] "GET /cormun/static/calendar-setup.js?85251 HTTP/1.1" 200 2588
186.103.157.42 - - [10/May/2024:10:05:09 -0300] "GET /cormun/static/calendar-es.js?85251 HTTP/1.1" 200 1901
186.103.157.42 - - [10/May/2024:10:05:09 -0300] "GET /cormun/static/Resources/PXTools/calendar.png HTTP/1.1" 200 1306
186.103.157.42 - - [10/May/2024:10:05:09 -0300] "GET /cormun/static/gxdec.js?85251 HTTP/1.1" 200 19579
186.103.157.42 - - [10/May/2024:10:05:09 -0300] "GET /cormun/static/trpermisosgoce.js?2020121633681 HTTP/1.1" 200 35904
186.103.157.42 - - [10/May/2024:10:05:09 -0300] "GET /cormun/static/Resources/PXToolsDataSearch.png HTTP/1.1" 200 435
186.103.157.42 - - [10/May/2024:10:05:09 -0300] "GET /cormun/static/Resources/PXToolsGridFirstDisabled.gif HTTP/1.1" 200 100
186.103.157.42 - - [10/May/2024:10:05:09 -0300] "GET /cormun/static/Shared/ext/resources/css/ext-all.css?215870 HTTP/1.1" 200 416045
186.103.157.42 - - [10/May/2024:10:05:09 -0300] "GET /cormun/static/Resources/PXToolsGridPreviousDisabled.gif HTTP/1.1" 200 90
186.103.157.42 - - [10/May/2024:10:05:09 -0300] "GET /cormun/static/Resources/PXToolsGridNextDisabled.gif HTTP/1.1" 200 90
186.103.157.42 - - [10/May/2024:10:05:09 -0300] "GET /cormun/static/Resources/PXToolsGridLastDisabled.gif HTTP/1.1" 200 98
186.103.157.42 - - [10/May/2024:10:05:09 -0300] "GET /cormun/static/Resources/PXToolsAddAllAction.png HTTP/1.1" 200 495
186.103.157.42 - - [10/May/2024:10:05:09 -0300] "GET /cormun/static/Resources/PXToolsGridPage.gif HTTP/1.1" 200 725
186.103.157.42 - - [10/May/2024:10:05:09 -0300] "GET /cormun/static/Resources/PXToolsActionExcel.png HTTP/1.1" 200 727
186.103.157.42 - - [10/May/2024:10:05:09 -0300] "GET /cormun/static/Resources/asc.gif HTTP/1.1" 200 67
186.103.157.42 - - [10/May/2024:10:05:09 -0300] "GET /cormun//static/Resources/PXToolsGridDisplay.png HTTP/1.1" 200 525
186.103.157.42 - - [10/May/2024:10:05:09 -0300] "GET /cormun//static/Resources/PXToolsActionPrint.png HTTP/1.1" 200 404
186.103.157.42 - - [10/May/2024:10:05:09 -0300] "GET /cormun/static/Resources/desc.gif HTTP/1.1" 200 65
186.103.157.42 - - [10/May/2024:10:05:09 -0300] "GET /cormun//static/Resources/PXTools/ActionInsert.png HTTP/1.1" 200 1482
186.103.157.42 - - [10/May/2024:10:05:09 -0300] "GET /cormun//static/Resources/PXToolsActionDisabled.gif HTTP/1.1" 200 53
186.103.157.42 - - [10/May/2024:10:05:09 -0300] "GET /cormun//static/Resources/PXToolsHeaderHelp.png HTTP/1.1" 200 1333
186.103.157.42 - - [10/May/2024:10:05:09 -0300] "GET /cormun//static/Resources/PXToolsHeaderFavorites.png HTTP/1.1" 200 1414
186.103.157.42 - - [10/May/2024:10:05:09 -0300] "GET /cormun//static/Resources/PXToolsGridDelete.png HTTP/1.1" 200 538
186.103.157.42 - - [10/May/2024:10:05:09 -0300] "GET /cormun/static/Shared/ext/resources/themes/images/default/panel/bg-headersPanel.png HTTP/1.1" 200 255
186.103.157.42 - - [10/May/2024:10:05:09 -0300] "GET /cormun/static/Shared/ext/resources/themes/images/default/tools/tool-sprites.gif HTTP/1.1" 200 5434
190.171.149.82 - - [10/May/2024:10:05:09 -0300] "GET /cormun/servlet/solicitudotadjuntos?040dfe75fa5a0029f4bee1529a16df79efd2d9544676e9914cc1f2669a136839,gx-no-cache=1715346175054 HTTP/1.1" 200 30
190.171.149.82 - - [10/May/2024:10:05:09 -0300] "GET /cormun/servlet/solicitudotadjuntos?040dfe75fa5a0029f4bee1529a16df79efd2d9544676e9914cc1f2669a136839,gx-no-cache=1715346175074 HTTP/1.1" 200 30
190.171.149.82 - - [10/May/2024:10:05:10 -0300] "POST /cormun/servlet/solicitudotadjuntos?120ab9768eafe8cefdb0b2abe632b2fc,INS,2024,21389,,1, HTTP/1.1" 200 116
190.171.149.82 - - [10/May/2024:10:05:11 -0300] "GET /cormun/servlet/hpexe_return? HTTP/1.1" 200 1025
190.171.149.82 - - [10/May/2024:10:05:11 -0300] "GET /cormun/servlet/trsolicitudadjuntos?2024,21389, HTTP/1.1" 200 8987
200.54.107.2 - - [10/May/2024:10:05:11 -0300] "POST /cormun/servlet/solicitudot?gx-no-cache=1715346178343 HTTP/1.1" 200 30
200.54.107.2 - - [10/May/2024:10:05:11 -0300] "POST /cormun/servlet/solicitudot?gx-no-cache=1715346178379 HTTP/1.1" 200 1482
200.54.107.2 - - [10/May/2024:10:05:11 -0300] "POST /cormun/servlet/solicitudot?gx-no-cache=1715346178405 HTTP/1.1" 200 41
200.54.107.2 - - [10/May/2024:10:05:11 -0300] "GET /cormun/servlet/solicitudot?5578a51b036eb704bc45e107b675434bee1bd1770e422e0867390810a1293cc2b870609b3fadb196b3acd165b2e90a997dd69abd812e9a7fc27f0dcf2c51819c2eb727fa07f19154cb65317cdaf4a7b33996887328fdcca5aefb4612e445e2a4527a2577ab6374b4de5b023d5b9b14aa,gx-no-cache=1715346178422 HTTP/1.1" 200 110
200.54.107.2 - - [10/May/2024:10:05:11 -0300] "POST /cormun/servlet/solicitudot?gx-no-cache=1715346178439 HTTP/1.1" 200 83
200.54.107.2 - - [10/May/2024:10:05:12 -0300] "GET /cormun/servlet/solicitudot?5578a51b036eb704bc45e107b675434b8688dc2f9b4cf5eaf8bd55f33f0b55297401efd977f4f9f5ccd285812e8f105f07dcf9deaea0aa0fb886b335fba19e2f61f7c1de287f5d180d2aaeb33c29f7fe4122275ce74ec0df9e0708c2f87d3b2cb83c1c2443639cb05d0715f8fa63b91d,gx-no-cache=1715346178457 HTTP/1.1" 200 29
200.54.107.2 - - [10/May/2024:10:05:12 -0300] "GET /cormun/servlet/solicitudot?5578a51b036eb704bc45e107b675434bb6a6ee5081c960584834a962076b874d6c68eea751495659be8fd7c9e099d503,gx-no-cache=1715346178472 HTTP/1.1" 200 30
190.171.142.10 - - [10/May/2024:10:05:12 -0300] "GET /cormun/servlet/hlogin HTTP/1.1" 200 1719
200.54.107.2 - - [10/May/2024:10:05:12 -0300] "POST /cormun/servlet/solicitudot?gx-no-cache=1715346178487 HTTP/1.1" 200 30
190.171.142.10 - - [10/May/2024:10:05:12 -0300] "GET /cormun/servlet/hlogin HTTP/1.1" 200 1730
190.171.142.10 - - [10/May/2024:10:05:12 -0300] "GET /favicon.ico HTTP/1.1" 200 21630
186.103.157.42 - - [10/May/2024:10:05:14 -0300] "GET /cormun/servlet/trlicencias? HTTP/1.1" 200 11654
186.103.157.42 - - [10/May/2024:10:05:14 -0300] "GET /cormun/static/gxcfg.js?202211298463625 HTTP/1.1" 200 953
186.103.157.42 - - [10/May/2024:10:05:14 -0300] "GET /cormun/static/trlicencias.js?202211298463889 HTTP/1.1" 200 41883
190.171.149.82 - - [10/May/2024:10:05:15 -0300] "GET /cormun/servlet/solicitudotadjuntos?INS,2024,21389,,1, HTTP/1.1" 200 5984
190.171.149.82 - - [10/May/2024:10:05:15 -0300] "GET /cormun/static/about:blank HTTP/1.1" 404 1011
190.171.149.82 - - [10/May/2024:10:05:15 -0300] "GET /cormun/servlet/solicitudotadjuntos?040dfe75fa5a0029f4bee1529a16df794e50e0a939b3f4f33771eb6f63f9a5950f1f31f2ccea56131240abce6cf4af24,gx-no-cache=1715346181156 HTTP/1.1" 200 30
190.171.142.10 - - [10/May/2024:10:05:16 -0300] "POST /cormun/servlet/hlogin?389ea92c1ba6dccc37aa77cefc24da4d,gx-no-cache=1715346181955 HTTP/1.1" 200 90
190.171.142.10 - - [10/May/2024:10:05:16 -0300] "GET /cormun/servlet/hpexe_link HTTP/1.1" 200 950
190.171.142.10 - - [10/May/2024:10:05:16 -0300] "GET /cormun/servlet/hhome HTTP/1.1" 200 4196
190.171.149.82 - - [10/May/2024:10:05:17 -0300] "POST /cormun/servlet/solicitudotadjuntos?120ab9768eafe8cefdb0b2abe632b2fc,INS,2024,21389,,1,,gx-no-cache=1715346181230 HTTP/1.1" 200 3897
190.171.149.82 - - [10/May/2024:10:05:20 -0300] "POST /cormun/servlet/solicitudotadjuntos?gx-no-cache=1715346186232 HTTP/1.1" 200 26
190.171.142.10 - - [10/May/2024:10:05:21 -0300] "GET /cormun/servlet/trsolicitudot? HTTP/1.1" 200 7414
190.171.142.10 - - [10/May/2024:10:05:26 -0300] "GET /cormun/servlet/trautorizarsolicitud? HTTP/1.1" 200 7312
190.171.149.82 - - [10/May/2024:10:05:31 -0300] "GET /cormun/servlet/solicitudotadjuntos?040dfe75fa5a0029f4bee1529a16df79efd2d9544676e9914cc1f2669a136839,gx-no-cache=1715346196462 HTTP/1.1" 200 30
190.171.149.82 - - [10/May/2024:10:05:31 -0300] "GET /cormun/servlet/solicitudotadjuntos?040dfe75fa5a0029f4bee1529a16df79efd2d9544676e9914cc1f2669a136839,gx-no-cache=1715346196477 HTTP/1.1" 200 30
190.171.149.82 - - [10/May/2024:10:05:31 -0300] "POST /cormun/servlet/solicitudotadjuntos?120ab9768eafe8cefdb0b2abe632b2fc,INS,2024,21389,,1, HTTP/1.1" 200 116
190.171.149.82 - - [10/May/2024:10:05:31 -0300] "GET /cormun/servlet/hpexe_return? HTTP/1.1" 200 1025
190.171.149.82 - - [10/May/2024:10:05:31 -0300] "GET /cormun/servlet/trsolicitudadjuntos?2024,21389, HTTP/1.1" 200 9225
190.171.149.90 - - [10/May/2024:10:05:32 -0300] "GET /cormun/servlet/solicitudot?c886c46d08be6a9f1440a3791eda9f0ee322c4340733ef72f2063651d8a35db8050105281e0e52637ca46dda078708b8,gx-no-cache=1715346128077 HTTP/1.1" 200 30
190.171.149.90 - - [10/May/2024:10:05:32 -0300] "POST /cormun/servlet/solicitudot?gx-no-cache=1715346128132 HTTP/1.1" 200 240
190.171.149.90 - - [10/May/2024:10:05:32 -0300] "GET /cormun/servlet/solicitudot?c886c46d08be6a9f1440a3791eda9f0ede250cfba5b497e9bd5cfddb7e2cfce6f76561af2ee5acd24bbede8e4929b1142217210474c9c48fe48a6faf3e0ac5183fbe9ac97e1476bf26d3abab711d93927c58f34929ca3da4a2342bea0361efb111024646e7f9830b59593adf40641abf3a73afe361d5bab02ce51ed59983b4ff9ad8a662d51b0ad696ab47a3ca89c9c24b4c77d744e912743ef25bc69f253e2dba54ef782b4883787ae4d3c56b2fbc27ba61e1f3239dff22f39a547e04d9c303b3ab77eab194879d0e67a3fb3f4d2e7849db82d9ba3470611b03ac2dce9521c70ea3eba7cb02a7912761e249c235b260a9333e4c0031b20af77cdeb5a0e25e20aad495222aaf3786f08f3f5fe965b51e1c72ee16cc87fed9d4731d7ddc618d892a31257777a73656e13e87500f54d6b5673b5b73e0cb3bf580bc1aae4508c923089e28ea20a21a27f99d8522b2555bb8f85181fe17835bbac1d6b391c3ab264ccaa8a259520dae2598f0ef6697a860d913f5f8d7bdd48bd7cdaf66cd302290cc,gx-no-cache=1715346128216 HTTP/1.1" 200 30
190.171.142.10 - - [10/May/2024:10:05:34 -0300] "GET /cormun/servlet/trvisualizadoreventos? HTTP/1.1" 200 6959
190.171.149.82 - - [10/May/2024:10:05:34 -0300] "GET /cormun/servlet/solicitudotadjuntos?INS,2024,21389,,1, HTTP/1.1" 200 5984
190.171.149.82 - - [10/May/2024:10:05:35 -0300] "GET /cormun/static/about:blank HTTP/1.1" 404 1011
190.171.149.82 - - [10/May/2024:10:05:35 -0300] "GET /cormun/servlet/solicitudotadjuntos?040dfe75fa5a0029f4bee1529a16df794e50e0a939b3f4f33771eb6f63f9a5950f1f31f2ccea56131240abce6cf4af24,gx-no-cache=1715346201006 HTTP/1.1" 200 30
190.171.149.82 - - [10/May/2024:10:05:35 -0300] "POST /cormun/servlet/solicitudotadjuntos?120ab9768eafe8cefdb0b2abe632b2fc,INS,2024,21389,,1,,gx-no-cache=1715346201057 HTTP/1.1" 200 3897
190.171.149.90 - - [10/May/2024:10:05:38 -0300] "POST /cormun/servlet/solicitudot?gx-no-cache=1715346134190 HTTP/1.1" 200 30
190.171.149.82 - - [10/May/2024:10:05:38 -0300] "POST /cormun/servlet/solicitudotadjuntos?gx-no-cache=1715346204279 HTTP/1.1" 200 26
190.171.149.90 - - [10/May/2024:10:05:39 -0300] "POST /cormun/servlet/solicitudot?gx-no-cache=1715346135440 HTTP/1.1" 200 1481
190.171.149.90 - - [10/May/2024:10:05:39 -0300] "POST /cormun/servlet/solicitudot?gx-no-cache=1715346135513 HTTP/1.1" 200 38
190.171.149.82 - - [10/May/2024:10:05:47 -0300] "GET /cormun/servlet/solicitudotadjuntos?040dfe75fa5a0029f4bee1529a16df79efd2d9544676e9914cc1f2669a136839,gx-no-cache=1715346212990 HTTP/1.1" 200 30
190.171.149.82 - - [10/May/2024:10:05:47 -0300] "GET /cormun/servlet/solicitudotadjuntos?040dfe75fa5a0029f4bee1529a16df79efd2d9544676e9914cc1f2669a136839,gx-no-cache=1715346213004 HTTP/1.1" 200 30
190.171.149.82 - - [10/May/2024:10:05:47 -0300] "POST /cormun/servlet/solicitudotadjuntos?120ab9768eafe8cefdb0b2abe632b2fc,INS,2024,21389,,1, HTTP/1.1" 200 116
190.171.149.82 - - [10/May/2024:10:05:47 -0300] "GET /cormun/servlet/hpexe_return? HTTP/1.1" 200 1025
190.171.149.82 - - [10/May/2024:10:05:48 -0300] "GET /cormun/servlet/trsolicitudadjuntos?2024,21389, HTTP/1.1" 200 9429
190.171.142.10 - - [10/May/2024:10:05:50 -0300] "GET /cormun/servlet/hlogin HTTP/1.1" 200 1719
190.171.149.82 - - [10/May/2024:10:05:51 -0300] "GET /cormun/servlet/solicitudotadjuntos?INS,2024,21389,,1, HTTP/1.1" 200 5984
190.171.149.82 - - [10/May/2024:10:05:51 -0300] "GET /cormun/static/about:blank HTTP/1.1" 404 1011
190.171.149.82 - - [10/May/2024:10:05:51 -0300] "GET /cormun/servlet/solicitudotadjuntos?040dfe75fa5a0029f4bee1529a16df794e50e0a939b3f4f33771eb6f63f9a5950f1f31f2ccea56131240abce6cf4af24,gx-no-cache=1715346217293 HTTP/1.1" 200 30
190.171.149.82 - - [10/May/2024:10:05:52 -0300] "POST /cormun/servlet/solicitudotadjuntos?120ab9768eafe8cefdb0b2abe632b2fc,INS,2024,21389,,1,,gx-no-cache=1715346217341 HTTP/1.1" 200 3897
190.171.142.10 - - [10/May/2024:10:05:54 -0300] "POST /cormun/servlet/hlogin?389ea92c1ba6dccc37aa77cefc24da4d,gx-no-cache=1715346219940 HTTP/1.1" 200 90
190.171.142.10 - - [10/May/2024:10:05:54 -0300] "GET /cormun/servlet/hpexe_link HTTP/1.1" 200 960
190.171.142.10 - - [10/May/2024:10:05:54 -0300] "GET /cormun/servlet/trvisualizadoreventos HTTP/1.1" 200 6960
190.171.149.82 - - [10/May/2024:10:05:56 -0300] "POST /cormun/servlet/solicitudotadjuntos?gx-no-cache=1715346221368 HTTP/1.1" 200 26
190.171.142.10 - - [10/May/2024:10:05:57 -0300] "GET /cormun/servlet/trlicencias? HTTP/1.1" 200 12196
190.171.149.90 - - [10/May/2024:10:06:04 -0300] "GET /cormun/servlet/solicitudot?c886c46d08be6a9f1440a3791eda9f0ed49188c108d879b706f9154e4952571c8f5e1b3f1a8c5ecbc749045caced71a9dc32e0f9f52bef287413065f2ea4a9ab9f5974a8ac8e58c4cea828718f31d25de14a87b5688df6c9a695360094324c9b96bb0e480c8bcf3566bc9554f122c985,gx-no-cache=1715346160474 HTTP/1.1" 200 110
190.171.149.82 - - [10/May/2024:10:06:05 -0300] "GET /cormun/servlet/solicitudotadjuntos?040dfe75fa5a0029f4bee1529a16df79efd2d9544676e9914cc1f2669a136839,gx-no-cache=1715346230942 HTTP/1.1" 200 30
190.171.149.82 - - [10/May/2024:10:06:05 -0300] "GET /cormun/servlet/solicitudotadjuntos?040dfe75fa5a0029f4bee1529a16df79efd2d9544676e9914cc1f2669a136839,gx-no-cache=1715346230958 HTTP/1.1" 200 30
186.103.157.42 - - [10/May/2024:10:06:06 -0300] "GET /cormun/servlet/trpermisosgoce? HTTP/1.1" 200 11729
190.171.149.82 - - [10/May/2024:10:06:06 -0300] "POST /cormun/servlet/solicitudotadjuntos?120ab9768eafe8cefdb0b2abe632b2fc,INS,2024,21389,,1, HTTP/1.1" 200 116
190.171.149.82 - - [10/May/2024:10:06:07 -0300] "GET /cormun/servlet/hpexe_return? HTTP/1.1" 200 1025
190.171.149.82 - - [10/May/2024:10:06:07 -0300] "GET /cormun/servlet/trsolicitudadjuntos?2024,21389, HTTP/1.1" 200 9716
186.103.157.42 - - [10/May/2024:10:06:09 -0300] "GET /cormun/servlet/permisogoce?INS,0,,, HTTP/1.1" 200 7273
186.103.157.42 - - [10/May/2024:10:06:09 -0300] "GET /cormun/static/gxcfg.js?20201215124560 HTTP/1.1" 200 953
186.103.157.42 - - [10/May/2024:10:06:09 -0300] "GET /cormun/static/permisogoce.js?20201215124939 HTTP/1.1" 200 27790
186.103.157.42 - - [10/May/2024:10:06:09 -0300] "GET /cormun/static/Resources/prompt.gif HTTP/1.1" 200 902
190.171.149.82 - - [10/May/2024:10:06:10 -0300] "GET /cormun/servlet/solicitudotadjuntos?INS,2024,21389,,1, HTTP/1.1" 200 5984
190.171.149.82 - - [10/May/2024:10:06:11 -0300] "GET /cormun/static/about:blank HTTP/1.1" 404 1011
190.171.149.82 - - [10/May/2024:10:06:11 -0300] "GET /cormun/servlet/solicitudotadjuntos?040dfe75fa5a0029f4bee1529a16df794e50e0a939b3f4f33771eb6f63f9a5950f1f31f2ccea56131240abce6cf4af24,gx-no-cache=1715346237095 HTTP/1.1" 200 30
186.103.157.42 - - [10/May/2024:10:06:11 -0300] "GET /cormun/static/Resources/resize.gif HTTP/1.1" 200 77
186.103.157.42 - - [10/May/2024:10:06:11 -0300] "GET /cormun/static/Resources/PXTools/ClosePrompt.png HTTP/1.1" 200 1036
190.171.149.82 - - [10/May/2024:10:06:11 -0300] "POST /cormun/servlet/solicitudotadjuntos?120ab9768eafe8cefdb0b2abe632b2fc,INS,2024,21389,,1,,gx-no-cache=1715346237143 HTTP/1.1" 200 3897
186.103.157.42 - - [10/May/2024:10:06:12 -0300] "GET /cormun/servlet/prfichaempleado?,MD,,gxPopupLevel%3D0%3B HTTP/1.1" 200 9419
186.103.157.42 - - [10/May/2024:10:06:12 -0300] "GET /cormun/static/gxcfg.js?20201215571085 HTTP/1.1" 200 953
186.103.157.42 - - [10/May/2024:10:06:12 -0300] "GET /cormun/static/Resources/PXToolsMenuSearch.png HTTP/1.1" 200 336
186.103.157.42 - - [10/May/2024:10:06:12 -0300] "GET /cormun/static/prfichaempleado.js?20201215572193 HTTP/1.1" 200 16005
186.103.157.42 - - [10/May/2024:10:06:12 -0300] "GET /cormun/static/menusearch.js?20201214473581 HTTP/1.1" 200 1424
186.103.157.42 - - [10/May/2024:10:06:12 -0300] "GET /cormun/static/Resources/PXToolsMenuSearchCancel.png HTTP/1.1" 200 306
186.103.157.42 - - [10/May/2024:10:06:12 -0300] "GET /cormun/static/hmpwkw011.js?202211298443482 HTTP/1.1" 200 1968
190.171.149.82 - - [10/May/2024:10:06:15 -0300] "POST /cormun/servlet/solicitudotadjuntos?gx-no-cache=1715346240847 HTTP/1.1" 200 26
200.54.107.2 - - [10/May/2024:10:06:16 -0300] "GET /cormun/servlet/solicitudot?5578a51b036eb704bc45e107b675434bab2fb99fd59f71453a9693c6045c3774e6a0ed4ebd4121885c179d9aa2dda4e9f65ea436fab95c3c139363b9da154abeef373af77b4756530f02eef0337759e4aa8b85b3a70d0636c330a94b71cab0955a990f7f8918b53d1567676ed78d8f16b844aba82ed2161921e0d04034b3ba2602b7145f2a20e46fc1a805895f5b4aaeab36773533fbcaf6899f05ae77c90cc16c07a328a5ad4cca74e76efdd208e47dac432f9a6a1b7a6a2e54c8ee3b117a23745216d209714a99d4c188ec93c4de0105c8061fc28397b3b89e60c48a7fe5288b51312c38fae32257438e1e38bcf030838cbca1f7d0d7872dbdd579541f48c9f255548d0684a56841b2ccdda028b442a9e555e318dd305518bf7e5fba6b6acbb9e1116f2f7acc80ed51064707e5cd27200b8a18ab2d27f6686f7d717eba076f4d5c2f2e7a4a75a4d006c511a234bb9de664a62df94e8aff45506edcde80363e2648f9d7c602d6544ee38d8cd796a25ee116f4790d17ccf2ff44a3763ebdf36427073899e0ccea2edcc38eb090a46ac5,gx-no-cache=1715346242597 HTTP/1.1" 200 30
200.54.107.2 - - [10/May/2024:10:06:16 -0300] "POST /cormun/servlet/solicitudot?gx-no-cache=1715346242627 HTTP/1.1" 200 30
200.54.107.2 - - [10/May/2024:10:06:16 -0300] "POST /cormun/servlet/solicitudot?gx-no-cache=1715346242655 HTTP/1.1" 200 1482
200.54.107.2 - - [10/May/2024:10:06:16 -0300] "POST /cormun/servlet/solicitudot?gx-no-cache=1715346242686 HTTP/1.1" 200 41
200.54.107.2 - - [10/May/2024:10:06:16 -0300] "GET /cormun/servlet/solicitudot?5578a51b036eb704bc45e107b675434bee1bd1770e422e0867390810a1293cc2b870609b3fadb196b3acd165b2e90a997dd69abd812e9a7fc27f0dcf2c51819c2eb727fa07f19154cb65317cdaf4a7b33996887328fdcca5aefb4612e445e2a4527a2577ab6374b4de5b023d5b9b14aa,gx-no-cache=1715346242706 HTTP/1.1" 200 110
200.54.107.2 - - [10/May/2024:10:06:16 -0300] "POST /cormun/servlet/solicitudot?gx-no-cache=1715346242726 HTTP/1.1" 200 83
200.54.107.2 - - [10/May/2024:10:06:16 -0300] "GET /cormun/servlet/solicitudot?5578a51b036eb704bc45e107b675434bb6a6ee5081c960584834a962076b874d6c68eea751495659be8fd7c9e099d503,gx-no-cache=1715346242748 HTTP/1.1" 200 30
200.54.107.2 - - [10/May/2024:10:06:16 -0300] "POST /cormun/servlet/solicitudot?gx-no-cache=1715346242768 HTTP/1.1" 200 30
190.171.149.90 - - [10/May/2024:10:06:22 -0300] "GET /cormun/servlet/solicitudot?c886c46d08be6a9f1440a3791eda9f0ed49188c108d879b706f9154e4952571c8f5e1b3f1a8c5ecbc749045caced71a9dc32e0f9f52bef287413065f2ea4a9ab9f5974a8ac8e58c4cea828718f31d25de14a87b5688df6c9a695360094324c9b96bb0e480c8bcf3566bc9554f122c985,gx-no-cache=1715346177930 HTTP/1.1" 200 110
190.171.149.90 - - [10/May/2024:10:06:22 -0300] "POST /cormun/servlet/solicitudot?gx-no-cache=1715346177962 HTTP/1.1" 200 110
190.171.149.82 - - [10/May/2024:10:06:25 -0300] "GET /cormun/servlet/solicitudotadjuntos?040dfe75fa5a0029f4bee1529a16df79efd2d9544676e9914cc1f2669a136839,gx-no-cache=1715346250534 HTTP/1.1" 200 30
190.171.149.82 - - [10/May/2024:10:06:25 -0300] "GET /cormun/servlet/solicitudotadjuntos?040dfe75fa5a0029f4bee1529a16df79efd2d9544676e9914cc1f2669a136839,gx-no-cache=1715346250565 HTTP/1.1" 200 30
190.171.149.82 - - [10/May/2024:10:06:26 -0300] "POST /cormun/servlet/solicitudotadjuntos?120ab9768eafe8cefdb0b2abe632b2fc,INS,2024,21389,,1, HTTP/1.1" 200 116
190.171.149.82 - - [10/May/2024:10:06:26 -0300] "GET /cormun/servlet/hpexe_return? HTTP/1.1" 200 1025
190.171.149.82 - - [10/May/2024:10:06:26 -0300] "GET /cormun/servlet/trsolicitudadjuntos?2024,21389, HTTP/1.1" 200 10010
190.171.149.90 - - [10/May/2024:10:06:48 -0300] "GET /cormun/servlet/solicitudot?c886c46d08be6a9f1440a3791eda9f0eb2b98bddd9225a2ca15fba1ed12362c4fbd4eeb9b4960ae930bb4726485fcb9e1cda7a087dcc4bff3bde767352189dc61f5fa48efdb105b25e204037a6dca57456a1d3e32b70944d2877a8d825f8c6bfd6fd3820e4daa3b3f2dfcd4730eacba2ad21c5c11a9e9fa7e7ac32351ae2c48886a84f386b4184b8410d837001881ec94c3b6021f3b711c754e0f832094e280c,gx-no-cache=1715346204566 HTTP/1.1" 200 29
190.171.149.90 - - [10/May/2024:10:06:48 -0300] "GET /cormun/static/menuarrow.gif HTTP/1.1" 404 1015
190.171.149.90 - - [10/May/2024:10:06:52 -0300] "GET /cormun/servlet/solicitudot?c886c46d08be6a9f1440a3791eda9f0ee4982194e766c214b4b39c98255031077f3ea3c4d4703764feaa34c774dcfed4,gx-no-cache=1715346207895 HTTP/1.1" 200 30
186.103.157.42 - - [10/May/2024:10:07:06 -0300] "GET /cormun/servlet/prfichaempleado?,MD,,gxPopupLevel%3D0%3B HTTP/1.1" 200 9419
186.103.157.42 - - [10/May/2024:10:07:14 -0300] "GET /cormun/servlet/permisogoce?9d795b6606f9cc0fa708320f90ee2f700f5d10f2d939b419f5711414a73998d44f3656187f32b8145a3ddedcbbb2b813e08f57fdfa6f5f2f9f27a1089cad2653,gx-no-cache=1715347161290 HTTP/1.1" 200 85
186.103.157.42 - - [10/May/2024:10:07:14 -0300] "GET /cormun/static/menuarrow.gif HTTP/1.1" 404 1015
186.103.157.42 - - [10/May/2024:10:07:52 -0300] "POST /cormun/servlet/permisogoce?dbccd66d93ad1342b68b451f09b627f4,INS,0,,,,gx-no-cache=1715347199044 HTTP/1.1" 200 93
186.103.157.42 - - [10/May/2024:10:07:52 -0300] "GET /cormun/servlet/hpexe_return? HTTP/1.1" 200 1007
186.103.157.42 - - [10/May/2024:10:07:52 -0300] "GET /cormun/static/gxcfg.js?20221129846035 HTTP/1.1" 200 953
186.103.157.42 - - [10/May/2024:10:07:52 -0300] "GET /cormun/static/hpexe_return.js?20221129846037 HTTP/1.1" 200 1633
186.103.157.42 - - [10/May/2024:10:07:52 -0300] "GET /cormun/servlet/trpermisosgoce HTTP/1.1" 200 11733
190.171.149.90 - - [10/May/2024:10:07:59 -0300] "POST /cormun/servlet/solicitudot?gx-no-cache=1715346275342 HTTP/1.1" 200 30
190.171.149.90 - - [10/May/2024:10:07:59 -0300] "POST /cormun/servlet/solicitudot?80ea0e01afd7770836b11863fb67a965,INS,0,0,false,,gx-no-cache=1715346275376 HTTP/1.1" 200 93
190.171.149.90 - - [10/May/2024:10:07:59 -0300] "GET /cormun/servlet/hpexe_return? HTTP/1.1" 200 1009
190.171.149.90 - - [10/May/2024:10:08:00 -0300] "GET /cormun/servlet/trsolicitudot HTTP/1.1" 200 8487
190.171.149.90 - - [10/May/2024:10:08:00 -0300] "GET /cormun//static/Resources/PXToolsActionView.png HTTP/1.1" 200 398
190.171.149.90 - - [10/May/2024:10:08:00 -0300] "GET /cormun//static/Resources/PXToolsGridUpdate.png HTTP/1.1" 200 470
190.171.149.90 - - [10/May/2024:10:08:00 -0300] "GET /cormun//static/Resources/PXToolsGridDelete.png HTTP/1.1" 200 538
190.171.149.90 - - [10/May/2024:10:08:00 -0300] "GET /cormun//static/Resources/PXToolsRemoveAllAction.png HTTP/1.1" 200 487
190.171.149.90 - - [10/May/2024:10:08:00 -0300] "GET /cormun//static/Resources/PXTools/ActionInsert.png HTTP/1.1" 200 1482
200.54.107.2 - - [10/May/2024:10:08:25 -0300] "POST /cormun/servlet/solicitudot?8ea9d6299b6a3421c940938b6a98c677,UPD,2024,21388,false,,gx-no-cache=1715346372144 HTTP/1.1" 200 93
200.54.107.2 - - [10/May/2024:10:08:25 -0300] "GET /cormun/servlet/hpexe_return? HTTP/1.1" 200 1014
200.54.107.2 - - [10/May/2024:10:08:26 -0300] "GET /cormun/servlet/trsolicitudot HTTP/1.1" 200 8955
200.54.103.162 - - [10/May/2024:10:15:09 -0300] "GET /cormun/servlet/hhome HTTP/1.1" 200 3323
200.54.103.162 - - [10/May/2024:10:15:09 -0300] "GET /cormun/servlet/hlogin HTTP/1.1" 200 1733
200.54.103.162 - - [10/May/2024:10:15:13 -0300] "POST /cormun/servlet/hlogin?28f18ea6f64201760884a55add81301f,gx-no-cache=1715346779226 HTTP/1.1" 200 90
200.54.103.162 - - [10/May/2024:10:15:13 -0300] "GET /cormun/servlet/hpexe_link HTTP/1.1" 200 953
200.54.103.162 - - [10/May/2024:10:15:13 -0300] "GET /cormun/servlet/hhome HTTP/1.1" 200 4343
200.54.103.162 - - [10/May/2024:10:15:21 -0300] "GET /cormun/servlet/trpermisosgoce? HTTP/1.1" 200 13363
200.54.103.162 - - [10/May/2024:10:15:21 -0300] "GET /cormun/static/gxcfg.js?2020121631564 HTTP/1.1" 200 953
200.54.103.162 - - [10/May/2024:10:15:21 -0300] "GET /cormun/static/trpermisosgoce.js?2020121633681 HTTP/1.1" 200 35904
200.54.103.162 - - [10/May/2024:10:15:21 -0300] "GET /cormun//static/Resources/PXToolsGridDelete.png HTTP/1.1" 200 538
200.54.103.162 - - [10/May/2024:10:15:24 -0300] "GET /cormun/servlet/permisogoce?INS,0,,, HTTP/1.1" 200 7236
200.54.103.162 - - [10/May/2024:10:15:24 -0300] "GET /cormun/static/gxcfg.js?20201215124560 HTTP/1.1" 200 953
200.54.103.162 - - [10/May/2024:10:15:24 -0300] "GET /cormun/static/permisogoce.js?20201215124939 HTTP/1.1" 200 27790
200.54.103.162 - - [10/May/2024:10:15:34 -0300] "GET /cormun/servlet/permisogoce?0b576c92d8a66855f6f2ef0b86ffe961b20b02edb6fa46ff9cfeb500ce3e0cb891f895f71bebb376a0deb11a1b9caba5fe1b880a2c42b53a7cc71b24d04865d4,gx-no-cache=1715346800395 HTTP/1.1" 200 81
200.54.103.162 - - [10/May/2024:10:15:34 -0300] "GET /cormun/static/menuarrow.gif HTTP/1.1" 404 1015
200.54.103.162 - - [10/May/2024:10:15:40 -0300] "GET /cormun/servlet/permisogoce?0b576c92d8a66855f6f2ef0b86ffe96124228eca83d119f422e2b590f92f01a987a7d4238f248a8c77978125198004abe1a7a3e4cb5d4f1eccdd84cc4facb5b4,gx-no-cache=1715346806185 HTTP/1.1" 200 46
200.54.103.162 - - [10/May/2024:10:15:43 -0300] "POST /cormun/servlet/permisogoce?28f18ea6f64201760884a55add81301f,INS,0,,,,gx-no-cache=1715346808339 HTTP/1.1" 200 93
200.54.103.162 - - [10/May/2024:10:15:43 -0300] "GET /cormun/servlet/hpexe_return? HTTP/1.1" 200 1011
200.54.103.162 - - [10/May/2024:10:15:43 -0300] "GET /cormun/static/hpexe_return.js?20221129846037 HTTP/1.1" 200 1633
200.54.103.162 - - [10/May/2024:10:15:43 -0300] "GET /cormun/static/gxcfg.js?20221129846035 HTTP/1.1" 200 953
200.54.103.162 - - [10/May/2024:10:15:43 -0300] "GET /cormun/servlet/trpermisosgoce HTTP/1.1" 200 13697
200.54.103.162 - - [10/May/2024:10:15:43 -0300] "GET /cormun//static/Resources/PXToolsGridUpdate.png HTTP/1.1" 200 470
200.54.103.162 - - [10/May/2024:10:15:48 -0300] "GET /cormun/servlet/permisogoce?INS,0,,, HTTP/1.1" 200 7237
200.54.103.162 - - [10/May/2024:10:15:58 -0300] "GET /cormun/servlet/permisogoce?0b576c92d8a66855f6f2ef0b86ffe9616a751f868c5a2f4f944a0f32c9958f553aa84cd7a7549a47ca63b2e549f346b0c3ae236705c64afa294feefc818d6e6e,gx-no-cache=1715346824426 HTTP/1.1" 200 78
200.54.103.162 - - [10/May/2024:10:16:03 -0300] "GET /cormun/servlet/permisogoce?0b576c92d8a66855f6f2ef0b86ffe96106bdaeb751b4e4f371201c5730336414456b3c72f2ee35dadb844e5d8c6ee4eb2f2642bb926247e8fe9277c68248e353,gx-no-cache=1715346829992 HTTP/1.1" 200 46
200.54.103.162 - - [10/May/2024:10:16:06 -0300] "POST /cormun/servlet/permisogoce?28f18ea6f64201760884a55add81301f,INS,0,,,,gx-no-cache=1715346831987 HTTP/1.1" 200 93
200.54.103.162 - - [10/May/2024:10:16:06 -0300] "GET /cormun/servlet/hpexe_return? HTTP/1.1" 200 1011
200.54.103.162 - - [10/May/2024:10:16:06 -0300] "GET /cormun/servlet/trpermisosgoce HTTP/1.1" 200 13928
200.54.103.162 - - [10/May/2024:10:16:11 -0300] "GET /cormun/servlet/permisogoce?INS,0,,, HTTP/1.1" 200 7237
190.171.149.90 - - [10/May/2024:10:16:18 -0300] "POST /cormun/servlet/trsolicitudot?80ea0e01afd7770836b11863fb67a965,gx-no-cache=1715346774076 HTTP/1.1" 200 107
190.171.149.90 - - [10/May/2024:10:16:18 -0300] "GET /cormun/servlet/trsolicitudadjuntos?2024,21390, HTTP/1.1" 200 5955
190.171.149.90 - - [10/May/2024:10:16:18 -0300] "GET /cormun/static/gxcfg.js?20201215574222 HTTP/1.1" 200 953
190.171.149.90 - - [10/May/2024:10:16:18 -0300] "GET /cormun/static/trsolicitudadjuntos.js?20201215574932 HTTP/1.1" 200 17921
190.171.149.90 - - [10/May/2024:10:16:18 -0300] "GET /cormun/static/Resources/PXToolsGridNew.png HTTP/1.1" 200 427
190.171.149.90 - - [10/May/2024:10:16:20 -0300] "GET /cormun/servlet/solicitudotadjuntos?INS,2024,21390,,1, HTTP/1.1" 200 5899
190.171.149.90 - - [10/May/2024:10:16:20 -0300] "GET /cormun/static/gxcfg.js?202211298385187 HTTP/1.1" 200 953
190.171.149.90 - - [10/May/2024:10:16:20 -0300] "GET /cormun/static/solicitudotadjuntos.js?202211298385196 HTTP/1.1" 200 11771
190.171.149.90 - - [10/May/2024:10:16:20 -0300] "GET /cormun/static/about:blank HTTP/1.1" 404 1011
190.171.149.90 - - [10/May/2024:10:16:20 -0300] "GET /cormun/servlet/solicitudotadjuntos?c886c46d08be6a9f1440a3791eda9f0e51dd448bbc56da03a74daaf23f3d93485b27812da481c343f0f6cc0b9d547f9b,gx-no-cache=1715346776601 HTTP/1.1" 200 30
190.171.149.90 - - [10/May/2024:10:16:20 -0300] "POST /cormun/servlet/solicitudotadjuntos?80ea0e01afd7770836b11863fb67a965,INS,2024,21390,,1,,gx-no-cache=1715346776616 HTTP/1.1" 200 3906
190.171.149.90 - - [10/May/2024:10:16:22 -0300] "POST /cormun/servlet/solicitudotadjuntos?gx-no-cache=1715346777901 HTTP/1.1" 200 26
200.54.103.162 - - [10/May/2024:10:16:24 -0300] "GET /cormun/servlet/permisogoce?0b576c92d8a66855f6f2ef0b86ffe96127b06b1041725d244f264addad50e2403aa84cd7a7549a47ca63b2e549f346b0c3ae236705c64afa294feefc818d6e6e,gx-no-cache=1715346850010 HTTP/1.1" 200 82
190.171.149.90 - - [10/May/2024:10:16:32 -0300] "GET /cormun/servlet/solicitudotadjuntos?c886c46d08be6a9f1440a3791eda9f0eaf9329f629e30ab4bd3f92d2682a675e,gx-no-cache=1715346788582 HTTP/1.1" 200 30
190.171.149.90 - - [10/May/2024:10:16:32 -0300] "GET /cormun/servlet/solicitudotadjuntos?c886c46d08be6a9f1440a3791eda9f0eaf9329f629e30ab4bd3f92d2682a675e,gx-no-cache=1715346788599 HTTP/1.1" 200 30
190.171.149.90 - - [10/May/2024:10:16:32 -0300] "POST /cormun/servlet/solicitudotadjuntos?80ea0e01afd7770836b11863fb67a965,INS,2024,21390,,1, HTTP/1.1" 200 116
190.171.149.90 - - [10/May/2024:10:16:32 -0300] "GET /cormun/servlet/hpexe_return? HTTP/1.1" 200 1026
190.171.149.90 - - [10/May/2024:10:16:33 -0300] "GET /cormun/servlet/trsolicitudadjuntos?2024,21390, HTTP/1.1" 200 8868
200.54.103.162 - - [10/May/2024:10:16:37 -0300] "GET /cormun/servlet/permisogoce?0b576c92d8a66855f6f2ef0b86ffe9613cae4c37a384abe8f3a56fcd1f7a0ba1f61aa65085422a62a3214140833cb5b2e667cb641339c72c5ebb581b601e553b,gx-no-cache=1715346863394 HTTP/1.1" 200 49
190.171.149.90 - - [10/May/2024:10:16:37 -0300] "GET /cormun/servlet/solicitudotadjuntos?INS,2024,21390,,1, HTTP/1.1" 200 5899
190.171.149.90 - - [10/May/2024:10:16:37 -0300] "GET /cormun/static/about:blank HTTP/1.1" 404 1011
190.171.149.90 - - [10/May/2024:10:16:38 -0300] "GET /cormun/servlet/solicitudotadjuntos?c886c46d08be6a9f1440a3791eda9f0e51dd448bbc56da03a74daaf23f3d93485b27812da481c343f0f6cc0b9d547f9b,gx-no-cache=1715346794037 HTTP/1.1" 200 30
190.171.149.90 - - [10/May/2024:10:16:38 -0300] "POST /cormun/servlet/solicitudotadjuntos?80ea0e01afd7770836b11863fb67a965,INS,2024,21390,,1,,gx-no-cache=1715346794054 HTTP/1.1" 200 3906
190.171.149.90 - - [10/May/2024:10:16:39 -0300] "POST /cormun/servlet/solicitudotadjuntos?gx-no-cache=1715346795867 HTTP/1.1" 200 26
200.54.103.162 - - [10/May/2024:10:16:43 -0300] "POST /cormun/servlet/permisogoce?28f18ea6f64201760884a55add81301f,INS,0,,,,gx-no-cache=1715346869292 HTTP/1.1" 200 93
200.54.103.162 - - [10/May/2024:10:16:43 -0300] "GET /cormun/servlet/hpexe_return? HTTP/1.1" 200 1011
200.54.103.162 - - [10/May/2024:10:16:43 -0300] "GET /cormun/servlet/trpermisosgoce HTTP/1.1" 200 14103
190.171.149.90 - - [10/May/2024:10:16:51 -0300] "GET /cormun/servlet/solicitudotadjuntos?c886c46d08be6a9f1440a3791eda9f0eaf9329f629e30ab4bd3f92d2682a675e,gx-no-cache=1715346806996 HTTP/1.1" 200 30
190.171.149.90 - - [10/May/2024:10:16:51 -0300] "GET /cormun/servlet/solicitudotadjuntos?c886c46d08be6a9f1440a3791eda9f0eaf9329f629e30ab4bd3f92d2682a675e,gx-no-cache=1715346807013 HTTP/1.1" 200 30
190.171.149.90 - - [10/May/2024:10:16:51 -0300] "POST /cormun/servlet/solicitudotadjuntos?80ea0e01afd7770836b11863fb67a965,INS,2024,21390,,1, HTTP/1.1" 200 116
190.171.149.90 - - [10/May/2024:10:16:51 -0300] "GET /cormun/servlet/hpexe_return? HTTP/1.1" 200 1026
190.171.149.90 - - [10/May/2024:10:16:51 -0300] "GET /cormun/servlet/trsolicitudadjuntos?2024,21390, HTTP/1.1" 200 9146
200.54.103.162 - - [10/May/2024:10:16:51 -0300] "GET /cormun/servlet/permisogoce?INS,0,,, HTTP/1.1" 200 7237
190.171.149.90 - - [10/May/2024:10:16:55 -0300] "GET /cormun/servlet/solicitudotadjuntos?INS,2024,21390,,1, HTTP/1.1" 200 5899
190.171.149.90 - - [10/May/2024:10:16:55 -0300] "GET /cormun/static/about:blank HTTP/1.1" 404 1011
190.171.149.90 - - [10/May/2024:10:16:55 -0300] "GET /cormun/servlet/solicitudotadjuntos?c886c46d08be6a9f1440a3791eda9f0e51dd448bbc56da03a74daaf23f3d93485b27812da481c343f0f6cc0b9d547f9b,gx-no-cache=1715346811566 HTTP/1.1" 200 30
190.171.149.90 - - [10/May/2024:10:16:55 -0300] "POST /cormun/servlet/solicitudotadjuntos?80ea0e01afd7770836b11863fb67a965,INS,2024,21390,,1,,gx-no-cache=1715346811585 HTTP/1.1" 200 3906
190.171.149.90 - - [10/May/2024:10:16:58 -0300] "POST /cormun/servlet/solicitudotadjuntos?gx-no-cache=1715346814097 HTTP/1.1" 200 26
200.54.103.162 - - [10/May/2024:10:17:03 -0300] "GET /cormun/servlet/permisogoce?0b576c92d8a66855f6f2ef0b86ffe961a3a6345fb9b83cd0c4fa37f31f9ad08f3aa84cd7a7549a47ca63b2e549f346b0c3ae236705c64afa294feefc818d6e6e,gx-no-cache=1715346889099 HTTP/1.1" 200 80
190.171.149.90 - - [10/May/2024:10:17:03 -0300] "GET /cormun/servlet/solicitudotadjuntos?c886c46d08be6a9f1440a3791eda9f0eaf9329f629e30ab4bd3f92d2682a675e,gx-no-cache=1715346819870 HTTP/1.1" 200 30
190.171.149.90 - - [10/May/2024:10:17:04 -0300] "GET /cormun/servlet/solicitudotadjuntos?c886c46d08be6a9f1440a3791eda9f0eaf9329f629e30ab4bd3f92d2682a675e,gx-no-cache=1715346819887 HTTP/1.1" 200 30
190.171.149.90 - - [10/May/2024:10:17:04 -0300] "POST /cormun/servlet/solicitudotadjuntos?80ea0e01afd7770836b11863fb67a965,INS,2024,21390,,1, HTTP/1.1" 200 116
190.171.149.90 - - [10/May/2024:10:17:04 -0300] "GET /cormun/servlet/hpexe_return? HTTP/1.1" 200 1026
190.171.149.90 - - [10/May/2024:10:17:04 -0300] "GET /cormun/servlet/trsolicitudadjuntos?2024,21390, HTTP/1.1" 200 9326
190.171.149.90 - - [10/May/2024:10:17:07 -0300] "GET /cormun/servlet/solicitudotadjuntos?INS,2024,21390,,1, HTTP/1.1" 200 5899
190.171.149.90 - - [10/May/2024:10:17:07 -0300] "GET /cormun/static/about:blank HTTP/1.1" 404 1011
190.171.149.90 - - [10/May/2024:10:17:08 -0300] "GET /cormun/servlet/solicitudotadjuntos?c886c46d08be6a9f1440a3791eda9f0e51dd448bbc56da03a74daaf23f3d93485b27812da481c343f0f6cc0b9d547f9b,gx-no-cache=1715346824097 HTTP/1.1" 200 30
190.171.149.90 - - [10/May/2024:10:17:08 -0300] "POST /cormun/servlet/solicitudotadjuntos?80ea0e01afd7770836b11863fb67a965,INS,2024,21390,,1,,gx-no-cache=1715346824118 HTTP/1.1" 200 3906
200.54.103.162 - - [10/May/2024:10:17:09 -0300] "GET /cormun/servlet/permisogoce?0b576c92d8a66855f6f2ef0b86ffe96190e1bde8d8f574a89b1b56eff5bda02aa3ecdb0dbfe5cb46d2eec9dc0d861c482f2642bb926247e8fe9277c68248e353,gx-no-cache=1715346895393 HTTP/1.1" 200 47
200.54.103.162 - - [10/May/2024:10:17:11 -0300] "POST /cormun/servlet/permisogoce?28f18ea6f64201760884a55add81301f,INS,0,,,,gx-no-cache=1715346897139 HTTP/1.1" 200 93
200.54.103.162 - - [10/May/2024:10:17:11 -0300] "GET /cormun/servlet/hpexe_return? HTTP/1.1" 200 1011
200.54.103.162 - - [10/May/2024:10:17:11 -0300] "GET /cormun/servlet/trpermisosgoce HTTP/1.1" 200 14330
200.54.103.162 - - [10/May/2024:10:17:17 -0300] "GET /cormun/servlet/permisogoce?INS,0,,, HTTP/1.1" 200 7237
190.171.149.90 - - [10/May/2024:10:17:17 -0300] "POST /cormun/servlet/solicitudotadjuntos?gx-no-cache=1715346833747 HTTP/1.1" 200 26
190.171.149.90 - - [10/May/2024:10:17:28 -0300] "GET /cormun/servlet/solicitudotadjuntos?c886c46d08be6a9f1440a3791eda9f0eaf9329f629e30ab4bd3f92d2682a675e,gx-no-cache=1715346843966 HTTP/1.1" 200 30
190.171.149.90 - - [10/May/2024:10:17:28 -0300] "GET /cormun/servlet/solicitudotadjuntos?c886c46d08be6a9f1440a3791eda9f0eaf9329f629e30ab4bd3f92d2682a675e,gx-no-cache=1715346843982 HTTP/1.1" 200 30
190.171.149.90 - - [10/May/2024:10:17:28 -0300] "POST /cormun/servlet/solicitudotadjuntos?80ea0e01afd7770836b11863fb67a965,INS,2024,21390,,1, HTTP/1.1" 200 116
190.171.149.90 - - [10/May/2024:10:17:28 -0300] "GET /cormun/servlet/hpexe_return? HTTP/1.1" 200 1026
190.171.149.90 - - [10/May/2024:10:17:28 -0300] "GET /cormun/servlet/trsolicitudadjuntos?2024,21390, HTTP/1.1" 200 9645
190.171.149.90 - - [10/May/2024:10:17:31 -0300] "GET /cormun/servlet/solicitudotadjuntos?INS,2024,21390,,1, HTTP/1.1" 200 5899
190.171.149.90 - - [10/May/2024:10:17:31 -0300] "GET /cormun/static/about:blank HTTP/1.1" 404 1011
190.171.149.90 - - [10/May/2024:10:17:31 -0300] "GET /cormun/servlet/solicitudotadjuntos?c886c46d08be6a9f1440a3791eda9f0e51dd448bbc56da03a74daaf23f3d93485b27812da481c343f0f6cc0b9d547f9b,gx-no-cache=1715346847744 HTTP/1.1" 200 30
190.171.149.90 - - [10/May/2024:10:17:31 -0300] "POST /cormun/servlet/solicitudotadjuntos?80ea0e01afd7770836b11863fb67a965,INS,2024,21390,,1,,gx-no-cache=1715346847767 HTTP/1.1" 200 3906
190.171.149.90 - - [10/May/2024:10:17:35 -0300] "POST /cormun/servlet/solicitudotadjuntos?gx-no-cache=1715346851514 HTTP/1.1" 200 26
190.171.149.90 - - [10/May/2024:10:17:48 -0300] "POST /cormun/servlet/solicitudotadjuntos?gx-no-cache=1715346864224 HTTP/1.1" 200 26
200.54.103.162 - - [10/May/2024:10:18:06 -0300] "GET /cormun/servlet/permisogoce?0b576c92d8a66855f6f2ef0b86ffe961d9d693698874dda1b8f04293c46dc5383aa84cd7a7549a47ca63b2e549f346b0c3ae236705c64afa294feefc818d6e6e,gx-no-cache=1715346952091 HTTP/1.1" 200 81
200.54.103.162 - - [10/May/2024:10:18:11 -0300] "GET /cormun/servlet/permisogoce?0b576c92d8a66855f6f2ef0b86ffe96169b3165acd5869b36e996b7fd7859a5d55213210c74bf46580aefe60a0f44d422f2642bb926247e8fe9277c68248e353,gx-no-cache=1715346957161 HTTP/1.1" 200 46
200.54.103.162 - - [10/May/2024:10:18:13 -0300] "POST /cormun/servlet/permisogoce?28f18ea6f64201760884a55add81301f,INS,0,,,,gx-no-cache=1715346959013 HTTP/1.1" 200 93
200.54.103.162 - - [10/May/2024:10:18:13 -0300] "GET /cormun/servlet/hpexe_return? HTTP/1.1" 200 1011
200.54.103.162 - - [10/May/2024:10:18:13 -0300] "GET /cormun/servlet/trpermisosgoce HTTP/1.1" 200 14507
200.54.103.162 - - [10/May/2024:10:18:19 -0300] "GET /cormun/servlet/permisogoce?INS,0,,, HTTP/1.1" 200 7237
190.171.149.90 - - [10/May/2024:10:18:22 -0300] "GET /cormun/servlet/solicitudotadjuntos?c886c46d08be6a9f1440a3791eda9f0eaf9329f629e30ab4bd3f92d2682a675e,gx-no-cache=1715346898666 HTTP/1.1" 200 30
190.171.149.90 - - [10/May/2024:10:18:22 -0300] "GET /cormun/servlet/solicitudotadjuntos?c886c46d08be6a9f1440a3791eda9f0eaf9329f629e30ab4bd3f92d2682a675e,gx-no-cache=1715346898683 HTTP/1.1" 200 30
190.171.149.90 - - [10/May/2024:10:18:22 -0300] "POST /cormun/servlet/solicitudotadjuntos?80ea0e01afd7770836b11863fb67a965,INS,2024,21390,,1, HTTP/1.1" 200 116
190.171.149.90 - - [10/May/2024:10:18:23 -0300] "GET /cormun/servlet/hpexe_return? HTTP/1.1" 200 1026
190.171.149.90 - - [10/May/2024:10:18:23 -0300] "GET /cormun/servlet/trsolicitudadjuntos?2024,21390, HTTP/1.1" 200 9940
200.54.103.162 - - [10/May/2024:10:18:31 -0300] "GET /cormun/servlet/permisogoce?0b576c92d8a66855f6f2ef0b86ffe9611a3c03c56e20fb2ab90d4543df6c878a91f895f71bebb376a0deb11a1b9caba5fe1b880a2c42b53a7cc71b24d04865d4,gx-no-cache=1715346977595 HTTP/1.1" 200 75
200.54.103.162 - - [10/May/2024:10:18:34 -0300] "GET /cormun/servlet/permisogoce?0b576c92d8a66855f6f2ef0b86ffe961a9295e9e773c396ea269a488f6d61a7e617b3b8dcc2d9dd34a9b14b467d1a99ee1a7a3e4cb5d4f1eccdd84cc4facb5b4,gx-no-cache=1715346980849 HTTP/1.1" 200 46
200.54.103.162 - - [10/May/2024:10:18:36 -0300] "POST /cormun/servlet/permisogoce?28f18ea6f64201760884a55add81301f,INS,0,,,,gx-no-cache=1715346982507 HTTP/1.1" 200 93
200.54.103.162 - - [10/May/2024:10:18:36 -0300] "GET /cormun/servlet/hpexe_return? HTTP/1.1" 200 1011
200.54.103.162 - - [10/May/2024:10:18:36 -0300] "GET /cormun/servlet/trpermisosgoce HTTP/1.1" 200 14744
200.54.103.162 - - [10/May/2024:10:18:43 -0300] "GET /cormun/servlet/permisogoce?INS,0,,, HTTP/1.1" 200 7237
190.171.149.90 - - [10/May/2024:10:18:43 -0300] "GET /cormun/servlet/solicitudotadjuntos?INS,2024,21390,,1, HTTP/1.1" 200 5899
190.171.149.90 - - [10/May/2024:10:18:43 -0300] "GET /cormun/static/about:blank HTTP/1.1" 404 1011
190.171.149.90 - - [10/May/2024:10:18:44 -0300] "GET /cormun/servlet/solicitudotadjuntos?c886c46d08be6a9f1440a3791eda9f0e51dd448bbc56da03a74daaf23f3d93485b27812da481c343f0f6cc0b9d547f9b,gx-no-cache=1715346919917 HTTP/1.1" 200 30
190.171.149.90 - - [10/May/2024:10:18:44 -0300] "POST /cormun/servlet/solicitudotadjuntos?80ea0e01afd7770836b11863fb67a965,INS,2024,21390,,1,,gx-no-cache=1715346919940 HTTP/1.1" 200 3906
190.171.149.90 - - [10/May/2024:10:18:46 -0300] "POST /cormun/servlet/solicitudotadjuntos?gx-no-cache=1715346922521 HTTP/1.1" 200 26
200.54.103.162 - - [10/May/2024:10:18:52 -0300] "GET /cormun/servlet/permisogoce?0b576c92d8a66855f6f2ef0b86ffe9619931a376ac8eb8045224ece12a45e0c23aa84cd7a7549a47ca63b2e549f346b0c3ae236705c64afa294feefc818d6e6e,gx-no-cache=1715346998059 HTTP/1.1" 200 81
200.54.103.162 - - [10/May/2024:10:18:56 -0300] "GET /cormun/servlet/permisogoce?0b576c92d8a66855f6f2ef0b86ffe961fe703939f2f887735923d40c2585edeaef157e2afbef75b8356d633ceee9dc962f2642bb926247e8fe9277c68248e353,gx-no-cache=1715347002833 HTTP/1.1" 200 46
200.54.103.162 - - [10/May/2024:10:18:59 -0300] "POST /cormun/servlet/permisogoce?28f18ea6f64201760884a55add81301f,INS,0,,,,gx-no-cache=1715347004820 HTTP/1.1" 200 93
200.54.103.162 - - [10/May/2024:10:18:59 -0300] "GET /cormun/servlet/hpexe_return? HTTP/1.1" 200 1011
200.54.103.162 - - [10/May/2024:10:18:59 -0300] "GET /cormun/servlet/trpermisosgoce HTTP/1.1" 200 14974
190.171.149.90 - - [10/May/2024:10:19:02 -0300] "GET /cormun/servlet/solicitudotadjuntos?c886c46d08be6a9f1440a3791eda9f0eaf9329f629e30ab4bd3f92d2682a675e,gx-no-cache=1715346938129 HTTP/1.1" 200 30
