190.171.149.74 - - [29/Apr/2024:16:25:34 -0300] "POST /cormun/servlet/permisogoce?c6d78643d07fc5046ad4a1d49cbfed52,INS,0,,,,gx-no-cache=1714418614301 HTTP/1.1" 200 93
190.171.149.74 - - [29/Apr/2024:16:25:34 -0300] "GET /cormun/servlet/hpexe_return? HTTP/1.1" 200 1010
190.171.149.74 - - [29/Apr/2024:16:25:34 -0300] "GET /cormun/servlet/trpermisosgoce HTTP/1.1" 200 15679
190.171.149.74 - - [29/Apr/2024:16:25:46 -0300] "GET /cormun/servlet/apermisogoceprn?21248478,P,20240429152257,PU HTTP/1.1" 200 1649
190.171.149.82 - - [29/Apr/2024:16:26:10 -0300] "GET /cormun/servlet/solicitudot?ed5ba3e55f953ec01fe90a4f9d66bd6d2f7bdcf66d2847dac4f7d197b73e69893859b84ee1bcef00dc2cdc0a8abc9b1f,gx-no-cache=1714418650476 HTTP/1.1" 200 30
190.171.153.26 - - [29/Apr/2024:16:26:17 -0300] "POST /cormun/servlet/hlogin?a6f3bfffe402d3b5ad2dd5f7e65d0302,gx-no-cache=1714418658472 HTTP/1.1" 200 90
190.171.153.26 - - [29/Apr/2024:16:26:17 -0300] "GET /cormun/servlet/hpexe_link HTTP/1.1" 200 952
190.171.153.26 - - [29/Apr/2024:16:26:17 -0300] "GET /cormun/servlet/hhome HTTP/1.1" 200 3973
190.171.153.26 - - [29/Apr/2024:16:26:18 -0300] "GET /cormun/servlet/hhome HTTP/1.1" 200 3969
190.171.153.26 - - [29/Apr/2024:16:26:25 -0300] "GET /cormun/servlet/trsolicitudot? HTTP/1.1" 200 7190
190.171.153.26 - - [29/Apr/2024:16:26:26 -0300] "GET /cormun/static/gxcfg.js?20221129846531 HTTP/1.1" 304 -
190.171.153.26 - - [29/Apr/2024:16:26:26 -0300] "GET /cormun/static/trsolicitudot.js?202211298465651 HTTP/1.1" 304 -
190.171.153.26 - - [29/Apr/2024:16:26:26 -0300] "GET /cormun/servlet/trsolicitudot? HTTP/1.1" 200 7189
190.171.153.26 - - [29/Apr/2024:16:26:28 -0300] "GET /cormun/servlet/solicitudot?INS,0,0,false, HTTP/1.1" 200 15960
190.171.153.26 - - [29/Apr/2024:16:26:29 -0300] "GET /cormun/servlet/solicitudot?INS,0,0,false, HTTP/1.1" 200 15968
190.171.149.82 - - [29/Apr/2024:16:26:31 -0300] "POST /cormun/servlet/solicitudot?gx-no-cache=1714418671494 HTTP/1.1" 200 30
190.171.153.26 - - [29/Apr/2024:16:26:40 -0300] "POST /cormun/servlet/solicitudot?gx-no-cache=1714418681242 HTTP/1.1" 200 4022
190.171.153.26 - - [29/Apr/2024:16:26:40 -0300] "POST /cormun/servlet/solicitudot?a6f3bfffe402d3b5ad2dd5f7e65d0302,INS,0,0,false,,gx-no-cache=1714418681502 HTTP/1.1" 200 12600
190.171.153.26 - - [29/Apr/2024:16:26:44 -0300] "GET /cormun/servlet/solicitudot?1dfb4be9763983c3bcc2b4a589807eedbbc87c4f8321fa5292ebac0596f0dd1973edd8d8cfc6fdec27aca885a97d8465,gx-no-cache=1714418685737 HTTP/1.1" 200 30
190.171.149.82 - - [29/Apr/2024:16:28:01 -0300] "POST /cormun/servlet/solicitudot?a0c5f934487430fba912df0e27f43324,INS,0,0,false,,gx-no-cache=1714418761734 HTTP/1.1" 200 93
190.171.149.82 - - [29/Apr/2024:16:28:01 -0300] "GET /cormun/servlet/hpexe_return? HTTP/1.1" 200 1005
190.171.149.82 - - [29/Apr/2024:16:28:02 -0300] "GET /cormun/servlet/trsolicitudot HTTP/1.1" 200 8560
190.171.149.82 - - [29/Apr/2024:16:28:02 -0300] "GET /cormun//static/Resources/PXToolsActionView.png HTTP/1.1" 200 398
190.171.149.82 - - [29/Apr/2024:16:28:02 -0300] "GET /cormun//static/Resources/PXToolsRemoveAllAction.png HTTP/1.1" 200 487
190.171.149.82 - - [29/Apr/2024:16:28:07 -0300] "POST /cormun/servlet/trsolicitudot?a0c5f934487430fba912df0e27f43324,gx-no-cache=1714418767191 HTTP/1.1" 200 107
190.171.149.82 - - [29/Apr/2024:16:28:07 -0300] "GET /cormun/servlet/trsolicitudadjuntos?2024,21346, HTTP/1.1" 200 6036
190.171.149.82 - - [29/Apr/2024:16:28:07 -0300] "GET /cormun/static/gxcfg.js?20201215574222 HTTP/1.1" 200 953
190.171.149.82 - - [29/Apr/2024:16:28:07 -0300] "GET /cormun/static/trsolicitudadjuntos.js?20201215574932 HTTP/1.1" 200 17921
190.171.149.82 - - [29/Apr/2024:16:28:07 -0300] "GET /cormun/static/Resources/PXToolsGridNew.png HTTP/1.1" 200 427
190.171.149.82 - - [29/Apr/2024:16:28:10 -0300] "POST /cormun/servlet/trsolicitudadjuntos?a0c5f934487430fba912df0e27f43324,2024,21346,,gx-no-cache=1714418770077 HTTP/1.1" 200 3934
190.171.149.82 - - [29/Apr/2024:16:28:13 -0300] "GET /cormun/servlet/solicitudotadjuntos?INS,2024,21346,,1, HTTP/1.1" 200 5984
190.171.149.82 - - [29/Apr/2024:16:28:14 -0300] "GET /cormun/static/gxcfg.js?202211298385187 HTTP/1.1" 200 953
190.171.149.82 - - [29/Apr/2024:16:28:14 -0300] "GET /cormun/static/solicitudotadjuntos.js?202211298385196 HTTP/1.1" 200 11771
190.171.149.82 - - [29/Apr/2024:16:28:14 -0300] "GET /cormun/static/about:blank HTTP/1.1" 404 1011
190.171.149.82 - - [29/Apr/2024:16:28:14 -0300] "GET /cormun/servlet/solicitudotadjuntos?ed5ba3e55f953ec01fe90a4f9d66bd6d7abb165a7347e2baab396f1fc43c70c2d8cc13dfe81dfecc8519d6d5bd1a46ed,gx-no-cache=1714418774835 HTTP/1.1" 200 30
190.171.149.82 - - [29/Apr/2024:16:28:14 -0300] "POST /cormun/servlet/solicitudotadjuntos?a0c5f934487430fba912df0e27f43324,INS,2024,21346,,1,,gx-no-cache=1714418774853 HTTP/1.1" 200 3866
190.171.149.82 - - [29/Apr/2024:16:28:18 -0300] "POST /cormun/servlet/solicitudotadjuntos?gx-no-cache=1714418778213 HTTP/1.1" 200 26
190.171.149.82 - - [29/Apr/2024:16:28:33 -0300] "GET /cormun/servlet/solicitudotadjuntos?ed5ba3e55f953ec01fe90a4f9d66bd6d2dfaa00065f88d2c41b5e48a6f24914e,gx-no-cache=1714418793164 HTTP/1.1" 200 30
190.171.149.82 - - [29/Apr/2024:16:28:33 -0300] "GET /cormun/servlet/solicitudotadjuntos?ed5ba3e55f953ec01fe90a4f9d66bd6d2dfaa00065f88d2c41b5e48a6f24914e,gx-no-cache=1714418793188 HTTP/1.1" 200 30
190.171.149.82 - - [29/Apr/2024:16:28:33 -0300] "POST /cormun/servlet/solicitudotadjuntos?a0c5f934487430fba912df0e27f43324,INS,2024,21346,,1, HTTP/1.1" 200 116
190.171.149.82 - - [29/Apr/2024:16:28:33 -0300] "GET /cormun/servlet/hpexe_return? HTTP/1.1" 200 1023
190.171.149.82 - - [29/Apr/2024:16:28:33 -0300] "GET /cormun/servlet/trsolicitudadjuntos?2024,21346, HTTP/1.1" 200 8991
190.171.149.82 - - [29/Apr/2024:16:28:36 -0300] "GET /cormun/servlet/solicitudotadjuntos?INS,2024,21346,,1, HTTP/1.1" 200 5984
190.171.149.82 - - [29/Apr/2024:16:28:36 -0300] "GET /cormun/static/about:blank HTTP/1.1" 404 1011
190.171.149.82 - - [29/Apr/2024:16:28:36 -0300] "GET /cormun/servlet/solicitudotadjuntos?ed5ba3e55f953ec01fe90a4f9d66bd6d7abb165a7347e2baab396f1fc43c70c2d8cc13dfe81dfecc8519d6d5bd1a46ed,gx-no-cache=1714418797004 HTTP/1.1" 200 30
190.171.149.82 - - [29/Apr/2024:16:28:37 -0300] "POST /cormun/servlet/solicitudotadjuntos?a0c5f934487430fba912df0e27f43324,INS,2024,21346,,1,,gx-no-cache=1714418797048 HTTP/1.1" 200 3866
190.171.149.82 - - [29/Apr/2024:16:28:42 -0300] "POST /cormun/servlet/solicitudotadjuntos?gx-no-cache=1714418802941 HTTP/1.1" 200 26
190.171.149.82 - - [29/Apr/2024:16:28:50 -0300] "GET /cormun/servlet/solicitudotadjuntos?ed5ba3e55f953ec01fe90a4f9d66bd6d2dfaa00065f88d2c41b5e48a6f24914e,gx-no-cache=1714418810964 HTTP/1.1" 200 30
190.171.149.82 - - [29/Apr/2024:16:28:50 -0300] "GET /cormun/servlet/solicitudotadjuntos?ed5ba3e55f953ec01fe90a4f9d66bd6d2dfaa00065f88d2c41b5e48a6f24914e,gx-no-cache=1714418810976 HTTP/1.1" 200 30
190.171.149.82 - - [29/Apr/2024:16:28:50 -0300] "POST /cormun/servlet/solicitudotadjuntos?a0c5f934487430fba912df0e27f43324,INS,2024,21346,,1, HTTP/1.1" 200 116
190.171.149.82 - - [29/Apr/2024:16:28:50 -0300] "GET /cormun/servlet/hpexe_return? HTTP/1.1" 200 1023
190.171.149.82 - - [29/Apr/2024:16:28:51 -0300] "GET /cormun/servlet/trsolicitudadjuntos?2024,21346, HTTP/1.1" 200 9250
190.171.143.82 - - [29/Apr/2024:16:28:51 -0300] "GET /cormun/servlet/hhome HTTP/1.1" 200 3325
190.171.143.82 - - [29/Apr/2024:16:28:53 -0300] "GET /cormun/servlet/hlogin HTTP/1.1" 200 1737
190.171.149.82 - - [29/Apr/2024:16:28:53 -0300] "GET /cormun/servlet/solicitudotadjuntos?INS,2024,21346,,1, HTTP/1.1" 200 5985
190.171.149.82 - - [29/Apr/2024:16:28:54 -0300] "GET /cormun/static/about:blank HTTP/1.1" 404 1011
190.171.149.82 - - [29/Apr/2024:16:28:54 -0300] "GET /cormun/servlet/solicitudotadjuntos?ed5ba3e55f953ec01fe90a4f9d66bd6d7abb165a7347e2baab396f1fc43c70c2d8cc13dfe81dfecc8519d6d5bd1a46ed,gx-no-cache=1714418814770 HTTP/1.1" 200 30
190.171.149.82 - - [29/Apr/2024:16:28:54 -0300] "POST /cormun/servlet/solicitudotadjuntos?a0c5f934487430fba912df0e27f43324,INS,2024,21346,,1,,gx-no-cache=1714418814787 HTTP/1.1" 200 3867
190.171.143.82 - - [29/Apr/2024:16:28:56 -0300] "POST /cormun/servlet/hlogin?ae1da5a99e6a7cdaee216892835204d1,gx-no-cache=1714418814137 HTTP/1.1" 200 90
190.171.143.82 - - [29/Apr/2024:16:28:56 -0300] "GET /cormun/servlet/hpexe_link HTTP/1.1" 200 956
190.171.143.82 - - [29/Apr/2024:16:28:56 -0300] "GET /cormun/servlet/hhome HTTP/1.1" 200 4262
190.171.149.82 - - [29/Apr/2024:16:28:58 -0300] "POST /cormun/servlet/solicitudotadjuntos?gx-no-cache=1714418818245 HTTP/1.1" 200 26
190.171.143.82 - - [29/Apr/2024:16:29:08 -0300] "GET /cormun/servlet/trpermisosgoce? HTTP/1.1" 200 14614
190.171.149.82 - - [29/Apr/2024:16:29:08 -0300] "GET /cormun/servlet/solicitudotadjuntos?ed5ba3e55f953ec01fe90a4f9d66bd6d2dfaa00065f88d2c41b5e48a6f24914e,gx-no-cache=1714418828764 HTTP/1.1" 200 30
190.171.149.82 - - [29/Apr/2024:16:29:08 -0300] "GET /cormun/servlet/solicitudotadjuntos?ed5ba3e55f953ec01fe90a4f9d66bd6d2dfaa00065f88d2c41b5e48a6f24914e,gx-no-cache=1714418828778 HTTP/1.1" 200 30
190.171.149.82 - - [29/Apr/2024:16:29:08 -0300] "POST /cormun/servlet/solicitudotadjuntos?a0c5f934487430fba912df0e27f43324,INS,2024,21346,,1, HTTP/1.1" 200 116
190.171.149.82 - - [29/Apr/2024:16:29:08 -0300] "GET /cormun/servlet/hpexe_return? HTTP/1.1" 200 1023
190.171.149.82 - - [29/Apr/2024:16:29:08 -0300] "GET /cormun/servlet/trsolicitudadjuntos?2024,21346, HTTP/1.1" 200 9459
190.171.149.82 - - [29/Apr/2024:16:29:11 -0300] "GET /cormun/servlet/solicitudotadjuntos?INS,2024,21346,,1, HTTP/1.1" 200 5985
190.171.149.82 - - [29/Apr/2024:16:29:11 -0300] "GET /cormun/static/about:blank HTTP/1.1" 404 1011
190.171.149.82 - - [29/Apr/2024:16:29:12 -0300] "GET /cormun/servlet/solicitudotadjuntos?ed5ba3e55f953ec01fe90a4f9d66bd6d7abb165a7347e2baab396f1fc43c70c2d8cc13dfe81dfecc8519d6d5bd1a46ed,gx-no-cache=1714418832124 HTTP/1.1" 200 30
190.171.149.82 - - [29/Apr/2024:16:29:12 -0300] "POST /cormun/servlet/solicitudotadjuntos?a0c5f934487430fba912df0e27f43324,INS,2024,21346,,1,,gx-no-cache=1714418832142 HTTP/1.1" 200 3867
190.171.149.82 - - [29/Apr/2024:16:29:17 -0300] "POST /cormun/servlet/solicitudotadjuntos?gx-no-cache=1714418837141 HTTP/1.1" 200 26
190.171.153.26 - - [29/Apr/2024:16:29:18 -0300] "GET /cormun/servlet/solicitudot?1dfb4be9763983c3bcc2b4a589807eed9993079b437fa46c11ae000e0a44d1e8e62379c459ff95e8b0b3c445fd350d2ad33cc99c586393f927727bbacb47c37d,gx-no-cache=1714418839659 HTTP/1.1" 200 30
190.171.143.82 - - [29/Apr/2024:16:29:19 -0300] "GET /cormun/servlet/permisogoce?INS,0,,, HTTP/1.1" 200 7152
190.171.153.26 - - [29/Apr/2024:16:29:22 -0300] "GET /cormun/servlet/solicitudot?1dfb4be9763983c3bcc2b4a589807eed6693ba3a18819bee548b742d20c26418,gx-no-cache=1714418843419 HTTP/1.1" 200 29
190.171.153.26 - - [29/Apr/2024:16:29:25 -0300] "GET /cormun/servlet/prbanco?,MD,,gxPopupLevel%3D0%3B HTTP/1.1" 200 6570
190.171.149.82 - - [29/Apr/2024:16:29:27 -0300] "GET /cormun/servlet/solicitudotadjuntos?ed5ba3e55f953ec01fe90a4f9d66bd6d2dfaa00065f88d2c41b5e48a6f24914e,gx-no-cache=1714418847276 HTTP/1.1" 200 30
190.171.149.82 - - [29/Apr/2024:16:29:27 -0300] "GET /cormun/servlet/solicitudotadjuntos?ed5ba3e55f953ec01fe90a4f9d66bd6d2dfaa00065f88d2c41b5e48a6f24914e,gx-no-cache=1714418847308 HTTP/1.1" 200 30
190.171.149.82 - - [29/Apr/2024:16:29:27 -0300] "POST /cormun/servlet/solicitudotadjuntos?a0c5f934487430fba912df0e27f43324,INS,2024,21346,,1, HTTP/1.1" 200 116
190.171.149.82 - - [29/Apr/2024:16:29:27 -0300] "GET /cormun/servlet/hpexe_return? HTTP/1.1" 200 1023
190.171.149.82 - - [29/Apr/2024:16:29:27 -0300] "GET /cormun/servlet/trsolicitudadjuntos?2024,21346, HTTP/1.1" 200 9746
190.171.149.82 - - [29/Apr/2024:16:29:30 -0300] "GET /cormun/servlet/solicitudotadjuntos?INS,2024,21346,,1, HTTP/1.1" 200 5985
190.171.153.26 - - [29/Apr/2024:16:29:30 -0300] "GET /cormun/servlet/solicitudot?1dfb4be9763983c3bcc2b4a589807eedd662d7384df41c5df216b95e78136484,gx-no-cache=1714418851198 HTTP/1.1" 200 53
190.171.149.82 - - [29/Apr/2024:16:29:30 -0300] "GET /cormun/static/about:blank HTTP/1.1" 404 1011
190.171.149.82 - - [29/Apr/2024:16:29:31 -0300] "GET /cormun/servlet/solicitudotadjuntos?ed5ba3e55f953ec01fe90a4f9d66bd6d7abb165a7347e2baab396f1fc43c70c2d8cc13dfe81dfecc8519d6d5bd1a46ed,gx-no-cache=1714418851158 HTTP/1.1" 200 30
190.171.149.82 - - [29/Apr/2024:16:29:31 -0300] "POST /cormun/servlet/solicitudotadjuntos?a0c5f934487430fba912df0e27f43324,INS,2024,21346,,1,,gx-no-cache=1714418851174 HTTP/1.1" 200 3867
190.171.149.82 - - [29/Apr/2024:16:29:35 -0300] "POST /cormun/servlet/solicitudotadjuntos?gx-no-cache=1714418855341 HTTP/1.1" 200 26
190.171.149.82 - - [29/Apr/2024:16:29:44 -0300] "GET /cormun/servlet/solicitudotadjuntos?ed5ba3e55f953ec01fe90a4f9d66bd6d2dfaa00065f88d2c41b5e48a6f24914e,gx-no-cache=1714418864316 HTTP/1.1" 200 30
190.171.149.82 - - [29/Apr/2024:16:29:44 -0300] "GET /cormun/servlet/solicitudotadjuntos?ed5ba3e55f953ec01fe90a4f9d66bd6d2dfaa00065f88d2c41b5e48a6f24914e,gx-no-cache=1714418864327 HTTP/1.1" 200 30
190.171.149.82 - - [29/Apr/2024:16:29:44 -0300] "POST /cormun/servlet/solicitudotadjuntos?a0c5f934487430fba912df0e27f43324,INS,2024,21346,,1, HTTP/1.1" 200 116
190.171.149.82 - - [29/Apr/2024:16:29:44 -0300] "GET /cormun/servlet/hpexe_return? HTTP/1.1" 200 1023
190.171.149.82 - - [29/Apr/2024:16:29:44 -0300] "GET /cormun/servlet/trsolicitudadjuntos?2024,21346, HTTP/1.1" 200 10027
190.171.149.82 - - [29/Apr/2024:16:29:46 -0300] "GET /cormun/servlet/solicitudotadjuntos?INS,2024,21346,,1, HTTP/1.1" 200 5985
190.171.149.82 - - [29/Apr/2024:16:29:46 -0300] "GET /cormun/static/about:blank HTTP/1.1" 404 1011
190.171.149.82 - - [29/Apr/2024:16:29:47 -0300] "GET /cormun/servlet/solicitudotadjuntos?ed5ba3e55f953ec01fe90a4f9d66bd6d7abb165a7347e2baab396f1fc43c70c2d8cc13dfe81dfecc8519d6d5bd1a46ed,gx-no-cache=1714418867454 HTTP/1.1" 200 30
190.171.149.82 - - [29/Apr/2024:16:29:47 -0300] "POST /cormun/servlet/solicitudotadjuntos?a0c5f934487430fba912df0e27f43324,INS,2024,21346,,1,,gx-no-cache=1714418867469 HTTP/1.1" 200 3867
190.171.149.82 - - [29/Apr/2024:16:29:50 -0300] "POST /cormun/servlet/solicitudotadjuntos?gx-no-cache=1714418870269 HTTP/1.1" 200 26
190.171.143.82 - - [29/Apr/2024:16:29:53 -0300] "GET /cormun/servlet/permisogoce?015a401572bb18e7191566ebf786906d5a094c7686dcd4505d40c1350077c768a93998d824092f066e49e1f9916d40539865c4998940b4b5611a64a112922dcc,gx-no-cache=1714418871333 HTTP/1.1" 200 78
190.171.149.82 - - [29/Apr/2024:16:29:57 -0300] "GET /cormun/servlet/solicitudotadjuntos?ed5ba3e55f953ec01fe90a4f9d66bd6d2dfaa00065f88d2c41b5e48a6f24914e,gx-no-cache=1714418877428 HTTP/1.1" 200 30
190.171.149.82 - - [29/Apr/2024:16:29:57 -0300] "GET /cormun/servlet/solicitudotadjuntos?ed5ba3e55f953ec01fe90a4f9d66bd6d2dfaa00065f88d2c41b5e48a6f24914e,gx-no-cache=1714418877478 HTTP/1.1" 200 30
190.171.149.82 - - [29/Apr/2024:16:29:57 -0300] "POST /cormun/servlet/solicitudotadjuntos?a0c5f934487430fba912df0e27f43324,INS,2024,21346,,1, HTTP/1.1" 200 116
190.171.149.82 - - [29/Apr/2024:16:29:57 -0300] "GET /cormun/servlet/hpexe_return? HTTP/1.1" 200 1023
190.171.149.82 - - [29/Apr/2024:16:29:57 -0300] "GET /cormun/servlet/trsolicitudadjuntos?2024,21346, HTTP/1.1" 200 10195
190.171.153.26 - - [29/Apr/2024:16:29:58 -0300] "GET /cormun/servlet/prbanco?,MD,,gxPopupLevel%3D0%3B HTTP/1.1" 200 6570
190.171.149.82 - - [29/Apr/2024:16:30:02 -0300] "POST /cormun/servlet/trsolicitudadjuntos?a0c5f934487430fba912df0e27f43324,2024,21346,,gx-no-cache=1714418882758 HTTP/1.1" 200 90
190.171.149.82 - - [29/Apr/2024:16:30:02 -0300] "GET /cormun/servlet/hpexe_link HTTP/1.1" 200 965
190.171.149.82 - - [29/Apr/2024:16:30:03 -0300] "GET /cormun/servlet/trsolicitudot HTTP/1.1" 200 8558
190.171.143.82 - - [29/Apr/2024:16:30:04 -0300] "GET /cormun/servlet/permisogoce?015a401572bb18e7191566ebf786906d960ab12fbfa53ef99713df390134cad094912f9da9c2c17cb82c911d69d7e64dfb26bce5e5645ae3d64550a556cb4e15,gx-no-cache=1714418882288 HTTP/1.1" 200 47
190.171.149.82 - - [29/Apr/2024:16:30:23 -0300] "POST /cormun/servlet/trsolicitudot?a0c5f934487430fba912df0e27f43324,gx-no-cache=1714418903263 HTTP/1.1" 200 4591
190.171.149.82 - - [29/Apr/2024:16:30:23 -0300] "GET /cormun/static/Shared/jqueryui/images/ui-bg_highlight-soft_100_c6c2c8_1x100.png HTTP/1.1" 404 1117
190.171.149.82 - - [29/Apr/2024:16:30:23 -0300] "GET /cormun/static/Shared/jqueryui/images/ui-icons_82798d_256x240.png HTTP/1.1" 404 1089
190.171.149.82 - - [29/Apr/2024:16:30:23 -0300] "GET /cormun/static/Shared/jqueryui/images/ui-bg_flat_55_fafafa_40x100.png HTTP/1.1" 404 1097
190.171.149.82 - - [29/Apr/2024:16:30:23 -0300] "GET /cormun/static/Shared/jqueryui/images/ui-icons_8d78a5_256x240.png HTTP/1.1" 404 1089
190.171.149.82 - - [29/Apr/2024:16:30:23 -0300] "POST /cormun/servlet/trsolicitudot?a0c5f934487430fba912df0e27f43324,gx-no-cache=1714418903441 HTTP/1.1" 200 4325
190.171.149.82 - - [29/Apr/2024:16:30:29 -0300] "GET /cormun/servlet/solicitudot?INS,0,0,false, HTTP/1.1" 200 15918
190.171.143.82 - - [29/Apr/2024:16:30:38 -0300] "POST /cormun/servlet/permisogoce?ae1da5a99e6a7cdaee216892835204d1,INS,0,,,,gx-no-cache=1714418916378 HTTP/1.1" 200 93
190.171.143.82 - - [29/Apr/2024:16:30:38 -0300] "GET /cormun/servlet/hpexe_return? HTTP/1.1" 200 1014
190.171.143.82 - - [29/Apr/2024:16:30:39 -0300] "GET /cormun/servlet/trpermisosgoce HTTP/1.1" 200 14810
190.171.143.82 - - [29/Apr/2024:16:30:47 -0300] "GET /cormun/servlet/apermisogoceprn?20442017,P,20240429152728,PU HTTP/1.1" 200 1651
190.171.153.26 - - [29/Apr/2024:16:30:56 -0300] "GET /cormun/servlet/solicitudot?1dfb4be9763983c3bcc2b4a589807eede487c1e4398d720b999fab4b25002db10625e9992ca72a4421bc20f22f8200349f53276638d9b0a1d095f9747e5103ca,gx-no-cache=1714418936981 HTTP/1.1" 200 53
190.171.153.26 - - [29/Apr/2024:16:31:06 -0300] "POST /cormun/servlet/solicitudot?gx-no-cache=1714418946947 HTTP/1.1" 200 297
190.171.153.26 - - [29/Apr/2024:16:31:08 -0300] "GET /cormun/servlet/solicitudot?1dfb4be9763983c3bcc2b4a589807eedef6515dbc42f7bfffbdef766979d59e64d192989563945b612a1fb73fa58b7aaad245769f322abefa7df8cab441d306d53ac00c3e4daad402aeabd89e987510333d156e00a1ba00fce685a8eb66cefc2928abdbbc14cdb837b4041ee1a9440d2bef33fb8908dbba482615592fa4ff65b4a5918f973eb5fd03980fe5cb8b0ca52248a1b5736f3510a0c1f984a691e93ab49eeaf4567c682a748cefdde3fbb073333ab629e3c436291c2c2ebbde648ef9788134f430d76e9532d9de3e9be5711e1aa1bcdb651d52e635093ccc228655225e3a3a8cddc45d2139cd06e6a0dbf5439db8a5308041dca6817cd2c0647313690b21d76f30ceb07a1425a2b1b3e3e775d963052ee835031787aa2385c69d9fddb1f270a82b6bdfd85d1caf2cd82972f238ef39cf122dbaccd9b7fe9d677f5505507e1a408d9d1d9fa7887526500b3b9d42d7c55342a5de697e44feed2ecc341ba0c44c5a1f3cbe7f0fe008b29a7c1e1a85a413031d9ec948b2437702e5289165c6f77623d21dd31da0ac8d00fe4c0c38c,gx-no-cache=1714418949640 HTTP/1.1" 200 30
190.171.153.26 - - [29/Apr/2024:16:31:22 -0300] "POST /cormun/servlet/solicitudot?gx-no-cache=1714418963466 HTTP/1.1" 200 30
190.171.153.26 - - [29/Apr/2024:16:31:24 -0300] "POST /cormun/servlet/solicitudot?gx-no-cache=1714418965587 HTTP/1.1" 200 1479
190.171.153.26 - - [29/Apr/2024:16:31:24 -0300] "POST /cormun/servlet/solicitudot?gx-no-cache=1714418965632 HTTP/1.1" 200 38
190.171.149.82 - - [29/Apr/2024:16:31:38 -0300] "POST /cormun/servlet/solicitudot?gx-no-cache=1714418978892 HTTP/1.1" 200 4031
190.171.149.82 - - [29/Apr/2024:16:31:38 -0300] "POST /cormun/servlet/solicitudot?a0c5f934487430fba912df0e27f43324,INS,0,0,false,,gx-no-cache=1714418979023 HTTP/1.1" 200 12605
190.171.149.82 - - [29/Apr/2024:16:31:42 -0300] "GET /cormun/servlet/solicitudot?ed5ba3e55f953ec01fe90a4f9d66bd6de0fe2fede4b71ec4cfb561bc8f31d28683e4173ecc27bff8a2789745c8de2b5f,gx-no-cache=1714418982197 HTTP/1.1" 200 30
190.171.153.26 - - [29/Apr/2024:16:32:07 -0300] "GET /cormun/servlet/solicitudot?1dfb4be9763983c3bcc2b4a589807eed54080760257b7cb0d5409ddefe8a71a2581bf63603ba4574fa40f4841787512ee8d5315fbf02f631a36fa4ed286baa528a8ff5b605fc890c6abf1319d984a68e730e959b523e106ea5b98abf5b7cc495510fc262693d39db21d274d0eca40af9,gx-no-cache=1714419008064 HTTP/1.1" 200 110
190.171.153.26 - - [29/Apr/2024:16:32:23 -0300] "POST /cormun/servlet/solicitudot?gx-no-cache=1714419023942 HTTP/1.1" 200 83
190.171.153.26 - - [29/Apr/2024:16:32:29 -0300] "GET /cormun/servlet/solicitudot?1dfb4be9763983c3bcc2b4a589807eed12382353ae9a1f6ce28a914a44bf665e940f25a57d4a571f59a7aa1b09f66344b39fa0f12709f45d5f7ed6fa9aeb3bf962d980ea07f9393b41b3bb3aa23ee5d0f8711d957fc5d34472dd9884717f3e0973ff3736786bb4159516d5febeab272b,gx-no-cache=1714419030762 HTTP/1.1" 200 29
190.171.153.26 - - [29/Apr/2024:16:32:29 -0300] "GET /cormun/static/menuarrow.gif HTTP/1.1" 404 1015
190.171.153.26 - - [29/Apr/2024:16:32:34 -0300] "GET /cormun/servlet/solicitudot?1dfb4be9763983c3bcc2b4a589807eedf3cd8b6777d480d29058a47d257ae18a198b8d4c731f91f441c901c0ebda4e08,gx-no-cache=1714419035711 HTTP/1.1" 200 30
190.171.153.26 - - [29/Apr/2024:16:33:33 -0300] "GET /cormun/servlet/solicitudot?1dfb4be9763983c3bcc2b4a589807eedef6515dbc42f7bfffbdef766979d59e64d192989563945b612a1fb73fa58b7aaad245769f322abefa7df8cab441d306d53ac00c3e4daad402aeabd89e987510333d156e00a1ba00fce685a8eb66cefc2928abdbbc14cdb837b4041ee1a9440d2bef33fb8908dbba482615592fa4ff65b4a5918f973eb5fd03980fe5cb8b0ca52248a1b5736f3510a0c1f984a691e93ab49eeaf4567c682a748cefdde3fbb073333ab629e3c436291c2c2ebbde648ef9788134f430d76e9532d9de3e9be5711e1aa1bcdb651d52e635093ccc228655225e3a3a8cddc45d2139cd06e6a0dbf5439db8a5308041dca6817cd2c0647313690b21d76f30ceb07a1425a2b1b3e3e775d963052ee835031787aa2385c69d9fddb1f270a82b6bdfd85d1caf2cd82972f238ef39cf122dbaccd9b7fe9d677f5505507e1a408d9d1d9fa7887526500b3b9d42d7c55342a5de697e44feed2ecc341ba0c44c5a1f3cbe7f0fe008b29a7c1e1a84e30923268f510af30ef6ecc6dae776c6f77623d21dd31da0ac8d00fe4c0c38c,gx-no-cache=1714419094790 HTTP/1.1" 200 30
190.171.153.26 - - [29/Apr/2024:16:33:34 -0300] "POST /cormun/servlet/solicitudot?gx-no-cache=1714419094822 HTTP/1.1" 200 30
190.171.153.26 - - [29/Apr/2024:16:33:34 -0300] "POST /cormun/servlet/solicitudot?gx-no-cache=1714419094860 HTTP/1.1" 200 1482
190.171.153.26 - - [29/Apr/2024:16:33:34 -0300] "POST /cormun/servlet/solicitudot?gx-no-cache=1714419094902 HTTP/1.1" 200 41
190.171.153.26 - - [29/Apr/2024:16:33:34 -0300] "GET /cormun/servlet/solicitudot?1dfb4be9763983c3bcc2b4a589807eed54080760257b7cb0d5409ddefe8a71a2581bf63603ba4574fa40f4841787512ee8d5315fbf02f631a36fa4ed286baa528a8ff5b605fc890c6abf1319d984a68e730e959b523e106ea5b98abf5b7cc495510fc262693d39db21d274d0eca40af9,gx-no-cache=1714419094923 HTTP/1.1" 200 110
190.171.153.26 - - [29/Apr/2024:16:33:34 -0300] "POST /cormun/servlet/solicitudot?gx-no-cache=1714419094944 HTTP/1.1" 200 83
190.171.153.26 - - [29/Apr/2024:16:33:40 -0300] "POST /cormun/servlet/solicitudot?gx-no-cache=1714419101682 HTTP/1.1" 200 30
190.171.153.26 - - [29/Apr/2024:16:33:48 -0300] "POST /cormun/servlet/solicitudot?gx-no-cache=1714419109339 HTTP/1.1" 200 241
190.171.149.82 - - [29/Apr/2024:16:35:02 -0300] "GET /cormun/servlet/solicitudot?ed5ba3e55f953ec01fe90a4f9d66bd6d6882835ef231aa18d5cdb35671b7898ae5ec44cdfa21ab08ca7dc6a5b12a29bb9734eacf1745d404391b6d2e4969ad2537773b2e7cd321f5a13076af62be6de4,gx-no-cache=1714419182230 HTTP/1.1" 200 30
190.171.149.82 - - [29/Apr/2024:16:35:02 -0300] "GET /cormun/servlet/solicitudot?ed5ba3e55f953ec01fe90a4f9d66bd6d9a074a4f2fc46ad1845fe8234f411c66,gx-no-cache=1714419182270 HTTP/1.1" 200 29
200.54.103.162 - - [29/Apr/2024:16:35:03 -0300] "GET /cormun/servlet/hhome HTTP/1.1" 200 3317
200.54.103.162 - - [29/Apr/2024:16:35:03 -0300] "GET /cormun/servlet/hlogin HTTP/1.1" 200 1728
190.171.149.82 - - [29/Apr/2024:16:35:03 -0300] "POST /cormun/servlet/solicitudot?gx-no-cache=1714419183646 HTTP/1.1" 200 256
200.54.103.162 - - [29/Apr/2024:16:35:06 -0300] "POST /cormun/servlet/hlogin?df0f9e99d42d3476fa678db28634b50f,gx-no-cache=1714419187267 HTTP/1.1" 200 90
200.54.103.162 - - [29/Apr/2024:16:35:06 -0300] "GET /cormun/servlet/hpexe_link HTTP/1.1" 200 947
200.54.103.162 - - [29/Apr/2024:16:35:06 -0300] "GET /cormun/servlet/hhome HTTP/1.1" 200 4337
190.171.149.82 - - [29/Apr/2024:16:35:07 -0300] "GET /cormun/servlet/solicitudot?ed5ba3e55f953ec01fe90a4f9d66bd6d835fb1e9815b38ec5f00581551e51dd1888ef91dee192fd63b660f8ee48044ea2dc40553ecc06b4e8345f2c58bca1be9b96ceb343446e5b5d41bb1e6830bd458db68a3ac98695e1e375fa9202c9e35375418f126f38842843d6232538bf37d45d1755e6e7c2dac64bcad9cb2fc98c90bb3981ef2bedc346ed00e1b46bd5647e4caa95f32c66e9a0fd23f5b223830c47149916d05b89998d0764a3cac7ca05aba09208f1422df7001f1198f5d0d7603f7d9aa41a35d40bab931904ac31562751b25549d91b47216d61304440f1cc0ba4718322b5a81ca3572b6dc106a62f666679432f97d10580d55805bf8b5aecef0d81176462fdf693a5ed32764da20a84c70e4bdb98c636873d30783f1a4cf3560222dca3e2476d8fb0984e5849155ce4b1cd85f8d3df15d45123215af0982e042991f8d6677dceb9a2fa22d5644ca5928e2fad5bb6d78cba3aad9b360f60d8a481ff959a5eb108a5d1f03d2c5a4e6a64658e868650fbf8ea23dd1e7ab0ce2b27ce7,gx-no-cache=1714419187245 HTTP/1.1" 200 30
200.54.103.162 - - [29/Apr/2024:16:35:09 -0300] "GET /cormun/servlet/trlicencias? HTTP/1.1" 200 12370
190.171.149.82 - - [29/Apr/2024:16:35:11 -0300] "POST /cormun/servlet/solicitudot?gx-no-cache=1714419191181 HTTP/1.1" 200 30
190.171.149.82 - - [29/Apr/2024:16:35:12 -0300] "POST /cormun/servlet/solicitudot?gx-no-cache=1714419192472 HTTP/1.1" 200 1479
190.171.149.82 - - [29/Apr/2024:16:35:12 -0300] "POST /cormun/servlet/solicitudot?gx-no-cache=1714419192508 HTTP/1.1" 200 38
200.54.103.162 - - [29/Apr/2024:16:35:25 -0300] "GET /cormun/servlet/hlogin HTTP/1.1" 200 1732
190.171.149.82 - - [29/Apr/2024:16:35:31 -0300] "GET /cormun/servlet/solicitudot?ed5ba3e55f953ec01fe90a4f9d66bd6d53a403599fdce1276b4ae3f7c7ca01c01267714c26f7c99a9e7db45ce11c3054aa32a06d1cb31ebab2e527f9d327e638b1d2703cea2cead8f5d8db969ad5ba5fae15a928f8ab00764802b9cbaa9eef3431c1ebb77d856bc3d469cfe144fef56f,gx-no-cache=1714419211148 HTTP/1.1" 200 110
190.171.149.82 - - [29/Apr/2024:16:35:35 -0300] "POST /cormun/servlet/solicitudot?gx-no-cache=1714419215253 HTTP/1.1" 200 110
190.171.149.82 - - [29/Apr/2024:16:35:45 -0300] "GET /cormun/servlet/solicitudot?ed5ba3e55f953ec01fe90a4f9d66bd6d17bffe7b8143426656ab0bc5dd8880d6a279d04ef503be371be806d4f041828de2cf0a2e1064a02435759001b4b31e05e41c0ee656f9854bece0f2541c55c8ea00651db8fae63550f8f756646f8821bec06a56584b54d2bbcdacda1433a2702a,gx-no-cache=1714419226014 HTTP/1.1" 200 29
190.171.149.82 - - [29/Apr/2024:16:35:46 -0300] "GET /cormun/static/menuarrow.gif HTTP/1.1" 404 1015
190.171.149.82 - - [29/Apr/2024:16:35:55 -0300] "GET /cormun/servlet/solicitudot?ed5ba3e55f953ec01fe90a4f9d66bd6d2f7bdcf66d2847dac4f7d197b73e69893a74aa30e41ef24d03434343d811ac45,gx-no-cache=1714419235226 HTTP/1.1" 200 30
190.171.149.82 - - [29/Apr/2024:16:36:04 -0300] "POST /cormun/servlet/solicitudot?gx-no-cache=1714419245084 HTTP/1.1" 200 30
190.171.149.82 - - [29/Apr/2024:16:38:12 -0300] "GET /cormun/servlet/prbanco?,MD,,gxPopupLevel%3D0%3B HTTP/1.1" 200 6528
181.212.40.185 - - [29/Apr/2024:16:38:16 -0300] "GET /cormun/servlet/trpermisosgoce? HTTP/1.1" 200 6031
181.212.40.185 - - [29/Apr/2024:16:38:16 -0300] "GET /cormun/servlet/hlogin HTTP/1.1" 200 1739
190.171.149.82 - - [29/Apr/2024:16:38:18 -0300] "GET /cormun/servlet/solicitudot?ed5ba3e55f953ec01fe90a4f9d66bd6d5de3ebe2d0cf7a66da14a7bbd9ef2095,gx-no-cache=1714419378516 HTTP/1.1" 200 53
181.212.40.185 - - [29/Apr/2024:16:38:22 -0300] "POST /cormun/servlet/hlogin?25e5a853ba954a60df1d4e7c0e9cb871,gx-no-cache=1714419384026 HTTP/1.1" 200 452
181.212.40.185 - - [29/Apr/2024:16:38:30 -0300] "POST /cormun/servlet/hlogin?25e5a853ba954a60df1d4e7c0e9cb871,gx-no-cache=1714419391728 HTTP/1.1" 200 90
181.212.40.185 - - [29/Apr/2024:16:38:30 -0300] "GET /cormun/servlet/hpexe_link HTTP/1.1" 200 955
181.212.40.185 - - [29/Apr/2024:16:38:30 -0300] "GET /cormun/servlet/trpermisosgoce HTTP/1.1" 200 18221
181.212.40.185 - - [29/Apr/2024:16:38:34 -0300] "GET /cormun/servlet/permisogoce?INS,0,,, HTTP/1.1" 200 7080
190.171.149.82 - - [29/Apr/2024:16:38:36 -0300] "GET /cormun/servlet/solicitudot?ed5ba3e55f953ec01fe90a4f9d66bd6d835fb1e9815b38ec5f00581551e51dd1888ef91dee192fd63b660f8ee48044ea2dc40553ecc06b4e8345f2c58bca1be9b96ceb343446e5b5d41bb1e6830bd458db68a3ac98695e1e375fa9202c9e35375418f126f38842843d6232538bf37d45d1755e6e7c2dac64bcad9cb2fc98c90bb3981ef2bedc346ed00e1b46bd5647e4caa95f32c66e9a0fd23f5b223830c47149916d05b89998d0764a3cac7ca05aba09208f1422df7001f1198f5d0d7603f7d9aa41a35d40bab931904ac31562751b25549d91b47216d61304440f1cc0ba4718322b5a81ca3572b6dc106a62f666679432f97d10580d55805bf8b5aecef0d81176462fdf693a5ed32764da20a84c70e4bdb98c636873d30783f1a4cf3560222dca3e2476d8fb0984e5849155ce4b1cd85f8d3df15d45123215af0982e042991f8d6677dceb9a2fa22d5644ca5928e2fad5bb6d78cba3aad9b360f60d8a481ff959a5eb108a5d1f03d2c5a4e6a6465836113d152ecd4a534116b4675ca39e37,gx-no-cache=1714419396341 HTTP/1.1" 200 30
190.171.149.82 - - [29/Apr/2024:16:38:36 -0300] "POST /cormun/servlet/solicitudot?gx-no-cache=1714419396386 HTTP/1.1" 200 30
190.171.149.82 - - [29/Apr/2024:16:38:36 -0300] "POST /cormun/servlet/solicitudot?gx-no-cache=1714419396410 HTTP/1.1" 200 1479
190.171.149.82 - - [29/Apr/2024:16:38:36 -0300] "POST /cormun/servlet/solicitudot?gx-no-cache=1714419396439 HTTP/1.1" 200 41
190.171.149.82 - - [29/Apr/2024:16:38:36 -0300] "GET /cormun/servlet/solicitudot?ed5ba3e55f953ec01fe90a4f9d66bd6d53a403599fdce1276b4ae3f7c7ca01c01267714c26f7c99a9e7db45ce11c3054aa32a06d1cb31ebab2e527f9d327e638b1d2703cea2cead8f5d8db969ad5ba5fae15a928f8ab00764802b9cbaa9eef3431c1ebb77d856bc3d469cfe144fef56f,gx-no-cache=1714419396471 HTTP/1.1" 200 110
190.171.149.82 - - [29/Apr/2024:16:38:36 -0300] "POST /cormun/servlet/solicitudot?gx-no-cache=1714419396508 HTTP/1.1" 200 109
190.171.149.82 - - [29/Apr/2024:16:38:36 -0300] "GET /cormun/servlet/solicitudot?ed5ba3e55f953ec01fe90a4f9d66bd6d2f7bdcf66d2847dac4f7d197b73e69893a74aa30e41ef24d03434343d811ac45,gx-no-cache=1714419396553 HTTP/1.1" 200 30
190.171.149.82 - - [29/Apr/2024:16:38:36 -0300] "POST /cormun/servlet/solicitudot?gx-no-cache=1714419396572 HTTP/1.1" 200 30
190.171.149.82 - - [29/Apr/2024:16:38:36 -0300] "POST /cormun/servlet/solicitudot?a0c5f934487430fba912df0e27f43324,INS,0,0,false,,gx-no-cache=1714419396626 HTTP/1.1" 200 93
190.171.149.82 - - [29/Apr/2024:16:38:37 -0300] "GET /cormun/servlet/hpexe_return? HTTP/1.1" 200 1025
190.171.149.82 - - [29/Apr/2024:16:38:37 -0300] "GET /cormun/servlet/trsolicitudot?gx-no-cache=1714418903441 HTTP/1.1" 200 8524
190.171.149.82 - - [29/Apr/2024:16:38:43 -0300] "POST /cormun/servlet/trsolicitudot?a0c5f934487430fba912df0e27f43324,gx-no-cache=1714418903441,gx-no-cache=1714419403518 HTTP/1.1" 200 107
190.171.149.82 - - [29/Apr/2024:16:38:43 -0300] "GET /cormun/servlet/trsolicitudadjuntos?2024,21347, HTTP/1.1" 200 6056
190.171.149.82 - - [29/Apr/2024:16:38:46 -0300] "GET /cormun/servlet/solicitudotadjuntos?INS,2024,21347,,1, HTTP/1.1" 200 5983
190.171.149.82 - - [29/Apr/2024:16:38:46 -0300] "GET /cormun/static/about:blank HTTP/1.1" 404 1011
190.171.149.82 - - [29/Apr/2024:16:38:47 -0300] "GET /cormun/servlet/solicitudotadjuntos?ed5ba3e55f953ec01fe90a4f9d66bd6dd0950a2bb37624319be99a26f5949217d8cc13dfe81dfecc8519d6d5bd1a46ed,gx-no-cache=1714419407325 HTTP/1.1" 200 30
190.171.149.82 - - [29/Apr/2024:16:38:47 -0300] "POST /cormun/servlet/solicitudotadjuntos?a0c5f934487430fba912df0e27f43324,INS,2024,21347,,1,,gx-no-cache=1714419407346 HTTP/1.1" 200 3866
190.171.149.82 - - [29/Apr/2024:16:38:49 -0300] "POST /cormun/servlet/solicitudotadjuntos?gx-no-cache=1714419409516 HTTP/1.1" 200 26
190.171.149.82 - - [29/Apr/2024:16:39:06 -0300] "GET /cormun/servlet/solicitudotadjuntos?ed5ba3e55f953ec01fe90a4f9d66bd6d2dfaa00065f88d2c41b5e48a6f24914e,gx-no-cache=1714419426347 HTTP/1.1" 200 30
190.171.149.82 - - [29/Apr/2024:16:39:06 -0300] "GET /cormun/servlet/solicitudotadjuntos?ed5ba3e55f953ec01fe90a4f9d66bd6d2dfaa00065f88d2c41b5e48a6f24914e,gx-no-cache=1714419426371 HTTP/1.1" 200 30
190.171.149.82 - - [29/Apr/2024:16:39:06 -0300] "POST /cormun/servlet/solicitudotadjuntos?a0c5f934487430fba912df0e27f43324,INS,2024,21347,,1, HTTP/1.1" 200 116
190.171.149.82 - - [29/Apr/2024:16:39:06 -0300] "GET /cormun/servlet/hpexe_return? HTTP/1.1" 200 1023
190.171.149.82 - - [29/Apr/2024:16:39:06 -0300] "GET /cormun/servlet/trsolicitudadjuntos?2024,21347, HTTP/1.1" 200 8970
190.171.149.82 - - [29/Apr/2024:16:39:09 -0300] "GET /cormun/servlet/solicitudotadjuntos?INS,2024,21347,,1, HTTP/1.1" 200 5983
190.171.149.82 - - [29/Apr/2024:16:39:09 -0300] "GET /cormun/static/about:blank HTTP/1.1" 404 1011
190.171.149.82 - - [29/Apr/2024:16:39:09 -0300] "GET /cormun/servlet/solicitudotadjuntos?ed5ba3e55f953ec01fe90a4f9d66bd6dd0950a2bb37624319be99a26f5949217d8cc13dfe81dfecc8519d6d5bd1a46ed,gx-no-cache=1714419429957 HTTP/1.1" 200 30
190.171.149.82 - - [29/Apr/2024:16:39:09 -0300] "POST /cormun/servlet/solicitudotadjuntos?a0c5f934487430fba912df0e27f43324,INS,2024,21347,,1,,gx-no-cache=1714419429975 HTTP/1.1" 200 3865
190.171.149.82 - - [29/Apr/2024:16:39:12 -0300] "POST /cormun/servlet/solicitudotadjuntos?gx-no-cache=1714419432252 HTTP/1.1" 200 26
190.171.149.82 - - [29/Apr/2024:16:39:21 -0300] "GET /cormun/servlet/solicitudotadjuntos?ed5ba3e55f953ec01fe90a4f9d66bd6d2dfaa00065f88d2c41b5e48a6f24914e,gx-no-cache=1714419441907 HTTP/1.1" 200 30
190.171.149.82 - - [29/Apr/2024:16:39:21 -0300] "GET /cormun/servlet/solicitudotadjuntos?ed5ba3e55f953ec01fe90a4f9d66bd6d2dfaa00065f88d2c41b5e48a6f24914e,gx-no-cache=1714419441945 HTTP/1.1" 200 30
190.171.149.82 - - [29/Apr/2024:16:39:22 -0300] "POST /cormun/servlet/solicitudotadjuntos?a0c5f934487430fba912df0e27f43324,INS,2024,21347,,1, HTTP/1.1" 200 116
190.171.149.82 - - [29/Apr/2024:16:39:22 -0300] "GET /cormun/servlet/hpexe_return? HTTP/1.1" 200 1023
190.171.149.82 - - [29/Apr/2024:16:39:22 -0300] "GET /cormun/servlet/trsolicitudadjuntos?2024,21347, HTTP/1.1" 200 9283
190.171.149.82 - - [29/Apr/2024:16:39:25 -0300] "GET /cormun/servlet/solicitudotadjuntos?INS,2024,21347,,1, HTTP/1.1" 200 5983
190.171.149.82 - - [29/Apr/2024:16:39:25 -0300] "GET /cormun/static/about:blank HTTP/1.1" 404 1011
190.171.149.82 - - [29/Apr/2024:16:39:25 -0300] "GET /cormun/servlet/solicitudotadjuntos?ed5ba3e55f953ec01fe90a4f9d66bd6dd0950a2bb37624319be99a26f5949217d8cc13dfe81dfecc8519d6d5bd1a46ed,gx-no-cache=1714419445907 HTTP/1.1" 200 30
190.171.149.82 - - [29/Apr/2024:16:39:25 -0300] "POST /cormun/servlet/solicitudotadjuntos?a0c5f934487430fba912df0e27f43324,INS,2024,21347,,1,,gx-no-cache=1714419445923 HTTP/1.1" 200 3865
190.171.149.82 - - [29/Apr/2024:16:39:28 -0300] "POST /cormun/servlet/solicitudotadjuntos?gx-no-cache=1714419448732 HTTP/1.1" 200 26
190.171.149.82 - - [29/Apr/2024:16:39:36 -0300] "GET /cormun/servlet/solicitudotadjuntos?ed5ba3e55f953ec01fe90a4f9d66bd6d2dfaa00065f88d2c41b5e48a6f24914e,gx-no-cache=1714419456123 HTTP/1.1" 200 30
190.171.149.82 - - [29/Apr/2024:16:39:36 -0300] "GET /cormun/servlet/solicitudotadjuntos?ed5ba3e55f953ec01fe90a4f9d66bd6d2dfaa00065f88d2c41b5e48a6f24914e,gx-no-cache=1714419456134 HTTP/1.1" 200 30
190.171.149.82 - - [29/Apr/2024:16:39:36 -0300] "POST /cormun/servlet/solicitudotadjuntos?a0c5f934487430fba912df0e27f43324,INS,2024,21347,,1, HTTP/1.1" 200 116
190.171.149.82 - - [29/Apr/2024:16:39:36 -0300] "GET /cormun/servlet/hpexe_return? HTTP/1.1" 200 1023
190.171.149.82 - - [29/Apr/2024:16:39:36 -0300] "GET /cormun/servlet/trsolicitudadjuntos?2024,21347, HTTP/1.1" 200 9482
190.171.149.82 - - [29/Apr/2024:16:39:38 -0300] "GET /cormun/servlet/solicitudotadjuntos?INS,2024,21347,,1, HTTP/1.1" 200 5983
181.212.40.185 - - [29/Apr/2024:16:39:39 -0300] "GET /cormun/servlet/permisogoce?4cdee0887a9d2bf901befb17a2f16811dc06c052cc89c591a89426a8b49f1af3f9dbd3ffaed7bc7c3155e1b4e67b772d7de1ca6059c8c6796770a419023180b4,gx-no-cache=1714419460655 HTTP/1.1" 200 73
190.171.149.82 - - [29/Apr/2024:16:39:39 -0300] "GET /cormun/static/about:blank HTTP/1.1" 404 1011
190.171.149.82 - - [29/Apr/2024:16:39:39 -0300] "GET /cormun/servlet/solicitudotadjuntos?ed5ba3e55f953ec01fe90a4f9d66bd6dd0950a2bb37624319be99a26f5949217d8cc13dfe81dfecc8519d6d5bd1a46ed,gx-no-cache=1714419459723 HTTP/1.1" 200 30
190.171.149.82 - - [29/Apr/2024:16:39:39 -0300] "POST /cormun/servlet/solicitudotadjuntos?a0c5f934487430fba912df0e27f43324,INS,2024,21347,,1,,gx-no-cache=1714419459743 HTTP/1.1" 200 3865
190.171.149.82 - - [29/Apr/2024:16:39:42 -0300] "POST /cormun/servlet/solicitudotadjuntos?gx-no-cache=1714419462532 HTTP/1.1" 200 26
181.212.40.185 - - [29/Apr/2024:16:39:42 -0300] "GET /cormun/static/menuarrow.gif HTTP/1.1" 404 1015
181.212.40.185 - - [29/Apr/2024:16:39:47 -0300] "GET /cormun/servlet/permisogoce?4cdee0887a9d2bf901befb17a2f16811308e6974d613ddb2f3583ddbd8c4fedbacd2880cc1f0de144fa969d110c7af057fd2a7e13163b15532f93a29b87a94e5,gx-no-cache=1714419469347 HTTP/1.1" 200 47
190.171.149.82 - - [29/Apr/2024:16:39:50 -0300] "GET /cormun/servlet/solicitudotadjuntos?ed5ba3e55f953ec01fe90a4f9d66bd6d2dfaa00065f88d2c41b5e48a6f24914e,gx-no-cache=1714419470123 HTTP/1.1" 200 30
190.171.149.82 - - [29/Apr/2024:16:39:50 -0300] "GET /cormun/servlet/solicitudotadjuntos?ed5ba3e55f953ec01fe90a4f9d66bd6d2dfaa00065f88d2c41b5e48a6f24914e,gx-no-cache=1714419470141 HTTP/1.1" 200 30
190.171.149.82 - - [29/Apr/2024:16:39:50 -0300] "POST /cormun/servlet/solicitudotadjuntos?a0c5f934487430fba912df0e27f43324,INS,2024,21347,,1, HTTP/1.1" 200 116
190.171.149.82 - - [29/Apr/2024:16:39:50 -0300] "GET /cormun/servlet/hpexe_return? HTTP/1.1" 200 1023
190.171.149.82 - - [29/Apr/2024:16:39:50 -0300] "GET /cormun/servlet/trsolicitudadjuntos?2024,21347, HTTP/1.1" 200 9754
190.171.149.82 - - [29/Apr/2024:16:39:53 -0300] "GET /cormun/servlet/solicitudotadjuntos?INS,2024,21347,,1, HTTP/1.1" 200 5984
190.171.149.82 - - [29/Apr/2024:16:39:53 -0300] "GET /cormun/static/about:blank HTTP/1.1" 404 1011
190.171.149.82 - - [29/Apr/2024:16:39:54 -0300] "GET /cormun/servlet/solicitudotadjuntos?ed5ba3e55f953ec01fe90a4f9d66bd6dd0950a2bb37624319be99a26f5949217d8cc13dfe81dfecc8519d6d5bd1a46ed,gx-no-cache=1714419474099 HTTP/1.1" 200 30
190.171.149.82 - - [29/Apr/2024:16:39:54 -0300] "POST /cormun/servlet/solicitudotadjuntos?a0c5f934487430fba912df0e27f43324,INS,2024,21347,,1,,gx-no-cache=1714419474129 HTTP/1.1" 200 3866
190.171.149.82 - - [29/Apr/2024:16:39:57 -0300] "POST /cormun/servlet/solicitudotadjuntos?gx-no-cache=1714419477500 HTTP/1.1" 200 26
181.212.40.185 - - [29/Apr/2024:16:40:03 -0300] "POST /cormun/servlet/permisogoce?25e5a853ba954a60df1d4e7c0e9cb871,INS,0,,,,gx-no-cache=1714419484434 HTTP/1.1" 200 93
181.212.40.185 - - [29/Apr/2024:16:40:03 -0300] "GET /cormun/servlet/hpexe_return? HTTP/1.1" 200 1009
181.212.40.185 - - [29/Apr/2024:16:40:03 -0300] "GET /cormun/servlet/trpermisosgoce HTTP/1.1" 200 18500
190.171.149.82 - - [29/Apr/2024:16:40:05 -0300] "GET /cormun/servlet/solicitudotadjuntos?ed5ba3e55f953ec01fe90a4f9d66bd6d2dfaa00065f88d2c41b5e48a6f24914e,gx-no-cache=1714419485635 HTTP/1.1" 200 30
190.171.149.82 - - [29/Apr/2024:16:40:05 -0300] "GET /cormun/servlet/solicitudotadjuntos?ed5ba3e55f953ec01fe90a4f9d66bd6d2dfaa00065f88d2c41b5e48a6f24914e,gx-no-cache=1714419485651 HTTP/1.1" 200 30
190.171.149.82 - - [29/Apr/2024:16:40:05 -0300] "POST /cormun/servlet/solicitudotadjuntos?a0c5f934487430fba912df0e27f43324,INS,2024,21347,,1, HTTP/1.1" 200 116
190.171.149.82 - - [29/Apr/2024:16:40:05 -0300] "GET /cormun/servlet/hpexe_return? HTTP/1.1" 200 1023
190.171.149.82 - - [29/Apr/2024:16:40:05 -0300] "GET /cormun/servlet/trsolicitudadjuntos?2024,21347, HTTP/1.1" 200 10049
190.171.149.82 - - [29/Apr/2024:16:40:08 -0300] "GET /cormun/servlet/solicitudotadjuntos?INS,2024,21347,,1, HTTP/1.1" 200 5984
190.171.149.82 - - [29/Apr/2024:16:40:08 -0300] "GET /cormun/static/about:blank HTTP/1.1" 404 1011
190.171.149.82 - - [29/Apr/2024:16:40:09 -0300] "GET /cormun/servlet/solicitudotadjuntos?ed5ba3e55f953ec01fe90a4f9d66bd6dd0950a2bb37624319be99a26f5949217d8cc13dfe81dfecc8519d6d5bd1a46ed,gx-no-cache=1714419489555 HTTP/1.1" 200 30
190.171.149.82 - - [29/Apr/2024:16:40:09 -0300] "POST /cormun/servlet/solicitudotadjuntos?a0c5f934487430fba912df0e27f43324,INS,2024,21347,,1,,gx-no-cache=1714419489572 HTTP/1.1" 200 3866
190.171.149.82 - - [29/Apr/2024:16:40:11 -0300] "POST /cormun/servlet/solicitudotadjuntos?gx-no-cache=1714419491820 HTTP/1.1" 200 26
190.171.134.178 - - [29/Apr/2024:16:40:16 -0300] "GET /cormun/servlet/hlogin HTTP/1.1" 200 1718
181.212.40.185 - - [29/Apr/2024:16:40:18 -0300] "GET /cormun/servlet/trpermisosadjuntos?18374545,20240429153643,P, HTTP/1.1" 200 6522
190.171.149.82 - - [29/Apr/2024:16:40:19 -0300] "GET /cormun/servlet/solicitudotadjuntos?ed5ba3e55f953ec01fe90a4f9d66bd6d2dfaa00065f88d2c41b5e48a6f24914e,gx-no-cache=1714419499723 HTTP/1.1" 200 30
190.171.149.82 - - [29/Apr/2024:16:40:19 -0300] "GET /cormun/servlet/solicitudotadjuntos?ed5ba3e55f953ec01fe90a4f9d66bd6d2dfaa00065f88d2c41b5e48a6f24914e,gx-no-cache=1714419499737 HTTP/1.1" 200 30
190.171.149.82 - - [29/Apr/2024:16:40:19 -0300] "POST /cormun/servlet/solicitudotadjuntos?a0c5f934487430fba912df0e27f43324,INS,2024,21347,,1, HTTP/1.1" 200 116
190.171.149.82 - - [29/Apr/2024:16:40:19 -0300] "GET /cormun/servlet/hpexe_return? HTTP/1.1" 200 1023
190.171.149.82 - - [29/Apr/2024:16:40:20 -0300] "GET /cormun/servlet/trsolicitudadjuntos?2024,21347, HTTP/1.1" 200 10265
181.212.40.185 - - [29/Apr/2024:16:40:20 -0300] "GET /cormun/servlet/permisosadjuntos?INS,18374545,P,20240429153643,, HTTP/1.1" 200 5847
181.212.40.185 - - [29/Apr/2024:16:40:21 -0300] "GET /cormun/static/about:blank HTTP/1.1" 404 1011
190.171.149.82 - - [29/Apr/2024:16:40:25 -0300] "POST /cormun/servlet/trsolicitudadjuntos?a0c5f934487430fba912df0e27f43324,2024,21347,,gx-no-cache=1714419505189 HTTP/1.1" 200 90
190.171.149.82 - - [29/Apr/2024:16:40:25 -0300] "GET /cormun/servlet/hpexe_link HTTP/1.1" 200 986
190.171.149.82 - - [29/Apr/2024:16:40:25 -0300] "GET /cormun/servlet/trsolicitudot?gx-no-cache=1714418903441 HTTP/1.1" 200 8522
190.171.134.178 - - [29/Apr/2024:16:40:29 -0300] "POST /cormun/servlet/hlogin?a06f17654c01293c63f40788bd6cd7aa,gx-no-cache=1714419510629 HTTP/1.1" 200 90
190.171.134.178 - - [29/Apr/2024:16:40:29 -0300] "GET /cormun/servlet/hpexe_link HTTP/1.1" 200 948
190.171.134.178 - - [29/Apr/2024:16:40:29 -0300] "GET /cormun/servlet/hhome HTTP/1.1" 200 3937
190.171.134.178 - - [29/Apr/2024:16:40:30 -0300] "GET /cormun/servlet/hhome HTTP/1.1" 200 3933
190.171.134.178 - - [29/Apr/2024:16:40:33 -0300] "GET /cormun/servlet/trlicencias? HTTP/1.1" 200 9896
190.171.134.178 - - [29/Apr/2024:16:40:33 -0300] "GET /cormun/servlet/trlicencias? HTTP/1.1" 200 9893
190.171.149.82 - - [29/Apr/2024:16:40:35 -0300] "POST /cormun/servlet/trsolicitudot?a0c5f934487430fba912df0e27f43324,gx-no-cache=1714418903441,gx-no-cache=1714419515405 HTTP/1.1" 200 4553
190.171.149.82 - - [29/Apr/2024:16:40:35 -0300] "GET /cormun/static/Shared/jqueryui/images/ui-bg_highlight-soft_100_c6c2c8_1x100.png HTTP/1.1" 404 1117
190.171.149.82 - - [29/Apr/2024:16:40:35 -0300] "GET /cormun/static/Shared/jqueryui/images/ui-bg_flat_55_fafafa_40x100.png HTTP/1.1" 404 1097
190.171.149.82 - - [29/Apr/2024:16:40:35 -0300] "GET /cormun/static/Shared/jqueryui/images/ui-icons_8d78a5_256x240.png HTTP/1.1" 404 1089
190.171.149.82 - - [29/Apr/2024:16:40:35 -0300] "GET /cormun/static/Shared/jqueryui/images/ui-icons_82798d_256x240.png HTTP/1.1" 404 1089
190.171.149.82 - - [29/Apr/2024:16:40:35 -0300] "POST /cormun/servlet/trsolicitudot?a0c5f934487430fba912df0e27f43324,gx-no-cache=1714418903441,gx-no-cache=1714419515588 HTTP/1.1" 200 4325
190.171.149.82 - - [29/Apr/2024:16:40:38 -0300] "GET /cormun/static/Shared/jqueryui/images/ui-bg_highlight-soft_100_eae6ea_1x100.png HTTP/1.1" 404 1117
190.171.134.178 - - [29/Apr/2024:16:40:43 -0300] "GET /cormun/servlet/hhome HTTP/1.1" 200 3937
190.171.134.178 - - [29/Apr/2024:16:40:43 -0300] "GET /cormun/servlet/hhome HTTP/1.1" 200 3933
181.212.40.185 - - [29/Apr/2024:16:40:46 -0300] "POST /cormun/servlet/permisosadjuntos?25e5a853ba954a60df1d4e7c0e9cb871,INS,18374545,P,20240429153643,, HTTP/1.1" 200 116
181.212.40.185 - - [29/Apr/2024:16:40:46 -0300] "GET /cormun/servlet/hpexe_return? HTTP/1.1" 200 1038
181.212.40.185 - - [29/Apr/2024:16:40:46 -0300] "GET /cormun/servlet/trpermisosadjuntos?18374545,20240429153643,P, HTTP/1.1" 200 7047
190.171.149.82 - - [29/Apr/2024:16:40:49 -0300] "GET /cormun/servlet/hlogin HTTP/1.1" 200 1755
181.212.40.185 - - [29/Apr/2024:16:40:49 -0300] "POST /cormun/servlet/trpermisosadjuntos?25e5a853ba954a60df1d4e7c0e9cb871,18374545,20240429153643,P,,gx-no-cache=1714419531051 HTTP/1.1" 200 90
181.212.40.185 - - [29/Apr/2024:16:40:49 -0300] "GET /cormun/servlet/hpexe_link HTTP/1.1" 200 983
181.212.40.185 - - [29/Apr/2024:16:40:49 -0300] "GET /cormun/servlet/trpermisosgoce HTTP/1.1" 200 18497
181.212.40.185 - - [29/Apr/2024:16:40:52 -0300] "POST /cormun/servlet/trpermisosgoce?25e5a853ba954a60df1d4e7c0e9cb871,gx-no-cache=1714419533973 HTTP/1.1" 200 15636
181.212.40.185 - - [29/Apr/2024:16:40:52 -0300] "GET /cormun/static/Shared/jqueryui/images/ui-bg_highlight-soft_100_c6c2c8_1x100.png HTTP/1.1" 404 1117
181.212.40.185 - - [29/Apr/2024:16:40:52 -0300] "GET /cormun/static/Shared/jqueryui/images/ui-icons_82798d_256x240.png HTTP/1.1" 404 1089
181.212.40.185 - - [29/Apr/2024:16:40:52 -0300] "GET /cormun/static/Shared/jqueryui/images/ui-icons_8d78a5_256x240.png HTTP/1.1" 404 1089
181.212.40.185 - - [29/Apr/2024:16:40:52 -0300] "GET /cormun/static/Shared/jqueryui/images/ui-bg_flat_55_fafafa_40x100.png HTTP/1.1" 404 1097
190.171.149.82 - - [29/Apr/2024:16:40:54 -0300] "POST /cormun/servlet/hlogin?a0c5f934487430fba912df0e27f43324,gx-no-cache=1714419534812 HTTP/1.1" 200 90
190.171.149.82 - - [29/Apr/2024:16:40:54 -0300] "GET /cormun/servlet/hpexe_link HTTP/1.1" 200 947
190.171.149.82 - - [29/Apr/2024:16:40:54 -0300] "GET /cormun/servlet/hhome HTTP/1.1" 200 4289
190.171.149.82 - - [29/Apr/2024:16:41:05 -0300] "GET /cormun/servlet/trautorizarsolicitud? HTTP/1.1" 200 9230
190.171.149.82 - - [29/Apr/2024:16:41:05 -0300] "GET /cormun/static/gxcfg.js?202211298474254 HTTP/1.1" 200 953
190.171.149.82 - - [29/Apr/2024:16:41:05 -0300] "GET /cormun/static/trautorizarsolicitud.js?202211298474588 HTTP/1.1" 200 53909
190.171.149.82 - - [29/Apr/2024:16:41:21 -0300] "POST /cormun/servlet/trautorizarsolicitud?a0c5f934487430fba912df0e27f43324,,gx-no-cache=1714419561037 HTTP/1.1" 200 5979
190.171.149.82 - - [29/Apr/2024:16:41:21 -0300] "GET /cormun/static/Shared/jqueryui/images/ui-icons_82798d_256x240.png HTTP/1.1" 404 1089
190.171.149.82 - - [29/Apr/2024:16:41:21 -0300] "GET /cormun/static/Shared/jqueryui/images/ui-bg_highlight-soft_100_c6c2c8_1x100.png HTTP/1.1" 404 1117
190.171.149.82 - - [29/Apr/2024:16:41:21 -0300] "GET /cormun/static/Shared/jqueryui/images/ui-bg_flat_55_fafafa_40x100.png HTTP/1.1" 404 1097
190.171.149.82 - - [29/Apr/2024:16:41:21 -0300] "GET /cormun/static/Shared/jqueryui/images/ui-icons_8d78a5_256x240.png HTTP/1.1" 404 1089
190.171.149.82 - - [29/Apr/2024:16:41:21 -0300] "POST /cormun/servlet/trautorizarsolicitud?a0c5f934487430fba912df0e27f43324,,gx-no-cache=1714419561185 HTTP/1.1" 200 5924
190.171.149.82 - - [29/Apr/2024:16:41:23 -0300] "POST /cormun/servlet/trautorizarsolicitud?a0c5f934487430fba912df0e27f43324,,gx-no-cache=1714419563091 HTTP/1.1" 200 4793
190.171.149.82 - - [29/Apr/2024:16:41:23 -0300] "POST /cormun/servlet/trautorizarsolicitud?a0c5f934487430fba912df0e27f43324,,gx-no-cache=1714419563251 HTTP/1.1" 200 4527
190.171.149.82 - - [29/Apr/2024:16:41:38 -0300] "GET /cormun/servlet/hlogin HTTP/1.1" 200 1741
190.171.149.82 - - [29/Apr/2024:16:41:42 -0300] "POST /cormun/servlet/hlogin?a0c5f934487430fba912df0e27f43324,gx-no-cache=1714419583043 HTTP/1.1" 200 90
190.171.149.82 - - [29/Apr/2024:16:41:43 -0300] "GET /cormun/servlet/hpexe_link HTTP/1.1" 200 947
190.171.149.82 - - [29/Apr/2024:16:41:43 -0300] "GET /cormun/servlet/hhome HTTP/1.1" 200 3927
190.171.149.82 - - [29/Apr/2024:16:41:49 -0300] "GET /cormun/servlet/trpermisosgoce? HTTP/1.1" 200 10880
190.171.149.82 - - [29/Apr/2024:16:42:04 -0300] "GET /cormun/servlet/trpermisosadjuntos?16881776,20240425095958,P, HTTP/1.1" 200 6247
190.171.149.82 - - [29/Apr/2024:16:42:06 -0300] "GET /cormun/servlet/permisosadjuntos?INS,16881776,P,20240425095958,, HTTP/1.1" 200 5567
190.171.149.82 - - [29/Apr/2024:16:42:07 -0300] "GET /cormun/static/about:blank HTTP/1.1" 404 1011
190.171.149.82 - - [29/Apr/2024:16:42:22 -0300] "POST /cormun/servlet/permisosadjuntos?a0c5f934487430fba912df0e27f43324,INS,16881776,P,20240425095958,, HTTP/1.1" 200 116
190.171.149.82 - - [29/Apr/2024:16:42:22 -0300] "GET /cormun/servlet/hpexe_return? HTTP/1.1" 200 1036
190.171.149.82 - - [29/Apr/2024:16:42:23 -0300] "GET /cormun/servlet/trpermisosadjuntos?16881776,20240425095958,P, HTTP/1.1" 200 6720
190.171.149.82 - - [29/Apr/2024:16:42:28 -0300] "POST /cormun/servlet/trpermisosadjuntos?a0c5f934487430fba912df0e27f43324,16881776,20240425095958,P,,gx-no-cache=1714419629053 HTTP/1.1" 200 90
190.171.149.82 - - [29/Apr/2024:16:42:28 -0300] "GET /cormun/servlet/hpexe_link HTTP/1.1" 200 981
190.171.149.82 - - [29/Apr/2024:16:42:29 -0300] "GET /cormun/servlet/trpermisosgoce HTTP/1.1" 200 10878
190.171.149.82 - - [29/Apr/2024:16:42:35 -0300] "POST /cormun/servlet/trpermisosgoce?a0c5f934487430fba912df0e27f43324,gx-no-cache=1714419635839 HTTP/1.1" 200 8216
190.171.149.82 - - [29/Apr/2024:16:42:36 -0300] "GET /cormun/static/Shared/jqueryui/images/ui-icons_82798d_256x240.png HTTP/1.1" 404 1089
190.171.149.82 - - [29/Apr/2024:16:42:36 -0300] "GET /cormun/static/Shared/jqueryui/images/ui-bg_highlight-soft_100_c6c2c8_1x100.png HTTP/1.1" 404 1117
190.171.149.82 - - [29/Apr/2024:16:42:36 -0300] "GET /cormun/static/Shared/jqueryui/images/ui-bg_flat_55_fafafa_40x100.png HTTP/1.1" 404 1097
190.171.149.82 - - [29/Apr/2024:16:42:36 -0300] "GET /cormun/static/Shared/jqueryui/images/ui-icons_8d78a5_256x240.png HTTP/1.1" 404 1089
190.171.149.82 - - [29/Apr/2024:16:43:09 -0300] "GET /cormun/servlet/hlogin HTTP/1.1" 200 1737
