190.171.142.26 - - [25/Apr/2024:11:26:56 -0300] "GET /cormun/static/Resources/PXToolsMenuSearch.png HTTP/1.1" 200 336
190.171.142.26 - - [25/Apr/2024:11:26:56 -0300] "GET /cormun/static/prbanco.js?20201216132311 HTTP/1.1" 200 10693
190.171.142.26 - - [25/Apr/2024:11:26:56 -0300] "GET /cormun/static/menusearch.js?20201214473581 HTTP/1.1" 200 1424
190.171.142.26 - - [25/Apr/2024:11:26:56 -0300] "GET /cormun/static/hmpwkw011.js?202211298443482 HTTP/1.1" 200 1968
190.171.142.26 - - [25/Apr/2024:11:26:56 -0300] "GET /cormun/static/Resources/PXToolsMenuSearchCancel.png HTTP/1.1" 200 306
181.212.47.136 - - [25/Apr/2024:11:26:56 -0300] "GET /cormun/servlet/vesolicitudgral?2024,21327,,SolicitudOTLog HTTP/1.1" 200 9257
181.212.47.136 - - [25/Apr/2024:11:26:56 -0300] "GET /cormun/pexe_scrolldiv.js HTTP/1.1" 404 1009
181.212.47.136 - - [25/Apr/2024:11:26:56 -0300] "GET /cormun/static/tbsolicitudgral03.js?202211298372893 HTTP/1.1" 200 13342
181.212.47.136 - - [25/Apr/2024:11:26:56 -0300] "GET /cormun/static/Resources/PXToolsTabLastSelected.png HTTP/1.1" 200 1274
181.212.47.136 - - [25/Apr/2024:11:26:57 -0300] "POST /cormun/servlet/acontrolpreferencessavestate?None,RRHH+DANIELA,true HTTP/1.1" 200 35
181.212.47.136 - - [25/Apr/2024:11:27:01 -0300] "GET /cormun/servlet/vesolicitudgral?2024,21327,,General HTTP/1.1" 200 8408
181.212.47.136 - - [25/Apr/2024:11:27:01 -0300] "GET /cormun/pexe_scrolldiv.js HTTP/1.1" 404 1009
190.171.142.26 - - [25/Apr/2024:11:27:05 -0300] "GET /cormun/servlet/solicitudot?394c6a91beabbf79c248e9eea96f2b204f7d709f0a175a4b88f0515014030d839bd71ca74d175197f46b0090013878e2,gx-no-cache=1714054998835 HTTP/1.1" 200 30
190.171.142.26 - - [25/Apr/2024:11:27:07 -0300] "GET /cormun/servlet/solicitudot?394c6a91beabbf79c248e9eea96f2b2021171dc7d5db4b8fdae834a8445943b4,gx-no-cache=1714055000554 HTTP/1.1" 200 53
181.212.47.136 - - [25/Apr/2024:11:27:07 -0300] "GET /cormun/servlet/trautorizarot? HTTP/1.1" 200 8177
181.212.47.136 - - [25/Apr/2024:11:27:07 -0300] "GET /cormun/static/gxcfg.js?202012169508 HTTP/1.1" 200 953
181.212.47.136 - - [25/Apr/2024:11:27:07 -0300] "GET /cormun/static/calendar-system.css?85620 HTTP/1.1" 200 5572
181.212.47.136 - - [25/Apr/2024:11:27:07 -0300] "GET /cormun/static/trautorizarot.js?2020121695965 HTTP/1.1" 200 53844
190.171.141.90 - - [25/Apr/2024:11:27:09 -0300] "GET /cormun/servlet/trautorizarsolicitud? HTTP/1.1" 200 8620
190.171.141.90 - - [25/Apr/2024:11:27:09 -0300] "GET /cormun/static/gxcfg.js?202211298474254 HTTP/1.1" 200 953
190.171.141.90 - - [25/Apr/2024:11:27:09 -0300] "GET /cormun/static/trautorizarsolicitud.js?202211298474588 HTTP/1.1" 200 53909
190.171.141.90 - - [25/Apr/2024:11:27:12 -0300] "POST /cormun/servlet/trautorizarsolicitud?1e05617c1dece6eac2f13578e072d40f,,gx-no-cache=1714055006325 HTTP/1.1" 200 4805
190.171.141.90 - - [25/Apr/2024:11:27:12 -0300] "GET /cormun/static/Shared/jqueryui/images/ui-icons_82798d_256x240.png HTTP/1.1" 404 1089
190.171.141.90 - - [25/Apr/2024:11:27:12 -0300] "GET /cormun/static/Shared/jqueryui/images/ui-bg_highlight-soft_100_c6c2c8_1x100.png HTTP/1.1" 404 1117
190.171.141.90 - - [25/Apr/2024:11:27:12 -0300] "GET /cormun/static/Shared/jqueryui/images/ui-bg_flat_55_fafafa_40x100.png HTTP/1.1" 404 1097
190.171.141.90 - - [25/Apr/2024:11:27:12 -0300] "GET /cormun/static/Shared/jqueryui/images/ui-icons_8d78a5_256x240.png HTTP/1.1" 404 1089
190.171.141.90 - - [25/Apr/2024:11:27:12 -0300] "POST /cormun/servlet/trautorizarsolicitud?1e05617c1dece6eac2f13578e072d40f,,gx-no-cache=1714055006418 HTTP/1.1" 200 4536
181.212.47.136 - - [25/Apr/2024:11:27:16 -0300] "GET /cormun/servlet/trsolicitudgral? HTTP/1.1" 200 14191
181.212.47.136 - - [25/Apr/2024:11:27:20 -0300] "POST /cormun/servlet/trsolicitudgral?5f0c4ea435d4d7825dd156a8507d4c9c,,gx-no-cache=1714055010845 HTTP/1.1" 200 7574
190.171.152.242 - - [25/Apr/2024:11:27:25 -0300] "GET /cormun/servlet/hlogin HTTP/1.1" 200 1720
181.212.47.136 - - [25/Apr/2024:11:27:25 -0300] "GET /cormun/servlet/vesolicitudgral?2024,21327,, HTTP/1.1" 200 8398
181.212.47.136 - - [25/Apr/2024:11:27:26 -0300] "GET /cormun/pexe_scrolldiv.js HTTP/1.1" 404 1009
190.171.152.242 - - [25/Apr/2024:11:27:30 -0300] "POST /cormun/servlet/hlogin?5d112beb7494af8a5d119098c3e7b0af,gx-no-cache=1714055023518 HTTP/1.1" 200 90
190.171.152.242 - - [25/Apr/2024:11:27:30 -0300] "GET /cormun/servlet/hpexe_link HTTP/1.1" 200 955
190.171.152.242 - - [25/Apr/2024:11:27:30 -0300] "GET /cormun/servlet/trsolicitudot? HTTP/1.1" 200 7217
190.171.142.26 - - [25/Apr/2024:11:28:10 -0300] "POST /cormun/servlet/solicitudot?gx-no-cache=1714055064360 HTTP/1.1" 200 240
190.171.142.26 - - [25/Apr/2024:11:28:20 -0300] "GET /cormun/servlet/solicitudot?394c6a91beabbf79c248e9eea96f2b20108cc9bc4715f3797725f35edf7647974d93f2f1f3b060903c36f9424c8bf2694f8020961a31b19f60ed81fe047438fc24a80800e60c86b224c83e72e633184736b0753b9669b3398ba059cd6d1c1ec26ca47b9ea52ca8134e786d3c7b7087a2338bcbf9d5e25c67d22394b858f98e6d9d9bba38be605282abd331c1db16a1b13000454f29de93214f009b7fa78a716b63a9e752ab09d4348c00997544c65dabbc344eddb355a326cd033db3cad9c5aedf40c09357d7466f5984ec5bad9525346325d489a0c2c365061e538379509d987cba6058371b755822c088fd7b0d7f1c60c0920456faa317b51b34dfeadb911dc8962a5bd6ba54c76e8fb044dd98cd37c8d0ac012ef1db118df76d2048e234654b1441e28b105fef4bc8b2427a99e020093df9db2062fb7944b264eae5d1bf345039417c42b51116a8f6d28b8fa9275009c7e0f9286a79f7338fe60c00fa9cf6b9981110deac783d1bc20d71c8d5ac21f2a726cbb306551418d580080cd6cf58,gx-no-cache=1714055073476 HTTP/1.1" 200 30
181.212.47.136 - - [25/Apr/2024:11:28:21 -0300] "GET /cormun/servlet/trsolicitudgral? HTTP/1.1" 200 10620
190.171.152.242 - - [25/Apr/2024:11:28:24 -0300] "GET /cormun/servlet/trsolicitudot? HTTP/1.1" 200 7215
190.171.142.26 - - [25/Apr/2024:11:28:24 -0300] "POST /cormun/servlet/solicitudot?gx-no-cache=1714055078135 HTTP/1.1" 200 30
190.171.142.26 - - [25/Apr/2024:11:28:34 -0300] "POST /cormun/servlet/solicitudot?gx-no-cache=1714055087521 HTTP/1.1" 200 1563
190.171.142.26 - - [25/Apr/2024:11:28:34 -0300] "GET /cormun/static/Shared/jqueryui/images/ui-bg_highlight-soft_100_c6c2c8_1x100.png HTTP/1.1" 404 1117
190.171.142.26 - - [25/Apr/2024:11:28:34 -0300] "GET /cormun/static/Shared/jqueryui/images/ui-icons_82798d_256x240.png HTTP/1.1" 404 1089
190.171.142.26 - - [25/Apr/2024:11:28:34 -0300] "GET /cormun/static/Shared/jqueryui/images/ui-bg_flat_55_994d53_40x100.png HTTP/1.1" 404 1097
190.171.142.26 - - [25/Apr/2024:11:28:34 -0300] "GET /cormun/static/Shared/jqueryui/images/ui-icons_ebccce_256x240.png HTTP/1.1" 404 1089
181.212.47.136 - - [25/Apr/2024:11:28:54 -0300] "GET /cormun/servlet/trrenunciasgenerales? HTTP/1.1" 200 8892
181.212.47.136 - - [25/Apr/2024:11:28:54 -0300] "GET /cormun/static/gxcfg.js?202211298483954 HTTP/1.1" 200 953
181.212.47.136 - - [25/Apr/2024:11:28:54 -0300] "GET /cormun/static/trrenunciasgenerales.js?202211298484144 HTTP/1.1" 200 28597
181.212.47.136 - - [25/Apr/2024:11:28:54 -0300] "GET /cormun//static/Resources/PXTools/ActionInsert.png HTTP/1.1" 200 1482
181.212.47.136 - - [25/Apr/2024:11:28:54 -0300] "GET /cormun//static/Resources/PXToolsHeaderHelp.png HTTP/1.1" 200 1333
181.212.47.136 - - [25/Apr/2024:11:28:56 -0300] "GET /cormun/servlet/trrenunciasadjuntos?295,17136606, HTTP/1.1" 200 6268
181.212.47.136 - - [25/Apr/2024:11:28:56 -0300] "GET /cormun/static/trrenunciasadjuntos.js?202211298462952 HTTP/1.1" 200 15250
181.212.47.136 - - [25/Apr/2024:11:28:56 -0300] "GET /cormun/static/gxcfg.js?202211298462840 HTTP/1.1" 200 953
181.212.47.136 - - [25/Apr/2024:11:28:56 -0300] "GET /cormun/static/Resources/PXToolsAddAllAction.png HTTP/1.1" 200 495
181.212.47.136 - - [25/Apr/2024:11:28:59 -0300] "GET /cormun/PublicTempStorage/carta_de_renuncia5548784.pdf HTTP/1.1" 200 93937
181.212.40.185 - - [25/Apr/2024:11:29:23 -0300] "POST /cormun/servlet/trlicencias?6ab724e9af1143c414f9396a66aedf86,gx-no-cache=1714055137615 HTTP/1.1" 440 972
181.212.40.185 - - [25/Apr/2024:11:29:25 -0300] "GET /cormun/servlet/trlicencias HTTP/1.1" 200 6050
181.212.40.185 - - [25/Apr/2024:11:29:25 -0300] "GET /cormun/servlet/hlogin HTTP/1.1" 200 1739
181.212.40.185 - - [25/Apr/2024:11:29:33 -0300] "POST /cormun/servlet/hlogin?305693fdbbe79c9d7622889ae9d718e4,gx-no-cache=1714055147243 HTTP/1.1" 200 90
181.212.40.185 - - [25/Apr/2024:11:29:33 -0300] "GET /cormun/servlet/hpexe_link HTTP/1.1" 200 959
181.212.40.185 - - [25/Apr/2024:11:29:33 -0300] "GET /cormun/servlet/trlicencias HTTP/1.1" 200 16591
190.171.142.26 - - [25/Apr/2024:11:30:00 -0300] "POST /cormun/servlet/solicitudot?gx-no-cache=1714055173976 HTTP/1.1" 200 30
190.171.142.26 - - [25/Apr/2024:11:30:12 -0300] "POST /cormun/servlet/solicitudot?gx-no-cache=1714055185771 HTTP/1.1" 200 1483
181.212.47.136 - - [25/Apr/2024:11:30:19 -0300] "GET /cormun/servlet/trrenunciasadjuntos?295,17136606, HTTP/1.1" 200 6268
181.212.47.136 - - [25/Apr/2024:11:30:22 -0300] "GET /cormun/servlet/trsolicitudgral? HTTP/1.1" 200 10636
190.171.142.26 - - [25/Apr/2024:11:30:22 -0300] "GET /cormun/static/menuarrow.gif HTTP/1.1" 404 1015
190.171.142.26 - - [25/Apr/2024:11:30:57 -0300] "POST /cormun/servlet/solicitudot?gx-no-cache=1714055231040 HTTP/1.1" 200 1565
190.171.154.42 - - [25/Apr/2024:11:31:25 -0300] "POST /cormun/servlet/solicitudot?gx-no-cache=1714055259516 HTTP/1.1" 200 4022
190.171.154.42 - - [25/Apr/2024:11:31:25 -0300] "POST /cormun/servlet/solicitudot?686d016c2504dfd8b44616c4adc6e01c,INS,0,0,false,,gx-no-cache=1714055259849 HTTP/1.1" 200 12887
190.171.154.42 - - [25/Apr/2024:11:31:35 -0300] "GET /cormun/servlet/solicitudot?893069d599bba0412b645555073500ede382a6c6d8fee573cc46a9a99cb745d6b8898d0f83146aa0ef7b163a6888c604,gx-no-cache=1714055269843 HTTP/1.1" 200 111
190.171.154.42 - - [25/Apr/2024:11:31:35 -0300] "GET /cormun/static/Shared/jqueryui/images/ui-bg_flat_55_994d53_40x100.png HTTP/1.1" 404 1097
190.171.154.42 - - [25/Apr/2024:11:31:35 -0300] "GET /cormun/static/Shared/jqueryui/images/ui-icons_82798d_256x240.png HTTP/1.1" 404 1089
190.171.154.42 - - [25/Apr/2024:11:31:35 -0300] "GET /cormun/static/Shared/jqueryui/images/ui-bg_highlight-soft_100_c6c2c8_1x100.png HTTP/1.1" 404 1117
190.171.154.42 - - [25/Apr/2024:11:31:35 -0300] "GET /cormun/static/Shared/jqueryui/images/ui-icons_ebccce_256x240.png HTTP/1.1" 404 1089
190.171.154.42 - - [25/Apr/2024:11:31:40 -0300] "GET /cormun/servlet/prfichaempleado?,MD,,gxPopupLevel%3D0%3B HTTP/1.1" 200 9297
190.171.154.42 - - [25/Apr/2024:11:31:40 -0300] "GET /cormun/static/gxcfg.js?20201215571085 HTTP/1.1" 200 953
190.171.154.42 - - [25/Apr/2024:11:31:41 -0300] "GET /cormun/static/prfichaempleado.js?20201215572193 HTTP/1.1" 200 16005
190.171.154.42 - - [25/Apr/2024:11:31:48 -0300] "POST /cormun/servlet/prfichaempleado?686d016c2504dfd8b44616c4adc6e01c,,MD,,gxPopupLevel%3D0%3B,gx-no-cache=1714055282995 HTTP/1.1" 200 3410
190.171.154.42 - - [25/Apr/2024:11:31:54 -0300] "POST /cormun/servlet/solicitudot?gx-no-cache=1714055288896 HTTP/1.1" 200 4154
190.171.154.42 - - [25/Apr/2024:11:31:54 -0300] "POST /cormun/servlet/solicitudot?686d016c2504dfd8b44616c4adc6e01c,INS,0,0,false,,gx-no-cache=1714055289029 HTTP/1.1" 200 13091
190.171.154.42 - - [25/Apr/2024:11:31:55 -0300] "GET /cormun/servlet/solicitudot?893069d599bba0412b645555073500eda1615331b59143ca7aba82e04a78d2d3b8898d0f83146aa0ef7b163a6888c604,gx-no-cache=1714055289139 HTTP/1.1" 200 30
190.171.142.26 - - [25/Apr/2024:11:32:10 -0300] "POST /cormun/servlet/solicitudot?gx-no-cache=1714055303718 HTTP/1.1" 200 256
190.171.142.26 - - [25/Apr/2024:11:32:14 -0300] "GET /cormun/servlet/solicitudot?394c6a91beabbf79c248e9eea96f2b20108cc9bc4715f3797725f35edf764797a315412b81549ef72a41589884ba42584f8020961a31b19f60ed81fe047438fc24a80800e60c86b224c83e72e633184736b0753b9669b3398ba059cd6d1c1ec26ca47b9ea52ca8134e786d3c7b7087a2338bcbf9d5e25c67d22394b858f98e6d9d9bba38be605282abd331c1db16a1b13000454f29de93214f009b7fa78a716b63a9e752ab09d4348c00997544c65dabbc344eddb355a326cd033db3cad9c5aedf40c09357d7466f5984ec5bad9525346325d489a0c2c365061e538379509d987cba6058371b755822c088fd7b0d7f1c60c0920456faa317b51b34dfeadb911dc8962a5bd6ba54c76e8fb044dd98cd37c8d0ac012ef1db118df76d2048e234654b1441e28b105fef4bc8b2427a99e020093df9db2062fb7944b264eae5d1bf345039417c42b51116a8f6d28b8fa9275009c7e0f9286a79f7338fe60c00fa9cf6b9981110deac783d1bc20d71c8d5ac21a2494f475f34f37ade9082a43accc420,gx-no-cache=1714055307482 HTTP/1.1" 200 30
190.171.152.242 - - [25/Apr/2024:11:32:23 -0300] "GET /cormun/servlet/hlogin HTTP/1.1" 200 1716
190.171.152.242 - - [25/Apr/2024:11:32:30 -0300] "POST /cormun/servlet/hlogin?755ddaafe3a44b27eab0f0a5460180a6,gx-no-cache=1714055323678 HTTP/1.1" 200 90
190.171.152.242 - - [25/Apr/2024:11:32:30 -0300] "GET /cormun/servlet/hpexe_link HTTP/1.1" 200 947
190.171.152.242 - - [25/Apr/2024:11:32:30 -0300] "GET /cormun/servlet/hhome HTTP/1.1" 200 3991
190.171.142.26 - - [25/Apr/2024:11:32:43 -0300] "POST /cormun/servlet/solicitudot?gx-no-cache=1714055336989 HTTP/1.1" 200 243
190.171.142.26 - - [25/Apr/2024:11:32:45 -0300] "GET /cormun/servlet/solicitudot?394c6a91beabbf79c248e9eea96f2b20108cc9bc4715f3797725f35edf7647974d93f2f1f3b060903c36f9424c8bf2694f8020961a31b19f60ed81fe047438fc24a80800e60c86b224c83e72e633184736b0753b9669b3398ba059cd6d1c1ec26ca47b9ea52ca8134e786d3c7b7087a2338bcbf9d5e25c67d22394b858f98e6d9d9bba38be605282abd331c1db16a1b13000454f29de93214f009b7fa78a716b63a9e752ab09d4348c00997544c65dabbc344eddb355a326cd033db3cad9c5aedf40c09357d7466f5984ec5bad9525346325d489a0c2c365061e538379509d987cba6058371b755822c088fd7b0d7f1c60c0920456faa317b51b34dfeadb911dc8962a5bd6ba54c76e8fb044dd98cd37c8d0ac012ef1db118df76d2048e234654b1441e28b105fef4bc8b2427a99e020093df9db2062fb7944b264eae5d1bf345039417c42b51116a8f6d28b8fa9275009c7e0f9286a79f7338fe60c00fa9cf6b9981110deac783d1bc20d71c8d5ac21a2494f475f34f37ade9082a43accc420,gx-no-cache=1714055338850 HTTP/1.1" 200 30
190.171.154.42 - - [25/Apr/2024:11:32:46 -0300] "GET /cormun/servlet/prbanco?,MD,,gxPopupLevel%3D0%3B HTTP/1.1" 200 6603
190.171.154.42 - - [25/Apr/2024:11:32:52 -0300] "GET /cormun/servlet/solicitudot?893069d599bba0412b645555073500ed4a15ee711f2ae6e07a737e623c6dc2ca164a12787f232b60cb08b87cc0c1df5f1f58b6ca6edfc254479c8f7a501f62c3,gx-no-cache=1714055346660 HTTP/1.1" 200 30
190.171.154.42 - - [25/Apr/2024:11:32:55 -0300] "GET /cormun/servlet/solicitudot?893069d599bba0412b645555073500ed1ecdbcf5163a272e6bfcbd50661b8df6,gx-no-cache=1714055349695 HTTP/1.1" 200 51
190.171.142.26 - - [25/Apr/2024:11:33:00 -0300] "POST /cormun/servlet/solicitudot?gx-no-cache=1714055353533 HTTP/1.1" 200 256
190.171.142.26 - - [25/Apr/2024:11:33:02 -0300] "GET /cormun/servlet/solicitudot?394c6a91beabbf79c248e9eea96f2b20108cc9bc4715f3797725f35edf764797a315412b81549ef72a41589884ba42584f8020961a31b19f60ed81fe047438fc24a80800e60c86b224c83e72e633184736b0753b9669b3398ba059cd6d1c1ec26ca47b9ea52ca8134e786d3c7b7087a2338bcbf9d5e25c67d22394b858f98e6d9d9bba38be605282abd331c1db16a1b13000454f29de93214f009b7fa78a716b63a9e752ab09d4348c00997544c65dabbc344eddb355a326cd033db3cad9c5aedf40c09357d7466f5984ec5bad9525346325d489a0c2c365061e538379509d987cba6058371b755822c088fd7b0d7f1c60c0920456faa317b51b34dfeadb911dc8962a5bd6ba54c76e8fb044dd98cd37c8d0ac012ef1db118df76d2048e234654b1441e28b105fef4bc8b2427a99e020093df9db2062fb7944b264eae5d1bf345039417c42b51116a8f6d28b8fa9275009c7e0f9286a79f7338fe60c00fa9cf6b9981110deac783d1bc20d71c8d5ac21a2494f475f34f37ade9082a43accc420,gx-no-cache=1714055355714 HTTP/1.1" 200 30
190.171.154.42 - - [25/Apr/2024:11:33:04 -0300] "POST /cormun/servlet/solicitudot?gx-no-cache=1714055358377 HTTP/1.1" 200 297
190.171.154.42 - - [25/Apr/2024:11:33:04 -0300] "GET /cormun/servlet/solicitudot?893069d599bba0412b645555073500edc4c2ab8135f7e5c796b78dc5fcd58a993f0567ea7c5f3b46d54cbf4604bb7b1c7fbdf45393bb47b79ffce5689a081c312084e7ad74a653b8d236462f41d8f16057e9484f67250500936d0e4145ce4f6d6afbfbfef493250f0f74a9c0d44eea53a37d45701d407cda20e2eff1cb18fd92e7b9193b6a005e305a7aef7cf9cc0e367fc7237c982112fb7458f8a3972f9f9585aee2b1bee93f3d6ecac6d8f632f488b299b20f63abbf0eb69fbce73307f40fcba67a27cec8cb23163af48f38a777d18043c93c73f4cba3f313b645813b892ba7489eb44c9466708548c277e3a2499caaa6c92865be3c63d4686e11041294248fd9cff5a02d9d1e5010c93f98f9c3d3a6844e51f590224a3fef1f31348084e06ef811802cf4ad1b2490878d2034631605d462e077f4d92dbc8ffc6f0da49351d0dd6a62c79efe1e1e4095523ab2f4dc5b9df173b1a19a22e11d1eff4d988ad0d9558ac5f3fa01931cc3dfb044ec060346e27e5ca7a3b5382e353cc89e4deefcd4a2283c66c83a99234f7875f598b2ae,gx-no-cache=1714055358411 HTTP/1.1" 200 30
190.171.152.242 - - [25/Apr/2024:11:33:06 -0300] "GET /cormun/servlet/trcontratoobservacion? HTTP/1.1" 200 8977
190.171.152.242 - - [25/Apr/2024:11:33:06 -0300] "GET /cormun/static/gxcfg.js?2022112984808 HTTP/1.1" 200 953
190.171.152.242 - - [25/Apr/2024:11:33:06 -0300] "GET /cormun/static/trcontratoobservacion.js?20221129848151 HTTP/1.1" 200 25148
190.171.152.242 - - [25/Apr/2024:11:33:18 -0300] "GET /cormun/servlet/trsolicitudot? HTTP/1.1" 200 7207
190.171.142.26 - - [25/Apr/2024:11:33:18 -0300] "POST /cormun/servlet/solicitudot?gx-no-cache=1714055372133 HTTP/1.1" 200 243
190.171.142.26 - - [25/Apr/2024:11:33:20 -0300] "GET /cormun/servlet/solicitudot?394c6a91beabbf79c248e9eea96f2b20108cc9bc4715f3797725f35edf7647974d93f2f1f3b060903c36f9424c8bf2694f8020961a31b19f60ed81fe047438fc24a80800e60c86b224c83e72e633184736b0753b9669b3398ba059cd6d1c1ec26ca47b9ea52ca8134e786d3c7b7087a2338bcbf9d5e25c67d22394b858f98e6d9d9bba38be605282abd331c1db16a1b13000454f29de93214f009b7fa78a716b63a9e752ab09d4348c00997544c65dabbc344eddb355a326cd033db3cad9c5aedf40c09357d7466f5984ec5bad9525346325d489a0c2c365061e538379509d987cba6058371b755822c088fd7b0d7f1c60c0920456faa317b51b34dfeadb911dc8962a5bd6ba54c76e8fb044dd98cd37c8d0ac012ef1db118df76d2048e234654b1441e28b105fef4bc8b2427a99e020093df9db2062fb7944b264eae5d1bf345039417c42b51116a8f6d28b8fa9275009c7e0f9286a79f7338fe60c00fa9cf6b9981110deac783d1bc20d71c8d5ac21a2494f475f34f37ade9082a43accc420,gx-no-cache=1714055373641 HTTP/1.1" 200 30
190.171.142.26 - - [25/Apr/2024:11:34:19 -0300] "POST /cormun/servlet/solicitudot?gx-no-cache=1714055432486 HTTP/1.1" 200 30
190.171.142.26 - - [25/Apr/2024:11:34:19 -0300] "POST /cormun/servlet/solicitudot?gx-no-cache=1714055432523 HTTP/1.1" 200 1565
190.171.142.26 - - [25/Apr/2024:11:34:19 -0300] "POST /cormun/servlet/solicitudot?gx-no-cache=1714055432554 HTTP/1.1" 200 117
190.171.142.26 - - [25/Apr/2024:11:34:19 -0300] "GET /cormun/servlet/solicitudot?394c6a91beabbf79c248e9eea96f2b20e13a27d9c937b6a49d35810e6b122309d49d6d00846a7b705f1bd245320332ed71e73616972c8bfa19601aa1f39cf3ebea61cec987ceb8602258ff23759c4a549c4529a9bfda7bddfe5a84cbd288e2a2befe5b80ea36aae4a6d903602641b76a,gx-no-cache=1714055432572 HTTP/1.1" 200 110
190.171.142.26 - - [25/Apr/2024:11:34:19 -0300] "POST /cormun/servlet/solicitudot?gx-no-cache=1714055432588 HTTP/1.1" 200 64
190.171.142.26 - - [25/Apr/2024:11:34:19 -0300] "GET /cormun/servlet/solicitudot?394c6a91beabbf79c248e9eea96f2b20255075606e6c472e56b9ebc2ea34e5609768b7f555177d02e86cb8d4edf9c844300034826f0540af343de128a1ca0e382efe0c161c728d7b3bb35a10903c74f57e369aa271cf8a2b52c78c5fb4a9f8745cbac28b882a5180a772baaa78b22c7c,gx-no-cache=1714055432608 HTTP/1.1" 200 29
190.171.142.26 - - [25/Apr/2024:11:34:19 -0300] "GET /cormun/servlet/solicitudot?394c6a91beabbf79c248e9eea96f2b20d739de98728b8150062101fcedef1c8c,gx-no-cache=1714055432624 HTTP/1.1" 200 30
190.171.142.26 - - [25/Apr/2024:11:34:19 -0300] "POST /cormun/servlet/solicitudot?gx-no-cache=1714055432641 HTTP/1.1" 200 30
190.171.142.26 - - [25/Apr/2024:11:34:19 -0300] "POST /cormun/servlet/solicitudot?05bad56127bab7297e45ab9eb0a5ef5c,INS,0,0,false,,gx-no-cache=1714055432673 HTTP/1.1" 200 13250
190.171.142.26 - - [25/Apr/2024:11:34:43 -0300] "POST /cormun/servlet/solicitudot?gx-no-cache=1714055456484 HTTP/1.1" 200 30
190.171.142.26 - - [25/Apr/2024:11:35:14 -0300] "POST /cormun/servlet/solicitudot?gx-no-cache=1714055487533 HTTP/1.1" 200 1483
190.171.152.242 - - [25/Apr/2024:11:35:14 -0300] "GET /cormun/static/menuarrow.gif HTTP/1.1" 404 1015
181.212.47.137 - - [25/Apr/2024:11:35:24 -0300] "GET /cormun/servlet/vesolicitudgral?2024,21224,, HTTP/1.1" 200 8273
181.212.47.137 - - [25/Apr/2024:11:35:24 -0300] "GET /cormun/pexe_scrolldiv.js HTTP/1.1" 404 1009
190.171.143.98 - - [25/Apr/2024:11:35:37 -0300] "GET /cormun/servlet/hlogin HTTP/1.1" 200 1727
190.171.143.98 - - [25/Apr/2024:11:35:44 -0300] "POST /cormun/servlet/hlogin?bb4093e10537c9378c072bd6b3c3d3b3,gx-no-cache=1714055517649 HTTP/1.1" 200 90
190.171.143.98 - - [25/Apr/2024:11:35:44 -0300] "GET /cormun/servlet/hpexe_link HTTP/1.1" 200 968
190.171.143.98 - - [25/Apr/2024:11:35:44 -0300] "GET /cormun/servlet/prfichaempleado?,MD, HTTP/1.1" 200 9339
190.171.143.98 - - [25/Apr/2024:11:36:01 -0300] "POST /cormun/servlet/prfichaempleado?bb4093e10537c9378c072bd6b3c3d3b3,,MD,,gx-no-cache=1714055534242 HTTP/1.1" 200 6338
190.171.143.98 - - [25/Apr/2024:11:36:03 -0300] "POST /cormun/servlet/prfichaempleado?bb4093e10537c9378c072bd6b3c3d3b3,,MD,,gx-no-cache=1714055536506 HTTP/1.1" 200 6008
190.171.143.98 - - [25/Apr/2024:11:36:03 -0300] "GET /cormun/static/Resources/PXToolsGridFirst.gif HTTP/1.1" 200 379
190.171.143.98 - - [25/Apr/2024:11:36:03 -0300] "GET /cormun/static/Resources/PXToolsGridPrevious.gif HTTP/1.1" 200 369
190.171.143.98 - - [25/Apr/2024:11:36:09 -0300] "POST /cormun/servlet/prfichaempleado?bb4093e10537c9378c072bd6b3c3d3b3,,MD,,gx-no-cache=1714055542273 HTTP/1.1" 200 6338
190.171.143.98 - - [25/Apr/2024:11:36:12 -0300] "POST /cormun/servlet/prfichaempleado?bb4093e10537c9378c072bd6b3c3d3b3,,MD,,gx-no-cache=1714055544961 HTTP/1.1" 200 6348
190.171.143.98 - - [25/Apr/2024:11:36:15 -0300] "POST /cormun/servlet/prfichaempleado?bb4093e10537c9378c072bd6b3c3d3b3,,MD,,gx-no-cache=1714055548305 HTTP/1.1" 200 6008
190.171.143.98 - - [25/Apr/2024:11:36:30 -0300] "GET /cormun/servlet/hlogin HTTP/1.1" 200 1727
190.171.142.26 - - [25/Apr/2024:11:36:31 -0300] "POST /cormun/servlet/solicitudot?05bad56127bab7297e45ab9eb0a5ef5c,INS,0,0,false,,gx-no-cache=1714055565165 HTTP/1.1" 200 93
190.171.142.26 - - [25/Apr/2024:11:36:31 -0300] "GET /cormun/servlet/hpexe_return? HTTP/1.1" 200 1013
190.171.142.26 - - [25/Apr/2024:11:36:32 -0300] "GET /cormun/servlet/trsolicitudot? HTTP/1.1" 200 7533
190.171.143.98 - - [25/Apr/2024:11:36:39 -0300] "POST /cormun/servlet/hlogin?bb4093e10537c9378c072bd6b3c3d3b3,gx-no-cache=1714055572913 HTTP/1.1" 200 90
190.171.143.98 - - [25/Apr/2024:11:36:39 -0300] "GET /cormun/servlet/hpexe_link HTTP/1.1" 200 968
190.171.143.98 - - [25/Apr/2024:11:36:40 -0300] "GET /cormun/servlet/prfichaempleado?,MD, HTTP/1.1" 200 9339
190.171.154.42 - - [25/Apr/2024:11:36:41 -0300] "POST /cormun/servlet/solicitudot?gx-no-cache=1714055575988 HTTP/1.1" 200 30
190.171.142.26 - - [25/Apr/2024:11:36:44 -0300] "GET /cormun/servlet/hhome HTTP/1.1" 200 4270
190.171.152.242 - - [25/Apr/2024:11:36:49 -0300] "GET /cormun/servlet/solicitudot?INS,0,0,false, HTTP/1.1" 200 15975
190.171.143.98 - - [25/Apr/2024:11:36:55 -0300] "POST /cormun/servlet/prfichaempleado?bb4093e10537c9378c072bd6b3c3d3b3,,MD,,gx-no-cache=1714055588554 HTTP/1.1" 200 3523
190.171.154.42 - - [25/Apr/2024:11:36:59 -0300] "POST /cormun/servlet/solicitudot?gx-no-cache=1714055593225 HTTP/1.1" 200 1481
190.171.154.42 - - [25/Apr/2024:11:36:59 -0300] "POST /cormun/servlet/solicitudot?gx-no-cache=1714055593259 HTTP/1.1" 200 38
190.171.143.98 - - [25/Apr/2024:11:37:00 -0300] "POST /cormun/servlet/prfichaempleado?bb4093e10537c9378c072bd6b3c3d3b3,,MD,,gx-no-cache=1714055593449 HTTP/1.1" 200 3163
190.171.143.98 - - [25/Apr/2024:11:37:01 -0300] "POST /cormun/servlet/prfichaempleado?bb4093e10537c9378c072bd6b3c3d3b3,,MD,,gx-no-cache=1714055594521 HTTP/1.1" 200 3163
190.171.142.26 - - [25/Apr/2024:11:37:01 -0300] "GET /cormun/servlet/trsolicitudot? HTTP/1.1" 200 7535
190.171.143.98 - - [25/Apr/2024:11:37:01 -0300] "POST /cormun/servlet/prfichaempleado?bb4093e10537c9378c072bd6b3c3d3b3,,MD,,gx-no-cache=1714055595385 HTTP/1.1" 200 3163
190.171.143.98 - - [25/Apr/2024:11:37:02 -0300] "POST /cormun/servlet/prfichaempleado?bb4093e10537c9378c072bd6b3c3d3b3,,MD,,gx-no-cache=1714055595593 HTTP/1.1" 200 3163
190.171.143.98 - - [25/Apr/2024:11:37:02 -0300] "POST /cormun/servlet/prfichaempleado?bb4093e10537c9378c072bd6b3c3d3b3,,MD,,gx-no-cache=1714055595729 HTTP/1.1" 200 3163
190.171.143.98 - - [25/Apr/2024:11:37:02 -0300] "POST /cormun/servlet/prfichaempleado?bb4093e10537c9378c072bd6b3c3d3b3,,MD,,gx-no-cache=1714055596065 HTTP/1.1" 200 3163
190.171.143.98 - - [25/Apr/2024:11:37:02 -0300] "POST /cormun/servlet/prfichaempleado?bb4093e10537c9378c072bd6b3c3d3b3,,MD,,gx-no-cache=1714055596265 HTTP/1.1" 200 3163
190.171.152.242 - - [25/Apr/2024:11:37:15 -0300] "POST /cormun/servlet/solicitudot?gx-no-cache=1714055608142 HTTP/1.1" 200 4022
190.171.152.242 - - [25/Apr/2024:11:37:15 -0300] "POST /cormun/servlet/solicitudot?755ddaafe3a44b27eab0f0a5460180a6,INS,0,0,false,,gx-no-cache=1714055608290 HTTP/1.1" 200 12599
190.171.154.42 - - [25/Apr/2024:11:37:18 -0300] "GET /cormun/servlet/trsolicitudot HTTP/1.1" 200 8762
190.171.152.242 - - [25/Apr/2024:11:37:19 -0300] "GET /cormun/servlet/solicitudot?40a2eb3f50178fb469f0eb8fe9f4ee47888180b542f3fdf58d5ca06b96bec95e46af990916fa4d098518136d2ca41987,gx-no-cache=1714055612548 HTTP/1.1" 200 111
190.171.152.242 - - [25/Apr/2024:11:37:19 -0300] "GET /cormun/static/Shared/jqueryui/images/ui-bg_highlight-soft_100_c6c2c8_1x100.png HTTP/1.1" 404 1117
190.171.152.242 - - [25/Apr/2024:11:37:19 -0300] "GET /cormun/static/Shared/jqueryui/images/ui-icons_82798d_256x240.png HTTP/1.1" 404 1089
190.171.152.242 - - [25/Apr/2024:11:37:19 -0300] "GET /cormun/static/Shared/jqueryui/images/ui-bg_flat_55_994d53_40x100.png HTTP/1.1" 404 1097
190.171.152.242 - - [25/Apr/2024:11:37:19 -0300] "GET /cormun/static/Shared/jqueryui/images/ui-icons_ebccce_256x240.png HTTP/1.1" 404 1089
190.171.142.26 - - [25/Apr/2024:11:37:21 -0300] "GET /cormun/servlet/trsolicitudot? HTTP/1.1" 200 7534
190.171.154.42 - - [25/Apr/2024:11:37:33 -0300] "POST /cormun/servlet/trsolicitudot?686d016c2504dfd8b44616c4adc6e01c,gx-no-cache=1714055627295 HTTP/1.1" 200 7733
190.171.152.242 - - [25/Apr/2024:11:37:39 -0300] "POST /cormun/servlet/solicitudot?755ddaafe3a44b27eab0f0a5460180a6,INS,0,0,false,,gx-no-cache=1714055633040 HTTP/1.1" 200 93
190.171.152.242 - - [25/Apr/2024:11:37:39 -0300] "GET /cormun/servlet/hpexe_return? HTTP/1.1" 200 1004
190.171.152.242 - - [25/Apr/2024:11:37:39 -0300] "GET /cormun/servlet/trsolicitudot HTTP/1.1" 200 7210
190.171.154.42 - - [25/Apr/2024:11:37:40 -0300] "GET /cormun/servlet/vesolicitudot?2023,19521,, HTTP/1.1" 200 8598
190.171.154.42 - - [25/Apr/2024:11:37:40 -0300] "GET /cormun/pexe_scrolldiv.js HTTP/1.1" 404 1009
190.171.154.42 - - [25/Apr/2024:11:37:50 -0300] "GET /cormun/servlet/trsolicitudot HTTP/1.1" 200 10682
190.171.154.42 - - [25/Apr/2024:11:37:51 -0300] "GET /cormun/servlet/hlogin HTTP/1.1" 200 1738
190.171.143.98 - - [25/Apr/2024:11:37:55 -0300] "GET /cormun/servlet/hlogin HTTP/1.1" 200 1727
190.171.154.42 - - [25/Apr/2024:11:37:58 -0300] "POST /cormun/servlet/hlogin?686d016c2504dfd8b44616c4adc6e01c,gx-no-cache=1714055652470 HTTP/1.1" 200 90
190.171.154.42 - - [25/Apr/2024:11:37:58 -0300] "GET /cormun/servlet/hpexe_link HTTP/1.1" 200 957
190.171.154.42 - - [25/Apr/2024:11:37:58 -0300] "GET /cormun/servlet/trsolicitudot HTTP/1.1" 200 10684
190.171.142.26 - - [25/Apr/2024:11:38:01 -0300] "GET /cormun/servlet/solicitudot?INS,0,0,false, HTTP/1.1" 200 16254
190.171.152.242 - - [25/Apr/2024:11:38:02 -0300] "GET /cormun/servlet/trsolicitudot? HTTP/1.1" 200 7206
190.171.143.98 - - [25/Apr/2024:11:38:10 -0300] "POST /cormun/servlet/hlogin?bb4093e10537c9378c072bd6b3c3d3b3,gx-no-cache=1714055663921 HTTP/1.1" 200 90
190.171.143.98 - - [25/Apr/2024:11:38:10 -0300] "GET /cormun/servlet/hpexe_link HTTP/1.1" 200 968
190.171.154.42 - - [25/Apr/2024:11:38:11 -0300] "POST /cormun/servlet/trsolicitudot?686d016c2504dfd8b44616c4adc6e01c,gx-no-cache=1714055665106 HTTP/1.1" 200 4383
190.171.143.98 - - [25/Apr/2024:11:38:11 -0300] "GET /cormun/servlet/prfichaempleado?,MD, HTTP/1.1" 200 9339
190.171.154.42 - - [25/Apr/2024:11:38:13 -0300] "GET /cormun/servlet/solicitudot?INS,0,0,false, HTTP/1.1" 200 16261
190.171.143.98 - - [25/Apr/2024:11:38:14 -0300] "GET /cormun/servlet/hlogin HTTP/1.1" 200 1749
190.171.154.42 - - [25/Apr/2024:11:38:16 -0300] "GET /cormun/servlet/prfichaempleado?,MD,,gxPopupLevel%3D0%3B HTTP/1.1" 200 9297
190.171.142.26 - - [25/Apr/2024:11:38:17 -0300] "POST /cormun/servlet/solicitudot?gx-no-cache=1714055670492 HTTP/1.1" 200 4031
190.171.142.26 - - [25/Apr/2024:11:38:17 -0300] "POST /cormun/servlet/solicitudot?05bad56127bab7297e45ab9eb0a5ef5c,INS,0,0,false,,gx-no-cache=1714055670678 HTTP/1.1" 200 12890
190.171.154.42 - - [25/Apr/2024:11:38:23 -0300] "POST /cormun/servlet/prfichaempleado?686d016c2504dfd8b44616c4adc6e01c,,MD,,gxPopupLevel%3D0%3B,gx-no-cache=1714055677019 HTTP/1.1" 200 3410
190.171.143.98 - - [25/Apr/2024:11:38:23 -0300] "POST /cormun/servlet/hlogin?bb4093e10537c9378c072bd6b3c3d3b3,gx-no-cache=1714055676880 HTTP/1.1" 200 90
190.171.143.98 - - [25/Apr/2024:11:38:23 -0300] "GET /cormun/servlet/hpexe_link HTTP/1.1" 200 968
190.171.142.26 - - [25/Apr/2024:11:38:23 -0300] "GET /cormun/servlet/solicitudot?394c6a91beabbf79c248e9eea96f2b20ae3ff0561332a4345610305ca1c80de1a1579c67a31a8316c4790b4f282280dc,gx-no-cache=1714055677196 HTTP/1.1" 200 30
190.171.143.98 - - [25/Apr/2024:11:38:24 -0300] "GET /cormun/servlet/prfichaempleado?,MD, HTTP/1.1" 200 9339
190.171.152.242 - - [25/Apr/2024:11:38:25 -0300] "GET /cormun/servlet/trcontratoobservacion? HTTP/1.1" 200 8975
190.171.154.42 - - [25/Apr/2024:11:38:27 -0300] "POST /cormun/servlet/solicitudot?gx-no-cache=1714055681305 HTTP/1.1" 200 4154
190.171.154.42 - - [25/Apr/2024:11:38:27 -0300] "POST /cormun/servlet/solicitudot?686d016c2504dfd8b44616c4adc6e01c,INS,0,0,false,,gx-no-cache=1714055681536 HTTP/1.1" 200 13036
190.171.152.242 - - [25/Apr/2024:11:38:33 -0300] "GET /cormun/servlet/trsolicitudot? HTTP/1.1" 200 7207
190.171.143.98 - - [25/Apr/2024:11:38:37 -0300] "POST /cormun/servlet/prfichaempleado?bb4093e10537c9378c072bd6b3c3d3b3,,MD,,gx-no-cache=1714055690834 HTTP/1.1" 200 6338
190.171.154.42 - - [25/Apr/2024:11:38:44 -0300] "GET /cormun/servlet/solicitudot?893069d599bba0412b645555073500eda1615331b59143ca7aba82e04a78d2d3b8898d0f83146aa0ef7b163a6888c604,gx-no-cache=1714055698542 HTTP/1.1" 200 30
190.171.143.98 - - [25/Apr/2024:11:38:45 -0300] "POST /cormun/servlet/prfichaempleado?bb4093e10537c9378c072bd6b3c3d3b3,,MD,,gx-no-cache=1714055697986 HTTP/1.1" 200 6348
190.171.143.98 - - [25/Apr/2024:11:38:48 -0300] "POST /cormun/servlet/prfichaempleado?bb4093e10537c9378c072bd6b3c3d3b3,,MD,,gx-no-cache=1714055701009 HTTP/1.1" 200 6338
190.171.143.98 - - [25/Apr/2024:11:38:48 -0300] "POST /cormun/servlet/prfichaempleado?bb4093e10537c9378c072bd6b3c3d3b3,,MD,,gx-no-cache=1714055701817 HTTP/1.1" 200 6338
190.171.143.98 - - [25/Apr/2024:11:38:50 -0300] "POST /cormun/servlet/prfichaempleado?bb4093e10537c9378c072bd6b3c3d3b3,,MD,,gx-no-cache=1714055703121 HTTP/1.1" 200 6338
190.171.143.98 - - [25/Apr/2024:11:38:50 -0300] "POST /cormun/servlet/prfichaempleado?bb4093e10537c9378c072bd6b3c3d3b3,,MD,,gx-no-cache=1714055703857 HTTP/1.1" 200 6338
190.171.154.42 - - [25/Apr/2024:11:38:51 -0300] "GET /cormun/servlet/solicitudot?893069d599bba0412b645555073500edbf962eca0ee155c91af2d8e51382d50676c1fdbc5bea8e6410c741ca27a336f3b8898d0f83146aa0ef7b163a6888c604,gx-no-cache=1714055705577 HTTP/1.1" 200 30
190.171.154.42 - - [25/Apr/2024:11:38:51 -0300] "GET /cormun/servlet/solicitudot?893069d599bba0412b645555073500ed1ecdbcf5163a272e6bfcbd50661b8df6,gx-no-cache=1714055705596 HTTP/1.1" 200 51
190.171.154.42 - - [25/Apr/2024:11:38:51 -0300] "POST /cormun/servlet/solicitudot?gx-no-cache=1714055705623 HTTP/1.1" 200 297
190.171.154.42 - - [25/Apr/2024:11:38:51 -0300] "GET /cormun/servlet/solicitudot?893069d599bba0412b645555073500edc4c2ab8135f7e5c796b78dc5fcd58a993f0567ea7c5f3b46d54cbf4604bb7b1c7fbdf45393bb47b79ffce5689a081c312084e7ad74a653b8d236462f41d8f16057e9484f67250500936d0e4145ce4f6d6afbfbfef493250f0f74a9c0d44eea53a37d45701d407cda20e2eff1cb18fd92e7b9193b6a005e305a7aef7cf9cc0e367fc7237c982112fb7458f8a3972f9f9585aee2b1bee93f3d6ecac6d8f632f488b299b20f63abbf0eb69fbce73307f40fcba67a27cec8cb23163af48f38a777d18043c93c73f4cba3f313b645813b892ba7489eb44c9466708548c277e3a2499caaa6c92865be3c63d4686e11041294248fd9cff5a02d9d1e5010c93f98f9c3d3a6844e51f590224a3fef1f31348084e06ef811802cf4ad1b2490878d2034631605d462e077f4d92dbc8ffc6f0da49351d0dd6a62c79efe1e1e4095523ab2f4dc5b9df173b1a19a22e11d1eff4d988ad0d9558ac5f3fa01931cc3dfb044ec060346e27e5ca7a3b5382e353cc89e4deefcd4a2283c66c83a99234f7875f598b2ae,gx-no-cache=1714055705674 HTTP/1.1" 200 30
190.171.154.42 - - [25/Apr/2024:11:38:53 -0300] "POST /cormun/servlet/solicitudot?gx-no-cache=1714055707609 HTTP/1.1" 200 30
190.171.154.42 - - [25/Apr/2024:11:38:56 -0300] "POST /cormun/servlet/solicitudot?gx-no-cache=1714055710835 HTTP/1.1" 200 1481
190.171.154.42 - - [25/Apr/2024:11:38:56 -0300] "POST /cormun/servlet/solicitudot?gx-no-cache=1714055710878 HTTP/1.1" 200 38
190.171.154.42 - - [25/Apr/2024:11:38:56 -0300] "GET /cormun/servlet/solicitudot?893069d599bba0412b645555073500ed0987c915416fa5c5fd96b7e154f5335745f1ed6edf5272ff94f1ee197fa576a1f7a99011ce5de645dbeb0f7f22609a24efd6f2105d95c14f8915c87cd7dcbfd3dd7367002a4e5a2ae95f7bbd55497eccfdf97d0ae68363a1e4d6ee46ae9e2fac,gx-no-cache=1714055710900 HTTP/1.1" 200 110
190.171.152.242 - - [25/Apr/2024:11:39:04 -0300] "GET /cormun/servlet/trlicencias? HTTP/1.1" 200 10906
190.171.154.42 - - [25/Apr/2024:11:39:15 -0300] "POST /cormun/servlet/solicitudot?gx-no-cache=1714055729705 HTTP/1.1" 200 72
190.171.154.42 - - [25/Apr/2024:11:39:24 -0300] "GET /cormun/servlet/solicitudot?893069d599bba0412b645555073500edbd62d631a366f851a1350b6d6343af6e80c51f8e2a785003c243c0a205d4d8c46f76fbad5f3d9ae4604cfa3b735566c8a4906a7ffe7423328e34ec52b95bb7f00d66a94157be35e3c1c2f6281c1f27efb2674617e54cb043f5cd46a88b208116,gx-no-cache=1714055738860 HTTP/1.1" 200 29
190.171.154.42 - - [25/Apr/2024:11:39:24 -0300] "GET /cormun/static/menuarrow.gif HTTP/1.1" 404 1015
190.171.154.42 - - [25/Apr/2024:11:39:29 -0300] "GET /cormun/servlet/solicitudot?893069d599bba0412b645555073500ed9e8a741125f3c39094cd1c6224669d0a4d4b4e3c37dec04880322109edef42ee,gx-no-cache=1714055743839 HTTP/1.1" 200 30
190.171.142.26 - - [25/Apr/2024:11:39:42 -0300] "GET /cormun/servlet/prbanco?,MD,,gxPopupLevel%3D0%3B HTTP/1.1" 200 6593
190.171.142.26 - - [25/Apr/2024:11:39:49 -0300] "GET /cormun/servlet/solicitudot?394c6a91beabbf79c248e9eea96f2b204f7d709f0a175a4b88f0515014030d839bd71ca74d175197f46b0090013878e2,gx-no-cache=1714055763347 HTTP/1.1" 200 30
190.171.142.26 - - [25/Apr/2024:11:39:51 -0300] "GET /cormun/servlet/solicitudot?394c6a91beabbf79c248e9eea96f2b2021171dc7d5db4b8fdae834a8445943b4,gx-no-cache=1714055765374 HTTP/1.1" 200 53
190.171.154.42 - - [25/Apr/2024:11:39:58 -0300] "POST /cormun/servlet/solicitudot?gx-no-cache=1714055772903 HTTP/1.1" 200 30
190.171.152.242 - - [25/Apr/2024:11:40:01 -0300] "GET /cormun/servlet/trsolicitudot? HTTP/1.1" 200 7206
181.212.47.137 - - [25/Apr/2024:11:40:49 -0300] "GET /cormun/servlet/trsolicitudgral? HTTP/1.1" 200 28468
181.212.47.137 - - [25/Apr/2024:11:40:59 -0300] "GET /cormun/servlet/vesolicitudgral?2024,21327,, HTTP/1.1" 200 8274
181.212.47.137 - - [25/Apr/2024:11:40:59 -0300] "GET /cormun/pexe_scrolldiv.js HTTP/1.1" 404 1009
190.171.152.242 - - [25/Apr/2024:11:42:19 -0300] "GET /cormun/servlet/trsolicitudot? HTTP/1.1" 200 7206
190.171.143.98 - - [25/Apr/2024:11:42:24 -0300] "GET /cormun/servlet/hlogin HTTP/1.1" 200 1727
190.171.154.42 - - [25/Apr/2024:11:42:31 -0300] "GET /cormun/servlet/solicitudot?893069d599bba0412b645555073500ed4a15ee711f2ae6e07a737e623c6dc2ca164a12787f232b60cb08b87cc0c1df5fe3873b9b692b661f9daac0c046b522b0,gx-no-cache=1714055925354 HTTP/1.1" 200 30
190.171.143.98 - - [25/Apr/2024:11:42:31 -0300] "POST /cormun/servlet/hlogin?bb4093e10537c9378c072bd6b3c3d3b3,gx-no-cache=1714055925065 HTTP/1.1" 200 90
190.171.143.98 - - [25/Apr/2024:11:42:31 -0300] "GET /cormun/servlet/hpexe_link HTTP/1.1" 200 968
190.171.143.98 - - [25/Apr/2024:11:42:32 -0300] "GET /cormun/servlet/prfichaempleado?,MD, HTTP/1.1" 200 9339
190.171.154.42 - - [25/Apr/2024:11:42:44 -0300] "POST /cormun/servlet/solicitudot?gx-no-cache=1714055938799 HTTP/1.1" 200 297
190.171.154.42 - - [25/Apr/2024:11:42:44 -0300] "GET /cormun/servlet/solicitudot?893069d599bba0412b645555073500edc4c2ab8135f7e5c796b78dc5fcd58a993f0567ea7c5f3b46d54cbf4604bb7b1c7fbdf45393bb47b79ffce5689a081c312084e7ad74a653b8d236462f41d8f16057e9484f67250500936d0e4145ce4f6d6afbfbfef493250f0f74a9c0d44eea53a37d45701d407cda20e2eff1cb18fd92e7b9193b6a005e305a7aef7cf9cc0e367fc7237c982112fb7458f8a3972f9f9585aee2b1bee93f3d6ecac6d8f632f488b299b20f63abbf0eb69fbce73307f40fcba67a27cec8cb23163af48f38a777d18043c93c73f4cba3f313b645813b892ba7489eb44c9466708548c277e3a2499caaa6c92865be3c63d4686e11041294248fd9cff5a02d9d1e5010c93f98f9c3d3a6844e51f590224a3fef1f31348084e06ef811802cf4ad1b2490878d2034631605d462e077f4d92dbc8ffc6f0da49351d0dd6a62c79efe1e1e4095523ab2f4dc5b9df173b1a19a22e11d1eff4d988ad0d9558ac5f3fa01931cc3dfb044ec060333b3c33160c8b7bae842eb5abc0e20bbd4a2283c66c83a99234f7875f598b2ae,gx-no-cache=1714055938832 HTTP/1.1" 200 30
190.171.154.42 - - [25/Apr/2024:11:42:44 -0300] "POST /cormun/servlet/solicitudot?gx-no-cache=1714055938872 HTTP/1.1" 200 30
190.171.154.42 - - [25/Apr/2024:11:42:44 -0300] "POST /cormun/servlet/solicitudot?gx-no-cache=1714055938925 HTTP/1.1" 200 1481
190.171.154.42 - - [25/Apr/2024:11:42:44 -0300] "POST /cormun/servlet/solicitudot?gx-no-cache=1714055938986 HTTP/1.1" 200 38
190.171.154.42 - - [25/Apr/2024:11:42:44 -0300] "GET /cormun/servlet/solicitudot?893069d599bba0412b645555073500ed0987c915416fa5c5fd96b7e154f5335745f1ed6edf5272ff94f1ee197fa576a1f7a99011ce5de645dbeb0f7f22609a24efd6f2105d95c14f8915c87cd7dcbfd3dd7367002a4e5a2ae95f7bbd55497eccfdf97d0ae68363a1e4d6ee46ae9e2fac,gx-no-cache=1714055939010 HTTP/1.1" 200 110
190.171.154.42 - - [25/Apr/2024:11:42:44 -0300] "POST /cormun/servlet/solicitudot?gx-no-cache=1714055939064 HTTP/1.1" 200 79
190.171.154.42 - - [25/Apr/2024:11:42:45 -0300] "GET /cormun/servlet/solicitudot?893069d599bba0412b645555073500ed9e8a741125f3c39094cd1c6224669d0a4d4b4e3c37dec04880322109edef42ee,gx-no-cache=1714055939099 HTTP/1.1" 200 30
190.171.154.42 - - [25/Apr/2024:11:42:45 -0300] "POST /cormun/servlet/solicitudot?gx-no-cache=1714055939150 HTTP/1.1" 200 30
190.171.154.42 - - [25/Apr/2024:11:42:45 -0300] "POST /cormun/servlet/solicitudot?686d016c2504dfd8b44616c4adc6e01c,INS,0,0,false,,gx-no-cache=1714055939193 HTTP/1.1" 200 93
190.171.154.42 - - [25/Apr/2024:11:42:45 -0300] "GET /cormun/servlet/hpexe_return? HTTP/1.1" 200 1030
190.171.154.42 - - [25/Apr/2024:11:42:45 -0300] "GET /cormun/servlet/trsolicitudot?gx-no-cache=1714055665106 HTTP/1.1" 200 8793
190.171.152.242 - - [25/Apr/2024:11:42:46 -0300] "POST /cormun/servlet/trsolicitudot?755ddaafe3a44b27eab0f0a5460180a6,,gx-no-cache=1714055939889 HTTP/1.1" 200 4346
190.171.152.242 - - [25/Apr/2024:11:42:47 -0300] "POST /cormun/servlet/trsolicitudot?755ddaafe3a44b27eab0f0a5460180a6,,gx-no-cache=1714055941134 HTTP/1.1" 200 4345
190.171.154.42 - - [25/Apr/2024:11:42:53 -0300] "POST /cormun/servlet/trsolicitudot?686d016c2504dfd8b44616c4adc6e01c,gx-no-cache=1714055665106,gx-no-cache=1714055947017 HTTP/1.1" 200 6061
190.171.154.42 - - [25/Apr/2024:11:42:53 -0300] "GET /cormun/static/Shared/jqueryui/images/ui-bg_highlight-soft_100_c6c2c8_1x100.png HTTP/1.1" 404 1117
190.171.154.42 - - [25/Apr/2024:11:42:53 -0300] "GET /cormun/static/Shared/jqueryui/images/ui-icons_82798d_256x240.png HTTP/1.1" 404 1089
190.171.154.42 - - [25/Apr/2024:11:42:53 -0300] "GET /cormun/static/Shared/jqueryui/images/ui-bg_flat_55_fafafa_40x100.png HTTP/1.1" 404 1097
190.171.154.42 - - [25/Apr/2024:11:42:53 -0300] "GET /cormun/static/Shared/jqueryui/images/ui-icons_8d78a5_256x240.png HTTP/1.1" 404 1089
190.171.143.98 - - [25/Apr/2024:11:42:59 -0300] "POST /cormun/servlet/prfichaempleado?bb4093e10537c9378c072bd6b3c3d3b3,,MD,,gx-no-cache=1714055952634 HTTP/1.1" 200 6550
190.171.143.98 - - [25/Apr/2024:11:43:09 -0300] "POST /cormun/servlet/prfichaempleado?bb4093e10537c9378c072bd6b3c3d3b3,,MD,,gx-no-cache=1714055963273 HTTP/1.1" 200 3163
190.171.143.98 - - [25/Apr/2024:11:43:11 -0300] "POST /cormun/servlet/prfichaempleado?bb4093e10537c9378c072bd6b3c3d3b3,,MD,,gx-no-cache=1714055964897 HTTP/1.1" 200 3163
190.171.143.98 - - [25/Apr/2024:11:43:12 -0300] "POST /cormun/servlet/prfichaempleado?bb4093e10537c9378c072bd6b3c3d3b3,,MD,,gx-no-cache=1714055965777 HTTP/1.1" 200 3163
190.171.143.98 - - [25/Apr/2024:11:43:12 -0300] "POST /cormun/servlet/prfichaempleado?bb4093e10537c9378c072bd6b3c3d3b3,,MD,,gx-no-cache=1714055965985 HTTP/1.1" 200 3163
190.171.143.98 - - [25/Apr/2024:11:43:12 -0300] "POST /cormun/servlet/prfichaempleado?bb4093e10537c9378c072bd6b3c3d3b3,,MD,,gx-no-cache=1714055966161 HTTP/1.1" 200 3163
190.171.143.98 - - [25/Apr/2024:11:43:12 -0300] "POST /cormun/servlet/prfichaempleado?bb4093e10537c9378c072bd6b3c3d3b3,,MD,,gx-no-cache=1714055966369 HTTP/1.1" 200 3163
190.171.142.26 - - [25/Apr/2024:11:43:36 -0300] "POST /cormun/servlet/solicitudot?gx-no-cache=1714055990419 HTTP/1.1" 200 240
190.171.142.26 - - [25/Apr/2024:11:43:44 -0300] "GET /cormun/servlet/solicitudot?394c6a91beabbf79c248e9eea96f2b20108cc9bc4715f3797725f35edf7647974d93f2f1f3b060903c36f9424c8bf2694f8020961a31b19f60ed81fe047438fc24a80800e60c86b224c83e72e633184736b0753b9669b3398ba059cd6d1c1ec26ca47b9ea52ca8134e786d3c7b7087a2338bcbf9d5e25c67d22394b858f98e6d9d9bba38be605282abd331c1db16a1b13000454f29de93214f009b7fa78a716b63a9e752ab09d4348c00997544c65dabbc344eddb355a326cd033db3cad9c5aedf40c09357d7466f5984ec5bad9525346325d489a0c2c365061e538379509d987cba6058371b755822c088fd7b0d7f1c60c0920456faa317b51b34dfeadb911dc8962a5bd6ba54c76e8fb044dd98cd37c8d0ac012ef1db118df76d2048e234654b1441e28b105fef4bc8b2427a99e020093df9db2062fb7944b264eae5d1bf345039417c42b51116a8f6d28b8fa9275009c7e0f9286a79f7338fe60c00fa9cf6b9981110deac783d1bc20d71c8d5ac21f2a726cbb306551418d580080cd6cf58,gx-no-cache=1714055998103 HTTP/1.1" 200 30
190.171.143.98 - - [25/Apr/2024:11:43:48 -0300] "GET /cormun/servlet/hlogin HTTP/1.1" 200 1727
190.171.143.98 - - [25/Apr/2024:11:43:55 -0300] "POST /cormun/servlet/hlogin?bb4093e10537c9378c072bd6b3c3d3b3,gx-no-cache=1714056008673 HTTP/1.1" 200 90
190.171.143.98 - - [25/Apr/2024:11:43:55 -0300] "GET /cormun/servlet/hpexe_link HTTP/1.1" 200 968
190.171.143.98 - - [25/Apr/2024:11:43:55 -0300] "GET /cormun/servlet/prfichaempleado?,MD, HTTP/1.1" 200 9339
190.171.142.26 - - [25/Apr/2024:11:43:59 -0300] "POST /cormun/servlet/solicitudot?gx-no-cache=1714056012762 HTTP/1.1" 200 30
190.171.143.98 - - [25/Apr/2024:11:44:04 -0300] "GET /cormun/servlet/hlogin HTTP/1.1" 200 1727
190.171.142.26 - - [25/Apr/2024:11:44:18 -0300] "POST /cormun/servlet/solicitudot?gx-no-cache=1714056031483 HTTP/1.1" 200 1483
190.171.142.26 - - [25/Apr/2024:11:44:18 -0300] "GET /cormun/static/menuarrow.gif HTTP/1.1" 404 1015
190.171.154.42 - - [25/Apr/2024:11:45:03 -0300] "POST /cormun/servlet/trsolicitudot?686d016c2504dfd8b44616c4adc6e01c,gx-no-cache=1714055665106,gx-no-cache=1714056077592 HTTP/1.1" 200 112
190.171.154.42 - - [25/Apr/2024:11:45:03 -0300] "GET /cormun/servlet/solicitudot?UPD,2024,21330,false, HTTP/1.1" 200 16981
190.171.154.42 - - [25/Apr/2024:11:45:04 -0300] "POST /cormun/servlet/solicitudot?gx-no-cache=1714056078428 HTTP/1.1" 200 4113
190.171.154.42 - - [25/Apr/2024:11:45:04 -0300] "POST /cormun/servlet/solicitudot?686d016c2504dfd8b44616c4adc6e01c,UPD,2024,21330,false,,gx-no-cache=1714056078592 HTTP/1.1" 200 13080
190.171.154.42 - - [25/Apr/2024:11:45:04 -0300] "GET /cormun/servlet/solicitudot?893069d599bba0412b645555073500eda1615331b59143ca7aba82e04a78d2d3a06eab29e3ff18423c2cf4d18c1d816b,gx-no-cache=1714056078702 HTTP/1.1" 200 30
190.171.154.42 - - [25/Apr/2024:11:45:04 -0300] "GET /cormun/servlet/solicitudot?893069d599bba0412b645555073500ed4a15ee711f2ae6e07a737e623c6dc2ca164a12787f232b60cb08b87cc0c1df5fe3873b9b692b661f9daac0c046b522b0,gx-no-cache=1714056078723 HTTP/1.1" 200 30
190.171.154.42 - - [25/Apr/2024:11:45:04 -0300] "GET /cormun/servlet/solicitudot?893069d599bba0412b645555073500ed774707452cb681086bc2fcec00230eac7198dcb6a348f14737d7e5e7b79e669d47374799d074b41f495e1d663df99121,gx-no-cache=1714056078741 HTTP/1.1" 200 51
190.171.154.42 - - [25/Apr/2024:11:45:04 -0300] "POST /cormun/servlet/solicitudot?gx-no-cache=1714056078763 HTTP/1.1" 200 297
190.171.154.42 - - [25/Apr/2024:11:45:04 -0300] "GET /cormun/servlet/solicitudot?893069d599bba0412b645555073500edc4c2ab8135f7e5c796b78dc5fcd58a993f0567ea7c5f3b46d54cbf4604bb7b1c7fbdf45393bb47b79ffce5689a081c312084e7ad74a653b8d236462f41d8f16057e9484f67250500936d0e4145ce4f6d6afbfbfef493250f0f74a9c0d44eea53a37d45701d407cda20e2eff1cb18fd92e7b9193b6a005e305a7aef7cf9cc0e367fc7237c982112fb7458f8a3972f9f9585aee2b1bee93f3d6ecac6d8f632f488b299b20f63abbf0eb69fbce73307f40fcba67a27cec8cb23163af48f38a777d18043c93c73f4cba3f313b645813b892ba7489eb44c9466708548c277e3a2499caaa6c92865be3c63d4686e11041294248fd9cff5a02d9d1e5010c93f98f9c3d3a6844e51f590224a3fef1f31348084e06ef811802cf4ad1b2490878d2034631605d462e077f4d92dbc8ffc6f0da49351d0dd6a62c79efe1e1e4095523ab2f4dc5b9df173b1a19a22e11d1eff4d988ad0d9558ac5f3fa01931cc3dfb044ec060333b3c33160c8b7bae842eb5abc0e20bbd4a2283c66c83a99234f7875f598b2ae,gx-no-cache=1714056078794 HTTP/1.1" 200 30
190.171.154.42 - - [25/Apr/2024:11:45:04 -0300] "POST /cormun/servlet/solicitudot?gx-no-cache=1714056078818 HTTP/1.1" 200 30
190.171.154.42 - - [25/Apr/2024:11:45:04 -0300] "POST /cormun/servlet/solicitudot?gx-no-cache=1714056078849 HTTP/1.1" 200 1481
190.171.154.42 - - [25/Apr/2024:11:45:04 -0300] "POST /cormun/servlet/solicitudot?gx-no-cache=1714056078880 HTTP/1.1" 200 38
190.171.154.42 - - [25/Apr/2024:11:45:14 -0300] "GET /cormun/servlet/solicitudot?893069d599bba0412b645555073500ed0987c915416fa5c5fd96b7e154f5335745f1ed6edf5272ff94f1ee197fa576a1f7a99011ce5de645dbeb0f7f22609a24efd6f2105d95c14f8915c87cd7dcbfd3dd7367002a4e5a2ae95f7bbd55497eccfdf97d0ae68363a1e4d6ee46ae9e2fac,gx-no-cache=1714056088074 HTTP/1.1" 200 110
190.171.154.42 - - [25/Apr/2024:11:45:58 -0300] "POST /cormun/servlet/solicitudot?gx-no-cache=1714056132323 HTTP/1.1" 200 72
181.212.47.136 - - [25/Apr/2024:11:45:59 -0300] "GET /cormun/servlet/hlogin HTTP/1.1" 200 1723
190.171.153.26 - - [25/Apr/2024:11:46:09 -0300] "GET /cormun/servlet/hlogin HTTP/1.1" 200 1721
181.212.47.136 - - [25/Apr/2024:11:46:15 -0300] "POST /cormun/servlet/hlogin?5f0c4ea435d4d7825dd156a8507d4c9c,gx-no-cache=1714056146102 HTTP/1.1" 200 90
181.212.47.136 - - [25/Apr/2024:11:46:15 -0300] "GET /cormun/servlet/hpexe_link HTTP/1.1" 200 960
181.212.47.136 - - [25/Apr/2024:11:46:15 -0300] "GET /cormun/servlet/trsolicitudgral HTTP/1.1" 200 10620
190.171.142.26 - - [25/Apr/2024:11:46:20 -0300] "POST /cormun/servlet/solicitudot?gx-no-cache=1714056154101 HTTP/1.1" 200 118
190.171.142.26 - - [25/Apr/2024:11:46:20 -0300] "GET /cormun/static/Shared/jqueryui/images/ui-bg_highlight-soft_100_c6c2c8_1x100.png HTTP/1.1" 404 1117
190.171.142.26 - - [25/Apr/2024:11:46:20 -0300] "GET /cormun/static/Shared/jqueryui/images/ui-icons_82798d_256x240.png HTTP/1.1" 404 1089
190.171.142.26 - - [25/Apr/2024:11:46:20 -0300] "GET /cormun/static/Shared/jqueryui/images/ui-bg_flat_55_994d53_40x100.png HTTP/1.1" 404 1097
190.171.142.26 - - [25/Apr/2024:11:46:20 -0300] "GET /cormun/static/Shared/jqueryui/images/ui-icons_ebccce_256x240.png HTTP/1.1" 404 1089
181.212.47.136 - - [25/Apr/2024:11:46:21 -0300] "POST /cormun/servlet/trsolicitudgral?5f0c4ea435d4d7825dd156a8507d4c9c,gx-no-cache=1714056152225 HTTP/1.1" 200 90
181.212.47.136 - - [25/Apr/2024:11:46:21 -0300] "GET /cormun/servlet/hpexe_link HTTP/1.1" 200 959
181.212.47.136 - - [25/Apr/2024:11:46:21 -0300] "GET /cormun/servlet/hhome HTTP/1.1" 200 3822
181.212.47.136 - - [25/Apr/2024:11:46:23 -0300] "GET /cormun/servlet/trsolicitudgral? HTTP/1.1" 200 10621
190.171.153.26 - - [25/Apr/2024:11:46:37 -0300] "POST /cormun/servlet/hlogin?c8c4e22f0db2cc141adebba6d18059a0,gx-no-cache=1714056176740 HTTP/1.1" 200 90
190.171.153.26 - - [25/Apr/2024:11:46:37 -0300] "GET /cormun/servlet/hpexe_link HTTP/1.1" 200 952
190.171.153.26 - - [25/Apr/2024:11:46:38 -0300] "GET /cormun/servlet/hhome HTTP/1.1" 200 3974
190.171.153.26 - - [25/Apr/2024:11:46:39 -0300] "GET /cormun/servlet/hhome HTTP/1.1" 200 3970
190.171.153.26 - - [25/Apr/2024:11:46:55 -0300] "GET /cormun/servlet/trsolicitudot? HTTP/1.1" 200 7188
190.171.153.26 - - [25/Apr/2024:11:46:55 -0300] "GET /cormun/servlet/trsolicitudot? HTTP/1.1" 200 7187
190.171.152.242 - - [25/Apr/2024:11:46:57 -0300] "GET /cormun/servlet/hlogin HTTP/1.1" 200 1716
190.171.153.26 - - [25/Apr/2024:11:46:58 -0300] "GET /cormun/servlet/solicitudot?INS,0,0,false, HTTP/1.1" 200 15963
190.171.153.26 - - [25/Apr/2024:11:46:59 -0300] "GET /cormun/servlet/solicitudot?INS,0,0,false, HTTP/1.1" 200 15971
190.171.152.242 - - [25/Apr/2024:11:47:01 -0300] "POST /cormun/servlet/hlogin?755ddaafe3a44b27eab0f0a5460180a6,gx-no-cache=1714056194206 HTTP/1.1" 200 90
190.171.152.242 - - [25/Apr/2024:11:47:01 -0300] "GET /cormun/servlet/hpexe_link HTTP/1.1" 200 954
190.171.152.242 - - [25/Apr/2024:11:47:01 -0300] "GET /cormun/servlet/trsolicitudot? HTTP/1.1" 200 7208
190.171.142.26 - - [25/Apr/2024:11:47:08 -0300] "GET /cormun/servlet/solicitudot?394c6a91beabbf79c248e9eea96f2b20e13a27d9c937b6a49d35810e6b122309d49d6d00846a7b705f1bd245320332ed71e73616972c8bfa19601aa1f39cf3ebea61cec987ceb8602258ff23759c4a549c4529a9bfda7bddfe5a84cbd288e2a2befe5b80ea36aae4a6d903602641b76a,gx-no-cache=1714056201515 HTTP/1.1" 200 110
