181.212.47.137 - - [25/Apr/2024:16:35:56 -0300] "GET /cormun/PublicTempStorage/fonasa_andrea_rivero1852263.pdf HTTP/1.1" 200 71800
181.212.47.137 - - [25/Apr/2024:16:35:58 -0300] "GET /cormun/servlet/vesolicitudgral?2024,21334,,SolicitudOTAdjuntos HTTP/1.1" 200 11019
181.212.47.137 - - [25/Apr/2024:16:36:00 -0300] "POST /cormun/servlet/acontrolpreferencessavestate?None,RRHH+DANIELA,true HTTP/1.1" 200 35
181.212.47.137 - - [25/Apr/2024:16:36:08 -0300] "GET /cormun/servlet/vesolicitudgral?2024,21334,,General HTTP/1.1" 200 8401
181.212.47.137 - - [25/Apr/2024:16:36:08 -0300] "GET /cormun/pexe_scrolldiv.js HTTP/1.1" 404 1009
181.212.47.137 - - [25/Apr/2024:16:38:33 -0300] "GET /cormun/servlet/trsolicitudgral? HTTP/1.1" 200 10810
181.212.47.137 - - [25/Apr/2024:16:38:57 -0300] "POST /cormun/servlet/trsolicitudgral?5a25bda040b98bb7fd99333a5c6faacf,,gx-no-cache=1714073706521 HTTP/1.1" 200 27217
181.212.47.137 - - [25/Apr/2024:16:39:07 -0300] "POST /cormun/servlet/trsolicitudgral?5a25bda040b98bb7fd99333a5c6faacf,,gx-no-cache=1714073717330 HTTP/1.1" 200 5268
181.212.47.137 - - [25/Apr/2024:16:39:31 -0300] "POST /cormun/servlet/trsolicitudgral?5a25bda040b98bb7fd99333a5c6faacf,,gx-no-cache=1714073741079 HTTP/1.1" 200 5268
181.212.47.137 - - [25/Apr/2024:16:39:38 -0300] "POST /cormun/servlet/trsolicitudgral?5a25bda040b98bb7fd99333a5c6faacf,,gx-no-cache=1714073748455 HTTP/1.1" 200 5270
190.171.154.42 - - [25/Apr/2024:16:39:39 -0300] "POST /cormun/servlet/trpermisosgoce?15e7630ebd9532fbb5265d4e46b66b73,gx-no-cache=1714073320619,gx-no-cache=1714073753261 HTTP/1.1" 200 90
190.171.154.42 - - [25/Apr/2024:16:39:39 -0300] "GET /cormun/servlet/hpexe_link HTTP/1.1" 200 983
190.171.154.42 - - [25/Apr/2024:16:39:39 -0300] "GET /cormun/servlet/trlicencias HTTP/1.1" 200 7239
190.171.154.42 - - [25/Apr/2024:16:39:43 -0300] "GET /cormun/servlet/trlicencias? HTTP/1.1" 200 7237
190.171.154.42 - - [25/Apr/2024:16:39:47 -0300] "POST /cormun/servlet/trlicencias?15e7630ebd9532fbb5265d4e46b66b73,,gx-no-cache=1714073761498 HTTP/1.1" 200 4451
181.212.47.137 - - [25/Apr/2024:16:39:47 -0300] "POST /cormun/servlet/trsolicitudgral?5a25bda040b98bb7fd99333a5c6faacf,,gx-no-cache=1714073758135 HTTP/1.1" 200 5270
190.171.154.42 - - [25/Apr/2024:16:39:53 -0300] "POST /cormun/servlet/trlicencias?15e7630ebd9532fbb5265d4e46b66b73,,gx-no-cache=1714073767462 HTTP/1.1" 200 8611
181.212.47.137 - - [25/Apr/2024:16:39:56 -0300] "POST /cormun/servlet/trsolicitudgral?5a25bda040b98bb7fd99333a5c6faacf,,gx-no-cache=1714073766335 HTTP/1.1" 200 6633
181.212.47.137 - - [25/Apr/2024:16:40:10 -0300] "POST /cormun/servlet/trsolicitudgral?5a25bda040b98bb7fd99333a5c6faacf,,gx-no-cache=1714073780478 HTTP/1.1" 200 26360
190.171.153.26 - - [25/Apr/2024:16:44:12 -0300] "GET /cormun/servlet/solicitudot?abb03f9b07fa204ff025f1b67abacaac61a462c875305ba7425b411a9220ed0b968781d04107e9d6ca3c911028bd3f435cf0ee5a79b1370db6be394e6d92741f,gx-no-cache=1714074030741 HTTP/1.1" 200 103
190.171.153.26 - - [25/Apr/2024:16:44:15 -0300] "GET /cormun/servlet/prbanco?,MD,,gxPopupLevel%3D0%3B HTTP/1.1" 200 6570
190.171.153.26 - - [25/Apr/2024:16:44:19 -0300] "GET /cormun/servlet/solicitudot?abb03f9b07fa204ff025f1b67abacaac9b8c1878d45fcc49833cad06ef8449f6,gx-no-cache=1714074037885 HTTP/1.1" 200 53
190.171.149.74 - - [25/Apr/2024:16:44:31 -0300] "GET /cormun/servlet/trsolicitudot? HTTP/1.1" 200 6325
190.171.149.74 - - [25/Apr/2024:16:44:32 -0300] "GET /cormun/servlet/hlogin HTTP/1.1" 200 1739
190.171.149.74 - - [25/Apr/2024:16:44:38 -0300] "POST /cormun/servlet/hlogin?6f1a6c0a97a0cd01d2fafede287000aa,gx-no-cache=1714074050336 HTTP/1.1" 200 90
190.171.149.74 - - [25/Apr/2024:16:44:38 -0300] "GET /cormun/servlet/hpexe_link HTTP/1.1" 200 955
190.171.149.74 - - [25/Apr/2024:16:44:39 -0300] "GET /cormun/servlet/trsolicitudot HTTP/1.1" 200 7022
190.171.153.26 - - [25/Apr/2024:16:44:52 -0300] "GET /cormun/servlet/solicitudot?abb03f9b07fa204ff025f1b67abacaac61a462c875305ba7425b411a9220ed0b2a25335b40f0905ada1938d1cfa9476ff52081c926a5f2b9cd3958eae1c19d40,gx-no-cache=1714074071125 HTTP/1.1" 200 30
190.171.142.42 - - [25/Apr/2024:16:45:02 -0300] "POST /cormun/servlet/hlogin?71ab34c9e364b8fd31df3e7ed5ecab88,gx-no-cache=1714074071632 HTTP/1.1" 440 972
190.171.153.26 - - [25/Apr/2024:16:45:07 -0300] "POST /cormun/servlet/solicitudot?gx-no-cache=1714074086319 HTTP/1.1" 200 297
190.171.153.26 - - [25/Apr/2024:16:45:07 -0300] "GET /cormun/servlet/solicitudot?abb03f9b07fa204ff025f1b67abacaaca5978df277017e47c2154c6bafaeb360e7f45c7d363cad98cb45e56ada26af0293a9f12dd9c6bfc473c007d252148bfb1f6ddabdec368690d7b639e61ad72e1931cbde500426bd3074026313b9c4accad7bf359d0d7a78a379abc223b86929c16a08502f59936828bd2efdf8ab3d02961ec157524638dbeab6814d0cf9f614d70bf10516bfe03dd486c5c61152279639775ce87218c29ec019a979ba74e99075cea399e4738cbed7082861b8dca631bd374f28f4144181a42c4326c0bc61e2af2a963a5fba3540590a96fc240cf6e5b445e11205df259f62df83250a21ac9951e3dfdb328e2c4c9dabb5c014042f6b4bdac0731208ff388b1dbd560b38c85e88a0037afe6bd4bfaafd67eb54b22f7aef6a7fc8020ae59fecd43d188f06d9d21d0960bf8d4a7ce6e14014a1238d7a22c96b4bf6e7fb33ae8218ccc6d8d5360c6588dc27fe1ab012dcd6554fd3cdd5f2cc522d7779dfc537e09da7fd7ad8dfe8b5235f79c9c82e4dee08e5389658121de0b7e806e9eaa603f76025429f3f281b5d,gx-no-cache=1714074086444 HTTP/1.1" 200 30
190.171.153.26 - - [25/Apr/2024:16:45:10 -0300] "POST /cormun/servlet/solicitudot?gx-no-cache=1714074089088 HTTP/1.1" 200 30
190.171.142.42 - - [25/Apr/2024:16:45:13 -0300] "GET /cormun/servlet/hlogin HTTP/1.1" 200 1729
190.171.142.42 - - [25/Apr/2024:16:45:54 -0300] "POST /cormun/servlet/hlogin?d0566d8ab3f866cb9f6f231636f1a0f8,gx-no-cache=1714074125544 HTTP/1.1" 200 90
190.171.142.42 - - [25/Apr/2024:16:45:54 -0300] "GET /cormun/servlet/hpexe_link HTTP/1.1" 200 949
190.171.142.42 - - [25/Apr/2024:16:45:54 -0300] "GET /cormun/servlet/hhome HTTP/1.1" 200 3880
190.171.142.42 - - [25/Apr/2024:16:46:00 -0300] "GET /cormun/servlet/trpermisosgoce? HTTP/1.1" 200 14663
190.171.142.42 - - [25/Apr/2024:16:46:04 -0300] "GET /cormun/servlet/permisogoce?INS,0,,, HTTP/1.1" 200 6742
190.171.149.74 - - [25/Apr/2024:16:46:19 -0300] "GET /cormun/servlet/solicitudot?INS,0,0,false, HTTP/1.1" 200 15969
190.171.142.42 - - [25/Apr/2024:16:46:19 -0300] "GET /cormun/servlet/permisogoce?a93963a682f7708b2bdaaed197f5f7c1e4fa92eb879c9e38a591b7dfcda497317a493008805a529bc9a93ce172f43b94e368c9055c32cf486ca69ddb0ef6c23f,gx-no-cache=1714074150918 HTTP/1.1" 200 82
190.171.142.42 - - [25/Apr/2024:16:46:19 -0300] "GET /cormun/static/menuarrow.gif HTTP/1.1" 404 1015
190.171.142.42 - - [25/Apr/2024:16:46:26 -0300] "GET /cormun/servlet/permisogoce?a93963a682f7708b2bdaaed197f5f7c120974961503ae7acd44e3943671d06b4a922adac4516e784a3f57a06a1b7b77a37fa0181202c836ad04a6856ff2bcb5a,gx-no-cache=1714074157953 HTTP/1.1" 200 47
190.171.149.74 - - [25/Apr/2024:16:46:31 -0300] "POST /cormun/servlet/solicitudot?gx-no-cache=1714074162945 HTTP/1.1" 200 4022
190.171.149.74 - - [25/Apr/2024:16:46:31 -0300] "POST /cormun/servlet/solicitudot?6f1a6c0a97a0cd01d2fafede287000aa,INS,0,0,false,,gx-no-cache=1714074163194 HTTP/1.1" 200 12595
190.171.149.74 - - [25/Apr/2024:16:46:33 -0300] "GET /cormun/servlet/solicitudot?3a8d254ac8f3e5b32f11dce8e049da4a7be58d249e7644c421c98d7a78d14b592d64670ad0c73e129286e9c82cd25b40,gx-no-cache=1714074165003 HTTP/1.1" 200 30
190.171.153.26 - - [25/Apr/2024:16:47:05 -0300] "POST /cormun/servlet/solicitudot?gx-no-cache=1714074204324 HTTP/1.1" 200 241
190.171.153.26 - - [25/Apr/2024:16:47:19 -0300] "GET /cormun/servlet/solicitudot?abb03f9b07fa204ff025f1b67abacaaca5978df277017e47c2154c6bafaeb360c3b1197e1590fb141a6d090eb90b51e293a9f12dd9c6bfc473c007d252148bfb1f6ddabdec368690d7b639e61ad72e1931cbde500426bd3074026313b9c4accad7bf359d0d7a78a379abc223b86929c16a08502f59936828bd2efdf8ab3d02961ec157524638dbeab6814d0cf9f614d70bf10516bfe03dd486c5c61152279639775ce87218c29ec019a979ba74e99075cea399e4738cbed7082861b8dca631bd374f28f4144181a42c4326c0bc61e2af2a963a5fba3540590a96fc240cf6e5b445e11205df259f62df83250a21ac9951e3dfdb328e2c4c9dabb5c014042f6b4bdac0731208ff388b1dbd560b38c85e88a0037afe6bd4bfaafd67eb54b22f7aef6a7fc8020ae59fecd43d188f06d9d21d0960bf8d4a7ce6e14014a1238d7a22c95bdce78052a544154fbe6cb3ecb8f13248fa474295900d1d23f77c8bc5c7216fe08b396c5e448bb8a520bc2d7a0243a45911944202b3cf56a57c7ed0f880d72d,gx-no-cache=1714074218140 HTTP/1.1" 200 30
190.171.153.26 - - [25/Apr/2024:16:47:19 -0300] "POST /cormun/servlet/solicitudot?gx-no-cache=1714074218230 HTTP/1.1" 200 30
190.171.153.26 - - [25/Apr/2024:16:47:19 -0300] "POST /cormun/servlet/solicitudot?gx-no-cache=1714074218342 HTTP/1.1" 200 1481
190.171.153.26 - - [25/Apr/2024:16:47:19 -0300] "POST /cormun/servlet/solicitudot?gx-no-cache=1714074218505 HTTP/1.1" 200 38
190.171.153.26 - - [25/Apr/2024:16:47:30 -0300] "GET /cormun/servlet/solicitudot?abb03f9b07fa204ff025f1b67abacaacca79f3e3ac9228bc8490800e47999473f6cc85a2c2e7f606dce974755e1a1778e62841cbef064dbe39aac60c7084e9dd4a05a140789ab801711d14de9956d2ab214cc96247aebca2b032cb11278e74c98c509628e8530d05fbe0c732bc62f6a7,gx-no-cache=1714074229675 HTTP/1.1" 200 110
190.171.153.26 - - [25/Apr/2024:16:47:31 -0300] "POST /cormun/servlet/solicitudot?gx-no-cache=1714074229764 HTTP/1.1" 200 97
190.171.153.26 - - [25/Apr/2024:16:47:59 -0300] "GET /cormun/servlet/solicitudot?abb03f9b07fa204ff025f1b67abacaac6d7285a18a11ee14fc7d1bba925e146a54e5c206a9aec7f90fb4259cd51839847d1337292bf937a686f0478e94fa904fad72153722f71a546a7c48d55781cfb0197436b7cb7b4857e3e26028b91b87fa8a4d5077c36425c4eca9d7e417e267f7,gx-no-cache=1714074257782 HTTP/1.1" 200 29
190.171.153.26 - - [25/Apr/2024:16:47:59 -0300] "GET /cormun/static/menuarrow.gif HTTP/1.1" 404 1015
190.171.153.26 - - [25/Apr/2024:16:48:10 -0300] "GET /cormun/servlet/solicitudot?abb03f9b07fa204ff025f1b67abacaac89caac86b997477910df4cfff3cfe5c0ab2848a59b1142795f98f937161a0629,gx-no-cache=1714074268773 HTTP/1.1" 200 30
190.171.149.74 - - [25/Apr/2024:16:48:13 -0300] "GET /cormun/static/Resources/PXTools/ClosePrompt.png HTTP/1.1" 200 1036
190.171.149.74 - - [25/Apr/2024:16:48:13 -0300] "GET /cormun/static/Resources/resize.gif HTTP/1.1" 200 77
190.171.149.74 - - [25/Apr/2024:16:48:13 -0300] "GET /cormun/servlet/prbanco?,MD,,gxPopupLevel%3D0%3B HTTP/1.1" 200 6585
190.171.149.74 - - [25/Apr/2024:16:48:13 -0300] "GET /cormun/static/prbanco.js?20201216132311 HTTP/1.1" 200 10693
190.171.149.74 - - [25/Apr/2024:16:48:13 -0300] "GET /cormun/static/gxcfg.js?20201216131581 HTTP/1.1" 200 953
190.171.149.74 - - [25/Apr/2024:16:48:16 -0300] "GET /cormun/servlet/solicitudot?3a8d254ac8f3e5b32f11dce8e049da4ae3e2de9caee28121ba0cb89fe7d1b2dc05600291d98559d91e71911811ea76275e3f3eae1f87747968acc532e61f15ab,gx-no-cache=1714074268341 HTTP/1.1" 200 30
181.212.47.137 - - [25/Apr/2024:16:48:17 -0300] "POST /cormun/servlet/trsolicitudgral?5a25bda040b98bb7fd99333a5c6faacf,,gx-no-cache=1714074267192 HTTP/1.1" 200 26321
190.171.149.74 - - [25/Apr/2024:16:48:17 -0300] "GET /cormun/servlet/solicitudot?3a8d254ac8f3e5b32f11dce8e049da4aea547e78d0a0c211461acb1369ffc49d,gx-no-cache=1714074269721 HTTP/1.1" 200 53
181.212.47.137 - - [25/Apr/2024:16:48:18 -0300] "GET /cormun/static/Shared/jqueryui/images/ui-bg_highlight-soft_100_c6c2c8_1x100.png HTTP/1.1" 404 1117
181.212.47.137 - - [25/Apr/2024:16:48:18 -0300] "GET /cormun/static/Shared/jqueryui/images/ui-icons_82798d_256x240.png HTTP/1.1" 404 1089
181.212.47.137 - - [25/Apr/2024:16:48:18 -0300] "GET /cormun/static/Shared/jqueryui/images/ui-bg_flat_55_fafafa_40x100.png HTTP/1.1" 404 1097
181.212.47.137 - - [25/Apr/2024:16:48:18 -0300] "GET /cormun/static/Shared/jqueryui/images/ui-icons_8d78a5_256x240.png HTTP/1.1" 404 1089
181.212.47.137 - - [25/Apr/2024:16:48:20 -0300] "GET /cormun/servlet/trautorizarot? HTTP/1.1" 200 9594
181.212.47.137 - - [25/Apr/2024:16:48:23 -0300] "POST /cormun/servlet/trautorizarot?5a25bda040b98bb7fd99333a5c6faacf,,gx-no-cache=1714074273667 HTTP/1.1" 200 5353
181.212.47.137 - - [25/Apr/2024:16:48:28 -0300] "GET /cormun/servlet/trsolicitudgral? HTTP/1.1" 200 28610
181.212.47.137 - - [25/Apr/2024:16:48:32 -0300] "POST /cormun/servlet/trsolicitudgral?5a25bda040b98bb7fd99333a5c6faacf,,gx-no-cache=1714074282531 HTTP/1.1" 200 8274
190.171.153.26 - - [25/Apr/2024:16:48:35 -0300] "POST /cormun/servlet/solicitudot?gx-no-cache=1714074293901 HTTP/1.1" 200 30
190.171.153.26 - - [25/Apr/2024:16:49:27 -0300] "POST /cormun/servlet/solicitudot?gx-no-cache=1714074345708 HTTP/1.1" 200 297
190.171.152.114 - - [25/Apr/2024:16:49:37 -0300] "GET /cormun/servlet/hlogin HTTP/1.1" 200 1720
181.212.47.137 - - [25/Apr/2024:16:49:37 -0300] "GET /cormun/servlet/vesolicitudgral?2024,21335,, HTTP/1.1" 200 8442
181.212.47.137 - - [25/Apr/2024:16:49:38 -0300] "GET /cormun/pexe_scrolldiv.js HTTP/1.1" 404 1009
190.171.152.114 - - [25/Apr/2024:16:49:52 -0300] "POST /cormun/servlet/hlogin?096054a39ebff3db65e346e51e5e11cf,gx-no-cache=1714074365323 HTTP/1.1" 200 90
190.171.152.114 - - [25/Apr/2024:16:49:52 -0300] "GET /cormun/servlet/hpexe_link HTTP/1.1" 200 950
190.171.152.114 - - [25/Apr/2024:16:49:52 -0300] "GET /cormun/servlet/hhome HTTP/1.1" 200 4328
190.171.152.114 - - [25/Apr/2024:16:49:55 -0300] "GET /cormun/servlet/trlicencias? HTTP/1.1" 200 14639
190.171.149.74 - - [25/Apr/2024:16:50:23 -0300] "POST /cormun/servlet/solicitudot?gx-no-cache=1714074395187 HTTP/1.1" 200 255
190.171.153.26 - - [25/Apr/2024:16:50:24 -0300] "GET /cormun/servlet/solicitudot?abb03f9b07fa204ff025f1b67abacaaca5978df277017e47c2154c6bafaeb360e7f45c7d363cad98cb45e56ada26af0293a9f12dd9c6bfc473c007d252148bfb1f6ddabdec368690d7b639e61ad72e1931cbde500426bd3074026313b9c4accad7bf359d0d7a78a379abc223b86929c16a08502f59936828bd2efdf8ab3d02961ec157524638dbeab6814d0cf9f614d70bf10516bfe03dd486c5c61152279639775ce87218c29ec019a979ba74e99075cea399e4738cbed7082861b8dca631bd374f28f4144181a42c4326c0bc61e2af2a963a5fba3540590a96fc240cf6e5b445e11205df259f62df83250a21ac9951e3dfdb328e2c4c9dabb5c014042f6b4bdac0731208ff388b1dbd560b38c85e88a0037afe6bd4bfaafd67eb54b22f7aef6a7fc8020ae59fecd43d188f06d9d21d0960bf8d4a7ce6e14014a1238d7a22c96b4bf6e7fb33ae8218ccc6d8d5360c6588dc27fe1ab012dcd6554fd3cdd5f2cc522d7779dfc537e09da7fd7ad8dfe8b5280dd93e32fa79608edb334463090722b7e806e9eaa603f76025429f3f281b5d,gx-no-cache=1714074403158 HTTP/1.1" 200 30
190.171.153.26 - - [25/Apr/2024:16:50:24 -0300] "POST /cormun/servlet/solicitudot?gx-no-cache=1714074403379 HTTP/1.1" 200 30
190.171.153.26 - - [25/Apr/2024:16:50:24 -0300] "POST /cormun/servlet/solicitudot?gx-no-cache=1714074403492 HTTP/1.1" 200 1481
190.171.153.26 - - [25/Apr/2024:16:50:24 -0300] "POST /cormun/servlet/solicitudot?gx-no-cache=1714074403663 HTTP/1.1" 200 41
190.171.153.26 - - [25/Apr/2024:16:50:25 -0300] "GET /cormun/servlet/solicitudot?abb03f9b07fa204ff025f1b67abacaacca79f3e3ac9228bc8490800e47999473f6cc85a2c2e7f606dce974755e1a1778e62841cbef064dbe39aac60c7084e9dd4a05a140789ab801711d14de9956d2ab214cc96247aebca2b032cb11278e74c98c509628e8530d05fbe0c732bc62f6a7,gx-no-cache=1714074403753 HTTP/1.1" 200 110
190.171.153.26 - - [25/Apr/2024:16:50:25 -0300] "POST /cormun/servlet/solicitudot?gx-no-cache=1714074403851 HTTP/1.1" 200 97
190.171.153.26 - - [25/Apr/2024:16:50:25 -0300] "GET /cormun/servlet/solicitudot?abb03f9b07fa204ff025f1b67abacaac89caac86b997477910df4cfff3cfe5c0ab2848a59b1142795f98f937161a0629,gx-no-cache=1714074403942 HTTP/1.1" 200 30
190.171.153.26 - - [25/Apr/2024:16:50:25 -0300] "POST /cormun/servlet/solicitudot?gx-no-cache=1714074404038 HTTP/1.1" 200 30
190.171.153.26 - - [25/Apr/2024:16:50:25 -0300] "POST /cormun/servlet/solicitudot?01714404c941e4c010874c7a08cf0cd7,INS,0,0,false,,gx-no-cache=1714074404147 HTTP/1.1" 200 93
190.171.153.26 - - [25/Apr/2024:16:50:25 -0300] "GET /cormun/servlet/hpexe_return? HTTP/1.1" 200 1011
190.171.153.26 - - [25/Apr/2024:16:50:26 -0300] "GET /cormun/servlet/trsolicitudot HTTP/1.1" 200 8560
190.171.149.74 - - [25/Apr/2024:16:50:26 -0300] "GET /cormun/servlet/solicitudot?3a8d254ac8f3e5b32f11dce8e049da4aa0b3c725fda28caabce748fe0ff236fdf48d73e9739e801b0ca4c9c12c7eb48086972ceb0662fd8b693cfac85a4faadda2c0086f98841d0cef8028c08087a869a4b3fd2166f92b8a630bb25515c31cc6695f92f4391f376bc73dcc07474513672dfc242d75a72eede3ab4992cd317542990f8f06cbdafd7eeef580b0e67aeb15fe4c4c7296221ac2e8387ed67ca2133020b5f4e2e681cb4df1ec94efcce38b5dc4e8f28cedee0e40e4db26d71a50fc93826f4a283180b8525602c0b1316fefe3abb5e87627f9cea8bae8c78c35fd0d6abdc8887cc45c473c9ef3684a6c42dc0a94310f693fb1fd96fb02794b36dde7877b995a488ffa5ec4ad8efa8a35289ff029b7bb5778847b7f70d0434fd2dcc8f6e9b683cfbf94dea6fea2a0f597086aac1edea3bdaa05041e7c7f7ef9bf5b73b37363f3b825d79e8d66652b890b79ed93a681f067396f389d2cafed9877ac934be1a4fcc5197ec1d413c10fc5aa46569810f4ce6337cb4e387d2996a93e7797fe,gx-no-cache=1714074398090 HTTP/1.1" 200 30
190.171.153.26 - - [25/Apr/2024:16:50:26 -0300] "GET /cormun/servlet/trsolicitudot HTTP/1.1" 200 8556
190.171.149.74 - - [25/Apr/2024:16:50:34 -0300] "POST /cormun/servlet/solicitudot?gx-no-cache=1714074406529 HTTP/1.1" 200 30
190.171.153.26 - - [25/Apr/2024:16:50:34 -0300] "POST /cormun/servlet/trsolicitudot?01714404c941e4c010874c7a08cf0cd7,gx-no-cache=1714074413464 HTTP/1.1" 200 107
190.171.153.26 - - [25/Apr/2024:16:50:35 -0300] "GET /cormun/servlet/trsolicitudadjuntos?2024,21336, HTTP/1.1" 200 6079
190.171.153.26 - - [25/Apr/2024:16:50:35 -0300] "GET /cormun/servlet/trsolicitudadjuntos?2024,21336, HTTP/1.1" 200 6079
190.171.153.26 - - [25/Apr/2024:16:50:37 -0300] "GET /cormun/servlet/solicitudotadjuntos?INS,2024,21336,,1, HTTP/1.1" 200 6028
190.171.153.26 - - [25/Apr/2024:16:50:38 -0300] "GET /cormun/static/about:blank HTTP/1.1" 404 1011
190.171.153.26 - - [25/Apr/2024:16:50:38 -0300] "GET /cormun/servlet/solicitudotadjuntos?INS,2024,21336,,1, HTTP/1.1" 200 6021
190.171.153.26 - - [25/Apr/2024:16:50:38 -0300] "GET /cormun/servlet/solicitudotadjuntos?abb03f9b07fa204ff025f1b67abacaac7ba037f9bb83379d9a5a97fd830c71fe24cc8e48ae239cdf457f3a0688a48375,gx-no-cache=1714074417551 HTTP/1.1" 200 30
190.171.149.74 - - [25/Apr/2024:16:50:39 -0300] "POST /cormun/servlet/solicitudot?gx-no-cache=1714074410610 HTTP/1.1" 200 1479
190.171.149.74 - - [25/Apr/2024:16:50:39 -0300] "POST /cormun/servlet/solicitudot?gx-no-cache=1714074410970 HTTP/1.1" 200 38
190.171.153.26 - - [25/Apr/2024:16:50:39 -0300] "POST /cormun/servlet/solicitudotadjuntos?01714404c941e4c010874c7a08cf0cd7,INS,2024,21336,,1,,gx-no-cache=1714074417666 HTTP/1.1" 200 3873
190.171.153.26 - - [25/Apr/2024:16:50:41 -0300] "POST /cormun/servlet/solicitudotadjuntos?gx-no-cache=1714074420304 HTTP/1.1" 200 26
190.171.149.74 - - [25/Apr/2024:16:51:00 -0300] "GET /cormun/servlet/solicitudot?3a8d254ac8f3e5b32f11dce8e049da4a6f5d2a8ed7e63bf50f486428f5280c1ece1d12581ec3845bb47ba99ddc872b57566ae072dfa7fde36f85d556c2318de14be3ac4620afe8dcc0c8fc836792f9aa3fba62d3b344135eae3d848a81d3780c1b531a48c6d1ac99986af6ca9b157a85,gx-no-cache=1714074432434 HTTP/1.1" 200 110
181.212.47.137 - - [25/Apr/2024:16:51:10 -0300] "GET /cormun/servlet/vesolicitudgral?2024,21335,,SolicitudOTAdjuntos HTTP/1.1" 200 11138
181.212.47.137 - - [25/Apr/2024:16:51:10 -0300] "GET /cormun/pexe_scrolldiv.js HTTP/1.1" 404 1009
181.212.47.137 - - [25/Apr/2024:16:51:11 -0300] "POST /cormun/servlet/acontrolpreferencessavestate?None,RRHH+DANIELA,true HTTP/1.1" 200 35
181.212.47.137 - - [25/Apr/2024:16:51:13 -0300] "GET /cormun/PublicTempStorage/afp1636034.pdf HTTP/1.1" 200 61435
181.212.47.137 - - [25/Apr/2024:16:51:29 -0300] "GET /cormun/servlet/vesolicitudgral?2024,21335,,SolicitudOTAdjuntos HTTP/1.1" 200 11137
181.212.47.137 - - [25/Apr/2024:16:51:30 -0300] "POST /cormun/servlet/acontrolpreferencessavestate?None,RRHH+DANIELA,true HTTP/1.1" 200 35
181.212.47.137 - - [25/Apr/2024:16:51:31 -0300] "GET /cormun/PublicTempStorage/fonasa4551525.pdf HTTP/1.1" 200 71800
190.171.153.26 - - [25/Apr/2024:16:51:52 -0300] "GET /cormun/servlet/solicitudotadjuntos?abb03f9b07fa204ff025f1b67abacaac0bf4c30698c4766d8426a12c5b17ad3f,gx-no-cache=1714074490733 HTTP/1.1" 200 30
190.171.153.26 - - [25/Apr/2024:16:51:52 -0300] "GET /cormun/servlet/solicitudotadjuntos?abb03f9b07fa204ff025f1b67abacaac0bf4c30698c4766d8426a12c5b17ad3f,gx-no-cache=1714074490934 HTTP/1.1" 200 30
190.171.153.26 - - [25/Apr/2024:16:51:53 -0300] "POST /cormun/servlet/solicitudotadjuntos?01714404c941e4c010874c7a08cf0cd7,INS,2024,21336,,1, HTTP/1.1" 200 116
190.171.153.26 - - [25/Apr/2024:16:51:53 -0300] "GET /cormun/servlet/hpexe_return? HTTP/1.1" 200 1027
190.171.153.26 - - [25/Apr/2024:16:51:53 -0300] "GET /cormun/servlet/trsolicitudadjuntos?2024,21336, HTTP/1.1" 200 9056
190.171.153.26 - - [25/Apr/2024:16:51:54 -0300] "GET /cormun/servlet/trsolicitudadjuntos?2024,21336, HTTP/1.1" 200 9052
190.171.153.26 - - [25/Apr/2024:16:51:55 -0300] "GET /cormun/servlet/solicitudotadjuntos?INS,2024,21336,,1, HTTP/1.1" 200 6029
181.212.47.137 - - [25/Apr/2024:16:51:56 -0300] "GET /cormun/servlet/vesolicitudgral?2024,21335,,SolicitudOTAdjuntos HTTP/1.1" 200 11137
190.171.153.26 - - [25/Apr/2024:16:51:56 -0300] "GET /cormun/static/about:blank HTTP/1.1" 404 1011
190.171.153.26 - - [25/Apr/2024:16:51:56 -0300] "GET /cormun/servlet/solicitudotadjuntos?INS,2024,21336,,1, HTTP/1.1" 200 6022
190.171.153.26 - - [25/Apr/2024:16:51:56 -0300] "GET /cormun/servlet/solicitudotadjuntos?abb03f9b07fa204ff025f1b67abacaac7ba037f9bb83379d9a5a97fd830c71fe24cc8e48ae239cdf457f3a0688a48375,gx-no-cache=1714074495494 HTTP/1.1" 200 30
190.171.153.26 - - [25/Apr/2024:16:51:56 -0300] "POST /cormun/servlet/solicitudotadjuntos?01714404c941e4c010874c7a08cf0cd7,INS,2024,21336,,1,,gx-no-cache=1714074495606 HTTP/1.1" 200 3874
181.212.47.137 - - [25/Apr/2024:16:51:57 -0300] "POST /cormun/servlet/acontrolpreferencessavestate?None,RRHH+DANIELA,true HTTP/1.1" 200 35
181.212.47.137 - - [25/Apr/2024:16:51:58 -0300] "GET /cormun/servlet/vesolicitudgral?2024,21335,,General HTTP/1.1" 200 8445
181.212.47.137 - - [25/Apr/2024:16:51:58 -0300] "GET /cormun/pexe_scrolldiv.js HTTP/1.1" 404 1009
190.171.153.26 - - [25/Apr/2024:16:52:00 -0300] "POST /cormun/servlet/solicitudotadjuntos?gx-no-cache=1714074499293 HTTP/1.1" 200 26
181.212.47.137 - - [25/Apr/2024:16:52:02 -0300] "GET /cormun/servlet/vesolicitudgral?2024,21335,,SolicitudOTAdjuntos HTTP/1.1" 200 11138
181.212.47.137 - - [25/Apr/2024:16:52:02 -0300] "GET /cormun/pexe_scrolldiv.js HTTP/1.1" 404 1009
181.212.47.137 - - [25/Apr/2024:16:52:03 -0300] "POST /cormun/servlet/acontrolpreferencessavestate?None,RRHH+DANIELA,true HTTP/1.1" 200 35
181.212.47.137 - - [25/Apr/2024:16:52:05 -0300] "GET /cormun/PublicTempStorage/cv_andrea_sofi%B4a_lo%B4pez_lo%B4pez_%281%291972543.docx HTTP/1.1" 200 14809
190.171.153.26 - - [25/Apr/2024:16:52:10 -0300] "GET /cormun/servlet/solicitudotadjuntos?abb03f9b07fa204ff025f1b67abacaac0bf4c30698c4766d8426a12c5b17ad3f,gx-no-cache=1714074509270 HTTP/1.1" 200 30
190.171.153.26 - - [25/Apr/2024:16:52:10 -0300] "GET /cormun/servlet/solicitudotadjuntos?abb03f9b07fa204ff025f1b67abacaac0bf4c30698c4766d8426a12c5b17ad3f,gx-no-cache=1714074509393 HTTP/1.1" 200 30
190.171.153.26 - - [25/Apr/2024:16:52:11 -0300] "POST /cormun/servlet/solicitudotadjuntos?01714404c941e4c010874c7a08cf0cd7,INS,2024,21336,,1, HTTP/1.1" 200 116
190.171.153.26 - - [25/Apr/2024:16:52:11 -0300] "GET /cormun/servlet/hpexe_return? HTTP/1.1" 200 1027
190.171.153.26 - - [25/Apr/2024:16:52:11 -0300] "GET /cormun/servlet/trsolicitudadjuntos?2024,21336, HTTP/1.1" 200 9307
190.171.153.26 - - [25/Apr/2024:16:52:11 -0300] "GET /cormun/servlet/trsolicitudadjuntos?2024,21336, HTTP/1.1" 200 9307
190.171.153.26 - - [25/Apr/2024:16:52:14 -0300] "GET /cormun/servlet/solicitudotadjuntos?INS,2024,21336,,1, HTTP/1.1" 200 6029
190.171.153.26 - - [25/Apr/2024:16:52:14 -0300] "GET /cormun/static/about:blank HTTP/1.1" 404 1011
190.171.153.26 - - [25/Apr/2024:16:52:14 -0300] "GET /cormun/servlet/solicitudotadjuntos?INS,2024,21336,,1, HTTP/1.1" 200 6022
190.171.153.26 - - [25/Apr/2024:16:52:14 -0300] "GET /cormun/servlet/solicitudotadjuntos?abb03f9b07fa204ff025f1b67abacaac7ba037f9bb83379d9a5a97fd830c71fe24cc8e48ae239cdf457f3a0688a48375,gx-no-cache=1714074513524 HTTP/1.1" 200 30
190.171.153.26 - - [25/Apr/2024:16:52:15 -0300] "POST /cormun/servlet/solicitudotadjuntos?01714404c941e4c010874c7a08cf0cd7,INS,2024,21336,,1,,gx-no-cache=1714074513600 HTTP/1.1" 200 3874
190.171.153.26 - - [25/Apr/2024:16:52:18 -0300] "POST /cormun/servlet/solicitudotadjuntos?gx-no-cache=1714074517404 HTTP/1.1" 200 26
190.171.153.26 - - [25/Apr/2024:16:52:31 -0300] "POST /cormun/servlet/solicitudotadjuntos?gx-no-cache=1714074530146 HTTP/1.1" 200 26
190.171.149.74 - - [25/Apr/2024:16:52:31 -0300] "POST /cormun/servlet/solicitudot?gx-no-cache=1714074523522 HTTP/1.1" 200 110
190.171.153.26 - - [25/Apr/2024:16:52:39 -0300] "GET /cormun/servlet/solicitudotadjuntos?abb03f9b07fa204ff025f1b67abacaac0bf4c30698c4766d8426a12c5b17ad3f,gx-no-cache=1714074538124 HTTP/1.1" 200 30
190.171.153.26 - - [25/Apr/2024:16:52:39 -0300] "GET /cormun/servlet/solicitudotadjuntos?abb03f9b07fa204ff025f1b67abacaac0bf4c30698c4766d8426a12c5b17ad3f,gx-no-cache=1714074538224 HTTP/1.1" 200 30
190.171.153.26 - - [25/Apr/2024:16:52:40 -0300] "POST /cormun/servlet/solicitudotadjuntos?01714404c941e4c010874c7a08cf0cd7,INS,2024,21336,,1, HTTP/1.1" 200 116
190.171.153.26 - - [25/Apr/2024:16:52:40 -0300] "GET /cormun/servlet/hpexe_return? HTTP/1.1" 200 1027
190.171.153.26 - - [25/Apr/2024:16:52:40 -0300] "GET /cormun/servlet/trsolicitudadjuntos?2024,21336, HTTP/1.1" 200 9513
190.171.153.26 - - [25/Apr/2024:16:52:40 -0300] "GET /cormun/servlet/trsolicitudadjuntos?2024,21336, HTTP/1.1" 200 9512
190.171.149.74 - - [25/Apr/2024:16:52:44 -0300] "GET /cormun/servlet/solicitudot?3a8d254ac8f3e5b32f11dce8e049da4a8242fbad167ae539e689268c53245f2618ac7838c8e9b6331c2ea1ba1a846275ce6086d80ea30671ce2662690772e9e205cabe7052adc97988372f743e3198211613569f57cb55ca4a0b175b527d8ea4fb0886c2876fe1a6634ecd3393d5d44a,gx-no-cache=1714074536279 HTTP/1.1" 200 29
190.171.149.74 - - [25/Apr/2024:16:52:44 -0300] "GET /cormun/static/menuarrow.gif HTTP/1.1" 404 1015
190.171.153.26 - - [25/Apr/2024:16:52:48 -0300] "GET /cormun/servlet/solicitudotadjuntos?INS,2024,21336,,1, HTTP/1.1" 200 6029
190.171.153.26 - - [25/Apr/2024:16:52:49 -0300] "GET /cormun/static/about:blank HTTP/1.1" 404 1011
190.171.153.26 - - [25/Apr/2024:16:52:49 -0300] "GET /cormun/servlet/solicitudotadjuntos?INS,2024,21336,,1, HTTP/1.1" 200 6022
190.171.153.26 - - [25/Apr/2024:16:52:49 -0300] "GET /cormun/servlet/solicitudotadjuntos?abb03f9b07fa204ff025f1b67abacaac7ba037f9bb83379d9a5a97fd830c71fe24cc8e48ae239cdf457f3a0688a48375,gx-no-cache=1714074548391 HTTP/1.1" 200 30
190.171.153.26 - - [25/Apr/2024:16:52:49 -0300] "POST /cormun/servlet/solicitudotadjuntos?01714404c941e4c010874c7a08cf0cd7,INS,2024,21336,,1,,gx-no-cache=1714074548478 HTTP/1.1" 200 3874
190.171.149.74 - - [25/Apr/2024:16:52:54 -0300] "GET /cormun/servlet/solicitudot?3a8d254ac8f3e5b32f11dce8e049da4a4ac5036b4c9ce82d87215b4c5eacd0851e6ba463c17a260d10e1b10728a7341b,gx-no-cache=1714074546007 HTTP/1.1" 200 30
190.171.153.26 - - [25/Apr/2024:16:52:59 -0300] "POST /cormun/servlet/solicitudotadjuntos?gx-no-cache=1714074558412 HTTP/1.1" 200 26
181.212.47.137 - - [25/Apr/2024:16:53:06 -0300] "GET /cormun/servlet/vesolicitudgral?2024,21335,,General HTTP/1.1" 200 8445
181.212.47.137 - - [25/Apr/2024:16:53:06 -0300] "GET /cormun/pexe_scrolldiv.js HTTP/1.1" 404 1009
190.171.153.26 - - [25/Apr/2024:16:53:08 -0300] "GET /cormun/servlet/solicitudotadjuntos?abb03f9b07fa204ff025f1b67abacaac0bf4c30698c4766d8426a12c5b17ad3f,gx-no-cache=1714074567483 HTTP/1.1" 200 30
190.171.153.26 - - [25/Apr/2024:16:53:08 -0300] "GET /cormun/servlet/solicitudotadjuntos?abb03f9b07fa204ff025f1b67abacaac0bf4c30698c4766d8426a12c5b17ad3f,gx-no-cache=1714074567561 HTTP/1.1" 200 30
190.171.153.26 - - [25/Apr/2024:16:53:09 -0300] "POST /cormun/servlet/solicitudotadjuntos?01714404c941e4c010874c7a08cf0cd7,INS,2024,21336,,1, HTTP/1.1" 200 116
190.171.153.26 - - [25/Apr/2024:16:53:09 -0300] "GET /cormun/servlet/hpexe_return? HTTP/1.1" 200 1027
190.171.149.74 - - [25/Apr/2024:16:53:09 -0300] "POST /cormun/servlet/solicitudot?gx-no-cache=1714074561259 HTTP/1.1" 200 30
190.171.153.26 - - [25/Apr/2024:16:53:09 -0300] "GET /cormun/servlet/trsolicitudadjuntos?2024,21336, HTTP/1.1" 200 9811
190.171.153.26 - - [25/Apr/2024:16:53:10 -0300] "GET /cormun/servlet/trsolicitudadjuntos?2024,21336, HTTP/1.1" 200 9808
190.171.149.74 - - [25/Apr/2024:16:53:14 -0300] "POST /cormun/servlet/solicitudot?6f1a6c0a97a0cd01d2fafede287000aa,INS,0,0,false,,gx-no-cache=1714074565642 HTTP/1.1" 200 93
190.171.149.74 - - [25/Apr/2024:16:53:14 -0300] "GET /cormun/servlet/hpexe_return? HTTP/1.1" 200 1007
190.171.149.74 - - [25/Apr/2024:16:53:14 -0300] "GET /cormun/servlet/trsolicitudot HTTP/1.1" 200 8490
181.212.47.137 - - [25/Apr/2024:16:53:23 -0300] "GET /cormun/servlet/vesolicitudgral?2024,21335,,SolicitudOTAdjuntos HTTP/1.1" 200 11140
181.212.47.137 - - [25/Apr/2024:16:53:23 -0300] "GET /cormun/pexe_scrolldiv.js HTTP/1.1" 404 1009
181.212.47.137 - - [25/Apr/2024:16:53:24 -0300] "POST /cormun/servlet/acontrolpreferencessavestate?None,RRHH+DANIELA,true HTTP/1.1" 200 35
190.171.153.26 - - [25/Apr/2024:16:53:26 -0300] "GET /cormun/servlet/solicitudotadjuntos?INS,2024,21336,,1, HTTP/1.1" 200 6029
190.171.153.26 - - [25/Apr/2024:16:53:26 -0300] "GET /cormun/static/about:blank HTTP/1.1" 404 1011
190.171.153.26 - - [25/Apr/2024:16:53:27 -0300] "GET /cormun/servlet/solicitudotadjuntos?INS,2024,21336,,1, HTTP/1.1" 200 6022
190.171.153.26 - - [25/Apr/2024:16:53:27 -0300] "GET /cormun/servlet/solicitudotadjuntos?abb03f9b07fa204ff025f1b67abacaac7ba037f9bb83379d9a5a97fd830c71fe24cc8e48ae239cdf457f3a0688a48375,gx-no-cache=1714074585944 HTTP/1.1" 200 30
190.171.153.26 - - [25/Apr/2024:16:53:27 -0300] "POST /cormun/servlet/solicitudotadjuntos?01714404c941e4c010874c7a08cf0cd7,INS,2024,21336,,1,,gx-no-cache=1714074586018 HTTP/1.1" 200 3875
181.212.47.137 - - [25/Apr/2024:16:53:27 -0300] "GET /cormun/PublicTempStorage/titulo_andrea_mu%F1oz5095108.pdf HTTP/1.1" 200 3928756
190.171.153.26 - - [25/Apr/2024:16:53:31 -0300] "POST /cormun/servlet/solicitudotadjuntos?gx-no-cache=1714074589680 HTTP/1.1" 200 26
181.212.47.137 - - [25/Apr/2024:16:53:36 -0300] "GET /cormun/servlet/vesolicitudgral?2024,21335,,SolicitudOTAdjuntos HTTP/1.1" 200 11140
181.212.47.137 - - [25/Apr/2024:16:53:37 -0300] "POST /cormun/servlet/acontrolpreferencessavestate?None,RRHH+DANIELA,true HTTP/1.1" 200 35
181.212.47.137 - - [25/Apr/2024:16:53:37 -0300] "GET /cormun/servlet/vesolicitudgral?2024,21335,,General HTTP/1.1" 200 8445
181.212.47.137 - - [25/Apr/2024:16:53:38 -0300] "GET /cormun/pexe_scrolldiv.js HTTP/1.1" 404 1009
190.171.153.26 - - [25/Apr/2024:16:53:39 -0300] "GET /cormun/servlet/solicitudotadjuntos?abb03f9b07fa204ff025f1b67abacaac0bf4c30698c4766d8426a12c5b17ad3f,gx-no-cache=1714074598490 HTTP/1.1" 200 30
190.171.153.26 - - [25/Apr/2024:16:53:39 -0300] "GET /cormun/servlet/solicitudotadjuntos?abb03f9b07fa204ff025f1b67abacaac0bf4c30698c4766d8426a12c5b17ad3f,gx-no-cache=1714074598588 HTTP/1.1" 200 30
190.171.153.26 - - [25/Apr/2024:16:53:40 -0300] "POST /cormun/servlet/solicitudotadjuntos?01714404c941e4c010874c7a08cf0cd7,INS,2024,21336,,1, HTTP/1.1" 200 116
190.171.153.26 - - [25/Apr/2024:16:53:40 -0300] "GET /cormun/servlet/hpexe_return? HTTP/1.1" 200 1027
190.171.153.26 - - [25/Apr/2024:16:53:40 -0300] "GET /cormun/servlet/trsolicitudadjuntos?2024,21336, HTTP/1.1" 200 10078
190.171.153.26 - - [25/Apr/2024:16:53:41 -0300] "GET /cormun/servlet/trsolicitudadjuntos?2024,21336, HTTP/1.1" 200 10078
190.215.201.90 - - [25/Apr/2024:16:53:48 -0300] "üÅÓI­JWàœ5³Ãø£ÑåÈë›ÕfÀÏtßޒ\‹ýñw SƑ¦VöPËÂߕŒ]a " 400 -
190.171.153.26 - - [25/Apr/2024:16:53:48 -0300] "GET /cormun/servlet/solicitudotadjuntos?INS,2024,21336,,1, HTTP/1.1" 200 6029
186.67.55.19 - - [25/Apr/2024:16:53:49 -0300] "-" 400 -
190.171.153.26 - - [25/Apr/2024:16:53:49 -0300] "GET /cormun/static/about:blank HTTP/1.1" 404 1011
190.171.153.26 - - [25/Apr/2024:16:53:49 -0300] "GET /cormun/servlet/solicitudotadjuntos?INS,2024,21336,,1, HTTP/1.1" 200 6022
190.171.153.26 - - [25/Apr/2024:16:53:49 -0300] "GET /cormun/servlet/solicitudotadjuntos?abb03f9b07fa204ff025f1b67abacaac7ba037f9bb83379d9a5a97fd830c71fe24cc8e48ae239cdf457f3a0688a48375,gx-no-cache=1714074608456 HTTP/1.1" 200 30
190.171.153.26 - - [25/Apr/2024:16:53:50 -0300] "POST /cormun/servlet/solicitudotadjuntos?01714404c941e4c010874c7a08cf0cd7,INS,2024,21336,,1,,gx-no-cache=1714074608538 HTTP/1.1" 200 3875
181.212.47.137 - - [25/Apr/2024:16:53:50 -0300] "GET /cormun/servlet/vesolicitudgral?2024,21335,,SolicitudOTAdjuntos HTTP/1.1" 200 11139
181.212.47.137 - - [25/Apr/2024:16:53:50 -0300] "GET /cormun/pexe_scrolldiv.js HTTP/1.1" 404 1009
190.215.201.90 - - [25/Apr/2024:16:53:51 -0300] "GET /cormun/servlet/hlogin HTTP/1.1" 200 1713
190.215.201.90 - - [25/Apr/2024:16:53:51 -0300] "GET /cormun/static/gxtimezone.js?85251 HTTP/1.1" 200 5781
181.212.47.137 - - [25/Apr/2024:16:53:51 -0300] "POST /cormun/servlet/acontrolpreferencessavestate?None,RRHH+DANIELA,true HTTP/1.1" 200 35
190.215.201.90 - - [25/Apr/2024:16:53:51 -0300] "GET /cormun/static/gxcfg.js?2022112219184450 HTTP/1.1" 200 953
186.67.55.19 - - [25/Apr/2024:16:53:52 -0300] "GET /cormun/static/messages.spa.js?85251 HTTP/1.1" 200 30736
190.151.30.185 - - [25/Apr/2024:16:53:52 -0300] "GET /cormun/static/Resources/CormunLogin.png HTTP/1.1" 200 19132
190.151.30.185 - - [25/Apr/2024:16:53:52 -0300] "GET /cormun/static/hlogin.js?2022112219184458 HTTP/1.1" 200 2156
190.215.201.90 - - [25/Apr/2024:16:53:52 -0300] "GET /cormun/static/Resources/Spanish/PXTools.css?1759030 HTTP/1.1" 200 100853
190.151.30.185 - - [25/Apr/2024:16:53:52 -0300] "GET /cormun/static/gxgral.js?85251 HTTP/1.1" 200 384558
190.215.201.90 - - [25/Apr/2024:16:53:52 -0300] "GET /cormun/static/Resources/PXToolsLoginBottom.png HTTP/1.1" 200 1389
186.67.55.19 - - [25/Apr/2024:16:53:52 -0300] "GET /cormun/static/Resources/PXToolsButtonLeft.png HTTP/1.1" 200 1310
190.151.30.185 - - [25/Apr/2024:16:53:52 -0300] "GET /cormun/static/Resources/PXToolsButtonRight.png HTTP/1.1" 200 1294
190.215.201.90 - - [25/Apr/2024:16:53:52 -0300] "GET /cormun/static/Resources/PXToolsLoginBackground.png HTTP/1.1" 200 1164
190.151.30.185 - - [25/Apr/2024:16:53:52 -0300] "GET /cormun/static/Resources/PXToolsLoginTop.png HTTP/1.1" 200 1337
190.215.201.90 - - [25/Apr/2024:16:53:52 -0300] "GET /cormun/static/Resources/PXToolsButtonBackground.png HTTP/1.1" 200 1176
190.151.30.185 - - [25/Apr/2024:16:53:52 -0300] "GET /cormun/servlet/hlogin HTTP/1.1" 200 1724
186.67.55.19 - - [25/Apr/2024:16:53:52 -0300] "GET /cormun/static/Resources/indicator.gif HTTP/1.1" 200 1553
190.151.30.185 - - [25/Apr/2024:16:53:53 -0300] "GET /favicon.ico HTTP/1.1" 200 21630
181.212.47.137 - - [25/Apr/2024:16:53:53 -0300] "GET /cormun/PublicTempStorage/antcedentes_andrea_mu%F1oz9098438.pdf HTTP/1.1" 200 34455
190.171.149.74 - - [25/Apr/2024:16:53:53 -0300] "POST /cormun/servlet/trsolicitudot?6f1a6c0a97a0cd01d2fafede287000aa,gx-no-cache=1714074604947 HTTP/1.1" 200 107
190.171.153.26 - - [25/Apr/2024:16:53:53 -0300] "POST /cormun/servlet/solicitudotadjuntos?gx-no-cache=1714074612163 HTTP/1.1" 200 26
190.171.149.74 - - [25/Apr/2024:16:53:53 -0300] "GET /cormun/servlet/trsolicitudadjuntos?2024,21337, HTTP/1.1" 200 6090
190.171.149.74 - - [25/Apr/2024:16:53:53 -0300] "GET /cormun/static/gxcfg.js?20201215574222 HTTP/1.1" 200 953
190.171.149.74 - - [25/Apr/2024:16:53:53 -0300] "GET /cormun/static/Resources/PXToolsGridNew.png HTTP/1.1" 200 427
190.171.149.74 - - [25/Apr/2024:16:53:53 -0300] "GET /cormun/static/trsolicitudadjuntos.js?20201215574932 HTTP/1.1" 200 17921
190.171.149.74 - - [25/Apr/2024:16:53:56 -0300] "GET /cormun/servlet/solicitudotadjuntos?INS,2024,21337,,1, HTTP/1.1" 200 6033
190.171.149.74 - - [25/Apr/2024:16:53:56 -0300] "GET /cormun/static/gxcfg.js?202211298385187 HTTP/1.1" 200 953
190.171.149.74 - - [25/Apr/2024:16:53:56 -0300] "GET /cormun/static/solicitudotadjuntos.js?202211298385196 HTTP/1.1" 200 11771
190.171.149.74 - - [25/Apr/2024:16:53:56 -0300] "GET /cormun/static/about:blank HTTP/1.1" 404 1011
190.171.149.74 - - [25/Apr/2024:16:53:57 -0300] "GET /cormun/servlet/solicitudotadjuntos?3a8d254ac8f3e5b32f11dce8e049da4a9d1d1e2b47738bb5df0b250490e67f2a0b778e231a2ea4c7646ec703991a81f7,gx-no-cache=1714074608965 HTTP/1.1" 200 30
190.171.149.74 - - [25/Apr/2024:16:53:57 -0300] "POST /cormun/servlet/solicitudotadjuntos?6f1a6c0a97a0cd01d2fafede287000aa,INS,2024,21337,,1,,gx-no-cache=1714074609060 HTTP/1.1" 200 3904
190.171.149.74 - - [25/Apr/2024:16:53:59 -0300] "POST /cormun/servlet/solicitudotadjuntos?gx-no-cache=1714074611024 HTTP/1.1" 200 26
190.171.153.26 - - [25/Apr/2024:16:54:01 -0300] "GET /cormun/servlet/solicitudotadjuntos?abb03f9b07fa204ff025f1b67abacaac0bf4c30698c4766d8426a12c5b17ad3f,gx-no-cache=1714074620206 HTTP/1.1" 200 30
190.171.153.26 - - [25/Apr/2024:16:54:01 -0300] "GET /cormun/servlet/solicitudotadjuntos?abb03f9b07fa204ff025f1b67abacaac0bf4c30698c4766d8426a12c5b17ad3f,gx-no-cache=1714074620275 HTTP/1.1" 200 30
190.171.153.26 - - [25/Apr/2024:16:54:02 -0300] "POST /cormun/servlet/solicitudotadjuntos?01714404c941e4c010874c7a08cf0cd7,INS,2024,21336,,1, HTTP/1.1" 200 116
190.171.153.26 - - [25/Apr/2024:16:54:02 -0300] "GET /cormun/servlet/hpexe_return? HTTP/1.1" 200 1027
190.171.153.26 - - [25/Apr/2024:16:54:02 -0300] "GET /cormun/servlet/trsolicitudadjuntos?2024,21336, HTTP/1.1" 200 10238
190.171.153.26 - - [25/Apr/2024:16:54:03 -0300] "GET /cormun/servlet/trsolicitudadjuntos?2024,21336, HTTP/1.1" 200 10238
190.151.30.185 - - [25/Apr/2024:16:54:08 -0300] "POST /cormun/servlet/hlogin?34d69080896ab7bf316b010ba991a44f,gx-no-cache=1714074622615 HTTP/1.1" 200 442
181.212.47.137 - - [25/Apr/2024:16:54:11 -0300] "GET /cormun/servlet/vesolicitudgral?2024,21335,,SolicitudOTAdjuntos HTTP/1.1" 200 11138
181.212.47.137 - - [25/Apr/2024:16:54:12 -0300] "POST /cormun/servlet/acontrolpreferencessavestate?None,RRHH+DANIELA,true HTTP/1.1" 200 35
181.212.47.137 - - [25/Apr/2024:16:54:12 -0300] "GET /cormun/servlet/vesolicitudgral?2024,21335,,General HTTP/1.1" 200 8445
181.212.47.137 - - [25/Apr/2024:16:54:12 -0300] "GET /cormun/pexe_scrolldiv.js HTTP/1.1" 404 1009
190.171.149.74 - - [25/Apr/2024:16:54:18 -0300] "GET /cormun/servlet/solicitudotadjuntos?3a8d254ac8f3e5b32f11dce8e049da4a60b0e2f8cbc1cb1ed1f0914673a2f075,gx-no-cache=1714074630376 HTTP/1.1" 200 30
190.171.153.26 - - [25/Apr/2024:16:54:18 -0300] "GET /cormun/servlet/trvisualizadoreventos? HTTP/1.1" 200 6728
190.171.149.74 - - [25/Apr/2024:16:54:18 -0300] "GET /cormun/servlet/solicitudotadjuntos?3a8d254ac8f3e5b32f11dce8e049da4a60b0e2f8cbc1cb1ed1f0914673a2f075,gx-no-cache=1714074630460 HTTP/1.1" 200 30
190.171.153.26 - - [25/Apr/2024:16:54:19 -0300] "GET /cormun/static/trvisualizadoreventos.js?202211298474971 HTTP/1.1" 200 19318
190.171.153.26 - - [25/Apr/2024:16:54:19 -0300] "GET /cormun/static/Resources/PXToolsActionPrint.png HTTP/1.1" 200 404
190.171.153.26 - - [25/Apr/2024:16:54:19 -0300] "GET /cormun/static/gxcfg.js?202211298474834 HTTP/1.1" 200 953
190.171.153.26 - - [25/Apr/2024:16:54:19 -0300] "GET /cormun/servlet/trvisualizadoreventos? HTTP/1.1" 200 6715
190.171.149.74 - - [25/Apr/2024:16:54:20 -0300] "POST /cormun/servlet/solicitudotadjuntos?6f1a6c0a97a0cd01d2fafede287000aa,INS,2024,21337,,1, HTTP/1.1" 200 116
190.171.149.74 - - [25/Apr/2024:16:54:20 -0300] "GET /cormun/servlet/hpexe_return? HTTP/1.1" 200 1025
190.171.149.74 - - [25/Apr/2024:16:54:21 -0300] "GET /cormun/servlet/trsolicitudadjuntos?2024,21337, HTTP/1.1" 200 9008
190.171.153.26 - - [25/Apr/2024:16:54:22 -0300] "POST /cormun/servlet/trvisualizadoreventos?01714404c941e4c010874c7a08cf0cd7,,gx-no-cache=1714074640496 HTTP/1.1" 200 4025
190.171.149.74 - - [25/Apr/2024:16:54:23 -0300] "GET /cormun/servlet/solicitudotadjuntos?INS,2024,21337,,1, HTTP/1.1" 200 6033
190.171.149.74 - - [25/Apr/2024:16:54:24 -0300] "GET /cormun/static/about:blank HTTP/1.1" 404 1011
190.171.149.74 - - [25/Apr/2024:16:54:24 -0300] "GET /cormun/servlet/solicitudotadjuntos?3a8d254ac8f3e5b32f11dce8e049da4a9d1d1e2b47738bb5df0b250490e67f2a0b778e231a2ea4c7646ec703991a81f7,gx-no-cache=1714074636237 HTTP/1.1" 200 30
190.171.149.74 - - [25/Apr/2024:16:54:24 -0300] "POST /cormun/servlet/solicitudotadjuntos?6f1a6c0a97a0cd01d2fafede287000aa,INS,2024,21337,,1,,gx-no-cache=1714074636329 HTTP/1.1" 200 3904
190.171.149.74 - - [25/Apr/2024:16:54:26 -0300] "POST /cormun/servlet/solicitudotadjuntos?gx-no-cache=1714074638632 HTTP/1.1" 200 26
190.171.153.26 - - [25/Apr/2024:16:54:30 -0300] "GET /cormun/servlet/trsolicitudot? HTTP/1.1" 200 8557
190.171.153.26 - - [25/Apr/2024:16:54:31 -0300] "GET /cormun/servlet/trsolicitudot? HTTP/1.1" 200 8556
190.171.149.74 - - [25/Apr/2024:16:54:33 -0300] "GET /cormun/servlet/solicitudotadjuntos?3a8d254ac8f3e5b32f11dce8e049da4a60b0e2f8cbc1cb1ed1f0914673a2f075,gx-no-cache=1714074645063 HTTP/1.1" 200 30
190.171.149.74 - - [25/Apr/2024:16:54:33 -0300] "GET /cormun/servlet/solicitudotadjuntos?3a8d254ac8f3e5b32f11dce8e049da4a60b0e2f8cbc1cb1ed1f0914673a2f075,gx-no-cache=1714074645172 HTTP/1.1" 200 30
190.171.149.74 - - [25/Apr/2024:16:54:34 -0300] "POST /cormun/servlet/solicitudotadjuntos?6f1a6c0a97a0cd01d2fafede287000aa,INS,2024,21337,,1, HTTP/1.1" 200 116
190.171.149.74 - - [25/Apr/2024:16:54:34 -0300] "GET /cormun/servlet/hpexe_return? HTTP/1.1" 200 1025
190.171.149.74 - - [25/Apr/2024:16:54:34 -0300] "GET /cormun/servlet/trsolicitudadjuntos?2024,21337, HTTP/1.1" 200 9255
190.171.149.74 - - [25/Apr/2024:16:54:36 -0300] "GET /cormun/servlet/solicitudotadjuntos?INS,2024,21337,,1, HTTP/1.1" 200 6033
190.171.149.74 - - [25/Apr/2024:16:54:36 -0300] "GET /cormun/static/about:blank HTTP/1.1" 404 1011
190.171.149.74 - - [25/Apr/2024:16:54:37 -0300] "GET /cormun/servlet/solicitudotadjuntos?3a8d254ac8f3e5b32f11dce8e049da4a9d1d1e2b47738bb5df0b250490e67f2a0b778e231a2ea4c7646ec703991a81f7,gx-no-cache=1714074648953 HTTP/1.1" 200 30
190.171.149.74 - - [25/Apr/2024:16:54:37 -0300] "POST /cormun/servlet/solicitudotadjuntos?6f1a6c0a97a0cd01d2fafede287000aa,INS,2024,21337,,1,,gx-no-cache=1714074649000 HTTP/1.1" 200 3904
190.171.149.74 - - [25/Apr/2024:16:54:43 -0300] "POST /cormun/servlet/solicitudotadjuntos?gx-no-cache=1714074654912 HTTP/1.1" 200 26
190.171.149.74 - - [25/Apr/2024:16:54:55 -0300] "GET /cormun/servlet/solicitudotadjuntos?3a8d254ac8f3e5b32f11dce8e049da4a60b0e2f8cbc1cb1ed1f0914673a2f075,gx-no-cache=1714074667024 HTTP/1.1" 200 30
190.171.149.74 - - [25/Apr/2024:16:54:55 -0300] "GET /cormun/servlet/solicitudotadjuntos?3a8d254ac8f3e5b32f11dce8e049da4a60b0e2f8cbc1cb1ed1f0914673a2f075,gx-no-cache=1714074667119 HTTP/1.1" 200 30
190.171.149.74 - - [25/Apr/2024:16:54:55 -0300] "POST /cormun/servlet/solicitudotadjuntos?6f1a6c0a97a0cd01d2fafede287000aa,INS,2024,21337,,1, HTTP/1.1" 200 116
190.171.149.74 - - [25/Apr/2024:16:54:55 -0300] "GET /cormun/servlet/hpexe_return? HTTP/1.1" 200 1025
190.171.149.74 - - [25/Apr/2024:16:54:55 -0300] "GET /cormun/servlet/trsolicitudadjuntos?2024,21337, HTTP/1.1" 200 9473
190.171.149.74 - - [25/Apr/2024:16:55:01 -0300] "GET /cormun/servlet/solicitudotadjuntos?INS,2024,21337,,1, HTTP/1.1" 200 6033
190.171.149.74 - - [25/Apr/2024:16:55:01 -0300] "GET /cormun/static/about:blank HTTP/1.1" 404 1011
190.171.149.74 - - [25/Apr/2024:16:55:01 -0300] "GET /cormun/servlet/solicitudotadjuntos?3a8d254ac8f3e5b32f11dce8e049da4a9d1d1e2b47738bb5df0b250490e67f2a0b778e231a2ea4c7646ec703991a81f7,gx-no-cache=1714074673607 HTTP/1.1" 200 30
190.171.149.74 - - [25/Apr/2024:16:55:01 -0300] "POST /cormun/servlet/solicitudotadjuntos?6f1a6c0a97a0cd01d2fafede287000aa,INS,2024,21337,,1,,gx-no-cache=1714074673660 HTTP/1.1" 200 3903
190.171.149.74 - - [25/Apr/2024:16:55:04 -0300] "POST /cormun/servlet/solicitudotadjuntos?gx-no-cache=1714074676544 HTTP/1.1" 200 26
190.171.149.74 - - [25/Apr/2024:16:55:17 -0300] "GET /cormun/servlet/solicitudotadjuntos?3a8d254ac8f3e5b32f11dce8e049da4a60b0e2f8cbc1cb1ed1f0914673a2f075,gx-no-cache=1714074689511 HTTP/1.1" 200 30
190.171.149.74 - - [25/Apr/2024:16:55:17 -0300] "GET /cormun/servlet/solicitudotadjuntos?3a8d254ac8f3e5b32f11dce8e049da4a60b0e2f8cbc1cb1ed1f0914673a2f075,gx-no-cache=1714074689609 HTTP/1.1" 200 30
190.171.149.74 - - [25/Apr/2024:16:55:18 -0300] "POST /cormun/servlet/solicitudotadjuntos?6f1a6c0a97a0cd01d2fafede287000aa,INS,2024,21337,,1, HTTP/1.1" 200 116
190.171.149.74 - - [25/Apr/2024:16:55:18 -0300] "GET /cormun/servlet/hpexe_return? HTTP/1.1" 200 1025
190.171.149.74 - - [25/Apr/2024:16:55:19 -0300] "GET /cormun/servlet/trsolicitudadjuntos?2024,21337, HTTP/1.1" 200 9745
190.171.149.74 - - [25/Apr/2024:16:55:21 -0300] "GET /cormun/servlet/solicitudotadjuntos?INS,2024,21337,,1, HTTP/1.1" 200 6033
190.171.149.74 - - [25/Apr/2024:16:55:21 -0300] "GET /cormun/static/about:blank HTTP/1.1" 404 1011
190.171.149.74 - - [25/Apr/2024:16:55:22 -0300] "GET /cormun/servlet/solicitudotadjuntos?3a8d254ac8f3e5b32f11dce8e049da4a9d1d1e2b47738bb5df0b250490e67f2a0b778e231a2ea4c7646ec703991a81f7,gx-no-cache=1714074694133 HTTP/1.1" 200 30
190.171.149.74 - - [25/Apr/2024:16:55:22 -0300] "POST /cormun/servlet/solicitudotadjuntos?6f1a6c0a97a0cd01d2fafede287000aa,INS,2024,21337,,1,,gx-no-cache=1714074694173 HTTP/1.1" 200 3903
190.171.149.74 - - [25/Apr/2024:16:55:25 -0300] "POST /cormun/servlet/solicitudotadjuntos?gx-no-cache=1714074696872 HTTP/1.1" 200 26
190.171.149.74 - - [25/Apr/2024:16:55:31 -0300] "GET /cormun/servlet/solicitudotadjuntos?3a8d254ac8f3e5b32f11dce8e049da4a60b0e2f8cbc1cb1ed1f0914673a2f075,gx-no-cache=1714074703463 HTTP/1.1" 200 30
190.171.149.74 - - [25/Apr/2024:16:55:32 -0300] "GET /cormun/servlet/solicitudotadjuntos?3a8d254ac8f3e5b32f11dce8e049da4a60b0e2f8cbc1cb1ed1f0914673a2f075,gx-no-cache=1714074703724 HTTP/1.1" 200 30
190.171.149.74 - - [25/Apr/2024:16:55:32 -0300] "POST /cormun/servlet/solicitudotadjuntos?6f1a6c0a97a0cd01d2fafede287000aa,INS,2024,21337,,1, HTTP/1.1" 200 116
190.171.149.74 - - [25/Apr/2024:16:55:32 -0300] "GET /cormun/servlet/hpexe_return? HTTP/1.1" 200 1025
190.171.149.74 - - [25/Apr/2024:16:55:32 -0300] "GET /cormun/servlet/trsolicitudadjuntos?2024,21337, HTTP/1.1" 200 10090
190.171.153.26 - - [25/Apr/2024:16:55:33 -0300] "POST /cormun/servlet/trsolicitudot?01714404c941e4c010874c7a08cf0cd7,,gx-no-cache=1714074711489 HTTP/1.1" 200 4560
190.171.153.26 - - [25/Apr/2024:16:55:33 -0300] "GET /cormun/static/Shared/jqueryui/images/ui-bg_highlight-soft_100_c6c2c8_1x100.png HTTP/1.1" 404 1117
190.171.153.26 - - [25/Apr/2024:16:55:33 -0300] "GET /cormun/static/Shared/jqueryui/images/ui-icons_82798d_256x240.png HTTP/1.1" 404 1089
190.171.153.26 - - [25/Apr/2024:16:55:33 -0300] "GET /cormun/static/Shared/jqueryui/images/ui-bg_flat_55_fafafa_40x100.png HTTP/1.1" 404 1097
190.171.153.26 - - [25/Apr/2024:16:55:33 -0300] "GET /cormun/static/Shared/jqueryui/images/ui-icons_8d78a5_256x240.png HTTP/1.1" 404 1089
190.171.153.26 - - [25/Apr/2024:16:55:33 -0300] "POST /cormun/servlet/trsolicitudot?01714404c941e4c010874c7a08cf0cd7,,gx-no-cache=1714074711831 HTTP/1.1" 200 4335
190.171.149.74 - - [25/Apr/2024:16:55:35 -0300] "GET /cormun/servlet/solicitudotadjuntos?INS,2024,21337,,1, HTTP/1.1" 200 6033
190.171.149.74 - - [25/Apr/2024:16:55:35 -0300] "GET /cormun/static/about:blank HTTP/1.1" 404 1011
190.171.149.74 - - [25/Apr/2024:16:55:35 -0300] "GET /cormun/servlet/solicitudotadjuntos?3a8d254ac8f3e5b32f11dce8e049da4a9d1d1e2b47738bb5df0b250490e67f2a0b778e231a2ea4c7646ec703991a81f7,gx-no-cache=1714074707590 HTTP/1.1" 200 30
190.171.149.74 - - [25/Apr/2024:16:55:36 -0300] "POST /cormun/servlet/solicitudotadjuntos?6f1a6c0a97a0cd01d2fafede287000aa,INS,2024,21337,,1,,gx-no-cache=1714074707687 HTTP/1.1" 200 3903
190.171.149.74 - - [25/Apr/2024:16:55:38 -0300] "POST /cormun/servlet/solicitudotadjuntos?gx-no-cache=1714074709967 HTTP/1.1" 200 26
190.171.149.74 - - [25/Apr/2024:16:55:50 -0300] "GET /cormun/servlet/solicitudotadjuntos?3a8d254ac8f3e5b32f11dce8e049da4a60b0e2f8cbc1cb1ed1f0914673a2f075,gx-no-cache=1714074721967 HTTP/1.1" 200 30
190.171.149.74 - - [25/Apr/2024:16:55:50 -0300] "GET /cormun/servlet/solicitudotadjuntos?3a8d254ac8f3e5b32f11dce8e049da4a60b0e2f8cbc1cb1ed1f0914673a2f075,gx-no-cache=1714074722056 HTTP/1.1" 200 30
190.171.149.74 - - [25/Apr/2024:16:55:51 -0300] "POST /cormun/servlet/solicitudotadjuntos?6f1a6c0a97a0cd01d2fafede287000aa,INS,2024,21337,,1, HTTP/1.1" 200 116
190.171.149.74 - - [25/Apr/2024:16:55:52 -0300] "GET /cormun/servlet/hpexe_return? HTTP/1.1" 200 1025
190.171.149.74 - - [25/Apr/2024:16:55:52 -0300] "GET /cormun/servlet/trsolicitudadjuntos?2024,21337, HTTP/1.1" 200 10249
190.171.149.74 - - [25/Apr/2024:16:56:02 -0300] "GET /cormun/servlet/trsolicitudot? HTTP/1.1" 200 8493
181.212.47.137 - - [25/Apr/2024:16:58:00 -0300] "GET /cormun/servlet/trsolicitudgral? HTTP/1.1" 200 10811
181.212.47.137 - - [25/Apr/2024:16:58:37 -0300] "POST /cormun/servlet/trsolicitudgral?5a25bda040b98bb7fd99333a5c6faacf,,gx-no-cache=1714074886895 HTTP/1.1" 200 26286
181.212.47.137 - - [25/Apr/2024:16:59:28 -0300] "POST /cormun/servlet/trsolicitudgral?5a25bda040b98bb7fd99333a5c6faacf,,gx-no-cache=1714074937990 HTTP/1.1" 200 26026
181.212.47.137 - - [25/Apr/2024:16:59:28 -0300] "GET /cormun/static/Shared/jqueryui/images/ui-bg_highlight-soft_100_c6c2c8_1x100.png HTTP/1.1" 404 1117
181.212.47.137 - - [25/Apr/2024:16:59:29 -0300] "GET /cormun/static/Shared/jqueryui/images/ui-icons_8d78a5_256x240.png HTTP/1.1" 404 1089
181.212.47.137 - - [25/Apr/2024:16:59:29 -0300] "GET /cormun/static/Shared/jqueryui/images/ui-bg_flat_55_fafafa_40x100.png HTTP/1.1" 404 1097
181.212.47.137 - - [25/Apr/2024:16:59:29 -0300] "GET /cormun/static/Shared/jqueryui/images/ui-icons_82798d_256x240.png HTTP/1.1" 404 1089
181.212.47.137 - - [25/Apr/2024:16:59:30 -0300] "GET /cormun/servlet/trautorizarot? HTTP/1.1" 200 9590
181.212.47.137 - - [25/Apr/2024:16:59:33 -0300] "POST /cormun/servlet/trautorizarot?5a25bda040b98bb7fd99333a5c6faacf,,gx-no-cache=1714074943318 HTTP/1.1" 200 5348
181.212.47.137 - - [25/Apr/2024:16:59:55 -0300] "GET /cormun/servlet/trsolicitudgral? HTTP/1.1" 200 28393
