190.171.154.42 - - [24/Apr/2024:10:53:11 -0300] "GET /cormun/servlet/solicitudot?9f5e553c739881f090cac006e6ef87f606474fbbd4bebaac3a0179baaec135e48cc60373c183707b3e27b0e885587cf4d54f7661f8a5fb5c8e32ab689fe227e6caa1a29b5ebdcc88a9b04556968161ab2aa0ad19aa4188eec4eb74e04d80c7d0dd205f85e1c1ef72aaa79779fe798821,gx-no-cache=1713966566805 HTTP/1.1" 200 29
190.171.154.42 - - [24/Apr/2024:10:53:12 -0300] "GET /cormun/static/menuarrow.gif HTTP/1.1" 404 1015
190.171.154.42 - - [24/Apr/2024:10:53:16 -0300] "GET /cormun/servlet/solicitudot?9f5e553c739881f090cac006e6ef87f6d8b1795ebec28c16fd84100ffa2c655461a43503c8a9fc708eb974aee3da56fa,gx-no-cache=1713966571505 HTTP/1.1" 200 30
190.171.154.42 - - [24/Apr/2024:10:53:47 -0300] "POST /cormun/servlet/solicitudot?gx-no-cache=1713966602373 HTTP/1.1" 200 30
190.171.154.42 - - [24/Apr/2024:10:53:48 -0300] "POST /cormun/servlet/solicitudot?2fe6684334d87371d79ffc924194ce4a,INS,0,0,false,,gx-no-cache=1713966602414 HTTP/1.1" 200 93
190.171.154.42 - - [24/Apr/2024:10:53:48 -0300] "GET /cormun/servlet/hpexe_return? HTTP/1.1" 200 1010
190.171.154.42 - - [24/Apr/2024:10:53:48 -0300] "GET /cormun/servlet/trsolicitudot? HTTP/1.1" 200 10178
190.171.152.138 - - [24/Apr/2024:10:54:03 -0300] "GET /cormun/servlet/solicitudot?30c4078124c4fdce4a0e9d266cdb73315ea66340c4ff7d88a26bcb8bb140380aab0462d2de7ad2aa1177e4842e5056f6c98b61f0884b37ca6c0f756e6e492a25,gx-no-cache=1713966618724 HTTP/1.1" 200 103
190.171.152.138 - - [24/Apr/2024:10:54:03 -0300] "GET /cormun/static/Shared/jqueryui/images/ui-bg_highlight-soft_100_c6c2c8_1x100.png HTTP/1.1" 404 1117
190.171.152.138 - - [24/Apr/2024:10:54:03 -0300] "GET /cormun/static/Shared/jqueryui/images/ui-icons_82798d_256x240.png HTTP/1.1" 404 1089
190.171.152.138 - - [24/Apr/2024:10:54:03 -0300] "GET /cormun/static/Shared/jqueryui/images/ui-bg_flat_55_994d53_40x100.png HTTP/1.1" 404 1097
190.171.152.138 - - [24/Apr/2024:10:54:03 -0300] "GET /cormun/static/Shared/jqueryui/images/ui-icons_ebccce_256x240.png HTTP/1.1" 404 1089
190.171.149.82 - - [24/Apr/2024:10:54:46 -0300] "GET /cormun/servlet/hlogin HTTP/1.1" 200 1721
190.171.154.42 - - [24/Apr/2024:10:54:49 -0300] "POST /cormun/servlet/trsolicitudot?2fe6684334d87371d79ffc924194ce4a,,gx-no-cache=1713966664661 HTTP/1.1" 200 106
190.171.154.42 - - [24/Apr/2024:10:54:49 -0300] "GET /cormun/servlet/trsolicitudadjuntos?2024,21323, HTTP/1.1" 200 6378
190.171.154.42 - - [24/Apr/2024:10:54:49 -0300] "GET /cormun/static/Resources/PXToolsGridNew.png HTTP/1.1" 200 427
190.171.154.42 - - [24/Apr/2024:10:54:50 -0300] "GET /cormun/static/gxcfg.js?20201215574222 HTTP/1.1" 200 953
190.171.154.42 - - [24/Apr/2024:10:54:50 -0300] "GET /cormun/static/trsolicitudadjuntos.js?20201215574932 HTTP/1.1" 200 17921
190.171.149.82 - - [24/Apr/2024:10:54:52 -0300] "POST /cormun/servlet/hlogin?56dfced35125729a06806ff203405a97,gx-no-cache=1713966666441 HTTP/1.1" 200 90
190.171.149.82 - - [24/Apr/2024:10:54:52 -0300] "GET /cormun/servlet/hpexe_link HTTP/1.1" 200 949
190.171.149.82 - - [24/Apr/2024:10:54:53 -0300] "GET /cormun/servlet/hhome HTTP/1.1" 200 3928
190.171.154.42 - - [24/Apr/2024:10:54:56 -0300] "GET /cormun/servlet/solicitudotadjuntos?INS,2024,21323,,1, HTTP/1.1" 200 6325
190.171.154.42 - - [24/Apr/2024:10:54:56 -0300] "GET /cormun/static/gxcfg.js?202211298385187 HTTP/1.1" 200 953
190.171.154.42 - - [24/Apr/2024:10:54:56 -0300] "GET /cormun/static/solicitudotadjuntos.js?202211298385196 HTTP/1.1" 200 11771
190.171.154.42 - - [24/Apr/2024:10:54:56 -0300] "GET /cormun/static/about:blank HTTP/1.1" 404 1011
190.171.154.42 - - [24/Apr/2024:10:54:57 -0300] "GET /cormun/servlet/solicitudotadjuntos?9f5e553c739881f090cac006e6ef87f6c9bbfcff9de62756fb9991260f77dd94b1dde95eddd16060a08a4688c5b8b98f,gx-no-cache=1713966671945 HTTP/1.1" 200 30
190.171.154.42 - - [24/Apr/2024:10:54:57 -0300] "POST /cormun/servlet/solicitudotadjuntos?2fe6684334d87371d79ffc924194ce4a,INS,2024,21323,,1,,gx-no-cache=1713966671978 HTTP/1.1" 200 4154
190.171.149.82 - - [24/Apr/2024:10:54:57 -0300] "GET /cormun/servlet/trpermisosgoce? HTTP/1.1" 200 9540
190.171.152.138 - - [24/Apr/2024:10:55:02 -0300] "GET /cormun/servlet/solicitudot?30c4078124c4fdce4a0e9d266cdb733191655f29d160f76e3e217423bf44025e,gx-no-cache=1713966677218 HTTP/1.1" 200 53
190.171.152.138 - - [24/Apr/2024:10:55:11 -0300] "POST /cormun/servlet/solicitudot?gx-no-cache=1713966686889 HTTP/1.1" 200 297
190.171.154.42 - - [24/Apr/2024:10:55:13 -0300] "POST /cormun/servlet/solicitudotadjuntos?gx-no-cache=1713966688120 HTTP/1.1" 200 26
190.171.152.138 - - [24/Apr/2024:10:55:13 -0300] "GET /cormun/servlet/solicitudot?30c4078124c4fdce4a0e9d266cdb73314dd6e007c649c68807307c706f391da149213c475cb3a772c24afd8c29bfd091c3d68982f006f7016136d03a3497278786e93c8fc4f575fd8dedcd4a04b2d39036efb9a713530dd4c85d0b61bf2527b10f370f3e048cca5152474d268f79a3d6445147dc7a696a543928a55748bbffe2db51a04f7e089e1f64f005de060f2f17472e4a0eca3e8dcd80bdcf728be6def86362aa62ae9c349fefa1f5af336f1ab7f711bbea4d6c5f1674f82ac635a86ac1d74d8f79ad797d6c61d35df9d6b8145afa56ff05fe014e62e0fdde4479647cfc2ee8de76ce1ba359fa07241921f7c26151dd28c0804ceaf1866d0649265cd2e9f538924099fd7e0d30e47ee4bbc53c074ef9af59b5bccabd2d6c13eacd64b83f9564e1c472f62f171c53954427630e3e1d1054971457cad1f3f8ebe8ad1915528833eb92101e1aac66fc37f1688ea61690701b9db654e2bde19dd717fafc59c13c19f970b6b82c1ab0abad71bc98530233348c162c45a57e745f6504dd848042d17fced7d92a28a385128f876d196e0e,gx-no-cache=1713966688526 HTTP/1.1" 200 30
190.171.152.138 - - [24/Apr/2024:10:55:14 -0300] "POST /cormun/servlet/solicitudot?gx-no-cache=1713966689634 HTTP/1.1" 200 30
190.171.149.90 - - [24/Apr/2024:10:55:14 -0300] "GET /cormun/servlet/trpermisosadjuntos?15438765,20240424090939,P, HTTP/1.1" 200 5452
190.171.149.90 - - [24/Apr/2024:10:55:14 -0300] "GET /cormun/static/gxcfg.js?2020121641683 HTTP/1.1" 200 953
190.171.149.90 - - [24/Apr/2024:10:55:14 -0300] "GET /cormun/static/trpermisosadjuntos.js?2020121642996 HTTP/1.1" 200 20158
190.171.149.90 - - [24/Apr/2024:10:55:14 -0300] "GET /cormun/servlet/hlogin HTTP/1.1" 200 1764
190.171.152.138 - - [24/Apr/2024:10:55:15 -0300] "POST /cormun/servlet/solicitudot?gx-no-cache=1713966691031 HTTP/1.1" 200 1479
190.171.152.138 - - [24/Apr/2024:10:55:15 -0300] "POST /cormun/servlet/solicitudot?gx-no-cache=1713966691059 HTTP/1.1" 200 38
190.171.149.90 - - [24/Apr/2024:10:55:23 -0300] "POST /cormun/servlet/hlogin?889206f3be925253ce9c501d70e756fd,gx-no-cache=1713966699230 HTTP/1.1" 200 90
190.171.149.90 - - [24/Apr/2024:10:55:23 -0300] "GET /cormun/servlet/hpexe_link HTTP/1.1" 200 981
190.171.149.90 - - [24/Apr/2024:10:55:23 -0300] "GET /cormun/servlet/trpermisosadjuntos?15438765,20240424090939,P, HTTP/1.1" 200 5988
190.171.149.82 - - [24/Apr/2024:10:55:26 -0300] "GET /cormun/servlet/hlogin HTTP/1.1" 200 1740
190.171.149.90 - - [24/Apr/2024:10:55:27 -0300] "GET /cormun/servlet/trpermisosgoce? HTTP/1.1" 200 11681
190.171.154.42 - - [24/Apr/2024:10:55:28 -0300] "GET /cormun/servlet/solicitudotadjuntos?9f5e553c739881f090cac006e6ef87f6b063f27313eb723e5a28f6a326dc06da,gx-no-cache=1713966703344 HTTP/1.1" 200 30
190.171.154.42 - - [24/Apr/2024:10:55:28 -0300] "GET /cormun/servlet/solicitudotadjuntos?9f5e553c739881f090cac006e6ef87f6b063f27313eb723e5a28f6a326dc06da,gx-no-cache=1713966703367 HTTP/1.1" 200 30
190.171.154.42 - - [24/Apr/2024:10:55:29 -0300] "POST /cormun/servlet/solicitudotadjuntos?2fe6684334d87371d79ffc924194ce4a,INS,2024,21323,,1, HTTP/1.1" 200 116
190.171.154.42 - - [24/Apr/2024:10:55:29 -0300] "GET /cormun/servlet/hpexe_return? HTTP/1.1" 200 1027
190.171.154.42 - - [24/Apr/2024:10:55:29 -0300] "GET /cormun/servlet/trsolicitudadjuntos?2024,21323, HTTP/1.1" 200 9363
190.171.149.90 - - [24/Apr/2024:10:55:29 -0300] "GET /cormun/servlet/trpermisosadjuntos?15438765,20240424090939,P, HTTP/1.1" 200 5986
190.171.149.90 - - [24/Apr/2024:10:55:31 -0300] "GET /cormun/servlet/permisosadjuntos?INS,15438765,P,20240424090939,, HTTP/1.1" 200 5487
190.171.149.90 - - [24/Apr/2024:10:55:31 -0300] "GET /cormun/static/gxcfg.js?20201215134212 HTTP/1.1" 200 953
190.171.149.90 - - [24/Apr/2024:10:55:31 -0300] "GET /cormun/static/permisosadjuntos.js?20201215134285 HTTP/1.1" 200 8724
190.171.149.90 - - [24/Apr/2024:10:55:31 -0300] "GET /cormun/static/about:blank HTTP/1.1" 404 1011
190.171.154.42 - - [24/Apr/2024:10:55:33 -0300] "GET /cormun/servlet/solicitudotadjuntos?INS,2024,21323,,1, HTTP/1.1" 200 6325
190.171.154.42 - - [24/Apr/2024:10:55:33 -0300] "GET /cormun/static/about:blank HTTP/1.1" 404 1011
190.171.154.42 - - [24/Apr/2024:10:55:33 -0300] "GET /cormun/servlet/solicitudotadjuntos?9f5e553c739881f090cac006e6ef87f6c9bbfcff9de62756fb9991260f77dd94b1dde95eddd16060a08a4688c5b8b98f,gx-no-cache=1713966708704 HTTP/1.1" 200 30
190.171.154.42 - - [24/Apr/2024:10:55:34 -0300] "POST /cormun/servlet/solicitudotadjuntos?2fe6684334d87371d79ffc924194ce4a,INS,2024,21323,,1,,gx-no-cache=1713966708755 HTTP/1.1" 200 4154
190.171.154.42 - - [24/Apr/2024:10:55:36 -0300] "POST /cormun/servlet/solicitudotadjuntos?gx-no-cache=1713966711436 HTTP/1.1" 200 26
190.171.149.90 - - [24/Apr/2024:10:55:39 -0300] "POST /cormun/servlet/permisosadjuntos?889206f3be925253ce9c501d70e756fd,INS,15438765,P,20240424090939,, HTTP/1.1" 200 116
190.171.149.90 - - [24/Apr/2024:10:55:39 -0300] "GET /cormun/servlet/hpexe_return? HTTP/1.1" 200 1035
190.171.149.90 - - [24/Apr/2024:10:55:39 -0300] "GET /cormun/servlet/trpermisosadjuntos?15438765,20240424090939,P, HTTP/1.1" 200 6526
190.171.149.90 - - [24/Apr/2024:10:55:41 -0300] "GET /cormun/servlet/trpermisosgoce? HTTP/1.1" 200 11681
190.171.149.90 - - [24/Apr/2024:10:55:45 -0300] "GET /cormun/servlet/trpermisosadjuntos?7642137,20240424091337,P, HTTP/1.1" 200 5982
190.171.149.90 - - [24/Apr/2024:10:55:46 -0300] "GET /cormun/servlet/permisosadjuntos?INS,7642137,P,20240424091337,, HTTP/1.1" 200 5482
190.171.149.90 - - [24/Apr/2024:10:55:46 -0300] "GET /cormun/static/about:blank HTTP/1.1" 404 1011
190.171.154.42 - - [24/Apr/2024:10:55:49 -0300] "GET /cormun/servlet/solicitudotadjuntos?9f5e553c739881f090cac006e6ef87f6b063f27313eb723e5a28f6a326dc06da,gx-no-cache=1713966724219 HTTP/1.1" 200 30
190.171.154.42 - - [24/Apr/2024:10:55:49 -0300] "GET /cormun/servlet/solicitudotadjuntos?9f5e553c739881f090cac006e6ef87f6b063f27313eb723e5a28f6a326dc06da,gx-no-cache=1713966724256 HTTP/1.1" 200 30
190.171.154.42 - - [24/Apr/2024:10:55:49 -0300] "POST /cormun/servlet/solicitudotadjuntos?2fe6684334d87371d79ffc924194ce4a,INS,2024,21323,,1, HTTP/1.1" 200 116
190.171.154.42 - - [24/Apr/2024:10:55:49 -0300] "GET /cormun/servlet/hpexe_return? HTTP/1.1" 200 1027
190.171.154.42 - - [24/Apr/2024:10:55:50 -0300] "GET /cormun/servlet/trsolicitudadjuntos?2024,21323, HTTP/1.1" 200 9614
190.171.154.42 - - [24/Apr/2024:10:55:52 -0300] "GET /cormun/servlet/solicitudotadjuntos?INS,2024,21323,,1, HTTP/1.1" 200 6325
190.171.154.42 - - [24/Apr/2024:10:55:52 -0300] "GET /cormun/static/about:blank HTTP/1.1" 404 1011
190.171.154.42 - - [24/Apr/2024:10:55:53 -0300] "GET /cormun/servlet/solicitudotadjuntos?9f5e553c739881f090cac006e6ef87f6c9bbfcff9de62756fb9991260f77dd94b1dde95eddd16060a08a4688c5b8b98f,gx-no-cache=1713966728068 HTTP/1.1" 200 30
190.171.154.42 - - [24/Apr/2024:10:55:53 -0300] "POST /cormun/servlet/solicitudotadjuntos?2fe6684334d87371d79ffc924194ce4a,INS,2024,21323,,1,,gx-no-cache=1713966728092 HTTP/1.1" 200 4154
190.171.149.90 - - [24/Apr/2024:10:55:56 -0300] "POST /cormun/servlet/permisosadjuntos?889206f3be925253ce9c501d70e756fd,INS,7642137,P,20240424091337,, HTTP/1.1" 200 116
190.171.149.90 - - [24/Apr/2024:10:55:56 -0300] "GET /cormun/servlet/hpexe_return? HTTP/1.1" 200 1036
190.171.149.90 - - [24/Apr/2024:10:55:57 -0300] "GET /cormun/servlet/trpermisosadjuntos?7642137,20240424091337,P, HTTP/1.1" 200 6516
190.171.149.90 - - [24/Apr/2024:10:55:59 -0300] "GET /cormun/servlet/trpermisosgoce? HTTP/1.1" 200 11682
190.171.154.42 - - [24/Apr/2024:10:56:00 -0300] "POST /cormun/servlet/solicitudotadjuntos?gx-no-cache=1713966735793 HTTP/1.1" 200 26
190.171.149.90 - - [24/Apr/2024:10:56:02 -0300] "GET /cormun/servlet/trpermisosadjuntos?17136519,20240419113901,P, HTTP/1.1" 200 5987
190.171.149.90 - - [24/Apr/2024:10:56:03 -0300] "GET /cormun/servlet/permisosadjuntos?INS,17136519,P,20240419113901,, HTTP/1.1" 200 5491
190.171.149.90 - - [24/Apr/2024:10:56:04 -0300] "GET /cormun/static/about:blank HTTP/1.1" 404 1011
190.171.154.42 - - [24/Apr/2024:10:56:07 -0300] "POST /cormun/servlet/solicitudotadjuntos?gx-no-cache=1713966742549 HTTP/1.1" 200 26
190.171.149.90 - - [24/Apr/2024:10:56:14 -0300] "POST /cormun/servlet/permisosadjuntos?889206f3be925253ce9c501d70e756fd,INS,17136519,P,20240419113901,, HTTP/1.1" 200 116
190.171.149.90 - - [24/Apr/2024:10:56:14 -0300] "GET /cormun/servlet/hpexe_return? HTTP/1.1" 200 1039
190.171.149.90 - - [24/Apr/2024:10:56:14 -0300] "GET /cormun/servlet/trpermisosadjuntos?17136519,20240419113901,P, HTTP/1.1" 200 6539
190.171.149.90 - - [24/Apr/2024:10:56:16 -0300] "GET /cormun/servlet/trpermisosgoce? HTTP/1.1" 200 11682
190.171.149.90 - - [24/Apr/2024:10:56:19 -0300] "POST /cormun/servlet/trpermisosgoce?889206f3be925253ce9c501d70e756fd,,gx-no-cache=1713966754676 HTTP/1.1" 200 9043
190.171.149.90 - - [24/Apr/2024:10:56:19 -0300] "GET /cormun/static/Shared/jqueryui/images/ui-icons_82798d_256x240.png HTTP/1.1" 404 1089
190.171.149.90 - - [24/Apr/2024:10:56:19 -0300] "GET /cormun/static/Shared/jqueryui/images/ui-bg_highlight-soft_100_c6c2c8_1x100.png HTTP/1.1" 404 1117
190.171.149.90 - - [24/Apr/2024:10:56:19 -0300] "GET /cormun/static/Shared/jqueryui/images/ui-bg_flat_55_fafafa_40x100.png HTTP/1.1" 404 1097
190.171.149.90 - - [24/Apr/2024:10:56:19 -0300] "GET /cormun/static/Shared/jqueryui/images/ui-icons_8d78a5_256x240.png HTTP/1.1" 404 1089
190.171.149.90 - - [24/Apr/2024:10:56:20 -0300] "POST /cormun/servlet/trpermisosgoce?889206f3be925253ce9c501d70e756fd,,gx-no-cache=1713966755689 HTTP/1.1" 200 9040
190.171.149.90 - - [24/Apr/2024:10:56:21 -0300] "POST /cormun/servlet/trpermisosgoce?889206f3be925253ce9c501d70e756fd,,gx-no-cache=1713966756668 HTTP/1.1" 200 9032
190.171.149.90 - - [24/Apr/2024:10:56:22 -0300] "POST /cormun/servlet/trpermisosgoce?889206f3be925253ce9c501d70e756fd,,gx-no-cache=1713966757670 HTTP/1.1" 200 9018
190.171.154.42 - - [24/Apr/2024:10:56:25 -0300] "GET /cormun/servlet/solicitudotadjuntos?9f5e553c739881f090cac006e6ef87f6b063f27313eb723e5a28f6a326dc06da,gx-no-cache=1713966760019 HTTP/1.1" 200 30
190.171.154.42 - - [24/Apr/2024:10:56:25 -0300] "GET /cormun/servlet/solicitudotadjuntos?9f5e553c739881f090cac006e6ef87f6b063f27313eb723e5a28f6a326dc06da,gx-no-cache=1713966760034 HTTP/1.1" 200 30
190.171.154.42 - - [24/Apr/2024:10:56:25 -0300] "POST /cormun/servlet/solicitudotadjuntos?2fe6684334d87371d79ffc924194ce4a,INS,2024,21323,,1, HTTP/1.1" 200 116
190.171.154.42 - - [24/Apr/2024:10:56:25 -0300] "GET /cormun/servlet/hpexe_return? HTTP/1.1" 200 1027
190.171.154.42 - - [24/Apr/2024:10:56:25 -0300] "GET /cormun/servlet/trsolicitudadjuntos?2024,21323, HTTP/1.1" 200 9873
190.171.154.42 - - [24/Apr/2024:10:56:28 -0300] "GET /cormun/servlet/solicitudotadjuntos?INS,2024,21323,,1, HTTP/1.1" 200 6325
190.171.154.42 - - [24/Apr/2024:10:56:28 -0300] "GET /cormun/static/about:blank HTTP/1.1" 404 1011
190.171.154.42 - - [24/Apr/2024:10:56:28 -0300] "GET /cormun/servlet/solicitudotadjuntos?9f5e553c739881f090cac006e6ef87f6c9bbfcff9de62756fb9991260f77dd94b1dde95eddd16060a08a4688c5b8b98f,gx-no-cache=1713966763653 HTTP/1.1" 200 30
190.171.154.42 - - [24/Apr/2024:10:56:28 -0300] "POST /cormun/servlet/solicitudotadjuntos?2fe6684334d87371d79ffc924194ce4a,INS,2024,21323,,1,,gx-no-cache=1713966763667 HTTP/1.1" 200 4154
190.171.154.42 - - [24/Apr/2024:10:56:31 -0300] "POST /cormun/servlet/solicitudotadjuntos?gx-no-cache=1713966766082 HTTP/1.1" 200 26
190.171.154.42 - - [24/Apr/2024:10:56:42 -0300] "GET /cormun/servlet/solicitudotadjuntos?9f5e553c739881f090cac006e6ef87f6b063f27313eb723e5a28f6a326dc06da,gx-no-cache=1713966777620 HTTP/1.1" 200 30
190.171.154.42 - - [24/Apr/2024:10:56:42 -0300] "GET /cormun/servlet/solicitudotadjuntos?9f5e553c739881f090cac006e6ef87f6b063f27313eb723e5a28f6a326dc06da,gx-no-cache=1713966777636 HTTP/1.1" 200 30
190.171.154.42 - - [24/Apr/2024:10:56:42 -0300] "POST /cormun/servlet/solicitudotadjuntos?2fe6684334d87371d79ffc924194ce4a,INS,2024,21323,,1, HTTP/1.1" 200 116
190.171.154.42 - - [24/Apr/2024:10:56:42 -0300] "GET /cormun/servlet/hpexe_return? HTTP/1.1" 200 1027
190.171.154.42 - - [24/Apr/2024:10:56:43 -0300] "GET /cormun/servlet/trsolicitudadjuntos?2024,21323, HTTP/1.1" 200 10103
190.171.154.42 - - [24/Apr/2024:10:56:45 -0300] "GET /cormun/servlet/solicitudotadjuntos?INS,2024,21323,,1, HTTP/1.1" 200 6325
190.171.154.42 - - [24/Apr/2024:10:56:45 -0300] "GET /cormun/static/about:blank HTTP/1.1" 404 1011
190.171.154.42 - - [24/Apr/2024:10:56:46 -0300] "GET /cormun/servlet/solicitudotadjuntos?9f5e553c739881f090cac006e6ef87f6c9bbfcff9de62756fb9991260f77dd94b1dde95eddd16060a08a4688c5b8b98f,gx-no-cache=1713966781229 HTTP/1.1" 200 30
190.171.154.42 - - [24/Apr/2024:10:56:46 -0300] "POST /cormun/servlet/solicitudotadjuntos?2fe6684334d87371d79ffc924194ce4a,INS,2024,21323,,1,,gx-no-cache=1713966781242 HTTP/1.1" 200 4154
190.171.152.138 - - [24/Apr/2024:10:56:49 -0300] "GET /cormun/servlet/solicitudot?30c4078124c4fdce4a0e9d266cdb73311c0a8f24789510472012303e594b11c53090ce9bd753f9e9513d59b81cb45c843d02fe851728bad4c17fd06e971137cedd5311addcd4d7b454deea5660cba39bc7736e02aca93dfac4f8b0358841dc40b5cec5014a63a33005c3e719fb5282f9,gx-no-cache=1713966784128 HTTP/1.1" 200 110
190.171.154.42 - - [24/Apr/2024:10:56:49 -0300] "POST /cormun/servlet/solicitudotadjuntos?gx-no-cache=1713966784671 HTTP/1.1" 200 26
190.171.152.138 - - [24/Apr/2024:10:56:53 -0300] "POST /cormun/servlet/solicitudot?gx-no-cache=1713966788460 HTTP/1.1" 200 97
190.171.154.42 - - [24/Apr/2024:10:57:06 -0300] "GET /cormun/servlet/solicitudotadjuntos?9f5e553c739881f090cac006e6ef87f6b063f27313eb723e5a28f6a326dc06da,gx-no-cache=1713966801458 HTTP/1.1" 200 30
190.171.154.42 - - [24/Apr/2024:10:57:06 -0300] "GET /cormun/servlet/solicitudotadjuntos?9f5e553c739881f090cac006e6ef87f6b063f27313eb723e5a28f6a326dc06da,gx-no-cache=1713966801473 HTTP/1.1" 200 30
190.171.154.42 - - [24/Apr/2024:10:57:06 -0300] "POST /cormun/servlet/solicitudotadjuntos?2fe6684334d87371d79ffc924194ce4a,INS,2024,21323,,1, HTTP/1.1" 200 116
190.171.154.42 - - [24/Apr/2024:10:57:06 -0300] "GET /cormun/servlet/hpexe_return? HTTP/1.1" 200 1027
190.171.154.42 - - [24/Apr/2024:10:57:06 -0300] "GET /cormun/servlet/trsolicitudadjuntos?2024,21323, HTTP/1.1" 200 10399
190.171.149.90 - - [24/Apr/2024:10:57:09 -0300] "GET /cormun/servlet/trpermisosadjuntos?17234533,20240410145045,P, HTTP/1.1" 200 6384
190.171.149.90 - - [24/Apr/2024:10:57:13 -0300] "GET /cormun/servlet/trpermisosgoce? HTTP/1.1" 200 11643
190.171.149.90 - - [24/Apr/2024:10:57:16 -0300] "POST /cormun/servlet/trpermisosgoce?889206f3be925253ce9c501d70e756fd,,gx-no-cache=1713966811748 HTTP/1.1" 200 9018
190.171.149.90 - - [24/Apr/2024:10:57:18 -0300] "POST /cormun/servlet/trpermisosgoce?889206f3be925253ce9c501d70e756fd,,gx-no-cache=1713966813545 HTTP/1.1" 200 9005
190.171.152.138 - - [24/Apr/2024:10:57:30 -0300] "GET /cormun/servlet/solicitudot?30c4078124c4fdce4a0e9d266cdb7331ff82d2dcb13dbcce832101aeeb48e2443d9f54dcd46babeee3bda04bc0d88395740a9828d3fafb98685ca2f2d1e31bec81b39f30255ecdc7bb7ad095d7358a05505be82742ce0d2941c2620ea263b556d2addb98950f263dcf79331dccf1cbbf,gx-no-cache=1713966825450 HTTP/1.1" 200 29
190.171.152.138 - - [24/Apr/2024:10:57:30 -0300] "GET /cormun/static/menuarrow.gif HTTP/1.1" 404 1015
190.171.152.138 - - [24/Apr/2024:10:57:33 -0300] "GET /cormun/servlet/solicitudot?30c4078124c4fdce4a0e9d266cdb7331a34ce43df06376f85885c6a2f47714c72882e5e3763695ec9eec24ddd2d5f2cf,gx-no-cache=1713966828726 HTTP/1.1" 200 30
190.171.152.138 - - [24/Apr/2024:10:57:42 -0300] "POST /cormun/servlet/solicitudot?gx-no-cache=1713966837965 HTTP/1.1" 200 30
190.171.152.138 - - [24/Apr/2024:10:57:42 -0300] "POST /cormun/servlet/solicitudot?8ee8f930b3c661efa2a89494987b6ff2,INS,0,0,false,,gx-no-cache=1713966837999 HTTP/1.1" 200 13311
181.212.47.137 - - [24/Apr/2024:10:57:53 -0300] "GET /cormun/servlet/hlogin HTTP/1.1" 200 1719
181.212.47.137 - - [24/Apr/2024:10:57:59 -0300] "POST /cormun/servlet/hlogin?fc099c2015aa50b634b9a8c697d66fdd,gx-no-cache=1713966852137 HTTP/1.1" 200 90
181.212.47.137 - - [24/Apr/2024:10:57:59 -0300] "GET /cormun/servlet/hpexe_link HTTP/1.1" 200 949
181.212.47.137 - - [24/Apr/2024:10:57:59 -0300] "GET /cormun/servlet/hhome HTTP/1.1" 200 3814
181.212.47.137 - - [24/Apr/2024:10:58:03 -0300] "GET /cormun/servlet/trsolicitudgral? HTTP/1.1" 200 28566
181.212.47.137 - - [24/Apr/2024:10:58:28 -0300] "GET /cormun/servlet/vesolicitudgral?2024,21321,, HTTP/1.1" 200 8429
181.212.47.137 - - [24/Apr/2024:10:58:28 -0300] "GET /cormun/pexe_scrolldiv.js HTTP/1.1" 404 1009
181.212.47.137 - - [24/Apr/2024:10:58:34 -0300] "POST /cormun/servlet/vesolicitudgral?fc099c2015aa50b634b9a8c697d66fdd,2024,21321,,,gx-no-cache=1713966887252 HTTP/1.1" 200 12335
181.212.47.137 - - [24/Apr/2024:10:58:34 -0300] "GET /cormun/static/Shared/jqueryui/images/ui-icons_82798d_256x240.png HTTP/1.1" 404 1089
181.212.47.137 - - [24/Apr/2024:10:58:34 -0300] "GET /cormun/static/Shared/jqueryui/images/ui-bg_highlight-soft_100_c6c2c8_1x100.png HTTP/1.1" 404 1117
181.212.47.137 - - [24/Apr/2024:10:58:34 -0300] "GET /cormun/static/Shared/jqueryui/images/ui-bg_flat_55_fafafa_40x100.png HTTP/1.1" 404 1097
181.212.47.137 - - [24/Apr/2024:10:58:34 -0300] "GET /cormun/static/Shared/jqueryui/images/ui-icons_8d78a5_256x240.png HTTP/1.1" 404 1089
181.212.47.137 - - [24/Apr/2024:10:58:34 -0300] "POST /cormun/servlet/vesolicitudgral?fc099c2015aa50b634b9a8c697d66fdd,2024,21321,,,gx-no-cache=1713966887503 HTTP/1.1" 200 12268
190.171.154.42 - - [24/Apr/2024:10:58:43 -0300] "GET /cormun/servlet/solicitudotadjuntos?DLT,2024,21323,CERTIF5,0, HTTP/1.1" 200 6325
190.171.154.42 - - [24/Apr/2024:10:58:44 -0300] "GET /cormun/PublicTempStorage/certificado_de_antecedentes_%281%292764451.pdf HTTP/1.1" 200 34434
190.171.154.42 - - [24/Apr/2024:10:58:44 -0300] "GET /cormun/static/Shared/jqueryui/images/ui-icons_82798d_256x240.png HTTP/1.1" 404 1089
190.171.154.42 - - [24/Apr/2024:10:58:44 -0300] "GET /cormun/static/Shared/jqueryui/images/ui-bg_highlight-soft_100_c6c2c8_1x100.png HTTP/1.1" 404 1117
190.171.154.42 - - [24/Apr/2024:10:58:44 -0300] "GET /cormun/static/Shared/jqueryui/images/ui-icons_8d78a5_256x240.png HTTP/1.1" 404 1089
190.171.154.42 - - [24/Apr/2024:10:58:44 -0300] "GET /cormun/static/Shared/jqueryui/images/ui-bg_flat_55_fafafa_40x100.png HTTP/1.1" 404 1097
190.171.152.138 - - [24/Apr/2024:10:58:48 -0300] "GET /cormun/servlet/solicitudot?30c4078124c4fdce4a0e9d266cdb73315ea66340c4ff7d88a26bcb8bb140380aab0462d2de7ad2aa1177e4842e5056f6c98b61f0884b37ca6c0f756e6e492a25,gx-no-cache=1713966903309 HTTP/1.1" 200 103
190.171.152.138 - - [24/Apr/2024:10:58:48 -0300] "GET /cormun/servlet/solicitudot?30c4078124c4fdce4a0e9d266cdb73314dd6e007c649c68807307c706f391da149213c475cb3a772c24afd8c29bfd091c3d68982f006f7016136d03a3497278786e93c8fc4f575fd8dedcd4a04b2d39036efb9a713530dd4c85d0b61bf2527b10f370f3e048cca5152474d268f79a3d6445147dc7a696a543928a55748bbffe2db51a04f7e089e1f64f005de060f2f17472e4a0eca3e8dcd80bdcf728be6def86362aa62ae9c349fefa1f5af336f1ab7f711bbea4d6c5f1674f82ac635a86ac1d74d8f79ad797d6c61d35df9d6b8145afa56ff05fe014e62e0fdde4479647cfc2ee8de76ce1ba359fa07241921f7c26151dd28c0804ceaf1866d0649265cd2e9f538924099fd7e0d30e47ee4bbc53c074ef9af59b5bccabd2d6c13eacd64b83f9564e1c472f62f171c53954427630e3e1d1054971457cad1f3f8ebe8ad1915528833eb92101e1aac66fc37f1688ea61690701b9db654e2bde19dd717fafc59c13c19f970b6b82c1ab0abad71bc9853029f2ae68e842c06fe33923eacede26011d17fced7d92a28a385128f876d196e0e,gx-no-cache=1713966903341 HTTP/1.1" 200 30
190.171.152.138 - - [24/Apr/2024:10:58:48 -0300] "POST /cormun/servlet/solicitudot?gx-no-cache=1713966903360 HTTP/1.1" 200 30
190.171.152.138 - - [24/Apr/2024:10:58:48 -0300] "POST /cormun/servlet/solicitudot?gx-no-cache=1713966903389 HTTP/1.1" 200 1482
190.171.152.138 - - [24/Apr/2024:10:58:48 -0300] "POST /cormun/servlet/solicitudot?gx-no-cache=1713966903416 HTTP/1.1" 200 41
190.171.152.138 - - [24/Apr/2024:10:58:48 -0300] "GET /cormun/servlet/solicitudot?30c4078124c4fdce4a0e9d266cdb73311c0a8f24789510472012303e594b11c53090ce9bd753f9e9513d59b81cb45c843d02fe851728bad4c17fd06e971137cedd5311addcd4d7b454deea5660cba39bc7736e02aca93dfac4f8b0358841dc40b5cec5014a63a33005c3e719fb5282f9,gx-no-cache=1713966903434 HTTP/1.1" 200 110
190.171.152.138 - - [24/Apr/2024:10:58:48 -0300] "POST /cormun/servlet/solicitudot?gx-no-cache=1713966903452 HTTP/1.1" 200 97
190.171.152.138 - - [24/Apr/2024:10:58:48 -0300] "GET /cormun/servlet/solicitudot?30c4078124c4fdce4a0e9d266cdb7331a34ce43df06376f85885c6a2f47714c72882e5e3763695ec9eec24ddd2d5f2cf,gx-no-cache=1713966903472 HTTP/1.1" 200 30
190.171.152.138 - - [24/Apr/2024:10:58:48 -0300] "POST /cormun/servlet/solicitudot?gx-no-cache=1713966903488 HTTP/1.1" 200 30
190.171.152.138 - - [24/Apr/2024:10:58:48 -0300] "POST /cormun/servlet/solicitudot?8ee8f930b3c661efa2a89494987b6ff2,INS,0,0,false,,gx-no-cache=1713966903505 HTTP/1.1" 200 13378
190.171.154.42 - - [24/Apr/2024:10:58:51 -0300] "POST /cormun/servlet/solicitudotadjuntos?2fe6684334d87371d79ffc924194ce4a,DLT,2024,21323,CERTIF5,0,,gx-no-cache=1713966906465 HTTP/1.1" 200 93
190.171.154.42 - - [24/Apr/2024:10:58:52 -0300] "GET /cormun/servlet/hpexe_return? HTTP/1.1" 200 1033
190.171.154.42 - - [24/Apr/2024:10:58:52 -0300] "GET /cormun/servlet/trsolicitudadjuntos?2024,21323, HTTP/1.1" 200 10103
190.171.154.42 - - [24/Apr/2024:10:58:55 -0300] "GET /cormun/servlet/solicitudotadjuntos?INS,2024,21323,,1, HTTP/1.1" 200 6325
190.171.154.42 - - [24/Apr/2024:10:58:55 -0300] "GET /cormun/static/about:blank HTTP/1.1" 404 1011
190.171.154.42 - - [24/Apr/2024:10:58:56 -0300] "GET /cormun/servlet/solicitudotadjuntos?9f5e553c739881f090cac006e6ef87f6c9bbfcff9de62756fb9991260f77dd94b1dde95eddd16060a08a4688c5b8b98f,gx-no-cache=1713966911113 HTTP/1.1" 200 30
190.171.154.42 - - [24/Apr/2024:10:58:56 -0300] "POST /cormun/servlet/solicitudotadjuntos?2fe6684334d87371d79ffc924194ce4a,INS,2024,21323,,1,,gx-no-cache=1713966911126 HTTP/1.1" 200 4154
181.212.47.137 - - [24/Apr/2024:10:58:56 -0300] "GET /cormun/servlet/trsolicitudgral? HTTP/1.1" 200 28600
190.171.152.138 - - [24/Apr/2024:10:58:56 -0300] "GET /cormun/servlet/solicitudot?30c4078124c4fdce4a0e9d266cdb73315ea66340c4ff7d88a26bcb8bb140380aab0462d2de7ad2aa1177e4842e5056f6d03761c0411eecd27a8177e866ef005cc990f21c2ecea1feac0375fd31bc1f13,gx-no-cache=1713966912051 HTTP/1.1" 200 30
190.171.152.138 - - [24/Apr/2024:10:58:56 -0300] "GET /cormun/servlet/solicitudot?30c4078124c4fdce4a0e9d266cdb73314dd6e007c649c68807307c706f391da149213c475cb3a772c24afd8c29bfd091c3d68982f006f7016136d03a3497278786e93c8fc4f575fd8dedcd4a04b2d39036efb9a713530dd4c85d0b61bf2527b10f370f3e048cca5152474d268f79a3d6445147dc7a696a543928a55748bbffe2db51a04f7e089e1f64f005de060f2f17472e4a0eca3e8dcd80bdcf728be6def86362aa62ae9c349fefa1f5af336f1ab7f711bbea4d6c5f1674f82ac635a86ac1d74d8f79ad797d6c61d35df9d6b8145afa56ff05fe014e62e0fdde4479647cfc2ee8de76ce1ba359fa07241921f7c26151dd28c0804ceaf1866d0649265cd2e9f538924099fd7e0d30e47ee4bbc53c074ef9af59b5bccabd2d6c13eacd64b83f9564e1c472f62f171c53954427630e3e1d1054971457cad1f3f8ebe8ad1915528833eb92101e1aac66fc37f1688ea61690701b9db654e2bde19dd717fafc59c13c19f970b6b82c1ab0abad71bc9853029f2ae68e842c06fe33923eacede26011d17fced7d92a28a385128f876d196e0e,gx-no-cache=1713966912069 HTTP/1.1" 200 30
190.171.152.138 - - [24/Apr/2024:10:58:56 -0300] "POST /cormun/servlet/solicitudot?gx-no-cache=1713966912085 HTTP/1.1" 200 30
190.171.152.138 - - [24/Apr/2024:10:58:56 -0300] "POST /cormun/servlet/solicitudot?gx-no-cache=1713966912104 HTTP/1.1" 200 1482
190.171.152.138 - - [24/Apr/2024:10:58:56 -0300] "POST /cormun/servlet/solicitudot?gx-no-cache=1713966912132 HTTP/1.1" 200 41
190.171.152.138 - - [24/Apr/2024:10:58:56 -0300] "GET /cormun/servlet/solicitudot?30c4078124c4fdce4a0e9d266cdb73311c0a8f24789510472012303e594b11c53090ce9bd753f9e9513d59b81cb45c843d02fe851728bad4c17fd06e971137cedd5311addcd4d7b454deea5660cba39bc7736e02aca93dfac4f8b0358841dc40b5cec5014a63a33005c3e719fb5282f9,gx-no-cache=1713966912148 HTTP/1.1" 200 110
190.171.152.138 - - [24/Apr/2024:10:58:56 -0300] "POST /cormun/servlet/solicitudot?gx-no-cache=1713966912165 HTTP/1.1" 200 97
190.171.152.138 - - [24/Apr/2024:10:58:56 -0300] "GET /cormun/servlet/solicitudot?30c4078124c4fdce4a0e9d266cdb7331a34ce43df06376f85885c6a2f47714c72882e5e3763695ec9eec24ddd2d5f2cf,gx-no-cache=1713966912185 HTTP/1.1" 200 30
190.171.152.138 - - [24/Apr/2024:10:58:56 -0300] "POST /cormun/servlet/solicitudot?gx-no-cache=1713966912202 HTTP/1.1" 200 30
190.171.152.138 - - [24/Apr/2024:10:58:57 -0300] "POST /cormun/servlet/solicitudot?8ee8f930b3c661efa2a89494987b6ff2,INS,0,0,false,,gx-no-cache=1713966912219 HTTP/1.1" 200 93
190.171.152.138 - - [24/Apr/2024:10:58:57 -0300] "GET /cormun/servlet/hpexe_return? HTTP/1.1" 200 1005
190.171.152.138 - - [24/Apr/2024:10:58:57 -0300] "GET /cormun/servlet/trsolicitudot HTTP/1.1" 200 8829
190.171.154.42 - - [24/Apr/2024:10:58:59 -0300] "POST /cormun/servlet/solicitudotadjuntos?gx-no-cache=1713966913908 HTTP/1.1" 200 26
190.171.152.138 - - [24/Apr/2024:10:59:01 -0300] "POST /cormun/servlet/trsolicitudot?8ee8f930b3c661efa2a89494987b6ff2,gx-no-cache=1713966916881 HTTP/1.1" 200 6234
190.171.152.138 - - [24/Apr/2024:10:59:01 -0300] "GET /cormun/static/Shared/jqueryui/images/ui-bg_highlight-soft_100_c6c2c8_1x100.png HTTP/1.1" 404 1117
190.171.152.138 - - [24/Apr/2024:10:59:01 -0300] "GET /cormun/static/Shared/jqueryui/images/ui-icons_82798d_256x240.png HTTP/1.1" 404 1089
190.171.152.138 - - [24/Apr/2024:10:59:01 -0300] "GET /cormun/static/Shared/jqueryui/images/ui-icons_8d78a5_256x240.png HTTP/1.1" 404 1089
190.171.152.138 - - [24/Apr/2024:10:59:01 -0300] "GET /cormun/static/Shared/jqueryui/images/ui-bg_flat_55_fafafa_40x100.png HTTP/1.1" 404 1097
190.171.152.138 - - [24/Apr/2024:10:59:03 -0300] "POST /cormun/servlet/trsolicitudot?8ee8f930b3c661efa2a89494987b6ff2,gx-no-cache=1713966918756 HTTP/1.1" 200 106
190.171.152.138 - - [24/Apr/2024:10:59:03 -0300] "GET /cormun/servlet/trsolicitudadjuntos?2024,21324, HTTP/1.1" 200 6331
190.171.152.138 - - [24/Apr/2024:10:59:05 -0300] "GET /cormun/servlet/solicitudotadjuntos?INS,2024,21324,,1, HTTP/1.1" 200 6280
190.171.152.138 - - [24/Apr/2024:10:59:06 -0300] "GET /cormun/static/about:blank HTTP/1.1" 404 1011
190.171.152.138 - - [24/Apr/2024:10:59:06 -0300] "GET /cormun/servlet/solicitudotadjuntos?30c4078124c4fdce4a0e9d266cdb733170ed54c73d23fba9b865940882a677e769de43fd865566ce962e7831c070cd10,gx-no-cache=1713966921803 HTTP/1.1" 200 30
190.171.152.138 - - [24/Apr/2024:10:59:06 -0300] "POST /cormun/servlet/solicitudotadjuntos?8ee8f930b3c661efa2a89494987b6ff2,INS,2024,21324,,1,,gx-no-cache=1713966921818 HTTP/1.1" 200 4141
190.171.154.42 - - [24/Apr/2024:10:59:10 -0300] "GET /cormun/servlet/solicitudotadjuntos?9f5e553c739881f090cac006e6ef87f6b063f27313eb723e5a28f6a326dc06da,gx-no-cache=1713966924866 HTTP/1.1" 200 30
190.171.154.42 - - [24/Apr/2024:10:59:10 -0300] "GET /cormun/servlet/solicitudotadjuntos?9f5e553c739881f090cac006e6ef87f6b063f27313eb723e5a28f6a326dc06da,gx-no-cache=1713966924882 HTTP/1.1" 200 30
190.171.154.42 - - [24/Apr/2024:10:59:10 -0300] "POST /cormun/servlet/solicitudotadjuntos?2fe6684334d87371d79ffc924194ce4a,INS,2024,21323,,1, HTTP/1.1" 200 116
190.171.152.138 - - [24/Apr/2024:10:59:10 -0300] "POST /cormun/servlet/solicitudotadjuntos?gx-no-cache=1713966926033 HTTP/1.1" 200 26
190.171.154.42 - - [24/Apr/2024:10:59:10 -0300] "GET /cormun/servlet/hpexe_return? HTTP/1.1" 200 1027
190.171.154.42 - - [24/Apr/2024:10:59:11 -0300] "GET /cormun/servlet/trsolicitudadjuntos?2024,21323, HTTP/1.1" 200 10382
190.171.152.138 - - [24/Apr/2024:10:59:15 -0300] "GET /cormun/servlet/solicitudotadjuntos?30c4078124c4fdce4a0e9d266cdb733134d093a15275a1e6b89ed3f8a33fba28,gx-no-cache=1713966930686 HTTP/1.1" 200 30
190.171.152.138 - - [24/Apr/2024:10:59:15 -0300] "GET /cormun/servlet/solicitudotadjuntos?30c4078124c4fdce4a0e9d266cdb733134d093a15275a1e6b89ed3f8a33fba28,gx-no-cache=1713966930702 HTTP/1.1" 200 30
190.171.152.138 - - [24/Apr/2024:10:59:15 -0300] "POST /cormun/servlet/solicitudotadjuntos?8ee8f930b3c661efa2a89494987b6ff2,INS,2024,21324,,1, HTTP/1.1" 200 116
190.171.152.138 - - [24/Apr/2024:10:59:15 -0300] "GET /cormun/servlet/hpexe_return? HTTP/1.1" 200 1023
190.171.152.138 - - [24/Apr/2024:10:59:15 -0300] "GET /cormun/servlet/trsolicitudadjuntos?2024,21324, HTTP/1.1" 200 9358
190.171.152.138 - - [24/Apr/2024:10:59:17 -0300] "GET /cormun/servlet/solicitudotadjuntos?INS,2024,21324,,1, HTTP/1.1" 200 6280
190.171.152.138 - - [24/Apr/2024:10:59:17 -0300] "GET /cormun/static/about:blank HTTP/1.1" 404 1011
190.171.152.138 - - [24/Apr/2024:10:59:18 -0300] "GET /cormun/servlet/solicitudotadjuntos?30c4078124c4fdce4a0e9d266cdb733170ed54c73d23fba9b865940882a677e769de43fd865566ce962e7831c070cd10,gx-no-cache=1713966933666 HTTP/1.1" 200 30
190.171.152.138 - - [24/Apr/2024:10:59:18 -0300] "POST /cormun/servlet/solicitudotadjuntos?8ee8f930b3c661efa2a89494987b6ff2,INS,2024,21324,,1,,gx-no-cache=1713966933695 HTTP/1.1" 200 4141
190.171.154.42 - - [24/Apr/2024:10:59:51 -0300] "POST /cormun/servlet/trsolicitudadjuntos?2fe6684334d87371d79ffc924194ce4a,2024,21323,,gx-no-cache=1713966962561 HTTP/1.1" 200 90
190.171.154.42 - - [24/Apr/2024:10:59:51 -0300] "GET /cormun/servlet/hpexe_link HTTP/1.1" 200 970
190.171.154.42 - - [24/Apr/2024:10:59:51 -0300] "GET /cormun/servlet/trsolicitudot HTTP/1.1" 200 10175
190.171.154.42 - - [24/Apr/2024:10:59:56 -0300] "POST /cormun/servlet/trsolicitudot?2fe6684334d87371d79ffc924194ce4a,gx-no-cache=1713966971448 HTTP/1.1" 200 106
190.171.154.42 - - [24/Apr/2024:10:59:57 -0300] "GET /cormun/servlet/trsolicitudadjuntos?2024,21323, HTTP/1.1" 200 10372
190.171.154.42 - - [24/Apr/2024:10:59:59 -0300] "GET /cormun/servlet/solicitudotadjuntos?INS,2024,21323,,1, HTTP/1.1" 200 6325
190.171.154.42 - - [24/Apr/2024:10:59:59 -0300] "GET /cormun/static/about:blank HTTP/1.1" 404 1011
190.171.154.42 - - [24/Apr/2024:11:00:00 -0300] "GET /cormun/servlet/solicitudotadjuntos?9f5e553c739881f090cac006e6ef87f6c9bbfcff9de62756fb9991260f77dd94b1dde95eddd16060a08a4688c5b8b98f,gx-no-cache=1713966975061 HTTP/1.1" 200 30
190.171.154.42 - - [24/Apr/2024:11:00:00 -0300] "POST /cormun/servlet/solicitudotadjuntos?2fe6684334d87371d79ffc924194ce4a,INS,2024,21323,,1,,gx-no-cache=1713966975104 HTTP/1.1" 200 4154
190.171.152.138 - - [24/Apr/2024:11:00:06 -0300] "POST /cormun/servlet/solicitudotadjuntos?gx-no-cache=1713966981675 HTTP/1.1" 200 26
190.171.154.42 - - [24/Apr/2024:11:00:07 -0300] "POST /cormun/servlet/solicitudotadjuntos?2fe6684334d87371d79ffc924194ce4a,INS,2024,21323,,1,,gx-no-cache=1713966982440 HTTP/1.1" 200 90
190.171.154.42 - - [24/Apr/2024:11:00:07 -0300] "GET /cormun/servlet/hpexe_link HTTP/1.1" 200 981
190.171.154.42 - - [24/Apr/2024:11:00:08 -0300] "GET /cormun/servlet/trsolicitudadjuntos?2024,21323, HTTP/1.1" 200 10378
190.171.154.42 - - [24/Apr/2024:11:00:16 -0300] "GET /cormun/servlet/solicitudotadjuntos?INS,2024,21323,,1, HTTP/1.1" 200 6325
190.171.154.42 - - [24/Apr/2024:11:00:16 -0300] "GET /cormun/static/about:blank HTTP/1.1" 404 1011
190.171.154.42 - - [24/Apr/2024:11:00:16 -0300] "GET /cormun/servlet/solicitudotadjuntos?9f5e553c739881f090cac006e6ef87f6c9bbfcff9de62756fb9991260f77dd94b1dde95eddd16060a08a4688c5b8b98f,gx-no-cache=1713966991695 HTTP/1.1" 200 30
190.171.154.42 - - [24/Apr/2024:11:00:16 -0300] "POST /cormun/servlet/solicitudotadjuntos?2fe6684334d87371d79ffc924194ce4a,INS,2024,21323,,1,,gx-no-cache=1713966991712 HTTP/1.1" 200 4154
190.171.152.138 - - [24/Apr/2024:11:00:19 -0300] "POST /cormun/servlet/solicitudotadjuntos?gx-no-cache=1713966994598 HTTP/1.1" 200 26
190.171.154.42 - - [24/Apr/2024:11:00:33 -0300] "POST /cormun/servlet/solicitudotadjuntos?2fe6684334d87371d79ffc924194ce4a,INS,2024,21323,,1,,gx-no-cache=1713967008477 HTTP/1.1" 200 90
190.171.154.42 - - [24/Apr/2024:11:00:33 -0300] "GET /cormun/servlet/hpexe_link HTTP/1.1" 200 981
190.171.154.42 - - [24/Apr/2024:11:00:34 -0300] "GET /cormun/servlet/trsolicitudadjuntos?2024,21323, HTTP/1.1" 200 10377
190.171.152.138 - - [24/Apr/2024:11:00:48 -0300] "GET /cormun/servlet/solicitudotadjuntos?30c4078124c4fdce4a0e9d266cdb733134d093a15275a1e6b89ed3f8a33fba28,gx-no-cache=1713967023254 HTTP/1.1" 200 30
190.171.152.138 - - [24/Apr/2024:11:00:48 -0300] "GET /cormun/servlet/solicitudotadjuntos?30c4078124c4fdce4a0e9d266cdb733134d093a15275a1e6b89ed3f8a33fba28,gx-no-cache=1713967023277 HTTP/1.1" 200 30
190.171.152.138 - - [24/Apr/2024:11:00:48 -0300] "POST /cormun/servlet/solicitudotadjuntos?8ee8f930b3c661efa2a89494987b6ff2,INS,2024,21324,,1, HTTP/1.1" 200 116
190.171.152.138 - - [24/Apr/2024:11:00:48 -0300] "GET /cormun/servlet/hpexe_return? HTTP/1.1" 200 1023
190.171.152.138 - - [24/Apr/2024:11:00:48 -0300] "GET /cormun/servlet/trsolicitudadjuntos?2024,21324, HTTP/1.1" 200 9615
190.171.152.138 - - [24/Apr/2024:11:00:51 -0300] "GET /cormun/servlet/solicitudotadjuntos?INS,2024,21324,,1, HTTP/1.1" 200 6280
190.171.152.138 - - [24/Apr/2024:11:00:51 -0300] "GET /cormun/static/about:blank HTTP/1.1" 404 1011
190.171.152.138 - - [24/Apr/2024:11:00:51 -0300] "GET /cormun/servlet/solicitudotadjuntos?30c4078124c4fdce4a0e9d266cdb733170ed54c73d23fba9b865940882a677e769de43fd865566ce962e7831c070cd10,gx-no-cache=1713967027156 HTTP/1.1" 200 30
190.171.152.138 - - [24/Apr/2024:11:00:52 -0300] "POST /cormun/servlet/solicitudotadjuntos?8ee8f930b3c661efa2a89494987b6ff2,INS,2024,21324,,1,,gx-no-cache=1713967027175 HTTP/1.1" 200 4141
190.171.154.42 - - [24/Apr/2024:11:00:54 -0300] "POST /cormun/servlet/trsolicitudadjuntos?2fe6684334d87371d79ffc924194ce4a,2024,21323,,gx-no-cache=1713967029681 HTTP/1.1" 200 90
190.171.154.42 - - [24/Apr/2024:11:00:54 -0300] "GET /cormun/servlet/hpexe_link HTTP/1.1" 200 970
190.171.154.42 - - [24/Apr/2024:11:00:55 -0300] "GET /cormun/servlet/trsolicitudot HTTP/1.1" 200 10175
190.171.154.42 - - [24/Apr/2024:11:00:57 -0300] "POST /cormun/servlet/trsolicitudot?2fe6684334d87371d79ffc924194ce4a,gx-no-cache=1713967032590 HTTP/1.1" 200 106
190.171.154.42 - - [24/Apr/2024:11:00:58 -0300] "GET /cormun/servlet/trsolicitudadjuntos?2024,21323, HTTP/1.1" 200 10377
190.171.154.42 - - [24/Apr/2024:11:01:04 -0300] "GET /cormun/servlet/solicitudotadjuntos?INS,2024,21323,,1, HTTP/1.1" 200 6325
190.171.154.42 - - [24/Apr/2024:11:01:04 -0300] "GET /cormun/static/about:blank HTTP/1.1" 404 1011
190.171.154.42 - - [24/Apr/2024:11:01:05 -0300] "GET /cormun/servlet/solicitudotadjuntos?9f5e553c739881f090cac006e6ef87f6c9bbfcff9de62756fb9991260f77dd94b1dde95eddd16060a08a4688c5b8b98f,gx-no-cache=1713967040016 HTTP/1.1" 200 30
190.171.154.42 - - [24/Apr/2024:11:01:05 -0300] "POST /cormun/servlet/solicitudotadjuntos?2fe6684334d87371d79ffc924194ce4a,INS,2024,21323,,1,,gx-no-cache=1713967040051 HTTP/1.1" 200 4154
190.171.154.42 - - [24/Apr/2024:11:01:46 -0300] "POST /cormun/servlet/solicitudotadjuntos?2fe6684334d87371d79ffc924194ce4a,INS,2024,21323,,1,,gx-no-cache=1713967081149 HTTP/1.1" 200 90
190.171.154.42 - - [24/Apr/2024:11:01:46 -0300] "GET /cormun/servlet/hpexe_link HTTP/1.1" 200 981
190.171.154.42 - - [24/Apr/2024:11:01:46 -0300] "GET /cormun/servlet/trsolicitudadjuntos?2024,21323, HTTP/1.1" 200 10379
190.171.154.42 - - [24/Apr/2024:11:02:40 -0300] "GET /cormun/servlet/solicitudotadjuntos?INS,2024,21323,,1, HTTP/1.1" 200 6325
190.171.154.42 - - [24/Apr/2024:11:02:40 -0300] "GET /cormun/static/about:blank HTTP/1.1" 404 1011
190.171.154.42 - - [24/Apr/2024:11:02:40 -0300] "GET /cormun/servlet/solicitudotadjuntos?9f5e553c739881f090cac006e6ef87f6c9bbfcff9de62756fb9991260f77dd94b1dde95eddd16060a08a4688c5b8b98f,gx-no-cache=1713967135519 HTTP/1.1" 200 30
190.171.154.42 - - [24/Apr/2024:11:02:40 -0300] "POST /cormun/servlet/solicitudotadjuntos?2fe6684334d87371d79ffc924194ce4a,INS,2024,21323,,1,,gx-no-cache=1713967135550 HTTP/1.1" 200 4154
190.171.154.42 - - [24/Apr/2024:11:02:44 -0300] "POST /cormun/servlet/solicitudotadjuntos?gx-no-cache=1713967139093 HTTP/1.1" 200 26
190.171.152.138 - - [24/Apr/2024:11:03:52 -0300] "POST /cormun/servlet/solicitudotadjuntos?gx-no-cache=1713967207843 HTTP/1.1" 200 26
190.171.152.138 - - [24/Apr/2024:11:03:55 -0300] "POST /cormun/servlet/solicitudotadjuntos?gx-no-cache=1713967210797 HTTP/1.1" 200 26
190.171.152.138 - - [24/Apr/2024:11:04:03 -0300] "GET /cormun/servlet/solicitudotadjuntos?30c4078124c4fdce4a0e9d266cdb733134d093a15275a1e6b89ed3f8a33fba28,gx-no-cache=1713967218902 HTTP/1.1" 200 30
190.171.152.138 - - [24/Apr/2024:11:04:03 -0300] "GET /cormun/servlet/solicitudotadjuntos?30c4078124c4fdce4a0e9d266cdb733134d093a15275a1e6b89ed3f8a33fba28,gx-no-cache=1713967218915 HTTP/1.1" 200 30
190.171.152.138 - - [24/Apr/2024:11:04:03 -0300] "POST /cormun/servlet/solicitudotadjuntos?8ee8f930b3c661efa2a89494987b6ff2,INS,2024,21324,,1, HTTP/1.1" 200 116
190.171.152.138 - - [24/Apr/2024:11:04:03 -0300] "GET /cormun/servlet/hpexe_return? HTTP/1.1" 200 1023
190.171.152.138 - - [24/Apr/2024:11:04:04 -0300] "GET /cormun/servlet/trsolicitudadjuntos?2024,21324, HTTP/1.1" 200 9932
190.171.152.138 - - [24/Apr/2024:11:04:09 -0300] "GET /cormun/servlet/solicitudotadjuntos?INS,2024,21324,,1, HTTP/1.1" 200 6282
190.171.152.138 - - [24/Apr/2024:11:04:09 -0300] "GET /cormun/static/about:blank HTTP/1.1" 404 1011
190.171.152.138 - - [24/Apr/2024:11:04:10 -0300] "GET /cormun/servlet/solicitudotadjuntos?30c4078124c4fdce4a0e9d266cdb733170ed54c73d23fba9b865940882a677e769de43fd865566ce962e7831c070cd10,gx-no-cache=1713967225647 HTTP/1.1" 200 30
190.171.152.138 - - [24/Apr/2024:11:04:10 -0300] "POST /cormun/servlet/solicitudotadjuntos?8ee8f930b3c661efa2a89494987b6ff2,INS,2024,21324,,1,,gx-no-cache=1713967225683 HTTP/1.1" 200 4137
190.171.152.138 - - [24/Apr/2024:11:04:17 -0300] "POST /cormun/servlet/solicitudotadjuntos?gx-no-cache=1713967232839 HTTP/1.1" 200 26
190.171.152.138 - - [24/Apr/2024:11:04:39 -0300] "GET /cormun/servlet/solicitudotadjuntos?30c4078124c4fdce4a0e9d266cdb733134d093a15275a1e6b89ed3f8a33fba28,gx-no-cache=1713967254521 HTTP/1.1" 200 30
190.171.152.138 - - [24/Apr/2024:11:04:39 -0300] "GET /cormun/servlet/solicitudotadjuntos?30c4078124c4fdce4a0e9d266cdb733134d093a15275a1e6b89ed3f8a33fba28,gx-no-cache=1713967254552 HTTP/1.1" 200 30
190.171.152.138 - - [24/Apr/2024:11:04:39 -0300] "POST /cormun/servlet/solicitudotadjuntos?8ee8f930b3c661efa2a89494987b6ff2,INS,2024,21324,,1, HTTP/1.1" 200 116
190.171.152.138 - - [24/Apr/2024:11:04:39 -0300] "GET /cormun/servlet/hpexe_return? HTTP/1.1" 200 1023
190.171.152.138 - - [24/Apr/2024:11:04:39 -0300] "GET /cormun/servlet/trsolicitudadjuntos?2024,21324, HTTP/1.1" 200 10181
190.171.152.138 - - [24/Apr/2024:11:04:44 -0300] "GET /cormun/servlet/solicitudotadjuntos?INS,2024,21324,,1, HTTP/1.1" 200 6282
190.171.152.138 - - [24/Apr/2024:11:04:44 -0300] "GET /cormun/static/about:blank HTTP/1.1" 404 1011
190.171.152.138 - - [24/Apr/2024:11:04:45 -0300] "GET /cormun/servlet/solicitudotadjuntos?30c4078124c4fdce4a0e9d266cdb733170ed54c73d23fba9b865940882a677e769de43fd865566ce962e7831c070cd10,gx-no-cache=1713967260608 HTTP/1.1" 200 30
190.171.152.138 - - [24/Apr/2024:11:04:45 -0300] "POST /cormun/servlet/solicitudotadjuntos?8ee8f930b3c661efa2a89494987b6ff2,INS,2024,21324,,1,,gx-no-cache=1713967260622 HTTP/1.1" 200 4137
190.171.152.138 - - [24/Apr/2024:11:04:51 -0300] "POST /cormun/servlet/solicitudotadjuntos?gx-no-cache=1713967266611 HTTP/1.1" 200 26
190.171.152.138 - - [24/Apr/2024:11:05:05 -0300] "GET /cormun/servlet/solicitudotadjuntos?30c4078124c4fdce4a0e9d266cdb733134d093a15275a1e6b89ed3f8a33fba28,gx-no-cache=1713967280607 HTTP/1.1" 200 30
190.171.152.138 - - [24/Apr/2024:11:05:05 -0300] "GET /cormun/servlet/solicitudotadjuntos?30c4078124c4fdce4a0e9d266cdb733134d093a15275a1e6b89ed3f8a33fba28,gx-no-cache=1713967280621 HTTP/1.1" 200 30
190.171.152.138 - - [24/Apr/2024:11:05:05 -0300] "POST /cormun/servlet/solicitudotadjuntos?8ee8f930b3c661efa2a89494987b6ff2,INS,2024,21324,,1, HTTP/1.1" 200 116
190.171.152.138 - - [24/Apr/2024:11:05:05 -0300] "GET /cormun/servlet/hpexe_return? HTTP/1.1" 200 1023
190.171.152.138 - - [24/Apr/2024:11:05:05 -0300] "GET /cormun/servlet/trsolicitudadjuntos?2024,21324, HTTP/1.1" 200 10491
190.171.152.138 - - [24/Apr/2024:11:05:08 -0300] "POST /cormun/servlet/trsolicitudadjuntos?8ee8f930b3c661efa2a89494987b6ff2,2024,21324,,gx-no-cache=1713967283516 HTTP/1.1" 200 90
190.171.152.138 - - [24/Apr/2024:11:05:08 -0300] "GET /cormun/servlet/hpexe_link HTTP/1.1" 200 985
190.171.152.138 - - [24/Apr/2024:11:05:08 -0300] "GET /cormun/servlet/trsolicitudot?gx-no-cache=1713966916881 HTTP/1.1" 200 8827
190.171.152.138 - - [24/Apr/2024:11:05:11 -0300] "POST /cormun/servlet/trsolicitudot?8ee8f930b3c661efa2a89494987b6ff2,gx-no-cache=1713966916881,gx-no-cache=1713967286344 HTTP/1.1" 200 6087
190.171.152.138 - - [24/Apr/2024:11:05:15 -0300] "POST /cormun/servlet/trsolicitudot?8ee8f930b3c661efa2a89494987b6ff2,gx-no-cache=1713966916881,gx-no-cache=1713967290631 HTTP/1.1" 200 106
190.171.152.138 - - [24/Apr/2024:11:05:15 -0300] "GET /cormun/servlet/trsolicitudadjuntos?2024,21324, HTTP/1.1" 200 10504
190.171.152.138 - - [24/Apr/2024:11:05:17 -0300] "GET /cormun/servlet/solicitudotadjuntos?INS,2024,21324,,1, HTTP/1.1" 200 6280
190.171.152.138 - - [24/Apr/2024:11:05:17 -0300] "GET /cormun/static/about:blank HTTP/1.1" 404 1011
190.171.152.138 - - [24/Apr/2024:11:05:18 -0300] "GET /cormun/servlet/solicitudotadjuntos?30c4078124c4fdce4a0e9d266cdb733170ed54c73d23fba9b865940882a677e769de43fd865566ce962e7831c070cd10,gx-no-cache=1713967293458 HTTP/1.1" 200 30
190.171.152.138 - - [24/Apr/2024:11:05:18 -0300] "POST /cormun/servlet/solicitudotadjuntos?8ee8f930b3c661efa2a89494987b6ff2,INS,2024,21324,,1,,gx-no-cache=1713967293475 HTTP/1.1" 200 4140
190.171.152.138 - - [24/Apr/2024:11:05:20 -0300] "POST /cormun/servlet/solicitudotadjuntos?gx-no-cache=1713967295821 HTTP/1.1" 200 26
190.171.152.138 - - [24/Apr/2024:11:05:56 -0300] "GET /cormun/servlet/solicitudotadjuntos?30c4078124c4fdce4a0e9d266cdb733134d093a15275a1e6b89ed3f8a33fba28,gx-no-cache=1713967331290 HTTP/1.1" 200 30
190.171.152.138 - - [24/Apr/2024:11:05:56 -0300] "GET /cormun/servlet/solicitudotadjuntos?30c4078124c4fdce4a0e9d266cdb733134d093a15275a1e6b89ed3f8a33fba28,gx-no-cache=1713967331313 HTTP/1.1" 200 30
190.171.152.138 - - [24/Apr/2024:11:05:56 -0300] "POST /cormun/servlet/solicitudotadjuntos?8ee8f930b3c661efa2a89494987b6ff2,INS,2024,21324,,1, HTTP/1.1" 200 116
190.171.152.138 - - [24/Apr/2024:11:05:56 -0300] "GET /cormun/servlet/hpexe_return? HTTP/1.1" 200 1023
190.171.152.138 - - [24/Apr/2024:11:05:56 -0300] "GET /cormun/servlet/trsolicitudadjuntos?2024,21324, HTTP/1.1" 200 10676
190.171.152.138 - - [24/Apr/2024:11:06:00 -0300] "GET /cormun/servlet/trsolicitudot? HTTP/1.1" 200 8832
190.171.152.138 - - [24/Apr/2024:11:06:02 -0300] "POST /cormun/servlet/trsolicitudot?8ee8f930b3c661efa2a89494987b6ff2,,gx-no-cache=1713967337982 HTTP/1.1" 200 4861
190.171.152.138 - - [24/Apr/2024:11:06:02 -0300] "POST /cormun/servlet/trsolicitudot?8ee8f930b3c661efa2a89494987b6ff2,,gx-no-cache=1713967338090 HTTP/1.1" 200 4616
190.171.152.138 - - [24/Apr/2024:11:06:04 -0300] "GET /cormun/servlet/trautorizarsolicitud? HTTP/1.1" 200 8588
190.171.152.138 - - [24/Apr/2024:11:06:06 -0300] "POST /cormun/servlet/trautorizarsolicitud?8ee8f930b3c661efa2a89494987b6ff2,,gx-no-cache=1713967341606 HTTP/1.1" 200 4512
190.171.152.138 - - [24/Apr/2024:11:06:06 -0300] "POST /cormun/servlet/trautorizarsolicitud?8ee8f930b3c661efa2a89494987b6ff2,,gx-no-cache=1713967341700 HTTP/1.1" 200 4265
190.171.141.138 - - [24/Apr/2024:11:06:48 -0300] "GET /cormun/servlet/trlicencias? HTTP/1.1" 200 6048
190.171.141.138 - - [24/Apr/2024:11:06:48 -0300] "GET /cormun/servlet/hlogin HTTP/1.1" 200 1736
190.171.141.138 - - [24/Apr/2024:11:06:51 -0300] "POST /cormun/servlet/hlogin?67316c07e03ae70dc73316b185951fa7,gx-no-cache=1713967385989 HTTP/1.1" 200 90
190.171.141.138 - - [24/Apr/2024:11:06:51 -0300] "GET /cormun/servlet/hpexe_link HTTP/1.1" 200 953
190.171.141.138 - - [24/Apr/2024:11:06:51 -0300] "GET /cormun/servlet/trlicencias HTTP/1.1" 200 12679
190.171.141.138 - - [24/Apr/2024:11:06:58 -0300] "POST /cormun/servlet/trlicencias?67316c07e03ae70dc73316b185951fa7,gx-no-cache=1713967393631 HTTP/1.1" 200 10027
190.171.141.138 - - [24/Apr/2024:11:07:05 -0300] "POST /cormun/servlet/trlicencias?67316c07e03ae70dc73316b185951fa7,gx-no-cache=1713967400574 HTTP/1.1" 200 10026
190.171.141.138 - - [24/Apr/2024:11:07:48 -0300] "GET /cormun/servlet/hlogin HTTP/1.1" 200 1723
190.171.141.138 - - [24/Apr/2024:11:07:57 -0300] "POST /cormun/servlet/hlogin?a0a6a15a3c290be51e16c914b71e0435,gx-no-cache=1713967452521 HTTP/1.1" 200 90
190.171.141.138 - - [24/Apr/2024:11:07:57 -0300] "GET /cormun/servlet/hpexe_link HTTP/1.1" 200 954
190.171.141.138 - - [24/Apr/2024:11:07:57 -0300] "GET /cormun/servlet/hhome HTTP/1.1" 200 4482
190.171.141.138 - - [24/Apr/2024:11:08:00 -0300] "GET /cormun/servlet/trlicencias? HTTP/1.1" 200 12821
190.171.152.234 - - [24/Apr/2024:11:08:27 -0300] "GET /cormun/servlet/trlicencias? HTTP/1.1" 200 6044
190.171.152.234 - - [24/Apr/2024:11:08:28 -0300] "GET /cormun/static/gxui/gxui-all.css?120300 HTTP/1.1" 200 2179
190.171.152.234 - - [24/Apr/2024:11:08:28 -0300] "GET /cormun/static/calendar-system.css?85620 HTTP/1.1" 200 5572
190.171.152.234 - - [24/Apr/2024:11:08:28 -0300] "GET /cormun/static/SmoothNavMenu/resources/ddsmoothmenu.css?1112540 HTTP/1.1" 200 2223
190.171.152.234 - - [24/Apr/2024:11:08:28 -0300] "GET /cormun/static/Shared/jqueryui/jquery-ui.min.css?1345370 HTTP/1.1" 200 30288
190.171.152.234 - - [24/Apr/2024:11:08:28 -0300] "GET /cormun/static/SmoothNavMenu/resources/ddsmoothmenu-v.css?1112540 HTTP/1.1" 200 1188
