190.171.153.34 - - [24/Apr/2024:12:16:58 -0300] "GET /cormun/static/Shared/jqueryui/images/ui-icons_82798d_256x240.png HTTP/1.1" 404 1089
190.171.153.34 - - [24/Apr/2024:12:16:58 -0300] "GET /cormun/static/Shared/jqueryui/images/ui-bg_highlight-soft_100_c6c2c8_1x100.png HTTP/1.1" 404 1117
190.171.153.34 - - [24/Apr/2024:12:16:58 -0300] "GET /cormun/static/Shared/jqueryui/images/ui-bg_flat_55_fafafa_40x100.png HTTP/1.1" 404 1097
190.171.153.34 - - [24/Apr/2024:12:16:58 -0300] "GET /cormun/static/Shared/jqueryui/images/ui-icons_8d78a5_256x240.png HTTP/1.1" 404 1089
190.171.153.34 - - [24/Apr/2024:12:16:58 -0300] "POST /cormun/servlet/trsolicitudot?d3b3fb6c15038b81a90fe2025931f428,,gx-no-cache=1713971593530 HTTP/1.1" 200 4359
190.171.141.138 - - [24/Apr/2024:12:17:01 -0300] "POST /cormun/servlet/trpermisosadjuntos?29e722941b0049cbee2bf213bdf7a353,19758160,20240422093501,P,,gx-no-cache=1713971595794 HTTP/1.1" 200 90
190.171.141.138 - - [24/Apr/2024:12:17:01 -0300] "GET /cormun/servlet/hpexe_link HTTP/1.1" 200 984
190.171.141.138 - - [24/Apr/2024:12:17:01 -0300] "GET /cormun/servlet/trpermisosgoce? HTTP/1.1" 200 14623
190.171.153.34 - - [24/Apr/2024:12:17:01 -0300] "GET /cormun/servlet/trautorizarsolicitud? HTTP/1.1" 200 8851
201.219.234.7 - - [24/Apr/2024:12:17:01 -0300] "GET /cormun/servlet/hlogin HTTP/1.1" 200 1768
201.219.234.7 - - [24/Apr/2024:12:17:01 -0300] "GET /cormun/static/gxtimezone.js?85251 HTTP/1.1" 200 5781
201.219.234.7 - - [24/Apr/2024:12:17:02 -0300] "GET /cormun/static/gxfxSD.js?85251 HTTP/1.1" 200 15384
201.219.234.7 - - [24/Apr/2024:12:17:02 -0300] "GET /cormun/static/gxhtmlSD.js?85251 HTTP/1.1" 200 50424
201.219.234.7 - - [24/Apr/2024:12:17:02 -0300] "GET /cormun/static/gxpopupSD.js?85251 HTTP/1.1" 200 22377
201.219.234.7 - - [24/Apr/2024:12:17:02 -0300] "GET /cormun/static/gxtypesSD.js?85251 HTTP/1.1" 200 24551
201.219.234.7 - - [24/Apr/2024:12:17:02 -0300] "GET /cormun/static/Resources/Spanish/PXTools.css?1759030 HTTP/1.1" 200 100853
201.219.234.7 - - [24/Apr/2024:12:17:02 -0300] "GET /cormun/static/JavaScripTableSD.js?85251 HTTP/1.1" 200 25100
201.219.234.7 - - [24/Apr/2024:12:17:02 -0300] "GET /cormun/static/rijndaelSD.js?85251 HTTP/1.1" 200 6763
201.219.234.7 - - [24/Apr/2024:12:17:02 -0300] "GET /cormun/static/gxapiSD.js?85251 HTTP/1.1" 200 78773
201.219.234.7 - - [24/Apr/2024:12:17:02 -0300] "GET /cormun/static/gxgridSD.js?85251 HTTP/1.1" 200 50735
201.219.234.7 - - [24/Apr/2024:12:17:02 -0300] "GET /cormun/static/gxgralSD.js?85251 HTTP/1.1" 200 20927
201.219.234.7 - - [24/Apr/2024:12:17:02 -0300] "GET /cormun/static/gxcfg.js?85251 HTTP/1.1" 200 953
201.219.234.7 - - [24/Apr/2024:12:17:02 -0300] "GET /cormun/static/gxfrmutlSD.js?85251 HTTP/1.1" 200 89044
201.219.234.7 - - [24/Apr/2024:12:17:02 -0300] "GET /cormun/static/hlogin.js?2022112219184458 HTTP/1.1" 200 2156
201.219.234.7 - - [24/Apr/2024:12:17:02 -0300] "GET /cormun/static/messages.spa.js?85251 HTTP/1.1" 200 30736
201.219.234.7 - - [24/Apr/2024:12:17:02 -0300] "GET /cormun/static/Resources/CormunLogin.png HTTP/1.1" 200 19132
201.219.234.7 - - [24/Apr/2024:12:17:02 -0300] "GET /cormun/static/Resources/PXToolsLoginTop.png HTTP/1.1" 200 1337
201.219.234.7 - - [24/Apr/2024:12:17:02 -0300] "GET /cormun/static/Resources/PXToolsLoginBackground.png HTTP/1.1" 200 1164
201.219.234.7 - - [24/Apr/2024:12:17:02 -0300] "GET /cormun/static/Resources/PXToolsButtonBackground.png HTTP/1.1" 200 1176
201.219.234.7 - - [24/Apr/2024:12:17:02 -0300] "GET /cormun/static/Resources/PXToolsButtonRight.png HTTP/1.1" 200 1294
201.219.234.7 - - [24/Apr/2024:12:17:02 -0300] "GET /cormun/static/Resources/PXToolsLoginBottom.png HTTP/1.1" 200 1389
201.219.234.7 - - [24/Apr/2024:12:17:02 -0300] "GET /cormun/servlet/hlogin HTTP/1.1" 200 1778
201.219.234.7 - - [24/Apr/2024:12:17:02 -0300] "GET /cormun/static/Resources/PXToolsButtonLeft.png HTTP/1.1" 200 1310
201.219.234.7 - - [24/Apr/2024:12:17:02 -0300] "GET /cormun/static/Resources/indicator.gif HTTP/1.1" 200 1553
201.219.234.7 - - [24/Apr/2024:12:17:02 -0300] "GET /cormun/static/Resources/PXToolsLoginBottom.png HTTP/1.1" 200 1389
201.219.234.7 - - [24/Apr/2024:12:17:02 -0300] "GET /cormun/static/Resources/PXToolsButtonRight.png HTTP/1.1" 200 1294
201.219.234.7 - - [24/Apr/2024:12:17:02 -0300] "GET /cormun/static/Resources/PXToolsLoginBackground.png HTTP/1.1" 200 1164
201.219.234.7 - - [24/Apr/2024:12:17:02 -0300] "GET /cormun/static/Resources/PXToolsButtonLeft.png HTTP/1.1" 200 1310
201.219.234.7 - - [24/Apr/2024:12:17:02 -0300] "GET /cormun/static/Resources/PXToolsButtonBackground.png HTTP/1.1" 200 1176
201.219.234.7 - - [24/Apr/2024:12:17:02 -0300] "GET /favicon.ico HTTP/1.1" 200 21630
190.171.141.138 - - [24/Apr/2024:12:17:03 -0300] "POST /cormun/servlet/trpermisosgoce?29e722941b0049cbee2bf213bdf7a353,,gx-no-cache=1713971598181 HTTP/1.1" 200 11730
190.171.153.34 - - [24/Apr/2024:12:17:05 -0300] "POST /cormun/servlet/trautorizarsolicitud?d3b3fb6c15038b81a90fe2025931f428,,gx-no-cache=1713971600505 HTTP/1.1" 200 4760
190.171.153.34 - - [24/Apr/2024:12:17:05 -0300] "POST /cormun/servlet/trautorizarsolicitud?d3b3fb6c15038b81a90fe2025931f428,,gx-no-cache=1713971600611 HTTP/1.1" 200 4538
190.171.141.138 - - [24/Apr/2024:12:17:07 -0300] "GET /cormun/servlet/trlicencias? HTTP/1.1" 200 12679
190.171.153.34 - - [24/Apr/2024:12:17:12 -0300] "GET /cormun/servlet/trsolicitudcuentarbd? HTTP/1.1" 200 7110
190.171.153.34 - - [24/Apr/2024:12:17:12 -0300] "GET /cormun/static/gxcfg.js?201991422574133 HTTP/1.1" 200 953
190.171.153.34 - - [24/Apr/2024:12:17:12 -0300] "GET /cormun/servlet/trvisualizadoreventos? HTTP/1.1" 200 7132
190.171.153.34 - - [24/Apr/2024:12:17:12 -0300] "GET /cormun/static/trsolicitudcuentarbd.js?201991422574613 HTTP/1.1" 200 29350
201.219.234.7 - - [24/Apr/2024:12:17:19 -0300] "POST /cormun/servlet/hlogin?de96ae73f8580506cf3d40be1e7df337,gx-no-cache=1713971613928 HTTP/1.1" 200 448
190.95.15.9 - - [24/Apr/2024:12:17:23 -0300] "GET /cormun/servlet/hlogin HTTP/1.1" 200 1723
201.219.234.7 - - [24/Apr/2024:12:17:32 -0300] "POST /cormun/servlet/hlogin?de96ae73f8580506cf3d40be1e7df337,gx-no-cache=1713971627228 HTTP/1.1" 200 447
190.171.154.42 - - [24/Apr/2024:12:17:35 -0300] "GET /cormun/servlet/solicitudotadjuntos?9f5e553c739881f090cac006e6ef87f6b063f27313eb723e5a28f6a326dc06da,gx-no-cache=1713971630193 HTTP/1.1" 440 972
190.171.153.34 - - [24/Apr/2024:12:17:36 -0300] "GET /cormun/servlet/trvisualizadoreventos? HTTP/1.1" 200 7127
190.171.153.34 - - [24/Apr/2024:12:17:36 -0300] "GET /cormun/static/gxcfg.js?202211298474834 HTTP/1.1" 200 953
190.171.153.34 - - [24/Apr/2024:12:17:36 -0300] "GET /cormun/static/trvisualizadoreventos.js?202211298474971 HTTP/1.1" 200 19318
190.171.153.34 - - [24/Apr/2024:12:17:36 -0300] "GET /cormun/static/Resources/PXToolsActionPrint.png HTTP/1.1" 200 404
190.171.154.42 - - [24/Apr/2024:12:17:36 -0300] "GET /cormun/servlet/solicitudotadjuntos?9f5e553c739881f090cac006e6ef87f6b063f27313eb723e5a28f6a326dc06da,gx-no-cache=1713971632046 HTTP/1.1" 440 972
190.171.154.42 - - [24/Apr/2024:12:17:36 -0300] "GET /cormun/servlet/solicitudotadjuntos?INS,2024,21323,,1, HTTP/1.1" 200 5216
190.171.154.42 - - [24/Apr/2024:12:17:38 -0300] "POST /cormun/servlet/solicitudotadjuntos?2fe6684334d87371d79ffc924194ce4a,INS,2024,21323,,1, HTTP/1.1" 440 972
190.171.154.42 - - [24/Apr/2024:12:17:38 -0300] "GET /cormun/servlet/solicitudotadjuntos?INS,2024,21323,,1, HTTP/1.1" 200 5216
190.171.154.42 - - [24/Apr/2024:12:17:38 -0300] "GET /cormun/static/about:blank HTTP/1.1" 404 1011
190.171.154.42 - - [24/Apr/2024:12:17:38 -0300] "GET /cormun/servlet/hlogin HTTP/1.1" 200 1757
201.219.234.7 - - [24/Apr/2024:12:17:41 -0300] "POST /cormun/servlet/hlogin?de96ae73f8580506cf3d40be1e7df337,gx-no-cache=1713971635742 HTTP/1.1" 200 447
190.171.153.34 - - [24/Apr/2024:12:17:42 -0300] "POST /cormun/servlet/trvisualizadoreventos?d3b3fb6c15038b81a90fe2025931f428,,gx-no-cache=1713971636848 HTTP/1.1" 200 4284
190.171.153.34 - - [24/Apr/2024:12:17:45 -0300] "GET /cormun/static/menuarrow.gif HTTP/1.1" 404 1015
190.171.154.42 - - [24/Apr/2024:12:17:45 -0300] "POST /cormun/servlet/hlogin?1740bc270fff4eb506fabf8e69379a7a,gx-no-cache=1713971640991 HTTP/1.1" 200 90
190.171.154.42 - - [24/Apr/2024:12:17:45 -0300] "GET /cormun/servlet/hpexe_link HTTP/1.1" 200 975
190.171.154.42 - - [24/Apr/2024:12:17:45 -0300] "GET /cormun/servlet/solicitudotadjuntos?INS,2024,21323,,1, HTTP/1.1" 200 6152
190.171.154.42 - - [24/Apr/2024:12:17:46 -0300] "GET /cormun/static/about:blank HTTP/1.1" 404 1011
190.171.154.42 - - [24/Apr/2024:12:17:46 -0300] "GET /cormun/servlet/solicitudotadjuntos?12945d1df81a23f3c866e81a9338573ec7d307754dd46fea30f66a48096c0ff372acd27d3951512be859e7408066b73c,gx-no-cache=1713971641792 HTTP/1.1" 200 30
190.171.154.42 - - [24/Apr/2024:12:17:46 -0300] "POST /cormun/servlet/solicitudotadjuntos?1740bc270fff4eb506fabf8e69379a7a,INS,2024,21323,,1,,gx-no-cache=1713971641826 HTTP/1.1" 200 3882
190.171.153.34 - - [24/Apr/2024:12:17:49 -0300] "POST /cormun/servlet/trvisualizadoreventos?d3b3fb6c15038b81a90fe2025931f428,,gx-no-cache=1713971643703 HTTP/1.1" 200 4970
190.171.154.42 - - [24/Apr/2024:12:17:49 -0300] "POST /cormun/servlet/solicitudotadjuntos?gx-no-cache=1713971644874 HTTP/1.1" 200 26
190.171.154.42 - - [24/Apr/2024:12:17:56 -0300] "GET /cormun/servlet/solicitudotadjuntos?12945d1df81a23f3c866e81a9338573e2ad1b5ac1aa0686d4c555256f0ef622a,gx-no-cache=1713971651209 HTTP/1.1" 200 30
190.171.154.42 - - [24/Apr/2024:12:17:56 -0300] "GET /cormun/servlet/solicitudotadjuntos?12945d1df81a23f3c866e81a9338573e2ad1b5ac1aa0686d4c555256f0ef622a,gx-no-cache=1713971651222 HTTP/1.1" 200 30
190.171.154.42 - - [24/Apr/2024:12:17:56 -0300] "POST /cormun/servlet/solicitudotadjuntos?1740bc270fff4eb506fabf8e69379a7a,INS,2024,21323,,1, HTTP/1.1" 200 6285
190.171.154.42 - - [24/Apr/2024:12:17:56 -0300] "GET /cormun/static/Shared/jqueryui/images/ui-icons_82798d_256x240.png HTTP/1.1" 404 1089
190.171.154.42 - - [24/Apr/2024:12:17:56 -0300] "GET /cormun/static/Shared/jqueryui/images/ui-bg_highlight-soft_100_c6c2c8_1x100.png HTTP/1.1" 404 1117
190.171.154.42 - - [24/Apr/2024:12:17:56 -0300] "GET /cormun/static/Shared/jqueryui/images/ui-icons_ebccce_256x240.png HTTP/1.1" 404 1089
190.171.154.42 - - [24/Apr/2024:12:17:56 -0300] "GET /cormun/static/Shared/jqueryui/images/ui-bg_flat_55_994d53_40x100.png HTTP/1.1" 404 1097
190.171.154.42 - - [24/Apr/2024:12:17:56 -0300] "GET /cormun/PrivateTempStorage/upload_00029407.pdf HTTP/1.1" 200 34427
201.219.234.7 - - [24/Apr/2024:12:17:56 -0300] "POST /cormun/servlet/hlogin?de96ae73f8580506cf3d40be1e7df337,gx-no-cache=1713971651687 HTTP/1.1" 200 448
190.171.154.42 - - [24/Apr/2024:12:18:03 -0300] "GET /cormun/servlet/solicitudotadjuntos?12945d1df81a23f3c866e81a9338573e27bbad5e75d8f4ddaa688dbae9041571ebcbefa525cc832e7c78cd2a2ef8ad4a,gx-no-cache=1713971659142 HTTP/1.1" 200 30
190.171.154.42 - - [24/Apr/2024:12:18:03 -0300] "POST /cormun/servlet/solicitudotadjuntos?1740bc270fff4eb506fabf8e69379a7a,INS,2024,21323,,1, HTTP/1.1" 200 6285
190.171.154.42 - - [24/Apr/2024:12:18:04 -0300] "GET /cormun/PrivateTempStorage/upload_00029418.pdf HTTP/1.1" 200 34427
201.219.234.7 - - [24/Apr/2024:12:18:07 -0300] "POST /cormun/servlet/hlogin?de96ae73f8580506cf3d40be1e7df337,gx-no-cache=1713971662253 HTTP/1.1" 200 448
190.171.153.34 - - [24/Apr/2024:12:18:10 -0300] "POST /cormun/servlet/trvisualizadoreventos?d3b3fb6c15038b81a90fe2025931f428,,gx-no-cache=1713971665048 HTTP/1.1" 200 5035
190.171.154.42 - - [24/Apr/2024:12:18:13 -0300] "POST /cormun/servlet/solicitudotadjuntos?1740bc270fff4eb506fabf8e69379a7a,INS,2024,21323,,1, HTTP/1.1" 200 116
190.171.154.42 - - [24/Apr/2024:12:18:13 -0300] "GET /cormun/servlet/hpexe_return? HTTP/1.1" 200 1020
190.171.154.42 - - [24/Apr/2024:12:18:13 -0300] "GET /cormun/servlet/hhome HTTP/1.1" 200 4278
190.171.154.42 - - [24/Apr/2024:12:18:20 -0300] "GET /cormun/servlet/trsolicitudot? HTTP/1.1" 200 8884
190.95.15.9 - - [24/Apr/2024:12:18:26 -0300] "POST /cormun/servlet/hlogin?8dee540a0e50401c626ef93272be47af,gx-no-cache=1713971678971 HTTP/1.1" 200 90
190.95.15.9 - - [24/Apr/2024:12:18:26 -0300] "GET /cormun/servlet/hpexe_link HTTP/1.1" 200 955
190.95.15.9 - - [24/Apr/2024:12:18:26 -0300] "GET /cormun/servlet/hhome HTTP/1.1" 200 4212
201.219.234.7 - - [24/Apr/2024:12:18:27 -0300] "POST /cormun/servlet/hlogin?de96ae73f8580506cf3d40be1e7df337,gx-no-cache=1713971682137 HTTP/1.1" 200 445
190.95.15.9 - - [24/Apr/2024:12:18:34 -0300] "GET /cormun/servlet/trautorizarsolicitud? HTTP/1.1" 200 7325
190.171.141.138 - - [24/Apr/2024:12:18:34 -0300] "GET /cormun/servlet/hlogin HTTP/1.1" 200 1720
201.219.234.7 - - [24/Apr/2024:12:18:36 -0300] "POST /cormun/servlet/hlogin?de96ae73f8580506cf3d40be1e7df337,gx-no-cache=1713971691393 HTTP/1.1" 200 445
190.171.141.138 - - [24/Apr/2024:12:18:37 -0300] "POST /cormun/servlet/hlogin?29e722941b0049cbee2bf213bdf7a353,gx-no-cache=1713971692145 HTTP/1.1" 200 90
190.171.141.138 - - [24/Apr/2024:12:18:37 -0300] "GET /cormun/servlet/hpexe_link HTTP/1.1" 200 955
190.171.141.138 - - [24/Apr/2024:12:18:37 -0300] "GET /cormun/servlet/trlicencias HTTP/1.1" 200 12680
190.171.141.138 - - [24/Apr/2024:12:18:41 -0300] "GET /cormun/servlet/trpermisosgoce? HTTP/1.1" 200 14616
190.171.141.138 - - [24/Apr/2024:12:18:44 -0300] "GET /cormun/servlet/trpermisosadjuntos?11031552,20240419140632,P, HTTP/1.1" 200 6818
190.171.141.138 - - [24/Apr/2024:12:18:46 -0300] "GET /cormun/servlet/permisosadjuntos?INS,11031552,P,20240419140632,, HTTP/1.1" 200 6117
190.171.141.138 - - [24/Apr/2024:12:18:46 -0300] "GET /cormun/static/about:blank HTTP/1.1" 404 1011
190.171.141.138 - - [24/Apr/2024:12:18:52 -0300] "POST /cormun/servlet/permisosadjuntos?29e722941b0049cbee2bf213bdf7a353,INS,11031552,P,20240419140632,, HTTP/1.1" 200 6762
190.171.141.138 - - [24/Apr/2024:12:18:52 -0300] "GET /cormun/static/Shared/jqueryui/images/ui-bg_highlight-soft_100_c6c2c8_1x100.png HTTP/1.1" 404 1117
190.171.141.138 - - [24/Apr/2024:12:18:52 -0300] "GET /cormun/static/Shared/jqueryui/images/ui-icons_82798d_256x240.png HTTP/1.1" 404 1089
190.171.141.138 - - [24/Apr/2024:12:18:52 -0300] "GET /cormun/static/Shared/jqueryui/images/ui-icons_ebccce_256x240.png HTTP/1.1" 404 1089
190.171.141.138 - - [24/Apr/2024:12:18:52 -0300] "GET /cormun/static/Shared/jqueryui/images/ui-bg_flat_55_994d53_40x100.png HTTP/1.1" 404 1097
190.171.141.138 - - [24/Apr/2024:12:18:52 -0300] "GET /cormun/PrivateTempStorage/upload_00029437.jpg HTTP/1.1" 200 304096
201.219.234.7 - - [24/Apr/2024:12:19:15 -0300] "POST /cormun/servlet/hlogin?de96ae73f8580506cf3d40be1e7df337,gx-no-cache=1713971729766 HTTP/1.1" 200 448
201.219.234.7 - - [24/Apr/2024:12:19:16 -0300] "GET /cormun/servlet/hlogin HTTP/1.1" 200 1778
201.219.234.7 - - [24/Apr/2024:12:19:33 -0300] "POST /cormun/servlet/hlogin?de96ae73f8580506cf3d40be1e7df337,gx-no-cache=1713971748195 HTTP/1.1" 200 448
181.212.47.137 - - [24/Apr/2024:12:20:18 -0300] "GET /cormun/servlet/trsolicitudgral? HTTP/1.1" 200 10807
201.219.234.7 - - [24/Apr/2024:12:20:20 -0300] "POST /cormun/servlet/hlogin?de96ae73f8580506cf3d40be1e7df337,gx-no-cache=1713971794763 HTTP/1.1" 200 445
181.212.40.185 - - [24/Apr/2024:12:20:55 -0300] "POST /cormun/servlet/trlicencias?3840bfaa30e42685277215ced8fe1c3f,gx-no-cache=1713971831411 HTTP/1.1" 440 972
181.212.40.185 - - [24/Apr/2024:12:20:57 -0300] "GET /cormun/servlet/trlicencias HTTP/1.1" 200 6038
181.212.40.185 - - [24/Apr/2024:12:20:58 -0300] "GET /cormun/servlet/hlogin HTTP/1.1" 200 1725
181.212.40.185 - - [24/Apr/2024:12:21:19 -0300] "POST /cormun/servlet/hlogin?c8dee073a767c2ae1a7f88d0bf2dd1c7,gx-no-cache=1713971854762 HTTP/1.1" 200 90
181.212.40.185 - - [24/Apr/2024:12:21:19 -0300] "GET /cormun/servlet/hpexe_link HTTP/1.1" 200 945
181.212.40.185 - - [24/Apr/2024:12:21:19 -0300] "GET /cormun/servlet/trlicencias HTTP/1.1" 200 16940
190.171.141.138 - - [24/Apr/2024:12:21:24 -0300] "POST /cormun/servlet/permisosadjuntos?29e722941b0049cbee2bf213bdf7a353,INS,11031552,P,20240419140632,, HTTP/1.1" 200 116
190.171.141.138 - - [24/Apr/2024:12:21:24 -0300] "GET /cormun/servlet/hpexe_return? HTTP/1.1" 200 1038
190.171.141.138 - - [24/Apr/2024:12:21:24 -0300] "GET /cormun/servlet/trpermisosadjuntos?11031552,20240419140632,P, HTTP/1.1" 200 7319
190.171.141.138 - - [24/Apr/2024:12:21:30 -0300] "POST /cormun/servlet/trpermisosadjuntos?29e722941b0049cbee2bf213bdf7a353,11031552,20240419140632,P,,gx-no-cache=1713971865571 HTTP/1.1" 200 90
190.171.141.138 - - [24/Apr/2024:12:21:30 -0300] "GET /cormun/servlet/hpexe_link HTTP/1.1" 200 982
190.171.141.138 - - [24/Apr/2024:12:21:30 -0300] "GET /cormun/servlet/trpermisosgoce HTTP/1.1" 200 14618
190.171.141.138 - - [24/Apr/2024:12:21:36 -0300] "POST /cormun/servlet/trpermisosgoce?29e722941b0049cbee2bf213bdf7a353,gx-no-cache=1713971870438 HTTP/1.1" 200 11715
190.171.141.138 - - [24/Apr/2024:12:21:36 -0300] "GET /cormun/static/Shared/jqueryui/images/ui-icons_82798d_256x240.png HTTP/1.1" 404 1089
190.171.141.138 - - [24/Apr/2024:12:21:36 -0300] "GET /cormun/static/Shared/jqueryui/images/ui-bg_highlight-soft_100_c6c2c8_1x100.png HTTP/1.1" 404 1117
190.171.141.138 - - [24/Apr/2024:12:21:36 -0300] "GET /cormun/static/Shared/jqueryui/images/ui-icons_8d78a5_256x240.png HTTP/1.1" 404 1089
190.171.141.138 - - [24/Apr/2024:12:21:36 -0300] "GET /cormun/static/Shared/jqueryui/images/ui-bg_flat_55_fafafa_40x100.png HTTP/1.1" 404 1097
190.171.141.138 - - [24/Apr/2024:12:21:46 -0300] "GET /cormun/servlet/trpermisosgoce? HTTP/1.1" 200 14591
190.171.141.138 - - [24/Apr/2024:12:21:49 -0300] "GET /cormun/servlet/trautorizarpermisogoce? HTTP/1.1" 200 9153
201.219.234.7 - - [24/Apr/2024:12:21:52 -0300] "POST /cormun/servlet/hlogin?de96ae73f8580506cf3d40be1e7df337,gx-no-cache=1713971886658 HTTP/1.1" 200 445
181.212.47.137 - - [24/Apr/2024:12:21:55 -0300] "POST /cormun/servlet/trsolicitudgral?fc099c2015aa50b634b9a8c697d66fdd,,gx-no-cache=1713971888310 HTTP/1.1" 200 26210
190.171.141.138 - - [24/Apr/2024:12:21:56 -0300] "POST /cormun/servlet/trautorizarpermisogoce?29e722941b0049cbee2bf213bdf7a353,,gx-no-cache=1713971891291 HTTP/1.1" 200 6033
190.171.141.138 - - [24/Apr/2024:12:21:58 -0300] "POST /cormun/servlet/trautorizarpermisogoce?29e722941b0049cbee2bf213bdf7a353,,gx-no-cache=1713971892882 HTTP/1.1" 200 5795
190.171.141.138 - - [24/Apr/2024:12:21:59 -0300] "POST /cormun/servlet/trautorizarpermisogoce?29e722941b0049cbee2bf213bdf7a353,,gx-no-cache=1713971893825 HTTP/1.1" 200 5538
201.219.234.7 - - [24/Apr/2024:12:21:59 -0300] "POST /cormun/servlet/hlogin?de96ae73f8580506cf3d40be1e7df337,gx-no-cache=1713971894461 HTTP/1.1" 200 445
190.171.141.138 - - [24/Apr/2024:12:22:00 -0300] "POST /cormun/servlet/trautorizarpermisogoce?29e722941b0049cbee2bf213bdf7a353,,gx-no-cache=1713971894769 HTTP/1.1" 200 5284
190.171.141.138 - - [24/Apr/2024:12:22:01 -0300] "POST /cormun/servlet/trautorizarpermisogoce?29e722941b0049cbee2bf213bdf7a353,,gx-no-cache=1713971896458 HTTP/1.1" 200 4527
201.219.234.7 - - [24/Apr/2024:12:22:10 -0300] "POST /cormun/servlet/hlogin?de96ae73f8580506cf3d40be1e7df337,gx-no-cache=1713971905456 HTTP/1.1" 200 445
181.212.47.137 - - [24/Apr/2024:12:22:11 -0300] "GET /cormun/servlet/vesolicitudgral?2024,21324,, HTTP/1.1" 200 8369
181.212.47.137 - - [24/Apr/2024:12:22:11 -0300] "GET /cormun/pexe_scrolldiv.js HTTP/1.1" 404 1009
181.212.47.137 - - [24/Apr/2024:12:22:12 -0300] "POST /cormun/servlet/vesolicitudgral?fc099c2015aa50b634b9a8c697d66fdd,2024,21324,,,gx-no-cache=1713971905461 HTTP/1.1" 200 12261
181.212.47.137 - - [24/Apr/2024:12:22:12 -0300] "GET /cormun/static/Shared/jqueryui/images/ui-icons_82798d_256x240.png HTTP/1.1" 404 1089
181.212.47.137 - - [24/Apr/2024:12:22:12 -0300] "GET /cormun/static/Shared/jqueryui/images/ui-bg_highlight-soft_100_c6c2c8_1x100.png HTTP/1.1" 404 1117
181.212.47.137 - - [24/Apr/2024:12:22:12 -0300] "GET /cormun/static/Shared/jqueryui/images/ui-bg_flat_55_fafafa_40x100.png HTTP/1.1" 404 1097
181.212.47.137 - - [24/Apr/2024:12:22:12 -0300] "GET /cormun/static/Shared/jqueryui/images/ui-icons_8d78a5_256x240.png HTTP/1.1" 404 1089
181.212.47.137 - - [24/Apr/2024:12:22:12 -0300] "POST /cormun/servlet/vesolicitudgral?fc099c2015aa50b634b9a8c697d66fdd,2024,21324,,,gx-no-cache=1713971905631 HTTP/1.1" 200 12195
181.212.47.137 - - [24/Apr/2024:12:22:17 -0300] "GET /cormun/servlet/trsolicitudgral? HTTP/1.1" 200 28568
201.219.234.7 - - [24/Apr/2024:12:22:19 -0300] "POST /cormun/servlet/hlogin?de96ae73f8580506cf3d40be1e7df337,gx-no-cache=1713971914311 HTTP/1.1" 200 445
181.212.47.137 - - [24/Apr/2024:12:22:30 -0300] "GET /cormun/servlet/vesolicitudgral?2024,21322,, HTTP/1.1" 200 8429
181.212.47.137 - - [24/Apr/2024:12:22:30 -0300] "GET /cormun/pexe_scrolldiv.js HTTP/1.1" 404 1009
181.212.47.137 - - [24/Apr/2024:12:22:33 -0300] "POST /cormun/servlet/vesolicitudgral?fc099c2015aa50b634b9a8c697d66fdd,2024,21322,,,gx-no-cache=1713971925839 HTTP/1.1" 200 12362
181.212.47.137 - - [24/Apr/2024:12:22:33 -0300] "GET /cormun/static/Shared/jqueryui/images/ui-bg_highlight-soft_100_c6c2c8_1x100.png HTTP/1.1" 404 1117
181.212.47.137 - - [24/Apr/2024:12:22:33 -0300] "GET /cormun/static/Shared/jqueryui/images/ui-bg_flat_55_fafafa_40x100.png HTTP/1.1" 404 1097
181.212.47.137 - - [24/Apr/2024:12:22:33 -0300] "GET /cormun/static/Shared/jqueryui/images/ui-icons_8d78a5_256x240.png HTTP/1.1" 404 1089
181.212.47.137 - - [24/Apr/2024:12:22:33 -0300] "GET /cormun/static/Shared/jqueryui/images/ui-icons_82798d_256x240.png HTTP/1.1" 404 1089
181.212.47.137 - - [24/Apr/2024:12:22:33 -0300] "POST /cormun/servlet/vesolicitudgral?fc099c2015aa50b634b9a8c697d66fdd,2024,21322,,,gx-no-cache=1713971925970 HTTP/1.1" 200 12294
181.212.47.137 - - [24/Apr/2024:12:22:45 -0300] "POST /cormun/servlet/vesolicitudgral?fc099c2015aa50b634b9a8c697d66fdd,2024,21322,,,gx-no-cache=1713971938188 HTTP/1.1" 200 12344
181.212.47.137 - - [24/Apr/2024:12:22:51 -0300] "GET /cormun/servlet/trsolicitudgral? HTTP/1.1" 200 28600
201.219.234.7 - - [24/Apr/2024:12:24:38 -0300] "POST /cormun/servlet/hlogin?de96ae73f8580506cf3d40be1e7df337,gx-no-cache=1713972053064 HTTP/1.1" 200 445
181.212.47.137 - - [24/Apr/2024:12:25:53 -0300] "GET /cormun/servlet/trautorizarot? HTTP/1.1" 200 9990
181.212.47.137 - - [24/Apr/2024:12:25:56 -0300] "POST /cormun/servlet/trautorizarot?fc099c2015aa50b634b9a8c697d66fdd,,gx-no-cache=1713972128964 HTTP/1.1" 200 5315
181.212.47.137 - - [24/Apr/2024:12:25:59 -0300] "GET /cormun/servlet/trsolicitudgral? HTTP/1.1" 200 28596
181.212.47.137 - - [24/Apr/2024:12:26:04 -0300] "POST /cormun/servlet/trsolicitudgral?fc099c2015aa50b634b9a8c697d66fdd,,gx-no-cache=1713972136865 HTTP/1.1" 200 8561
181.212.47.137 - - [24/Apr/2024:12:26:10 -0300] "GET /cormun/servlet/vesolicitudgral?2024,21324,, HTTP/1.1" 200 8370
181.212.47.137 - - [24/Apr/2024:12:26:10 -0300] "GET /cormun/pexe_scrolldiv.js HTTP/1.1" 404 1009
190.171.154.42 - - [24/Apr/2024:12:28:00 -0300] "GET /cormun/servlet/vesolicitudot?2024,21323,, HTTP/1.1" 200 8598
190.171.154.42 - - [24/Apr/2024:12:28:00 -0300] "GET /cormun/pexe_scrolldiv.js HTTP/1.1" 404 1009
190.171.154.42 - - [24/Apr/2024:12:28:02 -0300] "GET /cormun/servlet/vesolicitudot?2024,21323,,SolicitudOTAdjuntos HTTP/1.1" 200 11670
190.171.154.42 - - [24/Apr/2024:12:28:02 -0300] "GET /cormun/pexe_scrolldiv.js HTTP/1.1" 404 1009
190.171.154.42 - - [24/Apr/2024:12:28:02 -0300] "GET /cormun/static/tbsolicitudot02.js?202211298385594 HTTP/1.1" 200 15626
190.171.154.42 - - [24/Apr/2024:12:28:02 -0300] "GET /cormun/static/gxui/gxui-all.css HTTP/1.1" 200 2179
190.171.154.42 - - [24/Apr/2024:12:28:02 -0300] "GET /cormun/static/Resources/PXToolsTabFirstUnselected.png HTTP/1.1" 200 1278
190.171.154.42 - - [24/Apr/2024:12:28:02 -0300] "GET /cormun/static/Resources/PXToolsTabUnselectedSelected.png HTTP/1.1" 200 1458
190.171.154.42 - - [24/Apr/2024:12:28:02 -0300] "GET /cormun/static/Shared/ext/resources/css/ext-all.css HTTP/1.1" 200 416045
190.171.154.42 - - [24/Apr/2024:12:28:03 -0300] "POST /cormun/servlet/acontrolpreferencessavestate?None,TVALDIVIA,true HTTP/1.1" 200 35
181.212.47.137 - - [24/Apr/2024:12:28:16 -0300] "GET /cormun/servlet/vesolicitudgral?2024,21324,,SolicitudOTAdjuntos HTTP/1.1" 200 11274
181.212.47.137 - - [24/Apr/2024:12:28:16 -0300] "GET /cormun/pexe_scrolldiv.js HTTP/1.1" 404 1009
181.212.47.137 - - [24/Apr/2024:12:28:17 -0300] "POST /cormun/servlet/acontrolpreferencessavestate?None,RRHH+DANIELA,true HTTP/1.1" 200 35
181.212.47.137 - - [24/Apr/2024:12:28:22 -0300] "GET /cormun/PublicTempStorage/certificado_ti%B4tulo8794450.pdf HTTP/1.1" 200 524729
181.212.47.137 - - [24/Apr/2024:12:28:27 -0300] "GET /cormun/servlet/vesolicitudgral?2024,21324,,SolicitudOTAdjuntos HTTP/1.1" 200 11272
181.212.47.137 - - [24/Apr/2024:12:28:28 -0300] "POST /cormun/servlet/acontrolpreferencessavestate?None,RRHH+DANIELA,true HTTP/1.1" 200 35
181.212.47.137 - - [24/Apr/2024:12:28:28 -0300] "GET /cormun/servlet/vesolicitudgral?2024,21324,,General HTTP/1.1" 200 8374
181.212.47.137 - - [24/Apr/2024:12:28:28 -0300] "GET /cormun/pexe_scrolldiv.js HTTP/1.1" 404 1009
190.171.154.42 - - [24/Apr/2024:12:31:26 -0300] "GET /cormun/PublicTempStorage/carnet_stephie_werkmeister_%281%294393546.pdf HTTP/1.1" 200 279579
190.171.154.42 - - [24/Apr/2024:12:31:30 -0300] "GET /cormun/servlet/vesolicitudot?2024,21323,,SolicitudOTAdjuntos HTTP/1.1" 200 11666
190.171.154.42 - - [24/Apr/2024:12:31:31 -0300] "POST /cormun/servlet/acontrolpreferencessavestate?None,TVALDIVIA,true HTTP/1.1" 200 35
190.171.154.42 - - [24/Apr/2024:12:31:36 -0300] "GET /cormun/servlet/solicitudotadjuntos?INS,2024,21323,,1, HTTP/1.1" 200 6332
190.171.154.42 - - [24/Apr/2024:12:31:36 -0300] "GET /cormun/static/about:blank HTTP/1.1" 404 1011
190.171.154.42 - - [24/Apr/2024:12:31:37 -0300] "GET /cormun/servlet/solicitudotadjuntos?12945d1df81a23f3c866e81a9338573ec7d307754dd46fea30f66a48096c0ff372acd27d3951512be859e7408066b73c,gx-no-cache=1713972472427 HTTP/1.1" 200 30
190.171.154.42 - - [24/Apr/2024:12:31:37 -0300] "POST /cormun/servlet/solicitudotadjuntos?1740bc270fff4eb506fabf8e69379a7a,INS,2024,21323,,1,,gx-no-cache=1713972472449 HTTP/1.1" 200 4164
190.171.154.42 - - [24/Apr/2024:12:31:39 -0300] "POST /cormun/servlet/solicitudotadjuntos?gx-no-cache=1713972474261 HTTP/1.1" 200 26
190.171.154.42 - - [24/Apr/2024:12:31:44 -0300] "GET /cormun/servlet/solicitudotadjuntos?12945d1df81a23f3c866e81a9338573e2ad1b5ac1aa0686d4c555256f0ef622a,gx-no-cache=1713972479606 HTTP/1.1" 200 30
190.171.154.42 - - [24/Apr/2024:12:31:44 -0300] "GET /cormun/servlet/solicitudotadjuntos?12945d1df81a23f3c866e81a9338573e2ad1b5ac1aa0686d4c555256f0ef622a,gx-no-cache=1713972479621 HTTP/1.1" 200 30
190.171.154.42 - - [24/Apr/2024:12:31:44 -0300] "POST /cormun/servlet/solicitudotadjuntos?1740bc270fff4eb506fabf8e69379a7a,INS,2024,21323,,1, HTTP/1.1" 200 6702
190.171.154.42 - - [24/Apr/2024:12:31:44 -0300] "GET /cormun/static/Shared/jqueryui/images/ui-icons_82798d_256x240.png HTTP/1.1" 404 1089
190.171.154.42 - - [24/Apr/2024:12:31:44 -0300] "GET /cormun/static/Shared/jqueryui/images/ui-bg_highlight-soft_100_c6c2c8_1x100.png HTTP/1.1" 404 1117
190.171.154.42 - - [24/Apr/2024:12:31:44 -0300] "GET /cormun/static/Shared/jqueryui/images/ui-bg_flat_55_994d53_40x100.png HTTP/1.1" 404 1097
190.171.154.42 - - [24/Apr/2024:12:31:44 -0300] "GET /cormun/static/Shared/jqueryui/images/ui-icons_ebccce_256x240.png HTTP/1.1" 404 1089
190.171.154.42 - - [24/Apr/2024:12:31:44 -0300] "GET /cormun/PrivateTempStorage/upload_00029451.pdf HTTP/1.1" 200 34427
190.171.154.42 - - [24/Apr/2024:12:31:51 -0300] "GET /cormun/servlet/solicitudotadjuntos?12945d1df81a23f3c866e81a9338573e27bbad5e75d8f4ddaa688dbae9041571ebcbefa525cc832e7c78cd2a2ef8ad4a,gx-no-cache=1713972485882 HTTP/1.1" 200 30
190.171.154.42 - - [24/Apr/2024:12:31:51 -0300] "GET /cormun/servlet/solicitudotadjuntos?12945d1df81a23f3c866e81a9338573e2b64f1a6fab0b68be97828fd47e2ddbbebcbefa525cc832e7c78cd2a2ef8ad4a,gx-no-cache=1713972486215 HTTP/1.1" 200 30
190.171.154.42 - - [24/Apr/2024:12:31:52 -0300] "POST /cormun/servlet/solicitudotadjuntos?1740bc270fff4eb506fabf8e69379a7a,INS,2024,21323,,1, HTTP/1.1" 200 6702
190.171.154.42 - - [24/Apr/2024:12:31:52 -0300] "GET /cormun/PrivateTempStorage/upload_00029463.pdf HTTP/1.1" 200 34427
190.171.154.42 - - [24/Apr/2024:12:31:57 -0300] "POST /cormun/servlet/solicitudotadjuntos?1740bc270fff4eb506fabf8e69379a7a,INS,2024,21323,,1, HTTP/1.1" 200 114
190.171.154.42 - - [24/Apr/2024:12:31:57 -0300] "GET /cormun/servlet/hpexe_link HTTP/1.1" 200 985
190.171.154.42 - - [24/Apr/2024:12:31:58 -0300] "GET /cormun/servlet/vesolicitudot?2024,21323,,SolicitudOTAdjuntos HTTP/1.1" 200 11661
190.171.154.42 - - [24/Apr/2024:12:31:58 -0300] "GET /cormun/pexe_scrolldiv.js HTTP/1.1" 404 1009
190.171.154.42 - - [24/Apr/2024:12:31:59 -0300] "POST /cormun/servlet/acontrolpreferencessavestate?None,TVALDIVIA,true HTTP/1.1" 200 35
190.171.154.42 - - [24/Apr/2024:12:32:03 -0300] "GET /cormun/servlet/solicitudotadjuntos?INS,2024,21323,,2, HTTP/1.1" 200 6331
190.171.154.42 - - [24/Apr/2024:12:32:03 -0300] "GET /cormun/static/about:blank HTTP/1.1" 404 1011
190.171.154.42 - - [24/Apr/2024:12:32:04 -0300] "GET /cormun/servlet/solicitudotadjuntos?12945d1df81a23f3c866e81a9338573ec7d307754dd46fea30f66a48096c0ff372acd27d3951512be859e7408066b73c,gx-no-cache=1713972499588 HTTP/1.1" 200 30
190.171.154.42 - - [24/Apr/2024:12:32:04 -0300] "POST /cormun/servlet/solicitudotadjuntos?1740bc270fff4eb506fabf8e69379a7a,INS,2024,21323,,2,,gx-no-cache=1713972499622 HTTP/1.1" 200 4374
190.171.154.42 - - [24/Apr/2024:12:32:27 -0300] "POST /cormun/servlet/solicitudotadjuntos?1740bc270fff4eb506fabf8e69379a7a,INS,2024,21323,,2,,gx-no-cache=1713972522447 HTTP/1.1" 200 93
190.171.154.42 - - [24/Apr/2024:12:32:27 -0300] "GET /cormun/servlet/hpexe_return? HTTP/1.1" 200 1031
190.171.154.42 - - [24/Apr/2024:12:32:27 -0300] "GET /cormun/servlet/vesolicitudot?2024,21323,,SolicitudOTAdjuntos HTTP/1.1" 200 11667
190.171.154.42 - - [24/Apr/2024:12:32:27 -0300] "GET /cormun/pexe_scrolldiv.js HTTP/1.1" 404 1009
190.171.154.42 - - [24/Apr/2024:12:32:28 -0300] "POST /cormun/servlet/acontrolpreferencessavestate?None,TVALDIVIA,true HTTP/1.1" 200 35
190.171.154.42 - - [24/Apr/2024:12:32:41 -0300] "GET /cormun/servlet/hlogin HTTP/1.1" 200 1758
190.171.141.82 - - [24/Apr/2024:12:33:04 -0300] "POST /cormun/servlet/trpermisosgoce?6355d931fc0aa7c786e65afa49b13e65,gx-no-cache=1713972559412 HTTP/1.1" 440 972
190.171.141.82 - - [24/Apr/2024:12:33:07 -0300] "GET /cormun/servlet/trpermisosgoce HTTP/1.1" 200 6033
190.171.141.82 - - [24/Apr/2024:12:33:07 -0300] "GET /cormun/servlet/hlogin HTTP/1.1" 200 1739
190.171.141.82 - - [24/Apr/2024:12:33:07 -0300] "GET /cormun/servlet/trpermisosgoce HTTP/1.1" 200 6033
190.171.141.82 - - [24/Apr/2024:12:33:10 -0300] "POST /cormun/servlet/hlogin?f22caff81490067dc481a32ed756e2d8,gx-no-cache=1713972564728 HTTP/1.1" 200 90
190.171.141.82 - - [24/Apr/2024:12:33:10 -0300] "GET /cormun/servlet/hpexe_link HTTP/1.1" 200 958
190.171.141.82 - - [24/Apr/2024:12:33:10 -0300] "GET /cormun/servlet/trpermisosgoce HTTP/1.1" 200 12540
190.171.141.82 - - [24/Apr/2024:12:33:12 -0300] "GET /cormun/static/menuarrow.gif HTTP/1.1" 404 1015
190.171.141.82 - - [24/Apr/2024:12:33:20 -0300] "POST /cormun/servlet/trpermisosgoce?f22caff81490067dc481a32ed756e2d8,gx-no-cache=1713972575282 HTTP/1.1" 200 11040
190.171.141.82 - - [24/Apr/2024:12:33:57 -0300] "GET /cormun/servlet/apermisogoceprn?10264506,P,20240206000000,PU HTTP/1.1" 200 1644
190.95.15.9 - - [24/Apr/2024:12:34:25 -0300] "GET /cormun/servlet/hlogin HTTP/1.1" 200 1723
190.95.15.9 - - [24/Apr/2024:12:34:38 -0300] "POST /cormun/servlet/hlogin?8dee540a0e50401c626ef93272be47af,gx-no-cache=1713972651021 HTTP/1.1" 200 90
190.95.15.9 - - [24/Apr/2024:12:34:38 -0300] "GET /cormun/servlet/hpexe_link HTTP/1.1" 200 966
190.95.15.9 - - [24/Apr/2024:12:34:38 -0300] "GET /cormun/servlet/trautorizarsolicitud HTTP/1.1" 200 7326
190.95.15.9 - - [24/Apr/2024:12:34:44 -0300] "GET /cormun/servlet/trautorizarsolicitud? HTTP/1.1" 200 7325
190.95.15.9 - - [24/Apr/2024:12:34:56 -0300] "GET /cormun/servlet/trautorizarsolicitud? HTTP/1.1" 200 7325
190.95.15.9 - - [24/Apr/2024:12:35:08 -0300] "GET /cormun/Manuales/InstructivoDirector.pdf HTTP/1.1" 404 1039
181.212.47.137 - - [24/Apr/2024:12:37:22 -0300] "GET /cormun/servlet/vesolicitudgral?2024,21324,,SolicitudOTAdjuntos HTTP/1.1" 200 11277
181.212.47.137 - - [24/Apr/2024:12:37:22 -0300] "GET /cormun/pexe_scrolldiv.js HTTP/1.1" 404 1009
181.212.47.137 - - [24/Apr/2024:12:37:23 -0300] "POST /cormun/servlet/acontrolpreferencessavestate?None,RRHH+DANIELA,true HTTP/1.1" 200 35
181.212.47.137 - - [24/Apr/2024:12:37:25 -0300] "GET /cormun/PublicTempStorage/curriculum_vitae_ignacio_gutia%7E%A9?rrez_%281%297944886.pdf HTTP/1.1" 404 1083
181.212.47.137 - - [24/Apr/2024:12:37:28 -0300] "GET /cormun/servlet/vesolicitudgral?2024,21324,,SolicitudOTAdjuntos HTTP/1.1" 200 11275
181.212.47.137 - - [24/Apr/2024:12:37:30 -0300] "POST /cormun/servlet/acontrolpreferencessavestate?None,RRHH+DANIELA,true HTTP/1.1" 200 35
181.212.47.137 - - [24/Apr/2024:12:37:34 -0300] "GET /cormun/PublicTempStorage/certificado_ti%B4tulo2795317.pdf HTTP/1.1" 200 524729
181.212.47.137 - - [24/Apr/2024:12:37:50 -0300] "GET /cormun/servlet/vesolicitudgral?2024,21324,,SolicitudOTAdjuntos HTTP/1.1" 200 11277
181.212.47.137 - - [24/Apr/2024:12:37:51 -0300] "POST /cormun/servlet/acontrolpreferencessavestate?None,RRHH+DANIELA,true HTTP/1.1" 200 35
181.212.47.137 - - [24/Apr/2024:12:37:52 -0300] "GET /cormun/servlet/vesolicitudgral?2024,21324,,General HTTP/1.1" 200 8374
181.212.47.137 - - [24/Apr/2024:12:37:52 -0300] "GET /cormun/pexe_scrolldiv.js HTTP/1.1" 404 1009
181.212.47.137 - - [24/Apr/2024:12:38:47 -0300] "GET /cormun/servlet/vesolicitudgral?2024,21324,,SolicitudOTAdjuntos HTTP/1.1" 200 11278
181.212.47.137 - - [24/Apr/2024:12:38:47 -0300] "GET /cormun/pexe_scrolldiv.js HTTP/1.1" 404 1009
181.212.47.137 - - [24/Apr/2024:12:38:48 -0300] "POST /cormun/servlet/acontrolpreferencessavestate?None,RRHH+DANIELA,true HTTP/1.1" 200 35
190.171.142.18 - - [24/Apr/2024:12:38:49 -0300] "GET /cormun/servlet/hlogin HTTP/1.1" 200 1717
190.171.142.18 - - [24/Apr/2024:12:38:49 -0300] "GET /favicon.ico HTTP/1.1" 200 21630
181.212.47.137 - - [24/Apr/2024:12:38:49 -0300] "GET /cormun/PublicTempStorage/afp_%281%296491433.pdf HTTP/1.1" 200 25645
190.171.142.18 - - [24/Apr/2024:12:38:56 -0300] "POST /cormun/servlet/hlogin?8dabace51030244bd5c913885f919b4c,gx-no-cache=1713973746508 HTTP/1.1" 200 90
190.171.142.18 - - [24/Apr/2024:12:38:56 -0300] "GET /cormun/servlet/hpexe_link HTTP/1.1" 200 947
190.171.142.18 - - [24/Apr/2024:12:38:56 -0300] "GET /cormun/servlet/hhome HTTP/1.1" 200 4374
190.171.142.18 - - [24/Apr/2024:12:38:59 -0300] "GET /cormun/servlet/trlicencias? HTTP/1.1" 200 10594
181.212.47.137 - - [24/Apr/2024:12:39:08 -0300] "GET /cormun/servlet/vesolicitudgral?2024,21324,,SolicitudOTAdjuntos HTTP/1.1" 200 11278
181.212.47.137 - - [24/Apr/2024:12:39:09 -0300] "POST /cormun/servlet/acontrolpreferencessavestate?None,RRHH+DANIELA,true HTTP/1.1" 200 35
181.212.47.137 - - [24/Apr/2024:12:39:14 -0300] "GET /cormun/PublicTempStorage/afiliacion_%281%292270865.pdf HTTP/1.1" 200 100591
181.212.47.137 - - [24/Apr/2024:12:40:01 -0300] "GET /cormun/servlet/vesolicitudgral?2024,21324,,SolicitudOTAdjuntos HTTP/1.1" 200 11275
181.212.47.137 - - [24/Apr/2024:12:40:02 -0300] "POST /cormun/servlet/acontrolpreferencessavestate?None,RRHH+DANIELA,true HTTP/1.1" 200 35
181.212.47.137 - - [24/Apr/2024:12:40:12 -0300] "GET /cormun/servlet/vesolicitudgral?2024,21324,,General HTTP/1.1" 200 8374
181.212.47.137 - - [24/Apr/2024:12:40:12 -0300] "GET /cormun/pexe_scrolldiv.js HTTP/1.1" 404 1009
181.212.47.137 - - [24/Apr/2024:12:40:21 -0300] "GET /cormun/servlet/vesolicitudgral?2024,21324,,SolicitudOTAdjuntos HTTP/1.1" 200 11276
181.212.47.137 - - [24/Apr/2024:12:40:21 -0300] "GET /cormun/pexe_scrolldiv.js HTTP/1.1" 404 1009
181.212.47.137 - - [24/Apr/2024:12:40:22 -0300] "POST /cormun/servlet/acontrolpreferencessavestate?None,RRHH+DANIELA,true HTTP/1.1" 200 35
181.212.47.137 - - [24/Apr/2024:12:40:41 -0300] "GET /cormun/PublicTempStorage/certificado_de_antecedentes1591813.pdf HTTP/1.1" 200 34465
181.212.47.137 - - [24/Apr/2024:12:41:02 -0300] "GET /cormun/servlet/vesolicitudgral?2024,21324,,SolicitudOTAdjuntos HTTP/1.1" 200 11276
181.212.47.137 - - [24/Apr/2024:12:41:03 -0300] "POST /cormun/servlet/acontrolpreferencessavestate?None,RRHH+DANIELA,true HTTP/1.1" 200 35
181.212.47.137 - - [24/Apr/2024:12:41:04 -0300] "GET /cormun/PublicTempStorage/curriculum_vitae_ignacio_gutia%7E%A9?rrez_%281%297557919.pdf HTTP/1.1" 404 1083
181.212.47.137 - - [24/Apr/2024:12:41:07 -0300] "GET /cormun/servlet/vesolicitudgral?2024,21324,,SolicitudOTAdjuntos HTTP/1.1" 200 11279
181.212.47.137 - - [24/Apr/2024:12:41:08 -0300] "POST /cormun/servlet/acontrolpreferencessavestate?None,RRHH+DANIELA,true HTTP/1.1" 200 35
181.212.47.137 - - [24/Apr/2024:12:41:09 -0300] "GET /cormun/servlet/vesolicitudgral?2024,21324,,General HTTP/1.1" 200 8374
181.212.47.137 - - [24/Apr/2024:12:41:09 -0300] "GET /cormun/pexe_scrolldiv.js HTTP/1.1" 404 1009
181.212.47.137 - - [24/Apr/2024:12:43:02 -0300] "GET /cormun/servlet/trsolicitudgral? HTTP/1.1" 200 11234
181.212.40.185 - - [24/Apr/2024:12:43:17 -0300] "GET /cormun/servlet/trpermisosgoce? HTTP/1.1" 200 16818
181.212.40.185 - - [24/Apr/2024:12:43:18 -0300] "GET /cormun//static/Resources/PXToolsGridDelete.png HTTP/1.1" 304 -
181.212.40.185 - - [24/Apr/2024:12:43:21 -0300] "GET /cormun/servlet/permisogoce?INS,0,,, HTTP/1.1" 200 7070
181.212.40.185 - - [24/Apr/2024:12:43:35 -0300] "GET /cormun/servlet/permisogoce?5073dd344172ae925cf1f16b58fe67840bf4ce9f2dfcf9283847a61a4c3acb735c184662418025ba540ebd37e85eb30e65757ee63b26f978e5eacd229ba09497,gx-no-cache=1713973191281 HTTP/1.1" 200 86
181.212.40.185 - - [24/Apr/2024:12:43:38 -0300] "GET /cormun/static/menuarrow.gif HTTP/1.1" 404 1015
181.212.40.185 - - [24/Apr/2024:12:43:48 -0300] "GET /cormun/servlet/permisogoce?5073dd344172ae925cf1f16b58fe67841d0d0f98062b8de70a04487a4aaac0408b704f64582be9cc442b2e36e38192adc2df7c64f93574d8032d4cf0dc5fbdd7,gx-no-cache=1713973204014 HTTP/1.1" 200 46
181.212.40.185 - - [24/Apr/2024:12:44:00 -0300] "POST /cormun/servlet/permisogoce?c8dee073a767c2ae1a7f88d0bf2dd1c7,INS,0,,,,gx-no-cache=1713973214901 HTTP/1.1" 200 93
181.212.40.185 - - [24/Apr/2024:12:44:01 -0300] "GET /cormun/servlet/hpexe_return? HTTP/1.1" 200 1000
181.212.40.185 - - [24/Apr/2024:12:44:01 -0300] "GET /cormun/servlet/trpermisosgoce HTTP/1.1" 200 17189
181.212.40.185 - - [24/Apr/2024:12:44:01 -0300] "GET /cormun//static/Resources/PXToolsGridUpdate.png HTTP/1.1" 304 -
181.212.40.185 - - [24/Apr/2024:12:44:06 -0300] "GET /cormun/servlet/trpermisosadjuntos?16882911,20240424113934,P, HTTP/1.1" 200 6524
181.212.40.185 - - [24/Apr/2024:12:44:07 -0300] "GET /cormun/servlet/permisosadjuntos?INS,16882911,P,20240424113934,, HTTP/1.1" 200 5848
181.212.40.185 - - [24/Apr/2024:12:44:08 -0300] "GET /cormun/static/about:blank HTTP/1.1" 404 1011
181.212.40.185 - - [24/Apr/2024:12:44:16 -0300] "POST /cormun/servlet/permisosadjuntos?c8dee073a767c2ae1a7f88d0bf2dd1c7,INS,16882911,P,20240424113934,, HTTP/1.1" 200 116
181.212.40.185 - - [24/Apr/2024:12:44:16 -0300] "GET /cormun/servlet/hpexe_return? HTTP/1.1" 200 1028
181.212.40.185 - - [24/Apr/2024:12:44:16 -0300] "GET /cormun/servlet/trpermisosadjuntos?16882911,20240424113934,P, HTTP/1.1" 200 7058
181.212.40.185 - - [24/Apr/2024:12:44:23 -0300] "POST /cormun/servlet/trpermisosadjuntos?c8dee073a767c2ae1a7f88d0bf2dd1c7,16882911,20240424113934,P,,gx-no-cache=1713973239187 HTTP/1.1" 200 90
181.212.40.185 - - [24/Apr/2024:12:44:23 -0300] "GET /cormun/servlet/hpexe_link HTTP/1.1" 200 974
181.212.40.185 - - [24/Apr/2024:12:44:23 -0300] "GET /cormun/servlet/trpermisosgoce HTTP/1.1" 200 17185
181.212.40.185 - - [24/Apr/2024:12:44:28 -0300] "POST /cormun/servlet/trpermisosgoce?c8dee073a767c2ae1a7f88d0bf2dd1c7,gx-no-cache=1713973243502 HTTP/1.1" 200 14477
181.212.40.185 - - [24/Apr/2024:12:44:28 -0300] "GET /cormun/static/Shared/jqueryui/images/ui-icons_82798d_256x240.png HTTP/1.1" 404 1089
181.212.40.185 - - [24/Apr/2024:12:44:28 -0300] "GET /cormun/static/Shared/jqueryui/images/ui-bg_highlight-soft_100_c6c2c8_1x100.png HTTP/1.1" 404 1117
181.212.40.185 - - [24/Apr/2024:12:44:28 -0300] "GET /cormun/static/Shared/jqueryui/images/ui-bg_flat_55_fafafa_40x100.png HTTP/1.1" 404 1097
181.212.40.185 - - [24/Apr/2024:12:44:28 -0300] "GET /cormun/static/Shared/jqueryui/images/ui-icons_8d78a5_256x240.png HTTP/1.1" 404 1089
181.212.40.185 - - [24/Apr/2024:12:44:41 -0300] "GET /cormun/servlet/permisogoce?INS,0,,, HTTP/1.1" 200 7069
181.212.40.185 - - [24/Apr/2024:12:44:50 -0300] "GET /cormun/servlet/permisogoce?5073dd344172ae925cf1f16b58fe6784917207601db53f423c2963a39519f8bd5c184662418025ba540ebd37e85eb30e65757ee63b26f978e5eacd229ba09497,gx-no-cache=1713973266207 HTTP/1.1" 200 84
181.212.40.185 - - [24/Apr/2024:12:44:58 -0300] "GET /cormun/servlet/permisogoce?5073dd344172ae925cf1f16b58fe6784bc7ddfd18d151f01761cc94476440372c12a856a54c3365c918579e5ad795d6bc2df7c64f93574d8032d4cf0dc5fbdd7,gx-no-cache=1713973273804 HTTP/1.1" 200 47
181.212.40.185 - - [24/Apr/2024:12:45:02 -0300] "POST /cormun/servlet/permisogoce?c8dee073a767c2ae1a7f88d0bf2dd1c7,INS,0,,,,gx-no-cache=1713973277898 HTTP/1.1" 200 93
181.212.40.185 - - [24/Apr/2024:12:45:03 -0300] "GET /cormun/servlet/hpexe_return? HTTP/1.1" 200 1022
181.212.40.185 - - [24/Apr/2024:12:45:03 -0300] "GET /cormun/servlet/trpermisosgoce?gx-no-cache=1713973243502 HTTP/1.1" 200 17375
181.212.40.185 - - [24/Apr/2024:12:45:06 -0300] "GET /cormun/servlet/trpermisosadjuntos?18799253,20240424114053,P, HTTP/1.1" 200 6539
181.212.40.185 - - [24/Apr/2024:12:45:07 -0300] "GET /cormun/servlet/permisosadjuntos?INS,18799253,P,20240424114053,, HTTP/1.1" 200 5842
181.212.40.185 - - [24/Apr/2024:12:45:07 -0300] "GET /cormun/static/about:blank HTTP/1.1" 404 1011
181.212.40.185 - - [24/Apr/2024:12:45:13 -0300] "POST /cormun/servlet/permisosadjuntos?c8dee073a767c2ae1a7f88d0bf2dd1c7,INS,18799253,P,20240424114053,, HTTP/1.1" 200 116
181.212.40.185 - - [24/Apr/2024:12:45:13 -0300] "GET /cormun/servlet/hpexe_return? HTTP/1.1" 200 1026
181.212.40.185 - - [24/Apr/2024:12:45:13 -0300] "GET /cormun/servlet/trpermisosadjuntos?18799253,20240424114053,P, HTTP/1.1" 200 7044
181.212.40.185 - - [24/Apr/2024:12:45:16 -0300] "POST /cormun/servlet/trpermisosadjuntos?c8dee073a767c2ae1a7f88d0bf2dd1c7,18799253,20240424114053,P,,gx-no-cache=1713973291922 HTTP/1.1" 200 90
181.212.40.185 - - [24/Apr/2024:12:45:16 -0300] "GET /cormun/servlet/hpexe_link HTTP/1.1" 200 993
181.212.40.185 - - [24/Apr/2024:12:45:16 -0300] "GET /cormun/servlet/trpermisosgoce?gx-no-cache=1713973243502 HTTP/1.1" 200 17371
181.212.40.185 - - [24/Apr/2024:12:45:19 -0300] "POST /cormun/servlet/trpermisosgoce?c8dee073a767c2ae1a7f88d0bf2dd1c7,gx-no-cache=1713973243502,gx-no-cache=1713973294557 HTTP/1.1" 200 14686
181.212.47.137 - - [24/Apr/2024:12:45:20 -0300] "GET /cormun/servlet/vesolicitudgral?2024,21322,, HTTP/1.1" 200 8430
181.212.47.137 - - [24/Apr/2024:12:45:20 -0300] "GET /cormun/pexe_scrolldiv.js HTTP/1.1" 404 1009
181.212.40.185 - - [24/Apr/2024:12:45:41 -0300] "GET /cormun/servlet/permisogoce?INS,0,,, HTTP/1.1" 200 7091
181.212.40.185 - - [24/Apr/2024:12:45:47 -0300] "GET /cormun/servlet/permisogoce?5073dd344172ae925cf1f16b58fe67846ad6bb2544a5ba06bc975bcfaca3deda5c184662418025ba540ebd37e85eb30e65757ee63b26f978e5eacd229ba09497,gx-no-cache=1713973323022 HTTP/1.1" 200 81
181.212.40.185 - - [24/Apr/2024:12:45:55 -0300] "GET /cormun/servlet/permisogoce?5073dd344172ae925cf1f16b58fe6784a55405cc3983207989cdcf946c983df2047d01bfae2356c4266d23c52c07dce912d921c1f33931627f8e17d794f633e1,gx-no-cache=1713973331230 HTTP/1.1" 200 48
181.212.40.185 - - [24/Apr/2024:12:46:00 -0300] "POST /cormun/servlet/permisogoce?c8dee073a767c2ae1a7f88d0bf2dd1c7,INS,0,,,,gx-no-cache=1713973335962 HTTP/1.1" 200 93
181.212.40.185 - - [24/Apr/2024:12:46:00 -0300] "GET /cormun/servlet/hpexe_return? HTTP/1.1" 200 1022
181.212.40.185 - - [24/Apr/2024:12:46:01 -0300] "GET /cormun/servlet/trpermisosgoce?gx-no-cache=1713973243502 HTTP/1.1" 200 17549
181.212.40.185 - - [24/Apr/2024:12:46:03 -0300] "GET /cormun/servlet/trpermisosadjuntos?18105044,20240424114153,P, HTTP/1.1" 200 6536
181.212.40.185 - - [24/Apr/2024:12:46:05 -0300] "GET /cormun/servlet/permisosadjuntos?INS,18105044,P,20240424114153,, HTTP/1.1" 200 5840
181.212.40.185 - - [24/Apr/2024:12:46:05 -0300] "GET /cormun/static/about:blank HTTP/1.1" 404 1011
181.212.40.185 - - [24/Apr/2024:12:46:11 -0300] "POST /cormun/servlet/permisosadjuntos?c8dee073a767c2ae1a7f88d0bf2dd1c7,INS,18105044,P,20240424114153,, HTTP/1.1" 200 116
181.212.40.185 - - [24/Apr/2024:12:46:11 -0300] "GET /cormun/servlet/hpexe_return? HTTP/1.1" 200 1029
181.212.40.185 - - [24/Apr/2024:12:46:11 -0300] "GET /cormun/servlet/trpermisosadjuntos?18105044,20240424114153,P, HTTP/1.1" 200 7038
181.212.47.137 - - [24/Apr/2024:12:46:20 -0300] "GET /cormun/servlet/vesolicitudgral?2024,21322,,SolicitudOTAdjuntos HTTP/1.1" 200 11096
181.212.47.137 - - [24/Apr/2024:12:46:20 -0300] "GET /cormun/pexe_scrolldiv.js HTTP/1.1" 404 1009
181.212.47.137 - - [24/Apr/2024:12:46:21 -0300] "POST /cormun/servlet/acontrolpreferencessavestate?None,RRHH+DANIELA,true HTTP/1.1" 200 35
181.212.40.185 - - [24/Apr/2024:12:46:22 -0300] "POST /cormun/servlet/trpermisosadjuntos?c8dee073a767c2ae1a7f88d0bf2dd1c7,18105044,20240424114153,P,,gx-no-cache=1713973357915 HTTP/1.1" 200 90
181.212.40.185 - - [24/Apr/2024:12:46:22 -0300] "GET /cormun/servlet/hpexe_link HTTP/1.1" 200 995
181.212.40.185 - - [24/Apr/2024:12:46:22 -0300] "GET /cormun/servlet/trpermisosgoce?gx-no-cache=1713973243502 HTTP/1.1" 200 17546
181.212.47.137 - - [24/Apr/2024:12:46:23 -0300] "GET /cormun/PublicTempStorage/afp_jessica_owens20240424_11512616813511.pdf HTTP/1.1" 200 120645
181.212.40.185 - - [24/Apr/2024:12:46:25 -0300] "POST /cormun/servlet/trpermisosgoce?c8dee073a767c2ae1a7f88d0bf2dd1c7,gx-no-cache=1713973243502,gx-no-cache=1713973360149 HTTP/1.1" 200 14841
181.212.47.137 - - [24/Apr/2024:12:46:40 -0300] "GET /cormun/servlet/vesolicitudgral?2024,21322,,SolicitudOTAdjuntos HTTP/1.1" 200 11096
181.212.47.137 - - [24/Apr/2024:12:46:42 -0300] "POST /cormun/servlet/acontrolpreferencessavestate?None,RRHH+DANIELA,true HTTP/1.1" 200 35
181.212.47.137 - - [24/Apr/2024:12:46:44 -0300] "GET /cormun/PublicTempStorage/fonasa_jessica_owens20240424_115036275878890.pdf HTTP/1.1" 200 125738
181.212.47.137 - - [24/Apr/2024:12:46:49 -0300] "GET /cormun/servlet/vesolicitudgral?2024,21322,,SolicitudOTAdjuntos HTTP/1.1" 200 11098
181.212.47.137 - - [24/Apr/2024:12:46:50 -0300] "POST /cormun/servlet/acontrolpreferencessavestate?None,RRHH+DANIELA,true HTTP/1.1" 200 35
181.212.47.137 - - [24/Apr/2024:12:46:52 -0300] "GET /cormun/PublicTempStorage/curriculum_jessica_owens7464863.pdf HTTP/1.1" 200 851096
181.212.47.137 - - [24/Apr/2024:12:48:39 -0300] "GET /cormun/servlet/vesolicitudgral?2024,21322,,SolicitudOTAdjuntos HTTP/1.1" 200 11098
181.212.47.137 - - [24/Apr/2024:12:48:41 -0300] "POST /cormun/servlet/acontrolpreferencessavestate?None,RRHH+DANIELA,true HTTP/1.1" 200 35
181.212.47.137 - - [24/Apr/2024:12:48:42 -0300] "GET /cormun/PublicTempStorage/antecedentes_jessica_owens20240424_114938796006516.pdf HTTP/1.1" 200 166829
181.212.47.137 - - [24/Apr/2024:12:48:50 -0300] "GET /cormun/servlet/vesolicitudgral?2024,21322,,SolicitudOTAdjuntos HTTP/1.1" 200 11097
181.212.47.137 - - [24/Apr/2024:12:48:52 -0300] "POST /cormun/servlet/acontrolpreferencessavestate?None,RRHH+DANIELA,true HTTP/1.1" 200 35
181.212.47.137 - - [24/Apr/2024:12:48:55 -0300] "GET /cormun/servlet/vesolicitudgral?2024,21322,,General HTTP/1.1" 200 8433
181.212.47.137 - - [24/Apr/2024:12:48:55 -0300] "GET /cormun/pexe_scrolldiv.js HTTP/1.1" 404 1009
181.212.40.185 - - [24/Apr/2024:12:51:16 -0300] "GET /cormun/servlet/trlicencias? HTTP/1.1" 200 16955
181.212.47.137 - - [24/Apr/2024:12:56:26 -0300] "GET /cormun/servlet/trsolicitudgral? HTTP/1.1" 200 10807
181.212.47.137 - - [24/Apr/2024:12:56:30 -0300] "POST /cormun/servlet/trsolicitudgral?fc099c2015aa50b634b9a8c697d66fdd,,gx-no-cache=1713973963279 HTTP/1.1" 200 26327
181.212.47.137 - - [24/Apr/2024:12:56:37 -0300] "POST /cormun/servlet/trsolicitudgral?fc099c2015aa50b634b9a8c697d66fdd,,gx-no-cache=1713973969583 HTTP/1.1" 200 26682
181.212.47.137 - - [24/Apr/2024:12:57:19 -0300] "GET /cormun/servlet/vesolicitudgral?2024,21323,, HTTP/1.1" 200 8376
181.212.47.137 - - [24/Apr/2024:12:57:19 -0300] "GET /cormun/pexe_scrolldiv.js HTTP/1.1" 404 1009
186.125.88.221 - - [24/Apr/2024:12:57:30 -0300] "GET / HTTP/1.0" 200 11197
181.212.47.137 - - [24/Apr/2024:12:57:55 -0300] "GET /cormun/servlet/trsolicitudgral? HTTP/1.1" 200 29049
181.212.47.137 - - [24/Apr/2024:12:58:51 -0300] "POST /cormun/servlet/trsolicitudgral?fc099c2015aa50b634b9a8c697d66fdd,,gx-no-cache=1713974104555 HTTP/1.1" 200 6641
181.212.47.137 - - [24/Apr/2024:12:58:55 -0300] "GET /cormun/servlet/vesolicitudgral?2024,21125,, HTTP/1.1" 200 8362
181.212.47.137 - - [24/Apr/2024:12:58:55 -0300] "GET /cormun/pexe_scrolldiv.js HTTP/1.1" 404 1009
190.95.15.9 - - [24/Apr/2024:12:59:36 -0300] "GET /cormun/servlet/hlogin HTTP/1.1" 200 1723
190.95.15.9 - - [24/Apr/2024:12:59:51 -0300] "POST /cormun/servlet/hlogin?8dee540a0e50401c626ef93272be47af,gx-no-cache=1713974164567 HTTP/1.1" 200 90
190.95.15.9 - - [24/Apr/2024:12:59:51 -0300] "GET /cormun/servlet/hpexe_link HTTP/1.1" 200 966
190.95.15.9 - - [24/Apr/2024:12:59:52 -0300] "GET /cormun/servlet/trautorizarsolicitud HTTP/1.1" 200 7326
181.212.47.137 - - [24/Apr/2024:12:59:54 -0300] "GET /cormun/servlet/trsolicitudgral? HTTP/1.1" 200 9710
190.95.15.9 - - [24/Apr/2024:12:59:57 -0300] "GET /cormun/servlet/trautorizarsolicitud? HTTP/1.1" 200 7325
181.212.47.137 - - [24/Apr/2024:13:00:02 -0300] "POST /cormun/servlet/trsolicitudgral?fc099c2015aa50b634b9a8c697d66fdd,,gx-no-cache=1713974175493 HTTP/1.1" 200 6646
