190.171.141.114 - - [23/Apr/2024:14:46:44 -0300] "GET /cormun/servlet/solicitudotadjuntos?8bdfdb67366ed398bd10bdebc18391d9a2be7b40c231bd0187923b6f2c5b921f,gx-no-cache=1713894181157 HTTP/1.1" 200 30
190.171.141.114 - - [23/Apr/2024:14:46:44 -0300] "POST /cormun/servlet/solicitudotadjuntos?fe047f203fb5eee10e49b8fe9d99510b,INS,2024,21287,,1, HTTP/1.1" 200 116
190.171.141.114 - - [23/Apr/2024:14:46:44 -0300] "GET /cormun/servlet/hpexe_return? HTTP/1.1" 200 1027
190.171.141.114 - - [23/Apr/2024:14:46:44 -0300] "GET /cormun/servlet/trsolicitudadjuntos?2024,21287, HTTP/1.1" 200 10277
190.171.141.114 - - [23/Apr/2024:14:46:48 -0300] "POST /cormun/servlet/trsolicitudadjuntos?fe047f203fb5eee10e49b8fe9d99510b,2024,21287,,gx-no-cache=1713894185324 HTTP/1.1" 200 90
190.171.141.114 - - [23/Apr/2024:14:46:48 -0300] "GET /cormun/servlet/hpexe_link HTTP/1.1" 200 969
190.171.141.114 - - [23/Apr/2024:14:46:48 -0300] "GET /cormun/servlet/trsolicitudot? HTTP/1.1" 200 8601
190.171.141.114 - - [23/Apr/2024:14:46:52 -0300] "POST /cormun/servlet/trsolicitudot?fe047f203fb5eee10e49b8fe9d99510b,,gx-no-cache=1713894189424 HTTP/1.1" 200 4568
190.171.141.114 - - [23/Apr/2024:14:46:52 -0300] "POST /cormun/servlet/trsolicitudot?fe047f203fb5eee10e49b8fe9d99510b,,gx-no-cache=1713894189562 HTTP/1.1" 200 4333
190.171.141.114 - - [23/Apr/2024:14:47:02 -0300] "GET /cormun/servlet/trlicencias? HTTP/1.1" 200 11147
190.171.141.114 - - [23/Apr/2024:14:47:06 -0300] "GET /cormun/servlet/hlogin HTTP/1.1" 200 1738
190.171.141.114 - - [23/Apr/2024:14:47:09 -0300] "POST /cormun/servlet/hlogin?fe047f203fb5eee10e49b8fe9d99510b,gx-no-cache=1713894206184 HTTP/1.1" 200 90
190.171.141.114 - - [23/Apr/2024:14:47:09 -0300] "GET /cormun/servlet/hpexe_link HTTP/1.1" 200 951
190.171.141.114 - - [23/Apr/2024:14:47:09 -0300] "GET /cormun/servlet/hhome HTTP/1.1" 200 4312
190.171.141.114 - - [23/Apr/2024:14:47:13 -0300] "GET /cormun/servlet/trautorizarsolicitud? HTTP/1.1" 200 8798
190.171.141.114 - - [23/Apr/2024:14:47:18 -0300] "POST /cormun/servlet/trautorizarsolicitud?fe047f203fb5eee10e49b8fe9d99510b,,gx-no-cache=1713894215800 HTTP/1.1" 200 4770
190.171.141.114 - - [23/Apr/2024:14:47:19 -0300] "GET /cormun/static/Shared/jqueryui/images/ui-bg_highlight-soft_100_c6c2c8_1x100.png HTTP/1.1" 404 1117
190.171.141.114 - - [23/Apr/2024:14:47:19 -0300] "GET /cormun/static/Shared/jqueryui/images/ui-icons_82798d_256x240.png HTTP/1.1" 404 1089
190.171.141.114 - - [23/Apr/2024:14:47:19 -0300] "GET /cormun/static/Shared/jqueryui/images/ui-bg_flat_55_fafafa_40x100.png HTTP/1.1" 404 1097
190.171.141.114 - - [23/Apr/2024:14:47:19 -0300] "GET /cormun/static/Shared/jqueryui/images/ui-icons_8d78a5_256x240.png HTTP/1.1" 404 1089
190.171.141.114 - - [23/Apr/2024:14:47:19 -0300] "POST /cormun/servlet/trautorizarsolicitud?fe047f203fb5eee10e49b8fe9d99510b,,gx-no-cache=1713894215922 HTTP/1.1" 200 4534
190.171.141.114 - - [23/Apr/2024:14:47:26 -0300] "GET /cormun/servlet/trautorizarpermisogoce? HTTP/1.1" 200 8973
190.171.141.114 - - [23/Apr/2024:14:47:26 -0300] "GET /cormun/static/gxcfg.js?2020121645532 HTTP/1.1" 200 953
190.171.141.114 - - [23/Apr/2024:14:47:26 -0300] "GET /cormun/static/trautorizarpermisogoce.js?2020121651492 HTTP/1.1" 200 34948
190.171.141.138 - - [23/Apr/2024:14:47:27 -0300] "POST /cormun/servlet/trsolicitudot?415bbb87d4c1e441da4f6b8e56d9b7bf,gx-no-cache=1713894225842 HTTP/1.1" 200 112
190.171.141.138 - - [23/Apr/2024:14:47:27 -0300] "GET /cormun/servlet/solicitudot?UPD,2024,21309,false, HTTP/1.1" 200 17033
190.171.141.138 - - [23/Apr/2024:14:47:28 -0300] "POST /cormun/servlet/solicitudot?gx-no-cache=1713894226714 HTTP/1.1" 200 4116
190.171.141.138 - - [23/Apr/2024:14:47:28 -0300] "POST /cormun/servlet/solicitudot?415bbb87d4c1e441da4f6b8e56d9b7bf,UPD,2024,21309,false,,gx-no-cache=1713894226802 HTTP/1.1" 200 12996
190.171.141.138 - - [23/Apr/2024:14:47:28 -0300] "GET /cormun/servlet/solicitudot?ca4975d9dcdcc592810931efe6794ed98ddbfd11dea99e8ae7f4a8790a2ecb3c2fa1676cfd54f6f58e5538028ab48f6f,gx-no-cache=1713894226900 HTTP/1.1" 200 30
190.171.141.138 - - [23/Apr/2024:14:47:28 -0300] "GET /cormun/servlet/solicitudot?ca4975d9dcdcc592810931efe6794ed99fbde605a59bb3ce40f1d55d562dca87b544081b05b2532a4c1c685352e02163ac797323f592efcec428230b635dde87,gx-no-cache=1713894226916 HTTP/1.1" 200 30
190.171.141.138 - - [23/Apr/2024:14:47:28 -0300] "GET /cormun/servlet/solicitudot?ca4975d9dcdcc592810931efe6794ed956ff58e72a5a587cf211b81f68b0c29145ed795e65c33d7edab8f0ba89ee0b78d6755a30683b838c537026c2331dfade,gx-no-cache=1713894226929 HTTP/1.1" 200 53
190.171.141.138 - - [23/Apr/2024:14:47:28 -0300] "POST /cormun/servlet/solicitudot?gx-no-cache=1713894226943 HTTP/1.1" 200 238
190.171.141.138 - - [23/Apr/2024:14:47:28 -0300] "GET /cormun/servlet/solicitudot?ca4975d9dcdcc592810931efe6794ed9b9defa950bf0becb5ce05ca248e141cc9d53b2681522c405ae642c4748aaffa41829553a37a12d4bfee00a81154d45f020754d78bdf680a2994e87766131f614e9ee6d44da145292412bc06ea9760e6696674ad9daaf0123915a7b2b34df62a77d6951f365aaab7d25d6998cf55444df92f953f4c8d4a1f2742e25e1b47e187c5b2be59b3d60b3f97d055850c02d66edc1f11e7cbc10b96429dd690bf9fdc5a645bc2c03ed89d6ebb82982dcaeead5f5869759d4c8279986ba64f8197614c7de016e6df796dab518ae454c8e5fbae32bdbc71079888bc5bc0e6fd620280c725e96ab1442f44a0162f49ea4b45b53d82acd6e91f4089a4e5a121b7646dd0bac39766e696d618e2c92973e5c5e223ccf23cc86764713861b3545844d3c27888ecd6d3f6aec78fd1ff0d003bc0813f73a98efd0b69d3e3fda42a6306223533e6c8465a281d85259b89b93f69c024428c187580dc069df6e164a843cd8dcd2de364db077130d9d7dd0be980b236aeec35d3d,gx-no-cache=1713894226958 HTTP/1.1" 200 30
190.171.141.138 - - [23/Apr/2024:14:47:28 -0300] "POST /cormun/servlet/solicitudot?gx-no-cache=1713894226972 HTTP/1.1" 200 30
190.171.141.138 - - [23/Apr/2024:14:47:28 -0300] "POST /cormun/servlet/solicitudot?gx-no-cache=1713894226989 HTTP/1.1" 200 1483
190.171.141.138 - - [23/Apr/2024:14:47:28 -0300] "POST /cormun/servlet/solicitudot?gx-no-cache=1713894227050 HTTP/1.1" 200 41
190.171.141.114 - - [23/Apr/2024:14:47:29 -0300] "POST /cormun/servlet/trautorizarpermisogoce?fe047f203fb5eee10e49b8fe9d99510b,,gx-no-cache=1713894226465 HTTP/1.1" 200 6018
190.171.141.138 - - [23/Apr/2024:14:47:30 -0300] "GET /cormun/servlet/solicitudot?ca4975d9dcdcc592810931efe6794ed9ff1a7e116359b0d057300c9e8c5e523caadc6eab2dbf193bb3ca28d2a94e3df83106ad9733dc0d13ae0f7bd56726d186cb27e4a3311c407b7f947a472dd0083f158a025b363c425bc5ab52e9614eed5fc8996636fccf810f20d717be2b237335,gx-no-cache=1713894228336 HTTP/1.1" 200 110
190.171.141.138 - - [23/Apr/2024:14:47:30 -0300] "POST /cormun/servlet/solicitudot?gx-no-cache=1713894228373 HTTP/1.1" 200 67
190.171.141.114 - - [23/Apr/2024:14:47:30 -0300] "POST /cormun/servlet/trautorizarpermisogoce?fe047f203fb5eee10e49b8fe9d99510b,,gx-no-cache=1713894227136 HTTP/1.1" 200 5786
190.171.141.114 - - [23/Apr/2024:14:47:31 -0300] "POST /cormun/servlet/trautorizarpermisogoce?fe047f203fb5eee10e49b8fe9d99510b,,gx-no-cache=1713894227750 HTTP/1.1" 200 5556
190.171.141.114 - - [23/Apr/2024:14:47:31 -0300] "POST /cormun/servlet/trautorizarpermisogoce?fe047f203fb5eee10e49b8fe9d99510b,,gx-no-cache=1713894228343 HTTP/1.1" 200 5286
190.171.141.138 - - [23/Apr/2024:14:47:31 -0300] "GET /cormun/servlet/solicitudot?ca4975d9dcdcc592810931efe6794ed9897ad0cbe275e3505a8641cc989da789c16b5a831b7b39498332eb0cf84b97d3b11d091cf224458885846d433e90922d45f331cea97518347b5ea9f61fd9da26cdd15bc6c76d9a55f4a14e71fcc1826db6fa09e8b97e70a0e5d8bbc98ed29bae,gx-no-cache=1713894229904 HTTP/1.1" 200 29
190.171.141.138 - - [23/Apr/2024:14:47:31 -0300] "GET /cormun/servlet/solicitudot?ca4975d9dcdcc592810931efe6794ed994d4682e73b0f07783640edbbe9c9e36a6602860f9d9f83251d2d46ac9f98e11,gx-no-cache=1713894229918 HTTP/1.1" 200 30
190.171.141.138 - - [23/Apr/2024:14:47:31 -0300] "POST /cormun/servlet/solicitudot?gx-no-cache=1713894229932 HTTP/1.1" 200 34
190.171.141.138 - - [23/Apr/2024:14:47:31 -0300] "POST /cormun/servlet/solicitudot?415bbb87d4c1e441da4f6b8e56d9b7bf,UPD,2024,21309,false,,gx-no-cache=1713894229949 HTTP/1.1" 200 93
190.171.141.138 - - [23/Apr/2024:14:47:31 -0300] "GET /cormun/servlet/hpexe_return? HTTP/1.1" 200 1016
190.171.141.138 - - [23/Apr/2024:14:47:31 -0300] "GET /cormun/servlet/trsolicitudot HTTP/1.1" 200 9132
190.171.141.114 - - [23/Apr/2024:14:47:33 -0300] "POST /cormun/servlet/trautorizarpermisogoce?fe047f203fb5eee10e49b8fe9d99510b,,gx-no-cache=1713894230007 HTTP/1.1" 200 4528
190.171.141.138 - - [23/Apr/2024:14:47:33 -0300] "POST /cormun/servlet/trsolicitudot?415bbb87d4c1e441da4f6b8e56d9b7bf,gx-no-cache=1713894232227 HTTP/1.1" 200 107
190.171.141.138 - - [23/Apr/2024:14:47:34 -0300] "GET /cormun/servlet/trsolicitudadjuntos?2024,21309, HTTP/1.1" 200 6579
190.171.141.138 - - [23/Apr/2024:14:47:34 -0300] "GET /cormun/static/gxcfg.js?20201215574222 HTTP/1.1" 200 953
190.171.141.138 - - [23/Apr/2024:14:47:34 -0300] "GET /cormun/static/trsolicitudadjuntos.js?20201215574932 HTTP/1.1" 200 17921
190.171.141.138 - - [23/Apr/2024:14:47:34 -0300] "GET /cormun/static/Resources/PXToolsGridNew.png HTTP/1.1" 200 427
190.171.141.138 - - [23/Apr/2024:14:47:36 -0300] "GET /cormun/servlet/solicitudotadjuntos?INS,2024,21309,,1, HTTP/1.1" 200 6522
190.171.141.138 - - [23/Apr/2024:14:47:36 -0300] "GET /cormun/static/gxcfg.js?202211298385187 HTTP/1.1" 200 953
190.171.141.138 - - [23/Apr/2024:14:47:36 -0300] "GET /cormun/static/solicitudotadjuntos.js?202211298385196 HTTP/1.1" 200 11771
190.171.141.138 - - [23/Apr/2024:14:47:36 -0300] "GET /cormun/static/about:blank HTTP/1.1" 404 1011
190.171.141.138 - - [23/Apr/2024:14:47:37 -0300] "GET /cormun/servlet/solicitudotadjuntos?ca4975d9dcdcc592810931efe6794ed9f1c7d4a53e9d1ca507bd9cebc917b7fc514b7e456060c5b408f7e1b5aa607c93,gx-no-cache=1713894235642 HTTP/1.1" 200 30
190.171.141.138 - - [23/Apr/2024:14:47:37 -0300] "POST /cormun/servlet/solicitudotadjuntos?415bbb87d4c1e441da4f6b8e56d9b7bf,INS,2024,21309,,1,,gx-no-cache=1713894235655 HTTP/1.1" 200 4159
190.171.141.138 - - [23/Apr/2024:14:47:39 -0300] "POST /cormun/servlet/solicitudotadjuntos?gx-no-cache=1713894237984 HTTP/1.1" 200 26
190.171.141.138 - - [23/Apr/2024:14:47:55 -0300] "GET /cormun/servlet/solicitudotadjuntos?ca4975d9dcdcc592810931efe6794ed9e969fcd5586bf7f6fb7203423e8f7500,gx-no-cache=1713894253776 HTTP/1.1" 200 30
190.171.141.138 - - [23/Apr/2024:14:47:55 -0300] "GET /cormun/servlet/solicitudotadjuntos?ca4975d9dcdcc592810931efe6794ed9e969fcd5586bf7f6fb7203423e8f7500,gx-no-cache=1713894253787 HTTP/1.1" 200 30
190.171.141.138 - - [23/Apr/2024:14:47:55 -0300] "POST /cormun/servlet/solicitudotadjuntos?415bbb87d4c1e441da4f6b8e56d9b7bf,INS,2024,21309,,1, HTTP/1.1" 200 6648
190.171.141.138 - - [23/Apr/2024:14:47:55 -0300] "GET /cormun/static/Shared/jqueryui/images/ui-icons_82798d_256x240.png HTTP/1.1" 404 1089
190.171.141.138 - - [23/Apr/2024:14:47:55 -0300] "GET /cormun/static/Shared/jqueryui/images/ui-bg_highlight-soft_100_c6c2c8_1x100.png HTTP/1.1" 404 1117
190.171.141.138 - - [23/Apr/2024:14:47:55 -0300] "GET /cormun/static/Shared/jqueryui/images/ui-icons_ebccce_256x240.png HTTP/1.1" 404 1089
190.171.141.138 - - [23/Apr/2024:14:47:55 -0300] "GET /cormun/static/Shared/jqueryui/images/ui-bg_flat_55_994d53_40x100.png HTTP/1.1" 404 1097
190.171.141.138 - - [23/Apr/2024:14:47:55 -0300] "GET /cormun/PrivateTempStorage/upload_00028754.jpg HTTP/1.1" 200 273387
190.171.141.138 - - [23/Apr/2024:14:48:07 -0300] "POST /cormun/servlet/solicitudotadjuntos?415bbb87d4c1e441da4f6b8e56d9b7bf,INS,2024,21309,,1, HTTP/1.1" 200 116
190.171.141.138 - - [23/Apr/2024:14:48:07 -0300] "GET /cormun/servlet/hpexe_return? HTTP/1.1" 200 1027
190.171.141.138 - - [23/Apr/2024:14:48:07 -0300] "GET /cormun/servlet/trsolicitudadjuntos?2024,21309, HTTP/1.1" 200 6582
181.212.47.137 - - [23/Apr/2024:14:49:42 -0300] "GET /cormun/servlet/hlogin HTTP/1.1" 200 1721
181.212.47.137 - - [23/Apr/2024:14:49:48 -0300] "POST /cormun/servlet/hlogin?99a2be87a39877623ebbbcd458e82269,gx-no-cache=1713894362830 HTTP/1.1" 200 90
181.212.47.137 - - [23/Apr/2024:14:49:48 -0300] "GET /cormun/servlet/hpexe_link HTTP/1.1" 200 951
181.212.47.137 - - [23/Apr/2024:14:49:48 -0300] "GET /cormun/servlet/hhome HTTP/1.1" 200 3818
181.212.47.137 - - [23/Apr/2024:14:49:50 -0300] "GET /cormun/servlet/trsolicitudgral? HTTP/1.1" 200 28413
181.212.47.137 - - [23/Apr/2024:14:49:52 -0300] "GET /cormun/static/menuarrow.gif HTTP/1.1" 404 1015
181.212.47.137 - - [23/Apr/2024:14:50:02 -0300] "POST /cormun/servlet/trsolicitudgral?99a2be87a39877623ebbbcd458e82269,,gx-no-cache=1713894376955 HTTP/1.1" 200 5254
180.244.167.44 - - [23/Apr/2024:14:50:11 -0300] "GET / HTTP/1.1" 200 11217
181.212.47.137 - - [23/Apr/2024:14:51:26 -0300] "POST /cormun/servlet/trsolicitudgral?99a2be87a39877623ebbbcd458e82269,,gx-no-cache=1713894461158 HTTP/1.1" 200 6628
181.212.47.137 - - [23/Apr/2024:14:51:34 -0300] "POST /cormun/servlet/trsolicitudgral?99a2be87a39877623ebbbcd458e82269,,gx-no-cache=1713894467286 HTTP/1.1" 200 26395
181.212.47.137 - - [23/Apr/2024:14:51:42 -0300] "POST /cormun/servlet/trsolicitudgral?99a2be87a39877623ebbbcd458e82269,,gx-no-cache=1713894477314 HTTP/1.1" 200 5253
181.212.47.137 - - [23/Apr/2024:14:51:43 -0300] "POST /cormun/servlet/trsolicitudgral?99a2be87a39877623ebbbcd458e82269,,gx-no-cache=1713894477957 HTTP/1.1" 200 5253
190.171.152.234 - - [23/Apr/2024:14:52:54 -0300] "GET /cormun/servlet/hlogin HTTP/1.1" 200 1715
190.171.152.234 - - [23/Apr/2024:14:52:54 -0300] "GET /cormun/static/gxtimezone.js?85251 HTTP/1.1" 200 5781
190.171.152.234 - - [23/Apr/2024:14:52:54 -0300] "GET /cormun/static/gxcfg.js?2022112219184450 HTTP/1.1" 200 953
190.171.152.234 - - [23/Apr/2024:14:52:54 -0300] "GET /cormun/static/Resources/CormunLogin.png HTTP/1.1" 200 19132
190.171.152.234 - - [23/Apr/2024:14:52:54 -0300] "GET /cormun/static/messages.spa.js?85251 HTTP/1.1" 200 30736
190.171.152.234 - - [23/Apr/2024:14:52:54 -0300] "GET /cormun/static/Resources/Spanish/PXTools.css?1759030 HTTP/1.1" 200 100853
190.171.152.234 - - [23/Apr/2024:14:52:55 -0300] "GET /cormun/static/hlogin.js?2022112219184458 HTTP/1.1" 200 2156
190.171.152.234 - - [23/Apr/2024:14:52:55 -0300] "GET /cormun/static/gxgral.js?85251 HTTP/1.1" 200 384558
190.171.152.234 - - [23/Apr/2024:14:52:55 -0300] "GET /cormun/static/Resources/PXToolsLoginTop.png HTTP/1.1" 200 1337
190.171.152.234 - - [23/Apr/2024:14:52:55 -0300] "GET /cormun/static/Resources/PXToolsLoginBackground.png HTTP/1.1" 200 1164
190.171.152.234 - - [23/Apr/2024:14:52:55 -0300] "GET /cormun/static/Resources/PXToolsButtonLeft.png HTTP/1.1" 200 1310
190.171.152.234 - - [23/Apr/2024:14:52:55 -0300] "GET /cormun/static/Resources/PXToolsButtonRight.png HTTP/1.1" 200 1294
190.171.152.234 - - [23/Apr/2024:14:52:55 -0300] "GET /cormun/static/Resources/PXToolsLoginBottom.png HTTP/1.1" 200 1389
190.171.152.234 - - [23/Apr/2024:14:52:55 -0300] "GET /cormun/static/Resources/PXToolsButtonBackground.png HTTP/1.1" 200 1176
190.171.152.234 - - [23/Apr/2024:14:52:55 -0300] "GET /cormun/static/Resources/indicator.gif HTTP/1.1" 200 1553
190.171.152.234 - - [23/Apr/2024:14:52:55 -0300] "GET /cormun/servlet/hlogin HTTP/1.1" 200 1725
190.171.152.234 - - [23/Apr/2024:14:53:05 -0300] "POST /cormun/servlet/hlogin?2d04ea23b73337092537319e652033ae,gx-no-cache=1713890945633 HTTP/1.1" 200 90
190.171.152.234 - - [23/Apr/2024:14:53:05 -0300] "GET /cormun/servlet/hpexe_link HTTP/1.1" 200 945
190.171.152.234 - - [23/Apr/2024:14:53:05 -0300] "GET /cormun/static/gxcfg.js?20221129847421 HTTP/1.1" 200 953
190.171.152.234 - - [23/Apr/2024:14:53:05 -0300] "GET /cormun/static/hpexe_link.js?20221129847423 HTTP/1.1" 200 625
190.171.152.234 - - [23/Apr/2024:14:53:05 -0300] "GET /cormun/static/Resources/Spanish/PXTools.css?8354383 HTTP/1.1" 200 100853
190.171.152.234 - - [23/Apr/2024:14:53:05 -0300] "GET /cormun/servlet/hhome HTTP/1.1" 200 4268
190.171.152.234 - - [23/Apr/2024:14:53:05 -0300] "GET /cormun/static/SmoothNavMenu/resources/ddsmoothmenu.css?1112540 HTTP/1.1" 200 2223
190.171.152.234 - - [23/Apr/2024:14:53:05 -0300] "GET /cormun/static/SmoothNavMenu/resources/ddsmoothmenu-v.css?1112540 HTTP/1.1" 200 1188
190.171.152.234 - - [23/Apr/2024:14:53:05 -0300] "GET /cormun/static/Shared/jqueryui/jquery-ui.min.css?1345370 HTTP/1.1" 200 30288
190.171.152.234 - - [23/Apr/2024:14:53:05 -0300] "GET /cormun/static/scaMessage/css/jquery.pnotify.default.css?1816380 HTTP/1.1" 200 1707
190.171.152.234 - - [23/Apr/2024:14:53:05 -0300] "GET /cormun/static/gxcfg.js?20201215495537 HTTP/1.1" 200 953
190.171.152.234 - - [23/Apr/2024:14:53:05 -0300] "GET /cormun/static/PXToolsJavascripts/pexe_autoreload.js HTTP/1.1" 200 1762
190.171.152.234 - - [23/Apr/2024:14:53:05 -0300] "GET /cormun/static/Resources/Spanish/PXTools.css?14345360 HTTP/1.1" 200 100853
190.171.152.234 - - [23/Apr/2024:14:53:05 -0300] "GET /cormun/static/PXToolsJavascripts/pexe_cookies.js HTTP/1.1" 200 792
190.171.152.234 - - [23/Apr/2024:14:53:05 -0300] "GET /cormun/static/PXToolsJavascripts/pexe_grid.js HTTP/1.1" 200 7559
190.171.152.234 - - [23/Apr/2024:14:53:05 -0300] "GET /cormun/static/PXToolsJavascripts/pexe_windows.js HTTP/1.1" 200 15249
190.171.152.234 - - [23/Apr/2024:14:53:05 -0300] "GET /cormun/static/PXToolsJavascripts/pexe_link.js HTTP/1.1" 200 5671
190.171.152.234 - - [23/Apr/2024:14:53:05 -0300] "GET /cormun/static/PXToolsJavascripts/pexe_griddivfix.js HTTP/1.1" 200 6946
190.171.152.234 - - [23/Apr/2024:14:53:05 -0300] "GET /cormun/static/PXToolsJavascripts/pexe_menus.js HTTP/1.1" 200 1286
190.171.152.234 - - [23/Apr/2024:14:53:05 -0300] "GET /cormun/static/PXToolsJavascripts/pexe_menudivfix.js HTTP/1.1" 200 333
190.171.152.234 - - [23/Apr/2024:14:53:05 -0300] "GET /cormun/static/PXToolsJavascripts/pexe_picture.js HTTP/1.1" 200 689
190.171.152.234 - - [23/Apr/2024:14:53:05 -0300] "GET /cormun/static/PXToolsJavascripts/pexe_oav.js HTTP/1.1" 200 645
190.171.152.234 - - [23/Apr/2024:14:53:05 -0300] "GET /cormun/static/PXToolsJavascripts/pexe_oavdivfix.js HTTP/1.1" 200 639
190.171.152.234 - - [23/Apr/2024:14:53:05 -0300] "GET /cormun/static/PXToolsJavascripts/pexe_layers.js HTTP/1.1" 200 4114
190.171.152.234 - - [23/Apr/2024:14:53:05 -0300] "GET /cormun/static/PXToolsJavascripts/pexe_tabdivfix.js HTTP/1.1" 200 898
190.171.152.234 - - [23/Apr/2024:14:53:05 -0300] "GET /cormun/static/PXToolsJavascripts/pexe_tabs.js HTTP/1.1" 200 3748
190.171.152.234 - - [23/Apr/2024:14:53:05 -0300] "GET /cormun/static/PXToolsJavascripts/pexe_upload.js HTTP/1.1" 200 1423
190.171.152.234 - - [23/Apr/2024:14:53:05 -0300] "GET /cormun/static/PXToolsJavascripts/PXToolsJavascriptsRender.js HTTP/1.1" 200 367
190.171.152.234 - - [23/Apr/2024:14:53:05 -0300] "GET /cormun/static/PXToolsJavascripts/pexe_popup.js HTTP/1.1" 200 15149
190.171.152.234 - - [23/Apr/2024:14:53:05 -0300] "GET /cormun/static/PXToolsJavascripts/pexe_scrolldiv.js HTTP/1.1" 200 4138
190.171.152.234 - - [23/Apr/2024:14:53:05 -0300] "GET /cormun/static/Resources/CormunMP2.png HTTP/1.1" 200 6878
190.171.152.234 - - [23/Apr/2024:14:53:05 -0300] "GET /cormun/static/Resources/ImgHome.png HTTP/1.1" 200 1364
190.171.152.234 - - [23/Apr/2024:14:53:05 -0300] "GET /cormun/static/Resources/ImgLogin.png HTTP/1.1" 200 1432
190.171.152.234 - - [23/Apr/2024:14:53:05 -0300] "GET /cormun/static/RunJS/RunJS.js HTTP/1.1" 200 288
190.171.152.234 - - [23/Apr/2024:14:53:05 -0300] "GET /cormun/static/Resources/Llave.png HTTP/1.1" 200 1395
190.171.152.234 - - [23/Apr/2024:14:53:05 -0300] "GET /cormun/static/Shared/ext/locale/ext-lang-en.js HTTP/1.1" 200 10940
190.171.152.234 - - [23/Apr/2024:14:53:05 -0300] "GET /cormun/static/Resources/PXToolsDataTitle.png HTTP/1.1" 200 1173
190.171.152.234 - - [23/Apr/2024:14:53:05 -0300] "GET /cormun/static/hhome.js?20201215495544 HTTP/1.1" 200 777
190.171.152.234 - - [23/Apr/2024:14:53:05 -0300] "GET /cormun/static/hwchdr01.js?2022112219251119 HTTP/1.1" 200 996
190.171.152.234 - - [23/Apr/2024:14:53:05 -0300] "GET /cormun/static/hpexe_recentlink.js?20201214471090 HTTP/1.1" 200 2144
190.171.152.234 - - [23/Apr/2024:14:53:05 -0300] "GET /cormun/static/hpexe_scripts.js?20201214471411 HTTP/1.1" 200 1544
190.171.152.234 - - [23/Apr/2024:14:53:06 -0300] "GET /cormun/static/gxui/gxui-all.js HTTP/1.1" 200 107772
190.171.152.234 - - [23/Apr/2024:14:53:06 -0300] "GET /cormun/static/hpexe_messagecontroller.js?202211298371222 HTTP/1.1" 200 870
190.171.152.234 - - [23/Apr/2024:14:53:06 -0300] "GET /cormun/static/hpexe_messagepopupcomponent.js?2020121447232 HTTP/1.1" 200 605
190.171.152.234 - - [23/Apr/2024:14:53:06 -0300] "GET /cormun/static/hpexe_messagegenexuscomponent.js?20221129836373 HTTP/1.1" 200 587
190.171.152.234 - - [23/Apr/2024:14:53:06 -0300] "GET /cormun/static/cmcontrolpreferences.js?20199141926336 HTTP/1.1" 200 1375
190.171.152.234 - - [23/Apr/2024:14:53:06 -0300] "GET /cormun/static/SmoothNavMenu/resources/ddsmoothmenu.js HTTP/1.1" 200 12712
190.171.152.234 - - [23/Apr/2024:14:53:06 -0300] "GET /cormun/static/SmoothNavMenu/resources/SmoothNavMenuRender.js HTTP/1.1" 200 5951
190.171.152.234 - - [23/Apr/2024:14:53:06 -0300] "GET /cormun/static/Shared/jquery/jquery-1.4.2.min.js HTTP/1.1" 200 72174
190.171.152.234 - - [23/Apr/2024:14:53:06 -0300] "GET /cormun/static/scaMessage/js/jquery.pnotify.min.js HTTP/1.1" 200 13038
190.171.152.234 - - [23/Apr/2024:14:53:06 -0300] "GET /cormun/static/scaMessage/scaMessageRender.js HTTP/1.1" 200 11977
190.171.152.234 - - [23/Apr/2024:14:53:06 -0300] "GET /cormun/static/hmpwkw03.js?20221129844354 HTTP/1.1" 200 3971
190.171.152.234 - - [23/Apr/2024:14:53:06 -0300] "GET /cormun/static/Shared/jqueryui/jquery-ui.min.js HTTP/1.1" 200 240427
190.171.152.234 - - [23/Apr/2024:14:53:06 -0300] "GET /cormun/static/Shared/jquery/jquery-1.10.2.min.js HTTP/1.1" 200 273199
190.171.152.234 - - [23/Apr/2024:14:53:06 -0300] "GET /cormun/static/Shared/ext/ext-all.js HTTP/1.1" 200 1289687
190.171.152.234 - - [23/Apr/2024:14:53:06 -0300] "GET /cormun/static/SmoothNavMenu/resources/images/down.gif HTTP/1.1" 200 854
190.171.152.234 - - [23/Apr/2024:14:53:06 -0300] "GET /cormun/static/SmoothNavMenu/resources/images/right.gif HTTP/1.1" 200 860
181.212.47.137 - - [23/Apr/2024:14:53:09 -0300] "POST /cormun/servlet/trsolicitudgral?99a2be87a39877623ebbbcd458e82269,,gx-no-cache=1713894564311 HTTP/1.1" 200 7595
190.171.152.234 - - [23/Apr/2024:14:53:11 -0300] "GET /cormun/servlet/trsolicitudot? HTTP/1.1" 200 7486
190.171.152.234 - - [23/Apr/2024:14:53:11 -0300] "GET /cormun/static/gxcfg.js?20221129846531 HTTP/1.1" 200 953
190.171.152.234 - - [23/Apr/2024:14:53:11 -0300] "GET /cormun/static/calendar-setup.js?85251 HTTP/1.1" 200 2588
190.171.152.234 - - [23/Apr/2024:14:53:11 -0300] "GET /cormun/static/calendar.js?85251 HTTP/1.1" 200 26246
190.171.152.234 - - [23/Apr/2024:14:53:11 -0300] "GET /cormun/static/gxui/gxui-all.css?120300 HTTP/1.1" 200 2179
190.171.152.234 - - [23/Apr/2024:14:53:11 -0300] "GET /cormun/static/calendar-system.css?85620 HTTP/1.1" 200 5572
190.171.152.234 - - [23/Apr/2024:14:53:11 -0300] "GET /cormun/static/calendar-es.js?85251 HTTP/1.1" 200 1901
190.171.152.234 - - [23/Apr/2024:14:53:11 -0300] "GET /cormun/static/Resources/PXTools/calendar.png HTTP/1.1" 200 1306
190.171.152.234 - - [23/Apr/2024:14:53:11 -0300] "GET /cormun/static/Shared/ext/resources/css/ext-all.css?215870 HTTP/1.1" 200 416045
190.171.152.234 - - [23/Apr/2024:14:53:11 -0300] "GET /cormun/static/gxdec.js?85251 HTTP/1.1" 200 19579
190.171.152.234 - - [23/Apr/2024:14:53:11 -0300] "GET /cormun/static/trsolicitudot.js?202211298465651 HTTP/1.1" 200 54040
190.171.152.234 - - [23/Apr/2024:14:53:11 -0300] "GET /cormun/static/Resources/PXToolsDataSearch.png HTTP/1.1" 200 435
190.171.152.234 - - [23/Apr/2024:14:53:11 -0300] "GET /cormun/static/Resources/PXToolsGridFirstDisabled.gif HTTP/1.1" 200 100
190.171.152.234 - - [23/Apr/2024:14:53:11 -0300] "GET /cormun/static/Resources/PXToolsGridPreviousDisabled.gif HTTP/1.1" 200 90
190.171.152.234 - - [23/Apr/2024:14:53:11 -0300] "GET /cormun/static/Resources/PXToolsGridNextDisabled.gif HTTP/1.1" 200 90
190.171.152.234 - - [23/Apr/2024:14:53:11 -0300] "GET /cormun/static/Resources/PXToolsGridLastDisabled.gif HTTP/1.1" 200 98
190.171.152.234 - - [23/Apr/2024:14:53:11 -0300] "GET /cormun/static/Resources/PXToolsGridPage.gif HTTP/1.1" 200 725
190.171.152.234 - - [23/Apr/2024:14:53:11 -0300] "GET /cormun/static/Resources/PXToolsActionExcel.png HTTP/1.1" 200 727
190.171.152.234 - - [23/Apr/2024:14:53:11 -0300] "GET /cormun/static/Resources/PXToolsAddAllAction.png HTTP/1.1" 200 495
190.171.152.234 - - [23/Apr/2024:14:53:12 -0300] "GET /cormun/static/Resources/desc.gif HTTP/1.1" 200 65
190.171.152.234 - - [23/Apr/2024:14:53:12 -0300] "GET /cormun/static/Resources/asc.gif HTTP/1.1" 200 67
190.171.152.234 - - [23/Apr/2024:14:53:12 -0300] "GET /cormun/static/Shared/ext/resources/themes/images/default/panel/bg-headersPanel.png HTTP/1.1" 200 255
190.171.152.234 - - [23/Apr/2024:14:53:12 -0300] "GET /cormun/static/Shared/ext/resources/themes/images/default/tools/tool-sprites.gif HTTP/1.1" 200 5434
190.171.152.234 - - [23/Apr/2024:14:53:26 -0300] "POST /cormun/servlet/trsolicitudot?2d04ea23b73337092537319e652033ae,,gx-no-cache=1713890966674 HTTP/1.1" 200 6370
190.171.152.234 - - [23/Apr/2024:14:53:26 -0300] "GET /cormun//static/Resources/PXToolsActionView.png HTTP/1.1" 200 398
190.171.152.234 - - [23/Apr/2024:14:53:26 -0300] "GET /cormun//static/Resources/PXToolsGridUpdate.png HTTP/1.1" 200 470
190.171.152.234 - - [23/Apr/2024:14:53:26 -0300] "GET /cormun//static/Resources/PXToolsRemoveAllAction.png HTTP/1.1" 200 487
190.171.152.234 - - [23/Apr/2024:14:53:26 -0300] "GET /cormun//static/Resources/PXTools/ActionInsert.png HTTP/1.1" 200 1482
190.171.152.234 - - [23/Apr/2024:14:53:26 -0300] "GET /cormun//static/Resources/PXToolsGridDelete.png HTTP/1.1" 200 538
181.212.47.137 - - [23/Apr/2024:14:53:45 -0300] "GET /cormun/servlet/hlogin HTTP/1.1" 200 1721
181.212.47.137 - - [23/Apr/2024:14:53:52 -0300] "POST /cormun/servlet/hlogin?99a2be87a39877623ebbbcd458e82269,gx-no-cache=1713894606726 HTTP/1.1" 200 90
181.212.47.137 - - [23/Apr/2024:14:53:52 -0300] "GET /cormun/servlet/hpexe_link HTTP/1.1" 200 958
181.212.47.137 - - [23/Apr/2024:14:53:52 -0300] "GET /cormun/servlet/trsolicitudgral? HTTP/1.1" 200 10644
190.171.152.234 - - [23/Apr/2024:14:53:57 -0300] "POST /cormun/servlet/trsolicitudot?2d04ea23b73337092537319e652033ae,,gx-no-cache=1713890998163 HTTP/1.1" 200 6347
181.212.47.137 - - [23/Apr/2024:14:53:59 -0300] "POST /cormun/servlet/trsolicitudgral?99a2be87a39877623ebbbcd458e82269,,gx-no-cache=1713894614072 HTTP/1.1" 200 25958
181.212.47.137 - - [23/Apr/2024:14:54:01 -0300] "GET /cormun/static/menuarrow.gif HTTP/1.1" 404 1015
190.171.152.234 - - [23/Apr/2024:14:54:05 -0300] "POST /cormun/servlet/trsolicitudot?2d04ea23b73337092537319e652033ae,,gx-no-cache=1713891005587 HTTP/1.1" 200 6346
181.212.47.137 - - [23/Apr/2024:14:54:05 -0300] "POST /cormun/servlet/trsolicitudgral?99a2be87a39877623ebbbcd458e82269,,gx-no-cache=1713894619635 HTTP/1.1" 200 25955
190.171.152.234 - - [23/Apr/2024:14:54:09 -0300] "POST /cormun/servlet/trsolicitudot?2d04ea23b73337092537319e652033ae,,gx-no-cache=1713891010336 HTTP/1.1" 200 6347
190.171.141.138 - - [23/Apr/2024:14:54:20 -0300] "GET /cormun/servlet/solicitudotadjuntos?INS,2024,21309,,1, HTTP/1.1" 200 6523
190.171.141.138 - - [23/Apr/2024:14:54:20 -0300] "GET /cormun/static/about:blank HTTP/1.1" 404 1011
190.171.141.138 - - [23/Apr/2024:14:54:21 -0300] "GET /cormun/servlet/solicitudotadjuntos?ca4975d9dcdcc592810931efe6794ed9f1c7d4a53e9d1ca507bd9cebc917b7fc514b7e456060c5b408f7e1b5aa607c93,gx-no-cache=1713894639359 HTTP/1.1" 200 30
190.171.141.138 - - [23/Apr/2024:14:54:21 -0300] "POST /cormun/servlet/solicitudotadjuntos?415bbb87d4c1e441da4f6b8e56d9b7bf,INS,2024,21309,,1,,gx-no-cache=1713894639382 HTTP/1.1" 200 4159
181.212.47.137 - - [23/Apr/2024:14:54:22 -0300] "GET /cormun/servlet/vesolicitudgral?2024,21306,, HTTP/1.1" 200 8368
190.171.141.138 - - [23/Apr/2024:14:54:22 -0300] "POST /cormun/servlet/solicitudotadjuntos?gx-no-cache=1713894641083 HTTP/1.1" 200 26
181.212.47.137 - - [23/Apr/2024:14:54:22 -0300] "GET /cormun/pexe_scrolldiv.js HTTP/1.1" 404 1009
181.212.47.137 - - [23/Apr/2024:14:54:24 -0300] "POST /cormun/servlet/vesolicitudgral?99a2be87a39877623ebbbcd458e82269,2024,21306,,,gx-no-cache=1713894638786 HTTP/1.1" 200 12287
181.212.47.137 - - [23/Apr/2024:14:54:24 -0300] "GET /cormun/static/Shared/jqueryui/images/ui-bg_highlight-soft_100_c6c2c8_1x100.png HTTP/1.1" 404 1117
181.212.47.137 - - [23/Apr/2024:14:54:24 -0300] "GET /cormun/static/Shared/jqueryui/images/ui-icons_82798d_256x240.png HTTP/1.1" 404 1089
181.212.47.137 - - [23/Apr/2024:14:54:24 -0300] "GET /cormun/static/Shared/jqueryui/images/ui-bg_flat_55_fafafa_40x100.png HTTP/1.1" 404 1097
181.212.47.137 - - [23/Apr/2024:14:54:24 -0300] "GET /cormun/static/Shared/jqueryui/images/ui-icons_8d78a5_256x240.png HTTP/1.1" 404 1089
181.212.47.137 - - [23/Apr/2024:14:54:24 -0300] "POST /cormun/servlet/vesolicitudgral?99a2be87a39877623ebbbcd458e82269,2024,21306,,,gx-no-cache=1713894638923 HTTP/1.1" 200 12220
190.171.152.234 - - [23/Apr/2024:14:54:26 -0300] "POST /cormun/servlet/trsolicitudot?2d04ea23b73337092537319e652033ae,,gx-no-cache=1713891026691 HTTP/1.1" 200 6347
190.171.152.234 - - [23/Apr/2024:14:54:28 -0300] "GET /cormun/servlet/trsolicitudot? HTTP/1.1" 200 9210
190.171.152.234 - - [23/Apr/2024:14:54:29 -0300] "GET /favicon.ico HTTP/1.1" 200 21630
190.171.141.138 - - [23/Apr/2024:14:54:32 -0300] "GET /cormun/servlet/solicitudotadjuntos?ca4975d9dcdcc592810931efe6794ed9e969fcd5586bf7f6fb7203423e8f7500,gx-no-cache=1713894650496 HTTP/1.1" 200 30
190.171.141.138 - - [23/Apr/2024:14:54:32 -0300] "GET /cormun/servlet/solicitudotadjuntos?ca4975d9dcdcc592810931efe6794ed9e969fcd5586bf7f6fb7203423e8f7500,gx-no-cache=1713894650506 HTTP/1.1" 200 30
190.171.141.138 - - [23/Apr/2024:14:54:32 -0300] "POST /cormun/servlet/solicitudotadjuntos?415bbb87d4c1e441da4f6b8e56d9b7bf,INS,2024,21309,,1, HTTP/1.1" 200 116
190.171.141.138 - - [23/Apr/2024:14:54:32 -0300] "GET /cormun/servlet/hpexe_return? HTTP/1.1" 200 1027
190.171.141.138 - - [23/Apr/2024:14:54:32 -0300] "GET /cormun/servlet/trsolicitudadjuntos?2024,21309, HTTP/1.1" 200 9518
181.212.47.137 - - [23/Apr/2024:14:54:33 -0300] "GET /cormun/servlet/trsolicitudgral? HTTP/1.1" 200 28468
190.171.141.138 - - [23/Apr/2024:14:54:35 -0300] "GET /cormun/servlet/solicitudotadjuntos?INS,2024,21309,,1, HTTP/1.1" 200 6523
190.171.141.138 - - [23/Apr/2024:14:54:35 -0300] "GET /cormun/static/about:blank HTTP/1.1" 404 1011
190.171.141.138 - - [23/Apr/2024:14:54:36 -0300] "GET /cormun/servlet/solicitudotadjuntos?ca4975d9dcdcc592810931efe6794ed9f1c7d4a53e9d1ca507bd9cebc917b7fc514b7e456060c5b408f7e1b5aa607c93,gx-no-cache=1713894654658 HTTP/1.1" 200 30
190.171.141.138 - - [23/Apr/2024:14:54:36 -0300] "POST /cormun/servlet/solicitudotadjuntos?415bbb87d4c1e441da4f6b8e56d9b7bf,INS,2024,21309,,1,,gx-no-cache=1713894654676 HTTP/1.1" 200 4159
190.171.152.234 - - [23/Apr/2024:14:54:38 -0300] "GET /cormun/servlet/trsolicitudot? HTTP/1.1" 200 9210
190.171.152.234 - - [23/Apr/2024:14:54:39 -0300] "GET /cormun/servlet/trsolicitudot? HTTP/1.1" 200 9210
190.171.141.138 - - [23/Apr/2024:14:54:39 -0300] "POST /cormun/servlet/solicitudotadjuntos?gx-no-cache=1713894658056 HTTP/1.1" 200 26
190.171.141.138 - - [23/Apr/2024:14:54:45 -0300] "GET /cormun/servlet/solicitudotadjuntos?ca4975d9dcdcc592810931efe6794ed9e969fcd5586bf7f6fb7203423e8f7500,gx-no-cache=1713894663912 HTTP/1.1" 200 30
190.171.141.138 - - [23/Apr/2024:14:54:45 -0300] "GET /cormun/servlet/solicitudotadjuntos?ca4975d9dcdcc592810931efe6794ed9e969fcd5586bf7f6fb7203423e8f7500,gx-no-cache=1713894663922 HTTP/1.1" 200 30
190.171.141.138 - - [23/Apr/2024:14:54:45 -0300] "POST /cormun/servlet/solicitudotadjuntos?415bbb87d4c1e441da4f6b8e56d9b7bf,INS,2024,21309,,1, HTTP/1.1" 200 116
190.171.141.138 - - [23/Apr/2024:14:54:45 -0300] "GET /cormun/servlet/hpexe_return? HTTP/1.1" 200 1027
190.171.141.138 - - [23/Apr/2024:14:54:45 -0300] "GET /cormun/servlet/trsolicitudadjuntos?2024,21309, HTTP/1.1" 200 9773
190.171.141.138 - - [23/Apr/2024:14:54:48 -0300] "GET /cormun/servlet/solicitudotadjuntos?INS,2024,21309,,1, HTTP/1.1" 200 6522
190.171.141.138 - - [23/Apr/2024:14:54:48 -0300] "GET /cormun/static/about:blank HTTP/1.1" 404 1011
190.171.141.138 - - [23/Apr/2024:14:54:48 -0300] "GET /cormun/servlet/solicitudotadjuntos?ca4975d9dcdcc592810931efe6794ed9f1c7d4a53e9d1ca507bd9cebc917b7fc514b7e456060c5b408f7e1b5aa607c93,gx-no-cache=1713894666931 HTTP/1.1" 200 30
190.171.141.138 - - [23/Apr/2024:14:54:48 -0300] "POST /cormun/servlet/solicitudotadjuntos?415bbb87d4c1e441da4f6b8e56d9b7bf,INS,2024,21309,,1,,gx-no-cache=1713894666950 HTTP/1.1" 200 4157
190.171.152.234 - - [23/Apr/2024:14:54:50 -0300] "POST /cormun/servlet/trsolicitudot?2d04ea23b73337092537319e652033ae,,gx-no-cache=1713891050668 HTTP/1.1" 200 6347
190.171.141.138 - - [23/Apr/2024:14:54:50 -0300] "POST /cormun/servlet/solicitudotadjuntos?gx-no-cache=1713894668968 HTTP/1.1" 200 26
190.171.152.234 - - [23/Apr/2024:14:54:55 -0300] "GET /cormun/servlet/trsolicitudot? HTTP/1.1" 200 9210
190.171.141.138 - - [23/Apr/2024:14:54:58 -0300] "GET /cormun/servlet/solicitudotadjuntos?ca4975d9dcdcc592810931efe6794ed9e969fcd5586bf7f6fb7203423e8f7500,gx-no-cache=1713894676568 HTTP/1.1" 200 30
190.171.141.138 - - [23/Apr/2024:14:54:58 -0300] "GET /cormun/servlet/solicitudotadjuntos?ca4975d9dcdcc592810931efe6794ed9e969fcd5586bf7f6fb7203423e8f7500,gx-no-cache=1713894676579 HTTP/1.1" 200 30
190.171.141.138 - - [23/Apr/2024:14:54:58 -0300] "POST /cormun/servlet/solicitudotadjuntos?415bbb87d4c1e441da4f6b8e56d9b7bf,INS,2024,21309,,1, HTTP/1.1" 200 116
190.171.141.138 - - [23/Apr/2024:14:54:58 -0300] "GET /cormun/servlet/hpexe_return? HTTP/1.1" 200 1027
190.171.141.138 - - [23/Apr/2024:14:54:58 -0300] "GET /cormun/servlet/trsolicitudadjuntos?2024,21309, HTTP/1.1" 200 10015
190.171.141.138 - - [23/Apr/2024:14:55:00 -0300] "GET /cormun/servlet/solicitudotadjuntos?INS,2024,21309,,1, HTTP/1.1" 200 6522
190.171.141.138 - - [23/Apr/2024:14:55:00 -0300] "GET /cormun/static/about:blank HTTP/1.1" 404 1011
190.171.141.138 - - [23/Apr/2024:14:55:01 -0300] "GET /cormun/servlet/solicitudotadjuntos?ca4975d9dcdcc592810931efe6794ed9f1c7d4a53e9d1ca507bd9cebc917b7fc514b7e456060c5b408f7e1b5aa607c93,gx-no-cache=1713894679530 HTTP/1.1" 200 30
190.171.141.138 - - [23/Apr/2024:14:55:01 -0300] "POST /cormun/servlet/solicitudotadjuntos?415bbb87d4c1e441da4f6b8e56d9b7bf,INS,2024,21309,,1,,gx-no-cache=1713894679553 HTTP/1.1" 200 4157
190.171.152.234 - - [23/Apr/2024:14:55:02 -0300] "POST /cormun/servlet/trsolicitudot?2d04ea23b73337092537319e652033ae,,gx-no-cache=1713891062579 HTTP/1.1" 200 6369
190.171.152.234 - - [23/Apr/2024:14:55:02 -0300] "POST /cormun/servlet/trsolicitudot?2d04ea23b73337092537319e652033ae,,gx-no-cache=1713891063401 HTTP/1.1" 200 6369
190.171.152.234 - - [23/Apr/2024:14:55:03 -0300] "POST /cormun/servlet/trsolicitudot?2d04ea23b73337092537319e652033ae,,gx-no-cache=1713891063609 HTTP/1.1" 200 6370
190.171.152.234 - - [23/Apr/2024:14:55:03 -0300] "POST /cormun/servlet/trsolicitudot?2d04ea23b73337092537319e652033ae,,gx-no-cache=1713891063792 HTTP/1.1" 200 6369
190.171.141.138 - - [23/Apr/2024:14:55:03 -0300] "POST /cormun/servlet/solicitudotadjuntos?gx-no-cache=1713894682000 HTTP/1.1" 200 26
190.171.152.234 - - [23/Apr/2024:14:55:07 -0300] "GET /cormun/servlet/trautorizarsolicitud? HTTP/1.1" 200 7388
190.171.152.234 - - [23/Apr/2024:14:55:07 -0300] "GET /cormun/static/gxcfg.js?202211298474254 HTTP/1.1" 200 953
190.171.152.234 - - [23/Apr/2024:14:55:07 -0300] "GET /cormun/static/trautorizarsolicitud.js?202211298474588 HTTP/1.1" 200 53909
190.171.141.138 - - [23/Apr/2024:14:55:08 -0300] "GET /cormun/servlet/solicitudotadjuntos?ca4975d9dcdcc592810931efe6794ed9e969fcd5586bf7f6fb7203423e8f7500,gx-no-cache=1713894686991 HTTP/1.1" 200 30
190.171.141.138 - - [23/Apr/2024:14:55:08 -0300] "GET /cormun/servlet/solicitudotadjuntos?ca4975d9dcdcc592810931efe6794ed9e969fcd5586bf7f6fb7203423e8f7500,gx-no-cache=1713894687002 HTTP/1.1" 200 30
190.171.141.138 - - [23/Apr/2024:14:55:09 -0300] "POST /cormun/servlet/solicitudotadjuntos?415bbb87d4c1e441da4f6b8e56d9b7bf,INS,2024,21309,,1, HTTP/1.1" 200 116
190.171.141.138 - - [23/Apr/2024:14:55:09 -0300] "GET /cormun/servlet/hpexe_return? HTTP/1.1" 200 1027
190.171.141.138 - - [23/Apr/2024:14:55:09 -0300] "GET /cormun/servlet/trsolicitudadjuntos?2024,21309, HTTP/1.1" 200 10240
190.171.141.138 - - [23/Apr/2024:14:55:11 -0300] "GET /cormun/servlet/solicitudotadjuntos?INS,2024,21309,,1, HTTP/1.1" 200 6522
190.171.141.138 - - [23/Apr/2024:14:55:11 -0300] "GET /cormun/static/about:blank HTTP/1.1" 404 1011
190.171.141.138 - - [23/Apr/2024:14:55:12 -0300] "GET /cormun/servlet/solicitudotadjuntos?ca4975d9dcdcc592810931efe6794ed9f1c7d4a53e9d1ca507bd9cebc917b7fc514b7e456060c5b408f7e1b5aa607c93,gx-no-cache=1713894690474 HTTP/1.1" 200 30
190.171.141.138 - - [23/Apr/2024:14:55:12 -0300] "POST /cormun/servlet/solicitudotadjuntos?415bbb87d4c1e441da4f6b8e56d9b7bf,INS,2024,21309,,1,,gx-no-cache=1713894690490 HTTP/1.1" 200 4157
190.171.141.138 - - [23/Apr/2024:14:55:15 -0300] "POST /cormun/servlet/solicitudotadjuntos?gx-no-cache=1713894693712 HTTP/1.1" 200 26
190.171.141.138 - - [23/Apr/2024:14:55:21 -0300] "GET /cormun/servlet/solicitudotadjuntos?ca4975d9dcdcc592810931efe6794ed9e969fcd5586bf7f6fb7203423e8f7500,gx-no-cache=1713894699976 HTTP/1.1" 200 30
190.171.141.138 - - [23/Apr/2024:14:55:21 -0300] "GET /cormun/servlet/solicitudotadjuntos?ca4975d9dcdcc592810931efe6794ed9e969fcd5586bf7f6fb7203423e8f7500,gx-no-cache=1713894699986 HTTP/1.1" 200 30
190.171.141.138 - - [23/Apr/2024:14:55:21 -0300] "POST /cormun/servlet/solicitudotadjuntos?415bbb87d4c1e441da4f6b8e56d9b7bf,INS,2024,21309,,1, HTTP/1.1" 200 116
190.171.141.138 - - [23/Apr/2024:14:55:21 -0300] "GET /cormun/servlet/hpexe_return? HTTP/1.1" 200 1027
190.171.141.138 - - [23/Apr/2024:14:55:21 -0300] "GET /cormun/servlet/trsolicitudadjuntos?2024,21309, HTTP/1.1" 200 10508
190.171.141.138 - - [23/Apr/2024:14:55:24 -0300] "GET /cormun/servlet/solicitudotadjuntos?INS,2024,21309,,1, HTTP/1.1" 200 6522
190.171.141.138 - - [23/Apr/2024:14:55:24 -0300] "GET /cormun/static/about:blank HTTP/1.1" 404 1011
190.171.141.138 - - [23/Apr/2024:14:55:24 -0300] "GET /cormun/servlet/solicitudotadjuntos?ca4975d9dcdcc592810931efe6794ed9f1c7d4a53e9d1ca507bd9cebc917b7fc514b7e456060c5b408f7e1b5aa607c93,gx-no-cache=1713894702916 HTTP/1.1" 200 30
190.171.141.138 - - [23/Apr/2024:14:55:24 -0300] "POST /cormun/servlet/solicitudotadjuntos?415bbb87d4c1e441da4f6b8e56d9b7bf,INS,2024,21309,,1,,gx-no-cache=1713894702934 HTTP/1.1" 200 4157
190.171.141.138 - - [23/Apr/2024:14:55:26 -0300] "POST /cormun/servlet/solicitudotadjuntos?gx-no-cache=1713894704920 HTTP/1.1" 200 26
190.171.141.138 - - [23/Apr/2024:14:55:30 -0300] "GET /cormun/servlet/solicitudotadjuntos?ca4975d9dcdcc592810931efe6794ed9e969fcd5586bf7f6fb7203423e8f7500,gx-no-cache=1713894709232 HTTP/1.1" 200 30
190.171.141.138 - - [23/Apr/2024:14:55:30 -0300] "GET /cormun/servlet/solicitudotadjuntos?ca4975d9dcdcc592810931efe6794ed9e969fcd5586bf7f6fb7203423e8f7500,gx-no-cache=1713894709244 HTTP/1.1" 200 30
190.171.141.138 - - [23/Apr/2024:14:55:31 -0300] "POST /cormun/servlet/solicitudotadjuntos?415bbb87d4c1e441da4f6b8e56d9b7bf,INS,2024,21309,,1, HTTP/1.1" 200 116
190.171.141.138 - - [23/Apr/2024:14:55:31 -0300] "GET /cormun/servlet/hpexe_return? HTTP/1.1" 200 1027
190.171.141.138 - - [23/Apr/2024:14:55:31 -0300] "GET /cormun/servlet/trsolicitudadjuntos?2024,21309, HTTP/1.1" 200 10664
190.171.141.138 - - [23/Apr/2024:14:55:34 -0300] "GET /cormun/servlet/trsolicitudot? HTTP/1.1" 200 9135
181.212.47.137 - - [23/Apr/2024:14:55:41 -0300] "GET /cormun/servlet/vesolicitudgral?2024,21288,, HTTP/1.1" 200 8412
181.212.47.137 - - [23/Apr/2024:14:55:41 -0300] "GET /cormun/pexe_scrolldiv.js HTTP/1.1" 404 1009
190.171.141.138 - - [23/Apr/2024:14:55:42 -0300] "POST /cormun/servlet/trsolicitudot?415bbb87d4c1e441da4f6b8e56d9b7bf,,gx-no-cache=1713894720946 HTTP/1.1" 200 4904
190.171.141.138 - - [23/Apr/2024:14:55:42 -0300] "GET /cormun/static/Shared/jqueryui/images/ui-bg_highlight-soft_100_c6c2c8_1x100.png HTTP/1.1" 404 1117
190.171.141.138 - - [23/Apr/2024:14:55:42 -0300] "GET /cormun/static/Shared/jqueryui/images/ui-icons_82798d_256x240.png HTTP/1.1" 404 1089
190.171.141.138 - - [23/Apr/2024:14:55:42 -0300] "GET /cormun/static/Shared/jqueryui/images/ui-icons_8d78a5_256x240.png HTTP/1.1" 404 1089
190.171.141.138 - - [23/Apr/2024:14:55:42 -0300] "GET /cormun/static/Shared/jqueryui/images/ui-bg_flat_55_fafafa_40x100.png HTTP/1.1" 404 1097
190.171.141.138 - - [23/Apr/2024:14:55:42 -0300] "POST /cormun/servlet/trsolicitudot?415bbb87d4c1e441da4f6b8e56d9b7bf,,gx-no-cache=1713894721050 HTTP/1.1" 200 4635
181.212.47.137 - - [23/Apr/2024:14:55:43 -0300] "POST /cormun/servlet/vesolicitudgral?99a2be87a39877623ebbbcd458e82269,2024,21288,,,gx-no-cache=1713894718211 HTTP/1.1" 200 12277
181.212.47.137 - - [23/Apr/2024:14:55:43 -0300] "GET /cormun/static/Shared/jqueryui/images/ui-icons_82798d_256x240.png HTTP/1.1" 404 1089
181.212.47.137 - - [23/Apr/2024:14:55:43 -0300] "GET /cormun/static/Shared/jqueryui/images/ui-bg_highlight-soft_100_c6c2c8_1x100.png HTTP/1.1" 404 1117
181.212.47.137 - - [23/Apr/2024:14:55:43 -0300] "GET /cormun/static/Shared/jqueryui/images/ui-bg_flat_55_fafafa_40x100.png HTTP/1.1" 404 1097
181.212.47.137 - - [23/Apr/2024:14:55:43 -0300] "GET /cormun/static/Shared/jqueryui/images/ui-icons_8d78a5_256x240.png HTTP/1.1" 404 1089
181.212.47.137 - - [23/Apr/2024:14:55:43 -0300] "POST /cormun/servlet/vesolicitudgral?99a2be87a39877623ebbbcd458e82269,2024,21288,,,gx-no-cache=1713894718374 HTTP/1.1" 200 12209
190.171.141.138 - - [23/Apr/2024:14:55:45 -0300] "GET /cormun/servlet/trautorizarsolicitud? HTTP/1.1" 200 9023
181.212.47.137 - - [23/Apr/2024:14:55:45 -0300] "GET /cormun/servlet/trsolicitudgral? HTTP/1.1" 200 28362
190.171.141.138 - - [23/Apr/2024:14:55:47 -0300] "POST /cormun/servlet/trautorizarsolicitud?415bbb87d4c1e441da4f6b8e56d9b7bf,,gx-no-cache=1713894726122 HTTP/1.1" 200 4820
190.171.141.138 - - [23/Apr/2024:14:55:48 -0300] "POST /cormun/servlet/trautorizarsolicitud?415bbb87d4c1e441da4f6b8e56d9b7bf,,gx-no-cache=1713894726216 HTTP/1.1" 200 4553
181.212.47.137 - - [23/Apr/2024:14:55:58 -0300] "GET /cormun/servlet/vesolicitudgral?2024,21287,, HTTP/1.1" 200 8385
181.212.47.137 - - [23/Apr/2024:14:55:58 -0300] "GET /cormun/pexe_scrolldiv.js HTTP/1.1" 404 1009
181.212.47.137 - - [23/Apr/2024:14:55:59 -0300] "POST /cormun/servlet/vesolicitudgral?99a2be87a39877623ebbbcd458e82269,2024,21287,,,gx-no-cache=1713894734481 HTTP/1.1" 200 12277
181.212.47.137 - - [23/Apr/2024:14:55:59 -0300] "GET /cormun/static/Shared/jqueryui/images/ui-icons_82798d_256x240.png HTTP/1.1" 404 1089
181.212.47.137 - - [23/Apr/2024:14:55:59 -0300] "GET /cormun/static/Shared/jqueryui/images/ui-bg_flat_55_fafafa_40x100.png HTTP/1.1" 404 1097
181.212.47.137 - - [23/Apr/2024:14:55:59 -0300] "GET /cormun/static/Shared/jqueryui/images/ui-icons_8d78a5_256x240.png HTTP/1.1" 404 1089
181.212.47.137 - - [23/Apr/2024:14:55:59 -0300] "GET /cormun/static/Shared/jqueryui/images/ui-bg_highlight-soft_100_c6c2c8_1x100.png HTTP/1.1" 404 1117
181.212.47.137 - - [23/Apr/2024:14:56:00 -0300] "POST /cormun/servlet/vesolicitudgral?99a2be87a39877623ebbbcd458e82269,2024,21287,,,gx-no-cache=1713894734607 HTTP/1.1" 200 12208
181.212.47.137 - - [23/Apr/2024:14:56:23 -0300] "GET /cormun/servlet/trsolicitudgral? HTTP/1.1" 200 28508
190.171.141.90 - - [23/Apr/2024:15:00:22 -0300] "GET /cormun/servlet/hlogin HTTP/1.1" 200 1722
190.171.141.90 - - [23/Apr/2024:15:00:22 -0300] "GET /cormun/servlet/hlogin HTTP/1.1" 200 1732
190.171.141.90 - - [23/Apr/2024:15:00:22 -0300] "GET /favicon.ico HTTP/1.1" 200 21630
190.171.141.90 - - [23/Apr/2024:15:00:28 -0300] "POST /cormun/servlet/hlogin?698bec3c2bd522a2294c03eaa72030aa,gx-no-cache=1713895005721 HTTP/1.1" 200 90
190.171.141.90 - - [23/Apr/2024:15:00:28 -0300] "GET /cormun/servlet/hpexe_link HTTP/1.1" 200 952
190.171.141.90 - - [23/Apr/2024:15:00:28 -0300] "GET /cormun/servlet/hhome HTTP/1.1" 200 3969
190.171.141.90 - - [23/Apr/2024:15:00:31 -0300] "GET /cormun/servlet/trlicencias? HTTP/1.1" 200 15448
190.208.14.4 - - [23/Apr/2024:15:00:40 -0300] "GET /cormun/servlet/hlogin HTTP/1.1" 200 1720
190.208.14.4 - - [23/Apr/2024:15:00:41 -0300] "GET /cormun/static/gxtimezone.js?85251 HTTP/1.1" 200 5781
190.208.14.4 - - [23/Apr/2024:15:00:41 -0300] "GET /cormun/static/gxcfg.js?2022112219184450 HTTP/1.1" 200 953
190.208.14.4 - - [23/Apr/2024:15:00:41 -0300] "GET /cormun/static/Resources/Spanish/PXTools.css?1759030 HTTP/1.1" 200 100853
190.208.14.4 - - [23/Apr/2024:15:00:41 -0300] "GET /cormun/static/gxgral.js?85251 HTTP/1.1" 200 384558
190.208.14.4 - - [23/Apr/2024:15:00:42 -0300] "GET /cormun/static/messages.spa.js?85251 HTTP/1.1" 200 30736
190.208.14.4 - - [23/Apr/2024:15:00:43 -0300] "GET /cormun/static/Resources/CormunLogin.png HTTP/1.1" 200 19132
190.208.14.4 - - [23/Apr/2024:15:00:45 -0300] "GET /cormun/static/hlogin.js?2022112219184458 HTTP/1.1" 200 2156
190.208.14.4 - - [23/Apr/2024:15:00:45 -0300] "GET /cormun/static/Resources/PXToolsLoginBottom.png HTTP/1.1" 200 1389
190.208.14.4 - - [23/Apr/2024:15:00:45 -0300] "GET /cormun/static/Resources/PXToolsButtonBackground.png HTTP/1.1" 200 1176
190.208.14.4 - - [23/Apr/2024:15:00:45 -0300] "GET /cormun/static/Resources/PXToolsButtonRight.png HTTP/1.1" 200 1294
190.208.14.4 - - [23/Apr/2024:15:00:46 -0300] "GET /cormun/static/Resources/PXToolsButtonLeft.png HTTP/1.1" 200 1310
190.208.14.4 - - [23/Apr/2024:15:00:46 -0300] "GET /cormun/static/Resources/PXToolsLoginBackground.png HTTP/1.1" 200 1164
190.208.14.4 - - [23/Apr/2024:15:00:46 -0300] "GET /cormun/static/Resources/indicator.gif HTTP/1.1" 200 1553
190.208.14.4 - - [23/Apr/2024:15:00:46 -0300] "GET /cormun/servlet/hlogin HTTP/1.1" 200 1729
190.208.14.4 - - [23/Apr/2024:15:00:47 -0300] "GET /cormun/static/Resources/PXToolsLoginTop.png HTTP/1.1" 200 1337
190.208.14.4 - - [23/Apr/2024:15:00:48 -0300] "GET /cormun/static/Resources/PXToolsLoginTop.png HTTP/1.1" 200 1337
190.171.152.234 - - [23/Apr/2024:15:03:02 -0300] "GET /cormun/servlet/trsolicitudot? HTTP/1.1" 200 9211
190.171.152.234 - - [23/Apr/2024:15:03:12 -0300] "POST /cormun/servlet/trsolicitudot?2d04ea23b73337092537319e652033ae,,gx-no-cache=1713891552595 HTTP/1.1" 200 10627
190.171.152.234 - - [23/Apr/2024:15:03:35 -0300] "POST /cormun/servlet/trsolicitudot?2d04ea23b73337092537319e652033ae,,gx-no-cache=1713891575612 HTTP/1.1" 200 10603
190.171.152.234 - - [23/Apr/2024:15:05:06 -0300] "GET /cormun/servlet/trsolicitudot? HTTP/1.1" 200 13455
190.171.152.234 - - [23/Apr/2024:15:05:13 -0300] "GET /cormun/servlet/solicitudot?INS,0,0,false, HTTP/1.1" 200 16260
190.171.152.234 - - [23/Apr/2024:15:05:13 -0300] "GET /cormun/static/gxcfg.js?20221129840861 HTTP/1.1" 200 953
190.171.152.234 - - [23/Apr/2024:15:05:13 -0300] "GET /cormun/static/Resources/prompt.gif HTTP/1.1" 200 902
190.171.152.234 - - [23/Apr/2024:15:05:13 -0300] "GET /cormun/static/solicitudot.js?20221129840983 HTTP/1.1" 200 74072
190.171.152.234 - - [23/Apr/2024:15:05:27 -0300] "POST /cormun/servlet/solicitudot?gx-no-cache=1713891687793 HTTP/1.1" 200 4022
190.171.152.234 - - [23/Apr/2024:15:05:27 -0300] "POST /cormun/servlet/solicitudot?2d04ea23b73337092537319e652033ae,INS,0,0,false,,gx-no-cache=1713891687913 HTTP/1.1" 200 12877
190.171.152.234 - - [23/Apr/2024:15:05:31 -0300] "GET /cormun/servlet/solicitudot?0add3baf5fe4b5406b9004bb1cfacdbbaec5a36c615c9ab2eb10ebc2fabcc789c7425326e754b005f99dafb8655ce754,gx-no-cache=1713891691914 HTTP/1.1" 200 30
185.180.143.138 - - [23/Apr/2024:15:05:57 -0300] "GET / HTTP/1.1" 200 11217
185.180.143.138 - - [23/Apr/2024:15:06:04 -0300] "GET /ext-js/app/common/zld_product_spec.js HTTP/1.1" 404 1035
190.171.152.234 - - [23/Apr/2024:15:06:16 -0300] "GET /cormun/servlet/trlicencias? HTTP/1.1" 200 9938
190.171.152.234 - - [23/Apr/2024:15:06:16 -0300] "GET /cormun/static/gxcfg.js?202211298463625 HTTP/1.1" 200 953
190.171.152.234 - - [23/Apr/2024:15:06:16 -0300] "GET /cormun/static/trlicencias.js?202211298463889 HTTP/1.1" 200 41883
190.171.152.234 - - [23/Apr/2024:15:06:16 -0300] "GET /cormun//static/Resources/PXToolsActionDisabled.gif HTTP/1.1" 200 53
190.171.152.234 - - [23/Apr/2024:15:06:16 -0300] "GET /cormun//static/Resources/PXToolsGridDisplay.png HTTP/1.1" 200 525
190.171.152.234 - - [23/Apr/2024:15:06:16 -0300] "GET /cormun//static/Resources/PXToolsActionPrint.png HTTP/1.1" 200 404
190.171.152.234 - - [23/Apr/2024:15:06:16 -0300] "GET /cormun//static/Resources/PXToolsHeaderHelp.png HTTP/1.1" 200 1333
190.171.152.234 - - [23/Apr/2024:15:06:16 -0300] "GET /cormun//static/Resources/PXToolsHeaderFavorites.png HTTP/1.1" 200 1414
190.171.152.234 - - [23/Apr/2024:15:06:24 -0300] "GET /cormun/servlet/trsolicitudot? HTTP/1.1" 200 13455
190.171.152.234 - - [23/Apr/2024:15:06:28 -0300] "GET /cormun/servlet/solicitudot?INS,0,0,false, HTTP/1.1" 200 16261
190.171.152.234 - - [23/Apr/2024:15:06:38 -0300] "POST /cormun/servlet/solicitudot?gx-no-cache=1713891758869 HTTP/1.1" 200 4022
190.171.152.234 - - [23/Apr/2024:15:06:38 -0300] "POST /cormun/servlet/solicitudot?2d04ea23b73337092537319e652033ae,INS,0,0,false,,gx-no-cache=1713891758995 HTTP/1.1" 200 12875
190.171.152.234 - - [23/Apr/2024:15:06:41 -0300] "GET /cormun/servlet/solicitudot?0add3baf5fe4b5406b9004bb1cfacdbbaec5a36c615c9ab2eb10ebc2fabcc789c7425326e754b005f99dafb8655ce754,gx-no-cache=1713891761463 HTTP/1.1" 200 30
190.171.141.90 - - [23/Apr/2024:15:08:10 -0300] "POST /cormun/servlet/trlicencias?698bec3c2bd522a2294c03eaa72030aa,,gx-no-cache=1713895467517 HTTP/1.1" 200 13435
190.171.152.234 - - [23/Apr/2024:15:08:40 -0300] "GET /cormun/static/Resources/PXTools/ClosePrompt.png HTTP/1.1" 200 1036
190.171.152.234 - - [23/Apr/2024:15:08:40 -0300] "GET /cormun/static/Resources/resize.gif HTTP/1.1" 200 77
