190.95.121.199 - - [23/Apr/2024:16:53:11 -0300] "GET /cormun/static/Shared/jqueryui/images/ui-bg_flat_55_994d53_40x100.png HTTP/1.1" 404 1097
190.95.121.199 - - [23/Apr/2024:16:53:11 -0300] "GET /cormun/servlet/solicitudot?0d38625a60c831705e61fac82203e83d1ed65454f10da129670be92b39e649f1,gx-no-cache=1713901766965 HTTP/1.1" 200 111
190.95.121.199 - - [23/Apr/2024:16:53:11 -0300] "GET /cormun/static/Shared/jqueryui/images/ui-icons_ebccce_256x240.png HTTP/1.1" 404 1089
190.171.154.42 - - [23/Apr/2024:16:53:21 -0300] "GET /cormun/servlet/vesolicitudot?2022,18868,, HTTP/1.1" 200 8635
190.171.154.42 - - [23/Apr/2024:16:53:21 -0300] "GET /cormun/static/gxcfg.js?202211298465857 HTTP/1.1" 200 953
190.171.154.42 - - [23/Apr/2024:16:53:21 -0300] "GET /cormun/pexe_scrolldiv.js HTTP/1.1" 404 1009
190.171.154.42 - - [23/Apr/2024:16:53:21 -0300] "GET /cormun/static/Resources/PXToolsTabFirstSelected.png HTTP/1.1" 200 1270
190.171.154.42 - - [23/Apr/2024:16:53:21 -0300] "GET /cormun/static/hwcviewtabs.js?201991422154026 HTTP/1.1" 200 1074
190.171.154.42 - - [23/Apr/2024:16:53:21 -0300] "GET /cormun/static/vesolicitudot.js?202211298465886 HTTP/1.1" 200 6091
190.171.154.42 - - [23/Apr/2024:16:53:21 -0300] "GET /cormun/static/hpexe_tabsview.js?2020121447381 HTTP/1.1" 200 1661
190.171.154.42 - - [23/Apr/2024:16:53:21 -0300] "GET /cormun/static/tbsolicitudot01.js?20201214462316 HTTP/1.1" 200 30566
190.171.154.42 - - [23/Apr/2024:16:53:21 -0300] "GET /cormun/static/Resources/PXToolsTabLastUnselected.png HTTP/1.1" 200 1297
190.171.154.42 - - [23/Apr/2024:16:53:21 -0300] "GET /cormun/static/Resources/PXToolsTabPrevious.gif HTTP/1.1" 200 172
190.171.154.42 - - [23/Apr/2024:16:53:21 -0300] "GET /cormun/static/Resources/PXToolsTabNext.gif HTTP/1.1" 200 168
190.171.154.42 - - [23/Apr/2024:16:53:21 -0300] "GET /cormun/static/calendar-system.css HTTP/1.1" 200 5572
190.171.154.42 - - [23/Apr/2024:16:53:21 -0300] "GET /cormun/static/Resources/PXToolsTabBackSelected.png HTTP/1.1" 200 1157
190.171.154.42 - - [23/Apr/2024:16:53:21 -0300] "GET /cormun/static/Resources/PXToolsTabBackUnselected.png HTTP/1.1" 200 1175
190.171.154.42 - - [23/Apr/2024:16:53:21 -0300] "GET /cormun/static/Resources/PXToolsTabSelectedUnselected.png HTTP/1.1" 200 1451
190.171.154.42 - - [23/Apr/2024:16:53:21 -0300] "GET /cormun/static/Resources/PXToolsTabUnselectedUnselected.png HTTP/1.1" 200 1470
190.171.141.114 - - [23/Apr/2024:16:53:23 -0300] "GET /cormun/servlet/permisogoce?6d78f0d21b88e80321ba12c7df8348748eff39692f7aadcbc618f57848c1208a69de9510021bc1c8b2d0d47f1c41426e42ffc5e14f5e7bb4cb5b6ae3900f9018,gx-no-cache=1713901780529 HTTP/1.1" 200 84
190.171.141.114 - - [23/Apr/2024:16:53:36 -0300] "GET /cormun/servlet/permisogoce?6d78f0d21b88e80321ba12c7df83487423b186803a1e90ce291509b58279453f15c609091bfbca3c833f0a6f5345c1bcdf07ab4b1f47cc1ebb7ce7bbf4f04d44,gx-no-cache=1713901793031 HTTP/1.1" 200 47
190.171.141.114 - - [23/Apr/2024:16:53:40 -0300] "POST /cormun/servlet/permisogoce?d0c143eb600a482201f23491b3664ce0,INS,0,,,,gx-no-cache=1713901796698 HTTP/1.1" 200 93
190.171.141.114 - - [23/Apr/2024:16:53:40 -0300] "GET /cormun/servlet/hpexe_return? HTTP/1.1" 200 1011
190.171.141.114 - - [23/Apr/2024:16:53:40 -0300] "GET /cormun/servlet/trpermisosgoce HTTP/1.1" 200 11029
190.95.121.199 - - [23/Apr/2024:16:53:58 -0300] "POST /cormun/servlet/solicitudot?gx-no-cache=1713901814359 HTTP/1.1" 200 4022
190.171.143.106 - - [23/Apr/2024:16:54:04 -0300] "GET /cormun/Licencias-95.xls HTTP/1.1" 304 -
190.95.121.199 - - [23/Apr/2024:16:54:05 -0300] "POST /cormun/servlet/solicitudot?02781ba22973afef7de6c5c458736d58,INS,0,0,false,,gx-no-cache=1713901820958 HTTP/1.1" 200 12607
190.171.141.82 - - [23/Apr/2024:16:54:07 -0300] "GET /cormun/servlet/hlogin HTTP/1.1" 200 1723
190.171.141.82 - - [23/Apr/2024:16:54:11 -0300] "POST /cormun/servlet/hlogin?9a68da11be28e65e778b9d825684eea4,gx-no-cache=1713901827163 HTTP/1.1" 200 90
190.171.141.82 - - [23/Apr/2024:16:54:11 -0300] "GET /cormun/servlet/hpexe_link HTTP/1.1" 200 952
190.171.141.82 - - [23/Apr/2024:16:54:11 -0300] "GET /cormun/servlet/hhome HTTP/1.1" 200 4321
190.95.121.199 - - [23/Apr/2024:16:54:13 -0300] "GET /cormun/servlet/solicitudot?0d38625a60c831705e61fac82203e83db2f96f1ec161f802bc9c88f102a47aa12b773d827fb95c2eb68a9bb80288b3ec,gx-no-cache=1713901829360 HTTP/1.1" 200 111
190.171.141.82 - - [23/Apr/2024:16:54:15 -0300] "GET /cormun/servlet/trpermisosgoce? HTTP/1.1" 200 12193
190.171.141.82 - - [23/Apr/2024:16:54:18 -0300] "GET /cormun/servlet/permisogoce?INS,0,,, HTTP/1.1" 200 7211
190.171.141.82 - - [23/Apr/2024:16:54:21 -0300] "GET /cormun/servlet/prfichaempleado?,MD,,gxPopupLevel%3D0%3B HTTP/1.1" 200 9353
190.171.141.82 - - [23/Apr/2024:16:54:26 -0300] "POST /cormun/servlet/prfichaempleado?9a68da11be28e65e778b9d825684eea4,,MD,,gxPopupLevel%3D0%3B,gx-no-cache=1713901842708 HTTP/1.1" 200 3736
190.171.153.26 - - [23/Apr/2024:16:54:35 -0300] "POST /cormun/servlet/trlicencias?1a0542247d67cb4b1b08e7beda06f723,gx-no-cache=1713901853838 HTTP/1.1" 440 972
190.171.141.114 - - [23/Apr/2024:16:54:35 -0300] "GET /cormun/servlet/apermisogoceprn?15105259,P,20240423154849,PU HTTP/1.1" 200 1662
190.171.153.26 - - [23/Apr/2024:16:54:36 -0300] "GET /cormun/servlet/trlicencias HTTP/1.1" 200 6043
190.171.153.26 - - [23/Apr/2024:16:54:37 -0300] "GET /cormun/servlet/hlogin HTTP/1.1" 200 1734
190.171.153.26 - - [23/Apr/2024:16:54:37 -0300] "GET /cormun/servlet/trlicencias HTTP/1.1" 200 6043
190.171.141.82 - - [23/Apr/2024:16:54:41 -0300] "GET /cormun/servlet/permisogoce?7358645d5e39be95743fcb5f2414fd2cfdfbc95b6d2867836d4cfb02e83ba8ec3c28283c7a06594bb3726fa40a2501f2dffd92e3daaa7cc8ac7dc6da1bef4170,gx-no-cache=1713901857288 HTTP/1.1" 200 87
190.171.141.82 - - [23/Apr/2024:16:54:42 -0300] "GET /cormun/static/menuarrow.gif HTTP/1.1" 404 1015
190.171.141.82 - - [23/Apr/2024:16:54:47 -0300] "GET /cormun/servlet/permisogoce?7358645d5e39be95743fcb5f2414fd2c647af8bafc9ad3410e228157452e8b1cab3be22130b33e5759b61e19d2d4ec64fdabfd9ed17e096a6ae7de8127556a56,gx-no-cache=1713901863504 HTTP/1.1" 200 47
190.171.143.82 - - [23/Apr/2024:16:54:57 -0300] "GET /cormun/servlet/licenciaspermisos?INS,0,,, HTTP/1.1" 200 6777
190.171.143.82 - - [23/Apr/2024:16:54:58 -0300] "GET /cormun/static/gxcfg.js?202012153173 HTTP/1.1" 200 953
190.171.143.82 - - [23/Apr/2024:16:54:58 -0300] "GET /cormun/static/licenciaspermisos.js?2020121532136 HTTP/1.1" 200 38753
190.171.143.82 - - [23/Apr/2024:16:54:59 -0300] "GET /cormun/servlet/hlogin HTTP/1.1" 200 1742
190.95.121.199 - - [23/Apr/2024:16:55:11 -0300] "GET /cormun/servlet/hlogin HTTP/1.1" 200 1721
190.171.152.234 - - [23/Apr/2024:16:55:11 -0300] "GET /cormun/servlet/hlogin HTTP/1.1" 200 1726
190.171.143.82 - - [23/Apr/2024:16:55:11 -0300] "POST /cormun/servlet/hlogin?70b1ad6cc58b36d30ebd15a26a1968a6,gx-no-cache=1713901887555 HTTP/1.1" 200 90
190.171.143.82 - - [23/Apr/2024:16:55:11 -0300] "GET /cormun/servlet/hpexe_link HTTP/1.1" 200 961
190.171.143.82 - - [23/Apr/2024:16:55:12 -0300] "GET /cormun/servlet/licenciaspermisos?INS,0,,, HTTP/1.1" 200 7697
190.95.121.199 - - [23/Apr/2024:16:55:14 -0300] "POST /cormun/servlet/hlogin?02781ba22973afef7de6c5c458736d58,gx-no-cache=1713901890596 HTTP/1.1" 200 90
190.95.121.199 - - [23/Apr/2024:16:55:14 -0300] "GET /cormun/servlet/hpexe_link HTTP/1.1" 200 967
190.171.142.26 - - [23/Apr/2024:16:55:14 -0300] "POST /cormun/servlet/trlicencias?1205c43d4ab0dc4b2ae71d6b95943357,,gx-no-cache=1713901890160 HTTP/1.1" 440 972
190.95.121.199 - - [23/Apr/2024:16:55:15 -0300] "GET /cormun/servlet/solicitudot?INS,0,0,false, HTTP/1.1" 200 15919
190.171.142.26 - - [23/Apr/2024:16:55:16 -0300] "GET /cormun/servlet/trlicencias? HTTP/1.1" 200 6053
190.171.142.26 - - [23/Apr/2024:16:55:17 -0300] "GET /cormun/servlet/hlogin HTTP/1.1" 200 1742
190.171.142.26 - - [23/Apr/2024:16:55:20 -0300] "POST /cormun/servlet/hlogin?1e0498cc55bb786310c0f2d93350f592,gx-no-cache=1713901895538 HTTP/1.1" 200 90
190.171.142.26 - - [23/Apr/2024:16:55:20 -0300] "GET /cormun/servlet/hpexe_link HTTP/1.1" 200 959
190.171.142.26 - - [23/Apr/2024:16:55:20 -0300] "GET /cormun/servlet/trlicencias HTTP/1.1" 200 13167
190.171.143.82 - - [23/Apr/2024:16:55:24 -0300] "GET /cormun/servlet/licenciaspermisos?07cc9ab4ccd4a3a25650d6f2866aad23497e457567e9d02a8e711cfed309ae1abd2433e497a5bb35e96f587c9b75d7e84438f4042bd5327905f298d1ce967173,gx-no-cache=1713901900441 HTTP/1.1" 200 91
190.171.143.82 - - [23/Apr/2024:16:55:24 -0300] "POST /cormun/servlet/licenciaspermisos?70b1ad6cc58b36d30ebd15a26a1968a6,INS,0,,,,gx-no-cache=1713901900494 HTTP/1.1" 200 4851
190.171.152.234 - - [23/Apr/2024:16:55:29 -0300] "POST /cormun/servlet/hlogin?b4ff18e462a07c9c333f67db3b417de9,gx-no-cache=1713898289958 HTTP/1.1" 200 90
190.171.152.234 - - [23/Apr/2024:16:55:29 -0300] "GET /cormun/servlet/hpexe_link HTTP/1.1" 200 957
190.171.152.234 - - [23/Apr/2024:16:55:30 -0300] "GET /cormun/servlet/hhome HTTP/1.1" 200 4284
190.171.141.82 - - [23/Apr/2024:16:55:30 -0300] "POST /cormun/servlet/permisogoce?9a68da11be28e65e778b9d825684eea4,INS,0,,,,gx-no-cache=1713901905629 HTTP/1.1" 200 93
190.171.141.82 - - [23/Apr/2024:16:55:30 -0300] "GET /cormun/servlet/hpexe_return? HTTP/1.1" 200 1010
190.171.141.82 - - [23/Apr/2024:16:55:30 -0300] "GET /cormun/servlet/trpermisosgoce HTTP/1.1" 200 12446
190.171.152.234 - - [23/Apr/2024:16:55:33 -0300] "GET /cormun/servlet/trsolicitudot? HTTP/1.1" 200 7500
190.171.141.82 - - [23/Apr/2024:16:55:34 -0300] "GET /cormun/servlet/apermisogoceprn?18379144,P,20240423155032,PU HTTP/1.1" 200 1653
190.171.143.82 - - [23/Apr/2024:16:55:35 -0300] "GET /cormun/servlet/trpermisosgoce? HTTP/1.1" 200 13128
190.95.121.199 - - [23/Apr/2024:16:55:39 -0300] "POST /cormun/servlet/solicitudot?gx-no-cache=1713901914945 HTTP/1.1" 200 4105
190.95.121.199 - - [23/Apr/2024:16:55:39 -0300] "GET /cormun/static/Shared/jqueryui/images/ui-bg_highlight-soft_100_c6c2c8_1x100.png HTTP/1.1" 404 1117
190.95.121.199 - - [23/Apr/2024:16:55:39 -0300] "GET /cormun/static/Shared/jqueryui/images/ui-icons_82798d_256x240.png HTTP/1.1" 404 1089
190.95.121.199 - - [23/Apr/2024:16:55:39 -0300] "GET /cormun/static/Shared/jqueryui/images/ui-bg_flat_55_994d53_40x100.png HTTP/1.1" 404 1097
190.95.121.199 - - [23/Apr/2024:16:55:39 -0300] "GET /cormun/static/Shared/jqueryui/images/ui-icons_ebccce_256x240.png HTTP/1.1" 404 1089
190.171.143.82 - - [23/Apr/2024:16:55:39 -0300] "GET /cormun/servlet/permisogoce?INS,0,,, HTTP/1.1" 200 7133
190.171.143.82 - - [23/Apr/2024:16:55:48 -0300] "GET /cormun/servlet/permisogoce?07cc9ab4ccd4a3a25650d6f2866aad23497e457567e9d02a8e711cfed309ae1a07e9f35b6994968401fb20973656039afa01585cf3d311c94eacb493307ceee8,gx-no-cache=1713901924379 HTTP/1.1" 200 89
190.171.143.82 - - [23/Apr/2024:16:56:00 -0300] "GET /cormun/servlet/permisogoce?07cc9ab4ccd4a3a25650d6f2866aad23a513a69f91d84cec9a0e37af6d692e6694773158c3ee7e117fed37db9853478dccd5afafdaa6b24b7c2a0ce3f484281f,gx-no-cache=1713901936525 HTTP/1.1" 200 47
190.171.143.82 - - [23/Apr/2024:16:56:02 -0300] "POST /cormun/servlet/permisogoce?70b1ad6cc58b36d30ebd15a26a1968a6,INS,0,,,,gx-no-cache=1713901938053 HTTP/1.1" 200 93
190.171.143.82 - - [23/Apr/2024:16:56:02 -0300] "GET /cormun/servlet/hpexe_return? HTTP/1.1" 200 1004
190.171.143.82 - - [23/Apr/2024:16:56:03 -0300] "GET /cormun/servlet/trpermisosgoce HTTP/1.1" 200 13419
190.95.121.199 - - [23/Apr/2024:16:56:03 -0300] "GET /cormun/servlet/prfichaempleado?,MD,,gxPopupLevel%3D0%3B HTTP/1.1" 200 9200
190.95.121.199 - - [23/Apr/2024:16:56:03 -0300] "GET /cormun/static/Resources/resize.gif HTTP/1.1" 200 77
190.95.121.199 - - [23/Apr/2024:16:56:03 -0300] "GET /cormun/static/Resources/PXTools/ClosePrompt.png HTTP/1.1" 200 1036
190.95.121.199 - - [23/Apr/2024:16:56:03 -0300] "GET /cormun/static/gxcfg.js?20201215571085 HTTP/1.1" 200 953
190.95.121.199 - - [23/Apr/2024:16:56:03 -0300] "GET /cormun/static/Resources/PXToolsMenuSearch.png HTTP/1.1" 200 336
190.95.121.199 - - [23/Apr/2024:16:56:03 -0300] "GET /cormun/static/prfichaempleado.js?20201215572193 HTTP/1.1" 200 16005
190.95.121.199 - - [23/Apr/2024:16:56:03 -0300] "GET /cormun/static/menusearch.js?20201214473581 HTTP/1.1" 200 1424
190.95.121.199 - - [23/Apr/2024:16:56:04 -0300] "GET /cormun/static/hmpwkw011.js?202211298443482 HTTP/1.1" 200 1968
190.95.121.199 - - [23/Apr/2024:16:56:04 -0300] "GET /cormun/static/Resources/PXToolsMenuSearchCancel.png HTTP/1.1" 200 306
190.95.121.199 - - [23/Apr/2024:16:56:27 -0300] "POST /cormun/servlet/solicitudot?gx-no-cache=1713901963422 HTTP/1.1" 200 4105
190.95.121.199 - - [23/Apr/2024:16:56:27 -0300] "GET /cormun/servlet/solicitudot?0d38625a60c831705e61fac82203e83d72d8af1be0d841f4e210bf1782789708b79f91f1e077c1c352431cd63c57415f,gx-no-cache=1713901963821 HTTP/1.1" 200 111
190.171.143.82 - - [23/Apr/2024:16:56:30 -0300] "GET /cormun/servlet/apermisogoceprn?8062613,P,20240423155153,PU HTTP/1.1" 200 1661
190.95.121.199 - - [23/Apr/2024:16:56:36 -0300] "GET /cormun/servlet/solicitudot?0d38625a60c831705e61fac82203e83d9e33434a6beb9a244c26b8bf8d24f5fc2b773d827fb95c2eb68a9bb80288b3ec,gx-no-cache=1713901972534 HTTP/1.1" 200 30
190.171.141.114 - - [23/Apr/2024:16:57:00 -0300] "GET /cormun/servlet/hhome HTTP/1.1" 200 3996
190.171.141.114 - - [23/Apr/2024:16:57:06 -0300] "GET /cormun/servlet/trpermisosgoce? HTTP/1.1" 200 11042
190.171.141.114 - - [23/Apr/2024:16:57:10 -0300] "GET /cormun/servlet/permisogoce?UPD,15105259,P,20240423154849, HTTP/1.1" 200 6940
190.171.141.114 - - [23/Apr/2024:16:57:11 -0300] "GET /cormun/servlet/permisogoce?6d78f0d21b88e80321ba12c7df8348748eff39692f7aadcbc618f57848c1208a5fc0dee649add958b0cb0f434199a3ccf8db50efcc79f1b0f7cf5beac170f274e10c60911d0b4849e966fd4dbd93fa1a,gx-no-cache=1713902008358 HTTP/1.1" 200 86
190.171.141.114 - - [23/Apr/2024:16:57:14 -0300] "GET /cormun/servlet/permisogoce?6d78f0d21b88e80321ba12c7df83487423b186803a1e90ce291509b58279453fabae1dcd69e6dcf54fe743e412f4640d6917658ae97d56ff5b60ab86a190c253,gx-no-cache=1713902011233 HTTP/1.1" 200 48
190.171.141.114 - - [23/Apr/2024:16:57:14 -0300] "GET /cormun/static/menuarrow.gif HTTP/1.1" 404 1015
190.171.141.114 - - [23/Apr/2024:16:57:19 -0300] "POST /cormun/servlet/permisogoce?d0c143eb600a482201f23491b3664ce0,UPD,15105259,P,20240423154849,,gx-no-cache=1713902016274 HTTP/1.1" 200 93
190.171.141.114 - - [23/Apr/2024:16:57:19 -0300] "GET /cormun/servlet/hpexe_return? HTTP/1.1" 200 1031
190.171.141.114 - - [23/Apr/2024:16:57:20 -0300] "GET /cormun/servlet/trpermisosgoce HTTP/1.1" 200 11045
190.171.141.114 - - [23/Apr/2024:16:57:27 -0300] "POST /cormun/servlet/trpermisosgoce?d0c143eb600a482201f23491b3664ce0,gx-no-cache=1713902023920 HTTP/1.1" 200 8021
190.171.141.114 - - [23/Apr/2024:16:57:27 -0300] "POST /cormun/servlet/trpermisosgoce?d0c143eb600a482201f23491b3664ce0,gx-no-cache=1713902024274 HTTP/1.1" 200 8000
190.171.141.114 - - [23/Apr/2024:16:57:39 -0300] "GET /cormun/servlet/permisogoce?INS,0,,, HTTP/1.1" 200 6873
190.171.141.114 - - [23/Apr/2024:16:57:43 -0300] "GET /cormun/servlet/prfichaempleado?,MD,,gxPopupLevel%3D0%3B HTTP/1.1" 200 9311
190.171.152.234 - - [23/Apr/2024:16:57:47 -0300] "GET /cormun/servlet/solicitudot?INS,0,0,false, HTTP/1.1" 200 16273
190.171.141.114 - - [23/Apr/2024:16:57:53 -0300] "POST /cormun/servlet/prfichaempleado?d0c143eb600a482201f23491b3664ce0,,MD,,gxPopupLevel%3D0%3B,gx-no-cache=1713902050603 HTTP/1.1" 200 3409
190.171.152.234 - - [23/Apr/2024:16:58:02 -0300] "POST /cormun/servlet/solicitudot?gx-no-cache=1713898442567 HTTP/1.1" 200 4134
190.171.152.234 - - [23/Apr/2024:16:58:02 -0300] "POST /cormun/servlet/solicitudot?b4ff18e462a07c9c333f67db3b417de9,INS,0,0,false,,gx-no-cache=1713898442701 HTTP/1.1" 200 13006
190.171.142.42 - - [23/Apr/2024:16:58:39 -0300] "POST /cormun/servlet/hlogin?5e0971b591ac0f120addbc493acb192c,gx-no-cache=1713902090504 HTTP/1.1" 440 972
190.171.142.42 - - [23/Apr/2024:16:58:42 -0300] "GET /cormun/servlet/hlogin HTTP/1.1" 200 1730
190.171.142.42 - - [23/Apr/2024:16:58:58 -0300] "POST /cormun/servlet/hlogin?242b9e18e801552acac2842d0ae2609d,gx-no-cache=1713902112523 HTTP/1.1" 200 90
190.171.142.42 - - [23/Apr/2024:16:58:58 -0300] "GET /cormun/servlet/hpexe_link HTTP/1.1" 200 951
190.171.142.42 - - [23/Apr/2024:16:58:58 -0300] "GET /cormun/servlet/hhome HTTP/1.1" 200 3881
181.212.47.137 - - [23/Apr/2024:17:00:34 -0300] "POST /cormun/servlet/trsolicitudgral?70090d4cc34ce18d7f8304780beb5e3b,,gx-no-cache=1713902209381 HTTP/1.1" 200 6651
181.212.47.137 - - [23/Apr/2024:17:00:36 -0300] "GET /cormun/servlet/vesolicitudgral?2024,21310,, HTTP/1.1" 200 8355
181.212.47.137 - - [23/Apr/2024:17:00:37 -0300] "GET /cormun/pexe_scrolldiv.js HTTP/1.1" 404 1009
190.171.142.42 - - [23/Apr/2024:17:02:18 -0300] "GET /cormun/servlet/trsolicitudot? HTTP/1.1" 200 7086
190.171.142.42 - - [23/Apr/2024:17:02:30 -0300] "POST /cormun/servlet/trsolicitudot?242b9e18e801552acac2842d0ae2609d,,gx-no-cache=1713902324024 HTTP/1.1" 200 8570
181.212.47.137 - - [23/Apr/2024:17:02:51 -0300] "GET /cormun/servlet/trsolicitudgral? HTTP/1.1" 200 9721
181.212.47.137 - - [23/Apr/2024:17:02:58 -0300] "POST /cormun/servlet/trsolicitudgral?70090d4cc34ce18d7f8304780beb5e3b,,gx-no-cache=1713902352563 HTTP/1.1" 200 10363
190.171.142.42 - - [23/Apr/2024:17:03:47 -0300] "POST /cormun/servlet/trsolicitudot?242b9e18e801552acac2842d0ae2609d,,gx-no-cache=1713902400211 HTTP/1.1" 200 8571
190.171.142.42 - - [23/Apr/2024:17:04:02 -0300] "POST /cormun/servlet/trsolicitudot?242b9e18e801552acac2842d0ae2609d,,gx-no-cache=1713902416110 HTTP/1.1" 200 8549
190.171.142.42 - - [23/Apr/2024:17:04:06 -0300] "POST /cormun/servlet/trsolicitudot?242b9e18e801552acac2842d0ae2609d,,gx-no-cache=1713902420571 HTTP/1.1" 200 8549
181.212.47.137 - - [23/Apr/2024:17:04:16 -0300] "GET /cormun/servlet/vesolicitudgral?2024,21308,, HTTP/1.1" 200 8410
181.212.47.137 - - [23/Apr/2024:17:04:16 -0300] "GET /cormun/pexe_scrolldiv.js HTTP/1.1" 404 1009
181.212.47.137 - - [23/Apr/2024:17:05:00 -0300] "GET /cormun/servlet/vesolicitudgral?2024,21308,,SolicitudOTAdjuntos HTTP/1.1" 200 11116
181.212.47.137 - - [23/Apr/2024:17:05:00 -0300] "GET /cormun/pexe_scrolldiv.js HTTP/1.1" 404 1009
181.212.47.137 - - [23/Apr/2024:17:05:02 -0300] "POST /cormun/servlet/acontrolpreferencessavestate?None,RRHH+DANIELA,true HTTP/1.1" 200 35
181.212.47.137 - - [23/Apr/2024:17:05:02 -0300] "GET /cormun/PublicTempStorage/afp4355901.pdf HTTP/1.1" 200 25643
181.212.47.137 - - [23/Apr/2024:17:05:18 -0300] "GET /cormun/servlet/vesolicitudgral?2024,21308,,SolicitudOTAdjuntos HTTP/1.1" 200 11114
181.212.47.137 - - [23/Apr/2024:17:05:19 -0300] "POST /cormun/servlet/acontrolpreferencessavestate?None,RRHH+DANIELA,true HTTP/1.1" 200 35
181.212.47.137 - - [23/Apr/2024:17:05:20 -0300] "GET /cormun/PublicTempStorage/afp1313583.pdf HTTP/1.1" 200 25643
181.212.47.137 - - [23/Apr/2024:17:05:22 -0300] "GET /cormun/servlet/vesolicitudgral?2024,21308,,SolicitudOTAdjuntos HTTP/1.1" 200 11117
181.212.47.137 - - [23/Apr/2024:17:05:23 -0300] "POST /cormun/servlet/acontrolpreferencessavestate?None,RRHH+DANIELA,true HTTP/1.1" 200 35
181.212.47.137 - - [23/Apr/2024:17:05:24 -0300] "GET /cormun/PublicTempStorage/certificado_de_afiliacion_a_fonasa_%28jose_guerrero%294075797.pdf HTTP/1.1" 200 71820
181.212.47.137 - - [23/Apr/2024:17:05:31 -0300] "GET /cormun/servlet/vesolicitudgral?2024,21308,,SolicitudOTAdjuntos HTTP/1.1" 200 11117
181.212.47.137 - - [23/Apr/2024:17:05:32 -0300] "POST /cormun/servlet/acontrolpreferencessavestate?None,RRHH+DANIELA,true HTTP/1.1" 200 35
181.212.47.137 - - [23/Apr/2024:17:05:33 -0300] "GET /cormun/PublicTempStorage/curriculum-123737280.pdf HTTP/1.1" 200 516768
190.171.142.42 - - [23/Apr/2024:17:05:57 -0300] "POST /cormun/servlet/trsolicitudot?242b9e18e801552acac2842d0ae2609d,,gx-no-cache=1713902531232 HTTP/1.1" 200 102
190.171.142.42 - - [23/Apr/2024:17:05:57 -0300] "POST /cormun/servlet/trsolicitudot?242b9e18e801552acac2842d0ae2609d,,gx-no-cache=1713902531370 HTTP/1.1" 200 8549
190.171.142.42 - - [23/Apr/2024:17:05:57 -0300] "GET /cormun/SolicitudOT-878.xls HTTP/1.1" 200 8192
190.171.142.42 - - [23/Apr/2024:17:06:29 -0300] "POST /cormun/servlet/trsolicitudot?242b9e18e801552acac2842d0ae2609d,,gx-no-cache=1713902563189 HTTP/1.1" 200 4344
190.171.142.42 - - [23/Apr/2024:17:06:35 -0300] "POST /cormun/servlet/trsolicitudot?242b9e18e801552acac2842d0ae2609d,,gx-no-cache=1713902569967 HTTP/1.1" 200 8572
190.171.142.42 - - [23/Apr/2024:17:07:01 -0300] "GET /cormun/servlet/trsolicitudot? HTTP/1.1" 200 11310
190.171.149.74 - - [23/Apr/2024:17:07:05 -0300] "GET /cormun/servlet/trpermisosgoce? HTTP/1.1" 200 6029
190.171.149.74 - - [23/Apr/2024:17:07:05 -0300] "GET /cormun/servlet/hlogin HTTP/1.1" 200 1740
190.171.149.74 - - [23/Apr/2024:17:07:12 -0300] "POST /cormun/servlet/hlogin?85ac4810782958c2d2e596636eac4a55,gx-no-cache=1713902605809 HTTP/1.1" 200 90
190.171.149.74 - - [23/Apr/2024:17:07:12 -0300] "GET /cormun/servlet/hpexe_link HTTP/1.1" 200 957
190.171.149.74 - - [23/Apr/2024:17:07:12 -0300] "GET /cormun/servlet/trpermisosgoce HTTP/1.1" 200 17250
190.171.141.114 - - [23/Apr/2024:17:07:12 -0300] "GET /cormun/servlet/permisogoce?6d78f0d21b88e80321ba12c7df8348748eff39692f7aadcbc618f57848c1208a69de9510021bc1c8b2d0d47f1c41426e42ffc5e14f5e7bb4cb5b6ae3900f9018,gx-no-cache=1713902609617 HTTP/1.1" 200 84
190.171.142.42 - - [23/Apr/2024:17:07:13 -0300] "GET /cormun/servlet/solicitudot?INS,0,0,false, HTTP/1.1" 200 15873
190.171.141.114 - - [23/Apr/2024:17:07:18 -0300] "GET /cormun/servlet/permisogoce?6d78f0d21b88e80321ba12c7df83487423b186803a1e90ce291509b58279453f15c609091bfbca3c833f0a6f5345c1bcdf07ab4b1f47cc1ebb7ce7bbf4f04d44,gx-no-cache=1713902614991 HTTP/1.1" 200 47
190.171.149.74 - - [23/Apr/2024:17:07:22 -0300] "GET /cormun/static/menuarrow.gif HTTP/1.1" 404 1015
190.171.141.114 - - [23/Apr/2024:17:07:24 -0300] "POST /cormun/servlet/permisogoce?d0c143eb600a482201f23491b3664ce0,INS,0,,,,gx-no-cache=1713902621380 HTTP/1.1" 200 93
190.171.141.114 - - [23/Apr/2024:17:07:25 -0300] "GET /cormun/servlet/hpexe_return? HTTP/1.1" 200 1033
190.171.141.114 - - [23/Apr/2024:17:07:25 -0300] "GET /cormun/servlet/trpermisosgoce?gx-no-cache=1713902024274 HTTP/1.1" 200 11044
190.171.149.74 - - [23/Apr/2024:17:07:30 -0300] "POST /cormun/servlet/trpermisosgoce?85ac4810782958c2d2e596636eac4a55,gx-no-cache=1713902624493 HTTP/1.1" 200 5067
190.171.152.234 - - [23/Apr/2024:17:07:35 -0300] "GET /cormun/servlet/trsolicitudot? HTTP/1.1" 200 7501
190.171.149.74 - - [23/Apr/2024:17:07:37 -0300] "GET /cormun/servlet/permisogoce?INS,0,,, HTTP/1.1" 200 6845
190.171.152.234 - - [23/Apr/2024:17:07:43 -0300] "GET /cormun/static/menuarrow.gif HTTP/1.1" 404 1015
190.171.149.74 - - [23/Apr/2024:17:07:54 -0300] "GET /cormun/servlet/permisogoce?c3781cf01f58ea6ba5324f2a57e374a7179b6801ac866fd9dbf704072a400d946bc173f7d693481dcc8d8ef2cfda174217215cfd07466e71c0b8352c42b88847,gx-no-cache=1713902648357 HTTP/1.1" 200 81
190.171.152.234 - - [23/Apr/2024:17:07:54 -0300] "POST /cormun/servlet/trsolicitudot?b4ff18e462a07c9c333f67db3b417de9,,gx-no-cache=1713899034742 HTTP/1.1" 200 14411
190.171.149.74 - - [23/Apr/2024:17:08:02 -0300] "GET /cormun/servlet/permisogoce?c3781cf01f58ea6ba5324f2a57e374a739915ea6711d3c96c6ef30f1a90cf4331475a67c62e893ea5080756e0626e0c68c22fc2b20048b9d9083226cde5e4866,gx-no-cache=1713902655941 HTTP/1.1" 200 48
190.171.149.74 - - [23/Apr/2024:17:08:04 -0300] "POST /cormun/servlet/permisogoce?85ac4810782958c2d2e596636eac4a55,INS,0,,,,gx-no-cache=1713902657882 HTTP/1.1" 200 93
190.171.149.74 - - [23/Apr/2024:17:08:04 -0300] "GET /cormun/servlet/hpexe_return? HTTP/1.1" 200 1031
190.171.149.74 - - [23/Apr/2024:17:08:04 -0300] "GET /cormun/servlet/trpermisosgoce?gx-no-cache=1713902624493 HTTP/1.1" 200 8084
190.171.149.74 - - [23/Apr/2024:17:08:09 -0300] "GET /cormun/servlet/apermisogoceprn?19679348,P,20240423160352,PU HTTP/1.1" 200 1639
190.171.152.234 - - [23/Apr/2024:17:08:11 -0300] "POST /cormun/servlet/trsolicitudot?b4ff18e462a07c9c333f67db3b417de9,,gx-no-cache=1713899051417 HTTP/1.1" 200 14387
190.171.152.234 - - [23/Apr/2024:17:08:15 -0300] "POST /cormun/servlet/trsolicitudot?b4ff18e462a07c9c333f67db3b417de9,,gx-no-cache=1713899055358 HTTP/1.1" 200 14388
190.171.149.74 - - [23/Apr/2024:17:08:17 -0300] "GET /cormun/servlet/permisogoce?INS,0,,, HTTP/1.1" 200 6867
190.171.149.74 - - [23/Apr/2024:17:08:24 -0300] "GET /cormun/servlet/permisogoce?c3781cf01f58ea6ba5324f2a57e374a7179b6801ac866fd9dbf704072a400d946bc173f7d693481dcc8d8ef2cfda174217215cfd07466e71c0b8352c42b88847,gx-no-cache=1713902677989 HTTP/1.1" 200 81
190.171.149.74 - - [23/Apr/2024:17:08:30 -0300] "GET /cormun/servlet/permisogoce?c3781cf01f58ea6ba5324f2a57e374a739915ea6711d3c96c6ef30f1a90cf4333ccfa5b51ef6cec3a2a642c74c19f5bd493637101217c96dd923d270631d4065,gx-no-cache=1713902684261 HTTP/1.1" 200 48
190.171.149.74 - - [23/Apr/2024:17:08:32 -0300] "POST /cormun/servlet/permisogoce?85ac4810782958c2d2e596636eac4a55,INS,0,,,,gx-no-cache=1713902686266 HTTP/1.1" 200 93
190.171.149.74 - - [23/Apr/2024:17:08:32 -0300] "GET /cormun/servlet/hpexe_return? HTTP/1.1" 200 1031
190.171.149.74 - - [23/Apr/2024:17:08:32 -0300] "GET /cormun/servlet/trpermisosgoce?gx-no-cache=1713902624493 HTTP/1.1" 200 8277
190.171.141.114 - - [23/Apr/2024:17:08:36 -0300] "POST /cormun/servlet/trpermisosgoce?d0c143eb600a482201f23491b3664ce0,gx-no-cache=1713902693546 HTTP/1.1" 200 8021
190.171.141.114 - - [23/Apr/2024:17:08:37 -0300] "POST /cormun/servlet/trpermisosgoce?d0c143eb600a482201f23491b3664ce0,gx-no-cache=1713902693764 HTTP/1.1" 200 8001
190.171.149.74 - - [23/Apr/2024:17:08:39 -0300] "GET /cormun/servlet/apermisogoceprn?19679348,P,20240423160431,PU HTTP/1.1" 200 1646
190.171.141.114 - - [23/Apr/2024:17:08:46 -0300] "GET /cormun/servlet/permisogoce?INS,0,,, HTTP/1.1" 200 6874
190.171.141.114 - - [23/Apr/2024:17:08:48 -0300] "GET /cormun/servlet/prfichaempleado?,MD,,gxPopupLevel%3D0%3B HTTP/1.1" 200 9311
190.171.141.114 - - [23/Apr/2024:17:09:03 -0300] "POST /cormun/servlet/prfichaempleado?d0c143eb600a482201f23491b3664ce0,,MD,,gxPopupLevel%3D0%3B,gx-no-cache=1713902720264 HTTP/1.1" 200 3409
190.171.141.114 - - [23/Apr/2024:17:09:06 -0300] "GET /cormun/servlet/permisogoce?6d78f0d21b88e80321ba12c7df8348748eff39692f7aadcbc618f57848c1208a69de9510021bc1c8b2d0d47f1c41426e42ffc5e14f5e7bb4cb5b6ae3900f9018,gx-no-cache=1713902722773 HTTP/1.1" 200 84
190.171.141.114 - - [23/Apr/2024:17:09:06 -0300] "GET /cormun/static/menuarrow.gif HTTP/1.1" 404 1015
190.171.141.114 - - [23/Apr/2024:17:09:10 -0300] "GET /cormun/servlet/permisogoce?6d78f0d21b88e80321ba12c7df83487423b186803a1e90ce291509b58279453f15c609091bfbca3c833f0a6f5345c1bcdf07ab4b1f47cc1ebb7ce7bbf4f04d44,gx-no-cache=1713902727075 HTTP/1.1" 200 47
190.171.141.114 - - [23/Apr/2024:17:09:14 -0300] "POST /cormun/servlet/permisogoce?d0c143eb600a482201f23491b3664ce0,INS,0,,,,gx-no-cache=1713902730459 HTTP/1.1" 200 93
190.171.141.114 - - [23/Apr/2024:17:09:14 -0300] "GET /cormun/servlet/hpexe_return? HTTP/1.1" 200 1033
190.171.141.114 - - [23/Apr/2024:17:09:14 -0300] "GET /cormun/servlet/trpermisosgoce?gx-no-cache=1713902693764 HTTP/1.1" 200 11035
190.171.141.114 - - [23/Apr/2024:17:09:22 -0300] "POST /cormun/servlet/trpermisosgoce?d0c143eb600a482201f23491b3664ce0,gx-no-cache=1713902693764,gx-no-cache=1713902738954 HTTP/1.1" 200 8021
190.171.141.114 - - [23/Apr/2024:17:09:22 -0300] "POST /cormun/servlet/trpermisosgoce?d0c143eb600a482201f23491b3664ce0,gx-no-cache=1713902693764,gx-no-cache=1713902739132 HTTP/1.1" 200 8001
181.212.47.137 - - [23/Apr/2024:17:09:45 -0300] "GET /cormun/servlet/vesolicitudgral?2024,21308,,SolicitudOTAdjuntos HTTP/1.1" 200 11113
181.212.47.137 - - [23/Apr/2024:17:09:46 -0300] "POST /cormun/servlet/acontrolpreferencessavestate?None,RRHH+DANIELA,true HTTP/1.1" 200 35
181.212.47.137 - - [23/Apr/2024:17:09:48 -0300] "GET /cormun/PublicTempStorage/certificado_de_antecedentes_con_fines_especiales_%28jose_guerrero%295158800.pdf HTTP/1.1" 200 34390
181.212.47.137 - - [23/Apr/2024:17:10:07 -0300] "GET /cormun/servlet/vesolicitudgral?2024,21308,,SolicitudOTAdjuntos HTTP/1.1" 200 11115
181.212.47.137 - - [23/Apr/2024:17:10:08 -0300] "POST /cormun/servlet/acontrolpreferencessavestate?None,RRHH+DANIELA,true HTTP/1.1" 200 35
181.212.47.137 - - [23/Apr/2024:17:10:08 -0300] "GET /cormun/PublicTempStorage/ci4707198.pdf HTTP/1.1" 200 201675
181.212.47.137 - - [23/Apr/2024:17:10:12 -0300] "GET /cormun/servlet/vesolicitudgral?2024,21308,,SolicitudOTAdjuntos HTTP/1.1" 200 11116
181.212.47.137 - - [23/Apr/2024:17:10:13 -0300] "POST /cormun/servlet/acontrolpreferencessavestate?None,RRHH+DANIELA,true HTTP/1.1" 200 35
181.212.47.137 - - [23/Apr/2024:17:10:21 -0300] "GET /cormun/servlet/vesolicitudgral?2024,21308,,General HTTP/1.1" 200 8410
181.212.47.137 - - [23/Apr/2024:17:10:21 -0300] "GET /cormun/pexe_scrolldiv.js HTTP/1.1" 404 1009
190.171.141.82 - - [23/Apr/2024:17:11:29 -0300] "GET /cormun/servlet/permisogoce?INS,0,,, HTTP/1.1" 200 7212
190.171.141.82 - - [23/Apr/2024:17:11:33 -0300] "GET /cormun/servlet/prfichaempleado?,MD,,gxPopupLevel%3D0%3B HTTP/1.1" 200 9353
190.171.141.82 - - [23/Apr/2024:17:11:36 -0300] "POST /cormun/servlet/prfichaempleado?9a68da11be28e65e778b9d825684eea4,,MD,,gxPopupLevel%3D0%3B,gx-no-cache=1713902872185 HTTP/1.1" 200 6286
190.171.141.82 - - [23/Apr/2024:17:11:36 -0300] "GET /cormun/static/Resources/PXToolsGridLast.gif HTTP/1.1" 200 370
190.171.141.82 - - [23/Apr/2024:17:11:36 -0300] "GET /cormun/static/Resources/PXToolsGridNext.gif HTTP/1.1" 200 369
190.171.141.82 - - [23/Apr/2024:17:11:43 -0300] "POST /cormun/servlet/prfichaempleado?9a68da11be28e65e778b9d825684eea4,,MD,,gxPopupLevel%3D0%3B,gx-no-cache=1713902879192 HTTP/1.1" 200 3163
190.171.141.82 - - [23/Apr/2024:17:11:58 -0300] "GET /cormun/servlet/permisogoce?7358645d5e39be95743fcb5f2414fd2c648d1a462da9c036747ad573ac67c3ac3c28283c7a06594bb3726fa40a2501f2dffd92e3daaa7cc8ac7dc6da1bef4170,gx-no-cache=1713902894491 HTTP/1.1" 200 74
190.171.141.82 - - [23/Apr/2024:17:11:59 -0300] "GET /cormun/static/menuarrow.gif HTTP/1.1" 404 1015
190.171.141.82 - - [23/Apr/2024:17:12:03 -0300] "GET /cormun/servlet/permisogoce?7358645d5e39be95743fcb5f2414fd2cedef5dda6e8c90708a5a2a5ae5f487e6ff4b4f0589ecdfad67b47494373dcfcffdabfd9ed17e096a6ae7de8127556a56,gx-no-cache=1713902899215 HTTP/1.1" 200 47
190.171.141.82 - - [23/Apr/2024:17:12:08 -0300] "POST /cormun/servlet/permisogoce?9a68da11be28e65e778b9d825684eea4,INS,0,,,,gx-no-cache=1713902903914 HTTP/1.1" 200 93
190.171.141.82 - - [23/Apr/2024:17:12:08 -0300] "GET /cormun/servlet/hpexe_return? HTTP/1.1" 200 1010
190.171.141.82 - - [23/Apr/2024:17:12:08 -0300] "GET /cormun/servlet/trpermisosgoce HTTP/1.1" 200 12686
190.171.141.82 - - [23/Apr/2024:17:12:13 -0300] "GET /cormun/servlet/apermisogoceprn?18374561,P,20240423160744,PU HTTP/1.1" 200 1658
190.171.142.26 - - [23/Apr/2024:17:14:09 -0300] "POST /cormun/servlet/trlicencias?1e0498cc55bb786310c0f2d93350f592,gx-no-cache=1713903024820 HTTP/1.1" 200 10997
181.212.47.137 - - [23/Apr/2024:17:14:46 -0300] "GET /cormun/servlet/trsolicitudgral? HTTP/1.1" 200 12886
181.212.47.137 - - [23/Apr/2024:17:15:06 -0300] "GET /cormun/servlet/vesolicitudgral?2024,21307,, HTTP/1.1" 200 8388
181.212.47.137 - - [23/Apr/2024:17:15:06 -0300] "GET /cormun/pexe_scrolldiv.js HTTP/1.1" 404 1009
190.171.143.82 - - [23/Apr/2024:17:15:19 -0300] "GET /cormun/servlet/trlicencias? HTTP/1.1" 200 10246
181.212.47.137 - - [23/Apr/2024:17:19:06 -0300] "GET /cormun/servlet/vesolicitudgral?2024,21307,,SolicitudOTAdjuntos HTTP/1.1" 200 7073
181.212.47.137 - - [23/Apr/2024:17:19:06 -0300] "GET /cormun/pexe_scrolldiv.js HTTP/1.1" 404 1009
181.212.47.137 - - [23/Apr/2024:17:19:07 -0300] "POST /cormun/servlet/acontrolpreferencessavestate?None,RRHH+DANIELA,true HTTP/1.1" 200 35
181.212.47.137 - - [23/Apr/2024:17:19:08 -0300] "GET /cormun/servlet/vesolicitudgral?2024,21307,,General HTTP/1.1" 200 8391
181.212.47.137 - - [23/Apr/2024:17:19:08 -0300] "GET /cormun/pexe_scrolldiv.js HTTP/1.1" 404 1009
190.171.149.74 - - [23/Apr/2024:17:20:21 -0300] "GET /cormun/servlet/trpermisosgoce? HTTP/1.1" 200 8295
190.171.149.74 - - [23/Apr/2024:17:20:23 -0300] "GET /cormun/servlet/permisogoce?INS,0,,, HTTP/1.1" 200 6844
190.171.149.74 - - [23/Apr/2024:17:20:30 -0300] "GET /cormun/servlet/permisogoce?c3781cf01f58ea6ba5324f2a57e374a7df5ece453b0f79ff602a0eacbe73705e6bc173f7d693481dcc8d8ef2cfda174217215cfd07466e71c0b8352c42b88847,gx-no-cache=1713903404267 HTTP/1.1" 200 226
190.171.149.74 - - [23/Apr/2024:17:20:30 -0300] "GET /cormun/static/Shared/jqueryui/images/ui-bg_highlight-soft_100_c6c2c8_1x100.png HTTP/1.1" 404 1117
190.171.149.74 - - [23/Apr/2024:17:20:30 -0300] "GET /cormun/static/Shared/jqueryui/images/ui-icons_82798d_256x240.png HTTP/1.1" 404 1089
190.171.149.74 - - [23/Apr/2024:17:20:30 -0300] "GET /cormun/static/Shared/jqueryui/images/ui-bg_flat_55_994d53_40x100.png HTTP/1.1" 404 1097
190.171.149.74 - - [23/Apr/2024:17:20:30 -0300] "GET /cormun/static/Shared/jqueryui/images/ui-icons_ebccce_256x240.png HTTP/1.1" 404 1089
190.171.152.234 - - [23/Apr/2024:17:22:47 -0300] "GET /cormun/servlet/solicitudot?INS,0,0,false, HTTP/1.1" 200 16273
190.171.149.74 - - [23/Apr/2024:17:23:45 -0300] "GET /cormun/servlet/trlicencias? HTTP/1.1" 200 13271
190.171.149.74 - - [23/Apr/2024:17:23:48 -0300] "POST /cormun/servlet/trlicencias?85ac4810782958c2d2e596636eac4a55,,gx-no-cache=1713903602458 HTTP/1.1" 200 11030
181.212.40.185 - - [23/Apr/2024:17:25:09 -0300] "POST /cormun/servlet/trlicencias?18d02a2c8f8d249c9983b0b9838276b3,gx-no-cache=1713903684911 HTTP/1.1" 440 972
181.212.40.185 - - [23/Apr/2024:17:25:11 -0300] "GET /cormun/servlet/trlicencias HTTP/1.1" 200 6045
181.212.40.185 - - [23/Apr/2024:17:25:11 -0300] "GET /cormun/servlet/hlogin HTTP/1.1" 200 1733
190.171.142.26 - - [23/Apr/2024:17:26:14 -0300] "GET /cormun/servlet/hhome HTTP/1.1" 200 4272
181.212.40.185 - - [23/Apr/2024:17:26:23 -0300] "POST /cormun/servlet/hlogin?950097c695b5fae66a302fc0bacaeb81,gx-no-cache=1713903759550 HTTP/1.1" 200 90
181.212.40.185 - - [23/Apr/2024:17:26:24 -0300] "GET /cormun/servlet/hpexe_link HTTP/1.1" 200 953
181.212.40.185 - - [23/Apr/2024:17:26:24 -0300] "GET /cormun/servlet/trlicencias HTTP/1.1" 200 16945
190.171.152.242 - - [23/Apr/2024:17:27:56 -0300] "GET /cormun/servlet/hlogin HTTP/1.1" 200 1718
190.171.152.242 - - [23/Apr/2024:17:27:56 -0300] "GET /cormun/static/gxtimezone.js?85251 HTTP/1.1" 200 5781
190.171.152.242 - - [23/Apr/2024:17:27:56 -0300] "GET /cormun/static/messages.spa.js?85251 HTTP/1.1" 200 30736
190.171.152.242 - - [23/Apr/2024:17:27:56 -0300] "GET /cormun/static/gxgral.js?85251 HTTP/1.1" 200 384558
190.171.152.242 - - [23/Apr/2024:17:27:56 -0300] "GET /cormun/servlet/hlogin HTTP/1.1" 200 1728
190.171.152.242 - - [23/Apr/2024:17:28:00 -0300] "POST /cormun/servlet/hlogin?262e322665070adde1c53d68202c6334,gx-no-cache=1713903856458 HTTP/1.1" 200 90
190.171.152.242 - - [23/Apr/2024:17:28:00 -0300] "GET /cormun/servlet/hpexe_link HTTP/1.1" 200 950
190.171.152.242 - - [23/Apr/2024:17:28:00 -0300] "GET /cormun/servlet/hhome HTTP/1.1" 200 3995
190.171.152.242 - - [23/Apr/2024:17:28:00 -0300] "GET /cormun/static/PXToolsJavascripts/pexe_autoreload.js HTTP/1.1" 200 1762
190.171.152.242 - - [23/Apr/2024:17:28:00 -0300] "GET /cormun/static/PXToolsJavascripts/pexe_cookies.js HTTP/1.1" 200 792
190.171.152.242 - - [23/Apr/2024:17:28:00 -0300] "GET /cormun/static/PXToolsJavascripts/pexe_grid.js HTTP/1.1" 200 7559
190.171.152.242 - - [23/Apr/2024:17:28:00 -0300] "GET /cormun/static/PXToolsJavascripts/pexe_link.js HTTP/1.1" 200 5671
190.171.152.242 - - [23/Apr/2024:17:28:00 -0300] "GET /cormun/static/PXToolsJavascripts/pexe_griddivfix.js HTTP/1.1" 200 6946
190.171.152.242 - - [23/Apr/2024:17:28:00 -0300] "GET /cormun/static/PXToolsJavascripts/pexe_windows.js HTTP/1.1" 200 15249
190.171.152.242 - - [23/Apr/2024:17:28:00 -0300] "GET /cormun/static/PXToolsJavascripts/pexe_menudivfix.js HTTP/1.1" 200 333
190.171.152.242 - - [23/Apr/2024:17:28:00 -0300] "GET /cormun/static/PXToolsJavascripts/pexe_menus.js HTTP/1.1" 200 1286
190.171.152.242 - - [23/Apr/2024:17:28:00 -0300] "GET /cormun/static/PXToolsJavascripts/pexe_layers.js HTTP/1.1" 200 4114
190.171.152.242 - - [23/Apr/2024:17:28:00 -0300] "GET /cormun/static/PXToolsJavascripts/pexe_oavdivfix.js HTTP/1.1" 200 639
190.171.152.242 - - [23/Apr/2024:17:28:00 -0300] "GET /cormun/static/PXToolsJavascripts/pexe_picture.js HTTP/1.1" 200 689
190.171.152.242 - - [23/Apr/2024:17:28:00 -0300] "GET /cormun/static/PXToolsJavascripts/pexe_oav.js HTTP/1.1" 200 645
190.171.152.242 - - [23/Apr/2024:17:28:00 -0300] "GET /cormun/static/PXToolsJavascripts/pexe_popup.js HTTP/1.1" 200 15149
190.171.152.242 - - [23/Apr/2024:17:28:00 -0300] "GET /cormun/static/PXToolsJavascripts/pexe_scrolldiv.js HTTP/1.1" 200 4138
190.171.152.242 - - [23/Apr/2024:17:28:00 -0300] "GET /cormun/static/PXToolsJavascripts/pexe_tabdivfix.js HTTP/1.1" 200 898
190.171.152.242 - - [23/Apr/2024:17:28:00 -0300] "GET /cormun/static/PXToolsJavascripts/pexe_tabs.js HTTP/1.1" 200 3748
190.171.152.242 - - [23/Apr/2024:17:28:00 -0300] "GET /cormun/static/PXToolsJavascripts/pexe_upload.js HTTP/1.1" 200 1423
190.171.152.242 - - [23/Apr/2024:17:28:00 -0300] "GET /cormun/static/PXToolsJavascripts/PXToolsJavascriptsRender.js HTTP/1.1" 200 367
190.171.152.242 - - [23/Apr/2024:17:28:00 -0300] "GET /cormun/static/Resources/CormunMP2.png HTTP/1.1" 200 6878
190.171.152.242 - - [23/Apr/2024:17:28:00 -0300] "GET /cormun/static/Resources/ImgHome.png HTTP/1.1" 200 1364
190.171.152.242 - - [23/Apr/2024:17:28:00 -0300] "GET /cormun/static/Resources/ImgLogin.png HTTP/1.1" 200 1432
190.171.152.242 - - [23/Apr/2024:17:28:00 -0300] "GET /cormun/static/Resources/Llave.png HTTP/1.1" 200 1395
190.171.152.242 - - [23/Apr/2024:17:28:00 -0300] "GET /cormun/static/RunJS/RunJS.js HTTP/1.1" 200 288
190.171.152.242 - - [23/Apr/2024:17:28:00 -0300] "GET /cormun/static/Shared/ext/locale/ext-lang-en.js HTTP/1.1" 200 10940
190.171.152.242 - - [23/Apr/2024:17:28:00 -0300] "GET /cormun/static/hwchdr01.js?2022112219251119 HTTP/1.1" 200 996
190.171.152.242 - - [23/Apr/2024:17:28:00 -0300] "GET /cormun/static/Resources/PXToolsDataTitle.png HTTP/1.1" 200 1173
190.171.152.242 - - [23/Apr/2024:17:28:00 -0300] "GET /cormun/static/hpexe_recentlink.js?20201214471090 HTTP/1.1" 200 2144
190.171.152.242 - - [23/Apr/2024:17:28:00 -0300] "GET /cormun/static/hpexe_scripts.js?20201214471411 HTTP/1.1" 200 1544
190.171.152.242 - - [23/Apr/2024:17:28:00 -0300] "GET /cormun/static/hpexe_messagecontroller.js?202211298371222 HTTP/1.1" 200 870
190.171.152.242 - - [23/Apr/2024:17:28:00 -0300] "GET /cormun/static/gxui/gxui-all.js HTTP/1.1" 200 107772
190.171.152.242 - - [23/Apr/2024:17:28:00 -0300] "GET /cormun/static/hpexe_messagepopupcomponent.js?2020121447232 HTTP/1.1" 200 605
190.171.152.242 - - [23/Apr/2024:17:28:00 -0300] "GET /cormun/static/hpexe_messagegenexuscomponent.js?20221129836373 HTTP/1.1" 200 587
190.171.152.242 - - [23/Apr/2024:17:28:00 -0300] "GET /cormun/static/cmcontrolpreferences.js?20199141926336 HTTP/1.1" 200 1375
190.171.152.242 - - [23/Apr/2024:17:28:00 -0300] "GET /cormun/static/SmoothNavMenu/resources/ddsmoothmenu.js HTTP/1.1" 200 12712
190.171.152.242 - - [23/Apr/2024:17:28:00 -0300] "GET /cormun/static/SmoothNavMenu/resources/SmoothNavMenuRender.js HTTP/1.1" 200 5951
190.171.152.242 - - [23/Apr/2024:17:28:00 -0300] "GET /cormun/static/Shared/jquery/jquery-1.4.2.min.js HTTP/1.1" 200 72174
190.171.152.242 - - [23/Apr/2024:17:28:00 -0300] "GET /cormun/static/Shared/jquery/jquery-1.10.2.min.js HTTP/1.1" 200 273199
190.171.152.242 - - [23/Apr/2024:17:28:00 -0300] "GET /cormun/static/scaMessage/js/jquery.pnotify.min.js HTTP/1.1" 200 13038
190.171.152.242 - - [23/Apr/2024:17:28:01 -0300] "GET /cormun/static/scaMessage/scaMessageRender.js HTTP/1.1" 200 11977
190.171.152.242 - - [23/Apr/2024:17:28:01 -0300] "GET /cormun/static/hmpwkw03.js?20221129844354 HTTP/1.1" 200 3971
190.171.152.242 - - [23/Apr/2024:17:28:01 -0300] "GET /cormun/static/Shared/jqueryui/jquery-ui.min.js HTTP/1.1" 200 240427
190.171.152.242 - - [23/Apr/2024:17:28:01 -0300] "GET /cormun/static/Shared/ext/ext-all.js HTTP/1.1" 200 1289687
190.171.152.242 - - [23/Apr/2024:17:28:01 -0300] "GET /cormun/static/SmoothNavMenu/resources/images/down.gif HTTP/1.1" 200 854
190.171.152.242 - - [23/Apr/2024:17:28:04 -0300] "GET /cormun/servlet/trsolicitudot? HTTP/1.1" 200 7216
190.171.152.242 - - [23/Apr/2024:17:28:04 -0300] "GET /cormun/static/calendar-setup.js?85251 HTTP/1.1" 200 2588
190.171.152.242 - - [23/Apr/2024:17:28:04 -0300] "GET /cormun/static/calendar-es.js?85251 HTTP/1.1" 200 1901
190.171.152.242 - - [23/Apr/2024:17:28:04 -0300] "GET /cormun/static/calendar.js?85251 HTTP/1.1" 200 26246
190.171.152.242 - - [23/Apr/2024:17:28:04 -0300] "GET /cormun/static/gxdec.js?85251 HTTP/1.1" 200 19579
190.171.152.242 - - [23/Apr/2024:17:28:07 -0300] "GET /cormun/servlet/solicitudot?INS,0,0,false, HTTP/1.1" 200 15975
181.212.47.137 - - [23/Apr/2024:17:28:28 -0300] "POST /cormun/servlet/trsolicitudgral?de90051016f50a5f2552ed6b626bae06,,gx-no-cache=1713903882884 HTTP/1.1" 440 972
181.212.47.137 - - [23/Apr/2024:17:28:29 -0300] "GET /cormun/servlet/trsolicitudgral? HTTP/1.1" 500 10
181.212.47.137 - - [23/Apr/2024:17:28:38 -0300] "GET /cormun/servlet/hlogin HTTP/1.1" 200 1712
181.212.47.137 - - [23/Apr/2024:17:28:43 -0300] "POST /cormun/servlet/hlogin?6dbf39df40cefe37b555e6301c8da647,gx-no-cache=1713903898211 HTTP/1.1" 200 90
181.212.47.137 - - [23/Apr/2024:17:28:43 -0300] "GET /cormun/servlet/hpexe_link HTTP/1.1" 200 942
181.212.47.137 - - [23/Apr/2024:17:28:43 -0300] "GET /cormun/servlet/hhome HTTP/1.1" 200 3812
181.212.47.137 - - [23/Apr/2024:17:28:46 -0300] "GET /cormun/servlet/trsolicitudgral? HTTP/1.1" 200 28500
190.171.152.242 - - [23/Apr/2024:17:28:54 -0300] "POST /cormun/servlet/solicitudot?gx-no-cache=1713903910050 HTTP/1.1" 200 4022
181.212.47.137 - - [23/Apr/2024:17:28:54 -0300] "POST /cormun/servlet/trsolicitudgral?6dbf39df40cefe37b555e6301c8da647,,gx-no-cache=1713903909086 HTTP/1.1" 200 7608
190.171.152.242 - - [23/Apr/2024:17:28:54 -0300] "POST /cormun/servlet/solicitudot?262e322665070adde1c53d68202c6334,INS,0,0,false,,gx-no-cache=1713903910566 HTTP/1.1" 200 12600
190.171.152.242 - - [23/Apr/2024:17:28:57 -0300] "GET /cormun/servlet/solicitudot?d9c09237c8c6a4ff6257f38ce1bddf22d483608449ecb51a27e0ba04294f0471f7c0578af5251da661d2cf28e71dd68b,gx-no-cache=1713903913343 HTTP/1.1" 200 30
190.171.152.234 - - [23/Apr/2024:17:29:03 -0300] "POST /cormun/servlet/solicitudot?gx-no-cache=1713900302692 HTTP/1.1" 200 4134
190.171.152.234 - - [23/Apr/2024:17:29:03 -0300] "POST /cormun/servlet/solicitudot?b4ff18e462a07c9c333f67db3b417de9,INS,0,0,false,,gx-no-cache=1713900303472 HTTP/1.1" 200 13007
190.171.152.234 - - [23/Apr/2024:17:29:07 -0300] "GET /cormun/servlet/solicitudot?f95194babdb4086eafaafce2d75c46a247a5ab934a2baf36530605d41cda0905342742c7c4eedbeddca5ba523e39a765,gx-no-cache=1713900307379 HTTP/1.1" 200 30
190.171.152.242 - - [23/Apr/2024:17:31:24 -0300] "GET /cormun/static/Resources/resize.gif HTTP/1.1" 200 77
190.171.152.242 - - [23/Apr/2024:17:31:24 -0300] "GET /cormun/static/Resources/PXTools/ClosePrompt.png HTTP/1.1" 200 1036
190.171.152.242 - - [23/Apr/2024:17:31:24 -0300] "GET /cormun/servlet/prbanco?,MD,,gxPopupLevel%3D0%3B HTTP/1.1" 200 6595
190.171.152.242 - - [23/Apr/2024:17:31:24 -0300] "GET /cormun/static/gxcfg.js?20201216131581 HTTP/1.1" 200 953
190.171.152.242 - - [23/Apr/2024:17:31:24 -0300] "GET /cormun/static/prbanco.js?20201216132311 HTTP/1.1" 200 10693
190.171.152.242 - - [23/Apr/2024:17:31:28 -0300] "GET /cormun/servlet/solicitudot?d9c09237c8c6a4ff6257f38ce1bddf22a3878393d346eeabe07d53d22542cdeef728e5cff194c40cad417a744aaf9ea9f7c0578af5251da661d2cf28e71dd68b,gx-no-cache=1713904064320 HTTP/1.1" 200 30
190.171.152.242 - - [23/Apr/2024:17:31:29 -0300] "GET /cormun/servlet/solicitudot?d9c09237c8c6a4ff6257f38ce1bddf222de3d7ba40d568e8ebbb969b1724cb7a,gx-no-cache=1713904065297 HTTP/1.1" 200 53
181.212.47.137 - - [23/Apr/2024:17:31:46 -0300] "GET /cormun/servlet/trsolicitudgral? HTTP/1.1" 200 12884
190.171.152.242 - - [23/Apr/2024:17:31:50 -0300] "POST /cormun/servlet/solicitudot?gx-no-cache=1713904086326 HTTP/1.1" 200 240
190.171.152.242 - - [23/Apr/2024:17:31:53 -0300] "GET /cormun/servlet/solicitudot?d9c09237c8c6a4ff6257f38ce1bddf22a31077983991fc157b9632c7b8b6d8b213afa01637723654f486f68c7fe595365c6a121982fec81f83e82fae18606817daa765a17e3188ee47dee8587121dd3b130173b9766484c54f9b82c27a20fe6514e5dac0964e74aa20d65da1b50c1b4d474e9f51f3bb5f97563ba4af67f01a0cc2641dcf048c80e1e4602a426574573bf04d44df134fe36eacb9741a22b24084ba2275ff0cfaaf4d761988541dce19650589885c8beec310cfab1af0b3b4c3506fa90bc7099722825d0d3d613c240ffa8fb4cf613402eb05bab47cd222f6cb926a7756e0ef91ab5f501a3206595ae7d8b459231016cc26020ec8aab322478b51017f40aac394a825287fa92165d63e39f7fcfc2ca0583d7f2ea5173283232bbfc815ea069c9092619a2b6c64b00d036e7abd9b2d970e4af91b7debb43ad4c18bf194a211a9427ad7e24e41650448c2a69c6ae2a7ac4e2510c94f33a3a9d41798dab7542aef3632639cbe637c9caeccf53184eded3a99fbd66fd99562deae0a74,gx-no-cache=1713904089414 HTTP/1.1" 200 30
190.171.152.242 - - [23/Apr/2024:17:31:55 -0300] "POST /cormun/servlet/solicitudot?gx-no-cache=1713904091590 HTTP/1.1" 200 30
190.171.152.242 - - [23/Apr/2024:17:31:59 -0300] "GET /cormun/servlet/prfichaempleado?,MD,,gxPopupLevel%3D0%3B HTTP/1.1" 200 9291
190.171.152.242 - - [23/Apr/2024:17:31:59 -0300] "GET /cormun/static/gxcfg.js?20201215571085 HTTP/1.1" 200 953
190.171.152.242 - - [23/Apr/2024:17:31:59 -0300] "GET /cormun/static/prfichaempleado.js?20201215572193 HTTP/1.1" 200 16005
190.171.152.242 - - [23/Apr/2024:17:32:12 -0300] "POST /cormun/servlet/prfichaempleado?262e322665070adde1c53d68202c6334,,MD,,gxPopupLevel%3D0%3B,gx-no-cache=1713904108007 HTTP/1.1" 200 3611
181.212.47.137 - - [23/Apr/2024:17:32:13 -0300] "GET /cormun/servlet/vesolicitudgral?2024,21307,, HTTP/1.1" 200 8388
181.212.47.137 - - [23/Apr/2024:17:32:13 -0300] "GET /cormun/pexe_scrolldiv.js HTTP/1.1" 404 1009
190.171.152.242 - - [23/Apr/2024:17:32:19 -0300] "GET /cormun/servlet/prlicenciaspermisos?11044892,L,,MD,,gxPopupLevel%3D0%3B HTTP/1.1" 200 7752
190.171.152.242 - - [23/Apr/2024:17:32:19 -0300] "GET /cormun/static/gxcfg.js?2020121559567 HTTP/1.1" 200 953
190.171.152.242 - - [23/Apr/2024:17:32:19 -0300] "GET /cormun/static/prlicenciaspermisos.js?2020121559821 HTTP/1.1" 200 13379
190.171.152.242 - - [23/Apr/2024:17:32:31 -0300] "POST /cormun/servlet/solicitudot?gx-no-cache=1713904126931 HTTP/1.1" 200 1482
190.171.152.242 - - [23/Apr/2024:17:32:58 -0300] "POST /cormun/servlet/solicitudot?gx-no-cache=1713904154339 HTTP/1.1" 200 118
190.171.152.242 - - [23/Apr/2024:17:32:58 -0300] "GET /cormun/static/Shared/jqueryui/images/ui-bg_highlight-soft_100_c6c2c8_1x100.png HTTP/1.1" 404 1117
190.171.152.242 - - [23/Apr/2024:17:32:58 -0300] "GET /cormun/static/Shared/jqueryui/images/ui-icons_82798d_256x240.png HTTP/1.1" 404 1089
190.171.152.242 - - [23/Apr/2024:17:32:58 -0300] "GET /cormun/static/Shared/jqueryui/images/ui-bg_flat_55_994d53_40x100.png HTTP/1.1" 404 1097
190.171.152.242 - - [23/Apr/2024:17:32:58 -0300] "GET /cormun/static/Shared/jqueryui/images/ui-icons_ebccce_256x240.png HTTP/1.1" 404 1089
190.171.152.242 - - [23/Apr/2024:17:33:42 -0300] "GET /cormun/servlet/solicitudot?d9c09237c8c6a4ff6257f38ce1bddf22918b349e9a1eb1eb4f59ce5e10c64136a102ffa70c408738ddee64c46131faf0ffe3f16abd6ba66abe95a1edc9896fe990af55514e4c7b02e4ab24320690f5afa933ad4d6ce53f10ce69b730b58bb663e63d23e32776332655fc48e066c16f76,gx-no-cache=1713904198578 HTTP/1.1" 200 110
190.171.152.242 - - [23/Apr/2024:17:33:42 -0300] "POST /cormun/servlet/solicitudot?gx-no-cache=1713904198618 HTTP/1.1" 200 79
190.171.152.242 - - [23/Apr/2024:17:33:47 -0300] "GET /cormun/servlet/solicitudot?d9c09237c8c6a4ff6257f38ce1bddf223459c0251d487d78a79fff67aae8db0ad06b7a9d2b9d14fb18589eae3f308dc12b2b698fe49814c45f201f99305c5b84d17965c87fe9cf96cfe53cd64828ccbe8516e1db2ea5e4def28d68cad65d5afaa296c62f82e8c0206da7b08dc45efcad,gx-no-cache=1713904203053 HTTP/1.1" 200 29
190.171.152.242 - - [23/Apr/2024:17:33:47 -0300] "GET /cormun/static/menuarrow.gif HTTP/1.1" 404 1015
190.171.152.242 - - [23/Apr/2024:17:33:52 -0300] "GET /cormun/servlet/solicitudot?d9c09237c8c6a4ff6257f38ce1bddf2225a8a55a19be5f87b718d4d61e38207a5f37a3c11b376d3e738c6627b2ffda93,gx-no-cache=1713904208804 HTTP/1.1" 200 30
190.171.152.242 - - [23/Apr/2024:17:34:00 -0300] "POST /cormun/servlet/solicitudot?gx-no-cache=1713904216732 HTTP/1.1" 200 120
190.95.15.15 - - [23/Apr/2024:17:34:03 -0300] "GET /cormun/servlet/trsolicitudot? HTTP/1.1" 200 6327
190.95.15.15 - - [23/Apr/2024:17:34:04 -0300] "GET /cormun/servlet/hlogin HTTP/1.1" 200 1737
190.95.15.15 - - [23/Apr/2024:17:34:12 -0300] "POST /cormun/servlet/hlogin?64eaac908d6f650e09f97acd2b9b3a90,gx-no-cache=1713904228916 HTTP/1.1" 200 90
190.95.15.15 - - [23/Apr/2024:17:34:12 -0300] "GET /cormun/servlet/hpexe_link HTTP/1.1" 200 957
190.95.15.15 - - [23/Apr/2024:17:34:12 -0300] "GET /cormun/servlet/trsolicitudot HTTP/1.1" 200 7018
190.171.152.242 - - [23/Apr/2024:17:34:30 -0300] "POST /cormun/servlet/solicitudot?262e322665070adde1c53d68202c6334,INS,0,0,false,,gx-no-cache=1713904246104 HTTP/1.1" 200 13052
190.171.152.242 - - [23/Apr/2024:17:34:51 -0300] "GET /cormun/servlet/prlicenciaspermisos?11044892,L,,MD,,gxPopupLevel%3D0%3B HTTP/1.1" 200 7752
190.171.152.242 - - [23/Apr/2024:17:35:25 -0300] "POST /cormun/servlet/solicitudot?gx-no-cache=1713904301590 HTTP/1.1" 200 121
190.171.152.242 - - [23/Apr/2024:17:35:25 -0300] "GET /cormun/servlet/solicitudot?d9c09237c8c6a4ff6257f38ce1bddf22918b349e9a1eb1eb4f59ce5e10c64136a102ffa70c408738ddee64c46131faf0ffe3f16abd6ba66abe95a1edc9896fe990af55514e4c7b02e4ab24320690f5afa933ad4d6ce53f10ce69b730b58bb663e63d23e32776332655fc48e066c16f76,gx-no-cache=1713904301612 HTTP/1.1" 200 110
190.171.152.242 - - [23/Apr/2024:17:35:25 -0300] "POST /cormun/servlet/solicitudot?gx-no-cache=1713904301630 HTTP/1.1" 200 120
