190.171.152.242 - - [23/Apr/2024:17:35:25 -0300] "POST /cormun/servlet/solicitudot?262e322665070adde1c53d68202c6334,INS,0,0,false,,gx-no-cache=1713904301648 HTTP/1.1" 200 13133
190.171.152.234 - - [23/Apr/2024:17:35:45 -0300] "GET /cormun/servlet/solicitudot?f95194babdb4086eafaafce2d75c46a24e1160b8e1f603ebbfa1bc2d356411a2de49bac7017f12cf060371ef2bedf1394ab7be4735facf9708c83ff3aa47b41f,gx-no-cache=1713900705490 HTTP/1.1" 200 30
190.171.152.234 - - [23/Apr/2024:17:35:45 -0300] "GET /cormun/servlet/solicitudot?f95194babdb4086eafaafce2d75c46a205bebf9e3a99a796a5d3ba59387c4e21,gx-no-cache=1713900705510 HTTP/1.1" 200 53
190.171.152.242 - - [23/Apr/2024:17:35:52 -0300] "GET /cormun/servlet/hlogin HTTP/1.1" 200 1744
190.171.152.234 - - [23/Apr/2024:17:36:01 -0300] "POST /cormun/servlet/solicitudot?b4ff18e462a07c9c333f67db3b417de9,INS,0,0,false,,gx-no-cache=1713900721499 HTTP/1.1" 200 13127
190.171.152.234 - - [23/Apr/2024:17:36:01 -0300] "GET /cormun/static/Shared/jqueryui/images/ui-bg_highlight-soft_100_c6c2c8_1x100.png HTTP/1.1" 404 1117
190.171.152.234 - - [23/Apr/2024:17:36:01 -0300] "GET /cormun/static/Shared/jqueryui/images/ui-icons_82798d_256x240.png HTTP/1.1" 404 1089
190.171.152.234 - - [23/Apr/2024:17:36:01 -0300] "GET /cormun/static/Shared/jqueryui/images/ui-icons_8d78a5_256x240.png HTTP/1.1" 404 1089
190.171.152.234 - - [23/Apr/2024:17:36:01 -0300] "GET /cormun/static/Shared/jqueryui/images/ui-bg_flat_55_fafafa_40x100.png HTTP/1.1" 404 1097
190.171.152.234 - - [23/Apr/2024:17:36:08 -0300] "GET /cormun/servlet/solicitudot?f95194babdb4086eafaafce2d75c46a247a5ab934a2baf36530605d41cda0905d8a467ffe2f96554d85a4df18df2e026,gx-no-cache=1713900728242 HTTP/1.1" 200 30
190.171.152.234 - - [23/Apr/2024:17:36:08 -0300] "GET /cormun/servlet/solicitudot?f95194babdb4086eafaafce2d75c46a24e1160b8e1f603ebbfa1bc2d356411a2237be07fbaede44dd61df970d49de3bf4ab7be4735facf9708c83ff3aa47b41f,gx-no-cache=1713900728262 HTTP/1.1" 200 30
190.171.152.234 - - [23/Apr/2024:17:36:08 -0300] "GET /cormun/servlet/solicitudot?f95194babdb4086eafaafce2d75c46a2e99a6eb3364d6d44af3dd12cc6cbc00d2cdc9f7eda86f3a0375bf9dd56b06508567b425ea43911977692cb4ceb2bfc78,gx-no-cache=1713900728277 HTTP/1.1" 200 53
190.171.152.234 - - [23/Apr/2024:17:36:08 -0300] "POST /cormun/servlet/solicitudot?gx-no-cache=1713900728297 HTTP/1.1" 200 255
190.171.152.234 - - [23/Apr/2024:17:36:08 -0300] "GET /cormun/servlet/solicitudot?f95194babdb4086eafaafce2d75c46a2e1e4768e93e31ac5930d137a9059cb512efd7d790e68ad326f9b69a46c80351ed4654a7307821fab86810820c82c8dff9629f16af1d2d85605ba9a1f7a14cc2af2d8b95f1de439fe045af757a9c4503bb652ebb6043c960b633c60ce70223f67a928832573e193bcc38435ec8688a498ed9a691a96c76759854f9b87a7a65a00e6a2365cb3cd3f52765abaa33c9b6d1f79319fad63506abf0bdd4bfb37ed90feb389098271f1836518825563d172741c0a3f97160f76c8a7f8d24a5cced3dc643b3dc9ed4e6a3cc54504ce56e1291776ae5e629c6abc6142659b91640877736fa12b018f0212da091d796737044cf0865fc1443411b380aaf3d4e308cbd385b807d4a4d05a089f85e105c67e55d1ab6355467444cd07c9c5bfaf12ab2112c2c332feddbf7147e0b174c84f4ad0aa7c80958779efe56449bab1cefeec4e9708faf14d1c09ce8e5d1c6abc790c6b7e33b9fb1dde719e2e97b220853b2d7d5a31bfbb6b22c097f8394c33b4c02f9a95f14b,gx-no-cache=1713900728317 HTTP/1.1" 200 30
181.212.47.137 - - [23/Apr/2024:17:36:16 -0300] "GET /cormun/servlet/trsolicitudgral? HTTP/1.1" 200 12458
190.171.152.234 - - [23/Apr/2024:17:36:32 -0300] "POST /cormun/servlet/solicitudot?gx-no-cache=1713900753147 HTTP/1.1" 200 30
190.171.152.234 - - [23/Apr/2024:17:36:49 -0300] "GET /cormun/servlet/prcontratosol?18105519,,,,,MD,,gxPopupLevel%3D0%3B HTTP/1.1" 200 8029
190.171.152.234 - - [23/Apr/2024:17:36:49 -0300] "GET /cormun/static/gxcfg.js?202211298464198 HTTP/1.1" 200 953
190.171.152.234 - - [23/Apr/2024:17:36:49 -0300] "GET /cormun/static/prcontratosol.js?202211298464288 HTTP/1.1" 200 15806
190.171.152.234 - - [23/Apr/2024:17:37:01 -0300] "POST /cormun/servlet/solicitudot?gx-no-cache=1713900781988 HTTP/1.1" 200 1481
190.171.152.234 - - [23/Apr/2024:17:37:01 -0300] "POST /cormun/servlet/solicitudot?gx-no-cache=1713900782022 HTTP/1.1" 200 38
190.171.152.234 - - [23/Apr/2024:17:37:01 -0300] "GET /cormun/servlet/solicitudot?f95194babdb4086eafaafce2d75c46a2da7aa77490c8b9e9b6c7633767c792ab193569fc4a01ca9d34f019fb7ba9e605753af083d62714be20d9e4f8f8cfe35433c16178e877acda2c731f45733d44882662c658487d7f51e82848380e7db7388af711bf899ef7e60a62503033c50d9c,gx-no-cache=1713900782038 HTTP/1.1" 200 110
190.171.152.234 - - [23/Apr/2024:17:37:01 -0300] "POST /cormun/servlet/solicitudot?gx-no-cache=1713900782056 HTTP/1.1" 200 110
190.171.152.234 - - [23/Apr/2024:17:37:01 -0300] "GET /cormun/servlet/solicitudot?f95194babdb4086eafaafce2d75c46a2c78867fbd0462822e37803156bcab12e82faba7de2250bb011cfe10cac87f2a140f1e9a7db9696a30f89ca485c884c1569c069a7e5a0d610efb61003af234479415efdad2c71f51ad0609c5d0d99644a616b01a18af9f702d8263a56774f81487515e067607d2737c5258ab24c062e62f3b42ffd5cf5eef8996fedef9dc6c90f00e3c864d5f5107bd869e60731f4871c,gx-no-cache=1713900782078 HTTP/1.1" 200 29
190.171.152.234 - - [23/Apr/2024:17:37:01 -0300] "GET /cormun/servlet/solicitudot?f95194babdb4086eafaafce2d75c46a27ef6b068bd961a571eb52ccedc14b33edb66e8f164adc00eb07358f36f7ebc79,gx-no-cache=1713900782093 HTTP/1.1" 200 134
190.171.152.234 - - [23/Apr/2024:17:37:01 -0300] "GET /cormun/static/Shared/jqueryui/images/ui-icons_ebccce_256x240.png HTTP/1.1" 404 1089
190.171.152.234 - - [23/Apr/2024:17:37:01 -0300] "GET /cormun/static/Shared/jqueryui/images/ui-bg_flat_55_994d53_40x100.png HTTP/1.1" 404 1097
190.95.15.15 - - [23/Apr/2024:17:42:45 -0300] "GET /cormun/servlet/solicitudot?INS,0,0,false, HTTP/1.1" 200 15967
190.95.15.15 - - [23/Apr/2024:17:43:14 -0300] "POST /cormun/servlet/solicitudot?gx-no-cache=1713904770370 HTTP/1.1" 200 4022
190.95.15.15 - - [23/Apr/2024:17:43:14 -0300] "POST /cormun/servlet/solicitudot?64eaac908d6f650e09f97acd2b9b3a90,INS,0,0,false,,gx-no-cache=1713904770561 HTTP/1.1" 200 12601
190.95.15.15 - - [23/Apr/2024:17:43:20 -0300] "GET /cormun/servlet/solicitudot?fab6585fd8ed3929b1c768a0a795d60a8ba82a0c558be57b8123deaa80d689c02ee7c3f55432a76b84299dc58627be28,gx-no-cache=1713904776740 HTTP/1.1" 200 30
190.171.154.42 - - [23/Apr/2024:17:43:37 -0300] "GET /cormun/servlet/trsolicitudot? HTTP/1.1" 200 6336
190.171.154.42 - - [23/Apr/2024:17:43:38 -0300] "GET /cormun/servlet/hlogin HTTP/1.1" 200 1738
190.171.154.42 - - [23/Apr/2024:17:43:44 -0300] "POST /cormun/servlet/hlogin?cbd5d173000d8dfead94a6efab930fe1,gx-no-cache=1713904801007 HTTP/1.1" 200 90
190.171.154.42 - - [23/Apr/2024:17:43:44 -0300] "GET /cormun/servlet/hpexe_link HTTP/1.1" 200 955
190.171.154.42 - - [23/Apr/2024:17:43:44 -0300] "GET /cormun/servlet/trsolicitudot HTTP/1.1" 200 7317
190.171.154.42 - - [23/Apr/2024:17:43:52 -0300] "GET /cormun/servlet/solicitudot?INS,0,0,false, HTTP/1.1" 200 16260
190.171.154.42 - - [23/Apr/2024:17:43:52 -0300] "GET /cormun/static/gxcfg.js?20221129840861 HTTP/1.1" 200 953
190.171.154.42 - - [23/Apr/2024:17:43:52 -0300] "GET /cormun/static/solicitudot.js?20221129840983 HTTP/1.1" 200 74072
190.171.154.42 - - [23/Apr/2024:17:44:04 -0300] "POST /cormun/servlet/solicitudot?gx-no-cache=1713904820921 HTTP/1.1" 200 4031
190.171.154.42 - - [23/Apr/2024:17:44:04 -0300] "POST /cormun/servlet/solicitudot?cbd5d173000d8dfead94a6efab930fe1,INS,0,0,false,,gx-no-cache=1713904821055 HTTP/1.1" 200 12889
190.171.154.42 - - [23/Apr/2024:17:44:10 -0300] "GET /cormun/servlet/solicitudot?679e735d7d5b2840c5dc8fd2d18935af0e6bb823ac5d9e82a79e990e05aba2a090876a5f9a68198107e3a401b3c3624f,gx-no-cache=1713904826936 HTTP/1.1" 200 30
14.116.254.172 - - [23/Apr/2024:17:44:46 -0300] "GET / HTTP/1.1" 200 11217
181.212.47.137 - - [23/Apr/2024:17:45:16 -0300] "GET /cormun/servlet/vesolicitudgral?2024,21306,, HTTP/1.1" 200 8364
181.212.47.137 - - [23/Apr/2024:17:45:16 -0300] "GET /cormun/pexe_scrolldiv.js HTTP/1.1" 404 1009
190.171.143.90 - - [23/Apr/2024:17:45:30 -0300] "GET /cormun/servlet/hlogin HTTP/1.1" 200 1725
190.171.152.234 - - [23/Apr/2024:17:45:36 -0300] "GET /cormun/static/menuarrow.gif HTTP/1.1" 404 1015
190.95.15.15 - - [23/Apr/2024:17:45:37 -0300] "GET /cormun/servlet/prbanco?,MD,,gxPopupLevel%3D0%3B HTTP/1.1" 200 6581
190.95.15.15 - - [23/Apr/2024:17:45:37 -0300] "GET /cormun/static/gxcfg.js?20201216131581 HTTP/1.1" 200 953
190.95.15.15 - - [23/Apr/2024:17:45:37 -0300] "GET /cormun/static/prbanco.js?20201216132311 HTTP/1.1" 200 10693
190.171.143.90 - - [23/Apr/2024:17:45:38 -0300] "POST /cormun/servlet/hlogin?391887065eaabb4bfea75302a42eb368,gx-no-cache=1713904914564 HTTP/1.1" 200 434
190.95.15.15 - - [23/Apr/2024:17:45:42 -0300] "GET /cormun/servlet/solicitudot?fab6585fd8ed3929b1c768a0a795d60ace4ea93c41aeb34a523af13cd5602ddba82b3a504bafe405b3e4baab7952954ab7c81150eaba0dac962ef9a2fda9add4,gx-no-cache=1713904918595 HTTP/1.1" 200 30
190.95.15.15 - - [23/Apr/2024:17:45:43 -0300] "GET /cormun/servlet/solicitudot?fab6585fd8ed3929b1c768a0a795d60a53f9d93a464b292f5d5d00cea7094823,gx-no-cache=1713904919767 HTTP/1.1" 200 53
190.171.143.90 - - [23/Apr/2024:17:45:46 -0300] "POST /cormun/servlet/hlogin?391887065eaabb4bfea75302a42eb368,gx-no-cache=1713904922843 HTTP/1.1" 200 90
190.171.143.90 - - [23/Apr/2024:17:45:46 -0300] "GET /cormun/servlet/hpexe_link HTTP/1.1" 200 955
190.171.143.90 - - [23/Apr/2024:17:45:47 -0300] "GET /cormun/servlet/hhome HTTP/1.1" 200 4327
190.171.143.90 - - [23/Apr/2024:17:45:49 -0300] "GET /cormun/servlet/trlicencias? HTTP/1.1" 200 14627
190.95.15.15 - - [23/Apr/2024:17:45:56 -0300] "POST /cormun/servlet/solicitudot?gx-no-cache=1713904932703 HTTP/1.1" 200 297
190.95.15.15 - - [23/Apr/2024:17:45:56 -0300] "GET /cormun/servlet/solicitudot?fab6585fd8ed3929b1c768a0a795d60a3617638ed47596efac5839434a458ac43328d70ddca897d72e2f0984ab8136b6238b1547ab3dbf28902f43ceb8acef5d8119441504a0fd34b00c3d8c7d3d0c2f3107701a5e3dbee455098ccf8f65654fcc57f20d853f517da3672ecddf60581c0ea3133bce1ee115ec32103b32be3759a5cdee348ba5a887aaad2a081942e86dd81a489caf26c1f9d91d5ab21a76f323f7a7aaedcfcdeb274a8d4fbc8fab2b94d28a7684befa12f74ef80974a5ef376d01b5503d27861620509af287135751487e3d645b3085e653e141957bec5b7e22bd830ebf35e5fc4006f1d5672d8ed007d79da225f6d1e3306a83816a1ceb39a44512ed0e1e00c70c64d212084f35c2058a9d82fd05f5fe697adfb5992e6975f2318d9435d3fe7eef25955b6c63222ec903f9df15860fa561304173c68674334c8ad77efdce6343e8908a2cf12f44d6e653907b78a40ce584f352c639a6fdb7330a2471907f4a87fc99db24e9dac804c21812e3841c734121ba36ad421efef46e67999a4127a6b373ec27b9b2fd028d07,gx-no-cache=1713904932725 HTTP/1.1" 200 30
190.95.15.15 - - [23/Apr/2024:17:45:58 -0300] "POST /cormun/servlet/solicitudot?gx-no-cache=1713904934769 HTTP/1.1" 200 30
190.95.15.15 - - [23/Apr/2024:17:46:01 -0300] "GET /cormun/servlet/prfichaempleado?,MD,,gxPopupLevel%3D0%3B HTTP/1.1" 200 9273
190.95.15.15 - - [23/Apr/2024:17:46:01 -0300] "GET /cormun/static/gxcfg.js?20201215571085 HTTP/1.1" 200 953
190.95.15.15 - - [23/Apr/2024:17:46:01 -0300] "GET /cormun/static/prfichaempleado.js?20201215572193 HTTP/1.1" 200 16005
190.171.152.234 - - [23/Apr/2024:17:46:37 -0300] "GET /cormun/servlet/solicitudot?f95194babdb4086eafaafce2d75c46a236b3dfb5b87e63fccaa9b51086d87773fca7c67b81904fdb3057a860b0529936,gx-no-cache=1713901357282 HTTP/1.1" 200 30
190.171.152.234 - - [23/Apr/2024:17:46:37 -0300] "POST /cormun/servlet/solicitudot?gx-no-cache=1713901357355 HTTP/1.1" 200 33
190.171.152.234 - - [23/Apr/2024:17:46:37 -0300] "POST /cormun/servlet/solicitudot?b4ff18e462a07c9c333f67db3b417de9,INS,0,0,false,,gx-no-cache=1713901357424 HTTP/1.1" 200 93
190.171.152.234 - - [23/Apr/2024:17:46:37 -0300] "GET /cormun/servlet/hpexe_return? HTTP/1.1" 200 1015
190.171.152.234 - - [23/Apr/2024:17:46:38 -0300] "GET /cormun/servlet/trsolicitudot? HTTP/1.1" 200 17395
190.95.15.15 - - [23/Apr/2024:17:46:41 -0300] "GET /cormun/servlet/prlicenciaspermisos?19261676,L,,MD,,gxPopupLevel%3D0%3B HTTP/1.1" 200 5863
190.95.15.15 - - [23/Apr/2024:17:46:41 -0300] "GET /cormun/static/gxcfg.js?2020121559567 HTTP/1.1" 200 953
190.95.15.15 - - [23/Apr/2024:17:46:41 -0300] "GET /cormun/static/prlicenciaspermisos.js?2020121559821 HTTP/1.1" 200 13379
190.95.15.15 - - [23/Apr/2024:17:46:44 -0300] "POST /cormun/servlet/solicitudot?gx-no-cache=1713904980562 HTTP/1.1" 200 1483
190.171.152.234 - - [23/Apr/2024:17:46:47 -0300] "POST /cormun/servlet/trsolicitudot?b4ff18e462a07c9c333f67db3b417de9,,gx-no-cache=1713901367133 HTTP/1.1" 200 14810
190.171.152.234 - - [23/Apr/2024:17:46:47 -0300] "GET /cormun/static/Shared/jqueryui/images/ui-bg_highlight-soft_100_c6c2c8_1x100.png HTTP/1.1" 404 1117
190.171.152.234 - - [23/Apr/2024:17:46:47 -0300] "GET /cormun/static/Shared/jqueryui/images/ui-icons_82798d_256x240.png HTTP/1.1" 404 1089
190.171.152.234 - - [23/Apr/2024:17:46:47 -0300] "GET /cormun/static/Shared/jqueryui/images/ui-icons_8d78a5_256x240.png HTTP/1.1" 404 1089
190.171.152.234 - - [23/Apr/2024:17:46:47 -0300] "GET /cormun/static/Shared/jqueryui/images/ui-bg_flat_55_fafafa_40x100.png HTTP/1.1" 404 1097
190.171.152.234 - - [23/Apr/2024:17:46:47 -0300] "POST /cormun/servlet/trsolicitudot?b4ff18e462a07c9c333f67db3b417de9,,gx-no-cache=1713901367588 HTTP/1.1" 200 14753
190.95.15.15 - - [23/Apr/2024:17:46:48 -0300] "POST /cormun/servlet/solicitudot?gx-no-cache=1713904984648 HTTP/1.1" 200 41
190.171.152.234 - - [23/Apr/2024:17:46:51 -0300] "GET /cormun/servlet/trautorizarsolicitud? HTTP/1.1" 200 8826
190.171.152.234 - - [23/Apr/2024:17:46:55 -0300] "POST /cormun/servlet/trautorizarsolicitud?b4ff18e462a07c9c333f67db3b417de9,,gx-no-cache=1713901376091 HTTP/1.1" 200 4810
190.171.152.234 - - [23/Apr/2024:17:46:55 -0300] "GET /cormun/static/Shared/jqueryui/images/ui-icons_82798d_256x240.png HTTP/1.1" 404 1089
190.171.152.234 - - [23/Apr/2024:17:46:55 -0300] "GET /cormun/static/Shared/jqueryui/images/ui-bg_highlight-soft_100_c6c2c8_1x100.png HTTP/1.1" 404 1117
190.171.152.234 - - [23/Apr/2024:17:46:55 -0300] "GET /cormun/static/Shared/jqueryui/images/ui-bg_flat_55_fafafa_40x100.png HTTP/1.1" 404 1097
190.171.152.234 - - [23/Apr/2024:17:46:55 -0300] "GET /cormun/static/Shared/jqueryui/images/ui-icons_8d78a5_256x240.png HTTP/1.1" 404 1089
190.171.152.234 - - [23/Apr/2024:17:46:56 -0300] "POST /cormun/servlet/trautorizarsolicitud?b4ff18e462a07c9c333f67db3b417de9,,gx-no-cache=1713901376195 HTTP/1.1" 200 4562
190.171.152.234 - - [23/Apr/2024:17:47:14 -0300] "GET /cormun/servlet/trsolicitudot? HTTP/1.1" 200 17390
190.95.15.15 - - [23/Apr/2024:17:48:20 -0300] "GET /cormun/servlet/solicitudot?fab6585fd8ed3929b1c768a0a795d60a06eb0dc3b721dff1f41c3ac3e75ce3bf509dfc822c17c1cf2cd1f69ba1c3567e4ad4815d8043ee97e55d4a774661de1bc89af1ca6e7cd992e353b521a1d6597d263b44937d1a9381132dc89104be1669ca764078663b5adfa6329b30bfc5379a,gx-no-cache=1713905076878 HTTP/1.1" 200 110
190.95.15.15 - - [23/Apr/2024:17:48:20 -0300] "POST /cormun/servlet/solicitudot?gx-no-cache=1713905076918 HTTP/1.1" 200 72
181.212.47.137 - - [23/Apr/2024:17:48:32 -0300] "GET /cormun/servlet/hlogin HTTP/1.1" 200 1714
190.171.152.234 - - [23/Apr/2024:17:48:34 -0300] "GET /cormun/servlet/solicitudot?INS,0,0,false, HTTP/1.1" 200 16272
181.212.47.137 - - [23/Apr/2024:17:48:38 -0300] "POST /cormun/servlet/hlogin?70090d4cc34ce18d7f8304780beb5e3b,gx-no-cache=1713905093013 HTTP/1.1" 200 90
181.212.47.137 - - [23/Apr/2024:17:48:38 -0300] "GET /cormun/servlet/hpexe_link HTTP/1.1" 200 976
190.95.15.15 - - [23/Apr/2024:17:48:38 -0300] "GET /cormun/servlet/solicitudot?fab6585fd8ed3929b1c768a0a795d60a3e81c3f8e9f9751b4c5fdb8709cc92fea123fae7bb21548d7883ba8330e36f88be37cb5777921874deea1dd0bd7447e3cc80327bc91761b021762d0267eef463efe4673d37afa38213330ec4ba4c74fb2b4efdd9981338e7535e99acb038bf47,gx-no-cache=1713905094790 HTTP/1.1" 200 29
190.95.15.15 - - [23/Apr/2024:17:48:38 -0300] "GET /cormun/static/menuarrow.gif HTTP/1.1" 404 1015
190.95.15.15 - - [23/Apr/2024:17:48:42 -0300] "GET /cormun/servlet/solicitudot?fab6585fd8ed3929b1c768a0a795d60affd10967f31818d150666bb68d2ccf6b60b331e693c56bfa11a8789af6aee719,gx-no-cache=1713905098732 HTTP/1.1" 200 30
190.95.15.15 - - [23/Apr/2024:17:48:42 -0300] "POST /cormun/servlet/solicitudot?gx-no-cache=1713905098752 HTTP/1.1" 200 34
200.54.103.162 - - [23/Apr/2024:17:48:44 -0300] "GET /cormun/servlet/hhome HTTP/1.1" 200 3322
200.54.103.162 - - [23/Apr/2024:17:48:44 -0300] "GET /cormun/servlet/hlogin HTTP/1.1" 200 1732
200.54.103.162 - - [23/Apr/2024:17:48:46 -0300] "POST /cormun/servlet/hlogin?f9bd3f155f23921b73f48fc66e1396ab,gx-no-cache=1713905103134 HTTP/1.1" 200 90
200.54.103.162 - - [23/Apr/2024:17:48:46 -0300] "GET /cormun/servlet/hpexe_link HTTP/1.1" 200 950
200.54.103.162 - - [23/Apr/2024:17:48:47 -0300] "GET /cormun/servlet/hhome HTTP/1.1" 200 4342
200.54.103.162 - - [23/Apr/2024:17:48:50 -0300] "GET /cormun/servlet/trlicencias? HTTP/1.1" 200 12132
200.54.103.162 - - [23/Apr/2024:17:48:56 -0300] "GET /cormun/servlet/hlogin HTTP/1.1" 200 1738
190.171.152.234 - - [23/Apr/2024:17:49:00 -0300] "POST /cormun/servlet/solicitudot?gx-no-cache=1713901500512 HTTP/1.1" 200 4031
190.171.152.234 - - [23/Apr/2024:17:49:00 -0300] "POST /cormun/servlet/solicitudot?b4ff18e462a07c9c333f67db3b417de9,INS,0,0,false,,gx-no-cache=1713901500629 HTTP/1.1" 200 12891
190.171.152.234 - - [23/Apr/2024:17:49:03 -0300] "GET /cormun/servlet/solicitudot?f95194babdb4086eafaafce2d75c46a24dfb56920af22c2faaf8ead962ebb8d1342742c7c4eedbeddca5ba523e39a765,gx-no-cache=1713901503537 HTTP/1.1" 200 30
181.212.47.137 - - [23/Apr/2024:17:49:04 -0300] "GET /cormun/servlet/vesolicitudgral?2024,21306,,SolicitudOTAdjuntos HTTP/1.1" 200 11118
181.212.47.137 - - [23/Apr/2024:17:49:04 -0300] "GET /cormun/servlet/vesolicitudgral?2024,21306,,SolicitudOTAdjuntos HTTP/1.1" 200 11128
181.212.47.137 - - [23/Apr/2024:17:49:04 -0300] "GET /cormun/servlet/vesolicitudgral?2024,21306,,SolicitudOTAdjuntos HTTP/1.1" 200 11127
181.212.47.137 - - [23/Apr/2024:17:49:04 -0300] "GET /cormun/pexe_scrolldiv.js HTTP/1.1" 404 1009
181.212.47.137 - - [23/Apr/2024:17:49:05 -0300] "POST /cormun/servlet/acontrolpreferencessavestate?None,RRHH+DANIELA,true HTTP/1.1" 200 35
181.212.47.137 - - [23/Apr/2024:17:49:09 -0300] "GET /cormun/PublicTempStorage/afp-valeska_vera_2024322267.pdf HTTP/1.1" 200 61352
181.212.47.137 - - [23/Apr/2024:17:49:11 -0300] "GET /cormun/servlet/vesolicitudgral?2024,21306,,SolicitudOTAdjuntos HTTP/1.1" 200 11122
181.212.47.137 - - [23/Apr/2024:17:49:12 -0300] "POST /cormun/servlet/acontrolpreferencessavestate?None,RRHH+DANIELA,true HTTP/1.1" 200 35
181.212.47.137 - - [23/Apr/2024:17:49:13 -0300] "GET /cormun/PublicTempStorage/fonasa-valeska_vera_20241033452.pdf HTTP/1.1" 200 133820
181.212.47.137 - - [23/Apr/2024:17:49:15 -0300] "GET /cormun/servlet/vesolicitudgral?2024,21306,,SolicitudOTAdjuntos HTTP/1.1" 200 11126
181.212.47.137 - - [23/Apr/2024:17:49:16 -0300] "POST /cormun/servlet/acontrolpreferencessavestate?None,RRHH+DANIELA,true HTTP/1.1" 200 35
190.95.15.15 - - [23/Apr/2024:17:49:17 -0300] "POST /cormun/servlet/solicitudot?64eaac908d6f650e09f97acd2b9b3a90,INS,0,0,false,,gx-no-cache=1713905126969 HTTP/1.1" 200 93
190.95.15.15 - - [23/Apr/2024:17:49:17 -0300] "GET /cormun/servlet/hpexe_return? HTTP/1.1" 200 1009
190.95.15.15 - - [23/Apr/2024:17:49:17 -0300] "GET /cormun/servlet/trsolicitudot HTTP/1.1" 200 8503
181.212.47.137 - - [23/Apr/2024:17:49:19 -0300] "GET /cormun/servlet/vesolicitudgral?2024,21306,,General HTTP/1.1" 200 8367
181.212.47.137 - - [23/Apr/2024:17:49:19 -0300] "GET /cormun/pexe_scrolldiv.js HTTP/1.1" 404 1009
190.171.152.234 - - [23/Apr/2024:17:49:20 -0300] "GET /cormun/servlet/hlogin HTTP/1.1" 200 1726
190.95.15.15 - - [23/Apr/2024:17:49:27 -0300] "POST /cormun/servlet/trsolicitudot?64eaac908d6f650e09f97acd2b9b3a90,gx-no-cache=1713905143430 HTTP/1.1" 200 111
190.95.15.15 - - [23/Apr/2024:17:49:27 -0300] "GET /cormun/servlet/solicitudot?UPD,2024,21312,false, HTTP/1.1" 200 16595
190.95.15.15 - - [23/Apr/2024:17:49:28 -0300] "POST /cormun/servlet/solicitudot?gx-no-cache=1713905144207 HTTP/1.1" 200 4105
190.171.152.234 - - [23/Apr/2024:17:49:28 -0300] "POST /cormun/servlet/hlogin?b4ff18e462a07c9c333f67db3b417de9,gx-no-cache=1713901528449 HTTP/1.1" 200 434
190.95.15.15 - - [23/Apr/2024:17:49:28 -0300] "POST /cormun/servlet/solicitudot?64eaac908d6f650e09f97acd2b9b3a90,UPD,2024,21312,false,,gx-no-cache=1713905144299 HTTP/1.1" 200 12777
190.95.15.15 - - [23/Apr/2024:17:49:28 -0300] "GET /cormun/servlet/solicitudot?fab6585fd8ed3929b1c768a0a795d60a8ba82a0c558be57b8123deaa80d689c03cbe6ee7c557d0be8ca3f91c2c11df6f,gx-no-cache=1713905144388 HTTP/1.1" 200 30
190.95.15.15 - - [23/Apr/2024:17:49:28 -0300] "GET /cormun/servlet/solicitudot?fab6585fd8ed3929b1c768a0a795d60ace4ea93c41aeb34a523af13cd5602ddba82b3a504bafe405b3e4baab7952954a65cb38df6a9f743cff04738e9073c5b8,gx-no-cache=1713905144409 HTTP/1.1" 200 30
190.95.15.15 - - [23/Apr/2024:17:49:28 -0300] "GET /cormun/servlet/solicitudot?fab6585fd8ed3929b1c768a0a795d60a4520314a384dafc5518dc1e24b934b6cafb84ad59d35e79f37662e133beb2fb3fc916e181173601d3cea7a1b5d8e9191,gx-no-cache=1713905144423 HTTP/1.1" 200 53
190.95.15.15 - - [23/Apr/2024:17:49:28 -0300] "POST /cormun/servlet/solicitudot?gx-no-cache=1713905144442 HTTP/1.1" 200 295
190.95.15.15 - - [23/Apr/2024:17:49:28 -0300] "GET /cormun/servlet/solicitudot?fab6585fd8ed3929b1c768a0a795d60a3617638ed47596efac5839434a458ac43328d70ddca897d72e2f0984ab8136b6238b1547ab3dbf28902f43ceb8acef5d8119441504a0fd34b00c3d8c7d3d0c2f3107701a5e3dbee455098ccf8f65654fcc57f20d853f517da3672ecddf60581c0ea3133bce1ee115ec32103b32be3759a5cdee348ba5a887aaad2a081942e86dd81a489caf26c1f9d91d5ab21a76f323f7a7aaedcfcdeb274a8d4fbc8fab2b94d28a7684befa12f74ef80974a5ef376d01b5503d27861620509af287135751487e3d645b3085e653e141957bec5b7e22bd830ebf35e5fc4006f1d5672d8ed007d79da225f6d1e3306a83816a1ceb39a44512ed0e1e00c70c64d212084f35c2058a9d82fd05f5fe697adfb5992e6975f2318d9435d3fe7eef25955b6c63222ec903f9df15860fa561304173c68674334c8ad77efdce6343e8908a2cf12f44d6e653907b78a40ce584f352c639a6fdb7330a2471907f4a87fc99db24e9dac804c22502a91ad4acd7c7c839dfdd2e0f3a2267999a4127a6b373ec27b9b2fd028d07,gx-no-cache=1713905144460 HTTP/1.1" 200 30
190.95.15.15 - - [23/Apr/2024:17:49:28 -0300] "POST /cormun/servlet/solicitudot?gx-no-cache=1713905144477 HTTP/1.1" 200 30
190.95.15.15 - - [23/Apr/2024:17:49:28 -0300] "POST /cormun/servlet/solicitudot?gx-no-cache=1713905144495 HTTP/1.1" 200 1483
190.95.15.15 - - [23/Apr/2024:17:49:28 -0300] "POST /cormun/servlet/solicitudot?gx-no-cache=1713905144561 HTTP/1.1" 200 41
181.212.47.137 - - [23/Apr/2024:17:49:30 -0300] "GET /cormun/servlet/vesolicitudgral?2024,21306,,SolicitudOTAdjuntos HTTP/1.1" 200 11127
181.212.47.137 - - [23/Apr/2024:17:49:30 -0300] "GET /cormun/pexe_scrolldiv.js HTTP/1.1" 404 1009
181.212.47.137 - - [23/Apr/2024:17:49:31 -0300] "POST /cormun/servlet/acontrolpreferencessavestate?None,RRHH+DANIELA,true HTTP/1.1" 200 35
181.212.47.137 - - [23/Apr/2024:17:49:32 -0300] "GET /cormun/PublicTempStorage/titulo-valeska_vera_20246386861.pdf HTTP/1.1" 200 188943
190.171.152.234 - - [23/Apr/2024:17:49:33 -0300] "POST /cormun/servlet/hlogin?b4ff18e462a07c9c333f67db3b417de9,gx-no-cache=1713901533495 HTTP/1.1" 200 90
190.171.152.234 - - [23/Apr/2024:17:49:33 -0300] "GET /cormun/servlet/hpexe_link HTTP/1.1" 200 972
190.171.152.234 - - [23/Apr/2024:17:49:33 -0300] "GET /cormun/servlet/solicitudot?INS,0,0,false, HTTP/1.1" 200 16275
181.212.47.137 - - [23/Apr/2024:17:49:36 -0300] "GET /cormun/servlet/vesolicitudgral?2024,21306,,SolicitudOTAdjuntos HTTP/1.1" 200 11130
181.212.47.137 - - [23/Apr/2024:17:49:37 -0300] "POST /cormun/servlet/acontrolpreferencessavestate?None,RRHH+DANIELA,true HTTP/1.1" 200 35
181.212.47.137 - - [23/Apr/2024:17:49:38 -0300] "GET /cormun/servlet/vesolicitudgral?2024,21306,,General HTTP/1.1" 200 8367
181.212.47.137 - - [23/Apr/2024:17:49:38 -0300] "GET /cormun/pexe_scrolldiv.js HTTP/1.1" 404 1009
190.95.15.15 - - [23/Apr/2024:17:49:38 -0300] "GET /cormun/servlet/solicitudot?fab6585fd8ed3929b1c768a0a795d60a06eb0dc3b721dff1f41c3ac3e75ce3bf509dfc822c17c1cf2cd1f69ba1c3567e4ad4815d8043ee97e55d4a774661de1bc89af1ca6e7cd992e353b521a1d6597d263b44937d1a9381132dc89104be1669ca764078663b5adfa6329b30bfc5379a,gx-no-cache=1713905154540 HTTP/1.1" 200 110
190.95.15.15 - - [23/Apr/2024:17:49:38 -0300] "POST /cormun/servlet/solicitudot?gx-no-cache=1713905154559 HTTP/1.1" 200 67
190.95.15.15 - - [23/Apr/2024:17:49:38 -0300] "GET /cormun/servlet/solicitudot?fab6585fd8ed3929b1c768a0a795d60a8a96718a6bf49b4f859cc07809aa15813dab1d768fed228c464c539eeb9fa9b61770d639a5d0e363e6a1eda365415d83e774fac51f3061aea4763525c3020428293e50bf6076661fa808d0a963072d13a9c4b3b4655998dfe01e708ac46af846,gx-no-cache=1713905154584 HTTP/1.1" 200 29
190.95.15.15 - - [23/Apr/2024:17:49:38 -0300] "GET /cormun/servlet/solicitudot?fab6585fd8ed3929b1c768a0a795d60affd10967f31818d150666bb68d2ccf6b60b331e693c56bfa11a8789af6aee719,gx-no-cache=1713905154601 HTTP/1.1" 200 30
190.95.15.15 - - [23/Apr/2024:17:49:38 -0300] "POST /cormun/servlet/solicitudot?gx-no-cache=1713905154618 HTTP/1.1" 200 34
190.95.15.15 - - [23/Apr/2024:17:49:38 -0300] "POST /cormun/servlet/solicitudot?64eaac908d6f650e09f97acd2b9b3a90,UPD,2024,21312,false,,gx-no-cache=1713905154639 HTTP/1.1" 200 93
190.95.15.15 - - [23/Apr/2024:17:49:38 -0300] "GET /cormun/servlet/hpexe_return? HTTP/1.1" 200 1015
190.95.15.15 - - [23/Apr/2024:17:49:38 -0300] "GET /cormun/servlet/trsolicitudot HTTP/1.1" 200 8503
190.171.152.234 - - [23/Apr/2024:17:49:39 -0300] "GET /cormun/servlet/trsolicitudot? HTTP/1.1" 200 17398
190.95.15.15 - - [23/Apr/2024:17:49:41 -0300] "POST /cormun/servlet/trsolicitudot?64eaac908d6f650e09f97acd2b9b3a90,gx-no-cache=1713905157600 HTTP/1.1" 200 106
190.95.15.15 - - [23/Apr/2024:17:49:41 -0300] "GET /cormun/servlet/trsolicitudadjuntos?2024,21312, HTTP/1.1" 200 6088
190.95.15.15 - - [23/Apr/2024:17:49:41 -0300] "GET /cormun/static/gxcfg.js?20201215574222 HTTP/1.1" 200 953
190.95.15.15 - - [23/Apr/2024:17:49:41 -0300] "GET /cormun/static/trsolicitudadjuntos.js?20201215574932 HTTP/1.1" 200 17921
190.95.15.15 - - [23/Apr/2024:17:49:41 -0300] "GET /cormun/static/Resources/PXToolsGridNew.png HTTP/1.1" 200 427
190.171.152.234 - - [23/Apr/2024:17:49:42 -0300] "GET /cormun/servlet/solicitudot?INS,0,0,false, HTTP/1.1" 200 16273
190.95.15.15 - - [23/Apr/2024:17:49:43 -0300] "GET /cormun/servlet/solicitudotadjuntos?INS,2024,21312,,1, HTTP/1.1" 200 6033
190.95.15.15 - - [23/Apr/2024:17:49:43 -0300] "GET /cormun/static/solicitudotadjuntos.js?202211298385196 HTTP/1.1" 200 11771
190.95.15.15 - - [23/Apr/2024:17:49:43 -0300] "GET /cormun/static/gxcfg.js?202211298385187 HTTP/1.1" 200 953
190.95.15.15 - - [23/Apr/2024:17:49:43 -0300] "GET /cormun/static/about:blank HTTP/1.1" 404 1011
190.95.15.15 - - [23/Apr/2024:17:49:44 -0300] "GET /cormun/servlet/solicitudotadjuntos?fab6585fd8ed3929b1c768a0a795d60a9cbef7470566352d256392703acb12c78ddc1e556fabefe9f33fe9febbb99624,gx-no-cache=1713905160551 HTTP/1.1" 200 30
190.95.15.15 - - [23/Apr/2024:17:49:44 -0300] "POST /cormun/servlet/solicitudotadjuntos?64eaac908d6f650e09f97acd2b9b3a90,INS,2024,21312,,1,,gx-no-cache=1713905160568 HTTP/1.1" 200 3876
190.95.15.15 - - [23/Apr/2024:17:49:56 -0300] "POST /cormun/servlet/solicitudotadjuntos?gx-no-cache=1713905172623 HTTP/1.1" 200 26
190.171.152.234 - - [23/Apr/2024:17:49:56 -0300] "POST /cormun/servlet/solicitudot?gx-no-cache=1713901557009 HTTP/1.1" 200 4031
190.171.152.234 - - [23/Apr/2024:17:49:56 -0300] "POST /cormun/servlet/solicitudot?b4ff18e462a07c9c333f67db3b417de9,INS,0,0,false,,gx-no-cache=1713901557125 HTTP/1.1" 200 12892
190.171.152.234 - - [23/Apr/2024:17:50:00 -0300] "GET /cormun/servlet/solicitudot?f95194babdb4086eafaafce2d75c46a24dfb56920af22c2faaf8ead962ebb8d1342742c7c4eedbeddca5ba523e39a765,gx-no-cache=1713901560337 HTTP/1.1" 200 30
190.95.15.15 - - [23/Apr/2024:17:50:05 -0300] "POST /cormun/servlet/solicitudotadjuntos?64eaac908d6f650e09f97acd2b9b3a90,INS,2024,21312,,1,,gx-no-cache=1713905181911 HTTP/1.1" 200 93
190.95.15.15 - - [23/Apr/2024:17:50:05 -0300] "GET /cormun/servlet/hpexe_return? HTTP/1.1" 200 1026
190.95.15.15 - - [23/Apr/2024:17:50:05 -0300] "GET /cormun/servlet/trsolicitudadjuntos?2024,21312, HTTP/1.1" 200 6093
190.95.15.15 - - [23/Apr/2024:17:50:09 -0300] "GET /cormun/servlet/trsolicitudot? HTTP/1.1" 200 8506
190.171.154.42 - - [23/Apr/2024:17:50:26 -0300] "GET /cormun/static/Resources/resize.gif HTTP/1.1" 200 77
190.171.154.42 - - [23/Apr/2024:17:50:26 -0300] "GET /cormun/static/Resources/PXTools/ClosePrompt.png HTTP/1.1" 200 1036
190.171.154.42 - - [23/Apr/2024:17:50:26 -0300] "GET /cormun/servlet/prbanco?,MD,,gxPopupLevel%3D0%3B HTTP/1.1" 200 6603
190.171.154.42 - - [23/Apr/2024:17:50:26 -0300] "GET /cormun/static/gxcfg.js?20201216131581 HTTP/1.1" 200 953
190.171.154.42 - - [23/Apr/2024:17:50:26 -0300] "GET /cormun/static/Resources/PXToolsMenuSearchCancel.png HTTP/1.1" 200 306
190.171.154.42 - - [23/Apr/2024:17:50:26 -0300] "GET /cormun/static/Resources/PXToolsMenuSearch.png HTTP/1.1" 200 336
190.171.154.42 - - [23/Apr/2024:17:50:26 -0300] "GET /cormun/static/prbanco.js?20201216132311 HTTP/1.1" 200 10693
190.171.154.42 - - [23/Apr/2024:17:50:26 -0300] "GET /cormun/static/menusearch.js?20201214473581 HTTP/1.1" 200 1424
190.171.154.42 - - [23/Apr/2024:17:50:26 -0300] "GET /cormun/static/hmpwkw011.js?202211298443482 HTTP/1.1" 200 1968
190.171.154.42 - - [23/Apr/2024:17:50:33 -0300] "GET /cormun/servlet/solicitudot?679e735d7d5b2840c5dc8fd2d18935afb1cc7914b967a4f3dcf094d4be9a55f821ed755abb5cf32364adc58609b31c50,gx-no-cache=1713905209498 HTTP/1.1" 200 30
190.171.154.42 - - [23/Apr/2024:17:50:34 -0300] "GET /cormun/servlet/solicitudot?679e735d7d5b2840c5dc8fd2d18935af48d39d2da6d0b38cb74ac08b22d47b5a,gx-no-cache=1713905211011 HTTP/1.1" 200 60
190.171.154.42 - - [23/Apr/2024:17:50:47 -0300] "POST /cormun/servlet/solicitudot?gx-no-cache=1713905224115 HTTP/1.1" 200 255
190.171.154.42 - - [23/Apr/2024:17:50:53 -0300] "GET /cormun/servlet/solicitudot?679e735d7d5b2840c5dc8fd2d18935afe65be7111e5f1996942a49e9407836c20d67bba9a9fa7a07c3ccf7cf01c45faf0785aa70d629e6fd356cc7ddc872f30f308d601b24dd5d6c0a23ad202a96fcff90f45349df6f5a55331a4964709371af3ffa1d23acf2791228f0659be45e1cfd4e8e1a843eaa97b01929302751a9815fd76ec5753756a8c1f83ec812e9faf1db96f8ec579722b9bcfba4991b0dc64a9393b51b675de076bff6be55edfde93d690fd21dd80eaa20c8f5e14177318e22e317f72cc8349fbdbe7d06b37ea41f5ff9bf9ba02542550ef4cce1eb3bb509261ed02867df0f4dfc7121c5b732d65c9e979d8c156378b80426f075f3588a138902985e80f35944ed8b2b12a75d115f9be9901852ff3830d801f48108200eccfb48971aa14f219bc131ba5a569c08fefd326fd76c93c5daf5a4b2349de942e5cc7e6f96bfc991339cf220ecefe21a19d61d246fc445d4f996b7fd6b8e1a2a4ee36088f1b96bd5530c855fce27894d4d3edbec2c1ac54c63ebf5fadc9bc5927f6d46,gx-no-cache=1713905230391 HTTP/1.1" 200 30
190.171.154.42 - - [23/Apr/2024:17:50:58 -0300] "POST /cormun/servlet/solicitudot?gx-no-cache=1713905234926 HTTP/1.1" 200 30
190.171.154.42 - - [23/Apr/2024:17:51:02 -0300] "POST /cormun/servlet/solicitudot?gx-no-cache=1713905238489 HTTP/1.1" 200 1481
190.171.154.42 - - [23/Apr/2024:17:51:02 -0300] "POST /cormun/servlet/solicitudot?gx-no-cache=1713905238528 HTTP/1.1" 200 38
190.171.154.42 - - [23/Apr/2024:17:51:40 -0300] "GET /cormun/servlet/solicitudot?679e735d7d5b2840c5dc8fd2d18935afdad0fcaa930039c18d38b20108db9d1e5091a6252b9d25c402fe50bf5c058a65fb0b8bde5f3a95e60acdb8705561b7c3fa6f1e83a4b8d0b7da0cd73677d6599a5e21c827d4c6bb3597c761316111e3c517b9e6708bdac546317eda32e6df53a6,gx-no-cache=1713905276736 HTTP/1.1" 200 110
190.171.154.42 - - [23/Apr/2024:17:51:40 -0300] "POST /cormun/servlet/solicitudot?gx-no-cache=1713905276794 HTTP/1.1" 200 110
190.171.152.234 - - [23/Apr/2024:17:52:54 -0300] "GET /cormun/servlet/prbanco?,MD,,gxPopupLevel%3D0%3B HTTP/1.1" 200 6615
190.171.152.234 - - [23/Apr/2024:17:53:00 -0300] "GET /cormun/servlet/solicitudot?f95194babdb4086eafaafce2d75c46a2ab98e48926eaa4f33316ba2247d62981d059c4e865eab7f9e340754d6fd9a3451eb14a670e0f65db7b4baea5b3120a3f,gx-no-cache=1713901740452 HTTP/1.1" 200 30
190.171.152.234 - - [23/Apr/2024:17:53:02 -0300] "GET /cormun/servlet/solicitudot?f95194babdb4086eafaafce2d75c46a205bebf9e3a99a796a5d3ba59387c4e21,gx-no-cache=1713901742735 HTTP/1.1" 200 53
190.171.152.234 - - [23/Apr/2024:17:53:26 -0300] "POST /cormun/servlet/solicitudot?b4ff18e462a07c9c333f67db3b417de9,INS,0,0,false,,gx-no-cache=1713901766833 HTTP/1.1" 200 13085
190.171.152.234 - - [23/Apr/2024:17:53:26 -0300] "GET /cormun/static/Shared/jqueryui/images/ui-bg_highlight-soft_100_c6c2c8_1x100.png HTTP/1.1" 404 1117
190.171.152.234 - - [23/Apr/2024:17:53:26 -0300] "GET /cormun/static/Shared/jqueryui/images/ui-icons_82798d_256x240.png HTTP/1.1" 404 1089
190.171.152.234 - - [23/Apr/2024:17:53:26 -0300] "GET /cormun/static/Shared/jqueryui/images/ui-bg_flat_55_fafafa_40x100.png HTTP/1.1" 404 1097
190.171.152.234 - - [23/Apr/2024:17:53:26 -0300] "GET /cormun/static/Shared/jqueryui/images/ui-icons_8d78a5_256x240.png HTTP/1.1" 404 1089
190.171.154.42 - - [23/Apr/2024:17:53:28 -0300] "GET /cormun/servlet/solicitudot?679e735d7d5b2840c5dc8fd2d18935afcc2946294fae190e646b92cdd2dd16f4604728ab150600afbead7a8cd5bbaaada6ab9d08e09dce378d8246fa1ab5c56d7baf9dc9e4d0b9fdc5dc0ef7462069f87740cb10ce29cf12d6afb2a59fd234750362dc9a02635e872fb166b8be82a971,gx-no-cache=1713905385234 HTTP/1.1" 200 29
190.171.154.42 - - [23/Apr/2024:17:53:28 -0300] "GET /cormun/static/menuarrow.gif HTTP/1.1" 404 1015
190.171.152.234 - - [23/Apr/2024:17:53:29 -0300] "GET /cormun/servlet/solicitudot?f95194babdb4086eafaafce2d75c46a2e99a6eb3364d6d44af3dd12cc6cbc00d2cdc9f7eda86f3a0375bf9dd56b06508567b425ea43911977692cb4ceb2bfc78,gx-no-cache=1713901770145 HTTP/1.1" 200 53
190.171.152.234 - - [23/Apr/2024:17:53:31 -0300] "POST /cormun/servlet/solicitudot?gx-no-cache=1713901771473 HTTP/1.1" 200 255
190.171.154.42 - - [23/Apr/2024:17:53:32 -0300] "GET /cormun/servlet/solicitudot?679e735d7d5b2840c5dc8fd2d18935afbf8a2ca2cdd1c5a362c882a9e3b46446b2e467d6aad335a476fbc158ae12eff4,gx-no-cache=1713905389136 HTTP/1.1" 200 30
190.171.152.234 - - [23/Apr/2024:17:53:33 -0300] "GET /cormun/servlet/solicitudot?f95194babdb4086eafaafce2d75c46a2e1e4768e93e31ac5930d137a9059cb512efd7d790e68ad326f9b69a46c80351ed4654a7307821fab86810820c82c8dff9629f16af1d2d85605ba9a1f7a14cc2af2d8b95f1de439fe045af757a9c4503bb652ebb6043c960b633c60ce70223f67a928832573e193bcc38435ec8688a498ed9a691a96c76759854f9b87a7a65a00e6a2365cb3cd3f52765abaa33c9b6d1f79319fad63506abf0bdd4bfb37ed90feb389098271f1836518825563d172741c0a3f97160f76c8a7f8d24a5cced3dc643b3dc9ed4e6a3cc54504ce56e1291776ae5e629c6abc6142659b91640877736fa12b018f0212da091d796737044cf0865fc1443411b380aaf3d4e308cbd385b807d4a4d05a089f85e105c67e55d1ab6355467444cd07c9c5bfaf12ab2112c2c332feddbf7147e0b174c84f4ad0aa7c80958779efe56449bab1cefeec4e9708faf14d1c09ce8e5d1c6abc790c6b7e33b9fb1dde719e2e97b220853b2d7d5a31bfbb6b22c097f8394c33b4c02f9a95f14b,gx-no-cache=1713901773578 HTTP/1.1" 200 30
190.171.152.234 - - [23/Apr/2024:17:53:39 -0300] "POST /cormun/servlet/solicitudot?gx-no-cache=1713901779698 HTTP/1.1" 200 30
190.171.152.234 - - [23/Apr/2024:17:53:41 -0300] "GET /cormun/servlet/prcontratosol?19591740,,,,,MD,,gxPopupLevel%3D0%3B HTTP/1.1" 200 8409
190.171.152.234 - - [23/Apr/2024:17:54:11 -0300] "POST /cormun/servlet/solicitudot?gx-no-cache=1713901812038 HTTP/1.1" 200 1481
190.171.152.234 - - [23/Apr/2024:17:54:11 -0300] "POST /cormun/servlet/solicitudot?gx-no-cache=1713901812081 HTTP/1.1" 200 38
190.171.152.234 - - [23/Apr/2024:17:54:11 -0300] "GET /cormun/servlet/solicitudot?f95194babdb4086eafaafce2d75c46a2da7aa77490c8b9e9b6c7633767c792ab193569fc4a01ca9d34f019fb7ba9e605753af083d62714be20d9e4f8f8cfe35433c16178e877acda2c731f45733d44882662c658487d7f51e82848380e7db7388af711bf899ef7e60a62503033c50d9c,gx-no-cache=1713901812097 HTTP/1.1" 200 110
190.171.152.234 - - [23/Apr/2024:17:54:11 -0300] "POST /cormun/servlet/solicitudot?gx-no-cache=1713901812116 HTTP/1.1" 200 110
190.171.152.234 - - [23/Apr/2024:17:54:11 -0300] "GET /cormun/servlet/solicitudot?f95194babdb4086eafaafce2d75c46a2c78867fbd0462822e37803156bcab12e82faba7de2250bb011cfe10cac87f2a101dcff91b355c77f032aac9a1e04e03ed5cd23020e8b38c0a44b073c338277286acce187bc552677bf2a08a319666c80873bbd32295bd696574a6e751902e936,gx-no-cache=1713901812136 HTTP/1.1" 200 29
190.171.152.234 - - [23/Apr/2024:17:54:11 -0300] "GET /cormun/servlet/solicitudot?f95194babdb4086eafaafce2d75c46a243f4283b110ff0f1443c1c662fe0e1e7db66e8f164adc00eb07358f36f7ebc79,gx-no-cache=1713901812151 HTTP/1.1" 200 134
190.171.152.234 - - [23/Apr/2024:17:54:11 -0300] "GET /cormun/static/Shared/jqueryui/images/ui-bg_flat_55_994d53_40x100.png HTTP/1.1" 404 1097
190.171.152.234 - - [23/Apr/2024:17:54:11 -0300] "GET /cormun/static/Shared/jqueryui/images/ui-icons_ebccce_256x240.png HTTP/1.1" 404 1089
190.171.152.234 - - [23/Apr/2024:17:55:26 -0300] "GET /cormun/servlet/solicitudot?f95194babdb4086eafaafce2d75c46a2da7aa77490c8b9e9b6c7633767c792ab193569fc4a01ca9d34f019fb7ba9e605753af083d62714be20d9e4f8f8cfe35433c16178e877acda2c731f45733d44882662c658487d7f51e82848380e7db7388af711bf899ef7e60a62503033c50d9c,gx-no-cache=1713901887031 HTTP/1.1" 200 110
190.171.152.234 - - [23/Apr/2024:17:55:32 -0300] "GET /cormun/static/menuarrow.gif HTTP/1.1" 404 1015
181.212.47.137 - - [23/Apr/2024:17:55:52 -0300] "GET /cormun/servlet/trsolicitudgral? HTTP/1.1" 200 12017
181.212.47.137 - - [23/Apr/2024:17:56:30 -0300] "GET /cormun/servlet/vesolicitudgral?2024,21287,, HTTP/1.1" 200 8379
181.212.47.137 - - [23/Apr/2024:17:56:30 -0300] "GET /cormun/pexe_scrolldiv.js HTTP/1.1" 404 1009
190.171.152.234 - - [23/Apr/2024:17:56:50 -0300] "GET /cormun/servlet/solicitudot?f95194babdb4086eafaafce2d75c46a2f9e15d06094e9f3be7b6e08c6ff4252fdb66e8f164adc00eb07358f36f7ebc79,gx-no-cache=1713901970273 HTTP/1.1" 200 30
190.171.152.234 - - [23/Apr/2024:17:56:50 -0300] "POST /cormun/servlet/solicitudot?gx-no-cache=1713901970300 HTTP/1.1" 200 33
190.171.152.234 - - [23/Apr/2024:17:56:50 -0300] "POST /cormun/servlet/solicitudot?b4ff18e462a07c9c333f67db3b417de9,INS,0,0,false,,gx-no-cache=1713901970352 HTTP/1.1" 200 93
190.171.152.234 - - [23/Apr/2024:17:56:50 -0300] "GET /cormun/servlet/hpexe_return? HTTP/1.1" 200 1015
190.171.152.234 - - [23/Apr/2024:17:56:50 -0300] "GET /cormun/servlet/trsolicitudot HTTP/1.1" 200 17760
190.171.152.234 - - [23/Apr/2024:17:56:59 -0300] "POST /cormun/servlet/trsolicitudot?b4ff18e462a07c9c333f67db3b417de9,gx-no-cache=1713901979085 HTTP/1.1" 200 15151
190.171.152.234 - - [23/Apr/2024:17:56:59 -0300] "GET /cormun/static/Shared/jqueryui/images/ui-icons_82798d_256x240.png HTTP/1.1" 404 1089
190.171.152.234 - - [23/Apr/2024:17:56:59 -0300] "GET /cormun/static/Shared/jqueryui/images/ui-bg_highlight-soft_100_c6c2c8_1x100.png HTTP/1.1" 404 1117
190.171.152.234 - - [23/Apr/2024:17:56:59 -0300] "GET /cormun/static/Shared/jqueryui/images/ui-icons_8d78a5_256x240.png HTTP/1.1" 404 1089
190.171.152.234 - - [23/Apr/2024:17:56:59 -0300] "GET /cormun/static/Shared/jqueryui/images/ui-bg_flat_55_fafafa_40x100.png HTTP/1.1" 404 1097
190.171.152.234 - - [23/Apr/2024:17:56:59 -0300] "POST /cormun/servlet/trsolicitudot?b4ff18e462a07c9c333f67db3b417de9,gx-no-cache=1713901979571 HTTP/1.1" 200 15092
190.171.154.42 - - [23/Apr/2024:17:57:46 -0300] "POST /cormun/servlet/solicitudot?gx-no-cache=1713905643355 HTTP/1.1" 200 30
190.171.154.42 - - [23/Apr/2024:17:57:47 -0300] "POST /cormun/servlet/solicitudot?cbd5d173000d8dfead94a6efab930fe1,INS,0,0,false,,gx-no-cache=1713905643387 HTTP/1.1" 200 93
190.171.154.42 - - [23/Apr/2024:17:57:47 -0300] "GET /cormun/servlet/hpexe_return? HTTP/1.1" 200 1007
190.171.154.42 - - [23/Apr/2024:17:57:47 -0300] "GET /cormun/servlet/trsolicitudot HTTP/1.1" 200 8785
181.212.47.137 - - [23/Apr/2024:17:57:58 -0300] "GET /cormun/servlet/vesolicitudgral?2024,21287,,SolicitudOTAdjuntos HTTP/1.1" 200 11106
181.212.47.137 - - [23/Apr/2024:17:57:58 -0300] "GET /cormun/pexe_scrolldiv.js HTTP/1.1" 404 1009
181.212.47.137 - - [23/Apr/2024:17:57:59 -0300] "POST /cormun/servlet/acontrolpreferencessavestate?None,RRHH+DANIELA,true HTTP/1.1" 200 35
190.171.154.42 - - [23/Apr/2024:17:58:00 -0300] "GET /cormun/servlet/vesolicitudot?2024,21314,, HTTP/1.1" 200 8621
190.171.154.42 - - [23/Apr/2024:17:58:00 -0300] "GET /cormun/pexe_scrolldiv.js HTTP/1.1" 404 1009
181.212.47.137 - - [23/Apr/2024:17:58:00 -0300] "GET /cormun/PublicTempStorage/cert._afp7511886.pdf HTTP/1.1" 200 118326
181.212.47.137 - - [23/Apr/2024:17:58:15 -0300] "GET /cormun/servlet/vesolicitudgral?2024,21287,,SolicitudOTAdjuntos HTTP/1.1" 200 11106
181.212.47.137 - - [23/Apr/2024:17:58:16 -0300] "POST /cormun/servlet/acontrolpreferencessavestate?None,RRHH+DANIELA,true HTTP/1.1" 200 35
181.212.47.137 - - [23/Apr/2024:17:58:25 -0300] "GET /cormun/PublicTempStorage/cert._fonasa_daniela_valdes5504451.PDF HTTP/1.1" 200 131984
181.212.47.137 - - [23/Apr/2024:17:58:33 -0300] "GET /cormun/servlet/vesolicitudgral?2024,21287,,SolicitudOTAdjuntos HTTP/1.1" 200 11107
181.212.47.137 - - [23/Apr/2024:17:58:34 -0300] "POST /cormun/servlet/acontrolpreferencessavestate?None,RRHH+DANIELA,true HTTP/1.1" 200 35
181.212.47.137 - - [23/Apr/2024:17:58:35 -0300] "GET /cormun/PublicTempStorage/certificado_de_antecedentes6025512.pdf HTTP/1.1" 200 177572
181.212.47.137 - - [23/Apr/2024:17:58:49 -0300] "GET /cormun/servlet/vesolicitudgral?2024,21287,,SolicitudOTAdjuntos HTTP/1.1" 200 11107
181.212.47.137 - - [23/Apr/2024:17:58:50 -0300] "POST /cormun/servlet/acontrolpreferencessavestate?None,RRHH+DANIELA,true HTTP/1.1" 200 35
181.212.47.137 - - [23/Apr/2024:17:58:51 -0300] "GET /cormun/servlet/vesolicitudgral?2024,21287,,General HTTP/1.1" 200 8383
181.212.47.137 - - [23/Apr/2024:17:58:51 -0300] "GET /cormun/pexe_scrolldiv.js HTTP/1.1" 404 1009
190.171.154.42 - - [23/Apr/2024:17:58:52 -0300] "GET /cormun/servlet/trsolicitudot HTTP/1.1" 200 8785
190.171.154.42 - - [23/Apr/2024:17:58:59 -0300] "POST /cormun/servlet/trsolicitudot?cbd5d173000d8dfead94a6efab930fe1,gx-no-cache=1713905715617 HTTP/1.1" 200 4597
190.171.154.42 - - [23/Apr/2024:17:58:59 -0300] "GET /cormun/static/Shared/jqueryui/images/ui-bg_highlight-soft_100_c6c2c8_1x100.png HTTP/1.1" 404 1117
190.171.154.42 - - [23/Apr/2024:17:58:59 -0300] "GET /cormun/static/Shared/jqueryui/images/ui-icons_82798d_256x240.png HTTP/1.1" 404 1089
190.171.154.42 - - [23/Apr/2024:17:58:59 -0300] "GET /cormun/static/Shared/jqueryui/images/ui-bg_flat_55_fafafa_40x100.png HTTP/1.1" 404 1097
190.171.154.42 - - [23/Apr/2024:17:58:59 -0300] "GET /cormun/static/Shared/jqueryui/images/ui-icons_8d78a5_256x240.png HTTP/1.1" 404 1089
190.171.154.42 - - [23/Apr/2024:17:58:59 -0300] "POST /cormun/servlet/trsolicitudot?cbd5d173000d8dfead94a6efab930fe1,gx-no-cache=1713905715761 HTTP/1.1" 200 4351
190.171.154.42 - - [23/Apr/2024:17:59:04 -0300] "GET /cormun/servlet/trautorizarsolicitud? HTTP/1.1" 200 8797
190.171.154.42 - - [23/Apr/2024:17:59:04 -0300] "GET /cormun/static/gxcfg.js?202211298474254 HTTP/1.1" 200 953
190.171.154.42 - - [23/Apr/2024:17:59:04 -0300] "GET /cormun/static/trautorizarsolicitud.js?202211298474588 HTTP/1.1" 200 53909
190.171.154.42 - - [23/Apr/2024:17:59:12 -0300] "POST /cormun/servlet/trautorizarsolicitud?cbd5d173000d8dfead94a6efab930fe1,,gx-no-cache=1713905728824 HTTP/1.1" 200 4789
190.171.154.42 - - [23/Apr/2024:17:59:12 -0300] "POST /cormun/servlet/trautorizarsolicitud?cbd5d173000d8dfead94a6efab930fe1,,gx-no-cache=1713905728954 HTTP/1.1" 200 4545
190.171.152.234 - - [23/Apr/2024:17:59:55 -0300] "POST /cormun/servlet/trsolicitudot?b4ff18e462a07c9c333f67db3b417de9,gx-no-cache=1713902155099 HTTP/1.1" 200 15092
190.171.152.234 - - [23/Apr/2024:17:59:58 -0300] "POST /cormun/servlet/trsolicitudot?b4ff18e462a07c9c333f67db3b417de9,gx-no-cache=1713902158898 HTTP/1.1" 200 15093
190.171.152.234 - - [23/Apr/2024:18:00:01 -0300] "POST /cormun/servlet/trsolicitudot?b4ff18e462a07c9c333f67db3b417de9,gx-no-cache=1713902161665 HTTP/1.1" 200 15093
190.171.152.234 - - [23/Apr/2024:18:00:07 -0300] "POST /cormun/servlet/trsolicitudot?b4ff18e462a07c9c333f67db3b417de9,gx-no-cache=1713902167697 HTTP/1.1" 200 15092
190.171.152.234 - - [23/Apr/2024:18:00:08 -0300] "POST /cormun/servlet/trsolicitudot?b4ff18e462a07c9c333f67db3b417de9,gx-no-cache=1713902168473 HTTP/1.1" 200 15093
190.171.152.234 - - [23/Apr/2024:18:00:09 -0300] "POST /cormun/servlet/trsolicitudot?b4ff18e462a07c9c333f67db3b417de9,gx-no-cache=1713902169109 HTTP/1.1" 200 15092
190.171.152.234 - - [23/Apr/2024:18:00:10 -0300] "POST /cormun/servlet/trsolicitudot?b4ff18e462a07c9c333f67db3b417de9,gx-no-cache=1713902170425 HTTP/1.1" 200 15093
190.171.152.234 - - [23/Apr/2024:18:00:12 -0300] "GET /cormun/servlet/trsolicitudot HTTP/1.1" 200 17762
190.171.152.234 - - [23/Apr/2024:18:00:17 -0300] "GET /cormun/servlet/trautorizarsolicitud? HTTP/1.1" 200 8824
190.171.152.234 - - [23/Apr/2024:18:00:31 -0300] "POST /cormun/servlet/trautorizarsolicitud?b4ff18e462a07c9c333f67db3b417de9,,gx-no-cache=1713902191190 HTTP/1.1" 200 116
190.171.152.234 - - [23/Apr/2024:18:00:31 -0300] "GET /cormun/servlet/solicitudotlog?INS,2024,21313,0,REC, HTTP/1.1" 200 6112
190.171.152.234 - - [23/Apr/2024:18:00:31 -0300] "GET /cormun/static/gxcfg.js?202211298384126 HTTP/1.1" 200 953
190.171.152.234 - - [23/Apr/2024:18:00:31 -0300] "GET /cormun/static/solicitudotlog.js?202211298384130 HTTP/1.1" 200 8934
190.171.152.234 - - [23/Apr/2024:18:00:31 -0300] "GET /cormun/servlet/solicitudotlog?f95194babdb4086eafaafce2d75c46a2e95356c2880282a87644b91f428dbb65c31825405433a01ae8fccc09926d16faf2203b6d16cbaac76a32a76b0cafb8e9e4e6ca6ce3358953d9aab1ce252ce361916cc3bb9657bf01a6a0455963024952b00abae64e3d9b191264b7ddd67ee4bdf24a97ab51253e7e8db3d37f6b4441e2a774a0195a9c3e5c5d4ff4b60c4b3301f9b4defd0911e36b200718c28866f8ca,gx-no-cache=1713902192160 HTTP/1.1" 200 94
190.171.152.234 - - [23/Apr/2024:18:00:50 -0300] "POST /cormun/servlet/solicitudotlog?b4ff18e462a07c9c333f67db3b417de9,INS,2024,21313,0,REC,,gx-no-cache=1713902210289 HTTP/1.1" 200 93
190.171.152.234 - - [23/Apr/2024:18:00:50 -0300] "GET /cormun/servlet/hpexe_return? HTTP/1.1" 200 1034
190.171.152.234 - - [23/Apr/2024:18:00:50 -0300] "GET /cormun/servlet/trautorizarsolicitud HTTP/1.1" 200 7407
190.171.152.234 - - [23/Apr/2024:18:00:53 -0300] "GET /cormun/servlet/trsolicitudot? HTTP/1.1" 200 17756
181.212.47.137 - - [23/Apr/2024:18:00:56 -0300] "GET /cormun/servlet/trsolicitudgral? HTTP/1.1" 200 11634
181.212.47.137 - - [23/Apr/2024:18:00:56 -0300] "GET /cormun/servlet/trsolicitudgral? HTTP/1.1" 200 11628
190.171.152.234 - - [23/Apr/2024:18:00:58 -0300] "POST /cormun/servlet/trsolicitudot?b4ff18e462a07c9c333f67db3b417de9,,gx-no-cache=1713902218589 HTTP/1.1" 200 111
190.171.152.234 - - [23/Apr/2024:18:00:58 -0300] "GET /cormun/servlet/solicitudot?UPD,2024,21313,false, HTTP/1.1" 200 16864
190.171.152.234 - - [23/Apr/2024:18:00:59 -0300] "POST /cormun/servlet/solicitudot?gx-no-cache=1713902219583 HTTP/1.1" 200 4092
190.171.152.234 - - [23/Apr/2024:18:00:59 -0300] "POST /cormun/servlet/solicitudot?b4ff18e462a07c9c333f67db3b417de9,UPD,2024,21313,false,,gx-no-cache=1713902219702 HTTP/1.1" 200 13046
190.171.152.234 - - [23/Apr/2024:18:00:59 -0300] "GET /cormun/servlet/solicitudot?f95194babdb4086eafaafce2d75c46a24dfb56920af22c2faaf8ead962ebb8d1d8a467ffe2f96554d85a4df18df2e026,gx-no-cache=1713902219808 HTTP/1.1" 200 30
190.171.152.234 - - [23/Apr/2024:18:00:59 -0300] "GET /cormun/servlet/solicitudot?f95194babdb4086eafaafce2d75c46a2ab98e48926eaa4f33316ba2247d62981d059c4e865eab7f9e340754d6fd9a345f6ccc11779e23f017f799c751fa494be,gx-no-cache=1713902219829 HTTP/1.1" 200 30
190.171.152.234 - - [23/Apr/2024:18:00:59 -0300] "GET /cormun/servlet/solicitudot?f95194babdb4086eafaafce2d75c46a2e99a6eb3364d6d44af3dd12cc6cbc00d2cdc9f7eda86f3a0375bf9dd56b06508567b425ea43911977692cb4ceb2bfc78,gx-no-cache=1713902219844 HTTP/1.1" 200 53
190.171.152.234 - - [23/Apr/2024:18:00:59 -0300] "POST /cormun/servlet/solicitudot?gx-no-cache=1713902219864 HTTP/1.1" 200 256
190.171.152.234 - - [23/Apr/2024:18:00:59 -0300] "GET /cormun/servlet/solicitudot?f95194babdb4086eafaafce2d75c46a2e1e4768e93e31ac5930d137a9059cb512efd7d790e68ad326f9b69a46c80351ed4654a7307821fab86810820c82c8dff9629f16af1d2d85605ba9a1f7a14cc2af2d8b95f1de439fe045af757a9c4503bb652ebb6043c960b633c60ce70223f67a928832573e193bcc38435ec8688a498ed9a691a96c76759854f9b87a7a65a00e6a2365cb3cd3f52765abaa33c9b6d1f79319fad63506abf0bdd4bfb37ed90feb389098271f1836518825563d172741c0a3f97160f76c8a7f8d24a5cced3dc643b3dc9ed4e6a3cc54504ce56e1291776ae5e629c6abc6142659b91640877736fa12b018f0212da091d796737044cf0865fc1443411b380aaf3d4e308cbd385b807d4a4d05a089f85e105c67e55d1ab6355467444cd07c9c5bfaf12ab2112c2c332feddbf7147e0b174c84f4ad0aa7c80958779efe56449bab1cefeec4e9708faf14d1c09ce8e5d1c6abc790c6b7e33b9fb1dde719e2e97b220853b2d7d5a31bfca947f7e65d8bf0be5d29c4e91485e10,gx-no-cache=1713902219882 HTTP/1.1" 200 30
190.171.152.234 - - [23/Apr/2024:18:00:59 -0300] "POST /cormun/servlet/solicitudot?gx-no-cache=1713902219898 HTTP/1.1" 200 30
190.171.152.234 - - [23/Apr/2024:18:00:59 -0300] "POST /cormun/servlet/solicitudot?gx-no-cache=1713902219919 HTTP/1.1" 200 1481
190.171.152.234 - - [23/Apr/2024:18:00:59 -0300] "POST /cormun/servlet/solicitudot?gx-no-cache=1713902219947 HTTP/1.1" 200 41
181.212.47.137 - - [23/Apr/2024:18:01:00 -0300] "GET /cormun/servlet/vesolicitudgral?2024,21288,, HTTP/1.1" 200 8409
181.212.47.137 - - [23/Apr/2024:18:01:00 -0300] "GET /cormun/pexe_scrolldiv.js HTTP/1.1" 404 1009
190.171.152.234 - - [23/Apr/2024:18:01:01 -0300] "GET /cormun/servlet/solicitudot?f95194babdb4086eafaafce2d75c46a2da7aa77490c8b9e9b6c7633767c792ab193569fc4a01ca9d34f019fb7ba9e605753af083d62714be20d9e4f8f8cfe35433c16178e877acda2c731f45733d44882662c658487d7f51e82848380e7db7388af711bf899ef7e60a62503033c50d9c,gx-no-cache=1713902221952 HTTP/1.1" 200 110
190.171.152.234 - - [23/Apr/2024:18:01:08 -0300] "POST /cormun/servlet/solicitudot?gx-no-cache=1713902228619 HTTP/1.1" 200 109
190.95.15.15 - - [23/Apr/2024:18:01:50 -0300] "POST /cormun/servlet/trsolicitudot?64eaac908d6f650e09f97acd2b9b3a90,,gx-no-cache=1713905886637 HTTP/1.1" 200 106
190.95.15.15 - - [23/Apr/2024:18:01:50 -0300] "GET /cormun/servlet/trsolicitudadjuntos?2024,21312, HTTP/1.1" 200 6090
