190.171.153.50 - - [19/Apr/2024:12:15:45 -0300] "GET /cormun/static/Shared/jqueryui/images/ui-bg_flat_55_fafafa_40x100.png HTTP/1.1" 404 1097
190.171.153.50 - - [19/Apr/2024:12:15:45 -0300] "GET /cormun/static/Shared/jqueryui/images/ui-icons_82798d_256x240.png HTTP/1.1" 404 1089
190.171.153.50 - - [19/Apr/2024:12:15:45 -0300] "GET /cormun/static/Shared/jqueryui/images/ui-icons_8d78a5_256x240.png HTTP/1.1" 404 1089
190.171.141.106 - - [19/Apr/2024:12:15:45 -0300] "POST /cormun/servlet/hlogin?f155622f3723f7ec4a57a09e70cd55dd,gx-no-cache=1713539527786 HTTP/1.1" 200 90
190.171.141.106 - - [19/Apr/2024:12:15:45 -0300] "GET /cormun/servlet/hpexe_link HTTP/1.1" 200 947
190.171.153.50 - - [19/Apr/2024:12:15:46 -0300] "POST /cormun/servlet/trautorizarpermisogoce?110483e73fb5373eec91bbe551bf7ace,,gx-no-cache=1713539528190 HTTP/1.1" 200 4554
190.171.141.106 - - [19/Apr/2024:12:15:46 -0300] "GET /cormun/servlet/hhome HTTP/1.1" 200 4266
190.171.153.50 - - [19/Apr/2024:12:15:52 -0300] "GET /cormun/servlet/trpermisosgoce? HTTP/1.1" 200 11069
190.171.141.106 - - [19/Apr/2024:12:15:54 -0300] "GET /cormun/servlet/trpermisosgoce? HTTP/1.1" 200 13502
190.171.153.50 - - [19/Apr/2024:12:15:56 -0300] "GET /cormun/servlet/trpermisosadjuntos?19261319,20240419111010,P, HTTP/1.1" 200 7096
190.171.153.50 - - [19/Apr/2024:12:16:00 -0300] "GET /cormun/servlet/trpermisosgoce? HTTP/1.1" 200 11073
190.171.153.50 - - [19/Apr/2024:12:16:09 -0300] "POST /cormun/servlet/trpermisosgoce?110483e73fb5373eec91bbe551bf7ace,,gx-no-cache=1713539551536 HTTP/1.1" 200 8328
190.171.141.106 - - [19/Apr/2024:12:16:36 -0300] "POST /cormun/servlet/trpermisosgoce?f155622f3723f7ec4a57a09e70cd55dd,,gx-no-cache=1713539578600 HTTP/1.1" 200 10844
190.171.141.106 - - [19/Apr/2024:12:16:37 -0300] "GET /cormun/static/Shared/jqueryui/images/ui-icons_82798d_256x240.png HTTP/1.1" 404 1089
190.171.141.106 - - [19/Apr/2024:12:16:37 -0300] "GET /cormun/static/Shared/jqueryui/images/ui-bg_flat_55_fafafa_40x100.png HTTP/1.1" 404 1097
190.171.141.106 - - [19/Apr/2024:12:16:37 -0300] "GET /cormun/static/Shared/jqueryui/images/ui-icons_8d78a5_256x240.png HTTP/1.1" 404 1089
190.171.141.106 - - [19/Apr/2024:12:16:37 -0300] "GET /cormun/static/Shared/jqueryui/images/ui-bg_highlight-soft_100_c6c2c8_1x100.png HTTP/1.1" 404 1117
190.171.141.114 - - [19/Apr/2024:12:16:43 -0300] "POST /cormun/servlet/solicitudot?gx-no-cache=1713539584849 HTTP/1.1" 200 97
190.171.153.50 - - [19/Apr/2024:12:16:48 -0300] "GET /cormun/servlet/permisogoce?INS,0,,, HTTP/1.1" 200 7169
190.171.141.114 - - [19/Apr/2024:12:16:53 -0300] "GET /cormun/servlet/solicitudot?b8eb49b5b4ecadc07007589c877930c13f62fdaf339e819a8322dc18a4527f311ca7c8320afc2ee5e201961621750816911841a4bfd4eec5c83eeefd0e0b2b8e4a65fbde9bcb51f89103de08331d610f8684c3ade2fe85e5c325e2190ae38633f8875bf9857dd30f71a65de9beb86f21,gx-no-cache=1713539595366 HTTP/1.1" 200 29
190.171.141.114 - - [19/Apr/2024:12:16:53 -0300] "GET /cormun/static/menuarrow.gif HTTP/1.1" 404 1015
190.171.141.114 - - [19/Apr/2024:12:16:57 -0300] "GET /cormun/servlet/solicitudot?b8eb49b5b4ecadc07007589c877930c1ffe3db2e3f2b29640ce1dec92adf1434299de225c15c29d49fe2d9578a48c08c,gx-no-cache=1713539599429 HTTP/1.1" 200 30
190.171.141.106 - - [19/Apr/2024:12:17:01 -0300] "GET /cormun/servlet/trpermisosadjuntos?18675290,20240419092249,P, HTTP/1.1" 200 7471
190.171.141.114 - - [19/Apr/2024:12:17:05 -0300] "POST /cormun/servlet/solicitudot?gx-no-cache=1713539606822 HTTP/1.1" 200 30
190.171.141.106 - - [19/Apr/2024:12:17:21 -0300] "GET /cormun/servlet/permisosadjuntos?INS,18675290,P,20240419092249,, HTTP/1.1" 200 5916
190.171.153.50 - - [19/Apr/2024:12:17:21 -0300] "GET /cormun/servlet/permisogoce?1d09c374aa53597531b4946b439452f1ce1c9e6b57934bf5df825bd9a1adf5acd39df23329ac2496b033f8e9f51f2befc3819ef78cf4628884f2ccdc87752660,gx-no-cache=1713539623579 HTTP/1.1" 200 76
190.171.141.106 - - [19/Apr/2024:12:17:22 -0300] "GET /cormun/static/about:blank HTTP/1.1" 404 1011
190.171.141.106 - - [19/Apr/2024:12:17:30 -0300] "POST /cormun/servlet/permisosadjuntos?f155622f3723f7ec4a57a09e70cd55dd,INS,18675290,P,20240419092249,,,gx-no-cache=1713539632703 HTTP/1.1" 200 93
190.171.141.106 - - [19/Apr/2024:12:17:30 -0300] "GET /cormun/servlet/hpexe_return? HTTP/1.1" 200 1034
190.171.141.106 - - [19/Apr/2024:12:17:31 -0300] "GET /cormun/servlet/trpermisosadjuntos?18675290,20240419092249,P, HTTP/1.1" 200 7476
190.171.153.50 - - [19/Apr/2024:12:17:35 -0300] "GET /cormun/servlet/permisogoce?1d09c374aa53597531b4946b439452f1cb965b2b247370946c37c674619ad3f99eb60851ac0566cfb04b72189fbd3266ff52cc1013af7cd11ca103d9ada0ea6b,gx-no-cache=1713539637210 HTTP/1.1" 200 47
190.171.141.114 - - [19/Apr/2024:12:17:36 -0300] "POST /cormun/servlet/solicitudot?f4de8db8de6168303371908a430e7076,INS,0,0,false,,gx-no-cache=1713539637683 HTTP/1.1" 200 93
190.171.141.114 - - [19/Apr/2024:12:17:36 -0300] "GET /cormun/servlet/hpexe_return? HTTP/1.1" 200 1006
190.171.141.114 - - [19/Apr/2024:12:17:37 -0300] "GET /cormun/servlet/trsolicitudot HTTP/1.1" 200 8600
190.171.141.114 - - [19/Apr/2024:12:17:40 -0300] "POST /cormun/servlet/trsolicitudot?f4de8db8de6168303371908a430e7076,gx-no-cache=1713539642089 HTTP/1.1" 200 107
190.171.141.114 - - [19/Apr/2024:12:17:40 -0300] "GET /cormun/servlet/trsolicitudadjuntos?2024,21287, HTTP/1.1" 200 6113
190.171.153.50 - - [19/Apr/2024:12:17:40 -0300] "POST /cormun/servlet/permisogoce?110483e73fb5373eec91bbe551bf7ace,INS,0,,,,gx-no-cache=1713539642144 HTTP/1.1" 200 93
190.171.153.50 - - [19/Apr/2024:12:17:40 -0300] "GET /cormun/servlet/hpexe_return? HTTP/1.1" 200 1009
190.171.141.114 - - [19/Apr/2024:12:17:40 -0300] "GET /cormun/static/gxcfg.js?20201215574222 HTTP/1.1" 200 953
190.171.141.114 - - [19/Apr/2024:12:17:40 -0300] "GET /cormun/static/trsolicitudadjuntos.js?20201215574932 HTTP/1.1" 200 17921
190.171.141.114 - - [19/Apr/2024:12:17:40 -0300] "GET /cormun/static/Resources/PXToolsGridNew.png HTTP/1.1" 200 427
190.171.153.50 - - [19/Apr/2024:12:17:40 -0300] "GET /cormun/servlet/trpermisosgoce? HTTP/1.1" 200 11270
190.171.141.114 - - [19/Apr/2024:12:17:43 -0300] "GET /cormun/servlet/solicitudotadjuntos?INS,2024,21287,,1, HTTP/1.1" 200 6059
190.171.141.114 - - [19/Apr/2024:12:17:43 -0300] "GET /cormun/static/gxcfg.js?202211298385187 HTTP/1.1" 200 953
190.171.141.114 - - [19/Apr/2024:12:17:43 -0300] "GET /cormun/static/solicitudotadjuntos.js?202211298385196 HTTP/1.1" 200 11771
190.171.141.114 - - [19/Apr/2024:12:17:43 -0300] "GET /cormun/static/about:blank HTTP/1.1" 404 1011
190.171.141.114 - - [19/Apr/2024:12:17:43 -0300] "GET /cormun/servlet/solicitudotadjuntos?b8eb49b5b4ecadc07007589c877930c17bb16b5b4c78a190cf9a1cfd9d83aae1951977c6ab99a0081e7a1eb350d6bfbb,gx-no-cache=1713539645666 HTTP/1.1" 200 30
190.171.141.114 - - [19/Apr/2024:12:17:44 -0300] "POST /cormun/servlet/solicitudotadjuntos?f4de8db8de6168303371908a430e7076,INS,2024,21287,,1,,gx-no-cache=1713539645698 HTTP/1.1" 200 3868
190.171.141.114 - - [19/Apr/2024:12:17:48 -0300] "POST /cormun/servlet/solicitudotadjuntos?gx-no-cache=1713539650659 HTTP/1.1" 200 26
190.171.153.50 - - [19/Apr/2024:12:17:51 -0300] "GET /cormun/servlet/trpermisosadjuntos?18117433,20240419111311,P, HTTP/1.1" 200 6598
190.171.153.50 - - [19/Apr/2024:12:17:53 -0300] "GET /cormun/servlet/permisosadjuntos?INS,18117433,P,20240419111311,, HTTP/1.1" 200 5922
190.171.153.50 - - [19/Apr/2024:12:17:53 -0300] "GET /cormun/static/about:blank HTTP/1.1" 404 1011
190.171.153.50 - - [19/Apr/2024:12:18:06 -0300] "POST /cormun/servlet/permisosadjuntos?110483e73fb5373eec91bbe551bf7ace,INS,18117433,P,20240419111311,, HTTP/1.1" 200 116
190.171.153.50 - - [19/Apr/2024:12:18:06 -0300] "GET /cormun/servlet/hpexe_return? HTTP/1.1" 200 1037
190.171.153.50 - - [19/Apr/2024:12:18:06 -0300] "GET /cormun/servlet/trpermisosadjuntos?18117433,20240419111311,P, HTTP/1.1" 200 7105
190.171.153.50 - - [19/Apr/2024:12:18:10 -0300] "GET /cormun/servlet/trpermisosgoce? HTTP/1.1" 200 11298
190.171.141.106 - - [19/Apr/2024:12:18:12 -0300] "GET /cormun/servlet/permisosadjuntos?INS,18675290,P,20240419092249,, HTTP/1.1" 200 5916
190.171.141.106 - - [19/Apr/2024:12:18:12 -0300] "GET /cormun/static/about:blank HTTP/1.1" 404 1011
190.171.153.50 - - [19/Apr/2024:12:18:13 -0300] "POST /cormun/servlet/trpermisosgoce?110483e73fb5373eec91bbe551bf7ace,,gx-no-cache=1713539675501 HTTP/1.1" 200 8561
190.171.153.50 - - [19/Apr/2024:12:18:18 -0300] "GET /cormun/servlet/permisogoce?INS,0,,, HTTP/1.1" 200 7169
190.171.153.50 - - [19/Apr/2024:12:18:31 -0300] "POST /cormun/servlet/trcontratosolicitud?110483e73fb5373eec91bbe551bf7ace,,gx-no-cache=1713539693393 HTTP/1.1" 200 12604
190.171.153.50 - - [19/Apr/2024:12:18:32 -0300] "POST /cormun/servlet/trcontratosolicitud?110483e73fb5373eec91bbe551bf7ace,,gx-no-cache=1713539694663 HTTP/1.1" 200 5981
190.171.153.50 - - [19/Apr/2024:12:18:53 -0300] "GET /cormun/servlet/permisogoce?1d09c374aa53597531b4946b439452f1c10cb48ef20974439006fe51ddfca9cbd39df23329ac2496b033f8e9f51f2befc3819ef78cf4628884f2ccdc87752660,gx-no-cache=1713539715146 HTTP/1.1" 200 85
190.171.141.106 - - [19/Apr/2024:12:18:55 -0300] "POST /cormun/servlet/permisosadjuntos?f155622f3723f7ec4a57a09e70cd55dd,INS,18675290,P,20240419092249,, HTTP/1.1" 200 116
190.171.141.106 - - [19/Apr/2024:12:18:55 -0300] "GET /cormun/servlet/hpexe_return? HTTP/1.1" 200 1034
190.171.141.106 - - [19/Apr/2024:12:18:55 -0300] "GET /cormun/servlet/trpermisosadjuntos?18675290,20240419092249,P, HTTP/1.1" 200 7603
190.171.141.106 - - [19/Apr/2024:12:18:59 -0300] "GET /cormun/servlet/permisosadjuntos?INS,18675290,P,20240419092249,, HTTP/1.1" 200 5916
190.171.141.106 - - [19/Apr/2024:12:18:59 -0300] "GET /cormun/static/about:blank HTTP/1.1" 404 1011
190.171.153.50 - - [19/Apr/2024:12:19:00 -0300] "GET /cormun/servlet/permisogoce?1d09c374aa53597531b4946b439452f15a9361870ab48f82cbeff429f5e0ed442724e8376966f706d436b66c702ac37af08351616b624ffff524a876e038c7ed,gx-no-cache=1713539722835 HTTP/1.1" 200 47
190.171.153.50 - - [19/Apr/2024:12:19:02 -0300] "POST /cormun/servlet/permisogoce?110483e73fb5373eec91bbe551bf7ace,INS,0,,,,gx-no-cache=1713539724066 HTTP/1.1" 200 93
190.171.153.50 - - [19/Apr/2024:12:19:02 -0300] "GET /cormun/servlet/hpexe_return? HTTP/1.1" 200 1006
190.171.153.50 - - [19/Apr/2024:12:19:02 -0300] "GET /cormun/servlet/permisogoce?INS,0,,, HTTP/1.1" 200 7173
190.171.153.50 - - [19/Apr/2024:12:19:10 -0300] "GET /cormun/servlet/trpermisosgoce? HTTP/1.1" 200 11472
209.141.55.133 - tomcat [19/Apr/2024:12:19:12 -0300] "GET /manager/html HTTP/1.1" 403 3196
190.171.153.50 - - [19/Apr/2024:12:19:14 -0300] "GET /cormun/servlet/trpermisosadjuntos?21438226,20240419111441,P, HTTP/1.1" 200 6608
190.171.153.50 - - [19/Apr/2024:12:19:15 -0300] "GET /cormun/servlet/permisosadjuntos?INS,21438226,P,20240419111441,, HTTP/1.1" 200 5930
190.171.153.50 - - [19/Apr/2024:12:19:15 -0300] "GET /cormun/static/about:blank HTTP/1.1" 404 1011
190.171.141.106 - - [19/Apr/2024:12:19:20 -0300] "POST /cormun/servlet/permisosadjuntos?f155622f3723f7ec4a57a09e70cd55dd,INS,18675290,P,20240419092249,, HTTP/1.1" 200 116
190.171.141.106 - - [19/Apr/2024:12:19:20 -0300] "GET /cormun/servlet/hpexe_return? HTTP/1.1" 200 1034
190.171.141.106 - - [19/Apr/2024:12:19:20 -0300] "GET /cormun/servlet/trpermisosadjuntos?18675290,20240419092249,P, HTTP/1.1" 200 7709
190.171.153.50 - - [19/Apr/2024:12:19:26 -0300] "POST /cormun/servlet/permisosadjuntos?110483e73fb5373eec91bbe551bf7ace,INS,21438226,P,20240419111441,, HTTP/1.1" 200 116
190.171.153.50 - - [19/Apr/2024:12:19:26 -0300] "GET /cormun/servlet/hpexe_return? HTTP/1.1" 200 1038
190.171.153.50 - - [19/Apr/2024:12:19:26 -0300] "GET /cormun/servlet/trpermisosadjuntos?21438226,20240419111441,P, HTTP/1.1" 200 7106
190.171.141.106 - - [19/Apr/2024:12:19:26 -0300] "GET /cormun/servlet/permisosadjuntos?INS,18675290,P,20240419092249,, HTTP/1.1" 200 5916
190.171.141.106 - - [19/Apr/2024:12:19:26 -0300] "GET /cormun/static/about:blank HTTP/1.1" 404 1011
190.171.153.50 - - [19/Apr/2024:12:19:28 -0300] "GET /cormun/servlet/trpermisosgoce? HTTP/1.1" 200 11454
190.171.153.50 - - [19/Apr/2024:12:19:30 -0300] "POST /cormun/servlet/trpermisosgoce?110483e73fb5373eec91bbe551bf7ace,,gx-no-cache=1713539752724 HTTP/1.1" 200 8781
190.171.153.50 - - [19/Apr/2024:12:19:34 -0300] "GET /cormun/servlet/permisogoce?INS,0,,, HTTP/1.1" 200 7170
190.171.153.50 - - [19/Apr/2024:12:19:37 -0300] "GET /cormun/servlet/prfichaempleado?,MD,,gxPopupLevel%3D0%3B HTTP/1.1" 200 9306
190.171.153.50 - - [19/Apr/2024:12:19:46 -0300] "POST /cormun/servlet/prfichaempleado?110483e73fb5373eec91bbe551bf7ace,,MD,,gxPopupLevel%3D0%3B,gx-no-cache=1713539768098 HTTP/1.1" 200 3408
190.171.153.50 - - [19/Apr/2024:12:19:48 -0300] "GET /cormun/servlet/permisogoce?1d09c374aa53597531b4946b439452f1e2865d96ddffbc037b094edac8476051d39df23329ac2496b033f8e9f51f2befc3819ef78cf4628884f2ccdc87752660,gx-no-cache=1713539770841 HTTP/1.1" 200 79
190.171.153.50 - - [19/Apr/2024:12:19:54 -0300] "GET /cormun/servlet/permisogoce?1d09c374aa53597531b4946b439452f1e2dab278fd3f72217d13156c1fbce6fe3fab22a4240162c9dd80d2eb9bf4dd7cf08351616b624ffff524a876e038c7ed,gx-no-cache=1713539776483 HTTP/1.1" 200 48
190.171.141.106 - - [19/Apr/2024:12:19:56 -0300] "POST /cormun/servlet/permisosadjuntos?f155622f3723f7ec4a57a09e70cd55dd,INS,18675290,P,20240419092249,, HTTP/1.1" 200 116
190.171.141.106 - - [19/Apr/2024:12:19:56 -0300] "GET /cormun/servlet/hpexe_return? HTTP/1.1" 200 1034
190.171.141.106 - - [19/Apr/2024:12:19:56 -0300] "GET /cormun/servlet/trpermisosadjuntos?18675290,20240419092249,P, HTTP/1.1" 200 7806
190.171.153.50 - - [19/Apr/2024:12:19:56 -0300] "POST /cormun/servlet/permisogoce?110483e73fb5373eec91bbe551bf7ace,INS,0,,,,gx-no-cache=1713539777858 HTTP/1.1" 200 93
190.171.153.50 - - [19/Apr/2024:12:19:56 -0300] "GET /cormun/servlet/hpexe_return? HTTP/1.1" 200 1009
190.171.153.50 - - [19/Apr/2024:12:19:56 -0300] "GET /cormun/servlet/trpermisosgoce? HTTP/1.1" 200 11715
190.171.153.50 - - [19/Apr/2024:12:20:00 -0300] "GET /cormun/servlet/trpermisosadjuntos?13581561,20240419111557,P, HTTP/1.1" 200 6595
190.171.141.106 - - [19/Apr/2024:12:20:01 -0300] "GET /cormun/servlet/permisosadjuntos?INS,18675290,P,20240419092249,, HTTP/1.1" 200 5916
190.171.141.106 - - [19/Apr/2024:12:20:01 -0300] "GET /cormun/static/about:blank HTTP/1.1" 404 1011
190.171.153.50 - - [19/Apr/2024:12:20:01 -0300] "GET /cormun/servlet/permisosadjuntos?INS,13581561,P,20240419111557,, HTTP/1.1" 200 5923
190.171.153.50 - - [19/Apr/2024:12:20:01 -0300] "GET /cormun/static/about:blank HTTP/1.1" 404 1011
190.171.141.106 - - [19/Apr/2024:12:20:20 -0300] "POST /cormun/servlet/permisosadjuntos?f155622f3723f7ec4a57a09e70cd55dd,INS,18675290,P,20240419092249,, HTTP/1.1" 200 116
190.171.141.106 - - [19/Apr/2024:12:20:20 -0300] "GET /cormun/servlet/hpexe_return? HTTP/1.1" 200 1034
190.171.141.106 - - [19/Apr/2024:12:20:21 -0300] "GET /cormun/servlet/trpermisosadjuntos?18675290,20240419092249,P, HTTP/1.1" 200 7893
190.171.141.106 - - [19/Apr/2024:12:20:29 -0300] "GET /cormun/servlet/permisosadjuntos?INS,18675290,P,20240419092249,, HTTP/1.1" 200 5916
190.171.141.106 - - [19/Apr/2024:12:20:29 -0300] "GET /cormun/static/about:blank HTTP/1.1" 404 1011
190.171.141.106 - - [19/Apr/2024:12:20:45 -0300] "POST /cormun/servlet/permisosadjuntos?f155622f3723f7ec4a57a09e70cd55dd,INS,18675290,P,20240419092249,, HTTP/1.1" 200 116
190.171.141.106 - - [19/Apr/2024:12:20:45 -0300] "GET /cormun/servlet/hpexe_return? HTTP/1.1" 200 1034
190.171.141.106 - - [19/Apr/2024:12:20:45 -0300] "GET /cormun/servlet/trpermisosadjuntos?18675290,20240419092249,P, HTTP/1.1" 200 8000
190.171.141.106 - - [19/Apr/2024:12:20:51 -0300] "GET /cormun/servlet/permisosadjuntos?INS,18675290,P,20240419092249,, HTTP/1.1" 200 5916
190.171.141.106 - - [19/Apr/2024:12:20:51 -0300] "GET /cormun/static/about:blank HTTP/1.1" 404 1011
190.171.141.114 - - [19/Apr/2024:12:20:54 -0300] "POST /cormun/servlet/solicitudotadjuntos?f4de8db8de6168303371908a430e7076,INS,2024,21287,,1, HTTP/1.1" 200 116
190.171.141.114 - - [19/Apr/2024:12:20:54 -0300] "GET /cormun/servlet/hpexe_return? HTTP/1.1" 200 1024
190.171.141.114 - - [19/Apr/2024:12:20:54 -0300] "GET /cormun/servlet/trsolicitudadjuntos?2024,21287, HTTP/1.1" 200 6116
190.171.141.114 - - [19/Apr/2024:12:20:56 -0300] "GET /cormun/servlet/solicitudotadjuntos?INS,2024,21287,,1, HTTP/1.1" 200 6058
190.171.141.114 - - [19/Apr/2024:12:20:56 -0300] "GET /cormun/static/about:blank HTTP/1.1" 404 1011
190.171.141.114 - - [19/Apr/2024:12:20:56 -0300] "GET /cormun/servlet/solicitudotadjuntos?b8eb49b5b4ecadc07007589c877930c17bb16b5b4c78a190cf9a1cfd9d83aae1951977c6ab99a0081e7a1eb350d6bfbb,gx-no-cache=1713539838690 HTTP/1.1" 200 30
190.171.141.114 - - [19/Apr/2024:12:20:57 -0300] "POST /cormun/servlet/solicitudotadjuntos?f4de8db8de6168303371908a430e7076,INS,2024,21287,,1,,gx-no-cache=1713539838710 HTTP/1.1" 200 3868
190.171.141.114 - - [19/Apr/2024:12:21:03 -0300] "POST /cormun/servlet/solicitudotadjuntos?gx-no-cache=1713539845663 HTTP/1.1" 200 26
190.171.141.106 - - [19/Apr/2024:12:21:08 -0300] "POST /cormun/servlet/permisosadjuntos?f155622f3723f7ec4a57a09e70cd55dd,INS,18675290,P,20240419092249,, HTTP/1.1" 200 116
190.171.141.106 - - [19/Apr/2024:12:21:08 -0300] "GET /cormun/servlet/hpexe_return? HTTP/1.1" 200 1034
190.171.141.106 - - [19/Apr/2024:12:21:09 -0300] "GET /cormun/servlet/trpermisosadjuntos?18675290,20240419092249,P, HTTP/1.1" 200 8105
190.171.153.50 - - [19/Apr/2024:12:21:12 -0300] "POST /cormun/servlet/permisosadjuntos?110483e73fb5373eec91bbe551bf7ace,INS,13581561,P,20240419111557,, HTTP/1.1" 200 116
190.171.153.50 - - [19/Apr/2024:12:21:12 -0300] "GET /cormun/servlet/hpexe_return? HTTP/1.1" 200 1037
190.171.153.50 - - [19/Apr/2024:12:21:12 -0300] "GET /cormun/servlet/trpermisosadjuntos?13581561,20240419111557,P, HTTP/1.1" 200 7099
190.171.141.106 - - [19/Apr/2024:12:21:13 -0300] "GET /cormun/servlet/permisosadjuntos?INS,18675290,P,20240419092249,, HTTP/1.1" 200 5917
190.171.141.106 - - [19/Apr/2024:12:21:13 -0300] "GET /cormun/static/about:blank HTTP/1.1" 404 1011
190.171.153.50 - - [19/Apr/2024:12:21:15 -0300] "GET /cormun/servlet/trpermisosgoce? HTTP/1.1" 200 11711
190.171.153.50 - - [19/Apr/2024:12:21:19 -0300] "POST /cormun/servlet/trpermisosgoce?110483e73fb5373eec91bbe551bf7ace,,gx-no-cache=1713539860731 HTTP/1.1" 200 8984
190.171.153.50 - - [19/Apr/2024:12:21:19 -0300] "GET /cormun/static/Shared/jqueryui/images/ui-bg_highlight-soft_100_c6c2c8_1x100.png HTTP/1.1" 404 1117
190.171.153.50 - - [19/Apr/2024:12:21:19 -0300] "GET /cormun/static/Shared/jqueryui/images/ui-icons_82798d_256x240.png HTTP/1.1" 404 1089
190.171.153.50 - - [19/Apr/2024:12:21:19 -0300] "GET /cormun/static/Shared/jqueryui/images/ui-bg_flat_55_fafafa_40x100.png HTTP/1.1" 404 1097
190.171.153.50 - - [19/Apr/2024:12:21:19 -0300] "GET /cormun/static/Shared/jqueryui/images/ui-icons_8d78a5_256x240.png HTTP/1.1" 404 1089
190.171.153.50 - - [19/Apr/2024:12:21:21 -0300] "GET /cormun/servlet/permisogoce?INS,0,,, HTTP/1.1" 200 7170
190.171.153.50 - - [19/Apr/2024:12:21:35 -0300] "POST /cormun/servlet/trcontratosolicitud?110483e73fb5373eec91bbe551bf7ace,,gx-no-cache=1713539877434 HTTP/1.1" 200 12601
190.171.141.106 - - [19/Apr/2024:12:21:39 -0300] "POST /cormun/servlet/permisosadjuntos?f155622f3723f7ec4a57a09e70cd55dd,INS,18675290,P,20240419092249,, HTTP/1.1" 200 116
190.171.141.106 - - [19/Apr/2024:12:21:39 -0300] "GET /cormun/servlet/hpexe_return? HTTP/1.1" 200 1034
190.171.141.106 - - [19/Apr/2024:12:21:39 -0300] "GET /cormun/servlet/trpermisosadjuntos?18675290,20240419092249,P, HTTP/1.1" 200 8185
190.171.141.106 - - [19/Apr/2024:12:21:44 -0300] "GET /cormun/servlet/permisosadjuntos?INS,18675290,P,20240419092249,, HTTP/1.1" 200 5916
190.171.141.106 - - [19/Apr/2024:12:21:44 -0300] "GET /cormun/static/about:blank HTTP/1.1" 404 1011
190.171.153.50 - - [19/Apr/2024:12:21:54 -0300] "GET /cormun/servlet/permisogoce?1d09c374aa53597531b4946b439452f1674ae8a887252f0fae42d32695521b69d39df23329ac2496b033f8e9f51f2befc3819ef78cf4628884f2ccdc87752660,gx-no-cache=1713539896896 HTTP/1.1" 200 82
190.171.153.50 - - [19/Apr/2024:12:22:02 -0300] "GET /cormun/servlet/permisogoce?1d09c374aa53597531b4946b439452f1e249b13213617ca22ca88171f0f47ddef371e9534eea7b16b4cf92a133364b92f08351616b624ffff524a876e038c7ed,gx-no-cache=1713539904108 HTTP/1.1" 200 45
190.171.153.50 - - [19/Apr/2024:12:22:03 -0300] "POST /cormun/servlet/permisogoce?110483e73fb5373eec91bbe551bf7ace,INS,0,,,,gx-no-cache=1713539905218 HTTP/1.1" 200 93
190.171.153.50 - - [19/Apr/2024:12:22:03 -0300] "GET /cormun/servlet/hpexe_return? HTTP/1.1" 200 1006
190.171.153.50 - - [19/Apr/2024:12:22:03 -0300] "GET /cormun/servlet/permisogoce?INS,0,,, HTTP/1.1" 200 7174
190.171.141.106 - - [19/Apr/2024:12:22:10 -0300] "POST /cormun/servlet/permisosadjuntos?f155622f3723f7ec4a57a09e70cd55dd,INS,18675290,P,20240419092249,, HTTP/1.1" 200 116
190.171.141.106 - - [19/Apr/2024:12:22:10 -0300] "GET /cormun/servlet/hpexe_return? HTTP/1.1" 200 1034
190.171.141.106 - - [19/Apr/2024:12:22:10 -0300] "GET /cormun/servlet/trpermisosadjuntos?18675290,20240419092249,P, HTTP/1.1" 200 8307
190.171.153.50 - - [19/Apr/2024:12:22:11 -0300] "GET /cormun/servlet/trpermisosgoce? HTTP/1.1" 200 11893
190.171.153.50 - - [19/Apr/2024:12:22:14 -0300] "GET /cormun/servlet/trpermisosadjuntos?16923734,20240419111744,P, HTTP/1.1" 200 6597
190.171.141.106 - - [19/Apr/2024:12:22:15 -0300] "GET /cormun/servlet/permisosadjuntos?INS,18675290,P,20240419092249,, HTTP/1.1" 200 5917
190.171.141.106 - - [19/Apr/2024:12:22:15 -0300] "GET /cormun/static/about:blank HTTP/1.1" 404 1011
190.171.153.50 - - [19/Apr/2024:12:22:15 -0300] "GET /cormun/servlet/permisosadjuntos?INS,16923734,P,20240419111744,, HTTP/1.1" 200 5924
190.171.153.50 - - [19/Apr/2024:12:22:15 -0300] "GET /cormun/static/about:blank HTTP/1.1" 404 1011
190.171.153.50 - - [19/Apr/2024:12:22:21 -0300] "POST /cormun/servlet/permisosadjuntos?110483e73fb5373eec91bbe551bf7ace,INS,16923734,P,20240419111744,, HTTP/1.1" 200 116
190.171.153.50 - - [19/Apr/2024:12:22:21 -0300] "GET /cormun/servlet/hpexe_return? HTTP/1.1" 200 1038
190.171.153.50 - - [19/Apr/2024:12:22:21 -0300] "GET /cormun/servlet/trpermisosadjuntos?16923734,20240419111744,P, HTTP/1.1" 200 7094
190.171.153.50 - - [19/Apr/2024:12:22:25 -0300] "GET /cormun/servlet/trpermisosgoce? HTTP/1.1" 200 11889
190.171.153.50 - - [19/Apr/2024:12:22:30 -0300] "POST /cormun/servlet/trpermisosgoce?110483e73fb5373eec91bbe551bf7ace,,gx-no-cache=1713539932699 HTTP/1.1" 200 9158
190.171.153.50 - - [19/Apr/2024:12:22:33 -0300] "GET /cormun/servlet/permisogoce?INS,0,,, HTTP/1.1" 200 7170
190.171.141.106 - - [19/Apr/2024:12:22:35 -0300] "POST /cormun/servlet/permisosadjuntos?f155622f3723f7ec4a57a09e70cd55dd,INS,18675290,P,20240419092249,, HTTP/1.1" 200 116
190.171.141.106 - - [19/Apr/2024:12:22:35 -0300] "GET /cormun/servlet/hpexe_return? HTTP/1.1" 200 1034
190.171.153.50 - - [19/Apr/2024:12:22:36 -0300] "GET /cormun/servlet/prfichaempleado?,MD,,gxPopupLevel%3D0%3B HTTP/1.1" 200 9306
190.171.141.106 - - [19/Apr/2024:12:22:36 -0300] "GET /cormun/servlet/trpermisosadjuntos?18675290,20240419092249,P, HTTP/1.1" 200 8407
190.171.153.50 - - [19/Apr/2024:12:22:42 -0300] "POST /cormun/servlet/prfichaempleado?110483e73fb5373eec91bbe551bf7ace,,MD,,gxPopupLevel%3D0%3B,gx-no-cache=1713539944650 HTTP/1.1" 200 3410
190.171.141.106 - - [19/Apr/2024:12:22:43 -0300] "GET /cormun/servlet/permisosadjuntos?INS,18675290,P,20240419092249,, HTTP/1.1" 200 5916
190.171.141.106 - - [19/Apr/2024:12:22:43 -0300] "GET /cormun/static/about:blank HTTP/1.1" 404 1011
190.171.153.50 - - [19/Apr/2024:12:22:45 -0300] "GET /cormun/servlet/permisogoce?1d09c374aa53597531b4946b439452f12374b512fc07112e5df93d34fcefc853d39df23329ac2496b033f8e9f51f2befc3819ef78cf4628884f2ccdc87752660,gx-no-cache=1713539947673 HTTP/1.1" 200 75
190.171.153.50 - - [19/Apr/2024:12:22:51 -0300] "GET /cormun/servlet/permisogoce?1d09c374aa53597531b4946b439452f1f09d7e3e8b401e420b396ec1f0faa05af11ffb63035ad2fef8d7dca8b9bf293ff08351616b624ffff524a876e038c7ed,gx-no-cache=1713539953473 HTTP/1.1" 200 47
190.171.153.50 - - [19/Apr/2024:12:22:52 -0300] "POST /cormun/servlet/permisogoce?110483e73fb5373eec91bbe551bf7ace,INS,0,,,,gx-no-cache=1713539953491 HTTP/1.1" 200 93
190.171.153.50 - - [19/Apr/2024:12:22:52 -0300] "GET /cormun/servlet/hpexe_return? HTTP/1.1" 200 1009
190.171.153.50 - - [19/Apr/2024:12:22:52 -0300] "GET /cormun/servlet/trpermisosgoce? HTTP/1.1" 200 12128
190.171.153.50 - - [19/Apr/2024:12:22:55 -0300] "GET /cormun/servlet/trpermisosadjuntos?10697377,20240419111856,P, HTTP/1.1" 200 6594
190.171.141.106 - - [19/Apr/2024:12:22:58 -0300] "POST /cormun/servlet/permisosadjuntos?f155622f3723f7ec4a57a09e70cd55dd,INS,18675290,P,20240419092249,, HTTP/1.1" 200 116
190.171.141.106 - - [19/Apr/2024:12:22:58 -0300] "GET /cormun/servlet/hpexe_return? HTTP/1.1" 200 1034
190.171.141.106 - - [19/Apr/2024:12:22:58 -0300] "GET /cormun/servlet/trpermisosadjuntos?18675290,20240419092249,P, HTTP/1.1" 200 8486
190.171.153.50 - - [19/Apr/2024:12:22:58 -0300] "GET /cormun/servlet/permisosadjuntos?INS,10697377,P,20240419111856,, HTTP/1.1" 200 5921
190.171.153.50 - - [19/Apr/2024:12:22:58 -0300] "GET /cormun/static/about:blank HTTP/1.1" 404 1011
190.171.141.106 - - [19/Apr/2024:12:23:03 -0300] "GET /cormun/servlet/permisosadjuntos?INS,18675290,P,20240419092249,, HTTP/1.1" 200 5916
190.171.141.106 - - [19/Apr/2024:12:23:03 -0300] "GET /cormun/static/about:blank HTTP/1.1" 404 1011
190.171.153.50 - - [19/Apr/2024:12:23:05 -0300] "POST /cormun/servlet/permisosadjuntos?110483e73fb5373eec91bbe551bf7ace,INS,10697377,P,20240419111856,, HTTP/1.1" 200 116
190.171.153.50 - - [19/Apr/2024:12:23:05 -0300] "GET /cormun/servlet/hpexe_return? HTTP/1.1" 200 1038
190.171.153.50 - - [19/Apr/2024:12:23:05 -0300] "GET /cormun/servlet/trpermisosadjuntos?10697377,20240419111856,P, HTTP/1.1" 200 7092
190.171.153.50 - - [19/Apr/2024:12:23:12 -0300] "GET /cormun/servlet/trpermisosgoce? HTTP/1.1" 200 12124
190.171.153.50 - - [19/Apr/2024:12:23:14 -0300] "GET /cormun/servlet/trpermisosadjuntos?10697377,20240419111856,P, HTTP/1.1" 200 7088
190.171.141.106 - - [19/Apr/2024:12:23:19 -0300] "POST /cormun/servlet/permisosadjuntos?f155622f3723f7ec4a57a09e70cd55dd,INS,18675290,P,20240419092249,, HTTP/1.1" 200 116
190.171.141.106 - - [19/Apr/2024:12:23:19 -0300] "GET /cormun/servlet/hpexe_return? HTTP/1.1" 200 1034
190.171.141.106 - - [19/Apr/2024:12:23:19 -0300] "GET /cormun/servlet/trpermisosadjuntos?18675290,20240419092249,P, HTTP/1.1" 200 8596
190.171.153.50 - - [19/Apr/2024:12:23:21 -0300] "GET /cormun/servlet/trpermisosgoce? HTTP/1.1" 200 12124
190.171.141.106 - - [19/Apr/2024:12:23:23 -0300] "GET /cormun/servlet/permisosadjuntos?INS,18675290,P,20240419092249,, HTTP/1.1" 200 5916
190.171.141.106 - - [19/Apr/2024:12:23:23 -0300] "GET /cormun/static/about:blank HTTP/1.1" 404 1011
190.171.153.50 - - [19/Apr/2024:12:23:24 -0300] "POST /cormun/servlet/trpermisosgoce?110483e73fb5373eec91bbe551bf7ace,,gx-no-cache=1713539985731 HTTP/1.1" 200 9401
190.171.153.50 - - [19/Apr/2024:12:23:24 -0300] "GET /cormun/static/Shared/jqueryui/images/ui-bg_highlight-soft_100_c6c2c8_1x100.png HTTP/1.1" 404 1117
190.171.153.50 - - [19/Apr/2024:12:23:24 -0300] "GET /cormun/static/Shared/jqueryui/images/ui-icons_82798d_256x240.png HTTP/1.1" 404 1089
190.171.153.50 - - [19/Apr/2024:12:23:24 -0300] "GET /cormun/static/Shared/jqueryui/images/ui-bg_flat_55_fafafa_40x100.png HTTP/1.1" 404 1097
190.171.153.50 - - [19/Apr/2024:12:23:24 -0300] "GET /cormun/static/Shared/jqueryui/images/ui-icons_8d78a5_256x240.png HTTP/1.1" 404 1089
190.171.141.106 - - [19/Apr/2024:12:23:45 -0300] "POST /cormun/servlet/permisosadjuntos?f155622f3723f7ec4a57a09e70cd55dd,INS,18675290,P,20240419092249,, HTTP/1.1" 200 116
190.171.141.106 - - [19/Apr/2024:12:23:45 -0300] "GET /cormun/servlet/hpexe_return? HTTP/1.1" 200 1034
190.171.141.106 - - [19/Apr/2024:12:23:45 -0300] "GET /cormun/servlet/trpermisosadjuntos?18675290,20240419092249,P, HTTP/1.1" 200 8677
190.171.141.106 - - [19/Apr/2024:12:24:10 -0300] "GET /cormun/servlet/permisosadjuntos?INS,18675290,P,20240419092249,, HTTP/1.1" 200 5916
190.171.141.106 - - [19/Apr/2024:12:24:10 -0300] "GET /cormun/static/about:blank HTTP/1.1" 404 1011
190.171.141.106 - - [19/Apr/2024:12:24:24 -0300] "POST /cormun/servlet/permisosadjuntos?f155622f3723f7ec4a57a09e70cd55dd,INS,18675290,P,20240419092249,, HTTP/1.1" 200 116
190.171.141.106 - - [19/Apr/2024:12:24:24 -0300] "GET /cormun/servlet/hpexe_return? HTTP/1.1" 200 1034
190.171.141.106 - - [19/Apr/2024:12:24:25 -0300] "GET /cormun/servlet/trpermisosadjuntos?18675290,20240419092249,P, HTTP/1.1" 200 8772
190.171.153.50 - - [19/Apr/2024:12:29:02 -0300] "POST /cormun/servlet/trpermisosgoce?110483e73fb5373eec91bbe551bf7ace,,gx-no-cache=1713540323972 HTTP/1.1" 200 5343
190.171.153.50 - - [19/Apr/2024:12:29:17 -0300] "GET /cormun/servlet/trautorizarpermisogoce? HTTP/1.1" 200 9104
190.171.153.50 - - [19/Apr/2024:12:29:28 -0300] "GET /cormun/servlet/trpermisosgoce? HTTP/1.1" 200 8081
190.171.153.50 - - [19/Apr/2024:12:29:40 -0300] "GET /cormun/servlet/trautorizarpermisogoce? HTTP/1.1" 200 9104
190.171.153.50 - - [19/Apr/2024:12:29:56 -0300] "POST /cormun/servlet/trautorizarpermisogoce?110483e73fb5373eec91bbe551bf7ace,,gx-no-cache=1713540378246 HTTP/1.1" 200 131
190.171.153.50 - - [19/Apr/2024:12:29:56 -0300] "GET /cormun/servlet/licenciaspermisoslog?INS,10697377,P,20240419111856,0,NU, HTTP/1.1" 200 6171
190.171.153.50 - - [19/Apr/2024:12:29:56 -0300] "GET /cormun/static/gxcfg.js?20201215135367 HTTP/1.1" 200 953
190.171.153.50 - - [19/Apr/2024:12:29:56 -0300] "GET /cormun/static/licenciaspermisoslog.js?20201215135432 HTTP/1.1" 200 9271
209.141.55.133 - tomcat [19/Apr/2024:12:29:59 -0300] "GET /manager/html HTTP/1.1" 403 3196
190.171.153.50 - - [19/Apr/2024:12:30:08 -0300] "GET /cormun/servlet/licenciaspermisoslog?1d09c374aa53597531b4946b439452f17cf5c0e100ca2883a154a22e6f936c39b1bc2511afd5e5b19519571cdecab274ab51be784b4e5c57fa1927458a23181bf5203b9def16ea037da098f04f3c26ba287edbbbef131cc6d677b38de06e9843,gx-no-cache=1713540390926 HTTP/1.1" 200 120
190.171.153.50 - - [19/Apr/2024:12:30:08 -0300] "GET /cormun/static/Shared/jqueryui/images/ui-icons_82798d_256x240.png HTTP/1.1" 404 1089
190.171.153.50 - - [19/Apr/2024:12:30:08 -0300] "GET /cormun/static/Shared/jqueryui/images/ui-bg_highlight-soft_100_c6c2c8_1x100.png HTTP/1.1" 404 1117
190.171.153.50 - - [19/Apr/2024:12:30:09 -0300] "GET /cormun/static/Shared/jqueryui/images/ui-bg_flat_55_994d53_40x100.png HTTP/1.1" 404 1097
190.171.153.50 - - [19/Apr/2024:12:30:09 -0300] "GET /cormun/static/Shared/jqueryui/images/ui-icons_ebccce_256x240.png HTTP/1.1" 404 1089
190.171.153.50 - - [19/Apr/2024:12:30:09 -0300] "GET /cormun/servlet/licenciaspermisoslog?1d09c374aa53597531b4946b439452f17cf5c0e100ca2883a154a22e6f936c39b1bc2511afd5e5b19519571cdecab274ab51be784b4e5c57fa1927458a23181bf5203b9def16ea037da098f04f3c26ba287edbbbef131cc6d677b38de06e9843,gx-no-cache=1713540390955 HTTP/1.1" 200 120
190.171.153.50 - - [19/Apr/2024:12:30:09 -0300] "POST /cormun/servlet/licenciaspermisoslog?110483e73fb5373eec91bbe551bf7ace,INS,10697377,P,20240419111856,0,NU,,gx-no-cache=1713540390976 HTTP/1.1" 200 93
190.171.153.50 - - [19/Apr/2024:12:30:09 -0300] "GET /cormun/servlet/hpexe_return? HTTP/1.1" 200 1046
190.171.153.50 - - [19/Apr/2024:12:30:09 -0300] "GET /cormun/servlet/trautorizarpermisogoce HTTP/1.1" 200 8909
190.171.153.50 - - [19/Apr/2024:12:30:13 -0300] "GET /cormun/servlet/trpermisosgoce? HTTP/1.1" 200 8082
190.171.153.50 - - [19/Apr/2024:12:30:24 -0300] "POST /cormun/servlet/trpermisosgoce?110483e73fb5373eec91bbe551bf7ace,,gx-no-cache=1713540406685 HTTP/1.1" 200 9387
190.171.153.50 - - [19/Apr/2024:12:30:36 -0300] "POST /cormun/servlet/trpermisosgoce?110483e73fb5373eec91bbe551bf7ace,,gx-no-cache=1713540418198 HTTP/1.1" 200 9396
190.171.153.50 - - [19/Apr/2024:12:30:36 -0300] "GET /cormun/static/Shared/jqueryui/images/ui-bg_flat_55_fafafa_40x100.png HTTP/1.1" 404 1097
190.171.153.50 - - [19/Apr/2024:12:30:36 -0300] "GET /cormun/static/Shared/jqueryui/images/ui-icons_8d78a5_256x240.png HTTP/1.1" 404 1089
190.171.153.50 - - [19/Apr/2024:12:30:41 -0300] "GET /cormun/servlet/trpermisosadjuntos?10697377,20240419111856,P, HTTP/1.1" 200 7088
190.171.153.50 - - [19/Apr/2024:12:30:46 -0300] "GET /cormun/servlet/trpermisosgoce? HTTP/1.1" 200 12065
190.171.153.50 - - [19/Apr/2024:12:30:57 -0300] "POST /cormun/servlet/trpermisosgoce?110483e73fb5373eec91bbe551bf7ace,,gx-no-cache=1713540439174 HTTP/1.1" 200 9401
190.171.153.50 - - [19/Apr/2024:12:31:04 -0300] "POST /cormun/servlet/trpermisosgoce?110483e73fb5373eec91bbe551bf7ace,,gx-no-cache=1713540446022 HTTP/1.1" 200 9418
190.171.153.50 - - [19/Apr/2024:12:31:15 -0300] "POST /cormun/servlet/trpermisosgoce?110483e73fb5373eec91bbe551bf7ace,,gx-no-cache=1713540457781 HTTP/1.1" 200 9356
190.171.153.50 - - [19/Apr/2024:12:31:21 -0300] "POST /cormun/servlet/trpermisosgoce?110483e73fb5373eec91bbe551bf7ace,,gx-no-cache=1713540463213 HTTP/1.1" 200 9393
190.171.153.50 - - [19/Apr/2024:12:31:38 -0300] "GET /cormun/servlet/permisogoce?INS,0,,, HTTP/1.1" 200 7170
190.171.153.50 - - [19/Apr/2024:12:31:42 -0300] "GET /cormun/servlet/prfichaempleado?,MD,,gxPopupLevel%3D0%3B HTTP/1.1" 200 9306
190.171.153.50 - - [19/Apr/2024:12:31:51 -0300] "POST /cormun/servlet/prfichaempleado?110483e73fb5373eec91bbe551bf7ace,,MD,,gxPopupLevel%3D0%3B,gx-no-cache=1713540493756 HTTP/1.1" 200 3410
190.171.153.50 - - [19/Apr/2024:12:31:55 -0300] "GET /cormun/servlet/permisogoce?1d09c374aa53597531b4946b439452f12374b512fc07112e5df93d34fcefc853d39df23329ac2496b033f8e9f51f2befc3819ef78cf4628884f2ccdc87752660,gx-no-cache=1713540496940 HTTP/1.1" 200 75
190.171.153.50 - - [19/Apr/2024:12:31:55 -0300] "GET /cormun/static/menuarrow.gif HTTP/1.1" 404 1015
190.171.153.50 - - [19/Apr/2024:12:31:59 -0300] "GET /cormun/servlet/permisogoce?1d09c374aa53597531b4946b439452f1f09d7e3e8b401e420b396ec1f0faa05af11ffb63035ad2fef8d7dca8b9bf293ff08351616b624ffff524a876e038c7ed,gx-no-cache=1713540501512 HTTP/1.1" 200 47
190.171.153.50 - - [19/Apr/2024:12:32:00 -0300] "POST /cormun/servlet/permisogoce?110483e73fb5373eec91bbe551bf7ace,INS,0,,,,gx-no-cache=1713540502293 HTTP/1.1" 200 93
190.171.153.50 - - [19/Apr/2024:12:32:00 -0300] "GET /cormun/servlet/hpexe_return? HTTP/1.1" 200 1009
190.171.153.50 - - [19/Apr/2024:12:32:01 -0300] "GET /cormun/servlet/trpermisosgoce? HTTP/1.1" 200 12355
190.171.153.50 - - [19/Apr/2024:12:32:07 -0300] "GET /cormun/servlet/trpermisosadjuntos?10697377,20240419112801,P, HTTP/1.1" 200 6594
190.171.153.50 - - [19/Apr/2024:12:32:08 -0300] "GET /cormun/servlet/permisosadjuntos?INS,10697377,P,20240419112801,, HTTP/1.1" 200 5918
190.171.153.50 - - [19/Apr/2024:12:32:08 -0300] "GET /cormun/static/about:blank HTTP/1.1" 404 1011
190.171.153.50 - - [19/Apr/2024:12:32:14 -0300] "POST /cormun/servlet/permisosadjuntos?110483e73fb5373eec91bbe551bf7ace,INS,10697377,P,20240419112801,, HTTP/1.1" 200 116
190.171.153.50 - - [19/Apr/2024:12:32:14 -0300] "GET /cormun/servlet/hpexe_return? HTTP/1.1" 200 1037
190.171.153.50 - - [19/Apr/2024:12:32:14 -0300] "GET /cormun/servlet/trpermisosadjuntos?10697377,20240419112801,P, HTTP/1.1" 200 7092
190.171.153.50 - - [19/Apr/2024:12:32:17 -0300] "GET /cormun/servlet/trpermisosgoce? HTTP/1.1" 200 12376
190.171.153.50 - - [19/Apr/2024:12:32:20 -0300] "POST /cormun/servlet/trpermisosgoce?110483e73fb5373eec91bbe551bf7ace,,gx-no-cache=1713540522527 HTTP/1.1" 200 9580
190.171.153.50 - - [19/Apr/2024:12:32:20 -0300] "GET /cormun/static/Shared/jqueryui/images/ui-bg_highlight-soft_100_c6c2c8_1x100.png HTTP/1.1" 404 1117
190.171.153.50 - - [19/Apr/2024:12:32:20 -0300] "GET /cormun/static/Shared/jqueryui/images/ui-icons_82798d_256x240.png HTTP/1.1" 404 1089
190.171.153.50 - - [19/Apr/2024:12:32:20 -0300] "GET /cormun/static/Shared/jqueryui/images/ui-bg_flat_55_fafafa_40x100.png HTTP/1.1" 404 1097
190.171.153.50 - - [19/Apr/2024:12:32:20 -0300] "GET /cormun/static/Shared/jqueryui/images/ui-icons_8d78a5_256x240.png HTTP/1.1" 404 1089
190.171.141.106 - - [19/Apr/2024:12:33:33 -0300] "GET /cormun/servlet/permisosadjuntos?INS,18675290,P,20240419092249,, HTTP/1.1" 200 5917
190.171.141.106 - - [19/Apr/2024:12:33:33 -0300] "GET /cormun/static/about:blank HTTP/1.1" 404 1011
190.171.141.106 - - [19/Apr/2024:12:34:00 -0300] "POST /cormun/servlet/permisosadjuntos?f155622f3723f7ec4a57a09e70cd55dd,INS,18675290,P,20240419092249,, HTTP/1.1" 200 116
190.171.141.106 - - [19/Apr/2024:12:34:00 -0300] "GET /cormun/servlet/hpexe_return? HTTP/1.1" 200 1034
190.171.141.106 - - [19/Apr/2024:12:34:00 -0300] "GET /cormun/servlet/trpermisosadjuntos?18675290,20240419092249,P, HTTP/1.1" 200 8846
190.171.153.50 - - [19/Apr/2024:12:34:02 -0300] "POST /cormun/servlet/trpermisosgoce?110483e73fb5373eec91bbe551bf7ace,,gx-no-cache=1713540623861 HTTP/1.1" 200 9540
190.171.141.106 - - [19/Apr/2024:12:34:17 -0300] "GET /cormun/servlet/permisosadjuntos?INS,18675290,P,20240419092249,, HTTP/1.1" 200 5915
190.171.141.106 - - [19/Apr/2024:12:34:17 -0300] "GET /cormun/static/about:blank HTTP/1.1" 404 1011
190.171.141.106 - - [19/Apr/2024:12:34:41 -0300] "POST /cormun/servlet/permisosadjuntos?f155622f3723f7ec4a57a09e70cd55dd,INS,18675290,P,20240419092249,, HTTP/1.1" 200 116
190.171.141.106 - - [19/Apr/2024:12:34:41 -0300] "GET /cormun/servlet/hpexe_return? HTTP/1.1" 200 1034
190.171.141.106 - - [19/Apr/2024:12:34:41 -0300] "GET /cormun/servlet/trpermisosadjuntos?18675290,20240419092249,P, HTTP/1.1" 200 8951
190.171.141.106 - - [19/Apr/2024:12:34:48 -0300] "GET /cormun/servlet/permisosadjuntos?INS,18675290,P,20240419092249,, HTTP/1.1" 200 5916
190.171.141.106 - - [19/Apr/2024:12:34:48 -0300] "GET /cormun/static/about:blank HTTP/1.1" 404 1011
190.171.141.106 - - [19/Apr/2024:12:35:01 -0300] "POST /cormun/servlet/permisosadjuntos?f155622f3723f7ec4a57a09e70cd55dd,INS,18675290,P,20240419092249,, HTTP/1.1" 200 116
190.171.141.106 - - [19/Apr/2024:12:35:01 -0300] "GET /cormun/servlet/hpexe_return? HTTP/1.1" 200 1034
190.171.141.106 - - [19/Apr/2024:12:35:02 -0300] "GET /cormun/servlet/trpermisosadjuntos?18675290,20240419092249,P, HTTP/1.1" 200 9058
190.171.141.106 - - [19/Apr/2024:12:35:10 -0300] "GET /cormun/servlet/permisosadjuntos?INS,18675290,P,20240419092249,, HTTP/1.1" 200 5916
190.171.141.106 - - [19/Apr/2024:12:35:10 -0300] "GET /cormun/static/about:blank HTTP/1.1" 404 1011
190.171.141.106 - - [19/Apr/2024:12:35:23 -0300] "POST /cormun/servlet/permisosadjuntos?f155622f3723f7ec4a57a09e70cd55dd,INS,18675290,P,20240419092249,, HTTP/1.1" 200 116
190.171.141.106 - - [19/Apr/2024:12:35:23 -0300] "GET /cormun/servlet/hpexe_return? HTTP/1.1" 200 1034
190.171.141.106 - - [19/Apr/2024:12:35:24 -0300] "GET /cormun/servlet/trpermisosadjuntos?18675290,20240419092249,P, HTTP/1.1" 200 9163
190.171.141.106 - - [19/Apr/2024:12:35:30 -0300] "GET /cormun/servlet/permisosadjuntos?INS,18675290,P,20240419092249,, HTTP/1.1" 200 5916
190.171.141.106 - - [19/Apr/2024:12:35:30 -0300] "GET /cormun/static/about:blank HTTP/1.1" 404 1011
190.171.141.106 - - [19/Apr/2024:12:35:50 -0300] "POST /cormun/servlet/permisosadjuntos?f155622f3723f7ec4a57a09e70cd55dd,INS,18675290,P,20240419092249,, HTTP/1.1" 200 116
190.171.141.106 - - [19/Apr/2024:12:35:50 -0300] "GET /cormun/servlet/hpexe_return? HTTP/1.1" 200 1034
190.171.141.106 - - [19/Apr/2024:12:35:51 -0300] "GET /cormun/servlet/trpermisosadjuntos?18675290,20240419092249,P, HTTP/1.1" 200 9277
190.171.141.106 - - [19/Apr/2024:12:36:29 -0300] "GET /cormun/servlet/permisosadjuntos?INS,18675290,P,20240419092249,, HTTP/1.1" 200 5916
190.171.141.106 - - [19/Apr/2024:12:36:29 -0300] "GET /cormun/static/about:blank HTTP/1.1" 404 1011
190.171.141.106 - - [19/Apr/2024:12:36:54 -0300] "POST /cormun/servlet/permisosadjuntos?f155622f3723f7ec4a57a09e70cd55dd,INS,18675290,P,20240419092249,, HTTP/1.1" 200 116
190.171.141.106 - - [19/Apr/2024:12:36:54 -0300] "GET /cormun/servlet/hpexe_return? HTTP/1.1" 200 1034
190.171.141.106 - - [19/Apr/2024:12:36:54 -0300] "GET /cormun/servlet/trpermisosadjuntos?18675290,20240419092249,P, HTTP/1.1" 200 9412
190.171.141.106 - - [19/Apr/2024:12:37:05 -0300] "GET /cormun/servlet/permisosadjuntos?INS,18675290,P,20240419092249,, HTTP/1.1" 200 5917
190.171.141.106 - - [19/Apr/2024:12:37:05 -0300] "GET /cormun/static/about:blank HTTP/1.1" 404 1011
190.171.141.106 - - [19/Apr/2024:12:37:21 -0300] "POST /cormun/servlet/permisosadjuntos?f155622f3723f7ec4a57a09e70cd55dd,INS,18675290,P,20240419092249,, HTTP/1.1" 200 116
190.171.141.106 - - [19/Apr/2024:12:37:21 -0300] "GET /cormun/servlet/hpexe_return? HTTP/1.1" 200 1034
190.171.141.106 - - [19/Apr/2024:12:37:22 -0300] "GET /cormun/servlet/trpermisosadjuntos?18675290,20240419092249,P, HTTP/1.1" 200 9529
190.171.141.106 - - [19/Apr/2024:12:37:26 -0300] "GET /cormun/servlet/permisosadjuntos?INS,18675290,P,20240419092249,, HTTP/1.1" 200 5916
190.171.141.106 - - [19/Apr/2024:12:37:26 -0300] "GET /cormun/static/about:blank HTTP/1.1" 404 1011
190.171.141.106 - - [19/Apr/2024:12:37:38 -0300] "POST /cormun/servlet/permisosadjuntos?f155622f3723f7ec4a57a09e70cd55dd,INS,18675290,P,20240419092249,, HTTP/1.1" 200 116
190.171.141.106 - - [19/Apr/2024:12:37:38 -0300] "GET /cormun/servlet/hpexe_return? HTTP/1.1" 200 1034
190.171.141.106 - - [19/Apr/2024:12:37:38 -0300] "GET /cormun/servlet/trpermisosadjuntos?18675290,20240419092249,P, HTTP/1.1" 200 9641
190.171.141.106 - - [19/Apr/2024:12:37:56 -0300] "GET /cormun/servlet/permisosadjuntos?INS,18675290,P,20240419092249,, HTTP/1.1" 200 5916
190.171.141.106 - - [19/Apr/2024:12:37:56 -0300] "GET /cormun/static/about:blank HTTP/1.1" 404 1011
190.171.141.114 - - [19/Apr/2024:12:38:05 -0300] "GET /cormun/servlet/solicitudotadjuntos?b8eb49b5b4ecadc07007589c877930c167b44cb48bdd5844612ea0aafae3fe69,gx-no-cache=1713540867170 HTTP/1.1" 200 30
190.171.141.114 - - [19/Apr/2024:12:38:05 -0300] "GET /cormun/servlet/solicitudotadjuntos?b8eb49b5b4ecadc07007589c877930c167b44cb48bdd5844612ea0aafae3fe69,gx-no-cache=1713540867259 HTTP/1.1" 200 30
190.171.141.114 - - [19/Apr/2024:12:38:05 -0300] "POST /cormun/servlet/solicitudotadjuntos?f4de8db8de6168303371908a430e7076,INS,2024,21287,,1, HTTP/1.1" 200 116
190.171.141.114 - - [19/Apr/2024:12:38:05 -0300] "GET /cormun/servlet/hpexe_return? HTTP/1.1" 200 1024
190.171.141.114 - - [19/Apr/2024:12:38:06 -0300] "GET /cormun/servlet/trsolicitudadjuntos?2024,21287, HTTP/1.1" 200 9058
190.171.141.114 - - [19/Apr/2024:12:38:08 -0300] "GET /cormun/servlet/solicitudotadjuntos?INS,2024,21287,,1, HTTP/1.1" 200 6059
190.171.141.114 - - [19/Apr/2024:12:38:08 -0300] "GET /cormun/static/about:blank HTTP/1.1" 404 1011
190.171.141.114 - - [19/Apr/2024:12:38:08 -0300] "GET /cormun/servlet/solicitudotadjuntos?b8eb49b5b4ecadc07007589c877930c17bb16b5b4c78a190cf9a1cfd9d83aae1951977c6ab99a0081e7a1eb350d6bfbb,gx-no-cache=1713540870622 HTTP/1.1" 200 30
190.171.141.114 - - [19/Apr/2024:12:38:08 -0300] "POST /cormun/servlet/solicitudotadjuntos?f4de8db8de6168303371908a430e7076,INS,2024,21287,,1,,gx-no-cache=1713540870639 HTTP/1.1" 200 3868
190.171.141.106 - - [19/Apr/2024:12:38:11 -0300] "POST /cormun/servlet/permisosadjuntos?f155622f3723f7ec4a57a09e70cd55dd,INS,18675290,P,20240419092249,, HTTP/1.1" 200 116
190.171.141.106 - - [19/Apr/2024:12:38:11 -0300] "GET /cormun/servlet/hpexe_return? HTTP/1.1" 200 1034
190.171.141.106 - - [19/Apr/2024:12:38:11 -0300] "GET /cormun/servlet/trpermisosadjuntos?18675290,20240419092249,P, HTTP/1.1" 200 9760
190.171.141.114 - - [19/Apr/2024:12:38:13 -0300] "POST /cormun/servlet/solicitudotadjuntos?gx-no-cache=1713540874849 HTTP/1.1" 200 26
190.171.141.114 - - [19/Apr/2024:12:38:22 -0300] "GET /cormun/servlet/solicitudotadjuntos?b8eb49b5b4ecadc07007589c877930c167b44cb48bdd5844612ea0aafae3fe69,gx-no-cache=1713540884512 HTTP/1.1" 200 30
190.171.141.114 - - [19/Apr/2024:12:38:22 -0300] "GET /cormun/servlet/solicitudotadjuntos?b8eb49b5b4ecadc07007589c877930c167b44cb48bdd5844612ea0aafae3fe69,gx-no-cache=1713540884532 HTTP/1.1" 200 30
190.171.141.114 - - [19/Apr/2024:12:38:22 -0300] "POST /cormun/servlet/solicitudotadjuntos?f4de8db8de6168303371908a430e7076,INS,2024,21287,,1, HTTP/1.1" 200 116
190.171.141.114 - - [19/Apr/2024:12:38:22 -0300] "GET /cormun/servlet/hpexe_return? HTTP/1.1" 200 1024
190.171.141.114 - - [19/Apr/2024:12:38:23 -0300] "GET /cormun/servlet/trsolicitudadjuntos?2024,21287, HTTP/1.1" 200 9309
190.171.141.106 - - [19/Apr/2024:12:38:24 -0300] "GET /cormun/servlet/permisosadjuntos?INS,18675290,P,20240419092249,, HTTP/1.1" 200 5917
190.171.141.106 - - [19/Apr/2024:12:38:24 -0300] "GET /cormun/static/about:blank HTTP/1.1" 404 1011
190.171.141.114 - - [19/Apr/2024:12:38:37 -0300] "GET /cormun/servlet/solicitudotadjuntos?INS,2024,21287,,1, HTTP/1.1" 200 6058
190.171.141.114 - - [19/Apr/2024:12:38:37 -0300] "GET /cormun/static/about:blank HTTP/1.1" 404 1011
190.171.141.114 - - [19/Apr/2024:12:38:38 -0300] "GET /cormun/servlet/solicitudotadjuntos?b8eb49b5b4ecadc07007589c877930c17bb16b5b4c78a190cf9a1cfd9d83aae1951977c6ab99a0081e7a1eb350d6bfbb,gx-no-cache=1713540900220 HTTP/1.1" 200 30
190.171.141.114 - - [19/Apr/2024:12:38:38 -0300] "POST /cormun/servlet/solicitudotadjuntos?f4de8db8de6168303371908a430e7076,INS,2024,21287,,1,,gx-no-cache=1713540900238 HTTP/1.1" 200 3869
190.171.141.114 - - [19/Apr/2024:12:38:42 -0300] "POST /cormun/servlet/solicitudotadjuntos?gx-no-cache=1713540904017 HTTP/1.1" 200 26
190.171.141.114 - - [19/Apr/2024:12:38:58 -0300] "GET /cormun/servlet/solicitudotadjuntos?b8eb49b5b4ecadc07007589c877930c167b44cb48bdd5844612ea0aafae3fe69,gx-no-cache=1713540920033 HTTP/1.1" 200 30
190.171.141.114 - - [19/Apr/2024:12:38:58 -0300] "GET /cormun/servlet/solicitudotadjuntos?b8eb49b5b4ecadc07007589c877930c167b44cb48bdd5844612ea0aafae3fe69,gx-no-cache=1713540920050 HTTP/1.1" 200 30
190.171.141.114 - - [19/Apr/2024:12:38:58 -0300] "POST /cormun/servlet/solicitudotadjuntos?f4de8db8de6168303371908a430e7076,INS,2024,21287,,1, HTTP/1.1" 200 116
190.171.141.114 - - [19/Apr/2024:12:38:58 -0300] "GET /cormun/servlet/hpexe_return? HTTP/1.1" 200 1024
190.171.141.114 - - [19/Apr/2024:12:38:58 -0300] "GET /cormun/servlet/trsolicitudadjuntos?2024,21287, HTTP/1.1" 200 9528
190.171.141.114 - - [19/Apr/2024:12:39:01 -0300] "GET /cormun/servlet/solicitudotadjuntos?INS,2024,21287,,1, HTTP/1.1" 200 6058
190.171.141.114 - - [19/Apr/2024:12:39:01 -0300] "GET /cormun/static/about:blank HTTP/1.1" 404 1011
190.171.141.114 - - [19/Apr/2024:12:39:01 -0300] "GET /cormun/servlet/solicitudotadjuntos?b8eb49b5b4ecadc07007589c877930c17bb16b5b4c78a190cf9a1cfd9d83aae1951977c6ab99a0081e7a1eb350d6bfbb,gx-no-cache=1713540923390 HTTP/1.1" 200 30
190.171.141.114 - - [19/Apr/2024:12:39:01 -0300] "POST /cormun/servlet/solicitudotadjuntos?f4de8db8de6168303371908a430e7076,INS,2024,21287,,1,,gx-no-cache=1713540923424 HTTP/1.1" 200 3869
190.171.141.114 - - [19/Apr/2024:12:39:05 -0300] "POST /cormun/servlet/solicitudotadjuntos?gx-no-cache=1713540927681 HTTP/1.1" 200 26
190.171.141.106 - - [19/Apr/2024:12:39:29 -0300] "POST /cormun/servlet/permisosadjuntos?f155622f3723f7ec4a57a09e70cd55dd,INS,18675290,P,20240419092249,, HTTP/1.1" 200 116
190.171.141.106 - - [19/Apr/2024:12:39:29 -0300] "GET /cormun/servlet/hpexe_return? HTTP/1.1" 200 1034
190.171.141.106 - - [19/Apr/2024:12:39:30 -0300] "GET /cormun/servlet/trpermisosadjuntos?18675290,20240419092249,P, HTTP/1.1" 200 9851
190.171.141.114 - - [19/Apr/2024:12:39:31 -0300] "GET /cormun/servlet/solicitudotadjuntos?b8eb49b5b4ecadc07007589c877930c167b44cb48bdd5844612ea0aafae3fe69,gx-no-cache=1713540952809 HTTP/1.1" 200 30
190.171.141.114 - - [19/Apr/2024:12:39:31 -0300] "GET /cormun/servlet/solicitudotadjuntos?b8eb49b5b4ecadc07007589c877930c167b44cb48bdd5844612ea0aafae3fe69,gx-no-cache=1713540952833 HTTP/1.1" 200 30
190.171.141.114 - - [19/Apr/2024:12:39:31 -0300] "POST /cormun/servlet/solicitudotadjuntos?f4de8db8de6168303371908a430e7076,INS,2024,21287,,1, HTTP/1.1" 200 116
190.171.141.114 - - [19/Apr/2024:12:39:31 -0300] "GET /cormun/servlet/hpexe_return? HTTP/1.1" 200 1024
190.171.141.114 - - [19/Apr/2024:12:39:31 -0300] "GET /cormun/servlet/trsolicitudadjuntos?2024,21287, HTTP/1.1" 200 9826
190.171.141.114 - - [19/Apr/2024:12:39:35 -0300] "GET /cormun/servlet/solicitudotadjuntos?INS,2024,21287,,1, HTTP/1.1" 200 6058
190.171.141.114 - - [19/Apr/2024:12:39:35 -0300] "GET /cormun/static/about:blank HTTP/1.1" 404 1011
190.171.141.114 - - [19/Apr/2024:12:39:35 -0300] "GET /cormun/servlet/solicitudotadjuntos?b8eb49b5b4ecadc07007589c877930c17bb16b5b4c78a190cf9a1cfd9d83aae1951977c6ab99a0081e7a1eb350d6bfbb,gx-no-cache=1713540957579 HTTP/1.1" 200 30
190.171.141.114 - - [19/Apr/2024:12:39:35 -0300] "POST /cormun/servlet/solicitudotadjuntos?f4de8db8de6168303371908a430e7076,INS,2024,21287,,1,,gx-no-cache=1713540957599 HTTP/1.1" 200 3869
190.171.141.114 - - [19/Apr/2024:12:39:38 -0300] "POST /cormun/servlet/solicitudotadjuntos?gx-no-cache=1713540960193 HTTP/1.1" 200 26
190.171.141.106 - - [19/Apr/2024:12:39:43 -0300] "GET /cormun/servlet/permisosadjuntos?DLT,18675290,P,20240419092249,20240419113447, HTTP/1.1" 200 5987
190.171.141.106 - - [19/Apr/2024:12:39:43 -0300] "GET /cormun/static/Shared/jqueryui/images/ui-bg_highlight-soft_100_c6c2c8_1x100.png HTTP/1.1" 404 1117
190.171.141.106 - - [19/Apr/2024:12:39:43 -0300] "GET /cormun/static/Shared/jqueryui/images/ui-icons_82798d_256x240.png HTTP/1.1" 404 1089
190.171.141.106 - - [19/Apr/2024:12:39:43 -0300] "GET /cormun/static/Shared/jqueryui/images/ui-bg_flat_55_fafafa_40x100.png HTTP/1.1" 404 1097
190.171.141.106 - - [19/Apr/2024:12:39:43 -0300] "GET /cormun/static/Shared/jqueryui/images/ui-icons_8d78a5_256x240.png HTTP/1.1" 404 1089
190.171.141.106 - - [19/Apr/2024:12:39:43 -0300] "GET /cormun/PublicTempStorage/adminis._ingrid_olavarria_%282%295484870.pdf HTTP/1.1" 200 153266
