190.171.152.234 - - [19/Apr/2024:13:37:01 -0300] "GET /cormun/servlet/solicitudot?933b4a94b1719cf52c55079aa417aaf05d7f75ce75f87612a143e7e0c665d9b6c7685d10783d08dde2d1e5e9e5722a037d4e97724616f44054089042b96311e1ca229710f2b369302a051dc26d17d0fe665a3e8ffc2d0e0da123515a5463706383f899f00216f485e4b67fdc9d995666309dc682de00a6672b8e4045e2bd9ab80243ff4c8bba3d5f05ae356a14e5df27d228ae179f8e141b18c5afc88a0dfd6085b0b05639da07a40815048316a1266c9a4f0fbc32e27a0a7b70d5a2e28f14478c6933f862ae5f79a3777b9e31f376c2d099c934561adffb6c25e180dd57b3ce73ef7ea0b959d6d85fb6810c39d395547fb79b1d04c9f7641cb452024b65a989301a4c290c582dcab39d6624f717177e1b4ce85e33bb9f2d0b01a3dd14652bd2e9de046e37adb50e22d359fb4f88f237b5d6b0bd96c68b64e6d2309e4730062b511c2ae842e7af491bae2a7b9d755c0358b8a3c0910de589725b67e228268e42f8ac9ea93cfdfc7cbdbbc3a3480c05b6ea2e37f99ee17b46ff999409698ccc62b6d498b64cc2f292b87ab7933eb3b811,gx-no-cache=1713540786621 HTTP/1.1" 200 30
190.171.152.234 - - [19/Apr/2024:13:37:01 -0300] "POST /cormun/servlet/solicitudot?gx-no-cache=1713540786657 HTTP/1.1" 200 30
190.171.152.234 - - [19/Apr/2024:13:37:01 -0300] "POST /cormun/servlet/solicitudot?gx-no-cache=1713540786683 HTTP/1.1" 200 1482
190.171.152.234 - - [19/Apr/2024:13:37:01 -0300] "POST /cormun/servlet/solicitudot?gx-no-cache=1713540786711 HTTP/1.1" 200 41
190.171.152.234 - - [19/Apr/2024:13:37:01 -0300] "GET /cormun/servlet/solicitudot?933b4a94b1719cf52c55079aa417aaf00b6add2ffd2828e5cf3c417c8bea59d0f45c3174fc9f151e09d3ce04f31bd18258c1585916f14eca560d8bafa35784044094ef555d81a289ad9470cb9d349a38a27e309752f7f1df4017b9c4b15cdc68a4770e967b6d2dc03a962230e44408dc,gx-no-cache=1713540786726 HTTP/1.1" 200 110
190.171.152.234 - - [19/Apr/2024:13:37:01 -0300] "POST /cormun/servlet/solicitudot?gx-no-cache=1713540786753 HTTP/1.1" 200 83
190.171.152.234 - - [19/Apr/2024:13:37:01 -0300] "POST /cormun/servlet/solicitudot?gx-no-cache=1713540786773 HTTP/1.1" 200 30
190.171.152.234 - - [19/Apr/2024:13:37:02 -0300] "POST /cormun/servlet/solicitudot?ac0a5494c46c82d12e41e3da7734aa5b,INS,0,0,false,,gx-no-cache=1713540786792 HTTP/1.1" 200 13393
190.171.152.234 - - [19/Apr/2024:13:37:02 -0300] "GET /cormun/static/Shared/jqueryui/images/ui-bg_flat_55_994d53_40x100.png HTTP/1.1" 404 1097
190.171.152.234 - - [19/Apr/2024:13:37:02 -0300] "GET /cormun/static/Shared/jqueryui/images/ui-icons_ebccce_256x240.png HTTP/1.1" 404 1089
190.171.153.26 - - [19/Apr/2024:13:37:05 -0300] "POST /cormun/servlet/hlogin?1abee79de9ec44b3c87e501630153cbc,gx-no-cache=1713544406307 HTTP/1.1" 200 90
190.171.153.26 - - [19/Apr/2024:13:37:05 -0300] "GET /cormun/servlet/hpexe_link HTTP/1.1" 200 953
190.171.153.26 - - [19/Apr/2024:13:37:05 -0300] "GET /cormun/servlet/hhome HTTP/1.1" 200 4297
190.171.153.26 - - [19/Apr/2024:13:37:10 -0300] "GET /cormun/servlet/trlicencias? HTTP/1.1" 200 9730
190.171.152.234 - - [19/Apr/2024:13:37:34 -0300] "GET /cormun/servlet/solicitudot?933b4a94b1719cf52c55079aa417aaf05d7f75ce75f87612a143e7e0c665d9b6c7685d10783d08dde2d1e5e9e5722a037d4e97724616f44054089042b96311e1ca229710f2b369302a051dc26d17d0fe665a3e8ffc2d0e0da123515a5463706383f899f00216f485e4b67fdc9d995666309dc682de00a6672b8e4045e2bd9ab80243ff4c8bba3d5f05ae356a14e5df27d228ae179f8e141b18c5afc88a0dfd6085b0b05639da07a40815048316a1266c9a4f0fbc32e27a0a7b70d5a2e28f14478c6933f862ae5f79a3777b9e31f376c2d099c934561adffb6c25e180dd57b3ce73ef7ea0b959d6d85fb6810c39d395547fb79b1d04c9f7641cb452024b65a989301a4c290c582dcab39d6624f717177e1b4ce85e33bb9f2d0b01a3dd14652bd2e9de046e37adb50e22d359fb4f88f237b5d6b0bd96c68b64e6d2309e4730062b511c2ae842e7af491bae2a7b9d755c0358b8a3c0910de589725b67e228268e42f8ac9ea93cfdfc7cbdbbc3a3480c05b6ea2e37f99ee17b46ff999409698ccc62b6d498b64cc2f292b87ab7933eb3b811,gx-no-cache=1713540819468 HTTP/1.1" 200 30
190.171.152.234 - - [19/Apr/2024:13:37:34 -0300] "POST /cormun/servlet/solicitudot?gx-no-cache=1713540819492 HTTP/1.1" 200 30
190.171.152.234 - - [19/Apr/2024:13:37:34 -0300] "POST /cormun/servlet/solicitudot?gx-no-cache=1713540819520 HTTP/1.1" 200 1482
190.171.152.234 - - [19/Apr/2024:13:37:34 -0300] "POST /cormun/servlet/solicitudot?gx-no-cache=1713540819559 HTTP/1.1" 200 41
190.171.152.234 - - [19/Apr/2024:13:37:34 -0300] "GET /cormun/servlet/solicitudot?933b4a94b1719cf52c55079aa417aaf00b6add2ffd2828e5cf3c417c8bea59d0f45c3174fc9f151e09d3ce04f31bd18258c1585916f14eca560d8bafa35784044094ef555d81a289ad9470cb9d349a38a27e309752f7f1df4017b9c4b15cdc68a4770e967b6d2dc03a962230e44408dc,gx-no-cache=1713540819589 HTTP/1.1" 200 110
190.171.152.234 - - [19/Apr/2024:13:37:34 -0300] "POST /cormun/servlet/solicitudot?gx-no-cache=1713540819604 HTTP/1.1" 200 83
190.171.152.234 - - [19/Apr/2024:13:37:34 -0300] "GET /cormun/servlet/solicitudot?933b4a94b1719cf52c55079aa417aaf0400aa422af1b4d465cd853ed2bd2a434f2bd1550c31691eb7d278780a910ec0c,gx-no-cache=1713540819624 HTTP/1.1" 200 30
190.171.152.234 - - [19/Apr/2024:13:37:34 -0300] "POST /cormun/servlet/solicitudot?gx-no-cache=1713540819653 HTTP/1.1" 200 30
190.171.152.234 - - [19/Apr/2024:13:37:35 -0300] "POST /cormun/servlet/solicitudot?ac0a5494c46c82d12e41e3da7734aa5b,INS,0,0,false,,gx-no-cache=1713540819677 HTTP/1.1" 200 93
190.171.152.234 - - [19/Apr/2024:13:37:35 -0300] "GET /cormun/servlet/hpexe_return? HTTP/1.1" 200 1010
190.171.134.178 - - [19/Apr/2024:13:37:35 -0300] "GET /cormun/servlet/hlogin HTTP/1.1" 200 1726
190.171.152.234 - - [19/Apr/2024:13:37:35 -0300] "GET /cormun/static/gxcfg.js?20221129846035 HTTP/1.1" 200 953
190.171.152.234 - - [19/Apr/2024:13:37:35 -0300] "GET /cormun/static/hpexe_return.js?20221129846037 HTTP/1.1" 200 1633
190.171.152.234 - - [19/Apr/2024:13:37:35 -0300] "GET /cormun/servlet/trsolicitudot HTTP/1.1" 200 8911
190.171.152.234 - - [19/Apr/2024:13:37:36 -0300] "GET /cormun//static/Resources/PXToolsActionView.png HTTP/1.1" 200 398
190.171.152.234 - - [19/Apr/2024:13:37:36 -0300] "GET /cormun//static/Resources/PXToolsGridUpdate.png HTTP/1.1" 200 470
190.171.152.234 - - [19/Apr/2024:13:37:36 -0300] "GET /cormun//static/Resources/PXToolsGridDelete.png HTTP/1.1" 200 538
190.171.152.234 - - [19/Apr/2024:13:37:36 -0300] "GET /cormun//static/Resources/PXToolsRemoveAllAction.png HTTP/1.1" 200 487
190.171.134.178 - - [19/Apr/2024:13:37:46 -0300] "POST /cormun/servlet/hlogin?8dad33fc84ff996cb8bdedd2d1c3affa,gx-no-cache=1713544447737 HTTP/1.1" 200 90
190.171.134.178 - - [19/Apr/2024:13:37:46 -0300] "GET /cormun/servlet/hpexe_link HTTP/1.1" 200 953
190.171.134.178 - - [19/Apr/2024:13:37:46 -0300] "GET /cormun/servlet/hhome HTTP/1.1" 200 3942
190.171.134.178 - - [19/Apr/2024:13:37:47 -0300] "GET /cormun/servlet/hhome HTTP/1.1" 200 3938
190.171.134.178 - - [19/Apr/2024:13:37:50 -0300] "GET /cormun/servlet/trlicencias? HTTP/1.1" 200 9869
190.171.134.178 - - [19/Apr/2024:13:37:51 -0300] "GET /cormun/servlet/trlicencias? HTTP/1.1" 200 9867
190.171.153.26 - - [19/Apr/2024:13:37:54 -0300] "GET /cormun/servlet/trpermisosgoce? HTTP/1.1" 200 13806
190.171.153.26 - - [19/Apr/2024:13:37:54 -0300] "GET /cormun/static/gxcfg.js?2020121631564 HTTP/1.1" 200 953
190.171.153.26 - - [19/Apr/2024:13:37:54 -0300] "GET /cormun/static/trpermisosgoce.js?2020121633681 HTTP/1.1" 200 35904
190.171.153.26 - - [19/Apr/2024:13:37:54 -0300] "GET /cormun//static/Resources/PXToolsGridUpdate.png HTTP/1.1" 200 470
190.171.153.26 - - [19/Apr/2024:13:37:54 -0300] "GET /cormun//static/Resources/PXToolsGridDelete.png HTTP/1.1" 200 538
209.141.55.133 - tomcat [19/Apr/2024:13:38:44 -0300] "GET /manager/html HTTP/1.1" 403 3196
190.171.153.26 - - [19/Apr/2024:13:40:08 -0300] "GET /cormun/servlet/trfichaempleadohoras? HTTP/1.1" 500 10
190.171.153.26 - - [19/Apr/2024:13:40:12 -0300] "GET /cormun/servlet/trpermisosgoce? HTTP/1.1" 200 13806
209.141.55.133 - tomcat [19/Apr/2024:13:50:13 -0300] "GET /manager/html HTTP/1.1" 403 3196
190.171.141.106 - - [19/Apr/2024:13:51:55 -0300] "GET /cormun/servlet/hlogin HTTP/1.1" 200 1711
190.171.141.106 - - [19/Apr/2024:13:52:01 -0300] "POST /cormun/servlet/hlogin?536803e4ea3ea172078df981882d4538,gx-no-cache=1713545303078 HTTP/1.1" 200 90
190.171.141.106 - - [19/Apr/2024:13:52:01 -0300] "GET /cormun/servlet/hpexe_link HTTP/1.1" 200 943
190.171.141.106 - - [19/Apr/2024:13:52:01 -0300] "GET /cormun/servlet/hhome HTTP/1.1" 200 4263
190.171.141.106 - - [19/Apr/2024:13:52:11 -0300] "GET /cormun/servlet/trpermisosgoce? HTTP/1.1" 200 13526
190.171.141.106 - - [19/Apr/2024:13:52:31 -0300] "GET /cormun/servlet/permisogoce?INS,0,,, HTTP/1.1" 200 7157
190.171.141.106 - - [19/Apr/2024:13:53:14 -0300] "GET /cormun/servlet/permisogoce?71356affa6df16271390bd17801253c5062666067997fccb39c069d0eef311dbf3645532017108e040e53c81facbe613dd8bcc59c4a590c7305de71dfd83cffe,gx-no-cache=1713545375806 HTTP/1.1" 200 75
190.171.141.106 - - [19/Apr/2024:13:54:11 -0300] "GET /cormun/servlet/permisogoce?71356affa6df16271390bd17801253c5fab2318d89cf38b103759d8e14e2420badbd93a7253203fb853da2766e49dc936d01b81edc9ce1c34371e2ca44bc987e,gx-no-cache=1713545432989 HTTP/1.1" 200 129
190.171.141.106 - - [19/Apr/2024:13:54:11 -0300] "GET /cormun/static/Shared/jqueryui/images/ui-icons_82798d_256x240.png HTTP/1.1" 404 1089
190.171.141.106 - - [19/Apr/2024:13:54:11 -0300] "GET /cormun/static/Shared/jqueryui/images/ui-bg_flat_55_994d53_40x100.png HTTP/1.1" 404 1097
190.171.141.106 - - [19/Apr/2024:13:54:11 -0300] "GET /cormun/static/Shared/jqueryui/images/ui-bg_highlight-soft_100_c6c2c8_1x100.png HTTP/1.1" 404 1117
190.171.141.106 - - [19/Apr/2024:13:54:11 -0300] "GET /cormun/static/Shared/jqueryui/images/ui-icons_ebccce_256x240.png HTTP/1.1" 404 1089
190.171.141.106 - - [19/Apr/2024:13:54:11 -0300] "POST /cormun/servlet/permisogoce?536803e4ea3ea172078df981882d4538,INS,0,,,,gx-no-cache=1713545433235 HTTP/1.1" 200 4760
190.171.141.106 - - [19/Apr/2024:13:54:23 -0300] "GET /cormun/servlet/permisogoce?71356affa6df16271390bd17801253c5fab2318d89cf38b103759d8e14e2420b2ad4aa2d39112d35a6cb54cdab0bdb8c6d01b81edc9ce1c34371e2ca44bc987e,gx-no-cache=1713545445083 HTTP/1.1" 200 47
190.171.141.106 - - [19/Apr/2024:13:54:25 -0300] "POST /cormun/servlet/permisogoce?536803e4ea3ea172078df981882d4538,INS,0,,,,gx-no-cache=1713545447359 HTTP/1.1" 200 93
190.171.141.106 - - [19/Apr/2024:13:54:26 -0300] "GET /cormun/servlet/hpexe_return? HTTP/1.1" 200 1002
190.171.141.106 - - [19/Apr/2024:13:54:27 -0300] "GET /cormun/servlet/trpermisosgoce HTTP/1.1" 200 13750
190.171.141.106 - - [19/Apr/2024:13:54:40 -0300] "GET /cormun/servlet/trpermisosadjuntos?16663901,20240419124854,P, HTTP/1.1" 200 6580
190.171.141.106 - - [19/Apr/2024:13:54:44 -0300] "GET /cormun/servlet/permisosadjuntos?INS,16663901,P,20240419124854,, HTTP/1.1" 200 5908
190.171.141.106 - - [19/Apr/2024:13:54:45 -0300] "GET /cormun/static/about:blank HTTP/1.1" 404 1011
190.171.141.106 - - [19/Apr/2024:13:55:06 -0300] "POST /cormun/servlet/permisosadjuntos?536803e4ea3ea172078df981882d4538,INS,16663901,P,20240419124854,, HTTP/1.1" 200 116
190.171.141.106 - - [19/Apr/2024:13:55:06 -0300] "GET /cormun/servlet/hpexe_return? HTTP/1.1" 200 1031
190.171.141.106 - - [19/Apr/2024:13:55:06 -0300] "GET /cormun/servlet/trpermisosadjuntos?16663901,20240419124854,P, HTTP/1.1" 200 7099
191.125.170.136 - - [19/Apr/2024:13:56:01 -0300] "GET /cormun/servlet/trlicencias? HTTP/1.1" 200 6051
191.125.170.136 - - [19/Apr/2024:13:56:01 -0300] "GET /cormun/servlet/hlogin HTTP/1.1" 200 1740
191.125.170.136 - - [19/Apr/2024:13:56:21 -0300] "POST /cormun/servlet/hlogin?690d2e9ed636efe9470d09594b5f0a8f,gx-no-cache=1713545565749 HTTP/1.1" 200 90
191.125.170.136 - - [19/Apr/2024:13:56:21 -0300] "GET /cormun/servlet/hpexe_link HTTP/1.1" 200 957
191.125.170.136 - - [19/Apr/2024:13:56:21 -0300] "GET /cormun/servlet/trlicencias HTTP/1.1" 200 13400
191.125.170.136 - - [19/Apr/2024:13:56:28 -0300] "GET /cormun/servlet/trautorizarpermisogoce? HTTP/1.1" 200 8383
191.125.170.136 - - [19/Apr/2024:13:56:41 -0300] "GET /cormun/servlet/trautorizarpermisogoce? HTTP/1.1" 200 8383
191.125.170.136 - - [19/Apr/2024:13:56:55 -0300] "POST /cormun/servlet/trautorizarpermisogoce?690d2e9ed636efe9470d09594b5f0a8f,,gx-no-cache=1713545600281 HTTP/1.1" 200 4554
191.125.170.136 - - [19/Apr/2024:13:56:56 -0300] "GET /cormun/static/Shared/jqueryui/images/ui-bg_highlight-soft_100_c6c2c8_1x100.png HTTP/1.1" 404 1117
191.125.170.136 - - [19/Apr/2024:13:56:56 -0300] "GET /cormun/static/Shared/jqueryui/images/ui-icons_82798d_256x240.png HTTP/1.1" 404 1089
191.125.170.136 - - [19/Apr/2024:13:56:56 -0300] "GET /cormun/static/Shared/jqueryui/images/ui-bg_flat_55_fafafa_40x100.png HTTP/1.1" 404 1097
191.125.170.136 - - [19/Apr/2024:13:56:56 -0300] "GET /cormun/static/Shared/jqueryui/images/ui-icons_8d78a5_256x240.png HTTP/1.1" 404 1089
191.125.170.136 - - [19/Apr/2024:13:57:08 -0300] "GET /cormun/servlet/trpermisosingoceautorizar? HTTP/1.1" 200 7069
191.125.170.136 - - [19/Apr/2024:13:57:13 -0300] "GET /cormun/servlet/trautorizarpermisogoce? HTTP/1.1" 200 7107
191.125.170.136 - - [19/Apr/2024:13:57:18 -0300] "GET /cormun/servlet/trpermisosgoce? HTTP/1.1" 200 13755
191.125.170.136 - - [19/Apr/2024:13:57:18 -0300] "GET /cormun/static/gxcfg.js?2020121631564 HTTP/1.1" 200 953
191.125.170.136 - - [19/Apr/2024:13:57:18 -0300] "GET /cormun/static/trpermisosgoce.js?2020121633681 HTTP/1.1" 200 35904
191.125.170.136 - - [19/Apr/2024:13:57:33 -0300] "GET /cormun/servlet/trautorizarpermisogoce? HTTP/1.1" 200 7107
190.171.149.74 - - [19/Apr/2024:13:58:48 -0300] "GET /cormun/servlet/hlogin HTTP/1.1" 200 1716
190.171.149.74 - - [19/Apr/2024:13:58:48 -0300] "GET /cormun/servlet/hlogin HTTP/1.1" 200 1726
190.171.141.106 - - [19/Apr/2024:13:59:00 -0300] "GET /cormun/servlet/hlogin HTTP/1.1" 200 1724
190.171.149.74 - - [19/Apr/2024:13:59:06 -0300] "POST /cormun/servlet/hlogin?ec14b686ec47682fd5e4107e185f4e91,gx-no-cache=1713545727897 HTTP/1.1" 200 90
190.171.149.74 - - [19/Apr/2024:13:59:06 -0300] "GET /cormun/servlet/hpexe_link HTTP/1.1" 200 945
190.171.149.74 - - [19/Apr/2024:13:59:06 -0300] "GET /cormun/servlet/hhome HTTP/1.1" 200 4238
190.171.141.106 - - [19/Apr/2024:13:59:09 -0300] "POST /cormun/servlet/hlogin?429a5bd4229100afc4ab6ce34b66da18,gx-no-cache=1713545731301 HTTP/1.1" 200 90
190.171.141.106 - - [19/Apr/2024:13:59:10 -0300] "GET /cormun/servlet/hpexe_link HTTP/1.1" 200 953
190.171.141.106 - - [19/Apr/2024:13:59:10 -0300] "GET /cormun/servlet/hhome HTTP/1.1" 200 4273
190.171.149.74 - - [19/Apr/2024:13:59:13 -0300] "GET /cormun/servlet/trautorizarsolicitud? HTTP/1.1" 200 8756
190.171.149.74 - - [19/Apr/2024:13:59:13 -0300] "GET /cormun/static/gxcfg.js?202211298474254 HTTP/1.1" 200 953
190.171.149.74 - - [19/Apr/2024:13:59:13 -0300] "GET /cormun/static/trautorizarsolicitud.js?202211298474588 HTTP/1.1" 200 53909
190.171.141.106 - - [19/Apr/2024:13:59:17 -0300] "GET /cormun/servlet/trpermisosgoce? HTTP/1.1" 200 13755
190.171.149.74 - - [19/Apr/2024:13:59:31 -0300] "POST /cormun/servlet/trautorizarsolicitud?ec14b686ec47682fd5e4107e185f4e91,,gx-no-cache=1713545752707 HTTP/1.1" 200 4761
190.171.149.74 - - [19/Apr/2024:13:59:31 -0300] "GET /cormun/static/Shared/jqueryui/images/ui-icons_82798d_256x240.png HTTP/1.1" 404 1089
190.171.149.74 - - [19/Apr/2024:13:59:31 -0300] "GET /cormun/static/Shared/jqueryui/images/ui-bg_highlight-soft_100_c6c2c8_1x100.png HTTP/1.1" 404 1117
190.171.149.74 - - [19/Apr/2024:13:59:31 -0300] "GET /cormun/static/Shared/jqueryui/images/ui-bg_flat_55_fafafa_40x100.png HTTP/1.1" 404 1097
190.171.149.74 - - [19/Apr/2024:13:59:31 -0300] "GET /cormun/static/Shared/jqueryui/images/ui-icons_8d78a5_256x240.png HTTP/1.1" 404 1089
190.171.149.74 - - [19/Apr/2024:13:59:31 -0300] "POST /cormun/servlet/trautorizarsolicitud?ec14b686ec47682fd5e4107e185f4e91,,gx-no-cache=1713545752880 HTTP/1.1" 200 4526
190.171.149.74 - - [19/Apr/2024:14:00:04 -0300] "GET /cormun/servlet/hlogin HTTP/1.1" 200 1738
209.141.55.133 - tomcat [19/Apr/2024:14:01:28 -0300] "GET /manager/html HTTP/1.1" 403 3196
190.171.153.50 - - [19/Apr/2024:14:04:59 -0300] "GET /cormun/servlet/hlogin HTTP/1.1" 200 1735
190.171.153.50 - - [19/Apr/2024:14:05:07 -0300] "POST /cormun/servlet/hlogin?56135cf4c39ad10c328ee81deeee96b1,gx-no-cache=1713546089043 HTTP/1.1" 200 90
190.171.153.50 - - [19/Apr/2024:14:05:07 -0300] "GET /cormun/servlet/hpexe_link HTTP/1.1" 200 951
190.171.153.50 - - [19/Apr/2024:14:05:07 -0300] "GET /cormun/servlet/hhome HTTP/1.1" 200 4277
190.171.153.50 - - [19/Apr/2024:14:05:10 -0300] "GET /cormun/servlet/trpermisosgoce? HTTP/1.1" 200 12296
190.171.153.50 - - [19/Apr/2024:14:05:12 -0300] "GET /cormun/servlet/permisogoce?INS,0,,, HTTP/1.1" 200 7167
190.171.153.50 - - [19/Apr/2024:14:05:17 -0300] "GET /cormun/servlet/prfichaempleado?,MD,,gxPopupLevel%3D0%3B HTTP/1.1" 200 9308
190.171.153.50 - - [19/Apr/2024:14:05:27 -0300] "POST /cormun/servlet/prfichaempleado?56135cf4c39ad10c328ee81deeee96b1,,MD,,gxPopupLevel%3D0%3B,gx-no-cache=1713546109013 HTTP/1.1" 200 3182
190.171.153.50 - - [19/Apr/2024:14:05:33 -0300] "POST /cormun/servlet/prfichaempleado?56135cf4c39ad10c328ee81deeee96b1,,MD,,gxPopupLevel%3D0%3B,gx-no-cache=1713546115661 HTTP/1.1" 200 3186
190.171.153.50 - - [19/Apr/2024:14:05:40 -0300] "POST /cormun/servlet/prfichaempleado?56135cf4c39ad10c328ee81deeee96b1,,MD,,gxPopupLevel%3D0%3B,gx-no-cache=1713546122708 HTTP/1.1" 200 3179
190.171.153.50 - - [19/Apr/2024:14:05:44 -0300] "POST /cormun/servlet/prfichaempleado?56135cf4c39ad10c328ee81deeee96b1,,MD,,gxPopupLevel%3D0%3B,gx-no-cache=1713546126675 HTTP/1.1" 200 3798
190.171.153.50 - - [19/Apr/2024:14:05:58 -0300] "GET /cormun/servlet/trcontratosolicitud? HTTP/1.1" 200 14769
190.171.143.82 - - [19/Apr/2024:14:06:24 -0300] "GET /cormun/servlet/hhome HTTP/1.1" 200 3319
190.171.143.82 - - [19/Apr/2024:14:06:26 -0300] "GET /cormun/servlet/hlogin HTTP/1.1" 200 1732
190.171.143.82 - - [19/Apr/2024:14:06:29 -0300] "POST /cormun/servlet/hlogin?e130223a027eecbf298795144f2f0562,gx-no-cache=1713546171419 HTTP/1.1" 200 90
190.171.143.82 - - [19/Apr/2024:14:06:29 -0300] "GET /cormun/servlet/hpexe_link HTTP/1.1" 200 949
190.171.143.82 - - [19/Apr/2024:14:06:30 -0300] "GET /cormun/servlet/hhome HTTP/1.1" 200 4245
190.171.153.50 - - [19/Apr/2024:14:06:38 -0300] "GET /cormun/servlet/permisogoce?3f55f69993d533a0def2dea57d4e3b2adc3c69e818123d23cdb0b3e122ebe48ec104278349596e69e437073d7b6499dd9db8622d77ca6e5e27eceb4cb8b5896c,gx-no-cache=1713546180363 HTTP/1.1" 200 79
190.171.153.50 - - [19/Apr/2024:14:06:38 -0300] "GET /cormun/static/menuarrow.gif HTTP/1.1" 404 1015
190.171.143.82 - - [19/Apr/2024:14:06:41 -0300] "GET /cormun/servlet/trpermisosgoce? HTTP/1.1" 200 13304
190.171.153.50 - - [19/Apr/2024:14:06:46 -0300] "GET /cormun/servlet/permisogoce?3f55f69993d533a0def2dea57d4e3b2a9b918c7358c8c19ceb0a968d516bd88d1bdde463e17c1e2af70d34a02c55cb0110eef5b66884af499c97f8b0f0def681,gx-no-cache=1713546188181 HTTP/1.1" 200 46
190.171.153.50 - - [19/Apr/2024:14:06:48 -0300] "POST /cormun/servlet/permisogoce?56135cf4c39ad10c328ee81deeee96b1,INS,0,,,,gx-no-cache=1713546189731 HTTP/1.1" 200 93
190.171.153.50 - - [19/Apr/2024:14:06:48 -0300] "GET /cormun/servlet/hpexe_return? HTTP/1.1" 200 1006
190.171.153.50 - - [19/Apr/2024:14:06:48 -0300] "GET /cormun/servlet/permisogoce?INS,0,,, HTTP/1.1" 200 7170
190.171.143.82 - - [19/Apr/2024:14:06:51 -0300] "GET /cormun/servlet/permisogoce?INS,0,,, HTTP/1.1" 200 7139
190.171.153.50 - - [19/Apr/2024:14:06:52 -0300] "GET /cormun/servlet/trpermisosgoce? HTTP/1.1" 200 12599
190.171.153.50 - - [19/Apr/2024:14:06:58 -0300] "GET /cormun/servlet/trpermisosadjuntos?18039171,20240419130135,P, HTTP/1.1" 200 6599
190.171.153.50 - - [19/Apr/2024:14:06:59 -0300] "GET /cormun/servlet/permisosadjuntos?INS,18039171,P,20240419130135,, HTTP/1.1" 200 5921
190.171.153.50 - - [19/Apr/2024:14:06:59 -0300] "GET /cormun/static/about:blank HTTP/1.1" 404 1011
190.171.143.82 - - [19/Apr/2024:14:07:07 -0300] "GET /cormun/servlet/permisogoce?07633210def070b5248f040f4235aabac091e615612a096515d80518bb8dcdacd78aa788c7db0b76ba7178ddcf68c92c30b8e7d7a36c4982166f679b2779ecf3,gx-no-cache=1713546208640 HTTP/1.1" 200 82
190.171.153.50 - - [19/Apr/2024:14:07:14 -0300] "POST /cormun/servlet/permisosadjuntos?56135cf4c39ad10c328ee81deeee96b1,INS,18039171,P,20240419130135,, HTTP/1.1" 200 116
190.171.153.50 - - [19/Apr/2024:14:07:14 -0300] "GET /cormun/servlet/hpexe_return? HTTP/1.1" 200 1037
190.171.153.50 - - [19/Apr/2024:14:07:14 -0300] "GET /cormun/servlet/trpermisosadjuntos?18039171,20240419130135,P, HTTP/1.1" 200 7090
190.171.153.50 - - [19/Apr/2024:14:07:17 -0300] "GET /cormun/servlet/trpermisosgoce? HTTP/1.1" 200 12600
190.171.153.50 - - [19/Apr/2024:14:07:20 -0300] "POST /cormun/servlet/trpermisosgoce?56135cf4c39ad10c328ee81deeee96b1,,gx-no-cache=1713546222109 HTTP/1.1" 200 9790
190.171.143.82 - - [19/Apr/2024:14:07:20 -0300] "GET /cormun/servlet/permisogoce?07633210def070b5248f040f4235aaba384c9193db73e299e1ce69a2f527c7ecf054eab90245b6087842de2846f649ab53a15c05eda75f6de24a3db7c0a1a90d,gx-no-cache=1713546221988 HTTP/1.1" 200 48
190.171.153.50 - - [19/Apr/2024:14:07:20 -0300] "GET /cormun/static/Shared/jqueryui/images/ui-bg_highlight-soft_100_c6c2c8_1x100.png HTTP/1.1" 404 1117
190.171.153.50 - - [19/Apr/2024:14:07:20 -0300] "GET /cormun/static/Shared/jqueryui/images/ui-icons_82798d_256x240.png HTTP/1.1" 404 1089
190.171.153.50 - - [19/Apr/2024:14:07:20 -0300] "GET /cormun/static/Shared/jqueryui/images/ui-bg_flat_55_fafafa_40x100.png HTTP/1.1" 404 1097
190.171.153.50 - - [19/Apr/2024:14:07:20 -0300] "GET /cormun/static/Shared/jqueryui/images/ui-icons_8d78a5_256x240.png HTTP/1.1" 404 1089
190.171.153.50 - - [19/Apr/2024:14:07:23 -0300] "GET /cormun/servlet/permisogoce?INS,0,,, HTTP/1.1" 200 7167
190.171.143.82 - - [19/Apr/2024:14:07:27 -0300] "POST /cormun/servlet/permisogoce?e130223a027eecbf298795144f2f0562,INS,0,,,,gx-no-cache=1713546229155 HTTP/1.1" 200 93
190.171.143.82 - - [19/Apr/2024:14:07:28 -0300] "GET /cormun/servlet/hpexe_return? HTTP/1.1" 200 1008
190.171.143.82 - - [19/Apr/2024:14:07:29 -0300] "GET /cormun/servlet/trpermisosgoce HTTP/1.1" 200 13529
190.171.143.82 - - [19/Apr/2024:14:07:35 -0300] "GET /cormun/servlet/apermisogoceprn?15344156,P,20240419130314,PU HTTP/1.1" 200 1658
190.171.153.50 - - [19/Apr/2024:14:07:59 -0300] "GET /cormun/servlet/permisogoce?3f55f69993d533a0def2dea57d4e3b2adddb5371ba68f6810ae824d75023f8b9c104278349596e69e437073d7b6499dd9db8622d77ca6e5e27eceb4cb8b5896c,gx-no-cache=1713546261389 HTTP/1.1" 200 79
190.171.153.50 - - [19/Apr/2024:14:08:05 -0300] "GET /cormun/servlet/permisogoce?3f55f69993d533a0def2dea57d4e3b2acfb7302f22e4b37b677d08fa7b1a06942a3304d945da8e5974351b678c782d7710eef5b66884af499c97f8b0f0def681,gx-no-cache=1713546267175 HTTP/1.1" 200 47
190.171.153.50 - - [19/Apr/2024:14:08:06 -0300] "POST /cormun/servlet/permisogoce?56135cf4c39ad10c328ee81deeee96b1,INS,0,,,,gx-no-cache=1713546268573 HTTP/1.1" 200 93
190.171.153.50 - - [19/Apr/2024:14:08:07 -0300] "GET /cormun/servlet/hpexe_return? HTTP/1.1" 200 1009
190.171.153.50 - - [19/Apr/2024:14:08:07 -0300] "GET /cormun/servlet/trpermisosgoce? HTTP/1.1" 200 12788
190.171.153.50 - - [19/Apr/2024:14:08:10 -0300] "GET /cormun/servlet/trpermisosadjuntos?18647851,20240419130346,P, HTTP/1.1" 200 6596
190.171.153.50 - - [19/Apr/2024:14:08:12 -0300] "GET /cormun/servlet/permisosadjuntos?INS,18647851,P,20240419130346,, HTTP/1.1" 200 5919
190.171.153.50 - - [19/Apr/2024:14:08:12 -0300] "GET /cormun/static/about:blank HTTP/1.1" 404 1011
190.171.153.50 - - [19/Apr/2024:14:08:22 -0300] "POST /cormun/servlet/permisosadjuntos?56135cf4c39ad10c328ee81deeee96b1,INS,18647851,P,20240419130346,, HTTP/1.1" 200 116
190.171.153.50 - - [19/Apr/2024:14:08:22 -0300] "GET /cormun/servlet/hpexe_return? HTTP/1.1" 200 1038
190.171.153.50 - - [19/Apr/2024:14:08:22 -0300] "GET /cormun/servlet/trpermisosadjuntos?18647851,20240419130346,P, HTTP/1.1" 200 7092
190.171.153.50 - - [19/Apr/2024:14:08:25 -0300] "GET /cormun/servlet/trpermisosgoce? HTTP/1.1" 200 12791
190.171.152.234 - - [19/Apr/2024:14:08:28 -0300] "POST /cormun/servlet/trsolicitudot?ac0a5494c46c82d12e41e3da7734aa5b,gx-no-cache=1713542673706 HTTP/1.1" 440 972
190.171.153.50 - - [19/Apr/2024:14:08:28 -0300] "GET /cormun/servlet/trpermisosadjuntos?18647851,20240419130346,P, HTTP/1.1" 200 7088
190.171.153.50 - - [19/Apr/2024:14:08:32 -0300] "GET /cormun/servlet/trpermisosgoce? HTTP/1.1" 200 12791
190.171.152.234 - - [19/Apr/2024:14:08:32 -0300] "GET /cormun/servlet/trsolicitudot HTTP/1.1" 200 6319
190.171.152.234 - - [19/Apr/2024:14:08:33 -0300] "GET /cormun/servlet/hlogin HTTP/1.1" 200 1735
190.171.153.50 - - [19/Apr/2024:14:08:35 -0300] "POST /cormun/servlet/trpermisosgoce?56135cf4c39ad10c328ee81deeee96b1,,gx-no-cache=1713546296873 HTTP/1.1" 200 9960
190.171.152.234 - - [19/Apr/2024:14:08:41 -0300] "POST /cormun/servlet/hlogin?e3b677f3d088872023c9148e5b6e437a,gx-no-cache=1713542685937 HTTP/1.1" 200 450
190.171.153.50 - - [19/Apr/2024:14:08:42 -0300] "GET /cormun/servlet/permisogoce?INS,0,,, HTTP/1.1" 200 7166
190.171.153.50 - - [19/Apr/2024:14:08:46 -0300] "GET /cormun/servlet/prfichaempleado?,MD,,gxPopupLevel%3D0%3B HTTP/1.1" 200 9308
190.171.152.234 - - [19/Apr/2024:14:08:48 -0300] "POST /cormun/servlet/hlogin?e3b677f3d088872023c9148e5b6e437a,gx-no-cache=1713542693161 HTTP/1.1" 200 450
190.171.153.50 - - [19/Apr/2024:14:08:50 -0300] "POST /cormun/servlet/prfichaempleado?56135cf4c39ad10c328ee81deeee96b1,,MD,,gxPopupLevel%3D0%3B,gx-no-cache=1713546312400 HTTP/1.1" 200 5708
190.171.153.50 - - [19/Apr/2024:14:08:54 -0300] "POST /cormun/servlet/prfichaempleado?56135cf4c39ad10c328ee81deeee96b1,,MD,,gxPopupLevel%3D0%3B,gx-no-cache=1713546316151 HTTP/1.1" 200 5708
190.171.152.234 - - [19/Apr/2024:14:09:03 -0300] "POST /cormun/servlet/hlogin?e3b677f3d088872023c9148e5b6e437a,gx-no-cache=1713542707953 HTTP/1.1" 200 90
190.171.152.234 - - [19/Apr/2024:14:09:03 -0300] "GET /cormun/servlet/hpexe_link HTTP/1.1" 200 953
190.171.152.234 - - [19/Apr/2024:14:09:03 -0300] "GET /cormun/servlet/trsolicitudot HTTP/1.1" 200 8777
190.171.153.50 - - [19/Apr/2024:14:09:05 -0300] "GET /cormun/servlet/permisogoce?3f55f69993d533a0def2dea57d4e3b2a4f7cfd62f102edb9205dab8a579bafdc14ec27ab697b1fa3ee020ae7a9d6418e5c21e921ef0deba40c8ffd3baac32a3d,gx-no-cache=1713546327207 HTTP/1.1" 200 89
190.171.153.50 - - [19/Apr/2024:14:09:13 -0300] "GET /cormun/servlet/permisogoce?3f55f69993d533a0def2dea57d4e3b2a2fef73549b48a706be72ca1e9de89d28f3db9aa914123d91e830f98704e053d9d1b2a06a48a3260697b114d13c21f31c,gx-no-cache=1713546335797 HTTP/1.1" 200 48
190.171.153.50 - - [19/Apr/2024:14:09:15 -0300] "POST /cormun/servlet/permisogoce?56135cf4c39ad10c328ee81deeee96b1,INS,0,,,,gx-no-cache=1713546337409 HTTP/1.1" 200 93
190.171.153.50 - - [19/Apr/2024:14:09:15 -0300] "GET /cormun/servlet/hpexe_return? HTTP/1.1" 200 1009
190.171.152.234 - - [19/Apr/2024:14:09:15 -0300] "POST /cormun/servlet/trsolicitudot?e3b677f3d088872023c9148e5b6e437a,gx-no-cache=1713542720670 HTTP/1.1" 200 107
190.171.152.234 - - [19/Apr/2024:14:09:15 -0300] "GET /cormun/servlet/trsolicitudadjuntos?2024,21288, HTTP/1.1" 200 6379
190.171.153.50 - - [19/Apr/2024:14:09:16 -0300] "GET /cormun/servlet/trpermisosgoce? HTTP/1.1" 200 13015
190.171.152.234 - - [19/Apr/2024:14:09:16 -0300] "GET /cormun/static/gxcfg.js?20201215574222 HTTP/1.1" 200 953
190.171.152.234 - - [19/Apr/2024:14:09:16 -0300] "GET /cormun/static/trsolicitudadjuntos.js?20201215574932 HTTP/1.1" 200 17921
190.171.152.234 - - [19/Apr/2024:14:09:16 -0300] "GET /cormun/static/Resources/PXToolsGridNew.png HTTP/1.1" 200 427
190.171.152.234 - - [19/Apr/2024:14:09:19 -0300] "GET /cormun/servlet/solicitudotadjuntos?INS,2024,21288,,1, HTTP/1.1" 200 6329
190.171.152.234 - - [19/Apr/2024:14:09:19 -0300] "GET /cormun/static/gxcfg.js?202211298385187 HTTP/1.1" 200 953
190.171.152.234 - - [19/Apr/2024:14:09:19 -0300] "GET /cormun/static/solicitudotadjuntos.js?202211298385196 HTTP/1.1" 200 11771
190.171.152.234 - - [19/Apr/2024:14:09:19 -0300] "GET /cormun/static/about:blank HTTP/1.1" 404 1011
190.171.153.50 - - [19/Apr/2024:14:09:20 -0300] "GET /cormun/servlet/trpermisosadjuntos?9639700,20240419130505,P, HTTP/1.1" 200 6604
190.171.152.234 - - [19/Apr/2024:14:09:20 -0300] "GET /cormun/servlet/solicitudotadjuntos?7851eb3b26707d605940ad4db1d2314696afe8f8f04801344422abc09f632dd2392adc7382b86dd160a06d48a872b8fc,gx-no-cache=1713542725028 HTTP/1.1" 200 30
190.171.152.234 - - [19/Apr/2024:14:09:20 -0300] "POST /cormun/servlet/solicitudotadjuntos?e3b677f3d088872023c9148e5b6e437a,INS,2024,21288,,1,,gx-no-cache=1713542725043 HTTP/1.1" 200 4159
190.171.153.50 - - [19/Apr/2024:14:09:21 -0300] "GET /cormun/servlet/permisosadjuntos?INS,9639700,P,20240419130505,, HTTP/1.1" 200 5926
190.171.153.50 - - [19/Apr/2024:14:09:22 -0300] "GET /cormun/static/about:blank HTTP/1.1" 404 1011
190.171.152.234 - - [19/Apr/2024:14:09:26 -0300] "POST /cormun/servlet/solicitudotadjuntos?gx-no-cache=1713542731329 HTTP/1.1" 200 26
190.171.153.50 - - [19/Apr/2024:14:09:35 -0300] "POST /cormun/servlet/permisosadjuntos?56135cf4c39ad10c328ee81deeee96b1,INS,9639700,P,20240419130505,, HTTP/1.1" 200 116
190.171.153.50 - - [19/Apr/2024:14:09:35 -0300] "GET /cormun/servlet/hpexe_return? HTTP/1.1" 200 1037
190.171.153.50 - - [19/Apr/2024:14:09:35 -0300] "GET /cormun/servlet/trpermisosadjuntos?9639700,20240419130505,P, HTTP/1.1" 200 7099
200.54.100.179 - - [19/Apr/2024:14:09:36 -0300] "GET /cormun/servlet/trpermisosadjuntos?18689076,20240419121642,P, HTTP/1.1" 200 5447
200.54.100.179 - - [19/Apr/2024:14:09:36 -0300] "GET /cormun/static/gxcfg.js?2020121641683 HTTP/1.1" 200 953
200.54.100.179 - - [19/Apr/2024:14:09:36 -0300] "GET /cormun/static/trpermisosadjuntos.js?2020121642996 HTTP/1.1" 200 20158
200.54.100.179 - - [19/Apr/2024:14:09:36 -0300] "GET /cormun/servlet/hlogin HTTP/1.1" 200 1765
190.171.153.50 - - [19/Apr/2024:14:09:38 -0300] "GET /cormun/servlet/trpermisosgoce? HTTP/1.1" 200 13000
200.54.100.179 - - [19/Apr/2024:14:09:39 -0300] "POST /cormun/servlet/hlogin?e17926da2af4d5d901f00df7329af0c8,gx-no-cache=1713546360109 HTTP/1.1" 200 90
200.54.100.179 - - [19/Apr/2024:14:09:39 -0300] "GET /cormun/servlet/hpexe_link HTTP/1.1" 200 983
200.54.100.179 - - [19/Apr/2024:14:09:40 -0300] "GET /cormun/servlet/trpermisosadjuntos?18689076,20240419121642,P, HTTP/1.1" 200 6457
190.171.153.50 - - [19/Apr/2024:14:09:41 -0300] "GET /cormun/servlet/trpermisosadjuntos?9639700,20240419130505,P, HTTP/1.1" 200 7094
190.171.153.50 - - [19/Apr/2024:14:09:44 -0300] "GET /cormun/servlet/trpermisosgoce? HTTP/1.1" 200 13035
190.171.153.50 - - [19/Apr/2024:14:09:48 -0300] "POST /cormun/servlet/trpermisosgoce?56135cf4c39ad10c328ee81deeee96b1,,gx-no-cache=1713546370242 HTTP/1.1" 200 10185
190.171.153.50 - - [19/Apr/2024:14:09:48 -0300] "GET /cormun/static/Shared/jqueryui/images/ui-bg_highlight-soft_100_c6c2c8_1x100.png HTTP/1.1" 404 1117
190.171.153.50 - - [19/Apr/2024:14:09:48 -0300] "GET /cormun/static/Shared/jqueryui/images/ui-icons_82798d_256x240.png HTTP/1.1" 404 1089
190.171.153.50 - - [19/Apr/2024:14:09:48 -0300] "GET /cormun/static/Shared/jqueryui/images/ui-bg_flat_55_fafafa_40x100.png HTTP/1.1" 404 1097
190.171.153.50 - - [19/Apr/2024:14:09:48 -0300] "GET /cormun/static/Shared/jqueryui/images/ui-icons_8d78a5_256x240.png HTTP/1.1" 404 1089
200.54.100.179 - - [19/Apr/2024:14:09:51 -0300] "GET /cormun/servlet/trpermisosgoce? HTTP/1.1" 200 11131
200.54.100.179 - - [19/Apr/2024:14:09:54 -0300] "GET /cormun/servlet/trpermisosadjuntos?18689076,20240419121642,P, HTTP/1.1" 200 6455
200.54.100.179 - - [19/Apr/2024:14:09:56 -0300] "GET /cormun/servlet/permisosadjuntos?INS,18689076,P,20240419121642,, HTTP/1.1" 200 5967
200.54.100.179 - - [19/Apr/2024:14:09:56 -0300] "GET /cormun/static/about:blank HTTP/1.1" 404 1011
190.171.153.50 - - [19/Apr/2024:14:10:03 -0300] "GET /cormun/servlet/hlogin HTTP/1.1" 200 1738
190.171.152.234 - - [19/Apr/2024:14:10:05 -0300] "GET /cormun/servlet/solicitudotadjuntos?7851eb3b26707d605940ad4db1d231460d8986c665e16e1a59970cb212532368,gx-no-cache=1713542769993 HTTP/1.1" 200 30
190.171.152.234 - - [19/Apr/2024:14:10:05 -0300] "GET /cormun/servlet/solicitudotadjuntos?7851eb3b26707d605940ad4db1d231460d8986c665e16e1a59970cb212532368,gx-no-cache=1713542770008 HTTP/1.1" 200 30
190.171.152.234 - - [19/Apr/2024:14:10:05 -0300] "POST /cormun/servlet/solicitudotadjuntos?e3b677f3d088872023c9148e5b6e437a,INS,2024,21288,,1, HTTP/1.1" 200 116
190.171.152.234 - - [19/Apr/2024:14:10:05 -0300] "GET /cormun/servlet/hpexe_return? HTTP/1.1" 200 1022
190.171.152.234 - - [19/Apr/2024:14:10:05 -0300] "GET /cormun/servlet/trsolicitudadjuntos?2024,21288, HTTP/1.1" 200 9301
190.171.152.234 - - [19/Apr/2024:14:10:07 -0300] "GET /cormun/servlet/solicitudotadjuntos?INS,2024,21288,,1, HTTP/1.1" 200 6329
190.171.152.234 - - [19/Apr/2024:14:10:07 -0300] "GET /cormun/static/about:blank HTTP/1.1" 404 1011
190.171.152.234 - - [19/Apr/2024:14:10:08 -0300] "GET /cormun/servlet/solicitudotadjuntos?7851eb3b26707d605940ad4db1d2314696afe8f8f04801344422abc09f632dd2392adc7382b86dd160a06d48a872b8fc,gx-no-cache=1713542772970 HTTP/1.1" 200 30
190.171.152.234 - - [19/Apr/2024:14:10:08 -0300] "POST /cormun/servlet/solicitudotadjuntos?e3b677f3d088872023c9148e5b6e437a,INS,2024,21288,,1,,gx-no-cache=1713542772985 HTTP/1.1" 200 4161
190.171.152.234 - - [19/Apr/2024:14:10:10 -0300] "POST /cormun/servlet/solicitudotadjuntos?gx-no-cache=1713542775290 HTTP/1.1" 200 26
200.54.100.179 - - [19/Apr/2024:14:10:13 -0300] "POST /cormun/servlet/permisosadjuntos?e17926da2af4d5d901f00df7329af0c8,INS,18689076,P,20240419121642,, HTTP/1.1" 200 116
200.54.100.179 - - [19/Apr/2024:14:10:14 -0300] "GET /cormun/servlet/hpexe_return? HTTP/1.1" 200 1037
200.54.100.179 - - [19/Apr/2024:14:10:14 -0300] "GET /cormun/servlet/trpermisosadjuntos?18689076,20240419121642,P, HTTP/1.1" 200 7059
190.171.152.234 - - [19/Apr/2024:14:10:15 -0300] "GET /cormun/servlet/solicitudotadjuntos?7851eb3b26707d605940ad4db1d231460d8986c665e16e1a59970cb212532368,gx-no-cache=1713542780768 HTTP/1.1" 200 30
190.171.152.234 - - [19/Apr/2024:14:10:15 -0300] "GET /cormun/servlet/solicitudotadjuntos?7851eb3b26707d605940ad4db1d231460d8986c665e16e1a59970cb212532368,gx-no-cache=1713542780784 HTTP/1.1" 200 30
190.171.152.234 - - [19/Apr/2024:14:10:16 -0300] "POST /cormun/servlet/solicitudotadjuntos?e3b677f3d088872023c9148e5b6e437a,INS,2024,21288,,1, HTTP/1.1" 200 116
190.171.152.234 - - [19/Apr/2024:14:10:16 -0300] "GET /cormun/servlet/hpexe_return? HTTP/1.1" 200 1022
190.171.152.234 - - [19/Apr/2024:14:10:16 -0300] "GET /cormun/servlet/trsolicitudadjuntos?2024,21288, HTTP/1.1" 200 9591
190.171.152.234 - - [19/Apr/2024:14:10:18 -0300] "GET /cormun/servlet/solicitudotadjuntos?INS,2024,21288,,1, HTTP/1.1" 200 6329
190.171.152.234 - - [19/Apr/2024:14:10:18 -0300] "GET /cormun/static/about:blank HTTP/1.1" 404 1011
190.171.152.234 - - [19/Apr/2024:14:10:19 -0300] "GET /cormun/servlet/solicitudotadjuntos?7851eb3b26707d605940ad4db1d2314696afe8f8f04801344422abc09f632dd2392adc7382b86dd160a06d48a872b8fc,gx-no-cache=1713542784112 HTTP/1.1" 200 30
190.171.152.234 - - [19/Apr/2024:14:10:19 -0300] "POST /cormun/servlet/solicitudotadjuntos?e3b677f3d088872023c9148e5b6e437a,INS,2024,21288,,1,,gx-no-cache=1713542784126 HTTP/1.1" 200 4161
200.54.100.179 - - [19/Apr/2024:14:10:22 -0300] "GET /cormun/servlet/permisosadjuntos?INS,18689076,P,20240419121642,, HTTP/1.1" 200 5967
200.54.100.179 - - [19/Apr/2024:14:10:22 -0300] "GET /cormun/static/about:blank HTTP/1.1" 404 1011
200.54.100.179 - - [19/Apr/2024:14:10:23 -0300] "GET /cormun/servlet/trpermisosadjuntos?18689076,20240419121642,P, HTTP/1.1" 200 7056
190.171.152.234 - - [19/Apr/2024:14:10:24 -0300] "POST /cormun/servlet/solicitudotadjuntos?gx-no-cache=1713542789194 HTTP/1.1" 200 26
200.54.100.179 - - [19/Apr/2024:14:10:27 -0300] "GET /cormun/servlet/trpermisosgoce? HTTP/1.1" 200 11131
190.171.152.234 - - [19/Apr/2024:14:10:30 -0300] "GET /cormun/servlet/solicitudotadjuntos?7851eb3b26707d605940ad4db1d231460d8986c665e16e1a59970cb212532368,gx-no-cache=1713542794961 HTTP/1.1" 200 30
190.171.152.234 - - [19/Apr/2024:14:10:30 -0300] "GET /cormun/servlet/solicitudotadjuntos?7851eb3b26707d605940ad4db1d231460d8986c665e16e1a59970cb212532368,gx-no-cache=1713542794971 HTTP/1.1" 200 30
190.171.152.234 - - [19/Apr/2024:14:10:30 -0300] "POST /cormun/servlet/solicitudotadjuntos?e3b677f3d088872023c9148e5b6e437a,INS,2024,21288,,1, HTTP/1.1" 200 116
190.171.152.234 - - [19/Apr/2024:14:10:30 -0300] "GET /cormun/servlet/hpexe_return? HTTP/1.1" 200 1022
190.171.152.234 - - [19/Apr/2024:14:10:30 -0300] "GET /cormun/servlet/trsolicitudadjuntos?2024,21288, HTTP/1.1" 200 9840
200.54.100.179 - - [19/Apr/2024:14:10:31 -0300] "POST /cormun/servlet/trpermisosgoce?e17926da2af4d5d901f00df7329af0c8,,gx-no-cache=1713546411617 HTTP/1.1" 200 8354
200.54.100.179 - - [19/Apr/2024:14:10:31 -0300] "GET /cormun/static/Shared/jqueryui/images/ui-icons_82798d_256x240.png HTTP/1.1" 404 1089
200.54.100.179 - - [19/Apr/2024:14:10:31 -0300] "GET /cormun/static/Shared/jqueryui/images/ui-bg_highlight-soft_100_c6c2c8_1x100.png HTTP/1.1" 404 1117
200.54.100.179 - - [19/Apr/2024:14:10:31 -0300] "GET /cormun/static/Shared/jqueryui/images/ui-bg_flat_55_fafafa_40x100.png HTTP/1.1" 404 1097
200.54.100.179 - - [19/Apr/2024:14:10:31 -0300] "GET /cormun/static/Shared/jqueryui/images/ui-icons_8d78a5_256x240.png HTTP/1.1" 404 1089
190.171.152.234 - - [19/Apr/2024:14:10:33 -0300] "GET /cormun/servlet/solicitudotadjuntos?INS,2024,21288,,1, HTTP/1.1" 200 6329
190.171.152.234 - - [19/Apr/2024:14:10:33 -0300] "GET /cormun/static/about:blank HTTP/1.1" 404 1011
190.171.152.234 - - [19/Apr/2024:14:10:34 -0300] "GET /cormun/servlet/solicitudotadjuntos?7851eb3b26707d605940ad4db1d2314696afe8f8f04801344422abc09f632dd2392adc7382b86dd160a06d48a872b8fc,gx-no-cache=1713542798989 HTTP/1.1" 200 30
190.171.152.234 - - [19/Apr/2024:14:10:34 -0300] "POST /cormun/servlet/solicitudotadjuntos?e3b677f3d088872023c9148e5b6e437a,INS,2024,21288,,1,,gx-no-cache=1713542799003 HTTP/1.1" 200 4161
190.171.152.234 - - [19/Apr/2024:14:10:38 -0300] "POST /cormun/servlet/solicitudotadjuntos?gx-no-cache=1713542803026 HTTP/1.1" 200 26
190.171.152.234 - - [19/Apr/2024:14:10:45 -0300] "GET /cormun/servlet/solicitudotadjuntos?7851eb3b26707d605940ad4db1d231460d8986c665e16e1a59970cb212532368,gx-no-cache=1713542810657 HTTP/1.1" 200 30
190.171.152.234 - - [19/Apr/2024:14:10:45 -0300] "GET /cormun/servlet/solicitudotadjuntos?7851eb3b26707d605940ad4db1d231460d8986c665e16e1a59970cb212532368,gx-no-cache=1713542810724 HTTP/1.1" 200 30
190.171.152.234 - - [19/Apr/2024:14:10:46 -0300] "POST /cormun/servlet/solicitudotadjuntos?e3b677f3d088872023c9148e5b6e437a,INS,2024,21288,,1, HTTP/1.1" 200 116
190.171.152.234 - - [19/Apr/2024:14:10:46 -0300] "GET /cormun/servlet/hpexe_return? HTTP/1.1" 200 1022
190.171.152.234 - - [19/Apr/2024:14:10:46 -0300] "GET /cormun/servlet/trsolicitudadjuntos?2024,21288, HTTP/1.1" 200 10056
190.171.152.234 - - [19/Apr/2024:14:10:48 -0300] "GET /cormun/servlet/solicitudotadjuntos?INS,2024,21288,,1, HTTP/1.1" 200 6329
190.171.152.234 - - [19/Apr/2024:14:10:48 -0300] "GET /cormun/static/about:blank HTTP/1.1" 404 1011
190.171.152.234 - - [19/Apr/2024:14:10:49 -0300] "GET /cormun/servlet/solicitudotadjuntos?7851eb3b26707d605940ad4db1d2314696afe8f8f04801344422abc09f632dd2392adc7382b86dd160a06d48a872b8fc,gx-no-cache=1713542814297 HTTP/1.1" 200 30
190.171.152.234 - - [19/Apr/2024:14:10:49 -0300] "POST /cormun/servlet/solicitudotadjuntos?e3b677f3d088872023c9148e5b6e437a,INS,2024,21288,,1,,gx-no-cache=1713542814310 HTTP/1.1" 200 4161
190.171.152.234 - - [19/Apr/2024:14:10:52 -0300] "POST /cormun/servlet/solicitudotadjuntos?gx-no-cache=1713542816914 HTTP/1.1" 200 26
190.171.152.234 - - [19/Apr/2024:14:10:55 -0300] "GET /cormun/servlet/solicitudotadjuntos?7851eb3b26707d605940ad4db1d231460d8986c665e16e1a59970cb212532368,gx-no-cache=1713542820778 HTTP/1.1" 200 30
190.171.152.234 - - [19/Apr/2024:14:10:56 -0300] "GET /cormun/servlet/solicitudotadjuntos?7851eb3b26707d605940ad4db1d231460d8986c665e16e1a59970cb212532368,gx-no-cache=1713542820788 HTTP/1.1" 200 30
190.171.152.234 - - [19/Apr/2024:14:10:56 -0300] "POST /cormun/servlet/solicitudotadjuntos?e3b677f3d088872023c9148e5b6e437a,INS,2024,21288,,1, HTTP/1.1" 200 116
190.171.152.234 - - [19/Apr/2024:14:10:56 -0300] "GET /cormun/servlet/hpexe_return? HTTP/1.1" 200 1022
190.171.152.234 - - [19/Apr/2024:14:10:56 -0300] "GET /cormun/servlet/trsolicitudadjuntos?2024,21288, HTTP/1.1" 200 10320
190.171.152.234 - - [19/Apr/2024:14:10:58 -0300] "GET /cormun/servlet/solicitudotadjuntos?INS,2024,21288,,1, HTTP/1.1" 200 6329
190.171.152.234 - - [19/Apr/2024:14:10:58 -0300] "GET /cormun/static/about:blank HTTP/1.1" 404 1011
190.171.152.234 - - [19/Apr/2024:14:10:59 -0300] "GET /cormun/servlet/solicitudotadjuntos?7851eb3b26707d605940ad4db1d2314696afe8f8f04801344422abc09f632dd2392adc7382b86dd160a06d48a872b8fc,gx-no-cache=1713542823883 HTTP/1.1" 200 30
190.171.152.234 - - [19/Apr/2024:14:10:59 -0300] "POST /cormun/servlet/solicitudotadjuntos?e3b677f3d088872023c9148e5b6e437a,INS,2024,21288,,1,,gx-no-cache=1713542823897 HTTP/1.1" 200 4161
190.171.152.234 - - [19/Apr/2024:14:11:16 -0300] "POST /cormun/servlet/solicitudotadjuntos?gx-no-cache=1713542841482 HTTP/1.1" 200 26
190.171.152.234 - - [19/Apr/2024:14:11:25 -0300] "GET /cormun/servlet/solicitudotadjuntos?7851eb3b26707d605940ad4db1d231460d8986c665e16e1a59970cb212532368,gx-no-cache=1713542850425 HTTP/1.1" 200 30
190.171.152.234 - - [19/Apr/2024:14:11:25 -0300] "GET /cormun/servlet/solicitudotadjuntos?7851eb3b26707d605940ad4db1d231460d8986c665e16e1a59970cb212532368,gx-no-cache=1713542850439 HTTP/1.1" 200 30
190.171.152.234 - - [19/Apr/2024:14:11:25 -0300] "POST /cormun/servlet/solicitudotadjuntos?e3b677f3d088872023c9148e5b6e437a,INS,2024,21288,,1, HTTP/1.1" 200 116
190.171.152.234 - - [19/Apr/2024:14:11:25 -0300] "GET /cormun/servlet/hpexe_return? HTTP/1.1" 200 1022
190.171.152.234 - - [19/Apr/2024:14:11:25 -0300] "GET /cormun/servlet/trsolicitudadjuntos?2024,21288, HTTP/1.1" 200 10495
190.171.152.234 - - [19/Apr/2024:14:11:32 -0300] "GET /cormun/servlet/trsolicitudot? HTTP/1.1" 200 8782
190.171.152.234 - - [19/Apr/2024:14:11:40 -0300] "POST /cormun/servlet/trsolicitudot?e3b677f3d088872023c9148e5b6e437a,,gx-no-cache=1713542865558 HTTP/1.1" 200 107
190.171.152.234 - - [19/Apr/2024:14:11:40 -0300] "GET /cormun/servlet/trsolicitudadjuntos?2024,21288, HTTP/1.1" 200 10488
190.171.152.234 - - [19/Apr/2024:14:11:46 -0300] "GET /cormun/servlet/trsolicitudot? HTTP/1.1" 200 8782
190.171.143.82 - - [19/Apr/2024:14:11:48 -0300] "GET /cormun/servlet/permisogoce?INS,0,,, HTTP/1.1" 200 7140
190.171.152.234 - - [19/Apr/2024:14:11:54 -0300] "POST /cormun/servlet/trsolicitudot?e3b677f3d088872023c9148e5b6e437a,,gx-no-cache=1713542878773 HTTP/1.1" 200 4627
190.171.152.234 - - [19/Apr/2024:14:11:54 -0300] "GET /cormun/static/Shared/jqueryui/images/ui-icons_82798d_256x240.png HTTP/1.1" 404 1089
190.171.152.234 - - [19/Apr/2024:14:11:54 -0300] "GET /cormun/static/Shared/jqueryui/images/ui-bg_highlight-soft_100_c6c2c8_1x100.png HTTP/1.1" 404 1117
190.171.152.234 - - [19/Apr/2024:14:11:54 -0300] "GET /cormun/static/Shared/jqueryui/images/ui-bg_flat_55_fafafa_40x100.png HTTP/1.1" 404 1097
190.171.152.234 - - [19/Apr/2024:14:11:54 -0300] "GET /cormun/static/Shared/jqueryui/images/ui-icons_8d78a5_256x240.png HTTP/1.1" 404 1089
190.171.152.234 - - [19/Apr/2024:14:11:54 -0300] "POST /cormun/servlet/trsolicitudot?e3b677f3d088872023c9148e5b6e437a,,gx-no-cache=1713542878923 HTTP/1.1" 200 4373
190.171.152.234 - - [19/Apr/2024:14:11:58 -0300] "GET /cormun/servlet/trautorizarsolicitud? HTTP/1.1" 200 8801
190.171.152.234 - - [19/Apr/2024:14:11:58 -0300] "GET /cormun/static/gxcfg.js?202211298474254 HTTP/1.1" 200 953
190.171.152.234 - - [19/Apr/2024:14:11:58 -0300] "GET /cormun/static/trautorizarsolicitud.js?202211298474588 HTTP/1.1" 200 53909
190.171.152.234 - - [19/Apr/2024:14:12:02 -0300] "POST /cormun/servlet/trautorizarsolicitud?e3b677f3d088872023c9148e5b6e437a,,gx-no-cache=1713542887389 HTTP/1.1" 200 4808
190.171.152.234 - - [19/Apr/2024:14:12:02 -0300] "POST /cormun/servlet/trautorizarsolicitud?e3b677f3d088872023c9148e5b6e437a,,gx-no-cache=1713542887531 HTTP/1.1" 200 4553
209.141.55.133 - tomcat [19/Apr/2024:14:12:34 -0300] "GET /manager/html HTTP/1.1" 403 3196
190.171.143.82 - - [19/Apr/2024:14:12:42 -0300] "GET /cormun/servlet/permisogoce?07633210def070b5248f040f4235aaba4ca20610dae3775a248d5262f1c10acad78aa788c7db0b76ba7178ddcf68c92c30b8e7d7a36c4982166f679b2779ecf3,gx-no-cache=1713546544557 HTTP/1.1" 200 83
190.171.143.82 - - [19/Apr/2024:14:13:01 -0300] "GET /cormun/servlet/permisogoce?07633210def070b5248f040f4235aaba2439c6c5efb174d2db8d866f62deaef5608a59cc9e2143aca7d9ff2e83e19fc453a15c05eda75f6de24a3db7c0a1a90d,gx-no-cache=1713546563533 HTTP/1.1" 200 47
190.171.143.82 - - [19/Apr/2024:14:13:06 -0300] "POST /cormun/servlet/permisogoce?e130223a027eecbf298795144f2f0562,INS,0,,,,gx-no-cache=1713546567806 HTTP/1.1" 200 93
190.171.143.82 - - [19/Apr/2024:14:13:06 -0300] "GET /cormun/servlet/hpexe_return? HTTP/1.1" 200 1008
190.171.143.82 - - [19/Apr/2024:14:13:07 -0300] "GET /cormun/servlet/trpermisosgoce HTTP/1.1" 200 13745
190.171.143.82 - - [19/Apr/2024:14:13:16 -0300] "GET /cormun/servlet/permisogoce?INS,0,,, HTTP/1.1" 200 7140
190.171.143.82 - - [19/Apr/2024:14:13:30 -0300] "GET /cormun/servlet/permisogoce?07633210def070b5248f040f4235aabaf0a279d2f4a073a862b1a59c65826f79d78aa788c7db0b76ba7178ddcf68c92c30b8e7d7a36c4982166f679b2779ecf3,gx-no-cache=1713546591802 HTTP/1.1" 200 75
190.171.143.82 - - [19/Apr/2024:14:13:38 -0300] "GET /cormun/servlet/permisogoce?07633210def070b5248f040f4235aabadb0af2e74745d1481090e9d8bc7fc8c1edd2804b1234adf54714050666f7982f53a15c05eda75f6de24a3db7c0a1a90d,gx-no-cache=1713546600031 HTTP/1.1" 200 47
164.92.95.227 - - [19/Apr/2024:14:13:49 -0300] "GET /manager/html HTTP/1.1" 401 2474
190.171.143.82 - - [19/Apr/2024:14:14:39 -0300] "POST /cormun/servlet/permisogoce?e130223a027eecbf298795144f2f0562,INS,0,,,,gx-no-cache=1713546661049 HTTP/1.1" 200 93
190.171.143.82 - - [19/Apr/2024:14:14:39 -0300] "GET /cormun/servlet/hpexe_return? HTTP/1.1" 200 1008
190.171.143.82 - - [19/Apr/2024:14:14:40 -0300] "GET /cormun/servlet/trpermisosgoce HTTP/1.1" 200 13964
190.171.143.82 - - [19/Apr/2024:14:14:50 -0300] "GET /cormun/servlet/apermisogoceprn?17538037,P,20240419130811,PU HTTP/1.1" 200 1660
190.171.143.82 - - [19/Apr/2024:14:15:13 -0300] "GET /cormun/servlet/apermisogoceprn?17522932,P,20240419130939,PU HTTP/1.1" 200 1644
181.212.47.137 - - [19/Apr/2024:14:16:12 -0300] "GET /cormun/servlet/hlogin HTTP/1.1" 200 1722
181.212.47.137 - - [19/Apr/2024:14:16:12 -0300] "GET /cormun/static/gxtimezone.js?85251 HTTP/1.1" 200 5781
181.212.47.137 - - [19/Apr/2024:14:16:12 -0300] "GET /cormun/static/gxcfg.js?2022112219184450 HTTP/1.1" 200 953
181.212.47.137 - - [19/Apr/2024:14:16:12 -0300] "GET /cormun/static/messages.spa.js?85251 HTTP/1.1" 200 30736
181.212.47.137 - - [19/Apr/2024:14:16:12 -0300] "GET /cormun/static/Resources/CormunLogin.png HTTP/1.1" 200 19132
181.212.47.137 - - [19/Apr/2024:14:16:12 -0300] "GET /cormun/static/Resources/Spanish/PXTools.css?1759030 HTTP/1.1" 200 100853
181.212.47.137 - - [19/Apr/2024:14:16:12 -0300] "GET /cormun/static/hlogin.js?2022112219184458 HTTP/1.1" 200 2156
181.212.47.137 - - [19/Apr/2024:14:16:12 -0300] "GET /cormun/static/gxgral.js?85251 HTTP/1.1" 200 384558
181.212.47.137 - - [19/Apr/2024:14:16:12 -0300] "GET /cormun/static/Resources/PXToolsLoginBackground.png HTTP/1.1" 200 1164
181.212.47.137 - - [19/Apr/2024:14:16:12 -0300] "GET /cormun/static/Resources/PXToolsLoginTop.png HTTP/1.1" 200 1337
181.212.47.137 - - [19/Apr/2024:14:16:12 -0300] "GET /cormun/static/Resources/PXToolsButtonLeft.png HTTP/1.1" 200 1310
181.212.47.137 - - [19/Apr/2024:14:16:12 -0300] "GET /cormun/static/Resources/PXToolsButtonRight.png HTTP/1.1" 200 1294
181.212.47.137 - - [19/Apr/2024:14:16:12 -0300] "GET /cormun/static/Resources/PXToolsButtonBackground.png HTTP/1.1" 200 1176
181.212.47.137 - - [19/Apr/2024:14:16:12 -0300] "GET /cormun/static/Resources/PXToolsLoginBottom.png HTTP/1.1" 200 1389
181.212.47.137 - - [19/Apr/2024:14:16:12 -0300] "GET /cormun/static/Resources/indicator.gif HTTP/1.1" 200 1553
181.212.47.137 - - [19/Apr/2024:14:16:12 -0300] "GET /cormun/servlet/hlogin HTTP/1.1" 200 1732
181.212.47.137 - - [19/Apr/2024:14:16:12 -0300] "GET /favicon.ico HTTP/1.1" 200 21630
181.212.47.137 - - [19/Apr/2024:14:16:18 -0300] "POST /cormun/servlet/hlogin?64b62aa3b3944edc9e6a8824656217d6,gx-no-cache=1713546761712 HTTP/1.1" 200 90
181.212.47.137 - - [19/Apr/2024:14:16:18 -0300] "GET /cormun/servlet/hpexe_link HTTP/1.1" 200 953
181.212.47.137 - - [19/Apr/2024:14:16:18 -0300] "GET /cormun/static/gxcfg.js?20221129847421 HTTP/1.1" 200 953
181.212.47.137 - - [19/Apr/2024:14:16:18 -0300] "GET /cormun/static/hpexe_link.js?20221129847423 HTTP/1.1" 200 625
181.212.47.137 - - [19/Apr/2024:14:16:18 -0300] "GET /cormun/static/Resources/Spanish/PXTools.css?8354383 HTTP/1.1" 200 100853
181.212.47.137 - - [19/Apr/2024:14:16:18 -0300] "GET /cormun/servlet/hhome HTTP/1.1" 200 3821
181.212.47.137 - - [19/Apr/2024:14:16:18 -0300] "GET /cormun/static/Shared/jqueryui/jquery-ui.min.css?1345370 HTTP/1.1" 200 30288
181.212.47.137 - - [19/Apr/2024:14:16:18 -0300] "GET /cormun/static/SmoothNavMenu/resources/ddsmoothmenu.css?1112540 HTTP/1.1" 200 2223
181.212.47.137 - - [19/Apr/2024:14:16:18 -0300] "GET /cormun/static/SmoothNavMenu/resources/ddsmoothmenu-v.css?1112540 HTTP/1.1" 200 1188
181.212.47.137 - - [19/Apr/2024:14:16:18 -0300] "GET /cormun/static/scaMessage/css/jquery.pnotify.default.css?1816380 HTTP/1.1" 200 1707
181.212.47.137 - - [19/Apr/2024:14:16:18 -0300] "GET /cormun/static/gxcfg.js?20201215495537 HTTP/1.1" 200 953
181.212.47.137 - - [19/Apr/2024:14:16:18 -0300] "GET /cormun/static/Resources/Spanish/PXTools.css?14345360 HTTP/1.1" 200 100853
181.212.47.137 - - [19/Apr/2024:14:16:18 -0300] "GET /cormun/static/PXToolsJavascripts/pexe_cookies.js HTTP/1.1" 200 792
181.212.47.137 - - [19/Apr/2024:14:16:18 -0300] "GET /cormun/static/PXToolsJavascripts/pexe_autoreload.js HTTP/1.1" 200 1762
