181.212.43.89 - - [18/Apr/2024:12:35:46 -0300] "GET /cormun/servlet/solicitudot?9818d8f52808c31e310ebcac175a922138daa137ca78cdaa5d976a3cdb8f0a33757caf095395649cbb2df9681844aabb,gx-no-cache=1713454329464 HTTP/1.1" 200 30
218.38.210.48 - tomcat [18/Apr/2024:12:35:53 -0300] "GET /manager/html HTTP/1.1" 403 3196
181.212.43.89 - - [18/Apr/2024:12:35:53 -0300] "POST /cormun/servlet/solicitudot?gx-no-cache=1713454336564 HTTP/1.1" 200 30
181.212.43.89 - - [18/Apr/2024:12:36:57 -0300] "POST /cormun/servlet/solicitudot?f40bcf43f5c48997efcfe7dd93110af7,INS,0,0,false,,gx-no-cache=1713454399512 HTTP/1.1" 200 93
181.212.43.89 - - [18/Apr/2024:12:36:57 -0300] "GET /cormun/servlet/hpexe_return? HTTP/1.1" 200 1028
181.212.43.89 - - [18/Apr/2024:12:36:57 -0300] "GET /cormun/servlet/trsolicitudot?gx-no-cache=1713453244512 HTTP/1.1" 200 8981
181.212.43.89 - - [18/Apr/2024:12:37:12 -0300] "POST /cormun/servlet/trsolicitudot?f40bcf43f5c48997efcfe7dd93110af7,gx-no-cache=1713453244512,gx-no-cache=1713454415056 HTTP/1.1" 200 5775
181.212.43.89 - - [18/Apr/2024:12:37:12 -0300] "GET /cormun/static/Shared/jqueryui/images/ui-bg_highlight-soft_100_c6c2c8_1x100.png HTTP/1.1" 404 1117
181.212.43.89 - - [18/Apr/2024:12:37:12 -0300] "GET /cormun/static/Shared/jqueryui/images/ui-icons_82798d_256x240.png HTTP/1.1" 404 1089
181.212.43.89 - - [18/Apr/2024:12:37:12 -0300] "GET /cormun/static/Shared/jqueryui/images/ui-bg_flat_55_fafafa_40x100.png HTTP/1.1" 404 1097
181.212.43.89 - - [18/Apr/2024:12:37:12 -0300] "GET /cormun/static/Shared/jqueryui/images/ui-icons_8d78a5_256x240.png HTTP/1.1" 404 1089
181.212.43.89 - - [18/Apr/2024:12:37:12 -0300] "POST /cormun/servlet/trsolicitudot?f40bcf43f5c48997efcfe7dd93110af7,gx-no-cache=1713453244512,gx-no-cache=1713454415248 HTTP/1.1" 200 5719
181.212.43.89 - - [18/Apr/2024:12:37:24 -0300] "GET /cormun/servlet/solicitudot?INS,0,0,false, HTTP/1.1" 200 16029
181.212.43.89 - - [18/Apr/2024:12:37:36 -0300] "POST /cormun/servlet/solicitudot?gx-no-cache=1713454438985 HTTP/1.1" 200 4194
181.212.43.89 - - [18/Apr/2024:12:37:36 -0300] "POST /cormun/servlet/solicitudot?f40bcf43f5c48997efcfe7dd93110af7,INS,0,0,false,,gx-no-cache=1713454439141 HTTP/1.1" 200 12806
181.212.43.89 - - [18/Apr/2024:12:37:36 -0300] "GET /cormun/servlet/solicitudot?9818d8f52808c31e310ebcac175a92219c8a76faa244da8b9158a98d6ad9615efb6f9c75828fd0903eca461cfe7b8623,gx-no-cache=1713454439709 HTTP/1.1" 200 30
218.38.210.48 - tomcat [18/Apr/2024:12:37:57 -0300] "GET /manager/html HTTP/1.1" 403 3196
181.212.43.89 - - [18/Apr/2024:12:39:25 -0300] "GET /cormun/servlet/prbanco?,MD,,gxPopupLevel%3D0%3B HTTP/1.1" 200 6618
181.212.43.89 - - [18/Apr/2024:12:39:30 -0300] "GET /cormun/servlet/solicitudot?9818d8f52808c31e310ebcac175a9221a885ff836b53cb93536101a039329144f70447ef48e414d3ad678a04e6ccd97a37776d6d896aee31436a6ae8bae7916e,gx-no-cache=1713454553075 HTTP/1.1" 200 30
181.212.43.89 - - [18/Apr/2024:12:39:34 -0300] "GET /cormun/servlet/solicitudot?9818d8f52808c31e310ebcac175a9221983125c35fb74c0f27e958e77f29f73e,gx-no-cache=1713454557369 HTTP/1.1" 200 45
218.38.210.48 - tomcat [18/Apr/2024:12:40:00 -0300] "GET /manager/html HTTP/1.1" 403 3196
181.212.43.89 - - [18/Apr/2024:12:40:20 -0300] "POST /cormun/servlet/solicitudot?gx-no-cache=1713454603559 HTTP/1.1" 200 297
181.212.43.89 - - [18/Apr/2024:12:40:21 -0300] "GET /cormun/servlet/solicitudot?9818d8f52808c31e310ebcac175a9221523a61407ac12fcfa29ff370e0b44bd8e5840161522b51615a20828de28b05a2ee9d05930b3cd5cbc8a20f6e9af3a4d45a515d35e6c3cd377847d69f111ac50b7b1972b6ce1271aac1966b032dea3483c00ef1bc14ea02f8580531796b8eb67960535973e376764451ed559da7a55ede15ca82f4d58d79e5d6b79825851c1b04de0d50e7a7845989bf4bc0b87e90df3c0a4688ed45d37e026522ad6ff0777ae9b7912ec4f6f9ff2a1de315838ec73668d5544682063f7c8a40a83a746cb03d756bd7fb721745a2858df3cda9ba77743e02f4e1e22f898b0052c5bbcef7cd929512488e0bda9338dc1e6b5abd0c4054b2edac590da3b349b069e474f72fac2300f9c276c663239535a0684b29e7116f40debaa274555f18c1c0e00399f07a7eab5b34abd3cf98a1f7ccec66f090b978de1d9964bfbf4b84d1a953431446a4fd089240fc9eb7375d25f21653f4228d33499203397f660d4386ff180e3bb4e31008c5a40372d70b1196cd7e86f1bab8116141119ab144f5cd616d6f291146f37edf,gx-no-cache=1713454603744 HTTP/1.1" 200 30
181.212.43.89 - - [18/Apr/2024:12:40:23 -0300] "POST /cormun/servlet/solicitudot?gx-no-cache=1713454606059 HTTP/1.1" 200 30
181.212.43.89 - - [18/Apr/2024:12:40:27 -0300] "POST /cormun/servlet/solicitudot?gx-no-cache=1713454610459 HTTP/1.1" 200 1481
181.212.43.89 - - [18/Apr/2024:12:40:27 -0300] "POST /cormun/servlet/solicitudot?gx-no-cache=1713454610582 HTTP/1.1" 200 38
181.212.43.89 - - [18/Apr/2024:12:40:27 -0300] "GET /cormun/servlet/solicitudot?9818d8f52808c31e310ebcac175a92217427b52021191ee303f313995370664d3cf6580dc4a537626d8af4dedc6e2cf8824f7201bc391aa9abf9e2bcaf6b0b2f2c30e07828bdf0652541ad0783a2411091cb0efe3c3634ee5e3e25d39464418049af87352b532203df0721792314c020,gx-no-cache=1713454610669 HTTP/1.1" 200 110
181.212.43.89 - - [18/Apr/2024:12:40:31 -0300] "POST /cormun/servlet/solicitudot?gx-no-cache=1713454614239 HTTP/1.1" 200 72
181.212.43.89 - - [18/Apr/2024:12:40:39 -0300] "GET /cormun/servlet/solicitudot?9818d8f52808c31e310ebcac175a92210510bcbb8fba19ac8fc7a768d9be5cfd2f1f34b0cb6b9eb5df33192801ac69fc91a8d4a91d838f864a018664e1065e42730786d0ccd60a91647b34ce9af238b1d88ec759e9d760fdef692d15a0946c2955c56f281d4bf0bbab22de43faf421d7,gx-no-cache=1713454622571 HTTP/1.1" 200 29
181.212.43.89 - - [18/Apr/2024:12:40:42 -0300] "GET /cormun/servlet/solicitudot?9818d8f52808c31e310ebcac175a922138daa137ca78cdaa5d976a3cdb8f0a33757caf095395649cbb2df9681844aabb,gx-no-cache=1713454625334 HTTP/1.1" 200 30
181.212.43.89 - - [18/Apr/2024:12:40:48 -0300] "POST /cormun/servlet/solicitudot?gx-no-cache=1713454631391 HTTP/1.1" 200 30
181.212.43.89 - - [18/Apr/2024:12:41:06 -0300] "POST /cormun/servlet/solicitudot?f40bcf43f5c48997efcfe7dd93110af7,INS,0,0,false,,gx-no-cache=1713454648912 HTTP/1.1" 200 93
181.212.43.89 - - [18/Apr/2024:12:41:06 -0300] "GET /cormun/servlet/hpexe_return? HTTP/1.1" 200 1028
181.212.43.89 - - [18/Apr/2024:12:41:06 -0300] "GET /cormun/servlet/trsolicitudot?gx-no-cache=1713453244512 HTTP/1.1" 200 9030
209.141.55.133 - tomcat [18/Apr/2024:12:41:48 -0300] "GET /manager/html HTTP/1.1" 403 3196
218.38.210.48 - tomcat [18/Apr/2024:12:42:03 -0300] "GET /manager/html HTTP/1.1" 403 3196
190.171.142.42 - - [18/Apr/2024:12:43:58 -0300] "GET /cormun/servlet/hlogin HTTP/1.1" 200 1718
190.171.142.42 - - [18/Apr/2024:12:43:58 -0300] "GET /cormun/servlet/hlogin HTTP/1.1" 200 1729
218.38.210.48 - tomcat [18/Apr/2024:12:44:06 -0300] "GET /manager/html HTTP/1.1" 403 3196
190.171.142.42 - - [18/Apr/2024:12:44:06 -0300] "POST /cormun/servlet/hlogin?98a4abc8b378ed54acc7bf36b7514549,gx-no-cache=1713454829336 HTTP/1.1" 200 90
190.171.142.42 - - [18/Apr/2024:12:44:06 -0300] "GET /cormun/servlet/hpexe_link HTTP/1.1" 200 949
190.171.142.42 - - [18/Apr/2024:12:44:07 -0300] "GET /cormun/servlet/hhome HTTP/1.1" 200 3881
181.212.43.89 - - [18/Apr/2024:12:44:08 -0300] "POST /cormun/servlet/trsolicitudot?f40bcf43f5c48997efcfe7dd93110af7,gx-no-cache=1713453244512,gx-no-cache=1713454831106 HTTP/1.1" 200 5775
181.212.43.89 - - [18/Apr/2024:12:44:08 -0300] "GET /cormun/static/Shared/jqueryui/images/ui-bg_highlight-soft_100_c6c2c8_1x100.png HTTP/1.1" 404 1117
181.212.43.89 - - [18/Apr/2024:12:44:08 -0300] "GET /cormun/static/Shared/jqueryui/images/ui-icons_8d78a5_256x240.png HTTP/1.1" 404 1089
181.212.43.89 - - [18/Apr/2024:12:44:08 -0300] "GET /cormun/static/Shared/jqueryui/images/ui-icons_82798d_256x240.png HTTP/1.1" 404 1089
181.212.43.89 - - [18/Apr/2024:12:44:08 -0300] "GET /cormun/static/Shared/jqueryui/images/ui-bg_flat_55_fafafa_40x100.png HTTP/1.1" 404 1097
181.212.43.89 - - [18/Apr/2024:12:44:08 -0300] "POST /cormun/servlet/trsolicitudot?f40bcf43f5c48997efcfe7dd93110af7,gx-no-cache=1713453244512,gx-no-cache=1713454831445 HTTP/1.1" 200 5719
190.171.142.42 - - [18/Apr/2024:12:44:14 -0300] "GET /cormun/servlet/trsolicitudot? HTTP/1.1" 200 8513
190.171.142.42 - - [18/Apr/2024:12:44:20 -0300] "POST /cormun/servlet/trsolicitudot?98a4abc8b378ed54acc7bf36b7514549,,gx-no-cache=1713454843503 HTTP/1.1" 200 4563
190.171.142.42 - - [18/Apr/2024:12:44:21 -0300] "GET /cormun/static/Shared/jqueryui/images/ui-bg_highlight-soft_100_c6c2c8_1x100.png HTTP/1.1" 404 1117
190.171.142.42 - - [18/Apr/2024:12:44:21 -0300] "GET /cormun/static/Shared/jqueryui/images/ui-icons_82798d_256x240.png HTTP/1.1" 404 1089
190.171.142.42 - - [18/Apr/2024:12:44:21 -0300] "GET /cormun/static/Shared/jqueryui/images/ui-bg_flat_55_fafafa_40x100.png HTTP/1.1" 404 1097
190.171.142.42 - - [18/Apr/2024:12:44:21 -0300] "GET /cormun/static/Shared/jqueryui/images/ui-icons_8d78a5_256x240.png HTTP/1.1" 404 1089
190.171.142.42 - - [18/Apr/2024:12:44:21 -0300] "POST /cormun/servlet/trsolicitudot?98a4abc8b378ed54acc7bf36b7514549,,gx-no-cache=1713454843687 HTTP/1.1" 200 4325
190.171.142.42 - - [18/Apr/2024:12:44:31 -0300] "POST /cormun/servlet/trsolicitudot?98a4abc8b378ed54acc7bf36b7514549,,gx-no-cache=1713454854116 HTTP/1.1" 200 8185
181.212.43.89 - - [18/Apr/2024:12:44:36 -0300] "GET /cormun/servlet/solicitudot?INS,0,0,false, HTTP/1.1" 200 16029
181.212.43.89 - - [18/Apr/2024:12:44:42 -0300] "POST /cormun/servlet/solicitudot?gx-no-cache=1713454864986 HTTP/1.1" 200 4022
181.212.43.89 - - [18/Apr/2024:12:44:42 -0300] "POST /cormun/servlet/solicitudot?f40bcf43f5c48997efcfe7dd93110af7,INS,0,0,false,,gx-no-cache=1713454865328 HTTP/1.1" 200 12620
181.212.43.89 - - [18/Apr/2024:12:44:45 -0300] "GET /cormun/servlet/solicitudot?9818d8f52808c31e310ebcac175a9221307aeec9e842a4a876619401805debc9fb6f9c75828fd0903eca461cfe7b8623,gx-no-cache=1713454868358 HTTP/1.1" 200 30
190.171.141.114 - - [18/Apr/2024:12:45:15 -0300] "GET /cormun/servlet/hhome HTTP/1.1" 200 3328
190.171.141.114 - - [18/Apr/2024:12:45:16 -0300] "GET /cormun/servlet/hlogin HTTP/1.1" 200 1736
190.171.141.114 - - [18/Apr/2024:12:45:19 -0300] "POST /cormun/servlet/hlogin?6bca5d32e58cb532dfd8cf5e6bf14cae,gx-no-cache=1713454902536 HTTP/1.1" 200 90
190.171.141.114 - - [18/Apr/2024:12:45:19 -0300] "GET /cormun/servlet/hpexe_link HTTP/1.1" 200 953
190.171.141.114 - - [18/Apr/2024:12:45:19 -0300] "GET /cormun/servlet/hhome HTTP/1.1" 200 4010
190.171.141.114 - - [18/Apr/2024:12:45:27 -0300] "GET /cormun/servlet/trpermisosgoce? HTTP/1.1" 200 11205
218.38.210.48 - tomcat [18/Apr/2024:12:46:09 -0300] "GET /manager/html HTTP/1.1" 403 3196
218.38.210.48 - tomcat [18/Apr/2024:12:48:12 -0300] "GET /manager/html HTTP/1.1" 403 3196
201.186.225.183 - - [18/Apr/2024:12:49:19 -0300] "GET /cormun/servlet/trpermisosgoce? HTTP/1.1" 200 18598
201.186.225.183 - - [18/Apr/2024:12:49:23 -0300] "GET /cormun/servlet/apermisogoceprn?18645771,P,20240417092223,PU HTTP/1.1" 200 1644
201.186.225.183 - - [18/Apr/2024:12:49:39 -0300] "GET /cormun/servlet/apermisogoceprn?18042029,P,20240417092841,PU HTTP/1.1" 200 1653
201.186.225.183 - - [18/Apr/2024:12:49:43 -0300] "GET /cormun/servlet/apermisogoceprn?18798710,P,20240417095913,PU HTTP/1.1" 200 1644
117.245.192.189 - - [18/Apr/2024:12:49:52 -0300] "GET / HTTP/1.1" 200 11217
190.171.143.98 - - [18/Apr/2024:12:50:03 -0300] "GET /cormun/servlet/hlogin HTTP/1.1" 200 1725
190.171.143.98 - - [18/Apr/2024:12:50:03 -0300] "GET /cormun/servlet/hlogin HTTP/1.1" 200 1736
190.171.143.98 - - [18/Apr/2024:12:50:09 -0300] "POST /cormun/servlet/hlogin?320c29821a5ba28d1db6cd771d6a9478,gx-no-cache=1713455193784 HTTP/1.1" 200 90
190.171.143.98 - - [18/Apr/2024:12:50:10 -0300] "GET /cormun/servlet/hpexe_link HTTP/1.1" 200 952
190.171.143.98 - - [18/Apr/2024:12:50:10 -0300] "GET /cormun/servlet/hhome HTTP/1.1" 200 4315
190.171.143.98 - - [18/Apr/2024:12:50:14 -0300] "GET /cormun/servlet/trcargahoraria? HTTP/1.1" 200 6717
190.171.143.98 - - [18/Apr/2024:12:50:14 -0300] "GET /cormun/static/gxcfg.js?202012113392337 HTTP/1.1" 200 953
190.171.143.98 - - [18/Apr/2024:12:50:14 -0300] "GET /cormun/static/trcargahoraria.js?202012113392783 HTTP/1.1" 200 28768
218.38.210.48 - tomcat [18/Apr/2024:12:50:15 -0300] "GET /manager/html HTTP/1.1" 403 3196
190.171.143.98 - - [18/Apr/2024:12:50:18 -0300] "GET /cormun/servlet/trreportecargahoraria? HTTP/1.1" 200 6893
190.171.143.98 - - [18/Apr/2024:12:50:18 -0300] "GET /cormun/static/gxcfg.js?202211298504121 HTTP/1.1" 200 953
190.171.143.98 - - [18/Apr/2024:12:50:18 -0300] "GET /cormun/static/trreportecargahoraria.js?20221129850435 HTTP/1.1" 200 29376
190.171.143.98 - - [18/Apr/2024:12:50:33 -0300] "POST /cormun/servlet/trreportecargahoraria?320c29821a5ba28d1db6cd771d6a9478,,gx-no-cache=1713455217264 HTTP/1.1" 200 4217
190.171.143.98 - - [18/Apr/2024:12:50:40 -0300] "GET /cormun/servlet/trcontratosolicitud? HTTP/1.1" 200 14982
190.171.143.98 - - [18/Apr/2024:12:50:41 -0300] "GET /cormun/static/gxcfg.js?202211298514361 HTTP/1.1" 200 953
190.171.143.98 - - [18/Apr/2024:12:50:41 -0300] "GET /cormun/static/trcontratosolicitud.js?202211298514531 HTTP/1.1" 200 28237
190.171.143.98 - - [18/Apr/2024:12:50:41 -0300] "GET /cormun//static/Resources/PXToolsGridNew.png HTTP/1.1" 200 427
209.141.55.133 - tomcat [18/Apr/2024:12:52:05 -0300] "GET /manager/html HTTP/1.1" 403 3196
218.38.210.48 - tomcat [18/Apr/2024:12:52:17 -0300] "GET /manager/html HTTP/1.1" 403 3196
218.38.210.48 - tomcat [18/Apr/2024:12:54:20 -0300] "GET /manager/html HTTP/1.1" 403 3196
190.171.141.138 - - [18/Apr/2024:12:54:42 -0300] "GET /cormun/servlet/hlogin HTTP/1.1" 200 1727
190.171.141.138 - - [18/Apr/2024:12:54:43 -0300] "GET /cormun/servlet/hlogin HTTP/1.1" 200 1727
190.171.141.138 - - [18/Apr/2024:12:54:44 -0300] "GET /cormun/servlet/hlogin HTTP/1.1" 200 1727
190.171.141.138 - - [18/Apr/2024:12:54:44 -0300] "GET /cormun/servlet/hlogin HTTP/1.1" 200 1738
190.171.141.138 - - [18/Apr/2024:12:54:45 -0300] "GET /favicon.ico HTTP/1.1" 200 21630
190.171.141.138 - - [18/Apr/2024:12:54:49 -0300] "POST /cormun/servlet/hlogin?f92d1aaabd087793690d22083167aaf9,gx-no-cache=1713455472624 HTTP/1.1" 200 90
190.171.141.138 - - [18/Apr/2024:12:54:49 -0300] "GET /cormun/servlet/hpexe_link HTTP/1.1" 200 956
190.171.141.138 - - [18/Apr/2024:12:54:50 -0300] "GET /cormun/servlet/hhome HTTP/1.1" 200 4484
190.171.141.138 - - [18/Apr/2024:12:54:56 -0300] "GET /cormun/servlet/trlicencias? HTTP/1.1" 200 13068
218.38.210.48 - tomcat [18/Apr/2024:12:56:23 -0300] "GET /manager/html HTTP/1.1" 403 3196
218.38.210.48 - tomcat [18/Apr/2024:12:58:27 -0300] "GET /manager/html HTTP/1.1" 403 3196
190.171.149.74 - - [18/Apr/2024:12:59:46 -0300] "GET /cormun/servlet/trlicencias? HTTP/1.1" 200 6047
190.171.149.74 - - [18/Apr/2024:12:59:46 -0300] "GET /cormun/servlet/hlogin HTTP/1.1" 200 1737
190.171.149.74 - - [18/Apr/2024:12:59:46 -0300] "GET /cormun/servlet/trlicencias? HTTP/1.1" 200 6047
190.171.149.74 - - [18/Apr/2024:12:59:53 -0300] "POST /cormun/servlet/hlogin?01ade2c96b82455ef43a4b995326751d,gx-no-cache=1713455775685 HTTP/1.1" 200 90
190.171.149.74 - - [18/Apr/2024:12:59:53 -0300] "GET /cormun/servlet/hpexe_link HTTP/1.1" 200 956
190.171.149.74 - - [18/Apr/2024:12:59:54 -0300] "GET /cormun/servlet/trlicencias HTTP/1.1" 200 13808
200.54.100.179 - - [18/Apr/2024:13:00:14 -0300] "GET /cormun/servlet/permisogoce?INS,0,,, HTTP/1.1" 200 6029
200.54.100.179 - - [18/Apr/2024:13:00:14 -0300] "GET /cormun/static/gxcfg.js?20201215124560 HTTP/1.1" 200 953
200.54.100.179 - - [18/Apr/2024:13:00:14 -0300] "GET /cormun/static/Resources/prompt.gif HTTP/1.1" 200 902
200.54.100.179 - - [18/Apr/2024:13:00:14 -0300] "GET /cormun/static/permisogoce.js?20201215124939 HTTP/1.1" 200 27790
200.54.100.179 - - [18/Apr/2024:13:00:14 -0300] "GET /cormun/servlet/hlogin HTTP/1.1" 200 1742
200.54.100.179 - - [18/Apr/2024:13:00:18 -0300] "POST /cormun/servlet/hlogin?e3df8899e03ae71fdb52ef7e255bbf06,gx-no-cache=1713455801359 HTTP/1.1" 200 90
200.54.100.179 - - [18/Apr/2024:13:00:18 -0300] "GET /cormun/servlet/hpexe_link HTTP/1.1" 200 961
200.54.100.179 - - [18/Apr/2024:13:00:18 -0300] "GET /cormun/servlet/permisogoce?INS,0,,, HTTP/1.1" 200 7041
200.54.100.179 - - [18/Apr/2024:13:00:24 -0300] "GET /cormun/servlet/trpermisosgoce? HTTP/1.1" 200 10716
218.38.210.48 - tomcat [18/Apr/2024:13:00:29 -0300] "GET /manager/html HTTP/1.1" 403 3196
200.54.100.179 - - [18/Apr/2024:13:00:30 -0300] "GET /cormun/servlet/permisogoce?INS,0,,, HTTP/1.1" 200 7040
200.54.100.179 - - [18/Apr/2024:13:00:34 -0300] "GET /cormun/static/Resources/resize.gif HTTP/1.1" 200 77
200.54.100.179 - - [18/Apr/2024:13:00:34 -0300] "GET /cormun/static/Resources/PXTools/ClosePrompt.png HTTP/1.1" 200 1036
200.54.100.179 - - [18/Apr/2024:13:00:35 -0300] "GET /cormun/servlet/prfichaempleado?,MD,,gxPopupLevel%3D0%3B HTTP/1.1" 200 9348
200.54.100.179 - - [18/Apr/2024:13:00:35 -0300] "GET /cormun/static/gxcfg.js?20201215571085 HTTP/1.1" 200 953
200.54.100.179 - - [18/Apr/2024:13:00:35 -0300] "GET /cormun/static/Resources/PXToolsMenuSearch.png HTTP/1.1" 200 336
200.54.100.179 - - [18/Apr/2024:13:00:35 -0300] "GET /cormun/static/prfichaempleado.js?20201215572193 HTTP/1.1" 200 16005
200.54.100.179 - - [18/Apr/2024:13:00:35 -0300] "GET /cormun/static/menusearch.js?20201214473581 HTTP/1.1" 200 1424
200.54.100.179 - - [18/Apr/2024:13:00:35 -0300] "GET /cormun/static/hmpwkw011.js?202211298443482 HTTP/1.1" 200 1968
200.54.100.179 - - [18/Apr/2024:13:00:35 -0300] "GET /cormun/static/Resources/PXToolsMenuSearchCancel.png HTTP/1.1" 200 306
200.54.100.179 - - [18/Apr/2024:13:00:47 -0300] "POST /cormun/servlet/prfichaempleado?e3df8899e03ae71fdb52ef7e255bbf06,,MD,,gxPopupLevel%3D0%3B,gx-no-cache=1713455830262 HTTP/1.1" 200 3397
200.54.100.179 - - [18/Apr/2024:13:00:50 -0300] "GET /cormun/servlet/permisogoce?12c7c2729e71a0fac0ed80c23b404960ea546e6aac6e1a446ef120782f7bb01a9b014c9cf50bc7524dc871c7fb6c97dfe71c86c2b27514e45a93cdd048e9fea3,gx-no-cache=1713455833527 HTTP/1.1" 200 76
209.141.55.133 - tomcat [18/Apr/2024:13:02:28 -0300] "GET /manager/html HTTP/1.1" 403 3196
218.38.210.48 - tomcat [18/Apr/2024:13:02:32 -0300] "GET /manager/html HTTP/1.1" 403 3196
181.212.43.89 - - [18/Apr/2024:13:02:41 -0300] "GET /cormun/servlet/prbanco?,MD,,gxPopupLevel%3D0%3B HTTP/1.1" 200 6618
181.212.43.89 - - [18/Apr/2024:13:02:45 -0300] "GET /cormun/servlet/solicitudot?9818d8f52808c31e310ebcac175a92211f5a63edcbd739eb8c88400d0e2b4aba76d2c0c56c77db560f5973bb68e77aa679994d57a53aa1dc267ff167b5a74ab2,gx-no-cache=1713455948156 HTTP/1.1" 200 30
181.212.43.89 - - [18/Apr/2024:13:02:46 -0300] "GET /cormun/servlet/solicitudot?9818d8f52808c31e310ebcac175a92218e80f6b778ba3f229476b51abb62ccad,gx-no-cache=1713455949495 HTTP/1.1" 200 53
181.212.43.89 - - [18/Apr/2024:13:03:02 -0300] "POST /cormun/servlet/solicitudot?gx-no-cache=1713455964966 HTTP/1.1" 200 297
181.212.43.89 - - [18/Apr/2024:13:03:02 -0300] "GET /cormun/servlet/solicitudot?9818d8f52808c31e310ebcac175a9221523a61407ac12fcfa29ff370e0b44bd8e5840161522b51615a20828de28b05a2ee9d05930b3cd5cbc8a20f6e9af3a4d45a515d35e6c3cd377847d69f111ac50b7b1972b6ce1271aac1966b032dea3483c00ef1bc14ea02f8580531796b8eb67960535973e376764451ed559da7a55ede15ca82f4d58d79e5d6b79825851c1b04de0d50e7a7845989bf4bc0b87e90df3c0a4688ed45d37e026522ad6ff0777ae9b7912ec4f6f9ff2a1de315838ec73668d5544682063f7c8a40a83a746cb03d756bd7fb721745a2858df3cda9ba77743e02f4e1e22f898b0052c5bbcef7cd929512488e0bda9338dc1e6b5abd0c4054b2edac590da3b349b069e474f72fac2300f9c276c663239535a0684b29e7116f40debaa274555f18c1c0e00399f07a7eab5b34abd3cf98a1f7ccec66f090b978de1d9964bfbf4b84d1a953431446a4fd089240fc9eb7375d25f21653f4228d33499203397f660d4386ff180e3bb4e31008c5a40372d70b1196cd7e86f1bab8116141119ab144f5cd616d6f291146f37edf,gx-no-cache=1713455965032 HTTP/1.1" 200 30
181.212.43.89 - - [18/Apr/2024:13:03:04 -0300] "POST /cormun/servlet/solicitudot?gx-no-cache=1713455967281 HTTP/1.1" 200 30
200.54.100.179 - - [18/Apr/2024:13:03:09 -0300] "GET /cormun/static/menuarrow.gif HTTP/1.1" 404 1015
200.54.100.179 - - [18/Apr/2024:13:03:16 -0300] "GET /cormun/servlet/permisogoce?12c7c2729e71a0fac0ed80c23b404960fae1ef4de3308e6592b95524cc1500ccf7ca7144f916750a50065f81e2dfd2117b7111cc6c389064b5ef5bd0c8284396,gx-no-cache=1713455979582 HTTP/1.1" 200 47
181.212.43.89 - - [18/Apr/2024:13:03:19 -0300] "POST /cormun/servlet/solicitudot?gx-no-cache=1713455982271 HTTP/1.1" 200 1479
181.212.43.89 - - [18/Apr/2024:13:03:19 -0300] "POST /cormun/servlet/solicitudot?gx-no-cache=1713455982340 HTTP/1.1" 200 38
200.54.100.179 - - [18/Apr/2024:13:03:20 -0300] "POST /cormun/servlet/permisogoce?e3df8899e03ae71fdb52ef7e255bbf06,INS,0,,,,gx-no-cache=1713455982626 HTTP/1.1" 200 93
200.54.100.179 - - [18/Apr/2024:13:03:20 -0300] "GET /cormun/servlet/hpexe_return? HTTP/1.1" 200 1002
200.54.100.179 - - [18/Apr/2024:13:03:20 -0300] "GET /cormun/static/hpexe_return.js?20221129846037 HTTP/1.1" 200 1633
200.54.100.179 - - [18/Apr/2024:13:03:20 -0300] "GET /cormun/static/gxcfg.js?20221129846035 HTTP/1.1" 200 953
200.54.100.179 - - [18/Apr/2024:13:03:20 -0300] "GET /cormun/servlet/hhome HTTP/1.1" 200 4322
200.54.100.179 - - [18/Apr/2024:13:03:21 -0300] "GET /cormun/static/hhome.js?20201215495544 HTTP/1.1" 200 777
200.54.100.179 - - [18/Apr/2024:13:03:21 -0300] "GET /cormun/static/gxcfg.js?20201215495537 HTTP/1.1" 200 953
200.54.100.179 - - [18/Apr/2024:13:03:27 -0300] "GET /cormun/servlet/trpermisosgoce? HTTP/1.1" 200 10917
200.54.100.179 - - [18/Apr/2024:13:03:32 -0300] "GET /cormun/servlet/apermisogoceprn?17138525,P,20240418115655,PU HTTP/1.1" 200 1657
218.38.210.48 - tomcat [18/Apr/2024:13:04:36 -0300] "GET /manager/html HTTP/1.1" 403 3196
190.95.15.15 - - [18/Apr/2024:13:05:16 -0300] "GET /cormun/servlet/trlicencias HTTP/1.1" 200 6052
190.95.15.15 - - [18/Apr/2024:13:05:19 -0300] "GET /cormun/servlet/hlogin HTTP/1.1" 200 1740
181.212.43.89 - - [18/Apr/2024:13:05:20 -0300] "GET /cormun/servlet/solicitudot?9818d8f52808c31e310ebcac175a92217427b52021191ee303f313995370664d3cf6580dc4a537626d8af4dedc6e2cf8824f7201bc391aa9abf9e2bcaf6b0b2f2c30e07828bdf0652541ad0783a2411091cb0efe3c3634ee5e3e25d39464418049af87352b532203df0721792314c020,gx-no-cache=1713456103042 HTTP/1.1" 200 110
181.212.43.89 - - [18/Apr/2024:13:05:24 -0300] "POST /cormun/servlet/solicitudot?gx-no-cache=1713456106864 HTTP/1.1" 200 72
190.95.15.15 - - [18/Apr/2024:13:05:30 -0300] "POST /cormun/servlet/hlogin?f27fe18dd480732fdaea160776767a26,gx-no-cache=1713456114466 HTTP/1.1" 200 448
181.212.43.89 - - [18/Apr/2024:13:05:31 -0300] "GET /cormun/servlet/solicitudot?9818d8f52808c31e310ebcac175a92210510bcbb8fba19ac8fc7a768d9be5cfd2f1f34b0cb6b9eb5df33192801ac69fc91a8d4a91d838f864a018664e1065e42730786d0ccd60a91647b34ce9af238b1d88ec759e9d760fdef692d15a0946c2955c56f281d4bf0bbab22de43faf421d7,gx-no-cache=1713456113721 HTTP/1.1" 200 29
181.212.43.89 - - [18/Apr/2024:13:05:33 -0300] "GET /cormun/servlet/solicitudot?9818d8f52808c31e310ebcac175a922138daa137ca78cdaa5d976a3cdb8f0a33757caf095395649cbb2df9681844aabb,gx-no-cache=1713456116458 HTTP/1.1" 200 30
190.95.15.15 - - [18/Apr/2024:13:05:34 -0300] "POST /cormun/servlet/hlogin?f27fe18dd480732fdaea160776767a26,gx-no-cache=1713456118284 HTTP/1.1" 200 90
190.95.15.15 - - [18/Apr/2024:13:05:34 -0300] "GET /cormun/servlet/hpexe_link HTTP/1.1" 200 958
190.95.15.15 - - [18/Apr/2024:13:05:34 -0300] "GET /cormun/servlet/trlicencias HTTP/1.1" 200 12210
181.212.43.89 - - [18/Apr/2024:13:05:41 -0300] "POST /cormun/servlet/solicitudot?gx-no-cache=1713456124005 HTTP/1.1" 200 30
218.38.210.48 - tomcat [18/Apr/2024:13:06:39 -0300] "GET /manager/html HTTP/1.1" 403 3196
218.38.210.48 - tomcat [18/Apr/2024:13:08:42 -0300] "GET /manager/html HTTP/1.1" 403 3196
218.38.210.48 - tomcat [18/Apr/2024:13:10:43 -0300] "GET /manager/html HTTP/1.1" 403 3196
181.212.43.89 - - [18/Apr/2024:13:12:38 -0300] "POST /cormun/servlet/solicitudot?f40bcf43f5c48997efcfe7dd93110af7,INS,0,0,false,,gx-no-cache=1713456541429 HTTP/1.1" 200 13027
181.212.43.89 - - [18/Apr/2024:13:12:38 -0300] "GET /cormun/static/Shared/jqueryui/images/ui-bg_highlight-soft_100_c6c2c8_1x100.png HTTP/1.1" 404 1117
181.212.43.89 - - [18/Apr/2024:13:12:38 -0300] "GET /cormun/static/Shared/jqueryui/images/ui-icons_ebccce_256x240.png HTTP/1.1" 404 1089
181.212.43.89 - - [18/Apr/2024:13:12:38 -0300] "GET /cormun/static/Shared/jqueryui/images/ui-icons_82798d_256x240.png HTTP/1.1" 404 1089
181.212.43.89 - - [18/Apr/2024:13:12:38 -0300] "GET /cormun/static/Shared/jqueryui/images/ui-bg_flat_55_994d53_40x100.png HTTP/1.1" 404 1097
181.212.43.89 - - [18/Apr/2024:13:12:53 -0300] "GET /cormun/servlet/solicitudot?9818d8f52808c31e310ebcac175a9221523a61407ac12fcfa29ff370e0b44bd8e5840161522b51615a20828de28b05a2ee9d05930b3cd5cbc8a20f6e9af3a4d45a515d35e6c3cd377847d69f111ac50b7b1972b6ce1271aac1966b032dea3483c00ef1bc14ea02f8580531796b8eb67960535973e376764451ed559da7a55ede15ca82f4d58d79e5d6b79825851c1b04de0d50e7a7845989bf4bc0b87e90df3c0a4688ed45d37e026522ad6ff0777ae9b7912ec4f6f9ff2a1de315838ec73668d5544682063f7c8a40a83a746cb03d756bd7fb721745a2858df3cda9ba77743e02f4e1e22f898b0052c5bbcef7cd929512488e0bda9338dc1e6b5abd0c4054b2edac590da3b349b069e474f72fac2300f9c276c663239535a0684b29e7116f40debaa274555f18c1c0e00399f07a7eab5b34abd3cf98a1f7ccec66f090b978de1d9964bfbf4b84d1a953431446a4fd089240fc9eb7375d25f21653f4228d33499203397f660d4386ff180e3bb4e31008e4bc34d1ff5f897b1650ebd1ecdd612741119ab144f5cd616d6f291146f37edf,gx-no-cache=1713456556092 HTTP/1.1" 200 30
181.212.43.89 - - [18/Apr/2024:13:12:53 -0300] "POST /cormun/servlet/solicitudot?gx-no-cache=1713456556143 HTTP/1.1" 200 30
181.212.43.89 - - [18/Apr/2024:13:12:53 -0300] "POST /cormun/servlet/solicitudot?gx-no-cache=1713456556238 HTTP/1.1" 200 1482
181.212.43.89 - - [18/Apr/2024:13:12:53 -0300] "POST /cormun/servlet/solicitudot?gx-no-cache=1713456556347 HTTP/1.1" 200 41
181.212.43.89 - - [18/Apr/2024:13:12:53 -0300] "GET /cormun/servlet/solicitudot?9818d8f52808c31e310ebcac175a92217427b52021191ee303f313995370664d3cf6580dc4a537626d8af4dedc6e2cf8824f7201bc391aa9abf9e2bcaf6b0b2f2c30e07828bdf0652541ad0783a2411091cb0efe3c3634ee5e3e25d39464418049af87352b532203df0721792314c020,gx-no-cache=1713456556444 HTTP/1.1" 200 110
181.212.43.89 - - [18/Apr/2024:13:12:53 -0300] "POST /cormun/servlet/solicitudot?gx-no-cache=1713456556552 HTTP/1.1" 200 67
181.212.43.89 - - [18/Apr/2024:13:12:54 -0300] "GET /cormun/servlet/solicitudot?9818d8f52808c31e310ebcac175a922138daa137ca78cdaa5d976a3cdb8f0a33757caf095395649cbb2df9681844aabb,gx-no-cache=1713456556657 HTTP/1.1" 200 30
181.212.43.89 - - [18/Apr/2024:13:12:54 -0300] "POST /cormun/servlet/solicitudot?gx-no-cache=1713456556751 HTTP/1.1" 200 30
181.212.43.89 - - [18/Apr/2024:13:12:54 -0300] "POST /cormun/servlet/solicitudot?f40bcf43f5c48997efcfe7dd93110af7,INS,0,0,false,,gx-no-cache=1713456556852 HTTP/1.1" 200 93
181.212.43.89 - - [18/Apr/2024:13:12:54 -0300] "GET /cormun/servlet/hpexe_return? HTTP/1.1" 200 1028
181.212.43.89 - - [18/Apr/2024:13:12:54 -0300] "GET /cormun/servlet/trsolicitudot?gx-no-cache=1713453244512 HTTP/1.1" 200 8996
218.38.210.48 - tomcat [18/Apr/2024:13:12:57 -0300] "GET /manager/html HTTP/1.1" 403 3196
181.212.43.89 - - [18/Apr/2024:13:13:32 -0300] "POST /cormun/servlet/trsolicitudot?f40bcf43f5c48997efcfe7dd93110af7,gx-no-cache=1713453244512,gx-no-cache=1713456594569 HTTP/1.1" 200 107
181.212.43.89 - - [18/Apr/2024:13:13:32 -0300] "GET /cormun/servlet/trsolicitudadjuntos?2024,21280, HTTP/1.1" 200 6141
181.212.43.89 - - [18/Apr/2024:13:13:33 -0300] "GET /cormun/servlet/solicitudotadjuntos?INS,2024,21280,,1, HTTP/1.1" 200 6068
181.212.43.89 - - [18/Apr/2024:13:13:33 -0300] "GET /cormun/static/about:blank HTTP/1.1" 404 1011
181.212.43.89 - - [18/Apr/2024:13:13:34 -0300] "GET /cormun/servlet/solicitudotadjuntos?9818d8f52808c31e310ebcac175a92217c4137ef9d2e5cb744e5adf210f4a5595701bb43dccb71bbbd5a0ddd6c8dcca4,gx-no-cache=1713456597154 HTTP/1.1" 200 30
181.212.43.89 - - [18/Apr/2024:13:13:34 -0300] "POST /cormun/servlet/solicitudotadjuntos?f40bcf43f5c48997efcfe7dd93110af7,INS,2024,21280,,1,,gx-no-cache=1713456597236 HTTP/1.1" 200 3887
181.212.43.89 - - [18/Apr/2024:13:13:36 -0300] "POST /cormun/servlet/solicitudotadjuntos?gx-no-cache=1713456599093 HTTP/1.1" 200 26
209.141.55.133 - tomcat [18/Apr/2024:13:13:36 -0300] "GET /manager/html HTTP/1.1" 403 3196
181.212.43.89 - - [18/Apr/2024:13:13:58 -0300] "GET /cormun/servlet/solicitudotadjuntos?9818d8f52808c31e310ebcac175a9221762c66407ce2722e81914383642aae17,gx-no-cache=1713456620722 HTTP/1.1" 200 30
181.212.43.89 - - [18/Apr/2024:13:13:58 -0300] "GET /cormun/servlet/solicitudotadjuntos?9818d8f52808c31e310ebcac175a9221762c66407ce2722e81914383642aae17,gx-no-cache=1713456620792 HTTP/1.1" 200 30
181.212.43.89 - - [18/Apr/2024:13:13:58 -0300] "POST /cormun/servlet/solicitudotadjuntos?f40bcf43f5c48997efcfe7dd93110af7,INS,2024,21280,,1, HTTP/1.1" 200 116
181.212.43.89 - - [18/Apr/2024:13:13:58 -0300] "GET /cormun/servlet/hpexe_return? HTTP/1.1" 200 1024
181.212.43.89 - - [18/Apr/2024:13:13:58 -0300] "GET /cormun/servlet/trsolicitudadjuntos?2024,21280, HTTP/1.1" 200 9101
181.212.43.89 - - [18/Apr/2024:13:14:00 -0300] "GET /cormun/servlet/solicitudotadjuntos?INS,2024,21280,,1, HTTP/1.1" 200 6067
181.212.43.89 - - [18/Apr/2024:13:14:00 -0300] "GET /cormun/static/about:blank HTTP/1.1" 404 1011
181.212.43.89 - - [18/Apr/2024:13:14:00 -0300] "GET /cormun/servlet/solicitudotadjuntos?9818d8f52808c31e310ebcac175a92217c4137ef9d2e5cb744e5adf210f4a5595701bb43dccb71bbbd5a0ddd6c8dcca4,gx-no-cache=1713456623572 HTTP/1.1" 200 30
181.212.43.89 - - [18/Apr/2024:13:14:01 -0300] "POST /cormun/servlet/solicitudotadjuntos?f40bcf43f5c48997efcfe7dd93110af7,INS,2024,21280,,1,,gx-no-cache=1713456623676 HTTP/1.1" 200 3886
181.212.43.89 - - [18/Apr/2024:13:14:04 -0300] "POST /cormun/servlet/solicitudotadjuntos?gx-no-cache=1713456627244 HTTP/1.1" 200 26
181.212.43.89 - - [18/Apr/2024:13:14:09 -0300] "GET /cormun/servlet/solicitudotadjuntos?9818d8f52808c31e310ebcac175a9221762c66407ce2722e81914383642aae17,gx-no-cache=1713456632011 HTTP/1.1" 200 30
181.212.43.89 - - [18/Apr/2024:13:14:09 -0300] "GET /cormun/servlet/solicitudotadjuntos?9818d8f52808c31e310ebcac175a9221762c66407ce2722e81914383642aae17,gx-no-cache=1713456632079 HTTP/1.1" 200 30
181.212.43.89 - - [18/Apr/2024:13:14:10 -0300] "POST /cormun/servlet/solicitudotadjuntos?f40bcf43f5c48997efcfe7dd93110af7,INS,2024,21280,,1, HTTP/1.1" 200 116
181.212.43.89 - - [18/Apr/2024:13:14:10 -0300] "GET /cormun/servlet/hpexe_return? HTTP/1.1" 200 1024
181.212.43.89 - - [18/Apr/2024:13:14:10 -0300] "GET /cormun/servlet/trsolicitudadjuntos?2024,21280, HTTP/1.1" 200 9347
181.212.43.89 - - [18/Apr/2024:13:14:12 -0300] "GET /cormun/servlet/solicitudotadjuntos?INS,2024,21280,,1, HTTP/1.1" 200 6067
181.212.43.89 - - [18/Apr/2024:13:14:12 -0300] "GET /cormun/static/about:blank HTTP/1.1" 404 1011
181.212.43.89 - - [18/Apr/2024:13:14:12 -0300] "GET /cormun/servlet/solicitudotadjuntos?9818d8f52808c31e310ebcac175a92217c4137ef9d2e5cb744e5adf210f4a5595701bb43dccb71bbbd5a0ddd6c8dcca4,gx-no-cache=1713456635552 HTTP/1.1" 200 30
181.212.43.89 - - [18/Apr/2024:13:14:13 -0300] "POST /cormun/servlet/solicitudotadjuntos?f40bcf43f5c48997efcfe7dd93110af7,INS,2024,21280,,1,,gx-no-cache=1713456635655 HTTP/1.1" 200 3886
181.212.43.89 - - [18/Apr/2024:13:14:15 -0300] "POST /cormun/servlet/solicitudotadjuntos?gx-no-cache=1713456638106 HTTP/1.1" 200 26
181.212.43.89 - - [18/Apr/2024:13:14:22 -0300] "GET /cormun/servlet/solicitudotadjuntos?9818d8f52808c31e310ebcac175a9221762c66407ce2722e81914383642aae17,gx-no-cache=1713456645100 HTTP/1.1" 200 30
181.212.43.89 - - [18/Apr/2024:13:14:22 -0300] "GET /cormun/servlet/solicitudotadjuntos?9818d8f52808c31e310ebcac175a9221762c66407ce2722e81914383642aae17,gx-no-cache=1713456645144 HTTP/1.1" 200 30
181.212.43.89 - - [18/Apr/2024:13:14:22 -0300] "POST /cormun/servlet/solicitudotadjuntos?f40bcf43f5c48997efcfe7dd93110af7,INS,2024,21280,,1, HTTP/1.1" 200 116
181.212.43.89 - - [18/Apr/2024:13:14:22 -0300] "GET /cormun/servlet/hpexe_return? HTTP/1.1" 200 1024
181.212.43.89 - - [18/Apr/2024:13:14:22 -0300] "GET /cormun/servlet/trsolicitudadjuntos?2024,21280, HTTP/1.1" 200 9567
181.212.43.89 - - [18/Apr/2024:13:14:24 -0300] "GET /cormun/servlet/solicitudotadjuntos?INS,2024,21280,,1, HTTP/1.1" 200 6067
181.212.43.89 - - [18/Apr/2024:13:14:24 -0300] "GET /cormun/static/about:blank HTTP/1.1" 404 1011
181.212.43.89 - - [18/Apr/2024:13:14:25 -0300] "GET /cormun/servlet/solicitudotadjuntos?9818d8f52808c31e310ebcac175a92217c4137ef9d2e5cb744e5adf210f4a5595701bb43dccb71bbbd5a0ddd6c8dcca4,gx-no-cache=1713456648153 HTTP/1.1" 200 30
181.212.43.89 - - [18/Apr/2024:13:14:25 -0300] "POST /cormun/servlet/solicitudotadjuntos?f40bcf43f5c48997efcfe7dd93110af7,INS,2024,21280,,1,,gx-no-cache=1713456648178 HTTP/1.1" 200 3886
181.212.43.89 - - [18/Apr/2024:13:14:29 -0300] "POST /cormun/servlet/solicitudotadjuntos?gx-no-cache=1713456652598 HTTP/1.1" 200 26
181.212.43.89 - - [18/Apr/2024:13:14:35 -0300] "GET /cormun/servlet/solicitudotadjuntos?9818d8f52808c31e310ebcac175a9221762c66407ce2722e81914383642aae17,gx-no-cache=1713456658544 HTTP/1.1" 200 30
181.212.43.89 - - [18/Apr/2024:13:14:35 -0300] "GET /cormun/servlet/solicitudotadjuntos?9818d8f52808c31e310ebcac175a9221762c66407ce2722e81914383642aae17,gx-no-cache=1713456658555 HTTP/1.1" 200 30
181.212.43.89 - - [18/Apr/2024:13:14:36 -0300] "POST /cormun/servlet/solicitudotadjuntos?f40bcf43f5c48997efcfe7dd93110af7,INS,2024,21280,,1, HTTP/1.1" 200 116
181.212.43.89 - - [18/Apr/2024:13:14:36 -0300] "GET /cormun/servlet/hpexe_return? HTTP/1.1" 200 1024
181.212.43.89 - - [18/Apr/2024:13:14:36 -0300] "GET /cormun/servlet/trsolicitudadjuntos?2024,21280, HTTP/1.1" 200 9842
181.212.43.89 - - [18/Apr/2024:13:14:39 -0300] "GET /cormun/servlet/solicitudotadjuntos?INS,2024,21280,,1, HTTP/1.1" 200 6067
181.212.43.89 - - [18/Apr/2024:13:14:39 -0300] "GET /cormun/static/about:blank HTTP/1.1" 404 1011
181.212.43.89 - - [18/Apr/2024:13:14:40 -0300] "GET /cormun/servlet/solicitudotadjuntos?9818d8f52808c31e310ebcac175a92217c4137ef9d2e5cb744e5adf210f4a5595701bb43dccb71bbbd5a0ddd6c8dcca4,gx-no-cache=1713456662699 HTTP/1.1" 200 30
181.212.43.89 - - [18/Apr/2024:13:14:40 -0300] "POST /cormun/servlet/solicitudotadjuntos?f40bcf43f5c48997efcfe7dd93110af7,INS,2024,21280,,1,,gx-no-cache=1713456662766 HTTP/1.1" 200 3886
181.212.43.89 - - [18/Apr/2024:13:14:41 -0300] "POST /cormun/servlet/solicitudotadjuntos?gx-no-cache=1713456664559 HTTP/1.1" 200 26
181.212.43.89 - - [18/Apr/2024:13:14:53 -0300] "GET /cormun/servlet/solicitudotadjuntos?9818d8f52808c31e310ebcac175a9221762c66407ce2722e81914383642aae17,gx-no-cache=1713456676022 HTTP/1.1" 200 30
181.212.43.89 - - [18/Apr/2024:13:14:53 -0300] "GET /cormun/servlet/solicitudotadjuntos?9818d8f52808c31e310ebcac175a9221762c66407ce2722e81914383642aae17,gx-no-cache=1713456676127 HTTP/1.1" 200 30
181.212.43.89 - - [18/Apr/2024:13:14:53 -0300] "POST /cormun/servlet/solicitudotadjuntos?f40bcf43f5c48997efcfe7dd93110af7,INS,2024,21280,,1, HTTP/1.1" 200 116
181.212.43.89 - - [18/Apr/2024:13:14:53 -0300] "GET /cormun/servlet/hpexe_return? HTTP/1.1" 200 1024
181.212.43.89 - - [18/Apr/2024:13:14:53 -0300] "GET /cormun/servlet/trsolicitudadjuntos?2024,21280, HTTP/1.1" 200 10113
181.212.43.89 - - [18/Apr/2024:13:14:58 -0300] "GET /cormun/servlet/solicitudotadjuntos?INS,2024,21280,,1, HTTP/1.1" 200 6067
181.212.43.89 - - [18/Apr/2024:13:14:58 -0300] "GET /cormun/static/about:blank HTTP/1.1" 404 1011
181.212.43.89 - - [18/Apr/2024:13:14:59 -0300] "GET /cormun/servlet/solicitudotadjuntos?9818d8f52808c31e310ebcac175a92217c4137ef9d2e5cb744e5adf210f4a5595701bb43dccb71bbbd5a0ddd6c8dcca4,gx-no-cache=1713456681797 HTTP/1.1" 200 30
181.212.43.89 - - [18/Apr/2024:13:14:59 -0300] "POST /cormun/servlet/solicitudotadjuntos?f40bcf43f5c48997efcfe7dd93110af7,INS,2024,21280,,1,,gx-no-cache=1713456681886 HTTP/1.1" 200 3886
181.212.43.89 - - [18/Apr/2024:13:15:01 -0300] "POST /cormun/servlet/solicitudotadjuntos?gx-no-cache=1713456684297 HTTP/1.1" 200 26
181.212.43.89 - - [18/Apr/2024:13:15:08 -0300] "GET /cormun/servlet/solicitudotadjuntos?9818d8f52808c31e310ebcac175a9221762c66407ce2722e81914383642aae17,gx-no-cache=1713456691451 HTTP/1.1" 200 30
181.212.43.89 - - [18/Apr/2024:13:15:08 -0300] "GET /cormun/servlet/solicitudotadjuntos?9818d8f52808c31e310ebcac175a9221762c66407ce2722e81914383642aae17,gx-no-cache=1713456691521 HTTP/1.1" 200 30
181.212.43.89 - - [18/Apr/2024:13:15:09 -0300] "POST /cormun/servlet/solicitudotadjuntos?f40bcf43f5c48997efcfe7dd93110af7,INS,2024,21280,,1, HTTP/1.1" 200 116
181.212.43.89 - - [18/Apr/2024:13:15:09 -0300] "GET /cormun/servlet/hpexe_return? HTTP/1.1" 200 1024
181.212.43.89 - - [18/Apr/2024:13:15:09 -0300] "GET /cormun/servlet/trsolicitudadjuntos?2024,21280, HTTP/1.1" 200 10274
181.212.43.89 - - [18/Apr/2024:13:15:12 -0300] "POST /cormun/servlet/trsolicitudadjuntos?f40bcf43f5c48997efcfe7dd93110af7,2024,21280,,gx-no-cache=1713456694712 HTTP/1.1" 200 90
181.212.43.89 - - [18/Apr/2024:13:15:12 -0300] "GET /cormun/servlet/hpexe_link HTTP/1.1" 200 988
181.212.43.89 - - [18/Apr/2024:13:15:12 -0300] "GET /cormun/servlet/trsolicitudot?gx-no-cache=1713453244512 HTTP/1.1" 200 8993
218.38.210.48 - tomcat [18/Apr/2024:13:15:17 -0300] "GET /manager/html HTTP/1.1" 403 3196
181.212.43.89 - - [18/Apr/2024:13:15:30 -0300] "GET /cormun/servlet/solicitudot?INS,0,0,false, HTTP/1.1" 200 16029
181.212.43.89 - - [18/Apr/2024:13:15:36 -0300] "POST /cormun/servlet/solicitudot?gx-no-cache=1713456719200 HTTP/1.1" 200 4133
181.212.43.89 - - [18/Apr/2024:13:15:36 -0300] "POST /cormun/servlet/solicitudot?f40bcf43f5c48997efcfe7dd93110af7,INS,0,0,false,,gx-no-cache=1713456719323 HTTP/1.1" 200 12741
181.212.43.89 - - [18/Apr/2024:13:15:37 -0300] "GET /cormun/servlet/solicitudot?9818d8f52808c31e310ebcac175a92219cf5317aba6515848888857970e0f1a9fb6f9c75828fd0903eca461cfe7b8623,gx-no-cache=1713456719812 HTTP/1.1" 200 30
186.11.54.195 - - [18/Apr/2024:13:16:27 -0300] "GET /cormun/servlet/hlogin HTTP/1.1" 200 1778
186.11.54.195 - - [18/Apr/2024:13:16:27 -0300] "GET /cormun/static/gxtimezone.js?85251 HTTP/1.1" 200 5781
186.11.54.195 - - [18/Apr/2024:13:16:29 -0300] "GET /cormun/static/gxtypesSD.js?85251 HTTP/1.1" 200 24551
186.11.54.195 - - [18/Apr/2024:13:16:29 -0300] "GET /cormun/static/gxfxSD.js?85251 HTTP/1.1" 200 15384
186.11.54.195 - - [18/Apr/2024:13:16:29 -0300] "GET /cormun/static/Resources/Spanish/PXTools.css?1759030 HTTP/1.1" 200 100853
186.11.54.195 - - [18/Apr/2024:13:16:29 -0300] "GET /cormun/static/gxhtmlSD.js?85251 HTTP/1.1" 200 50424
186.11.54.195 - - [18/Apr/2024:13:16:29 -0300] "GET /cormun/static/gxpopupSD.js?85251 HTTP/1.1" 200 22377
186.11.54.195 - - [18/Apr/2024:13:16:30 -0300] "GET /cormun/static/rijndaelSD.js?85251 HTTP/1.1" 200 6763
186.11.54.195 - - [18/Apr/2024:13:16:30 -0300] "GET /cormun/static/JavaScripTableSD.js?85251 HTTP/1.1" 200 25100
186.11.54.195 - - [18/Apr/2024:13:16:30 -0300] "GET /cormun/static/gxgralSD.js?85251 HTTP/1.1" 200 20927
186.11.54.195 - - [18/Apr/2024:13:16:31 -0300] "GET /cormun/static/gxcfg.js?85251 HTTP/1.1" 200 953
186.11.54.195 - - [18/Apr/2024:13:16:31 -0300] "GET /cormun/static/gxgridSD.js?85251 HTTP/1.1" 200 50735
186.11.54.195 - - [18/Apr/2024:13:16:31 -0300] "GET /cormun/static/messages.spa.js?85251 HTTP/1.1" 200 30736
186.11.54.195 - - [18/Apr/2024:13:16:31 -0300] "GET /cormun/static/hlogin.js?2022112219184458 HTTP/1.1" 200 2156
186.11.54.195 - - [18/Apr/2024:13:16:34 -0300] "GET /cormun/static/gxapiSD.js?85251 HTTP/1.1" 200 78773
186.11.54.195 - - [18/Apr/2024:13:16:34 -0300] "GET /cormun/static/Resources/CormunLogin.png HTTP/1.1" 200 19132
186.11.54.195 - - [18/Apr/2024:13:16:34 -0300] "GET /cormun/static/Resources/indicator.gif HTTP/1.1" 200 1553
186.11.54.195 - - [18/Apr/2024:13:16:34 -0300] "GET /cormun/static/Resources/PXToolsLoginBottom.png HTTP/1.1" 200 1389
186.11.54.195 - - [18/Apr/2024:13:16:34 -0300] "GET /cormun/servlet/hlogin HTTP/1.1" 200 1789
186.11.54.195 - - [18/Apr/2024:13:16:35 -0300] "GET /cormun/static/Resources/PXToolsButtonRight.png HTTP/1.1" 200 1294
186.11.54.195 - - [18/Apr/2024:13:16:35 -0300] "GET /cormun/static/Resources/PXToolsLoginBottom.png HTTP/1.1" 200 1389
186.11.54.195 - - [18/Apr/2024:13:16:35 -0300] "GET /cormun/static/Resources/PXToolsButtonBackground.png HTTP/1.1" 200 1176
186.11.54.195 - - [18/Apr/2024:13:16:35 -0300] "GET /cormun/static/Resources/CormunLogin.png HTTP/1.1" 200 19132
186.11.54.195 - - [18/Apr/2024:13:16:35 -0300] "GET /cormun/static/Resources/indicator.gif HTTP/1.1" 200 1553
186.11.54.195 - - [18/Apr/2024:13:16:35 -0300] "GET /cormun/static/Resources/PXToolsButtonLeft.png HTTP/1.1" 200 1310
186.11.54.195 - - [18/Apr/2024:13:16:35 -0300] "GET /cormun/static/Resources/PXToolsLoginBackground.png HTTP/1.1" 200 1164
186.11.54.195 - - [18/Apr/2024:13:16:35 -0300] "GET /cormun/static/Resources/PXToolsLoginTop.png HTTP/1.1" 200 1337
186.11.54.195 - - [18/Apr/2024:13:16:36 -0300] "GET /favicon.ico HTTP/1.1" 200 21630
186.11.54.195 - - [18/Apr/2024:13:17:25 -0300] "POST /cormun/servlet/hlogin?02c688f3f82b1c5456809cf21f8b3d5f,gx-no-cache=1713456826998 HTTP/1.1" 200 451
218.38.210.48 - tomcat [18/Apr/2024:13:17:41 -0300] "GET /manager/html HTTP/1.1" 403 3196
186.11.54.195 - - [18/Apr/2024:13:17:59 -0300] "POST /cormun/servlet/hlogin?02c688f3f82b1c5456809cf21f8b3d5f,gx-no-cache=1713456861843 HTTP/1.1" 200 453
181.212.43.89 - - [18/Apr/2024:13:18:10 -0300] "GET /cormun/servlet/prbanco?,MD,,gxPopupLevel%3D0%3B HTTP/1.1" 200 6618
186.11.54.195 - - [18/Apr/2024:13:18:14 -0300] "POST /cormun/servlet/hlogin?02c688f3f82b1c5456809cf21f8b3d5f,gx-no-cache=1713456876090 HTTP/1.1" 200 453
181.212.43.89 - - [18/Apr/2024:13:18:15 -0300] "GET /cormun/servlet/solicitudot?9818d8f52808c31e310ebcac175a9221a56137aa784cc39a708f5b9c25bf6e498adfef55eccb7adf764ac3db50f222b8,gx-no-cache=1713456878593 HTTP/1.1" 200 30
181.212.43.89 - - [18/Apr/2024:13:18:17 -0300] "GET /cormun/servlet/solicitudot?9818d8f52808c31e310ebcac175a9221983125c35fb74c0f27e958e77f29f73e,gx-no-cache=1713456879865 HTTP/1.1" 200 45
186.11.54.195 - - [18/Apr/2024:13:18:35 -0300] "POST /cormun/servlet/hlogin?02c688f3f82b1c5456809cf21f8b3d5f,gx-no-cache=1713456897741 HTTP/1.1" 200 453
181.212.43.89 - - [18/Apr/2024:13:19:26 -0300] "POST /cormun/servlet/solicitudot?gx-no-cache=1713456949393 HTTP/1.1" 200 297
181.212.43.89 - - [18/Apr/2024:13:19:26 -0300] "GET /cormun/servlet/solicitudot?9818d8f52808c31e310ebcac175a9221523a61407ac12fcfa29ff370e0b44bd8e5840161522b51615a20828de28b05a2ee9d05930b3cd5cbc8a20f6e9af3a4d45a515d35e6c3cd377847d69f111ac50b7b1972b6ce1271aac1966b032dea3483c00ef1bc14ea02f8580531796b8eb67960535973e376764451ed559da7a55ede15ca82f4d58d79e5d6b79825851c1b04de0d50e7a7845989bf4bc0b87e90df3c0a4688ed45d37e026522ad6ff0777ae9b7912ec4f6f9ff2a1de315838ec73668d5544682063f7c8a40a83a746cb03d756bd7fb721745a2858df3cda9ba77743e02f4e1e22f898b0052c5bbcef7cd929512488e0bda9338dc1e6b5abd0c4054b2edac590da3b349b069e474f72fac2300f9c276c663239535a0684b29e7116f40debaa274555f18c1c0e00399f07a7eab5b34abd3cf98a1f7ccec66f090b978de1d9964bfbf4b84d1a953431446a4fd089240fc9eb7375d25f21653f4228d33499203397f660d4386ff180e3bb4e31008c5a40372d70b1196cd7e86f1bab8116141119ab144f5cd616d6f291146f37edf,gx-no-cache=1713456949518 HTTP/1.1" 200 30
181.212.43.89 - - [18/Apr/2024:13:19:28 -0300] "POST /cormun/servlet/solicitudot?gx-no-cache=1713456950691 HTTP/1.1" 200 30
181.212.43.89 - - [18/Apr/2024:13:19:49 -0300] "POST /cormun/servlet/solicitudot?gx-no-cache=1713456971725 HTTP/1.1" 200 1479
181.212.43.89 - - [18/Apr/2024:13:19:49 -0300] "POST /cormun/servlet/solicitudot?gx-no-cache=1713456971874 HTTP/1.1" 200 38
181.212.43.89 - - [18/Apr/2024:13:19:49 -0300] "GET /cormun/servlet/solicitudot?9818d8f52808c31e310ebcac175a92217427b52021191ee303f313995370664d3cf6580dc4a537626d8af4dedc6e2cf8824f7201bc391aa9abf9e2bcaf6b0b2f2c30e07828bdf0652541ad0783a2411091cb0efe3c3634ee5e3e25d39464418049af87352b532203df0721792314c020,gx-no-cache=1713456971985 HTTP/1.1" 200 110
181.212.43.89 - - [18/Apr/2024:13:19:51 -0300] "POST /cormun/servlet/solicitudot?gx-no-cache=1713456974090 HTTP/1.1" 200 72
181.212.43.89 - - [18/Apr/2024:13:19:57 -0300] "GET /cormun/servlet/solicitudot?9818d8f52808c31e310ebcac175a92210510bcbb8fba19ac8fc7a768d9be5cfd2f1f34b0cb6b9eb5df33192801ac69fc91a8d4a91d838f864a018664e1065e42730786d0ccd60a91647b34ce9af238b1d88ec759e9d760fdef692d15a0946c2955c56f281d4bf0bbab22de43faf421d7,gx-no-cache=1713456979966 HTTP/1.1" 200 29
181.212.43.89 - - [18/Apr/2024:13:19:57 -0300] "GET /cormun/static/menuarrow.gif HTTP/1.1" 404 1015
218.38.210.48 - tomcat [18/Apr/2024:13:19:59 -0300] "GET /manager/html HTTP/1.1" 403 3196
181.212.43.89 - - [18/Apr/2024:13:19:59 -0300] "GET /cormun/servlet/solicitudot?9818d8f52808c31e310ebcac175a922138daa137ca78cdaa5d976a3cdb8f0a33757caf095395649cbb2df9681844aabb,gx-no-cache=1713456982544 HTTP/1.1" 200 30
216.126.80.26 - - [18/Apr/2024:13:20:02 -0300] "GET / HTTP/1.1" 200 11217
181.212.43.89 - - [18/Apr/2024:13:20:05 -0300] "POST /cormun/servlet/solicitudot?gx-no-cache=1713456988465 HTTP/1.1" 200 30
181.212.43.89 - - [18/Apr/2024:13:20:23 -0300] "POST /cormun/servlet/solicitudot?f40bcf43f5c48997efcfe7dd93110af7,INS,0,0,false,,gx-no-cache=1713457005989 HTTP/1.1" 200 93
181.212.43.89 - - [18/Apr/2024:13:20:23 -0300] "GET /cormun/servlet/hpexe_return? HTTP/1.1" 200 1028
181.212.43.89 - - [18/Apr/2024:13:20:24 -0300] "GET /cormun/servlet/trsolicitudot?gx-no-cache=1713453244512 HTTP/1.1" 200 9357
190.171.134.178 - - [18/Apr/2024:13:21:54 -0300] "GET /cormun/servlet/hlogin HTTP/1.1" 200 1716
190.171.134.178 - - [18/Apr/2024:13:22:07 -0300] "POST /cormun/servlet/hlogin?a803d4cda8ca0891a2eebbf783d7f7d4,gx-no-cache=1713457109522 HTTP/1.1" 200 90
190.171.134.178 - - [18/Apr/2024:13:22:07 -0300] "GET /cormun/servlet/hpexe_link HTTP/1.1" 200 944
190.171.134.178 - - [18/Apr/2024:13:22:07 -0300] "GET /cormun/servlet/hhome HTTP/1.1" 200 3931
190.171.134.178 - - [18/Apr/2024:13:22:07 -0300] "GET /cormun/servlet/hhome HTTP/1.1" 200 3927
190.171.134.178 - - [18/Apr/2024:13:22:13 -0300] "GET /cormun/servlet/trlicencias? HTTP/1.1" 200 9902
190.171.134.178 - - [18/Apr/2024:13:22:14 -0300] "GET /cormun/servlet/trlicencias? HTTP/1.1" 200 9900
218.38.210.48 - tomcat [18/Apr/2024:13:22:18 -0300] "GET /manager/html HTTP/1.1" 403 3196
190.171.134.178 - - [18/Apr/2024:13:23:11 -0300] "GET /cormun/servlet/hhome HTTP/1.1" 200 3931
190.171.134.178 - - [18/Apr/2024:13:23:12 -0300] "GET /cormun/servlet/hhome HTTP/1.1" 200 3927
218.38.210.48 - tomcat [18/Apr/2024:13:24:38 -0300] "GET /manager/html HTTP/1.1" 403 3196
209.141.55.133 - tomcat [18/Apr/2024:13:24:39 -0300] "GET /manager/html HTTP/1.1" 403 3196
218.38.210.48 - tomcat [18/Apr/2024:13:26:59 -0300] "GET /manager/html HTTP/1.1" 403 3196
192.168.10.17 - - [18/Apr/2024:13:28:11 -0300] "GET /cormun/servlet/trsolicitudgral? HTTP/1.1" 500 10
181.212.47.137 - - [18/Apr/2024:13:28:22 -0300] "GET /cormun/servlet/hlogin HTTP/1.1" 200 1718
181.212.47.137 - - [18/Apr/2024:13:28:22 -0300] "GET /cormun/static/gxtimezone.js?85251 HTTP/1.1" 200 5781
181.212.47.137 - - [18/Apr/2024:13:28:22 -0300] "GET /cormun/static/gxcfg.js?2022112219184450 HTTP/1.1" 200 953
181.212.47.137 - - [18/Apr/2024:13:28:22 -0300] "GET /cormun/static/Resources/CormunLogin.png HTTP/1.1" 200 19132
181.212.47.137 - - [18/Apr/2024:13:28:22 -0300] "GET /cormun/static/messages.spa.js?85251 HTTP/1.1" 200 30736
181.212.47.137 - - [18/Apr/2024:13:28:22 -0300] "GET /cormun/static/hlogin.js?2022112219184458 HTTP/1.1" 200 2156
181.212.47.137 - - [18/Apr/2024:13:28:22 -0300] "GET /cormun/static/Resources/Spanish/PXTools.css?1759030 HTTP/1.1" 200 100853
181.212.47.137 - - [18/Apr/2024:13:28:22 -0300] "GET /cormun/static/gxgral.js?85251 HTTP/1.1" 200 384558
181.212.47.137 - - [18/Apr/2024:13:28:22 -0300] "GET /cormun/static/Resources/PXToolsLoginBackground.png HTTP/1.1" 200 1164
181.212.47.137 - - [18/Apr/2024:13:28:22 -0300] "GET /cormun/static/Resources/PXToolsLoginTop.png HTTP/1.1" 200 1337
181.212.47.137 - - [18/Apr/2024:13:28:22 -0300] "GET /cormun/static/Resources/PXToolsLoginBottom.png HTTP/1.1" 200 1389
181.212.47.137 - - [18/Apr/2024:13:28:22 -0300] "GET /cormun/static/Resources/indicator.gif HTTP/1.1" 200 1553
181.212.47.137 - - [18/Apr/2024:13:28:22 -0300] "GET /favicon.ico HTTP/1.1" 200 21630
181.212.47.137 - - [18/Apr/2024:13:28:29 -0300] "POST /cormun/servlet/hlogin?f4f26de624aa2e42a6ed9f4baad4dd92,gx-no-cache=1713457494166 HTTP/1.1" 200 90
181.212.47.137 - - [18/Apr/2024:13:28:29 -0300] "GET /cormun/servlet/hpexe_link HTTP/1.1" 200 949
181.212.47.137 - - [18/Apr/2024:13:28:29 -0300] "GET /cormun/static/gxcfg.js?20221129847421 HTTP/1.1" 200 953
181.212.47.137 - - [18/Apr/2024:13:28:29 -0300] "GET /cormun/static/hpexe_link.js?20221129847423 HTTP/1.1" 200 625
181.212.47.137 - - [18/Apr/2024:13:28:29 -0300] "GET /cormun/static/Resources/Spanish/PXTools.css?8354383 HTTP/1.1" 200 100853
181.212.47.137 - - [18/Apr/2024:13:28:29 -0300] "GET /cormun/servlet/hhome HTTP/1.1" 200 3819
181.212.47.137 - - [18/Apr/2024:13:28:29 -0300] "GET /cormun/static/gxcfg.js?20201215495537 HTTP/1.1" 200 953
181.212.47.137 - - [18/Apr/2024:13:28:29 -0300] "GET /cormun/static/PXToolsJavascripts/pexe_autoreload.js HTTP/1.1" 200 1762
181.212.47.137 - - [18/Apr/2024:13:28:29 -0300] "GET /cormun/static/PXToolsJavascripts/pexe_griddivfix.js HTTP/1.1" 200 6946
181.212.47.137 - - [18/Apr/2024:13:28:29 -0300] "GET /cormun/static/PXToolsJavascripts/pexe_cookies.js HTTP/1.1" 200 792
181.212.47.137 - - [18/Apr/2024:13:28:29 -0300] "GET /cormun/static/PXToolsJavascripts/pexe_windows.js HTTP/1.1" 200 15249
181.212.47.137 - - [18/Apr/2024:13:28:29 -0300] "GET /cormun/static/PXToolsJavascripts/pexe_grid.js HTTP/1.1" 200 7559
181.212.47.137 - - [18/Apr/2024:13:28:29 -0300] "GET /cormun/static/PXToolsJavascripts/pexe_link.js HTTP/1.1" 200 5671
181.212.47.137 - - [18/Apr/2024:13:28:29 -0300] "GET /cormun/static/PXToolsJavascripts/pexe_menus.js HTTP/1.1" 200 1286
181.212.47.137 - - [18/Apr/2024:13:28:29 -0300] "GET /cormun/static/PXToolsJavascripts/pexe_layers.js HTTP/1.1" 200 4114
181.212.47.137 - - [18/Apr/2024:13:28:29 -0300] "GET /cormun/static/PXToolsJavascripts/pexe_menudivfix.js HTTP/1.1" 200 333
