181.212.43.89 - - [18/Apr/2024:11:49:56 -0300] "GET /cormun/servlet/solicitudot?9818d8f52808c31e310ebcac175a9221523a61407ac12fcfa29ff370e0b44bd8e5840161522b51615a20828de28b05a2ee9d05930b3cd5cbc8a20f6e9af3a4d45a515d35e6c3cd377847d69f111ac50b7b1972b6ce1271aac1966b032dea3483c00ef1bc14ea02f8580531796b8eb67960535973e376764451ed559da7a55ede15ca82f4d58d79e5d6b79825851c1b04de0d50e7a7845989bf4bc0b87e90df3c0a4688ed45d37e026522ad6ff0777ae9b7912ec4f6f9ff2a1de315838ec73668d5544682063f7c8a40a83a746cb03d756bd7fb721745a2858df3cda9ba77743e02f4e1e22f898b0052c5bbcef7cd929512488e0bda9338dc1e6b5abd0c4054b2edac590da3b349b069e474f72fac2300f9c276c663239535a0684b29e7116f40debaa274555f18c1c0e00399f07a7eab5b34abd3cf98a1f7ccec66f090b978de1d9964bfbf4b84d1a953431446a4fd089240fc9eb7375d25f21653f4228d33499203397f660d4386ff180e3bb4e31008c5a40372d70b1196cd7e86f1bab8116141119ab144f5cd616d6f291146f37edf,gx-no-cache=1713451579243 HTTP/1.1" 200 30
181.212.43.89 - - [18/Apr/2024:11:49:57 -0300] "POST /cormun/servlet/solicitudot?gx-no-cache=1713451580473 HTTP/1.1" 200 30
181.212.43.89 - - [18/Apr/2024:11:49:59 -0300] "POST /cormun/servlet/solicitudot?gx-no-cache=1713451581886 HTTP/1.1" 200 1481
181.212.43.89 - - [18/Apr/2024:11:49:59 -0300] "POST /cormun/servlet/solicitudot?gx-no-cache=1713451581974 HTTP/1.1" 200 38
181.212.43.89 - - [18/Apr/2024:11:50:14 -0300] "GET /cormun/servlet/solicitudot?9818d8f52808c31e310ebcac175a92217427b52021191ee303f313995370664d3cf6580dc4a537626d8af4dedc6e2cf8824f7201bc391aa9abf9e2bcaf6b0b2f2c30e07828bdf0652541ad0783a2411091cb0efe3c3634ee5e3e25d39464418049af87352b532203df0721792314c020,gx-no-cache=1713451596843 HTTP/1.1" 200 110
181.212.43.89 - - [18/Apr/2024:11:50:14 -0300] "POST /cormun/servlet/solicitudot?gx-no-cache=1713451596926 HTTP/1.1" 200 72
181.212.43.89 - - [18/Apr/2024:11:50:19 -0300] "GET /cormun/servlet/solicitudot?9818d8f52808c31e310ebcac175a92210510bcbb8fba19ac8fc7a768d9be5cfd2f1f34b0cb6b9eb5df33192801ac69fc91a8d4a91d838f864a018664e1065e42730786d0ccd60a91647b34ce9af238b1d88ec759e9d760fdef692d15a0946c2955c56f281d4bf0bbab22de43faf421d7,gx-no-cache=1713451602689 HTTP/1.1" 200 29
181.212.43.89 - - [18/Apr/2024:11:50:19 -0300] "GET /cormun/static/menuarrow.gif HTTP/1.1" 404 1015
181.212.43.89 - - [18/Apr/2024:11:50:22 -0300] "GET /cormun/servlet/solicitudot?9818d8f52808c31e310ebcac175a922138daa137ca78cdaa5d976a3cdb8f0a33757caf095395649cbb2df9681844aabb,gx-no-cache=1713451605621 HTTP/1.1" 200 30
181.212.43.89 - - [18/Apr/2024:11:50:29 -0300] "POST /cormun/servlet/solicitudot?gx-no-cache=1713451612379 HTTP/1.1" 200 30
209.141.55.133 - tomcat [18/Apr/2024:11:50:37 -0300] "GET /manager/html HTTP/1.1" 403 3196
218.38.210.48 - tomcat [18/Apr/2024:11:52:17 -0300] "GET /manager/html HTTP/1.1" 403 3196
181.212.43.89 - - [18/Apr/2024:11:52:31 -0300] "POST /cormun/servlet/solicitudot?f40bcf43f5c48997efcfe7dd93110af7,INS,0,0,false,,gx-no-cache=1713451734008 HTTP/1.1" 200 93
181.212.43.89 - - [18/Apr/2024:11:52:31 -0300] "GET /cormun/servlet/hpexe_return? HTTP/1.1" 200 1007
181.212.43.89 - - [18/Apr/2024:11:52:31 -0300] "GET /cormun/servlet/trsolicitudot? HTTP/1.1" 200 8613
181.212.43.89 - - [18/Apr/2024:11:53:15 -0300] "POST /cormun/servlet/trsolicitudot?f40bcf43f5c48997efcfe7dd93110af7,,gx-no-cache=1713451777845 HTTP/1.1" 200 6748
181.212.43.89 - - [18/Apr/2024:11:53:20 -0300] "POST /cormun/servlet/trsolicitudot?f40bcf43f5c48997efcfe7dd93110af7,,gx-no-cache=1713451783220 HTTP/1.1" 200 6122
181.212.43.89 - - [18/Apr/2024:11:53:35 -0300] "GET /cormun/servlet/vesolicitudot?2024,21272,, HTTP/1.1" 200 8385
181.212.43.89 - - [18/Apr/2024:11:53:35 -0300] "GET /cormun/pexe_scrolldiv.js HTTP/1.1" 404 1009
181.212.43.89 - - [18/Apr/2024:11:53:40 -0300] "POST /cormun/servlet/vesolicitudot?f40bcf43f5c48997efcfe7dd93110af7,2024,21272,,,gx-no-cache=1713451803551 HTTP/1.1" 200 93
181.212.43.89 - - [18/Apr/2024:11:53:40 -0300] "GET /cormun/servlet/hpexe_return? HTTP/1.1" 200 1009
181.212.43.89 - - [18/Apr/2024:11:53:40 -0300] "GET /cormun/servlet/trsolicitudot? HTTP/1.1" 200 8985
181.212.43.89 - - [18/Apr/2024:11:53:44 -0300] "GET /cormun/servlet/trsolicitudot? HTTP/1.1" 200 8984
181.212.43.89 - - [18/Apr/2024:11:53:51 -0300] "POST /cormun/servlet/trsolicitudot?f40bcf43f5c48997efcfe7dd93110af7,,gx-no-cache=1713451814059 HTTP/1.1" 200 5744
181.212.43.89 - - [18/Apr/2024:11:53:57 -0300] "POST /cormun/servlet/trsolicitudot?f40bcf43f5c48997efcfe7dd93110af7,,gx-no-cache=1713451820068 HTTP/1.1" 200 4538
181.212.43.89 - - [18/Apr/2024:11:53:57 -0300] "POST /cormun/servlet/trsolicitudot?f40bcf43f5c48997efcfe7dd93110af7,,gx-no-cache=1713451820173 HTTP/1.1" 200 4343
181.212.43.89 - - [18/Apr/2024:11:54:14 -0300] "GET /cormun/servlet/solicitudot?INS,0,0,false, HTTP/1.1" 200 16006
181.212.43.89 - - [18/Apr/2024:11:54:20 -0300] "POST /cormun/servlet/solicitudot?gx-no-cache=1713451843234 HTTP/1.1" 200 4022
181.212.43.89 - - [18/Apr/2024:11:54:20 -0300] "POST /cormun/servlet/solicitudot?f40bcf43f5c48997efcfe7dd93110af7,INS,0,0,false,,gx-no-cache=1713451843333 HTTP/1.1" 200 12596
181.212.43.89 - - [18/Apr/2024:11:54:20 -0300] "GET /cormun/servlet/solicitudot?9818d8f52808c31e310ebcac175a92218aeb15db5f64c61f16ed4dbb17fddd30fb6f9c75828fd0903eca461cfe7b8623,gx-no-cache=1713451843823 HTTP/1.1" 200 30
218.38.210.48 - tomcat [18/Apr/2024:11:54:40 -0300] "GET /manager/html HTTP/1.1" 403 3196
218.38.210.48 - tomcat [18/Apr/2024:11:56:59 -0300] "GET /manager/html HTTP/1.1" 403 3196
181.212.43.89 - - [18/Apr/2024:11:57:32 -0300] "GET /cormun/servlet/prbanco?,MD,,gxPopupLevel%3D0%3B HTTP/1.1" 200 6618
181.212.43.89 - - [18/Apr/2024:11:58:03 -0300] "GET /cormun/servlet/solicitudot?9818d8f52808c31e310ebcac175a9221c0c0b31e2b26efbd3a88e4eedc4038505d2d5543a64185d17a1f4b3659404775,gx-no-cache=1713452065874 HTTP/1.1" 200 30
181.212.43.89 - - [18/Apr/2024:11:58:04 -0300] "GET /cormun/servlet/solicitudot?9818d8f52808c31e310ebcac175a92218e80f6b778ba3f229476b51abb62ccad,gx-no-cache=1713452067318 HTTP/1.1" 200 53
218.38.210.48 - tomcat [18/Apr/2024:11:58:59 -0300] "GET /manager/html HTTP/1.1" 403 3196
209.141.55.133 - tomcat [18/Apr/2024:12:00:56 -0300] "GET /manager/html HTTP/1.1" 403 3196
218.38.210.48 - tomcat [18/Apr/2024:12:01:01 -0300] "GET /manager/html HTTP/1.1" 403 3196
181.212.43.89 - - [18/Apr/2024:12:02:45 -0300] "POST /cormun/servlet/solicitudot?gx-no-cache=1713452348040 HTTP/1.1" 200 297
181.212.43.89 - - [18/Apr/2024:12:02:45 -0300] "GET /cormun/servlet/solicitudot?9818d8f52808c31e310ebcac175a9221523a61407ac12fcfa29ff370e0b44bd8e5840161522b51615a20828de28b05a2ee9d05930b3cd5cbc8a20f6e9af3a4d45a515d35e6c3cd377847d69f111ac50b7b1972b6ce1271aac1966b032dea3483c00ef1bc14ea02f8580531796b8eb67960535973e376764451ed559da7a55ede15ca82f4d58d79e5d6b79825851c1b04de0d50e7a7845989bf4bc0b87e90df3c0a4688ed45d37e026522ad6ff0777ae9b7912ec4f6f9ff2a1de315838ec73668d5544682063f7c8a40a83a746cb03d756bd7fb721745a2858df3cda9ba77743e02f4e1e22f898b0052c5bbcef7cd929512488e0bda9338dc1e6b5abd0c4054b2edac590da3b349b069e474f72fac2300f9c276c663239535a0684b29e7116f40debaa274555f18c1c0e00399f07a7eab5b34abd3cf98a1f7ccec66f090b978de1d9964bfbf4b84d1a953431446a4fd089240fc9eb7375d25f21653f4228d33499203397f660d4386ff180e3bb4e31008c5a40372d70b1196cd7e86f1bab8116141119ab144f5cd616d6f291146f37edf,gx-no-cache=1713452348252 HTTP/1.1" 200 30
181.212.43.89 - - [18/Apr/2024:12:02:47 -0300] "POST /cormun/servlet/solicitudot?gx-no-cache=1713452350490 HTTP/1.1" 200 30
218.38.210.48 - tomcat [18/Apr/2024:12:03:04 -0300] "GET /manager/html HTTP/1.1" 403 3196
181.212.43.89 - - [18/Apr/2024:12:03:12 -0300] "POST /cormun/servlet/solicitudot?gx-no-cache=1713452374819 HTTP/1.1" 200 1479
181.212.43.89 - - [18/Apr/2024:12:03:12 -0300] "POST /cormun/servlet/solicitudot?gx-no-cache=1713452375010 HTTP/1.1" 200 38
181.212.43.89 - - [18/Apr/2024:12:03:54 -0300] "GET /cormun/servlet/solicitudot?9818d8f52808c31e310ebcac175a92217427b52021191ee303f313995370664d3cf6580dc4a537626d8af4dedc6e2cf8824f7201bc391aa9abf9e2bcaf6b0b2f2c30e07828bdf0652541ad0783a2411091cb0efe3c3634ee5e3e25d39464418049af87352b532203df0721792314c020,gx-no-cache=1713452416926 HTTP/1.1" 200 110
181.212.43.89 - - [18/Apr/2024:12:04:01 -0300] "POST /cormun/servlet/solicitudot?gx-no-cache=1713452424570 HTTP/1.1" 200 72
181.212.43.89 - - [18/Apr/2024:12:04:08 -0300] "POST /cormun/servlet/solicitudot?gx-no-cache=1713452431739 HTTP/1.1" 200 67
181.212.43.89 - - [18/Apr/2024:12:04:16 -0300] "GET /cormun/servlet/solicitudot?9818d8f52808c31e310ebcac175a92210510bcbb8fba19ac8fc7a768d9be5cfd2f1f34b0cb6b9eb5df33192801ac69fc91a8d4a91d838f864a018664e1065e42730786d0ccd60a91647b34ce9af238b1d88ec759e9d760fdef692d15a0946c2955c56f281d4bf0bbab22de43faf421d7,gx-no-cache=1713452439180 HTTP/1.1" 200 29
181.212.43.89 - - [18/Apr/2024:12:04:16 -0300] "GET /cormun/static/menuarrow.gif HTTP/1.1" 404 1015
181.212.43.89 - - [18/Apr/2024:12:04:19 -0300] "GET /cormun/servlet/solicitudot?9818d8f52808c31e310ebcac175a922138daa137ca78cdaa5d976a3cdb8f0a33757caf095395649cbb2df9681844aabb,gx-no-cache=1713452442265 HTTP/1.1" 200 30
181.212.43.89 - - [18/Apr/2024:12:04:25 -0300] "POST /cormun/servlet/solicitudot?gx-no-cache=1713452448630 HTTP/1.1" 200 30
181.212.43.89 - - [18/Apr/2024:12:04:39 -0300] "POST /cormun/servlet/solicitudot?f40bcf43f5c48997efcfe7dd93110af7,INS,0,0,false,,gx-no-cache=1713452462044 HTTP/1.1" 200 93
181.212.43.89 - - [18/Apr/2024:12:04:39 -0300] "GET /cormun/servlet/hpexe_return? HTTP/1.1" 200 1007
181.212.43.89 - - [18/Apr/2024:12:04:39 -0300] "GET /cormun/servlet/trsolicitudot? HTTP/1.1" 200 8642
218.38.210.48 - tomcat [18/Apr/2024:12:05:06 -0300] "GET /manager/html HTTP/1.1" 403 3196
200.54.100.179 - - [18/Apr/2024:12:07:01 -0300] "GET /cormun/servlet/trpermisosgoce? HTTP/1.1" 200 10438
200.54.100.179 - - [18/Apr/2024:12:07:01 -0300] "GET /cormun/static/gxcfg.js?2020121631564 HTTP/1.1" 200 953
200.54.100.179 - - [18/Apr/2024:12:07:01 -0300] "GET /cormun/static/trpermisosgoce.js?2020121633681 HTTP/1.1" 200 35904
200.54.100.179 - - [18/Apr/2024:12:07:02 -0300] "GET /cormun//static/Resources/PXToolsGridUpdate.png HTTP/1.1" 200 470
200.54.100.179 - - [18/Apr/2024:12:07:02 -0300] "GET /cormun//static/Resources/PXToolsGridDelete.png HTTP/1.1" 200 538
218.38.210.48 - tomcat [18/Apr/2024:12:07:09 -0300] "GET /manager/html HTTP/1.1" 403 3196
200.54.100.179 - - [18/Apr/2024:12:07:10 -0300] "GET /cormun/servlet/trpermisosgoce? HTTP/1.1" 200 10424
200.54.100.179 - - [18/Apr/2024:12:07:14 -0300] "GET /cormun/servlet/permisogoce?INS,0,,, HTTP/1.1" 200 7209
200.54.100.179 - - [18/Apr/2024:12:07:14 -0300] "GET /cormun/static/Resources/prompt.gif HTTP/1.1" 200 902
200.54.100.179 - - [18/Apr/2024:12:07:14 -0300] "GET /cormun/static/gxcfg.js?20201215124560 HTTP/1.1" 200 953
200.54.100.179 - - [18/Apr/2024:12:07:15 -0300] "GET /cormun/static/permisogoce.js?20201215124939 HTTP/1.1" 200 27790
200.54.100.179 - - [18/Apr/2024:12:07:26 -0300] "GET /cormun/servlet/permisogoce?4d4c0f16327850df65b11faadde4dffed3d89e1c7dfc922b321444a7875648e5f73917361e336ea29455c96a977585fcb03c28e001a87d2ecd8a7f4aa4f107f1,gx-no-cache=1713452629089 HTTP/1.1" 200 83
200.54.100.179 - - [18/Apr/2024:12:07:27 -0300] "GET /cormun/static/menuarrow.gif HTTP/1.1" 404 1015
200.54.100.179 - - [18/Apr/2024:12:07:38 -0300] "GET /cormun/servlet/permisogoce?4d4c0f16327850df65b11faadde4dffeb2d2c7067fcdf1d4ca42f94f2b028a5cfc619e1b2c675e778d8294cb18c0d960d5c7844a96f72b2150abc82085249b27,gx-no-cache=1713452641611 HTTP/1.1" 200 47
200.54.100.179 - - [18/Apr/2024:12:07:55 -0300] "POST /cormun/servlet/permisogoce?791e4d67c293741cfd9adac2d3ef1bf2,INS,0,,,,gx-no-cache=1713452657609 HTTP/1.1" 200 93
200.54.100.179 - - [18/Apr/2024:12:07:55 -0300] "GET /cormun/servlet/hpexe_return? HTTP/1.1" 200 1006
200.54.100.179 - - [18/Apr/2024:12:07:55 -0300] "GET /cormun/static/gxcfg.js?20221129846035 HTTP/1.1" 200 953
200.54.100.179 - - [18/Apr/2024:12:07:55 -0300] "GET /cormun/static/hpexe_return.js?20221129846037 HTTP/1.1" 200 1633
200.54.100.179 - - [18/Apr/2024:12:07:55 -0300] "GET /cormun/servlet/trpermisosgoce HTTP/1.1" 200 10711
200.54.100.179 - - [18/Apr/2024:12:08:09 -0300] "GET /cormun/servlet/apermisogoceprn?17133915,P,20240418110340,PU HTTP/1.1" 200 1650
218.38.210.48 - tomcat [18/Apr/2024:12:09:12 -0300] "GET /manager/html HTTP/1.1" 403 3196
218.38.210.48 - tomcat [18/Apr/2024:12:11:15 -0300] "GET /manager/html HTTP/1.1" 403 3196
209.141.55.133 - tomcat [18/Apr/2024:12:11:28 -0300] "GET /manager/html HTTP/1.1" 403 3196
218.38.210.48 - tomcat [18/Apr/2024:12:13:18 -0300] "GET /manager/html HTTP/1.1" 403 3196
218.38.210.48 - tomcat [18/Apr/2024:12:15:21 -0300] "GET /manager/html HTTP/1.1" 403 3196
181.212.43.89 - - [18/Apr/2024:12:16:58 -0300] "POST /cormun/servlet/trsolicitudot?f40bcf43f5c48997efcfe7dd93110af7,,gx-no-cache=1713453201000 HTTP/1.1" 200 112
181.212.43.89 - - [18/Apr/2024:12:16:58 -0300] "GET /cormun/servlet/solicitudot?UPD,2024,21276,false, HTTP/1.1" 200 16662
181.212.43.89 - - [18/Apr/2024:12:16:59 -0300] "POST /cormun/servlet/solicitudot?gx-no-cache=1713453202049 HTTP/1.1" 200 4113
181.212.43.89 - - [18/Apr/2024:12:16:59 -0300] "POST /cormun/servlet/solicitudot?f40bcf43f5c48997efcfe7dd93110af7,UPD,2024,21276,false,,gx-no-cache=1713453202171 HTTP/1.1" 200 12770
181.212.43.89 - - [18/Apr/2024:12:16:59 -0300] "GET /cormun/servlet/solicitudot?9818d8f52808c31e310ebcac175a92218aeb15db5f64c61f16ed4dbb17fddd30b9770a5b7187c469370f6aa6fdd205bd,gx-no-cache=1713453202289 HTTP/1.1" 200 30
181.212.43.89 - - [18/Apr/2024:12:16:59 -0300] "GET /cormun/servlet/solicitudot?9818d8f52808c31e310ebcac175a9221c0c0b31e2b26efbd3a88e4eedc4038502ec6448ddebe0c088d1e97daa29820a1,gx-no-cache=1713453202387 HTTP/1.1" 200 30
181.212.43.89 - - [18/Apr/2024:12:16:59 -0300] "GET /cormun/servlet/solicitudot?9818d8f52808c31e310ebcac175a9221e876fd4bcc4b8359d26e010b810dc039b873d509862eaafac992bc624f4061e60ae3e1bc083bc30c15d36fea66c80848,gx-no-cache=1713453202485 HTTP/1.1" 200 53
181.212.43.89 - - [18/Apr/2024:12:16:59 -0300] "POST /cormun/servlet/solicitudot?gx-no-cache=1713453202587 HTTP/1.1" 200 297
181.212.43.89 - - [18/Apr/2024:12:16:59 -0300] "GET /cormun/servlet/solicitudot?9818d8f52808c31e310ebcac175a9221523a61407ac12fcfa29ff370e0b44bd8e5840161522b51615a20828de28b05a2ee9d05930b3cd5cbc8a20f6e9af3a4d45a515d35e6c3cd377847d69f111ac50b7b1972b6ce1271aac1966b032dea3483c00ef1bc14ea02f8580531796b8eb67960535973e376764451ed559da7a55ede15ca82f4d58d79e5d6b79825851c1b04de0d50e7a7845989bf4bc0b87e90df3c0a4688ed45d37e026522ad6ff0777ae9b7912ec4f6f9ff2a1de315838ec73668d5544682063f7c8a40a83a746cb03d756bd7fb721745a2858df3cda9ba77743e02f4e1e22f898b0052c5bbcef7cd929512488e0bda9338dc1e6b5abd0c4054b2edac590da3b349b069e474f72fac2300f9c276c663239535a0684b29e7116f40debaa274555f18c1c0e00399f07a7eab5b34abd3cf98a1f7ccec66f090b978de1d9964bfbf4b84d1a953431446a4fd089240fc9eb7375d25f21653f4228d33499203397f660d4386ff180e3bb4e31008e4bc34d1ff5f897b1650ebd1ecdd612741119ab144f5cd616d6f291146f37edf,gx-no-cache=1713453202672 HTTP/1.1" 200 30
181.212.43.89 - - [18/Apr/2024:12:17:00 -0300] "POST /cormun/servlet/solicitudot?gx-no-cache=1713453202777 HTTP/1.1" 200 30
181.212.43.89 - - [18/Apr/2024:12:17:00 -0300] "POST /cormun/servlet/solicitudot?gx-no-cache=1713453202880 HTTP/1.1" 200 1482
181.212.43.89 - - [18/Apr/2024:12:17:00 -0300] "POST /cormun/servlet/solicitudot?gx-no-cache=1713453202976 HTTP/1.1" 200 41
218.38.210.48 - tomcat [18/Apr/2024:12:17:25 -0300] "GET /manager/html HTTP/1.1" 403 3196
181.212.43.89 - - [18/Apr/2024:12:17:36 -0300] "POST /cormun/servlet/solicitudot?gx-no-cache=1713453238991 HTTP/1.1" 200 30
181.212.43.89 - - [18/Apr/2024:12:17:36 -0300] "POST /cormun/servlet/solicitudot?gx-no-cache=1713453239176 HTTP/1.1" 200 1482
181.212.43.89 - - [18/Apr/2024:12:17:36 -0300] "POST /cormun/servlet/solicitudot?gx-no-cache=1713453239199 HTTP/1.1" 200 41
181.212.43.89 - - [18/Apr/2024:12:17:36 -0300] "GET /cormun/servlet/solicitudot?9818d8f52808c31e310ebcac175a92217427b52021191ee303f313995370664d3cf6580dc4a537626d8af4dedc6e2cf8824f7201bc391aa9abf9e2bcaf6b0b2f2c30e07828bdf0652541ad0783a2411091cb0efe3c3634ee5e3e25d39464418049af87352b532203df0721792314c020,gx-no-cache=1713453239214 HTTP/1.1" 200 110
181.212.43.89 - - [18/Apr/2024:12:17:36 -0300] "POST /cormun/servlet/solicitudot?gx-no-cache=1713453239257 HTTP/1.1" 200 67
181.212.43.89 - - [18/Apr/2024:12:17:36 -0300] "GET /cormun/servlet/solicitudot?9818d8f52808c31e310ebcac175a922128a9c7d460ee4e406c2fda0f93b816dcf59d61825d954f319371643259115edf217e9453e96769ea1966877ec56ff521514eff49d2bc06e7a2b29751f57503f9efe65981d0d7ac82ef0081dcc9b207aeb358ba5fc578199136a98290f46237cb,gx-no-cache=1713453239336 HTTP/1.1" 200 29
181.212.43.89 - - [18/Apr/2024:12:17:36 -0300] "GET /cormun/servlet/solicitudot?9818d8f52808c31e310ebcac175a922138daa137ca78cdaa5d976a3cdb8f0a33757caf095395649cbb2df9681844aabb,gx-no-cache=1713453239423 HTTP/1.1" 200 30
181.212.43.89 - - [18/Apr/2024:12:17:36 -0300] "POST /cormun/servlet/solicitudot?gx-no-cache=1713453239499 HTTP/1.1" 200 30
181.212.43.89 - - [18/Apr/2024:12:17:36 -0300] "POST /cormun/servlet/solicitudot?f40bcf43f5c48997efcfe7dd93110af7,UPD,2024,21276,false,,gx-no-cache=1713453239576 HTTP/1.1" 200 93
181.212.43.89 - - [18/Apr/2024:12:17:37 -0300] "GET /cormun/servlet/hpexe_return? HTTP/1.1" 200 1013
181.212.43.89 - - [18/Apr/2024:12:17:37 -0300] "GET /cormun/servlet/trsolicitudot HTTP/1.1" 200 8642
181.212.43.89 - - [18/Apr/2024:12:17:41 -0300] "POST /cormun/servlet/trsolicitudot?f40bcf43f5c48997efcfe7dd93110af7,gx-no-cache=1713453244512 HTTP/1.1" 200 5991
181.212.43.89 - - [18/Apr/2024:12:17:41 -0300] "GET /cormun/static/Shared/jqueryui/images/ui-bg_highlight-soft_100_c6c2c8_1x100.png HTTP/1.1" 404 1117
181.212.43.89 - - [18/Apr/2024:12:17:41 -0300] "GET /cormun/static/Shared/jqueryui/images/ui-icons_82798d_256x240.png HTTP/1.1" 404 1089
181.212.43.89 - - [18/Apr/2024:12:17:41 -0300] "GET /cormun/static/Shared/jqueryui/images/ui-bg_flat_55_fafafa_40x100.png HTTP/1.1" 404 1097
181.212.43.89 - - [18/Apr/2024:12:17:41 -0300] "GET /cormun/static/Shared/jqueryui/images/ui-icons_8d78a5_256x240.png HTTP/1.1" 404 1089
181.212.43.89 - - [18/Apr/2024:12:17:47 -0300] "POST /cormun/servlet/trsolicitudot?f40bcf43f5c48997efcfe7dd93110af7,gx-no-cache=1713453249866 HTTP/1.1" 200 107
181.212.43.89 - - [18/Apr/2024:12:17:47 -0300] "GET /cormun/servlet/trsolicitudadjuntos?2024,21276, HTTP/1.1" 200 6122
181.212.43.89 - - [18/Apr/2024:12:17:49 -0300] "GET /cormun/servlet/solicitudotadjuntos?INS,2024,21276,,1, HTTP/1.1" 200 6068
181.212.43.89 - - [18/Apr/2024:12:17:49 -0300] "GET /cormun/static/about:blank HTTP/1.1" 404 1011
181.212.43.89 - - [18/Apr/2024:12:17:50 -0300] "GET /cormun/servlet/solicitudotadjuntos?9818d8f52808c31e310ebcac175a922146e352df0b87cfae81d834260305b51c5701bb43dccb71bbbd5a0ddd6c8dcca4,gx-no-cache=1713453253043 HTTP/1.1" 200 30
181.212.43.89 - - [18/Apr/2024:12:17:50 -0300] "POST /cormun/servlet/solicitudotadjuntos?f40bcf43f5c48997efcfe7dd93110af7,INS,2024,21276,,1,,gx-no-cache=1713453253154 HTTP/1.1" 200 3886
181.212.43.89 - - [18/Apr/2024:12:17:53 -0300] "POST /cormun/servlet/solicitudotadjuntos?gx-no-cache=1713453256205 HTTP/1.1" 200 26
181.212.43.89 - - [18/Apr/2024:12:18:17 -0300] "GET /cormun/servlet/solicitudotadjuntos?9818d8f52808c31e310ebcac175a9221762c66407ce2722e81914383642aae17,gx-no-cache=1713453280627 HTTP/1.1" 200 30
181.212.43.89 - - [18/Apr/2024:12:18:17 -0300] "GET /cormun/servlet/solicitudotadjuntos?9818d8f52808c31e310ebcac175a9221762c66407ce2722e81914383642aae17,gx-no-cache=1713453280789 HTTP/1.1" 200 30
181.212.43.89 - - [18/Apr/2024:12:18:18 -0300] "POST /cormun/servlet/solicitudotadjuntos?f40bcf43f5c48997efcfe7dd93110af7,INS,2024,21276,,1, HTTP/1.1" 200 116
181.212.43.89 - - [18/Apr/2024:12:18:18 -0300] "GET /cormun/servlet/hpexe_return? HTTP/1.1" 200 1024
181.212.43.89 - - [18/Apr/2024:12:18:19 -0300] "GET /cormun/servlet/trsolicitudadjuntos?2024,21276, HTTP/1.1" 200 9095
181.212.43.89 - - [18/Apr/2024:12:18:21 -0300] "GET /cormun/servlet/solicitudotadjuntos?INS,2024,21276,,1, HTTP/1.1" 200 6068
181.212.43.89 - - [18/Apr/2024:12:18:21 -0300] "GET /cormun/static/about:blank HTTP/1.1" 404 1011
181.212.43.89 - - [18/Apr/2024:12:18:21 -0300] "GET /cormun/servlet/solicitudotadjuntos?9818d8f52808c31e310ebcac175a922146e352df0b87cfae81d834260305b51c5701bb43dccb71bbbd5a0ddd6c8dcca4,gx-no-cache=1713453284482 HTTP/1.1" 200 30
181.212.43.89 - - [18/Apr/2024:12:18:21 -0300] "POST /cormun/servlet/solicitudotadjuntos?f40bcf43f5c48997efcfe7dd93110af7,INS,2024,21276,,1,,gx-no-cache=1713453284592 HTTP/1.1" 200 3886
181.212.43.89 - - [18/Apr/2024:12:18:23 -0300] "POST /cormun/servlet/solicitudotadjuntos?gx-no-cache=1713453285968 HTTP/1.1" 200 26
181.212.43.89 - - [18/Apr/2024:12:18:28 -0300] "GET /cormun/servlet/solicitudotadjuntos?9818d8f52808c31e310ebcac175a9221762c66407ce2722e81914383642aae17,gx-no-cache=1713453290837 HTTP/1.1" 200 30
181.212.43.89 - - [18/Apr/2024:12:18:28 -0300] "GET /cormun/servlet/solicitudotadjuntos?9818d8f52808c31e310ebcac175a9221762c66407ce2722e81914383642aae17,gx-no-cache=1713453290897 HTTP/1.1" 200 30
181.212.43.89 - - [18/Apr/2024:12:18:28 -0300] "POST /cormun/servlet/solicitudotadjuntos?f40bcf43f5c48997efcfe7dd93110af7,INS,2024,21276,,1, HTTP/1.1" 200 116
181.212.43.89 - - [18/Apr/2024:12:18:28 -0300] "GET /cormun/servlet/hpexe_return? HTTP/1.1" 200 1024
181.212.43.89 - - [18/Apr/2024:12:18:28 -0300] "GET /cormun/servlet/trsolicitudadjuntos?2024,21276, HTTP/1.1" 200 9339
181.212.43.89 - - [18/Apr/2024:12:18:30 -0300] "GET /cormun/servlet/solicitudotadjuntos?INS,2024,21276,,1, HTTP/1.1" 200 6068
181.212.43.89 - - [18/Apr/2024:12:18:31 -0300] "GET /cormun/static/about:blank HTTP/1.1" 404 1011
181.212.43.89 - - [18/Apr/2024:12:18:31 -0300] "GET /cormun/servlet/solicitudotadjuntos?9818d8f52808c31e310ebcac175a922146e352df0b87cfae81d834260305b51c5701bb43dccb71bbbd5a0ddd6c8dcca4,gx-no-cache=1713453294433 HTTP/1.1" 200 30
181.212.43.89 - - [18/Apr/2024:12:18:31 -0300] "POST /cormun/servlet/solicitudotadjuntos?f40bcf43f5c48997efcfe7dd93110af7,INS,2024,21276,,1,,gx-no-cache=1713453294514 HTTP/1.1" 200 3886
181.212.43.89 - - [18/Apr/2024:12:18:34 -0300] "POST /cormun/servlet/solicitudotadjuntos?gx-no-cache=1713453296777 HTTP/1.1" 200 26
181.212.43.89 - - [18/Apr/2024:12:18:39 -0300] "GET /cormun/servlet/solicitudotadjuntos?9818d8f52808c31e310ebcac175a9221762c66407ce2722e81914383642aae17,gx-no-cache=1713453302404 HTTP/1.1" 200 30
181.212.43.89 - - [18/Apr/2024:12:18:39 -0300] "GET /cormun/servlet/solicitudotadjuntos?9818d8f52808c31e310ebcac175a9221762c66407ce2722e81914383642aae17,gx-no-cache=1713453302510 HTTP/1.1" 200 30
181.212.43.89 - - [18/Apr/2024:12:18:39 -0300] "POST /cormun/servlet/solicitudotadjuntos?f40bcf43f5c48997efcfe7dd93110af7,INS,2024,21276,,1, HTTP/1.1" 200 116
181.212.43.89 - - [18/Apr/2024:12:18:40 -0300] "GET /cormun/servlet/hpexe_return? HTTP/1.1" 200 1024
181.212.43.89 - - [18/Apr/2024:12:18:40 -0300] "GET /cormun/servlet/trsolicitudadjuntos?2024,21276, HTTP/1.1" 200 9569
181.212.43.89 - - [18/Apr/2024:12:18:43 -0300] "GET /cormun/servlet/solicitudotadjuntos?INS,2024,21276,,1, HTTP/1.1" 200 6068
181.212.43.89 - - [18/Apr/2024:12:18:43 -0300] "GET /cormun/static/about:blank HTTP/1.1" 404 1011
181.212.43.89 - - [18/Apr/2024:12:18:44 -0300] "GET /cormun/servlet/solicitudotadjuntos?9818d8f52808c31e310ebcac175a922146e352df0b87cfae81d834260305b51c5701bb43dccb71bbbd5a0ddd6c8dcca4,gx-no-cache=1713453306808 HTTP/1.1" 200 30
181.212.43.89 - - [18/Apr/2024:12:18:44 -0300] "POST /cormun/servlet/solicitudotadjuntos?f40bcf43f5c48997efcfe7dd93110af7,INS,2024,21276,,1,,gx-no-cache=1713453306892 HTTP/1.1" 200 3886
181.212.43.89 - - [18/Apr/2024:12:18:46 -0300] "POST /cormun/servlet/solicitudotadjuntos?gx-no-cache=1713453309593 HTTP/1.1" 200 26
181.212.43.89 - - [18/Apr/2024:12:18:52 -0300] "GET /cormun/servlet/solicitudotadjuntos?9818d8f52808c31e310ebcac175a9221762c66407ce2722e81914383642aae17,gx-no-cache=1713453315304 HTTP/1.1" 200 30
181.212.43.89 - - [18/Apr/2024:12:18:52 -0300] "GET /cormun/servlet/solicitudotadjuntos?9818d8f52808c31e310ebcac175a9221762c66407ce2722e81914383642aae17,gx-no-cache=1713453315395 HTTP/1.1" 200 30
181.212.43.89 - - [18/Apr/2024:12:18:53 -0300] "POST /cormun/servlet/solicitudotadjuntos?f40bcf43f5c48997efcfe7dd93110af7,INS,2024,21276,,1, HTTP/1.1" 200 116
181.212.43.89 - - [18/Apr/2024:12:18:53 -0300] "GET /cormun/servlet/hpexe_return? HTTP/1.1" 200 1024
181.212.43.89 - - [18/Apr/2024:12:18:53 -0300] "GET /cormun/servlet/trsolicitudadjuntos?2024,21276, HTTP/1.1" 200 9829
181.212.43.89 - - [18/Apr/2024:12:18:55 -0300] "GET /cormun/servlet/solicitudotadjuntos?INS,2024,21276,,1, HTTP/1.1" 200 6068
181.212.43.89 - - [18/Apr/2024:12:18:55 -0300] "GET /cormun/static/about:blank HTTP/1.1" 404 1011
181.212.43.89 - - [18/Apr/2024:12:18:56 -0300] "GET /cormun/servlet/solicitudotadjuntos?9818d8f52808c31e310ebcac175a922146e352df0b87cfae81d834260305b51c5701bb43dccb71bbbd5a0ddd6c8dcca4,gx-no-cache=1713453319296 HTTP/1.1" 200 30
181.212.43.89 - - [18/Apr/2024:12:18:56 -0300] "POST /cormun/servlet/solicitudotadjuntos?f40bcf43f5c48997efcfe7dd93110af7,INS,2024,21276,,1,,gx-no-cache=1713453319363 HTTP/1.1" 200 3886
181.212.43.89 - - [18/Apr/2024:12:18:58 -0300] "POST /cormun/servlet/solicitudotadjuntos?gx-no-cache=1713453321425 HTTP/1.1" 200 26
181.212.43.89 - - [18/Apr/2024:12:19:05 -0300] "GET /cormun/servlet/solicitudotadjuntos?9818d8f52808c31e310ebcac175a9221762c66407ce2722e81914383642aae17,gx-no-cache=1713453328217 HTTP/1.1" 200 30
181.212.43.89 - - [18/Apr/2024:12:19:05 -0300] "GET /cormun/servlet/solicitudotadjuntos?9818d8f52808c31e310ebcac175a9221762c66407ce2722e81914383642aae17,gx-no-cache=1713453328309 HTTP/1.1" 200 30
181.212.43.89 - - [18/Apr/2024:12:19:05 -0300] "POST /cormun/servlet/solicitudotadjuntos?f40bcf43f5c48997efcfe7dd93110af7,INS,2024,21276,,1, HTTP/1.1" 200 116
181.212.43.89 - - [18/Apr/2024:12:19:05 -0300] "GET /cormun/servlet/hpexe_return? HTTP/1.1" 200 1024
181.212.43.89 - - [18/Apr/2024:12:19:06 -0300] "GET /cormun/servlet/trsolicitudadjuntos?2024,21276, HTTP/1.1" 200 10087
181.212.43.89 - - [18/Apr/2024:12:19:08 -0300] "GET /cormun/servlet/solicitudotadjuntos?INS,2024,21276,,1, HTTP/1.1" 200 6068
181.212.43.89 - - [18/Apr/2024:12:19:08 -0300] "GET /cormun/static/about:blank HTTP/1.1" 404 1011
181.212.43.89 - - [18/Apr/2024:12:19:09 -0300] "GET /cormun/servlet/solicitudotadjuntos?9818d8f52808c31e310ebcac175a922146e352df0b87cfae81d834260305b51c5701bb43dccb71bbbd5a0ddd6c8dcca4,gx-no-cache=1713453331821 HTTP/1.1" 200 30
181.212.43.89 - - [18/Apr/2024:12:19:09 -0300] "POST /cormun/servlet/solicitudotadjuntos?f40bcf43f5c48997efcfe7dd93110af7,INS,2024,21276,,1,,gx-no-cache=1713453331880 HTTP/1.1" 200 3886
181.212.43.89 - - [18/Apr/2024:12:19:12 -0300] "POST /cormun/servlet/solicitudotadjuntos?gx-no-cache=1713453335220 HTTP/1.1" 200 26
181.212.43.89 - - [18/Apr/2024:12:19:21 -0300] "GET /cormun/servlet/solicitudotadjuntos?9818d8f52808c31e310ebcac175a9221762c66407ce2722e81914383642aae17,gx-no-cache=1713453344016 HTTP/1.1" 200 30
181.212.43.89 - - [18/Apr/2024:12:19:21 -0300] "GET /cormun/servlet/solicitudotadjuntos?9818d8f52808c31e310ebcac175a9221762c66407ce2722e81914383642aae17,gx-no-cache=1713453344089 HTTP/1.1" 200 30
181.212.43.89 - - [18/Apr/2024:12:19:22 -0300] "POST /cormun/servlet/solicitudotadjuntos?f40bcf43f5c48997efcfe7dd93110af7,INS,2024,21276,,1, HTTP/1.1" 200 116
181.212.43.89 - - [18/Apr/2024:12:19:22 -0300] "GET /cormun/servlet/hpexe_return? HTTP/1.1" 200 1024
181.212.43.89 - - [18/Apr/2024:12:19:22 -0300] "GET /cormun/servlet/trsolicitudadjuntos?2024,21276, HTTP/1.1" 200 10252
181.212.43.89 - - [18/Apr/2024:12:19:25 -0300] "POST /cormun/servlet/trsolicitudadjuntos?f40bcf43f5c48997efcfe7dd93110af7,2024,21276,,gx-no-cache=1713453348004 HTTP/1.1" 200 90
181.212.43.89 - - [18/Apr/2024:12:19:25 -0300] "GET /cormun/servlet/hpexe_link HTTP/1.1" 200 988
181.212.43.89 - - [18/Apr/2024:12:19:25 -0300] "GET /cormun/servlet/trsolicitudot?gx-no-cache=1713453244512 HTTP/1.1" 200 8639
218.38.210.48 - tomcat [18/Apr/2024:12:19:29 -0300] "GET /manager/html HTTP/1.1" 403 3196
181.212.43.89 - - [18/Apr/2024:12:19:37 -0300] "POST /cormun/servlet/trsolicitudot?f40bcf43f5c48997efcfe7dd93110af7,gx-no-cache=1713453244512,gx-no-cache=1713453360305 HTTP/1.1" 200 4605
181.212.43.89 - - [18/Apr/2024:12:19:37 -0300] "GET /cormun/static/Shared/jqueryui/images/ui-bg_highlight-soft_100_c6c2c8_1x100.png HTTP/1.1" 404 1117
181.212.43.89 - - [18/Apr/2024:12:19:37 -0300] "GET /cormun/static/Shared/jqueryui/images/ui-bg_flat_55_fafafa_40x100.png HTTP/1.1" 404 1097
181.212.43.89 - - [18/Apr/2024:12:19:37 -0300] "GET /cormun/static/Shared/jqueryui/images/ui-icons_8d78a5_256x240.png HTTP/1.1" 404 1089
181.212.43.89 - - [18/Apr/2024:12:19:37 -0300] "GET /cormun/static/Shared/jqueryui/images/ui-icons_82798d_256x240.png HTTP/1.1" 404 1089
181.212.43.89 - - [18/Apr/2024:12:19:37 -0300] "POST /cormun/servlet/trsolicitudot?f40bcf43f5c48997efcfe7dd93110af7,gx-no-cache=1713453244512,gx-no-cache=1713453360487 HTTP/1.1" 200 4344
181.212.43.89 - - [18/Apr/2024:12:19:54 -0300] "GET /cormun/servlet/solicitudot?INS,0,0,false, HTTP/1.1" 200 16029
201.186.225.183 - - [18/Apr/2024:12:19:54 -0300] "GET /cormun/servlet/trlicencias? HTTP/1.1" 200 6051
201.186.225.183 - - [18/Apr/2024:12:19:54 -0300] "GET /cormun/servlet/hlogin HTTP/1.1" 200 1733
181.212.43.89 - - [18/Apr/2024:12:19:59 -0300] "POST /cormun/servlet/solicitudot?gx-no-cache=1713453382083 HTTP/1.1" 200 4022
181.212.43.89 - - [18/Apr/2024:12:19:59 -0300] "POST /cormun/servlet/solicitudot?f40bcf43f5c48997efcfe7dd93110af7,INS,0,0,false,,gx-no-cache=1713453382245 HTTP/1.1" 200 12620
201.186.225.183 - - [18/Apr/2024:12:20:00 -0300] "POST /cormun/servlet/hlogin?0ed20f29a3a1ded5bbb741d29fb63de3,gx-no-cache=1713453383927 HTTP/1.1" 200 90
201.186.225.183 - - [18/Apr/2024:12:20:00 -0300] "GET /cormun/servlet/hpexe_link HTTP/1.1" 200 949
201.186.225.183 - - [18/Apr/2024:12:20:00 -0300] "GET /cormun/servlet/hhome HTTP/1.1" 200 3961
181.212.43.89 - - [18/Apr/2024:12:20:00 -0300] "GET /cormun/servlet/solicitudot?9818d8f52808c31e310ebcac175a92219dd49fb66d4f3d8e67bd39b5e925ee48fb6f9c75828fd0903eca461cfe7b8623,gx-no-cache=1713453383151 HTTP/1.1" 200 30
201.186.225.183 - - [18/Apr/2024:12:20:03 -0300] "GET /cormun/servlet/trlicencias? HTTP/1.1" 200 14610
209.141.55.133 - tomcat [18/Apr/2024:12:21:28 -0300] "GET /manager/html HTTP/1.1" 403 3196
218.38.210.48 - tomcat [18/Apr/2024:12:21:32 -0300] "GET /manager/html HTTP/1.1" 403 3196
181.212.43.89 - - [18/Apr/2024:12:23:26 -0300] "GET /cormun/servlet/prbanco?,MD,,gxPopupLevel%3D0%3B HTTP/1.1" 200 6618
218.38.210.48 - tomcat [18/Apr/2024:12:23:35 -0300] "GET /manager/html HTTP/1.1" 403 3196
181.212.43.89 - - [18/Apr/2024:12:23:36 -0300] "GET /cormun/servlet/solicitudot?9818d8f52808c31e310ebcac175a9221be1a9fe57288a95dd2c6cd1cd583e20926c80f9118559cfe155ca73994806d1c6ad940bea1538ee2339d2375a8caa5d8,gx-no-cache=1713453598837 HTTP/1.1" 200 30
181.212.43.89 - - [18/Apr/2024:12:23:37 -0300] "GET /cormun/servlet/solicitudot?9818d8f52808c31e310ebcac175a9221983125c35fb74c0f27e958e77f29f73e,gx-no-cache=1713453599994 HTTP/1.1" 200 45
218.38.210.48 - tomcat [18/Apr/2024:12:25:38 -0300] "GET /manager/html HTTP/1.1" 403 3196
181.212.43.89 - - [18/Apr/2024:12:26:14 -0300] "POST /cormun/servlet/solicitudot?gx-no-cache=1713453757191 HTTP/1.1" 200 297
190.171.153.34 - - [18/Apr/2024:12:26:27 -0300] "GET /cormun/servlet/hlogin HTTP/1.1" 200 1719
181.212.43.89 - - [18/Apr/2024:12:26:28 -0300] "GET /cormun/servlet/solicitudot?9818d8f52808c31e310ebcac175a9221523a61407ac12fcfa29ff370e0b44bd8e5840161522b51615a20828de28b05a2ee9d05930b3cd5cbc8a20f6e9af3a4d45a515d35e6c3cd377847d69f111ac50b7b1972b6ce1271aac1966b032dea3483c00ef1bc14ea02f8580531796b8eb67960535973e376764451ed559da7a55ede15ca82f4d58d79e5d6b79825851c1b04de0d50e7a7845989bf4bc0b87e90df3c0a4688ed45d37e026522ad6ff0777ae9b7912ec4f6f9ff2a1de315838ec73668d5544682063f7c8a40a83a746cb03d756bd7fb721745a2858df3cda9ba77743e02f4e1e22f898b0052c5bbcef7cd929512488e0bda9338dc1e6b5abd0c4054b2edac590da3b349b069e474f72fac2300f9c276c663239535a0684b29e7116f40debaa274555f18c1c0e00399f07a7eab5b34abd3cf98a1f7ccec66f090b978de1d9964bfbf4b84d1a953431446a4fd089240fc9eb7375d25f21653f4228d33499203397f660d4386ff180e3bb4e31008c5a40372d70b1196cd7e86f1bab8116141119ab144f5cd616d6f291146f37edf,gx-no-cache=1713453771042 HTTP/1.1" 200 30
181.212.43.89 - - [18/Apr/2024:12:26:29 -0300] "POST /cormun/servlet/solicitudot?gx-no-cache=1713453772516 HTTP/1.1" 200 30
181.212.43.89 - - [18/Apr/2024:12:26:30 -0300] "POST /cormun/servlet/solicitudot?gx-no-cache=1713453773711 HTTP/1.1" 200 1479
181.212.43.89 - - [18/Apr/2024:12:26:31 -0300] "POST /cormun/servlet/solicitudot?gx-no-cache=1713453773817 HTTP/1.1" 200 38
190.171.153.34 - - [18/Apr/2024:12:26:37 -0300] "POST /cormun/servlet/hlogin?40b1df0095f88cf0f91e7a760f5291ca,gx-no-cache=1713453779934 HTTP/1.1" 200 90
190.171.153.34 - - [18/Apr/2024:12:26:37 -0300] "GET /cormun/servlet/hpexe_link HTTP/1.1" 200 949
190.171.153.34 - - [18/Apr/2024:12:26:37 -0300] "GET /cormun/servlet/hhome HTTP/1.1" 200 4354
181.212.43.89 - - [18/Apr/2024:12:26:38 -0300] "GET /cormun/servlet/solicitudot?9818d8f52808c31e310ebcac175a92217427b52021191ee303f313995370664d3cf6580dc4a537626d8af4dedc6e2cf8824f7201bc391aa9abf9e2bcaf6b0b2f2c30e07828bdf0652541ad0783a2411091cb0efe3c3634ee5e3e25d39464418049af87352b532203df0721792314c020,gx-no-cache=1713453780757 HTTP/1.1" 200 110
190.171.153.34 - - [18/Apr/2024:12:26:39 -0300] "GET /cormun/servlet/trlicencias? HTTP/1.1" 200 10607
181.212.43.89 - - [18/Apr/2024:12:26:43 -0300] "POST /cormun/servlet/solicitudot?gx-no-cache=1713453785918 HTTP/1.1" 200 72
181.212.43.89 - - [18/Apr/2024:12:27:14 -0300] "GET /cormun/servlet/solicitudot?9818d8f52808c31e310ebcac175a92210510bcbb8fba19ac8fc7a768d9be5cfd2f1f34b0cb6b9eb5df33192801ac69fc91a8d4a91d838f864a018664e1065e42730786d0ccd60a91647b34ce9af238b1d88ec759e9d760fdef692d15a0946c2955c56f281d4bf0bbab22de43faf421d7,gx-no-cache=1713453816833 HTTP/1.1" 200 29
181.212.43.89 - - [18/Apr/2024:12:27:14 -0300] "GET /cormun/static/menuarrow.gif HTTP/1.1" 404 1015
181.212.43.89 - - [18/Apr/2024:12:27:17 -0300] "GET /cormun/servlet/solicitudot?9818d8f52808c31e310ebcac175a922138daa137ca78cdaa5d976a3cdb8f0a33757caf095395649cbb2df9681844aabb,gx-no-cache=1713453819876 HTTP/1.1" 200 30
181.212.43.89 - - [18/Apr/2024:12:27:26 -0300] "POST /cormun/servlet/solicitudot?gx-no-cache=1713453829590 HTTP/1.1" 200 30
181.212.43.89 - - [18/Apr/2024:12:27:40 -0300] "POST /cormun/servlet/solicitudot?f40bcf43f5c48997efcfe7dd93110af7,INS,0,0,false,,gx-no-cache=1713453843059 HTTP/1.1" 200 93
181.212.43.89 - - [18/Apr/2024:12:27:40 -0300] "GET /cormun/servlet/hpexe_return? HTTP/1.1" 200 1028
181.212.43.89 - - [18/Apr/2024:12:27:40 -0300] "GET /cormun/servlet/trsolicitudot?gx-no-cache=1713453244512 HTTP/1.1" 200 8613
218.38.210.48 - tomcat [18/Apr/2024:12:27:41 -0300] "GET /manager/html HTTP/1.1" 403 3196
181.212.43.89 - - [18/Apr/2024:12:28:09 -0300] "POST /cormun/servlet/trsolicitudot?f40bcf43f5c48997efcfe7dd93110af7,gx-no-cache=1713453244512,gx-no-cache=1713453872387 HTTP/1.1" 200 107
181.212.43.89 - - [18/Apr/2024:12:28:09 -0300] "GET /cormun/servlet/trsolicitudadjuntos?2024,21277, HTTP/1.1" 200 6142
181.212.43.89 - - [18/Apr/2024:12:28:12 -0300] "GET /cormun/servlet/solicitudotadjuntos?INS,2024,21277,,1, HTTP/1.1" 200 6066
181.212.43.89 - - [18/Apr/2024:12:28:12 -0300] "GET /cormun/static/about:blank HTTP/1.1" 404 1011
181.212.43.89 - - [18/Apr/2024:12:28:12 -0300] "GET /cormun/servlet/solicitudotadjuntos?9818d8f52808c31e310ebcac175a9221205e733304a0410118a0f8378b6af2f35701bb43dccb71bbbd5a0ddd6c8dcca4,gx-no-cache=1713453875744 HTTP/1.1" 200 30
181.212.43.89 - - [18/Apr/2024:12:28:13 -0300] "POST /cormun/servlet/solicitudotadjuntos?f40bcf43f5c48997efcfe7dd93110af7,INS,2024,21277,,1,,gx-no-cache=1713453875816 HTTP/1.1" 200 3885
181.212.43.89 - - [18/Apr/2024:12:28:15 -0300] "POST /cormun/servlet/solicitudotadjuntos?gx-no-cache=1713453878057 HTTP/1.1" 200 26
181.212.43.89 - - [18/Apr/2024:12:28:28 -0300] "GET /cormun/servlet/solicitudotadjuntos?9818d8f52808c31e310ebcac175a9221762c66407ce2722e81914383642aae17,gx-no-cache=1713453891418 HTTP/1.1" 200 30
181.212.43.89 - - [18/Apr/2024:12:28:28 -0300] "GET /cormun/servlet/solicitudotadjuntos?9818d8f52808c31e310ebcac175a9221762c66407ce2722e81914383642aae17,gx-no-cache=1713453891506 HTTP/1.1" 200 30
190.171.141.106 - - [18/Apr/2024:12:28:29 -0300] "GET /cormun/servlet/trlicencias HTTP/1.1" 200 6049
190.171.141.106 - - [18/Apr/2024:12:28:29 -0300] "GET /cormun/servlet/hlogin HTTP/1.1" 200 1737
181.212.43.89 - - [18/Apr/2024:12:28:31 -0300] "POST /cormun/servlet/solicitudotadjuntos?f40bcf43f5c48997efcfe7dd93110af7,INS,2024,21277,,1, HTTP/1.1" 200 116
181.212.43.89 - - [18/Apr/2024:12:28:31 -0300] "GET /cormun/servlet/hpexe_return? HTTP/1.1" 200 1024
181.212.43.89 - - [18/Apr/2024:12:28:31 -0300] "GET /cormun/servlet/trsolicitudadjuntos?2024,21277, HTTP/1.1" 200 9104
181.212.43.89 - - [18/Apr/2024:12:28:33 -0300] "GET /cormun/servlet/solicitudotadjuntos?INS,2024,21277,,1, HTTP/1.1" 200 6066
181.212.43.89 - - [18/Apr/2024:12:28:33 -0300] "GET /cormun/static/about:blank HTTP/1.1" 404 1011
181.212.43.89 - - [18/Apr/2024:12:28:34 -0300] "GET /cormun/servlet/solicitudotadjuntos?9818d8f52808c31e310ebcac175a9221205e733304a0410118a0f8378b6af2f35701bb43dccb71bbbd5a0ddd6c8dcca4,gx-no-cache=1713453897012 HTTP/1.1" 200 30
181.212.43.89 - - [18/Apr/2024:12:28:34 -0300] "POST /cormun/servlet/solicitudotadjuntos?f40bcf43f5c48997efcfe7dd93110af7,INS,2024,21277,,1,,gx-no-cache=1713453897087 HTTP/1.1" 200 3885
181.212.43.89 - - [18/Apr/2024:12:28:36 -0300] "POST /cormun/servlet/solicitudotadjuntos?gx-no-cache=1713453899045 HTTP/1.1" 200 26
181.212.43.89 - - [18/Apr/2024:12:28:44 -0300] "GET /cormun/servlet/solicitudotadjuntos?9818d8f52808c31e310ebcac175a9221762c66407ce2722e81914383642aae17,gx-no-cache=1713453907121 HTTP/1.1" 200 30
181.212.43.89 - - [18/Apr/2024:12:28:44 -0300] "GET /cormun/servlet/solicitudotadjuntos?9818d8f52808c31e310ebcac175a9221762c66407ce2722e81914383642aae17,gx-no-cache=1713453907190 HTTP/1.1" 200 30
181.212.43.89 - - [18/Apr/2024:12:28:47 -0300] "POST /cormun/servlet/solicitudotadjuntos?f40bcf43f5c48997efcfe7dd93110af7,INS,2024,21277,,1, HTTP/1.1" 200 116
181.212.43.89 - - [18/Apr/2024:12:28:47 -0300] "GET /cormun/servlet/hpexe_return? HTTP/1.1" 200 1024
181.212.43.89 - - [18/Apr/2024:12:28:48 -0300] "GET /cormun/servlet/trsolicitudadjuntos?2024,21277, HTTP/1.1" 200 9355
181.212.43.89 - - [18/Apr/2024:12:28:50 -0300] "GET /cormun/servlet/solicitudotadjuntos?INS,2024,21277,,1, HTTP/1.1" 200 6067
181.212.43.89 - - [18/Apr/2024:12:28:50 -0300] "GET /cormun/static/about:blank HTTP/1.1" 404 1011
181.212.43.89 - - [18/Apr/2024:12:28:50 -0300] "GET /cormun/servlet/solicitudotadjuntos?9818d8f52808c31e310ebcac175a9221205e733304a0410118a0f8378b6af2f35701bb43dccb71bbbd5a0ddd6c8dcca4,gx-no-cache=1713453913664 HTTP/1.1" 200 30
181.212.43.89 - - [18/Apr/2024:12:28:51 -0300] "POST /cormun/servlet/solicitudotadjuntos?f40bcf43f5c48997efcfe7dd93110af7,INS,2024,21277,,1,,gx-no-cache=1713453913751 HTTP/1.1" 200 3886
181.212.43.89 - - [18/Apr/2024:12:28:53 -0300] "POST /cormun/servlet/solicitudotadjuntos?gx-no-cache=1713453916494 HTTP/1.1" 200 26
181.212.43.89 - - [18/Apr/2024:12:28:59 -0300] "GET /cormun/servlet/solicitudotadjuntos?9818d8f52808c31e310ebcac175a9221762c66407ce2722e81914383642aae17,gx-no-cache=1713453922285 HTTP/1.1" 200 30
181.212.43.89 - - [18/Apr/2024:12:28:59 -0300] "GET /cormun/servlet/solicitudotadjuntos?9818d8f52808c31e310ebcac175a9221762c66407ce2722e81914383642aae17,gx-no-cache=1713453922327 HTTP/1.1" 200 30
181.212.43.89 - - [18/Apr/2024:12:28:59 -0300] "POST /cormun/servlet/solicitudotadjuntos?f40bcf43f5c48997efcfe7dd93110af7,INS,2024,21277,,1, HTTP/1.1" 200 116
181.212.43.89 - - [18/Apr/2024:12:28:59 -0300] "GET /cormun/servlet/hpexe_return? HTTP/1.1" 200 1024
181.212.43.89 - - [18/Apr/2024:12:29:00 -0300] "GET /cormun/servlet/trsolicitudadjuntos?2024,21277, HTTP/1.1" 200 9593
181.212.43.89 - - [18/Apr/2024:12:29:02 -0300] "GET /cormun/servlet/solicitudotadjuntos?INS,2024,21277,,1, HTTP/1.1" 200 6067
181.212.43.89 - - [18/Apr/2024:12:29:02 -0300] "GET /cormun/static/about:blank HTTP/1.1" 404 1011
181.212.43.89 - - [18/Apr/2024:12:29:02 -0300] "GET /cormun/servlet/solicitudotadjuntos?9818d8f52808c31e310ebcac175a9221205e733304a0410118a0f8378b6af2f35701bb43dccb71bbbd5a0ddd6c8dcca4,gx-no-cache=1713453925685 HTTP/1.1" 200 30
181.212.43.89 - - [18/Apr/2024:12:29:02 -0300] "POST /cormun/servlet/solicitudotadjuntos?f40bcf43f5c48997efcfe7dd93110af7,INS,2024,21277,,1,,gx-no-cache=1713453925717 HTTP/1.1" 200 3886
181.212.43.89 - - [18/Apr/2024:12:29:05 -0300] "POST /cormun/servlet/solicitudotadjuntos?gx-no-cache=1713453928038 HTTP/1.1" 200 26
181.212.43.89 - - [18/Apr/2024:12:29:11 -0300] "GET /cormun/servlet/solicitudotadjuntos?9818d8f52808c31e310ebcac175a9221762c66407ce2722e81914383642aae17,gx-no-cache=1713453934380 HTTP/1.1" 200 30
181.212.43.89 - - [18/Apr/2024:12:29:11 -0300] "GET /cormun/servlet/solicitudotadjuntos?9818d8f52808c31e310ebcac175a9221762c66407ce2722e81914383642aae17,gx-no-cache=1713453934456 HTTP/1.1" 200 30
181.212.43.89 - - [18/Apr/2024:12:29:11 -0300] "POST /cormun/servlet/solicitudotadjuntos?f40bcf43f5c48997efcfe7dd93110af7,INS,2024,21277,,1, HTTP/1.1" 200 116
181.212.43.89 - - [18/Apr/2024:12:29:11 -0300] "GET /cormun/servlet/hpexe_return? HTTP/1.1" 200 1024
181.212.43.89 - - [18/Apr/2024:12:29:12 -0300] "GET /cormun/servlet/trsolicitudadjuntos?2024,21277, HTTP/1.1" 200 9843
181.212.43.89 - - [18/Apr/2024:12:29:14 -0300] "GET /cormun/servlet/solicitudotadjuntos?INS,2024,21277,,1, HTTP/1.1" 200 6067
181.212.43.89 - - [18/Apr/2024:12:29:14 -0300] "GET /cormun/static/about:blank HTTP/1.1" 404 1011
181.212.43.89 - - [18/Apr/2024:12:29:14 -0300] "GET /cormun/servlet/solicitudotadjuntos?9818d8f52808c31e310ebcac175a9221205e733304a0410118a0f8378b6af2f35701bb43dccb71bbbd5a0ddd6c8dcca4,gx-no-cache=1713453937727 HTTP/1.1" 200 30
181.212.43.89 - - [18/Apr/2024:12:29:15 -0300] "POST /cormun/servlet/solicitudotadjuntos?f40bcf43f5c48997efcfe7dd93110af7,INS,2024,21277,,1,,gx-no-cache=1713453937780 HTTP/1.1" 200 3886
181.212.43.89 - - [18/Apr/2024:12:29:16 -0300] "POST /cormun/servlet/solicitudotadjuntos?gx-no-cache=1713453939460 HTTP/1.1" 200 26
181.212.43.89 - - [18/Apr/2024:12:29:22 -0300] "GET /cormun/servlet/solicitudotadjuntos?9818d8f52808c31e310ebcac175a9221762c66407ce2722e81914383642aae17,gx-no-cache=1713453944927 HTTP/1.1" 200 30
181.212.43.89 - - [18/Apr/2024:12:29:22 -0300] "GET /cormun/servlet/solicitudotadjuntos?9818d8f52808c31e310ebcac175a9221762c66407ce2722e81914383642aae17,gx-no-cache=1713453945001 HTTP/1.1" 200 30
181.212.43.89 - - [18/Apr/2024:12:29:22 -0300] "POST /cormun/servlet/solicitudotadjuntos?f40bcf43f5c48997efcfe7dd93110af7,INS,2024,21277,,1, HTTP/1.1" 200 116
181.212.43.89 - - [18/Apr/2024:12:29:22 -0300] "GET /cormun/servlet/hpexe_return? HTTP/1.1" 200 1024
181.212.43.89 - - [18/Apr/2024:12:29:23 -0300] "GET /cormun/servlet/trsolicitudadjuntos?2024,21277, HTTP/1.1" 200 10112
181.212.43.89 - - [18/Apr/2024:12:29:25 -0300] "GET /cormun/servlet/solicitudotadjuntos?INS,2024,21277,,1, HTTP/1.1" 200 6067
181.212.43.89 - - [18/Apr/2024:12:29:25 -0300] "GET /cormun/static/about:blank HTTP/1.1" 404 1011
181.212.43.89 - - [18/Apr/2024:12:29:25 -0300] "GET /cormun/servlet/solicitudotadjuntos?9818d8f52808c31e310ebcac175a9221205e733304a0410118a0f8378b6af2f35701bb43dccb71bbbd5a0ddd6c8dcca4,gx-no-cache=1713453948518 HTTP/1.1" 200 30
181.212.43.89 - - [18/Apr/2024:12:29:25 -0300] "POST /cormun/servlet/solicitudotadjuntos?f40bcf43f5c48997efcfe7dd93110af7,INS,2024,21277,,1,,gx-no-cache=1713453948593 HTTP/1.1" 200 3886
181.212.43.89 - - [18/Apr/2024:12:29:28 -0300] "POST /cormun/servlet/solicitudotadjuntos?gx-no-cache=1713453951325 HTTP/1.1" 200 26
181.212.43.89 - - [18/Apr/2024:12:29:35 -0300] "GET /cormun/servlet/solicitudotadjuntos?9818d8f52808c31e310ebcac175a9221762c66407ce2722e81914383642aae17,gx-no-cache=1713453958259 HTTP/1.1" 200 30
181.212.43.89 - - [18/Apr/2024:12:29:35 -0300] "GET /cormun/servlet/solicitudotadjuntos?9818d8f52808c31e310ebcac175a9221762c66407ce2722e81914383642aae17,gx-no-cache=1713453958342 HTTP/1.1" 200 30
181.212.43.89 - - [18/Apr/2024:12:29:35 -0300] "POST /cormun/servlet/solicitudotadjuntos?f40bcf43f5c48997efcfe7dd93110af7,INS,2024,21277,,1, HTTP/1.1" 200 116
181.212.43.89 - - [18/Apr/2024:12:29:36 -0300] "GET /cormun/servlet/hpexe_return? HTTP/1.1" 200 1024
181.212.43.89 - - [18/Apr/2024:12:29:36 -0300] "GET /cormun/servlet/trsolicitudadjuntos?2024,21277, HTTP/1.1" 200 10294
181.212.43.89 - - [18/Apr/2024:12:29:39 -0300] "POST /cormun/servlet/trsolicitudadjuntos?f40bcf43f5c48997efcfe7dd93110af7,2024,21277,,gx-no-cache=1713453962196 HTTP/1.1" 200 90
181.212.43.89 - - [18/Apr/2024:12:29:39 -0300] "GET /cormun/servlet/hpexe_link HTTP/1.1" 200 988
181.212.43.89 - - [18/Apr/2024:12:29:39 -0300] "GET /cormun/servlet/trsolicitudot?gx-no-cache=1713453244512 HTTP/1.1" 200 8610
218.38.210.48 - tomcat [18/Apr/2024:12:29:44 -0300] "GET /manager/html HTTP/1.1" 403 3196
181.212.43.89 - - [18/Apr/2024:12:29:55 -0300] "GET /cormun/servlet/solicitudot?INS,0,0,false, HTTP/1.1" 200 16029
209.141.55.133 - tomcat [18/Apr/2024:12:31:34 -0300] "GET /manager/html HTTP/1.1" 403 3196
218.38.210.48 - tomcat [18/Apr/2024:12:31:47 -0300] "GET /manager/html HTTP/1.1" 403 3196
181.212.43.89 - - [18/Apr/2024:12:32:48 -0300] "POST /cormun/servlet/solicitudot?gx-no-cache=1713454150873 HTTP/1.1" 200 4156
181.212.43.89 - - [18/Apr/2024:12:32:48 -0300] "POST /cormun/servlet/solicitudot?f40bcf43f5c48997efcfe7dd93110af7,INS,0,0,false,,gx-no-cache=1713454151007 HTTP/1.1" 200 12765
181.212.43.89 - - [18/Apr/2024:12:32:49 -0300] "GET /cormun/servlet/solicitudot?9818d8f52808c31e310ebcac175a92215ba01fb695ed4f6751eef51ed0173848fb6f9c75828fd0903eca461cfe7b8623,gx-no-cache=1713454151974 HTTP/1.1" 200 30
181.212.43.89 - - [18/Apr/2024:12:33:05 -0300] "GET /cormun/servlet/solicitudot?9818d8f52808c31e310ebcac175a922112a30d699ba5742c865beaeff07b2c44732e0a7ea25b39a0fd846cfdbd645ec041119ab144f5cd616d6f291146f37edf,gx-no-cache=1713454167864 HTTP/1.1" 200 30
181.212.43.89 - - [18/Apr/2024:12:33:05 -0300] "GET /cormun/servlet/solicitudot?9818d8f52808c31e310ebcac175a92218e80f6b778ba3f229476b51abb62ccad,gx-no-cache=1713454167881 HTTP/1.1" 200 53
181.212.43.89 - - [18/Apr/2024:12:33:05 -0300] "POST /cormun/servlet/solicitudot?gx-no-cache=1713454167899 HTTP/1.1" 200 297
181.212.43.89 - - [18/Apr/2024:12:33:05 -0300] "GET /cormun/servlet/solicitudot?9818d8f52808c31e310ebcac175a9221523a61407ac12fcfa29ff370e0b44bd8e5840161522b51615a20828de28b05a2ee9d05930b3cd5cbc8a20f6e9af3a4d45a515d35e6c3cd377847d69f111ac50b7b1972b6ce1271aac1966b032dea3483c00ef1bc14ea02f8580531796b8eb67960535973e376764451ed559da7a55ede15ca82f4d58d79e5d6b79825851c1b04de0d50e7a7845989bf4bc0b87e90df3c0a4688ed45d37e026522ad6ff0777ae9b7912ec4f6f9ff2a1de315838ec73668d5544682063f7c8a40a83a746cb03d756bd7fb721745a2858df3cda9ba77743e02f4e1e22f898b0052c5bbcef7cd929512488e0bda9338dc1e6b5abd0c4054b2edac590da3b349b069e474f72fac2300f9c276c663239535a0684b29e7116f40debaa274555f18c1c0e00399f07a7eab5b34abd3cf98a1f7ccec66f090b978de1d9964bfbf4b84d1a953431446a4fd089240fc9eb7375d25f21653f4228d33499203397f660d4386ff180e3bb4e31008c5a40372d70b1196cd7e86f1bab8116141119ab144f5cd616d6f291146f37edf,gx-no-cache=1713454167922 HTTP/1.1" 200 30
181.212.43.89 - - [18/Apr/2024:12:33:06 -0300] "POST /cormun/servlet/solicitudot?gx-no-cache=1713454169385 HTTP/1.1" 200 30
218.38.210.48 - tomcat [18/Apr/2024:12:33:50 -0300] "GET /manager/html HTTP/1.1" 403 3196
181.212.43.89 - - [18/Apr/2024:12:35:32 -0300] "POST /cormun/servlet/solicitudot?gx-no-cache=1713454314940 HTTP/1.1" 200 297
181.212.43.89 - - [18/Apr/2024:12:35:32 -0300] "GET /cormun/servlet/solicitudot?9818d8f52808c31e310ebcac175a9221523a61407ac12fcfa29ff370e0b44bd8e5840161522b51615a20828de28b05a2ee9d05930b3cd5cbc8a20f6e9af3a4d45a515d35e6c3cd377847d69f111ac50b7b1972b6ce1271aac1966b032dea3483c00ef1bc14ea02f8580531796b8eb67960535973e376764451ed559da7a55ede15ca82f4d58d79e5d6b79825851c1b04de0d50e7a7845989bf4bc0b87e90df3c0a4688ed45d37e026522ad6ff0777ae9b7912ec4f6f9ff2a1de315838ec73668d5544682063f7c8a40a83a746cb03d756bd7fb721745a2858df3cda9ba77743e02f4e1e22f898b0052c5bbcef7cd929512488e0bda9338dc1e6b5abd0c4054b2edac590da3b349b069e474f72fac2300f9c276c663239535a0684b29e7116f40debaa274555f18c1c0e00399f07a7eab5b34abd3cf98a1f7ccec66f090b978de1d9964bfbf4b84d1a953431446a4fd089240fc9eb7375d25f21653f4228d33499203397f660d4386ff180e3bb4e31008e4bc34d1ff5f897b1650ebd1ecdd612741119ab144f5cd616d6f291146f37edf,gx-no-cache=1713454315104 HTTP/1.1" 200 30
181.212.43.89 - - [18/Apr/2024:12:35:32 -0300] "POST /cormun/servlet/solicitudot?gx-no-cache=1713454315188 HTTP/1.1" 200 30
181.212.43.89 - - [18/Apr/2024:12:35:32 -0300] "POST /cormun/servlet/solicitudot?gx-no-cache=1713454315243 HTTP/1.1" 200 1481
181.212.43.89 - - [18/Apr/2024:12:35:32 -0300] "POST /cormun/servlet/solicitudot?gx-no-cache=1713454315271 HTTP/1.1" 200 38
181.212.43.89 - - [18/Apr/2024:12:35:32 -0300] "GET /cormun/servlet/solicitudot?9818d8f52808c31e310ebcac175a92217427b52021191ee303f313995370664d3cf6580dc4a537626d8af4dedc6e2cf8824f7201bc391aa9abf9e2bcaf6b0b2f2c30e07828bdf0652541ad0783a2411091cb0efe3c3634ee5e3e25d39464418049af87352b532203df0721792314c020,gx-no-cache=1713454315287 HTTP/1.1" 200 110
181.212.43.89 - - [18/Apr/2024:12:35:36 -0300] "POST /cormun/servlet/solicitudot?gx-no-cache=1713454319291 HTTP/1.1" 200 72
181.212.43.89 - - [18/Apr/2024:12:35:42 -0300] "GET /cormun/servlet/solicitudot?9818d8f52808c31e310ebcac175a92210510bcbb8fba19ac8fc7a768d9be5cfd2f1f34b0cb6b9eb5df33192801ac69fc91a8d4a91d838f864a018664e1065e42730786d0ccd60a91647b34ce9af238b1d88ec759e9d760fdef692d15a0946c2955c56f281d4bf0bbab22de43faf421d7,gx-no-cache=1713454324923 HTTP/1.1" 200 29
