192.168.10.96 - - [18/Apr/2024:10:10:35 -0300] "GET /cormun/servlet/solicitudot?09514a0d2bd94da51fd46c100786ee2ac984070e31a759d0c487d4703bf5a06b,gx-no-cache=1713445620832 HTTP/1.1" 200 94
192.168.10.96 - - [18/Apr/2024:10:10:35 -0300] "GET /cormun/servlet/solicitudot?09514a0d2bd94da51fd46c100786ee2a82e3142f02009f6b3b220861ae551ecf,gx-no-cache=1713445620863 HTTP/1.1" 200 29
190.171.141.138 - - [18/Apr/2024:10:10:38 -0300] "GET /cormun/servlet/trpermisosgoce? HTTP/1.1" 200 13247
190.171.141.138 - - [18/Apr/2024:10:10:43 -0300] "POST /cormun/servlet/trpermisosgoce?490528b5d918f78f2522edccc0048c19,,gx-no-cache=1713445625984 HTTP/1.1" 200 10267
190.171.141.138 - - [18/Apr/2024:10:10:43 -0300] "GET /cormun/static/Shared/jqueryui/images/ui-bg_highlight-soft_100_c6c2c8_1x100.png HTTP/1.1" 404 1117
190.171.141.138 - - [18/Apr/2024:10:10:43 -0300] "GET /cormun/static/Shared/jqueryui/images/ui-icons_82798d_256x240.png HTTP/1.1" 404 1089
190.171.141.138 - - [18/Apr/2024:10:10:43 -0300] "GET /cormun/static/Shared/jqueryui/images/ui-bg_flat_55_fafafa_40x100.png HTTP/1.1" 404 1097
190.171.141.138 - - [18/Apr/2024:10:10:43 -0300] "GET /cormun/static/Shared/jqueryui/images/ui-icons_8d78a5_256x240.png HTTP/1.1" 404 1089
190.171.141.138 - - [18/Apr/2024:10:10:47 -0300] "GET /cormun/servlet/trautorizarpermisogoce? HTTP/1.1" 200 8169
192.168.10.96 - - [18/Apr/2024:10:10:52 -0300] "POST /cormun/servlet/solicitudot?gx-no-cache=1713445637665 HTTP/1.1" 200 240
190.171.141.138 - - [18/Apr/2024:10:10:53 -0300] "POST /cormun/servlet/trautorizarpermisogoce?490528b5d918f78f2522edccc0048c19,,gx-no-cache=1713445636454 HTTP/1.1" 200 4526
192.168.10.96 - - [18/Apr/2024:10:10:54 -0300] "GET /cormun/servlet/solicitudot?09514a0d2bd94da51fd46c100786ee2a978c5e39e5e59dfe54009ea9e3f7e95d4aca92fb0672d2b3d5a03235d11e3df47048af495cf11129ba0e9c21be6fbe09cce24c8a7e9efb7af363ca5c5a67ae5acc65324fc590259cb9ecf1a026216a8fd608df914500d45a3934ce67e4f38378236108475a75b2e193826099352b0135929e94b0857c5740eecea8b2183a4eca4ca3c92a8e640ed69ef50f0b63421890d89f5d6890ef3419643ca3c240aed84727f8b7f4ea5e67d3bef4a4d6666edda6bc9fb7682f5cb5ac79b94612811038727a1e7c3dd2f7933645dffaae5d8cee49824846a37a1bdbc7ef27b7a3218cfaaaebac37ca08e24b5b624c5d88f0f66537afe1279d694331d125f5c7f9e0c4d63fd462b67834e57363b8bba8bca2fc8b115ebebd18437fcfb0804493e39502a3964d2800045d827178279b158f1d9e10bd93cc1c5a30c71bd2038af0667c2b0525ec13fc1b1dda822a404b1ebbb1b2be01bb260910c7a72d9a512223ce3b458f6c9b3c731865aade771f1a93057b4cbbc5,gx-no-cache=1713445639520 HTTP/1.1" 200 30
190.171.141.138 - - [18/Apr/2024:10:11:00 -0300] "GET /cormun/servlet/trpermisosgoce? HTTP/1.1" 200 13242
201.186.225.183 - - [18/Apr/2024:10:12:29 -0300] "GET /cormun/servlet/trsolicitudot? HTTP/1.1" 200 7178
201.186.225.183 - - [18/Apr/2024:10:12:31 -0300] "GET /cormun/servlet/solicitudot?INS,0,0,false, HTTP/1.1" 200 15950
201.186.225.183 - - [18/Apr/2024:10:12:37 -0300] "POST /cormun/servlet/solicitudot?gx-no-cache=1713445741463 HTTP/1.1" 200 4022
201.186.225.183 - - [18/Apr/2024:10:12:37 -0300] "POST /cormun/servlet/solicitudot?2d96f7f62919c41213206b291e1111c2,INS,0,0,false,,gx-no-cache=1713445741586 HTTP/1.1" 200 12600
201.186.225.183 - - [18/Apr/2024:10:12:38 -0300] "GET /cormun/servlet/solicitudot?e4d1f948282d7155afcdcef079c9809a87fd803b7045af8d42c5cf7b3c89303537edc6e20361f7b5133cb9bf21d0689d,gx-no-cache=1713445742305 HTTP/1.1" 200 30
190.171.152.114 - - [18/Apr/2024:10:13:25 -0300] "GET /cormun/servlet/hlogin HTTP/1.1" 200 1719
190.171.152.114 - - [18/Apr/2024:10:13:25 -0300] "GET /cormun/servlet/hlogin HTTP/1.1" 200 1730
201.186.225.183 - - [18/Apr/2024:10:13:33 -0300] "GET /cormun/servlet/prbanco?,MD,,gxPopupLevel%3D0%3B HTTP/1.1" 200 6568
201.186.225.183 - - [18/Apr/2024:10:13:33 -0300] "GET /cormun/servlet/prbanco?,MD,,gxPopupLevel%3D0%3B,gxPopupLevel%3D0%3B HTTP/1.1" 200 6573
201.186.225.183 - - [18/Apr/2024:10:13:35 -0300] "GET /cormun/servlet/solicitudot?e4d1f948282d7155afcdcef079c9809a37498c21cf4f3f35906726c345f337a816463d570eef0088d76d3c6b4ba3fdb0060b63dad12166b95e872ae50f96ad4e,gx-no-cache=1713445799696 HTTP/1.1" 200 30
201.186.225.183 - - [18/Apr/2024:10:13:36 -0300] "GET /cormun/servlet/solicitudot?e4d1f948282d7155afcdcef079c9809aa025ee5d70854a954de9b0fae66f565c,gx-no-cache=1713445800451 HTTP/1.1" 200 53
190.171.152.114 - - [18/Apr/2024:10:13:40 -0300] "POST /cormun/servlet/hlogin?84158dfa95a17b8e8c02ec25f1c653b0,gx-no-cache=1713445803459 HTTP/1.1" 200 90
190.171.152.114 - - [18/Apr/2024:10:13:40 -0300] "GET /cormun/servlet/hpexe_link HTTP/1.1" 200 950
190.171.152.114 - - [18/Apr/2024:10:13:40 -0300] "GET /cormun/servlet/hhome HTTP/1.1" 200 4330
190.171.152.114 - - [18/Apr/2024:10:13:43 -0300] "GET /cormun/servlet/trlicencias? HTTP/1.1" 200 13310
201.186.225.183 - - [18/Apr/2024:10:13:44 -0300] "POST /cormun/servlet/solicitudot?gx-no-cache=1713445808806 HTTP/1.1" 200 255
201.186.225.183 - - [18/Apr/2024:10:13:46 -0300] "GET /cormun/servlet/solicitudot?e4d1f948282d7155afcdcef079c9809a1d600186580205f1ac02554bde19228b3b0e2b56457d6ff4492df15d4ea6bdec7ded2e8b607ad8a96622bef730d71d911ee96d86d6403cf7ac9ef02884b17364c143afc66c8ea2a42ac4e1054c70bf546b4e40a641db3c44b1f7a0f8aa28c4d3860cb1b7c27bc345224b22912a6c59e1db431dfb0061e8fdb85e5bbcac45940038c421dc252e336cdcc798e8e141547b79d16c9a11b07e61d9ec9c1169e22e84631b938f89b323155aca41f3b48f7d9cc0130cf9f8c6652fe7f8d89c3aaab9953c96a2ac709da44b65a529fbc0b368ba95d8135bb323a7c42a356ab947b12d9dbf71aac9381880d06443c2258f4e0fa117010e4c8019b93ca02f1973dec92fa3ac7c56736bd184e47072451a2af8badb361cc9745c46902921d776b3a48337bf6ac011ec0ab8c72e015703316ecda3830f5e2b9210ea31e5ae98ec235fd89d369d6b06d4403e6ca56fcbe78a0afab29284141e33a9ba8b4d2fc96d8f06b79ac4861e540b56a660b54f81ce8336ba3c2c,gx-no-cache=1713445810104 HTTP/1.1" 200 30
201.186.225.183 - - [18/Apr/2024:10:13:47 -0300] "POST /cormun/servlet/solicitudot?gx-no-cache=1713445811834 HTTP/1.1" 200 30
201.186.225.183 - - [18/Apr/2024:10:13:48 -0300] "POST /cormun/servlet/solicitudot?gx-no-cache=1713445812967 HTTP/1.1" 200 1479
201.186.225.183 - - [18/Apr/2024:10:13:49 -0300] "POST /cormun/servlet/solicitudot?gx-no-cache=1713445813006 HTTP/1.1" 200 38
181.212.43.89 - - [18/Apr/2024:10:13:49 -0300] "GET /cormun/servlet/hlogin HTTP/1.1" 200 1723
181.212.43.89 - - [18/Apr/2024:10:13:53 -0300] "POST /cormun/servlet/hlogin?db62982547113efe6cf5be7688fadb0c,gx-no-cache=1713445813481 HTTP/1.1" 200 90
181.212.43.89 - - [18/Apr/2024:10:13:53 -0300] "GET /cormun/servlet/hpexe_link HTTP/1.1" 200 954
181.212.43.89 - - [18/Apr/2024:10:13:53 -0300] "GET /cormun/servlet/hhome HTTP/1.1" 200 4253
181.212.43.89 - - [18/Apr/2024:10:13:55 -0300] "GET /cormun/servlet/trautorizarsolicitud? HTTP/1.1" 200 10422
201.186.225.183 - - [18/Apr/2024:10:14:01 -0300] "GET /cormun/servlet/solicitudot?e4d1f948282d7155afcdcef079c9809a089c9f066e905a73a007fb78ef4e273cac1829265e23b1fd2d76a0bedd83f2bdb1d7c5bfed40efbe8d7e5f1b698605061dbbded2f56e7a812676df386ddd8b6dca7b7172af280bfd8876d79300b1b31c01d36f7a80b508ff5497ce4712f102bf,gx-no-cache=1713445825450 HTTP/1.1" 200 110
201.186.225.183 - - [18/Apr/2024:10:14:11 -0300] "POST /cormun/servlet/solicitudot?gx-no-cache=1713445835948 HTTP/1.1" 200 110
181.212.43.89 - - [18/Apr/2024:10:14:17 -0300] "POST /cormun/servlet/trautorizarsolicitud?db62982547113efe6cf5be7688fadb0c,,gx-no-cache=1713445837560 HTTP/1.1" 200 7302
181.212.43.89 - - [18/Apr/2024:10:14:17 -0300] "GET /cormun/static/Shared/jqueryui/images/ui-bg_highlight-soft_100_c6c2c8_1x100.png HTTP/1.1" 404 1117
181.212.43.89 - - [18/Apr/2024:10:14:17 -0300] "GET /cormun/static/Shared/jqueryui/images/ui-icons_82798d_256x240.png HTTP/1.1" 404 1089
181.212.43.89 - - [18/Apr/2024:10:14:17 -0300] "GET /cormun/static/Shared/jqueryui/images/ui-bg_flat_55_fafafa_40x100.png HTTP/1.1" 404 1097
181.212.43.89 - - [18/Apr/2024:10:14:17 -0300] "GET /cormun/static/Shared/jqueryui/images/ui-icons_8d78a5_256x240.png HTTP/1.1" 404 1089
181.212.43.89 - - [18/Apr/2024:10:14:17 -0300] "POST /cormun/servlet/trautorizarsolicitud?db62982547113efe6cf5be7688fadb0c,,gx-no-cache=1713445837770 HTTP/1.1" 200 7247
181.212.43.89 - - [18/Apr/2024:10:14:21 -0300] "POST /cormun/servlet/trautorizarsolicitud?db62982547113efe6cf5be7688fadb0c,,gx-no-cache=1713445841934 HTTP/1.1" 200 6977
181.212.43.89 - - [18/Apr/2024:10:14:21 -0300] "POST /cormun/servlet/trautorizarsolicitud?db62982547113efe6cf5be7688fadb0c,,gx-no-cache=1713445842072 HTTP/1.1" 200 6923
181.212.43.89 - - [18/Apr/2024:10:14:26 -0300] "POST /cormun/servlet/trautorizarsolicitud?db62982547113efe6cf5be7688fadb0c,,gx-no-cache=1713445847198 HTTP/1.1" 200 116
181.212.43.89 - - [18/Apr/2024:10:14:26 -0300] "GET /cormun/servlet/solicitudotlog?INS,2024,21270,0,REC, HTTP/1.1" 200 6066
181.212.43.89 - - [18/Apr/2024:10:14:26 -0300] "GET /cormun/static/gxcfg.js?202211298384126 HTTP/1.1" 200 953
181.212.43.89 - - [18/Apr/2024:10:14:26 -0300] "GET /cormun/static/solicitudotlog.js?202211298384130 HTTP/1.1" 200 8934
181.212.43.89 - - [18/Apr/2024:10:14:27 -0300] "GET /cormun/servlet/solicitudotlog?f88ade5ef1ce4da2ecefa3a02ef97bfbefd7061faabf6065f7b30377bc5b8aa41baeb2a0d2ba3c734348f40c53457b4204409bf9e56ab53d95bce0dc78333e936f9f32b3b957093d2f106ab6160b1b6a316d71e32a12074fd2adb13e741650a75c863daefceab855356bc32cfd2f5139c68ea6e8bb987d5ba53b2e24eb060184690cb41199b627d1bb326aaefacb01fba8a13fde045f5029759ddf53bec860e3,gx-no-cache=1713445847995 HTTP/1.1" 200 94
181.212.43.89 - - [18/Apr/2024:10:14:38 -0300] "POST /cormun/servlet/solicitudotlog?db62982547113efe6cf5be7688fadb0c,INS,2024,21270,0,REC,,gx-no-cache=1713445858711 HTTP/1.1" 200 93
181.212.43.89 - - [18/Apr/2024:10:14:38 -0300] "GET /cormun/servlet/hpexe_return? HTTP/1.1" 200 1032
181.212.43.89 - - [18/Apr/2024:10:14:38 -0300] "GET /cormun/static/hpexe_return.js?20221129846037 HTTP/1.1" 200 1633
181.212.43.89 - - [18/Apr/2024:10:14:38 -0300] "GET /cormun/static/gxcfg.js?20221129846035 HTTP/1.1" 200 953
181.212.43.89 - - [18/Apr/2024:10:14:38 -0300] "GET /cormun/servlet/trautorizarsolicitud? HTTP/1.1" 200 9483
201.186.225.183 - - [18/Apr/2024:10:15:47 -0300] "GET /cormun/servlet/solicitudot?e4d1f948282d7155afcdcef079c9809a5da1d37d64ee8ad1184b9b77dbfb6ddba535f7a79c8b50afea154e1aa48e83d3f6b338b75a2311c003d101d58f438ba22655aa277d35dc78c4fdafd7130445c049579a5d4de14b157adf63ca4e1a7f35772def6a7471283ebc4a47b127f301d2,gx-no-cache=1713445931838 HTTP/1.1" 200 29
201.186.225.183 - - [18/Apr/2024:10:15:47 -0300] "GET /cormun/static/menuarrow.gif HTTP/1.1" 404 1015
201.186.225.183 - - [18/Apr/2024:10:15:50 -0300] "GET /cormun/servlet/solicitudot?e4d1f948282d7155afcdcef079c9809acc5ad89197bb97ff756086ab0c27610f7fd01e2fbfbcf52dd80ac6a224f461f4,gx-no-cache=1713445934658 HTTP/1.1" 200 30
201.186.225.183 - - [18/Apr/2024:10:15:53 -0300] "POST /cormun/servlet/solicitudot?gx-no-cache=1713445937719 HTTP/1.1" 200 30
192.168.10.17 - - [18/Apr/2024:10:16:08 -0300] "GET /cormun/servlet/vesolicitudgral?2024,21177,, HTTP/1.1" 200 8414
192.168.10.17 - - [18/Apr/2024:10:16:08 -0300] "GET /cormun/pexe_scrolldiv.js HTTP/1.1" 404 1009
192.168.10.17 - - [18/Apr/2024:10:16:12 -0300] "POST /cormun/servlet/vesolicitudgral?b5b54f698205c04dcce832311494773b,2024,21177,,,gx-no-cache=1713445957908 HTTP/1.1" 200 12332
192.168.10.17 - - [18/Apr/2024:10:16:12 -0300] "GET /cormun/static/Shared/jqueryui/images/ui-icons_82798d_256x240.png HTTP/1.1" 404 1089
192.168.10.17 - - [18/Apr/2024:10:16:12 -0300] "GET /cormun/static/Shared/jqueryui/images/ui-bg_highlight-soft_100_c6c2c8_1x100.png HTTP/1.1" 404 1117
192.168.10.17 - - [18/Apr/2024:10:16:12 -0300] "GET /cormun/static/Shared/jqueryui/images/ui-icons_8d78a5_256x240.png HTTP/1.1" 404 1089
192.168.10.17 - - [18/Apr/2024:10:16:12 -0300] "GET /cormun/static/Shared/jqueryui/images/ui-bg_flat_55_fafafa_40x100.png HTTP/1.1" 404 1097
192.168.10.17 - - [18/Apr/2024:10:16:12 -0300] "POST /cormun/servlet/vesolicitudgral?b5b54f698205c04dcce832311494773b,2024,21177,,,gx-no-cache=1713445958045 HTTP/1.1" 200 12265
201.186.225.183 - - [18/Apr/2024:10:16:16 -0300] "POST /cormun/servlet/solicitudot?2d96f7f62919c41213206b291e1111c2,INS,0,0,false,,gx-no-cache=1713445960345 HTTP/1.1" 200 93
201.186.225.183 - - [18/Apr/2024:10:16:16 -0300] "GET /cormun/servlet/hpexe_return? HTTP/1.1" 200 1008
201.186.225.183 - - [18/Apr/2024:10:16:17 -0300] "GET /cormun/servlet/trsolicitudot HTTP/1.1" 200 8577
192.168.10.17 - - [18/Apr/2024:10:16:29 -0300] "GET /cormun/servlet/trsolicitudgral? HTTP/1.1" 200 28537
181.212.43.89 - - [18/Apr/2024:10:16:29 -0300] "POST /cormun/servlet/trautorizarsolicitud?db62982547113efe6cf5be7688fadb0c,,gx-no-cache=1713445970078 HTTP/1.1" 200 116
181.212.43.89 - - [18/Apr/2024:10:16:29 -0300] "GET /cormun/servlet/solicitudotlog?INS,2024,21268,0,REC, HTTP/1.1" 200 6067
181.212.43.89 - - [18/Apr/2024:10:16:30 -0300] "GET /cormun/servlet/solicitudotlog?f88ade5ef1ce4da2ecefa3a02ef97bfb2ba3b01dcb950b54c9376cdb376a7d031baeb2a0d2ba3c734348f40c53457b4204409bf9e56ab53d95bce0dc78333e936f9f32b3b957093d2f106ab6160b1b6a316d71e32a12074fd2adb13e741650a75c863daefceab855356bc32cfd2f5139c68ea6e8bb987d5ba53b2e24eb060184690cb41199b627d1bb326aaefacb01fba8a13fde045f5029759ddf53bec860e3,gx-no-cache=1713445970892 HTTP/1.1" 200 94
201.186.225.183 - - [18/Apr/2024:10:16:30 -0300] "POST /cormun/servlet/trsolicitudot?2d96f7f62919c41213206b291e1111c2,gx-no-cache=1713445974514 HTTP/1.1" 200 107
201.186.225.183 - - [18/Apr/2024:10:16:30 -0300] "GET /cormun/servlet/trsolicitudadjuntos?2024,21273, HTTP/1.1" 200 6074
201.186.225.183 - - [18/Apr/2024:10:16:32 -0300] "GET /cormun/servlet/solicitudotadjuntos?INS,2024,21273,,1, HTTP/1.1" 200 6020
201.186.225.183 - - [18/Apr/2024:10:16:32 -0300] "GET /cormun/static/about:blank HTTP/1.1" 404 1011
201.186.225.183 - - [18/Apr/2024:10:16:33 -0300] "GET /cormun/servlet/solicitudotadjuntos?e4d1f948282d7155afcdcef079c9809aebb93e7f088b4aacf8ba486c8318449886e0a4db54dfb59056ea34c0d1f8e752,gx-no-cache=1713445977192 HTTP/1.1" 200 30
201.186.225.183 - - [18/Apr/2024:10:16:33 -0300] "POST /cormun/servlet/solicitudotadjuntos?2d96f7f62919c41213206b291e1111c2,INS,2024,21273,,1,,gx-no-cache=1713445977217 HTTP/1.1" 200 3897
201.186.225.183 - - [18/Apr/2024:10:16:34 -0300] "POST /cormun/servlet/solicitudotadjuntos?gx-no-cache=1713445978654 HTTP/1.1" 200 26
181.212.43.89 - - [18/Apr/2024:10:16:37 -0300] "POST /cormun/servlet/solicitudotlog?db62982547113efe6cf5be7688fadb0c,INS,2024,21268,0,REC,,gx-no-cache=1713445978334 HTTP/1.1" 200 93
181.212.43.89 - - [18/Apr/2024:10:16:37 -0300] "GET /cormun/servlet/hpexe_return? HTTP/1.1" 200 1031
181.212.43.89 - - [18/Apr/2024:10:16:38 -0300] "GET /cormun/servlet/trautorizarsolicitud HTTP/1.1" 200 9135
181.212.43.89 - - [18/Apr/2024:10:16:43 -0300] "POST /cormun/servlet/trautorizarsolicitud?db62982547113efe6cf5be7688fadb0c,gx-no-cache=1713445984037 HTTP/1.1" 200 116
181.212.43.89 - - [18/Apr/2024:10:16:43 -0300] "GET /cormun/servlet/solicitudotlog?INS,2024,21267,0,REC, HTTP/1.1" 200 6066
181.212.43.89 - - [18/Apr/2024:10:16:44 -0300] "GET /cormun/servlet/solicitudotlog?f88ade5ef1ce4da2ecefa3a02ef97bfb5db6bb7a216805d09578ecdcb66aa3321baeb2a0d2ba3c734348f40c53457b4204409bf9e56ab53d95bce0dc78333e936f9f32b3b957093d2f106ab6160b1b6a316d71e32a12074fd2adb13e741650a75c863daefceab855356bc32cfd2f5139c68ea6e8bb987d5ba53b2e24eb060184690cb41199b627d1bb326aaefacb01fba8a13fde045f5029759ddf53bec860e3,gx-no-cache=1713445984810 HTTP/1.1" 200 94
201.186.225.183 - - [18/Apr/2024:10:16:45 -0300] "GET /cormun/servlet/solicitudotadjuntos?e4d1f948282d7155afcdcef079c9809a1efd453424abba4d3ae76ed7880ef54a,gx-no-cache=1713445989941 HTTP/1.1" 200 30
201.186.225.183 - - [18/Apr/2024:10:16:45 -0300] "GET /cormun/servlet/solicitudotadjuntos?e4d1f948282d7155afcdcef079c9809a1efd453424abba4d3ae76ed7880ef54a,gx-no-cache=1713445989952 HTTP/1.1" 200 30
201.186.225.183 - - [18/Apr/2024:10:16:46 -0300] "POST /cormun/servlet/solicitudotadjuntos?2d96f7f62919c41213206b291e1111c2,INS,2024,21273,,1, HTTP/1.1" 200 116
201.186.225.183 - - [18/Apr/2024:10:16:46 -0300] "GET /cormun/servlet/hpexe_return? HTTP/1.1" 200 1026
201.186.225.183 - - [18/Apr/2024:10:16:46 -0300] "GET /cormun/servlet/trsolicitudadjuntos?2024,21273, HTTP/1.1" 200 9004
201.186.225.183 - - [18/Apr/2024:10:16:48 -0300] "GET /cormun/servlet/solicitudotadjuntos?INS,2024,21273,,1, HTTP/1.1" 200 6019
201.186.225.183 - - [18/Apr/2024:10:16:48 -0300] "GET /cormun/static/about:blank HTTP/1.1" 404 1011
201.186.225.183 - - [18/Apr/2024:10:16:49 -0300] "GET /cormun/servlet/solicitudotadjuntos?e4d1f948282d7155afcdcef079c9809aebb93e7f088b4aacf8ba486c8318449886e0a4db54dfb59056ea34c0d1f8e752,gx-no-cache=1713445993481 HTTP/1.1" 200 30
201.186.225.183 - - [18/Apr/2024:10:16:49 -0300] "POST /cormun/servlet/solicitudotadjuntos?2d96f7f62919c41213206b291e1111c2,INS,2024,21273,,1,,gx-no-cache=1713445993496 HTTP/1.1" 200 3897
201.186.225.183 - - [18/Apr/2024:10:16:52 -0300] "POST /cormun/servlet/solicitudotadjuntos?gx-no-cache=1713445996813 HTTP/1.1" 200 26
181.212.43.89 - - [18/Apr/2024:10:16:57 -0300] "POST /cormun/servlet/solicitudotlog?db62982547113efe6cf5be7688fadb0c,INS,2024,21267,0,REC,,gx-no-cache=1713445998222 HTTP/1.1" 200 93
181.212.43.89 - - [18/Apr/2024:10:16:57 -0300] "GET /cormun/servlet/hpexe_return? HTTP/1.1" 200 1031
181.212.43.89 - - [18/Apr/2024:10:16:57 -0300] "GET /cormun/servlet/trautorizarsolicitud HTTP/1.1" 200 8737
201.186.225.183 - - [18/Apr/2024:10:16:58 -0300] "GET /cormun/servlet/solicitudotadjuntos?e4d1f948282d7155afcdcef079c9809a1efd453424abba4d3ae76ed7880ef54a,gx-no-cache=1713446002469 HTTP/1.1" 200 30
201.186.225.183 - - [18/Apr/2024:10:16:58 -0300] "GET /cormun/servlet/solicitudotadjuntos?e4d1f948282d7155afcdcef079c9809a1efd453424abba4d3ae76ed7880ef54a,gx-no-cache=1713446002489 HTTP/1.1" 200 30
201.186.225.183 - - [18/Apr/2024:10:16:58 -0300] "POST /cormun/servlet/solicitudotadjuntos?2d96f7f62919c41213206b291e1111c2,INS,2024,21273,,1, HTTP/1.1" 200 116
201.186.225.183 - - [18/Apr/2024:10:16:58 -0300] "GET /cormun/servlet/hpexe_return? HTTP/1.1" 200 1026
201.186.225.183 - - [18/Apr/2024:10:16:58 -0300] "GET /cormun/servlet/trsolicitudadjuntos?2024,21273, HTTP/1.1" 200 9239
201.186.225.183 - - [18/Apr/2024:10:17:00 -0300] "GET /cormun/servlet/solicitudotadjuntos?INS,2024,21273,,1, HTTP/1.1" 200 6019
201.186.225.183 - - [18/Apr/2024:10:17:01 -0300] "GET /cormun/static/about:blank HTTP/1.1" 404 1011
201.186.225.183 - - [18/Apr/2024:10:17:01 -0300] "GET /cormun/servlet/solicitudotadjuntos?e4d1f948282d7155afcdcef079c9809aebb93e7f088b4aacf8ba486c8318449886e0a4db54dfb59056ea34c0d1f8e752,gx-no-cache=1713446005561 HTTP/1.1" 200 30
201.186.225.183 - - [18/Apr/2024:10:17:01 -0300] "POST /cormun/servlet/solicitudotadjuntos?2d96f7f62919c41213206b291e1111c2,INS,2024,21273,,1,,gx-no-cache=1713446005575 HTTP/1.1" 200 3897
201.186.225.183 - - [18/Apr/2024:10:17:03 -0300] "POST /cormun/servlet/solicitudotadjuntos?gx-no-cache=1713446007189 HTTP/1.1" 200 26
201.186.225.183 - - [18/Apr/2024:10:17:09 -0300] "GET /cormun/servlet/solicitudotadjuntos?e4d1f948282d7155afcdcef079c9809a1efd453424abba4d3ae76ed7880ef54a,gx-no-cache=1713446013325 HTTP/1.1" 200 30
201.186.225.183 - - [18/Apr/2024:10:17:09 -0300] "GET /cormun/servlet/solicitudotadjuntos?e4d1f948282d7155afcdcef079c9809a1efd453424abba4d3ae76ed7880ef54a,gx-no-cache=1713446013337 HTTP/1.1" 200 30
201.186.225.183 - - [18/Apr/2024:10:17:09 -0300] "POST /cormun/servlet/solicitudotadjuntos?2d96f7f62919c41213206b291e1111c2,INS,2024,21273,,1, HTTP/1.1" 200 116
201.186.225.183 - - [18/Apr/2024:10:17:09 -0300] "GET /cormun/servlet/hpexe_return? HTTP/1.1" 200 1026
201.186.225.183 - - [18/Apr/2024:10:17:09 -0300] "GET /cormun/servlet/trsolicitudadjuntos?2024,21273, HTTP/1.1" 200 9442
201.186.225.183 - - [18/Apr/2024:10:17:11 -0300] "GET /cormun/servlet/solicitudotadjuntos?INS,2024,21273,,1, HTTP/1.1" 200 6019
201.186.225.183 - - [18/Apr/2024:10:17:11 -0300] "GET /cormun/static/about:blank HTTP/1.1" 404 1011
201.186.225.183 - - [18/Apr/2024:10:17:12 -0300] "GET /cormun/servlet/solicitudotadjuntos?e4d1f948282d7155afcdcef079c9809aebb93e7f088b4aacf8ba486c8318449886e0a4db54dfb59056ea34c0d1f8e752,gx-no-cache=1713446016529 HTTP/1.1" 200 30
201.186.225.183 - - [18/Apr/2024:10:17:12 -0300] "POST /cormun/servlet/solicitudotadjuntos?2d96f7f62919c41213206b291e1111c2,INS,2024,21273,,1,,gx-no-cache=1713446016542 HTTP/1.1" 200 3897
201.186.225.183 - - [18/Apr/2024:10:17:14 -0300] "POST /cormun/servlet/solicitudotadjuntos?gx-no-cache=1713446018565 HTTP/1.1" 200 26
201.186.225.183 - - [18/Apr/2024:10:17:22 -0300] "GET /cormun/servlet/solicitudotadjuntos?e4d1f948282d7155afcdcef079c9809a1efd453424abba4d3ae76ed7880ef54a,gx-no-cache=1713446026173 HTTP/1.1" 200 30
201.186.225.183 - - [18/Apr/2024:10:17:22 -0300] "GET /cormun/servlet/solicitudotadjuntos?e4d1f948282d7155afcdcef079c9809a1efd453424abba4d3ae76ed7880ef54a,gx-no-cache=1713446026185 HTTP/1.1" 200 30
201.186.225.183 - - [18/Apr/2024:10:17:22 -0300] "POST /cormun/servlet/solicitudotadjuntos?2d96f7f62919c41213206b291e1111c2,INS,2024,21273,,1, HTTP/1.1" 200 116
201.186.225.183 - - [18/Apr/2024:10:17:22 -0300] "GET /cormun/servlet/hpexe_return? HTTP/1.1" 200 1026
201.186.225.183 - - [18/Apr/2024:10:17:22 -0300] "GET /cormun/servlet/trsolicitudadjuntos?2024,21273, HTTP/1.1" 200 9719
201.186.225.183 - - [18/Apr/2024:10:17:24 -0300] "GET /cormun/servlet/solicitudotadjuntos?INS,2024,21273,,1, HTTP/1.1" 200 6019
201.186.225.183 - - [18/Apr/2024:10:17:24 -0300] "GET /cormun/static/about:blank HTTP/1.1" 404 1011
201.186.225.183 - - [18/Apr/2024:10:17:25 -0300] "GET /cormun/servlet/solicitudotadjuntos?e4d1f948282d7155afcdcef079c9809aebb93e7f088b4aacf8ba486c8318449886e0a4db54dfb59056ea34c0d1f8e752,gx-no-cache=1713446029275 HTTP/1.1" 200 30
201.186.225.183 - - [18/Apr/2024:10:17:25 -0300] "POST /cormun/servlet/solicitudotadjuntos?2d96f7f62919c41213206b291e1111c2,INS,2024,21273,,1,,gx-no-cache=1713446029289 HTTP/1.1" 200 3897
201.186.225.183 - - [18/Apr/2024:10:17:27 -0300] "POST /cormun/servlet/solicitudotadjuntos?gx-no-cache=1713446031677 HTTP/1.1" 200 26
209.141.55.133 - tomcat [18/Apr/2024:10:17:56 -0300] "GET /manager/html HTTP/1.1" 403 3196
201.186.225.183 - - [18/Apr/2024:10:18:09 -0300] "GET /cormun/servlet/solicitudotadjuntos?e4d1f948282d7155afcdcef079c9809a1efd453424abba4d3ae76ed7880ef54a,gx-no-cache=1713446073669 HTTP/1.1" 200 30
201.186.225.183 - - [18/Apr/2024:10:18:09 -0300] "GET /cormun/servlet/solicitudotadjuntos?e4d1f948282d7155afcdcef079c9809a1efd453424abba4d3ae76ed7880ef54a,gx-no-cache=1713446073692 HTTP/1.1" 200 30
201.186.225.183 - - [18/Apr/2024:10:18:09 -0300] "POST /cormun/servlet/solicitudotadjuntos?2d96f7f62919c41213206b291e1111c2,INS,2024,21273,,1, HTTP/1.1" 200 116
201.186.225.183 - - [18/Apr/2024:10:18:09 -0300] "GET /cormun/servlet/hpexe_return? HTTP/1.1" 200 1026
201.186.225.183 - - [18/Apr/2024:10:18:09 -0300] "GET /cormun/servlet/trsolicitudadjuntos?2024,21273, HTTP/1.1" 200 10027
201.186.225.183 - - [18/Apr/2024:10:18:11 -0300] "GET /cormun/servlet/solicitudotadjuntos?INS,2024,21273,,1, HTTP/1.1" 200 6020
201.186.225.183 - - [18/Apr/2024:10:18:12 -0300] "GET /cormun/static/about:blank HTTP/1.1" 404 1011
201.186.225.183 - - [18/Apr/2024:10:18:12 -0300] "GET /cormun/servlet/solicitudotadjuntos?e4d1f948282d7155afcdcef079c9809aebb93e7f088b4aacf8ba486c8318449886e0a4db54dfb59056ea34c0d1f8e752,gx-no-cache=1713446076615 HTTP/1.1" 200 30
201.186.225.183 - - [18/Apr/2024:10:18:12 -0300] "POST /cormun/servlet/solicitudotadjuntos?2d96f7f62919c41213206b291e1111c2,INS,2024,21273,,1,,gx-no-cache=1713446076628 HTTP/1.1" 200 3897
201.186.225.183 - - [18/Apr/2024:10:18:14 -0300] "POST /cormun/servlet/solicitudotadjuntos?gx-no-cache=1713446078381 HTTP/1.1" 200 26
181.212.43.89 - - [18/Apr/2024:10:18:16 -0300] "POST /cormun/servlet/trautorizarsolicitud?db62982547113efe6cf5be7688fadb0c,gx-no-cache=1713446077013 HTTP/1.1" 200 116
181.212.43.89 - - [18/Apr/2024:10:18:16 -0300] "GET /cormun/servlet/solicitudotlog?INS,2024,21266,0,REC, HTTP/1.1" 200 6066
181.212.43.89 - - [18/Apr/2024:10:18:17 -0300] "GET /cormun/servlet/solicitudotlog?f88ade5ef1ce4da2ecefa3a02ef97bfb94c54afb3cffd228dfe597e9aa3903571baeb2a0d2ba3c734348f40c53457b4204409bf9e56ab53d95bce0dc78333e936f9f32b3b957093d2f106ab6160b1b6a316d71e32a12074fd2adb13e741650a75c863daefceab855356bc32cfd2f5139c68ea6e8bb987d5ba53b2e24eb060184690cb41199b627d1bb326aaefacb01fba8a13fde045f5029759ddf53bec860e3,gx-no-cache=1713446077822 HTTP/1.1" 200 94
201.186.225.183 - - [18/Apr/2024:10:18:22 -0300] "GET /cormun/servlet/solicitudotadjuntos?e4d1f948282d7155afcdcef079c9809a1efd453424abba4d3ae76ed7880ef54a,gx-no-cache=1713446086664 HTTP/1.1" 200 30
201.186.225.183 - - [18/Apr/2024:10:18:22 -0300] "GET /cormun/servlet/solicitudotadjuntos?e4d1f948282d7155afcdcef079c9809a1efd453424abba4d3ae76ed7880ef54a,gx-no-cache=1713446086675 HTTP/1.1" 200 30
201.186.225.183 - - [18/Apr/2024:10:18:26 -0300] "POST /cormun/servlet/solicitudotadjuntos?2d96f7f62919c41213206b291e1111c2,INS,2024,21273,,1, HTTP/1.1" 200 116
201.186.225.183 - - [18/Apr/2024:10:18:26 -0300] "GET /cormun/servlet/hpexe_return? HTTP/1.1" 200 1026
201.186.225.183 - - [18/Apr/2024:10:18:26 -0300] "GET /cormun/servlet/trsolicitudadjuntos?2024,21273, HTTP/1.1" 200 10174
201.186.225.183 - - [18/Apr/2024:10:18:29 -0300] "GET /cormun/servlet/trsolicitudot? HTTP/1.1" 200 8580
201.186.225.183 - - [18/Apr/2024:10:18:31 -0300] "POST /cormun/servlet/trsolicitudot?2d96f7f62919c41213206b291e1111c2,,gx-no-cache=1713446095181 HTTP/1.1" 200 4566
201.186.225.183 - - [18/Apr/2024:10:18:31 -0300] "GET /cormun/static/Shared/jqueryui/images/ui-bg_highlight-soft_100_c6c2c8_1x100.png HTTP/1.1" 404 1117
201.186.225.183 - - [18/Apr/2024:10:18:31 -0300] "GET /cormun/static/Shared/jqueryui/images/ui-icons_82798d_256x240.png HTTP/1.1" 404 1089
201.186.225.183 - - [18/Apr/2024:10:18:31 -0300] "GET /cormun/static/Shared/jqueryui/images/ui-bg_flat_55_fafafa_40x100.png HTTP/1.1" 404 1097
201.186.225.183 - - [18/Apr/2024:10:18:31 -0300] "GET /cormun/static/Shared/jqueryui/images/ui-icons_8d78a5_256x240.png HTTP/1.1" 404 1089
201.186.225.183 - - [18/Apr/2024:10:18:31 -0300] "POST /cormun/servlet/trsolicitudot?2d96f7f62919c41213206b291e1111c2,,gx-no-cache=1713446095301 HTTP/1.1" 200 4339
181.212.43.89 - - [18/Apr/2024:10:18:31 -0300] "POST /cormun/servlet/solicitudotlog?db62982547113efe6cf5be7688fadb0c,INS,2024,21266,0,REC,,gx-no-cache=1713446091935 HTTP/1.1" 200 93
181.212.43.89 - - [18/Apr/2024:10:18:31 -0300] "GET /cormun/servlet/hpexe_return? HTTP/1.1" 200 1031
181.212.43.89 - - [18/Apr/2024:10:18:31 -0300] "GET /cormun/servlet/trautorizarsolicitud HTTP/1.1" 200 7366
201.186.225.183 - - [18/Apr/2024:10:18:33 -0300] "GET /cormun/servlet/trsolicitudot? HTTP/1.1" 200 7179
201.186.225.183 - - [18/Apr/2024:10:18:34 -0300] "GET /cormun/servlet/hlogin HTTP/1.1" 200 1737
201.186.225.183 - - [18/Apr/2024:10:18:44 -0300] "POST /cormun/servlet/hlogin?2d96f7f62919c41213206b291e1111c2,gx-no-cache=1713446108065 HTTP/1.1" 200 90
201.186.225.183 - - [18/Apr/2024:10:18:44 -0300] "GET /cormun/servlet/hpexe_link HTTP/1.1" 200 951
201.186.225.183 - - [18/Apr/2024:10:18:44 -0300] "GET /cormun/servlet/hhome HTTP/1.1" 200 4339
201.186.225.183 - - [18/Apr/2024:10:18:44 -0300] "GET /cormun/static/RunJS/RunJS.js HTTP/1.1" 200 288
201.186.225.183 - - [18/Apr/2024:10:18:47 -0300] "GET /cormun/servlet/trautorizarsolicitud? HTTP/1.1" 200 8835
201.186.225.183 - - [18/Apr/2024:10:18:49 -0300] "POST /cormun/servlet/trautorizarsolicitud?2d96f7f62919c41213206b291e1111c2,,gx-no-cache=1713446113356 HTTP/1.1" 200 4762
201.186.225.183 - - [18/Apr/2024:10:18:49 -0300] "GET /cormun/static/Shared/jqueryui/images/ui-icons_82798d_256x240.png HTTP/1.1" 404 1089
201.186.225.183 - - [18/Apr/2024:10:18:49 -0300] "GET /cormun/static/Shared/jqueryui/images/ui-bg_highlight-soft_100_c6c2c8_1x100.png HTTP/1.1" 404 1117
201.186.225.183 - - [18/Apr/2024:10:18:49 -0300] "GET /cormun/static/Shared/jqueryui/images/ui-icons_8d78a5_256x240.png HTTP/1.1" 404 1089
201.186.225.183 - - [18/Apr/2024:10:18:49 -0300] "GET /cormun/static/Shared/jqueryui/images/ui-bg_flat_55_fafafa_40x100.png HTTP/1.1" 404 1097
201.186.225.183 - - [18/Apr/2024:10:18:49 -0300] "POST /cormun/servlet/trautorizarsolicitud?2d96f7f62919c41213206b291e1111c2,,gx-no-cache=1713446113488 HTTP/1.1" 200 4530
137.184.228.8 - - [18/Apr/2024:10:20:58 -0300] "GET /manager/html HTTP/1.1" 401 2474
201.186.225.183 - - [18/Apr/2024:10:22:49 -0300] "GET /cormun/servlet/trlicencias? HTTP/1.1" 200 14776
190.171.141.82 - - [18/Apr/2024:10:22:54 -0300] "GET /cormun/servlet/solicitudot?INS,0,0,false, HTTP/1.1" 200 15128
190.171.141.82 - - [18/Apr/2024:10:22:56 -0300] "GET /cormun/servlet/hlogin HTTP/1.1" 200 1741
201.186.225.183 - - [18/Apr/2024:10:22:58 -0300] "POST /cormun/servlet/trlicencias?2d96f7f62919c41213206b291e1111c2,,gx-no-cache=1713446362117 HTTP/1.1" 200 4443
190.171.141.82 - - [18/Apr/2024:10:22:58 -0300] "POST /cormun/servlet/hlogin?e5c23b7b9eefddfdb7691bbaf0b0e2d1,gx-no-cache=1713446361883 HTTP/1.1" 200 90
190.171.141.82 - - [18/Apr/2024:10:22:58 -0300] "GET /cormun/servlet/hpexe_link HTTP/1.1" 200 961
190.171.141.82 - - [18/Apr/2024:10:22:59 -0300] "GET /cormun/servlet/solicitudot?INS,0,0,false, HTTP/1.1" 200 16137
201.186.225.183 - - [18/Apr/2024:10:23:01 -0300] "GET /cormun/servlet/trlicencias? HTTP/1.1" 200 7295
201.186.225.183 - - [18/Apr/2024:10:23:03 -0300] "POST /cormun/servlet/trlicencias?2d96f7f62919c41213206b291e1111c2,,gx-no-cache=1713446367722 HTTP/1.1" 200 4440
201.186.225.183 - - [18/Apr/2024:10:23:04 -0300] "POST /cormun/servlet/trlicencias?2d96f7f62919c41213206b291e1111c2,,gx-no-cache=1713446368584 HTTP/1.1" 200 4438
201.186.225.183 - - [18/Apr/2024:10:23:10 -0300] "POST /cormun/servlet/trlicencias?2d96f7f62919c41213206b291e1111c2,,gx-no-cache=1713446374749 HTTP/1.1" 200 12575
190.171.141.82 - - [18/Apr/2024:10:24:24 -0300] "POST /cormun/servlet/solicitudot?gx-no-cache=1713446447168 HTTP/1.1" 200 4022
190.171.141.82 - - [18/Apr/2024:10:24:24 -0300] "POST /cormun/servlet/solicitudot?e5c23b7b9eefddfdb7691bbaf0b0e2d1,INS,0,0,false,,gx-no-cache=1713446447297 HTTP/1.1" 200 12610
190.171.141.82 - - [18/Apr/2024:10:24:26 -0300] "GET /cormun/servlet/solicitudot?b35401ca7c805f61bb6e70380af7ea858d1d2fbf98e70028ed633ab2c136e72cb389dc01ddbaeaee0959bd6b91ad91c0,gx-no-cache=1713446449414 HTTP/1.1" 200 30
190.171.141.82 - - [18/Apr/2024:10:25:30 -0300] "GET /cormun/servlet/solicitudot?b35401ca7c805f61bb6e70380af7ea8501f62d1ecd96028a2db80d5d02afccaefa967fe33596a9ef65d18d38ae07a2cf51c97c7d7cb2acd39b6528ce52d2d145,gx-no-cache=1713446513945 HTTP/1.1" 200 30
190.171.141.82 - - [18/Apr/2024:10:25:30 -0300] "GET /cormun/servlet/solicitudot?b35401ca7c805f61bb6e70380af7ea85c243cdc968c7d2dc5809a38a24021af6,gx-no-cache=1713446513970 HTTP/1.1" 200 29
190.171.141.82 - - [18/Apr/2024:10:25:31 -0300] "POST /cormun/servlet/solicitudot?gx-no-cache=1713446514661 HTTP/1.1" 200 255
190.171.141.82 - - [18/Apr/2024:10:25:33 -0300] "POST /cormun/servlet/solicitudot?gx-no-cache=1713446516789 HTTP/1.1" 200 240
190.171.141.82 - - [18/Apr/2024:10:25:35 -0300] "GET /cormun/servlet/solicitudot?b35401ca7c805f61bb6e70380af7ea85d5c6b373dc21babb5c84ba47e0fc151e08925fc21a8d496f26f8f6f460f56d76716d4c8324e18ab483907a40084ea9b3c6b0f96c71b7dad0dd35f24d59ee06452bcaa557d9cc4fabb9035280042603e2b698b8ee9d56a6426fc3a59a25269f1495a35e13fa3a9ebfee975be9c444ceb8bea0bb1eb55c190aeab4fb62e1b7dff867060ab7e8743d423018d738a018479e5d0d132deee264c9473a1c6a4aa46bfbffbc1db626a75427aa3de0365ef0aa3fa422a97a892a6cbd26278e5fcace890560a27d842c2bcafdf48f11784344dc04276b40af2539d9889a4bf29a717b257e51e45372606cb05f6c97fcb2bb8080203a1fc4fd641f3061c46c221b3aadf808e56bd4390b29b58ad15ea5fffce1e33c24df7bed86389a64ba385f42ccfb2399d819d142ac538c7a869d45b1b11d748673d374569cf92ae3380013eca2d6d1d5976fb315a1673218fcf6424f721a74211e72c1fc4d94e5c6c49b8e3f8698b37250b1d034d1fae23f199c0cc674e6c580,gx-no-cache=1713446518494 HTTP/1.1" 200 30
190.171.141.82 - - [18/Apr/2024:10:25:38 -0300] "POST /cormun/servlet/solicitudot?gx-no-cache=1713446521468 HTTP/1.1" 200 30
190.171.141.82 - - [18/Apr/2024:10:25:41 -0300] "POST /cormun/servlet/solicitudot?gx-no-cache=1713446524432 HTTP/1.1" 200 1561
190.171.141.82 - - [18/Apr/2024:10:25:41 -0300] "GET /cormun/static/Shared/jqueryui/images/ui-bg_highlight-soft_100_c6c2c8_1x100.png HTTP/1.1" 404 1117
190.171.141.82 - - [18/Apr/2024:10:25:41 -0300] "GET /cormun/static/Shared/jqueryui/images/ui-bg_flat_55_994d53_40x100.png HTTP/1.1" 404 1097
190.171.141.82 - - [18/Apr/2024:10:25:41 -0300] "GET /cormun/static/Shared/jqueryui/images/ui-icons_ebccce_256x240.png HTTP/1.1" 404 1089
190.171.141.82 - - [18/Apr/2024:10:25:41 -0300] "GET /cormun/static/Shared/jqueryui/images/ui-icons_82798d_256x240.png HTTP/1.1" 404 1089
190.171.141.82 - - [18/Apr/2024:10:25:44 -0300] "GET /cormun/servlet/prfichaempleado?,MD,,gxPopupLevel%3D0%3B HTTP/1.1" 200 9343
190.171.141.82 - - [18/Apr/2024:10:25:48 -0300] "POST /cormun/servlet/prfichaempleado?e5c23b7b9eefddfdb7691bbaf0b0e2d1,,MD,,gxPopupLevel%3D0%3B,gx-no-cache=1713446531599 HTTP/1.1" 200 3403
190.171.141.82 - - [18/Apr/2024:10:25:51 -0300] "POST /cormun/servlet/solicitudot?gx-no-cache=1713446534919 HTTP/1.1" 200 1482
190.171.141.82 - - [18/Apr/2024:10:25:55 -0300] "GET /cormun/servlet/prlicenciaspermisos?10264506,P,,MD,,gxPopupLevel%3D0%3B HTTP/1.1" 200 5817
190.171.141.82 - - [18/Apr/2024:10:25:57 -0300] "GET /cormun/static/gxcfg.js?2020121559567 HTTP/1.1" 200 953
190.171.141.82 - - [18/Apr/2024:10:25:57 -0300] "GET /cormun/static/prlicenciaspermisos.js?2020121559821 HTTP/1.1" 200 13379
190.171.153.50 - - [18/Apr/2024:10:26:03 -0300] "GET /cormun/servlet/hlogin HTTP/1.1" 200 1724
190.171.141.82 - - [18/Apr/2024:10:26:06 -0300] "POST /cormun/servlet/solicitudot?gx-no-cache=1713446550031 HTTP/1.1" 200 41
190.171.153.50 - - [18/Apr/2024:10:26:28 -0300] "POST /cormun/servlet/hlogin?e59eb4c7f2d6f8240a58862d0f59af0a,gx-no-cache=1713446572477 HTTP/1.1" 200 90
190.171.153.50 - - [18/Apr/2024:10:26:28 -0300] "GET /cormun/servlet/hpexe_link HTTP/1.1" 200 954
190.171.153.50 - - [18/Apr/2024:10:26:28 -0300] "GET /cormun/servlet/hhome HTTP/1.1" 200 4283
190.171.141.82 - - [18/Apr/2024:10:26:31 -0300] "GET /cormun/servlet/solicitudot?b35401ca7c805f61bb6e70380af7ea856ef3695d34d4fc7bf95ce9a7f83add78a700b7a60183ca09c829f4b5e11b0609fa2d5f94e695bec5edecd15ef7f07a55c2284b2f7dfc4e11c356ad550bef3b4c1e66d93d1f5d0ab4f5f25dc276a2c93aed68f41e86c0fed91c38babfb0272a6b,gx-no-cache=1713446574357 HTTP/1.1" 200 110
190.171.141.82 - - [18/Apr/2024:10:26:31 -0300] "POST /cormun/servlet/solicitudot?gx-no-cache=1713446574385 HTTP/1.1" 200 110
190.171.153.50 - - [18/Apr/2024:10:26:34 -0300] "GET /cormun/servlet/trcontratosolicitud? HTTP/1.1" 200 14753
209.141.55.133 - tomcat [18/Apr/2024:10:27:44 -0300] "GET /manager/html HTTP/1.1" 403 3196
190.171.141.82 - - [18/Apr/2024:10:28:41 -0300] "GET /cormun/servlet/solicitudot?b35401ca7c805f61bb6e70380af7ea85a35e1ad0cd08bfd6a12298fd1dc6f2bdb43a2fc2a60e03b9c2b034daa7db6543ff6bc4bd16a3166a26a093487f336c29c9b2014c1556a0d5ec3ebaf4dc51fa6b0eb0617cf75c8e041c7938c5c6b8ecd9257d8ecf8287914d9908889fafa9dc76,gx-no-cache=1713446704630 HTTP/1.1" 200 29
190.171.141.82 - - [18/Apr/2024:10:28:42 -0300] "GET /cormun/static/menuarrow.gif HTTP/1.1" 404 1015
190.171.141.82 - - [18/Apr/2024:10:28:49 -0300] "GET /cormun/servlet/solicitudot?b35401ca7c805f61bb6e70380af7ea85b2e4544d58e2e5352fe59fae10c17821cda92d9fc626aa31ea85825f1dda55b5,gx-no-cache=1713446712604 HTTP/1.1" 200 30
190.171.141.82 - - [18/Apr/2024:10:28:49 -0300] "POST /cormun/servlet/solicitudot?gx-no-cache=1713446712627 HTTP/1.1" 200 34
190.171.141.82 - - [18/Apr/2024:10:28:49 -0300] "POST /cormun/servlet/solicitudot?e5c23b7b9eefddfdb7691bbaf0b0e2d1,INS,0,0,false,,gx-no-cache=1713446712651 HTTP/1.1" 200 93
190.171.141.82 - - [18/Apr/2024:10:28:49 -0300] "GET /cormun/servlet/hpexe_return? HTTP/1.1" 200 1005
190.171.141.82 - - [18/Apr/2024:10:28:50 -0300] "GET /cormun/servlet/hhome HTTP/1.1" 200 4319
190.171.141.82 - - [18/Apr/2024:10:28:57 -0300] "GET /cormun/servlet/trsolicitudot? HTTP/1.1" 200 9533
190.171.141.82 - - [18/Apr/2024:10:29:00 -0300] "POST /cormun/servlet/trsolicitudot?e5c23b7b9eefddfdb7691bbaf0b0e2d1,,gx-no-cache=1713446723878 HTTP/1.1" 200 107
190.171.141.82 - - [18/Apr/2024:10:29:00 -0300] "GET /cormun/servlet/trsolicitudadjuntos?2024,21274, HTTP/1.1" 200 6424
190.171.141.82 - - [18/Apr/2024:10:29:02 -0300] "GET /cormun/static/gxcfg.js?20201215574222 HTTP/1.1" 200 953
190.171.141.82 - - [18/Apr/2024:10:29:02 -0300] "GET /cormun/static/trsolicitudadjuntos.js?20201215574932 HTTP/1.1" 200 17921
190.171.141.82 - - [18/Apr/2024:10:29:02 -0300] "GET /cormun/static/Resources/PXToolsGridNew.png HTTP/1.1" 200 427
190.171.141.82 - - [18/Apr/2024:10:29:05 -0300] "GET /cormun/servlet/solicitudotadjuntos?INS,2024,21274,,1, HTTP/1.1" 200 6366
190.171.141.82 - - [18/Apr/2024:10:29:05 -0300] "GET /cormun/static/gxcfg.js?202211298385187 HTTP/1.1" 200 953
190.171.141.82 - - [18/Apr/2024:10:29:05 -0300] "GET /cormun/static/solicitudotadjuntos.js?202211298385196 HTTP/1.1" 200 11771
190.171.141.82 - - [18/Apr/2024:10:29:05 -0300] "GET /cormun/static/about:blank HTTP/1.1" 404 1011
190.171.141.82 - - [18/Apr/2024:10:29:06 -0300] "GET /cormun/servlet/solicitudotadjuntos?b35401ca7c805f61bb6e70380af7ea858f143d920e3eba0aaa3c2329b9dcaebf4af251e1971afa79bd03340dcab2224c,gx-no-cache=1713446729398 HTTP/1.1" 200 30
190.171.141.82 - - [18/Apr/2024:10:29:06 -0300] "POST /cormun/servlet/solicitudotadjuntos?e5c23b7b9eefddfdb7691bbaf0b0e2d1,INS,2024,21274,,1,,gx-no-cache=1713446729416 HTTP/1.1" 200 4177
190.171.141.82 - - [18/Apr/2024:10:29:07 -0300] "POST /cormun/servlet/solicitudotadjuntos?gx-no-cache=1713446730461 HTTP/1.1" 200 26
190.171.141.82 - - [18/Apr/2024:10:31:39 -0300] "POST /cormun/servlet/solicitudotadjuntos?gx-no-cache=1713446883011 HTTP/1.1" 200 26
190.171.141.82 - - [18/Apr/2024:10:31:45 -0300] "GET /cormun/servlet/solicitudotadjuntos?b35401ca7c805f61bb6e70380af7ea85264bf8728c68bf624c9f1ccd5beac163,gx-no-cache=1713446888426 HTTP/1.1" 200 30
190.171.141.82 - - [18/Apr/2024:10:31:45 -0300] "GET /cormun/servlet/solicitudotadjuntos?b35401ca7c805f61bb6e70380af7ea85264bf8728c68bf624c9f1ccd5beac163,gx-no-cache=1713446888449 HTTP/1.1" 200 30
190.171.141.82 - - [18/Apr/2024:10:31:45 -0300] "POST /cormun/servlet/solicitudotadjuntos?e5c23b7b9eefddfdb7691bbaf0b0e2d1,INS,2024,21274,,1, HTTP/1.1" 200 116
190.171.141.82 - - [18/Apr/2024:10:31:45 -0300] "GET /cormun/servlet/hpexe_return? HTTP/1.1" 200 1022
190.171.141.82 - - [18/Apr/2024:10:31:45 -0300] "GET /cormun/servlet/trsolicitudadjuntos?2024,21274, HTTP/1.1" 200 9395
190.171.141.82 - - [18/Apr/2024:10:31:47 -0300] "GET /cormun/servlet/solicitudotadjuntos?INS,2024,21274,,1, HTTP/1.1" 200 6366
190.171.141.82 - - [18/Apr/2024:10:31:47 -0300] "GET /cormun/static/about:blank HTTP/1.1" 404 1011
190.171.141.82 - - [18/Apr/2024:10:31:48 -0300] "GET /cormun/servlet/solicitudotadjuntos?b35401ca7c805f61bb6e70380af7ea858f143d920e3eba0aaa3c2329b9dcaebf4af251e1971afa79bd03340dcab2224c,gx-no-cache=1713446891647 HTTP/1.1" 200 30
190.171.141.82 - - [18/Apr/2024:10:31:48 -0300] "POST /cormun/servlet/solicitudotadjuntos?e5c23b7b9eefddfdb7691bbaf0b0e2d1,INS,2024,21274,,1,,gx-no-cache=1713446891664 HTTP/1.1" 200 4177
190.171.141.82 - - [18/Apr/2024:10:31:49 -0300] "POST /cormun/servlet/solicitudotadjuntos?gx-no-cache=1713446892804 HTTP/1.1" 200 26
190.171.141.82 - - [18/Apr/2024:10:31:51 -0300] "POST /cormun/servlet/solicitudotadjuntos?gx-no-cache=1713446894539 HTTP/1.1" 200 26
190.171.141.82 - - [18/Apr/2024:10:31:54 -0300] "GET /cormun/servlet/solicitudotadjuntos?b35401ca7c805f61bb6e70380af7ea85264bf8728c68bf624c9f1ccd5beac163,gx-no-cache=1713446897882 HTTP/1.1" 200 30
190.171.141.82 - - [18/Apr/2024:10:31:54 -0300] "GET /cormun/servlet/solicitudotadjuntos?b35401ca7c805f61bb6e70380af7ea85264bf8728c68bf624c9f1ccd5beac163,gx-no-cache=1713446897896 HTTP/1.1" 200 30
190.171.141.82 - - [18/Apr/2024:10:31:54 -0300] "POST /cormun/servlet/solicitudotadjuntos?e5c23b7b9eefddfdb7691bbaf0b0e2d1,INS,2024,21274,,1, HTTP/1.1" 200 116
190.171.141.82 - - [18/Apr/2024:10:31:54 -0300] "GET /cormun/servlet/hpexe_return? HTTP/1.1" 200 1022
190.171.141.82 - - [18/Apr/2024:10:31:55 -0300] "GET /cormun/servlet/trsolicitudadjuntos?2024,21274, HTTP/1.1" 200 9624
190.171.141.82 - - [18/Apr/2024:10:31:57 -0300] "GET /cormun/servlet/solicitudotadjuntos?INS,2024,21274,,1, HTTP/1.1" 200 6366
190.171.141.82 - - [18/Apr/2024:10:31:57 -0300] "GET /cormun/static/about:blank HTTP/1.1" 404 1011
190.171.141.82 - - [18/Apr/2024:10:31:57 -0300] "GET /cormun/servlet/solicitudotadjuntos?b35401ca7c805f61bb6e70380af7ea858f143d920e3eba0aaa3c2329b9dcaebf4af251e1971afa79bd03340dcab2224c,gx-no-cache=1713446900966 HTTP/1.1" 200 30
190.171.141.82 - - [18/Apr/2024:10:31:57 -0300] "POST /cormun/servlet/solicitudotadjuntos?e5c23b7b9eefddfdb7691bbaf0b0e2d1,INS,2024,21274,,1,,gx-no-cache=1713446900983 HTTP/1.1" 200 4177
190.171.141.82 - - [18/Apr/2024:10:31:59 -0300] "POST /cormun/servlet/solicitudotadjuntos?gx-no-cache=1713446902563 HTTP/1.1" 200 26
190.171.141.82 - - [18/Apr/2024:10:32:04 -0300] "GET /cormun/servlet/solicitudotadjuntos?b35401ca7c805f61bb6e70380af7ea85264bf8728c68bf624c9f1ccd5beac163,gx-no-cache=1713446907354 HTTP/1.1" 200 30
190.171.141.82 - - [18/Apr/2024:10:32:04 -0300] "GET /cormun/servlet/solicitudotadjuntos?b35401ca7c805f61bb6e70380af7ea85264bf8728c68bf624c9f1ccd5beac163,gx-no-cache=1713446907368 HTTP/1.1" 200 30
190.171.141.82 - - [18/Apr/2024:10:32:04 -0300] "POST /cormun/servlet/solicitudotadjuntos?e5c23b7b9eefddfdb7691bbaf0b0e2d1,INS,2024,21274,,1, HTTP/1.1" 200 116
190.171.141.82 - - [18/Apr/2024:10:32:04 -0300] "GET /cormun/servlet/hpexe_return? HTTP/1.1" 200 1022
190.171.141.82 - - [18/Apr/2024:10:32:04 -0300] "GET /cormun/servlet/trsolicitudadjuntos?2024,21274, HTTP/1.1" 200 9864
190.171.141.82 - - [18/Apr/2024:10:32:06 -0300] "GET /cormun/servlet/solicitudotadjuntos?INS,2024,21274,,1, HTTP/1.1" 200 6366
190.171.141.82 - - [18/Apr/2024:10:32:06 -0300] "GET /cormun/static/about:blank HTTP/1.1" 404 1011
190.171.141.82 - - [18/Apr/2024:10:32:06 -0300] "GET /cormun/servlet/solicitudotadjuntos?b35401ca7c805f61bb6e70380af7ea858f143d920e3eba0aaa3c2329b9dcaebf4af251e1971afa79bd03340dcab2224c,gx-no-cache=1713446910140 HTTP/1.1" 200 30
190.171.141.82 - - [18/Apr/2024:10:32:07 -0300] "POST /cormun/servlet/solicitudotadjuntos?e5c23b7b9eefddfdb7691bbaf0b0e2d1,INS,2024,21274,,1,,gx-no-cache=1713446910165 HTTP/1.1" 200 4177
190.171.141.82 - - [18/Apr/2024:10:32:08 -0300] "POST /cormun/servlet/solicitudotadjuntos?gx-no-cache=1713446912066 HTTP/1.1" 200 26
190.171.141.82 - - [18/Apr/2024:10:32:12 -0300] "GET /cormun/servlet/solicitudotadjuntos?b35401ca7c805f61bb6e70380af7ea85264bf8728c68bf624c9f1ccd5beac163,gx-no-cache=1713446915386 HTTP/1.1" 200 30
190.171.141.82 - - [18/Apr/2024:10:32:12 -0300] "GET /cormun/servlet/solicitudotadjuntos?b35401ca7c805f61bb6e70380af7ea85264bf8728c68bf624c9f1ccd5beac163,gx-no-cache=1713446915399 HTTP/1.1" 200 30
190.171.141.82 - - [18/Apr/2024:10:32:12 -0300] "POST /cormun/servlet/solicitudotadjuntos?e5c23b7b9eefddfdb7691bbaf0b0e2d1,INS,2024,21274,,1, HTTP/1.1" 200 116
190.171.141.82 - - [18/Apr/2024:10:32:12 -0300] "GET /cormun/servlet/hpexe_return? HTTP/1.1" 200 1022
190.171.141.82 - - [18/Apr/2024:10:32:12 -0300] "GET /cormun/servlet/trsolicitudadjuntos?2024,21274, HTTP/1.1" 200 10081
190.171.141.82 - - [18/Apr/2024:10:32:14 -0300] "GET /cormun/servlet/solicitudotadjuntos?INS,2024,21274,,1, HTTP/1.1" 200 6366
190.171.141.82 - - [18/Apr/2024:10:32:14 -0300] "GET /cormun/static/about:blank HTTP/1.1" 404 1011
190.171.141.82 - - [18/Apr/2024:10:32:15 -0300] "GET /cormun/servlet/solicitudotadjuntos?b35401ca7c805f61bb6e70380af7ea858f143d920e3eba0aaa3c2329b9dcaebf4af251e1971afa79bd03340dcab2224c,gx-no-cache=1713446918297 HTTP/1.1" 200 30
190.171.141.82 - - [18/Apr/2024:10:32:15 -0300] "POST /cormun/servlet/solicitudotadjuntos?e5c23b7b9eefddfdb7691bbaf0b0e2d1,INS,2024,21274,,1,,gx-no-cache=1713446918314 HTTP/1.1" 200 4177
190.171.141.82 - - [18/Apr/2024:10:32:18 -0300] "POST /cormun/servlet/solicitudotadjuntos?gx-no-cache=1713446921452 HTTP/1.1" 200 26
190.171.141.82 - - [18/Apr/2024:10:32:21 -0300] "GET /cormun/servlet/solicitudotadjuntos?b35401ca7c805f61bb6e70380af7ea85264bf8728c68bf624c9f1ccd5beac163,gx-no-cache=1713446924882 HTTP/1.1" 200 30
190.171.141.82 - - [18/Apr/2024:10:32:21 -0300] "GET /cormun/servlet/solicitudotadjuntos?b35401ca7c805f61bb6e70380af7ea85264bf8728c68bf624c9f1ccd5beac163,gx-no-cache=1713446924896 HTTP/1.1" 200 30
190.171.141.82 - - [18/Apr/2024:10:32:22 -0300] "POST /cormun/servlet/solicitudotadjuntos?e5c23b7b9eefddfdb7691bbaf0b0e2d1,INS,2024,21274,,1, HTTP/1.1" 200 116
190.171.141.82 - - [18/Apr/2024:10:32:22 -0300] "GET /cormun/servlet/hpexe_return? HTTP/1.1" 200 1022
190.171.141.82 - - [18/Apr/2024:10:32:22 -0300] "GET /cormun/servlet/trsolicitudadjuntos?2024,21274, HTTP/1.1" 200 10349
190.171.141.82 - - [18/Apr/2024:10:32:25 -0300] "POST /cormun/servlet/trsolicitudadjuntos?e5c23b7b9eefddfdb7691bbaf0b0e2d1,2024,21274,,gx-no-cache=1713446928156 HTTP/1.1" 200 90
190.171.141.82 - - [18/Apr/2024:10:32:25 -0300] "GET /cormun/servlet/hpexe_link HTTP/1.1" 200 966
190.171.141.82 - - [18/Apr/2024:10:32:25 -0300] "GET /cormun/servlet/trsolicitudot HTTP/1.1" 200 9534
190.171.141.82 - - [18/Apr/2024:10:32:29 -0300] "POST /cormun/servlet/trsolicitudot?e5c23b7b9eefddfdb7691bbaf0b0e2d1,gx-no-cache=1713446932853 HTTP/1.1" 200 107
190.171.141.82 - - [18/Apr/2024:10:32:29 -0300] "GET /cormun/servlet/trsolicitudadjuntos?2024,21269, HTTP/1.1" 200 6422
190.171.141.82 - - [18/Apr/2024:10:36:10 -0300] "GET /cormun/servlet/solicitudotadjuntos?INS,2024,21269,,1, HTTP/1.1" 200 6366
190.171.141.82 - - [18/Apr/2024:10:36:12 -0300] "GET /cormun/static/about:blank HTTP/1.1" 404 1011
190.171.141.82 - - [18/Apr/2024:10:36:12 -0300] "GET /cormun/servlet/solicitudotadjuntos?b35401ca7c805f61bb6e70380af7ea85bd17f379a4d9bbc8abfdfba87d0c87a2c2f1b45c90ab43c6b4ce76ad48f49544,gx-no-cache=1713447155832 HTTP/1.1" 200 30
190.171.141.82 - - [18/Apr/2024:10:36:12 -0300] "POST /cormun/servlet/solicitudotadjuntos?e5c23b7b9eefddfdb7691bbaf0b0e2d1,INS,2024,21269,,1,,gx-no-cache=1713447155850 HTTP/1.1" 200 4143
190.171.141.82 - - [18/Apr/2024:10:36:15 -0300] "POST /cormun/servlet/solicitudotadjuntos?gx-no-cache=1713447159075 HTTP/1.1" 200 26
201.186.225.183 - - [18/Apr/2024:10:36:16 -0300] "GET /cormun/servlet/trpermisosgoce? HTTP/1.1" 200 18977
201.186.225.183 - - [18/Apr/2024:10:36:22 -0300] "POST /cormun/servlet/trpermisosgoce?2d96f7f62919c41213206b291e1111c2,,gx-no-cache=1713447166902 HTTP/1.1" 200 5541
190.171.141.82 - - [18/Apr/2024:10:36:27 -0300] "GET /cormun/servlet/solicitudotadjuntos?b35401ca7c805f61bb6e70380af7ea85264bf8728c68bf624c9f1ccd5beac163,gx-no-cache=1713447171122 HTTP/1.1" 200 30
190.171.141.82 - - [18/Apr/2024:10:36:27 -0300] "GET /cormun/servlet/solicitudotadjuntos?b35401ca7c805f61bb6e70380af7ea85264bf8728c68bf624c9f1ccd5beac163,gx-no-cache=1713447171139 HTTP/1.1" 200 30
190.171.141.82 - - [18/Apr/2024:10:36:28 -0300] "POST /cormun/servlet/solicitudotadjuntos?e5c23b7b9eefddfdb7691bbaf0b0e2d1,INS,2024,21269,,1, HTTP/1.1" 200 116
190.171.141.82 - - [18/Apr/2024:10:36:28 -0300] "GET /cormun/servlet/hpexe_return? HTTP/1.1" 200 1023
190.171.141.82 - - [18/Apr/2024:10:36:28 -0300] "GET /cormun/servlet/trsolicitudadjuntos?2024,21269, HTTP/1.1" 200 9393
190.171.141.82 - - [18/Apr/2024:10:36:30 -0300] "GET /cormun/servlet/solicitudotadjuntos?INS,2024,21269,,1, HTTP/1.1" 200 6366
190.171.141.82 - - [18/Apr/2024:10:36:30 -0300] "GET /cormun/static/about:blank HTTP/1.1" 404 1011
190.171.141.82 - - [18/Apr/2024:10:36:31 -0300] "GET /cormun/servlet/solicitudotadjuntos?b35401ca7c805f61bb6e70380af7ea85bd17f379a4d9bbc8abfdfba87d0c87a2c2f1b45c90ab43c6b4ce76ad48f49544,gx-no-cache=1713447174183 HTTP/1.1" 200 30
190.171.141.82 - - [18/Apr/2024:10:36:31 -0300] "POST /cormun/servlet/solicitudotadjuntos?e5c23b7b9eefddfdb7691bbaf0b0e2d1,INS,2024,21269,,1,,gx-no-cache=1713447174200 HTTP/1.1" 200 4143
190.171.141.82 - - [18/Apr/2024:10:36:33 -0300] "POST /cormun/servlet/solicitudotadjuntos?gx-no-cache=1713447176370 HTTP/1.1" 200 26
190.171.141.82 - - [18/Apr/2024:10:36:37 -0300] "GET /cormun/servlet/solicitudotadjuntos?b35401ca7c805f61bb6e70380af7ea85264bf8728c68bf624c9f1ccd5beac163,gx-no-cache=1713447180706 HTTP/1.1" 200 30
190.171.141.82 - - [18/Apr/2024:10:36:37 -0300] "GET /cormun/servlet/solicitudotadjuntos?b35401ca7c805f61bb6e70380af7ea85264bf8728c68bf624c9f1ccd5beac163,gx-no-cache=1713447180719 HTTP/1.1" 200 30
190.171.141.82 - - [18/Apr/2024:10:36:37 -0300] "POST /cormun/servlet/solicitudotadjuntos?e5c23b7b9eefddfdb7691bbaf0b0e2d1,INS,2024,21269,,1, HTTP/1.1" 200 116
190.171.141.82 - - [18/Apr/2024:10:36:37 -0300] "GET /cormun/servlet/hpexe_return? HTTP/1.1" 200 1023
190.171.141.82 - - [18/Apr/2024:10:36:37 -0300] "GET /cormun/servlet/trsolicitudadjuntos?2024,21269, HTTP/1.1" 200 9628
190.171.141.82 - - [18/Apr/2024:10:36:40 -0300] "GET /cormun/servlet/solicitudotadjuntos?INS,2024,21269,,1, HTTP/1.1" 200 6366
190.171.141.82 - - [18/Apr/2024:10:36:40 -0300] "GET /cormun/static/about:blank HTTP/1.1" 404 1011
190.171.141.82 - - [18/Apr/2024:10:36:40 -0300] "GET /cormun/servlet/solicitudotadjuntos?b35401ca7c805f61bb6e70380af7ea85bd17f379a4d9bbc8abfdfba87d0c87a2c2f1b45c90ab43c6b4ce76ad48f49544,gx-no-cache=1713447184019 HTTP/1.1" 200 30
190.171.141.82 - - [18/Apr/2024:10:36:40 -0300] "POST /cormun/servlet/solicitudotadjuntos?e5c23b7b9eefddfdb7691bbaf0b0e2d1,INS,2024,21269,,1,,gx-no-cache=1713447184035 HTTP/1.1" 200 4143
190.171.141.82 - - [18/Apr/2024:10:36:44 -0300] "POST /cormun/servlet/solicitudotadjuntos?gx-no-cache=1713447187323 HTTP/1.1" 200 26
190.171.141.82 - - [18/Apr/2024:10:36:49 -0300] "GET /cormun/servlet/solicitudotadjuntos?b35401ca7c805f61bb6e70380af7ea85264bf8728c68bf624c9f1ccd5beac163,gx-no-cache=1713447192482 HTTP/1.1" 200 30
