181.212.47.137 - - [18/Apr/2024:13:28:29 -0300] "GET /cormun/static/PXToolsJavascripts/pexe_oav.js HTTP/1.1" 200 645
181.212.47.137 - - [18/Apr/2024:13:28:29 -0300] "GET /cormun/static/PXToolsJavascripts/pexe_oavdivfix.js HTTP/1.1" 200 639
181.212.47.137 - - [18/Apr/2024:13:28:29 -0300] "GET /cormun/static/PXToolsJavascripts/pexe_picture.js HTTP/1.1" 200 689
181.212.47.137 - - [18/Apr/2024:13:28:29 -0300] "GET /cormun/static/PXToolsJavascripts/pexe_tabdivfix.js HTTP/1.1" 200 898
181.212.47.137 - - [18/Apr/2024:13:28:29 -0300] "GET /cormun/static/PXToolsJavascripts/pexe_scrolldiv.js HTTP/1.1" 200 4138
181.212.47.137 - - [18/Apr/2024:13:28:29 -0300] "GET /cormun/static/PXToolsJavascripts/pexe_tabs.js HTTP/1.1" 200 3748
181.212.47.137 - - [18/Apr/2024:13:28:29 -0300] "GET /cormun/static/PXToolsJavascripts/pexe_upload.js HTTP/1.1" 200 1423
181.212.47.137 - - [18/Apr/2024:13:28:29 -0300] "GET /cormun/static/PXToolsJavascripts/PXToolsJavascriptsRender.js HTTP/1.1" 200 367
181.212.47.137 - - [18/Apr/2024:13:28:29 -0300] "GET /cormun/static/PXToolsJavascripts/pexe_popup.js HTTP/1.1" 200 15149
181.212.47.137 - - [18/Apr/2024:13:28:29 -0300] "GET /cormun/static/Resources/CormunMP2.png HTTP/1.1" 200 6878
181.212.47.137 - - [18/Apr/2024:13:28:29 -0300] "GET /cormun/static/Resources/ImgHome.png HTTP/1.1" 200 1364
181.212.47.137 - - [18/Apr/2024:13:28:29 -0300] "GET /cormun/static/Resources/Llave.png HTTP/1.1" 200 1395
181.212.47.137 - - [18/Apr/2024:13:28:29 -0300] "GET /cormun/static/Resources/ImgLogin.png HTTP/1.1" 200 1432
181.212.47.137 - - [18/Apr/2024:13:28:29 -0300] "GET /cormun/static/RunJS/RunJS.js HTTP/1.1" 200 288
181.212.47.137 - - [18/Apr/2024:13:28:29 -0300] "GET /cormun/static/Shared/ext/locale/ext-lang-en.js HTTP/1.1" 200 10940
181.212.47.137 - - [18/Apr/2024:13:28:29 -0300] "GET /cormun/static/hhome.js?20201215495544 HTTP/1.1" 200 777
181.212.47.137 - - [18/Apr/2024:13:28:29 -0300] "GET /cormun/static/Resources/PXToolsDataTitle.png HTTP/1.1" 200 1173
181.212.47.137 - - [18/Apr/2024:13:28:29 -0300] "GET /cormun/static/hwchdr01.js?2022112219251119 HTTP/1.1" 200 996
181.212.47.137 - - [18/Apr/2024:13:28:29 -0300] "GET /cormun/static/hpexe_recentlink.js?20201214471090 HTTP/1.1" 200 2144
181.212.47.137 - - [18/Apr/2024:13:28:29 -0300] "GET /cormun/static/hpexe_scripts.js?20201214471411 HTTP/1.1" 200 1544
181.212.47.137 - - [18/Apr/2024:13:28:29 -0300] "GET /cormun/static/hpexe_messagecontroller.js?202211298371222 HTTP/1.1" 200 870
181.212.47.137 - - [18/Apr/2024:13:28:29 -0300] "GET /cormun/static/hpexe_messagepopupcomponent.js?2020121447232 HTTP/1.1" 200 605
181.212.47.137 - - [18/Apr/2024:13:28:29 -0300] "GET /cormun/static/hpexe_messagegenexuscomponent.js?20221129836373 HTTP/1.1" 200 587
181.212.47.137 - - [18/Apr/2024:13:28:29 -0300] "GET /cormun/static/cmcontrolpreferences.js?20199141926336 HTTP/1.1" 200 1375
181.212.47.137 - - [18/Apr/2024:13:28:29 -0300] "GET /cormun/static/gxui/gxui-all.js HTTP/1.1" 200 107772
181.212.47.137 - - [18/Apr/2024:13:28:29 -0300] "GET /cormun/static/SmoothNavMenu/resources/ddsmoothmenu.js HTTP/1.1" 200 12712
181.212.47.137 - - [18/Apr/2024:13:28:29 -0300] "GET /cormun/static/SmoothNavMenu/resources/SmoothNavMenuRender.js HTTP/1.1" 200 5951
181.212.47.137 - - [18/Apr/2024:13:28:29 -0300] "GET /cormun/static/Shared/jquery/jquery-1.4.2.min.js HTTP/1.1" 200 72174
181.212.47.137 - - [18/Apr/2024:13:28:29 -0300] "GET /cormun/static/scaMessage/js/jquery.pnotify.min.js HTTP/1.1" 200 13038
181.212.47.137 - - [18/Apr/2024:13:28:29 -0300] "GET /cormun/static/scaMessage/scaMessageRender.js HTTP/1.1" 200 11977
181.212.47.137 - - [18/Apr/2024:13:28:29 -0300] "GET /cormun/static/hmpwkw03.js?20221129844354 HTTP/1.1" 200 3971
181.212.47.137 - - [18/Apr/2024:13:28:30 -0300] "GET /cormun/static/Shared/ext/ext-all.js HTTP/1.1" 200 1289687
181.212.47.137 - - [18/Apr/2024:13:28:30 -0300] "GET /cormun/static/Shared/jqueryui/jquery-ui.min.js HTTP/1.1" 200 240427
181.212.47.137 - - [18/Apr/2024:13:28:30 -0300] "GET /cormun/static/Shared/jquery/jquery-1.10.2.min.js HTTP/1.1" 200 273199
181.212.47.137 - - [18/Apr/2024:13:28:30 -0300] "GET /cormun/static/SmoothNavMenu/resources/images/down.gif HTTP/1.1" 200 854
181.212.47.137 - - [18/Apr/2024:13:28:34 -0300] "GET /cormun/servlet/trsolicitudgral? HTTP/1.1" 200 28458
181.212.47.137 - - [18/Apr/2024:13:28:34 -0300] "GET /cormun/static/gxui/gxui-all.css?110300 HTTP/1.1" 200 2179
181.212.47.137 - - [18/Apr/2024:13:28:34 -0300] "GET /cormun/static/calendar-system.css?75620 HTTP/1.1" 200 5572
181.212.47.137 - - [18/Apr/2024:13:28:34 -0300] "GET /cormun/static/gxcfg.js?20191021621534 HTTP/1.1" 200 953
181.212.47.137 - - [18/Apr/2024:13:28:34 -0300] "GET /cormun/static/calendar.js?85251 HTTP/1.1" 200 26246
181.212.47.137 - - [18/Apr/2024:13:28:34 -0300] "GET /cormun/static/calendar-setup.js?85251 HTTP/1.1" 200 2588
181.212.47.137 - - [18/Apr/2024:13:28:34 -0300] "GET /cormun/static/calendar-es.js?85251 HTTP/1.1" 200 1901
181.212.47.137 - - [18/Apr/2024:13:28:34 -0300] "GET /cormun/static/gxdec.js?85251 HTTP/1.1" 200 19579
181.212.47.137 - - [18/Apr/2024:13:28:34 -0300] "GET /cormun/static/trsolicitudgral.js?20191021621224 HTTP/1.1" 200 55166
181.212.47.137 - - [18/Apr/2024:13:28:34 -0300] "GET /cormun/static/Resources/Spanish/PXTools.css?2294816 HTTP/1.1" 200 100853
181.212.47.137 - - [18/Apr/2024:13:28:34 -0300] "GET /cormun/static/Resources/PXToolsDataSearch.png HTTP/1.1" 200 435
181.212.47.137 - - [18/Apr/2024:13:28:35 -0300] "GET /cormun/static/Resources/PXToolsActionExcel.png HTTP/1.1" 200 727
181.212.47.137 - - [18/Apr/2024:13:28:35 -0300] "GET /cormun/static/Resources/PXToolsAddAllStandardAction.png HTTP/1.1" 200 628
181.212.47.137 - - [18/Apr/2024:13:28:35 -0300] "GET /cormun/static/Resources/PXToolsRemoveAllStandardAction.png HTTP/1.1" 200 495
181.212.47.137 - - [18/Apr/2024:13:28:35 -0300] "GET /cormun/static/Shared/ext/resources/css/ext-all.css?205870 HTTP/1.1" 200 416045
181.212.47.137 - - [18/Apr/2024:13:28:35 -0300] "GET /cormun//static/Resources/PXToolsGridUpdate.png HTTP/1.1" 200 470
181.212.47.137 - - [18/Apr/2024:13:28:35 -0300] "GET /cormun//static/Resources/PXToolsGridDelete.png HTTP/1.1" 200 538
181.212.47.137 - - [18/Apr/2024:13:28:53 -0300] "GET /cormun/servlet/vesolicitudgral?2024,21273,, HTTP/1.1" 200 8391
181.212.47.137 - - [18/Apr/2024:13:28:53 -0300] "GET /cormun/static/gxcfg.js?20201215594983 HTTP/1.1" 200 953
181.212.47.137 - - [18/Apr/2024:13:28:53 -0300] "GET /cormun/static/Resources/PXToolsTabFirstSelected.png HTTP/1.1" 200 1270
181.212.47.137 - - [18/Apr/2024:13:28:53 -0300] "GET /cormun/pexe_scrolldiv.js HTTP/1.1" 404 1009
181.212.47.137 - - [18/Apr/2024:13:28:53 -0300] "GET /cormun/static/vesolicitudgral.js?20201215595069 HTTP/1.1" 200 6721
181.212.47.137 - - [18/Apr/2024:13:28:53 -0300] "GET /cormun/static/hpexe_tabsview.js?2020121447381 HTTP/1.1" 200 1661
181.212.47.137 - - [18/Apr/2024:13:28:53 -0300] "GET /cormun/static/hwcviewtabs.js?201991422154026 HTTP/1.1" 200 1074
181.212.47.137 - - [18/Apr/2024:13:28:53 -0300] "GET /cormun/static/Resources/PXToolsTabPrevious.gif HTTP/1.1" 200 172
181.212.47.137 - - [18/Apr/2024:13:28:53 -0300] "GET /cormun/static/Resources/PXToolsTabLastUnselected.png HTTP/1.1" 200 1297
181.212.47.137 - - [18/Apr/2024:13:28:53 -0300] "GET /cormun/static/Resources/PXToolsTabNext.gif HTTP/1.1" 200 168
181.212.47.137 - - [18/Apr/2024:13:28:53 -0300] "GET /cormun/static/Resources/PXToolsTabBackUnselected.png HTTP/1.1" 200 1175
181.212.47.137 - - [18/Apr/2024:13:28:53 -0300] "GET /cormun/static/Resources/PXToolsTabBackSelected.png HTTP/1.1" 200 1157
181.212.47.137 - - [18/Apr/2024:13:28:53 -0300] "GET /cormun/static/Resources/PXToolsTabSelectedUnselected.png HTTP/1.1" 200 1451
181.212.47.137 - - [18/Apr/2024:13:28:55 -0300] "POST /cormun/servlet/vesolicitudgral?f4f26de624aa2e42a6ed9f4baad4dd92,2024,21273,,,gx-no-cache=1713457520208 HTTP/1.1" 200 12318
181.212.47.137 - - [18/Apr/2024:13:28:55 -0300] "GET /cormun/static/Shared/jqueryui/images/ui-icons_8d78a5_256x240.png HTTP/1.1" 404 1089
181.212.47.137 - - [18/Apr/2024:13:28:55 -0300] "GET /cormun/static/Shared/jqueryui/images/ui-bg_flat_55_fafafa_40x100.png HTTP/1.1" 404 1097
181.212.47.137 - - [18/Apr/2024:13:28:55 -0300] "GET /cormun/static/Shared/jqueryui/images/ui-bg_highlight-soft_100_c6c2c8_1x100.png HTTP/1.1" 404 1117
181.212.47.137 - - [18/Apr/2024:13:28:55 -0300] "GET /cormun/static/Shared/jqueryui/images/ui-icons_82798d_256x240.png HTTP/1.1" 404 1089
181.212.47.137 - - [18/Apr/2024:13:28:55 -0300] "POST /cormun/servlet/vesolicitudgral?f4f26de624aa2e42a6ed9f4baad4dd92,2024,21273,,,gx-no-cache=1713457520438 HTTP/1.1" 200 12252
181.212.47.137 - - [18/Apr/2024:13:28:55 -0300] "GET /cormun//static/Resources/PXToolsTabLastUnselected.png HTTP/1.1" 200 1297
181.212.47.137 - - [18/Apr/2024:13:28:58 -0300] "GET /cormun/servlet/trsolicitudgral? HTTP/1.1" 200 28538
181.212.47.137 - - [18/Apr/2024:13:29:17 -0300] "GET /cormun/servlet/vesolicitudgral?2024,21257,, HTTP/1.1" 200 8395
181.212.47.137 - - [18/Apr/2024:13:29:17 -0300] "GET /cormun/pexe_scrolldiv.js HTTP/1.1" 404 1009
181.212.47.137 - - [18/Apr/2024:13:29:19 -0300] "POST /cormun/servlet/vesolicitudgral?f4f26de624aa2e42a6ed9f4baad4dd92,2024,21257,,,gx-no-cache=1713457544034 HTTP/1.1" 200 12311
181.212.47.137 - - [18/Apr/2024:13:29:19 -0300] "POST /cormun/servlet/vesolicitudgral?f4f26de624aa2e42a6ed9f4baad4dd92,2024,21257,,,gx-no-cache=1713457544195 HTTP/1.1" 200 12244
218.38.210.48 - tomcat [18/Apr/2024:13:29:19 -0300] "GET /manager/html HTTP/1.1" 403 3196
181.212.47.137 - - [18/Apr/2024:13:29:22 -0300] "GET /cormun/servlet/trsolicitudgral? HTTP/1.1" 200 28616
185.36.81.40 - - [18/Apr/2024:13:29:37 -0300] "CONNECT google.com:443 HTTP/1.1" 400 -
200.54.100.179 - - [18/Apr/2024:13:31:01 -0300] "GET /cormun/servlet/trpermisosadjuntos?17133915,20240418110340,P, HTTP/1.1" 200 6638
200.54.100.179 - - [18/Apr/2024:13:31:01 -0300] "GET /cormun/static/gxcfg.js?2020121641683 HTTP/1.1" 200 953
200.54.100.179 - - [18/Apr/2024:13:31:01 -0300] "GET /cormun/static/trpermisosadjuntos.js?2020121642996 HTTP/1.1" 200 20158
200.54.100.179 - - [18/Apr/2024:13:31:03 -0300] "GET /cormun/servlet/permisosadjuntos?INS,17133915,P,20240418110340,, HTTP/1.1" 200 5965
200.54.100.179 - - [18/Apr/2024:13:31:03 -0300] "GET /cormun/static/gxcfg.js?20201215134212 HTTP/1.1" 200 953
200.54.100.179 - - [18/Apr/2024:13:31:03 -0300] "GET /cormun/static/permisosadjuntos.js?20201215134285 HTTP/1.1" 200 8724
200.54.100.179 - - [18/Apr/2024:13:31:03 -0300] "GET /cormun/static/about:blank HTTP/1.1" 404 1011
200.54.100.179 - - [18/Apr/2024:13:31:21 -0300] "POST /cormun/servlet/permisosadjuntos?e3df8899e03ae71fdb52ef7e255bbf06,INS,17133915,P,20240418110340,, HTTP/1.1" 200 116
200.54.100.179 - - [18/Apr/2024:13:31:22 -0300] "GET /cormun/servlet/hpexe_return? HTTP/1.1" 200 1034
200.54.100.179 - - [18/Apr/2024:13:31:22 -0300] "GET /cormun/servlet/trpermisosadjuntos?17133915,20240418110340,P, HTTP/1.1" 200 7175
200.54.100.179 - - [18/Apr/2024:13:31:25 -0300] "POST /cormun/servlet/trpermisosadjuntos?e3df8899e03ae71fdb52ef7e255bbf06,17133915,20240418110340,P,,gx-no-cache=1713457667939 HTTP/1.1" 200 90
200.54.100.179 - - [18/Apr/2024:13:31:25 -0300] "GET /cormun/servlet/hpexe_link HTTP/1.1" 200 981
200.54.100.179 - - [18/Apr/2024:13:31:25 -0300] "GET /cormun/servlet/trpermisosgoce HTTP/1.1" 200 10916
200.54.100.179 - - [18/Apr/2024:13:31:29 -0300] "GET /cormun/servlet/trpermisosadjuntos?17138525,20240418115655,P, HTTP/1.1" 200 6631
200.54.100.179 - - [18/Apr/2024:13:31:32 -0300] "GET /cormun/servlet/permisosadjuntos?INS,17138525,P,20240418115655,, HTTP/1.1" 200 5959
200.54.100.179 - - [18/Apr/2024:13:31:33 -0300] "GET /cormun/static/about:blank HTTP/1.1" 404 1011
218.38.210.48 - tomcat [18/Apr/2024:13:31:39 -0300] "GET /manager/html HTTP/1.1" 403 3196
200.54.100.179 - - [18/Apr/2024:13:31:41 -0300] "POST /cormun/servlet/permisosadjuntos?e3df8899e03ae71fdb52ef7e255bbf06,INS,17138525,P,20240418115655,, HTTP/1.1" 200 116
200.54.100.179 - - [18/Apr/2024:13:31:41 -0300] "GET /cormun/servlet/hpexe_return? HTTP/1.1" 200 1033
200.54.100.179 - - [18/Apr/2024:13:31:41 -0300] "GET /cormun/servlet/trpermisosadjuntos?17138525,20240418115655,P, HTTP/1.1" 200 7168
200.54.100.179 - - [18/Apr/2024:13:31:45 -0300] "POST /cormun/servlet/trpermisosadjuntos?e3df8899e03ae71fdb52ef7e255bbf06,17138525,20240418115655,P,,gx-no-cache=1713457688121 HTTP/1.1" 200 90
200.54.100.179 - - [18/Apr/2024:13:31:45 -0300] "GET /cormun/servlet/hpexe_link HTTP/1.1" 200 980
200.54.100.179 - - [18/Apr/2024:13:31:45 -0300] "GET /cormun/servlet/trpermisosgoce HTTP/1.1" 200 10916
200.54.100.179 - - [18/Apr/2024:13:31:54 -0300] "POST /cormun/servlet/trpermisosgoce?e3df8899e03ae71fdb52ef7e255bbf06,gx-no-cache=1713457696640 HTTP/1.1" 200 8129
200.54.100.179 - - [18/Apr/2024:13:31:54 -0300] "GET /cormun/static/Shared/jqueryui/images/ui-icons_82798d_256x240.png HTTP/1.1" 404 1089
200.54.100.179 - - [18/Apr/2024:13:31:54 -0300] "GET /cormun/static/Shared/jqueryui/images/ui-bg_highlight-soft_100_c6c2c8_1x100.png HTTP/1.1" 404 1117
200.54.100.179 - - [18/Apr/2024:13:31:54 -0300] "GET /cormun/static/Shared/jqueryui/images/ui-bg_flat_55_fafafa_40x100.png HTTP/1.1" 404 1097
200.54.100.179 - - [18/Apr/2024:13:31:54 -0300] "GET /cormun/static/Shared/jqueryui/images/ui-icons_8d78a5_256x240.png HTTP/1.1" 404 1089
200.54.100.179 - - [18/Apr/2024:13:31:59 -0300] "POST /cormun/servlet/trpermisosgoce?e3df8899e03ae71fdb52ef7e255bbf06,gx-no-cache=1713457701912 HTTP/1.1" 200 8122
181.212.47.137 - - [18/Apr/2024:13:32:07 -0300] "GET /cormun/servlet/vesolicitudgral?2024,21139,, HTTP/1.1" 200 8409
181.212.47.137 - - [18/Apr/2024:13:32:08 -0300] "GET /cormun/pexe_scrolldiv.js HTTP/1.1" 404 1009
181.212.47.137 - - [18/Apr/2024:13:32:44 -0300] "POST /cormun/servlet/vesolicitudgral?f4f26de624aa2e42a6ed9f4baad4dd92,2024,21139,,,gx-no-cache=1713457749081 HTTP/1.1" 200 12333
181.212.47.137 - - [18/Apr/2024:13:32:44 -0300] "POST /cormun/servlet/vesolicitudgral?f4f26de624aa2e42a6ed9f4baad4dd92,2024,21139,,,gx-no-cache=1713457749306 HTTP/1.1" 200 12265
181.212.47.137 - - [18/Apr/2024:13:32:46 -0300] "GET /cormun/servlet/trsolicitudgral? HTTP/1.1" 200 28528
181.212.47.137 - - [18/Apr/2024:13:33:12 -0300] "GET /cormun/servlet/vesolicitudgral?2024,21196,, HTTP/1.1" 200 8414
181.212.47.137 - - [18/Apr/2024:13:33:12 -0300] "GET /cormun/pexe_scrolldiv.js HTTP/1.1" 404 1009
192.168.10.17 - - [18/Apr/2024:13:33:47 -0300] "GET /cormun/servlet/hlogin HTTP/1.1" 200 1718
192.168.10.17 - - [18/Apr/2024:13:33:47 -0300] "GET /cormun/servlet/hlogin HTTP/1.1" 200 1728
192.168.10.17 - - [18/Apr/2024:13:33:54 -0300] "POST /cormun/servlet/hlogin?ee8991e518d8defd5823a840af912ecb,gx-no-cache=1713457819334 HTTP/1.1" 200 90
192.168.10.17 - - [18/Apr/2024:13:33:54 -0300] "GET /cormun/servlet/hpexe_link HTTP/1.1" 200 949
192.168.10.17 - - [18/Apr/2024:13:33:54 -0300] "GET /cormun/servlet/hhome HTTP/1.1" 200 3819
192.168.10.17 - - [18/Apr/2024:13:33:56 -0300] "GET /cormun/servlet/trsolicitudgral? HTTP/1.1" 200 28522
192.168.10.17 - - [18/Apr/2024:13:33:58 -0300] "GET /cormun/static/menuarrow.gif HTTP/1.1" 404 1015
218.38.210.48 - tomcat [18/Apr/2024:13:33:58 -0300] "GET /manager/html HTTP/1.1" 403 3196
192.168.10.17 - - [18/Apr/2024:13:34:01 -0300] "POST /cormun/servlet/trsolicitudgral?ee8991e518d8defd5823a840af912ecb,,gx-no-cache=1713457825992 HTTP/1.1" 200 26114
192.168.10.17 - - [18/Apr/2024:13:34:11 -0300] "GET /cormun/servlet/vesolicitudgral?2024,21196,, HTTP/1.1" 200 8413
192.168.10.17 - - [18/Apr/2024:13:34:11 -0300] "GET /cormun/pexe_scrolldiv.js HTTP/1.1" 404 1009
192.168.10.17 - - [18/Apr/2024:13:34:13 -0300] "POST /cormun/servlet/vesolicitudgral?ee8991e518d8defd5823a840af912ecb,2024,21196,,,gx-no-cache=1713457838054 HTTP/1.1" 200 12313
192.168.10.17 - - [18/Apr/2024:13:34:13 -0300] "GET /cormun/static/Shared/jqueryui/images/ui-icons_82798d_256x240.png HTTP/1.1" 404 1089
192.168.10.17 - - [18/Apr/2024:13:34:13 -0300] "GET /cormun/static/Shared/jqueryui/images/ui-bg_highlight-soft_100_c6c2c8_1x100.png HTTP/1.1" 404 1117
192.168.10.17 - - [18/Apr/2024:13:34:13 -0300] "GET /cormun/static/Shared/jqueryui/images/ui-bg_flat_55_fafafa_40x100.png HTTP/1.1" 404 1097
192.168.10.17 - - [18/Apr/2024:13:34:13 -0300] "GET /cormun/static/Shared/jqueryui/images/ui-icons_8d78a5_256x240.png HTTP/1.1" 404 1089
192.168.10.17 - - [18/Apr/2024:13:34:13 -0300] "POST /cormun/servlet/vesolicitudgral?ee8991e518d8defd5823a840af912ecb,2024,21196,,,gx-no-cache=1713457838184 HTTP/1.1" 200 12246
192.168.10.17 - - [18/Apr/2024:13:34:16 -0300] "GET /cormun/servlet/trsolicitudgral? HTTP/1.1" 200 28516
190.171.149.74 - - [18/Apr/2024:13:34:37 -0300] "GET /cormun/servlet/trpermisosgoce? HTTP/1.1" 200 6036
190.171.149.74 - - [18/Apr/2024:13:34:38 -0300] "GET /cormun/servlet/hlogin HTTP/1.1" 200 1745
190.171.149.74 - - [18/Apr/2024:13:34:43 -0300] "POST /cormun/servlet/hlogin?b5686bd80c5fdb09a45a149aa52f3aa6,gx-no-cache=1713457864746 HTTP/1.1" 200 90
190.171.149.74 - - [18/Apr/2024:13:34:43 -0300] "GET /cormun/servlet/hpexe_link HTTP/1.1" 200 961
190.171.149.74 - - [18/Apr/2024:13:34:43 -0300] "GET /cormun/servlet/trpermisosgoce HTTP/1.1" 200 16738
190.171.149.74 - - [18/Apr/2024:13:34:51 -0300] "GET /cormun/servlet/trpermisosgoce? HTTP/1.1" 200 16732
190.171.141.106 - - [18/Apr/2024:13:35:23 -0300] "GET /cormun/servlet/trlicencias? HTTP/1.1" 200 6047
190.171.141.106 - - [18/Apr/2024:13:35:25 -0300] "GET /cormun/servlet/hlogin HTTP/1.1" 200 1729
209.141.55.133 - tomcat [18/Apr/2024:13:35:44 -0300] "GET /manager/html HTTP/1.1" 403 3196
190.208.14.9 - - [18/Apr/2024:13:35:57 -0300] "GET /cormun/servlet/hlogin HTTP/1.1" 200 1721
190.208.14.9 - - [18/Apr/2024:13:35:58 -0300] "GET /cormun/static/gxcfg.js?2022112219184450 HTTP/1.1" 200 953
190.208.14.9 - - [18/Apr/2024:13:35:58 -0300] "GET /cormun/static/gxtimezone.js?85251 HTTP/1.1" 200 5781
190.208.14.9 - - [18/Apr/2024:13:35:58 -0300] "GET /cormun/static/Resources/Spanish/PXTools.css?1759030 HTTP/1.1" 200 100853
190.208.14.9 - - [18/Apr/2024:13:35:58 -0300] "GET /cormun/static/gxgral.js?85251 HTTP/1.1" 200 384558
190.208.14.9 - - [18/Apr/2024:13:35:59 -0300] "GET /cormun/static/messages.spa.js?85251 HTTP/1.1" 200 30736
190.208.14.9 - - [18/Apr/2024:13:35:59 -0300] "GET /cormun/static/hlogin.js?2022112219184458 HTTP/1.1" 200 2156
190.208.14.9 - - [18/Apr/2024:13:36:01 -0300] "GET /cormun/static/Resources/CormunLogin.png HTTP/1.1" 200 19132
190.208.14.9 - - [18/Apr/2024:13:36:01 -0300] "GET /cormun/static/Resources/PXToolsLoginTop.png HTTP/1.1" 200 1337
190.208.14.9 - - [18/Apr/2024:13:36:01 -0300] "GET /cormun/static/Resources/PXToolsButtonBackground.png HTTP/1.1" 200 1176
190.208.14.9 - - [18/Apr/2024:13:36:01 -0300] "GET /cormun/static/Resources/PXToolsButtonLeft.png HTTP/1.1" 200 1310
190.208.14.9 - - [18/Apr/2024:13:36:01 -0300] "GET /cormun/static/Resources/PXToolsLoginBottom.png HTTP/1.1" 200 1389
190.208.14.9 - - [18/Apr/2024:13:36:01 -0300] "GET /cormun/static/Resources/PXToolsButtonRight.png HTTP/1.1" 200 1294
190.208.14.9 - - [18/Apr/2024:13:36:01 -0300] "GET /cormun/static/Resources/PXToolsLoginBackground.png HTTP/1.1" 200 1164
190.208.14.9 - - [18/Apr/2024:13:36:02 -0300] "GET /cormun/static/Resources/indicator.gif HTTP/1.1" 200 1553
190.208.14.9 - - [18/Apr/2024:13:36:02 -0300] "GET /cormun/servlet/hlogin HTTP/1.1" 200 1730
190.171.141.106 - - [18/Apr/2024:13:36:05 -0300] "POST /cormun/servlet/hlogin?9921440e84e409e583e1f1d95fbf790b,gx-no-cache=1713457951303 HTTP/1.1" 200 447
190.171.141.106 - - [18/Apr/2024:13:36:09 -0300] "POST /cormun/servlet/hlogin?9921440e84e409e583e1f1d95fbf790b,gx-no-cache=1713457955780 HTTP/1.1" 200 447
190.171.141.106 - - [18/Apr/2024:13:36:12 -0300] "POST /cormun/servlet/hlogin?9921440e84e409e583e1f1d95fbf790b,gx-no-cache=1713457958069 HTTP/1.1" 200 446
218.38.210.48 - tomcat [18/Apr/2024:13:36:18 -0300] "GET /manager/html HTTP/1.1" 403 3196
190.171.141.106 - - [18/Apr/2024:13:36:28 -0300] "POST /cormun/servlet/hlogin?9921440e84e409e583e1f1d95fbf790b,gx-no-cache=1713457974606 HTTP/1.1" 200 90
190.171.141.106 - - [18/Apr/2024:13:36:28 -0300] "GET /cormun/servlet/hpexe_link HTTP/1.1" 200 947
190.171.141.106 - - [18/Apr/2024:13:36:29 -0300] "GET /cormun/servlet/trlicencias HTTP/1.1" 200 13385
190.171.149.74 - - [18/Apr/2024:13:36:37 -0300] "GET /cormun/servlet/permisogoce?INS,0,,, HTTP/1.1" 200 6850
190.171.149.74 - - [18/Apr/2024:13:36:45 -0300] "POST /cormun/servlet/permisogoce?b5686bd80c5fdb09a45a149aa52f3aa6,INS,0,,,,gx-no-cache=1713457987195 HTTP/1.1" 200 93
190.171.149.74 - - [18/Apr/2024:13:36:45 -0300] "GET /cormun/servlet/hpexe_return? HTTP/1.1" 200 1014
190.171.149.74 - - [18/Apr/2024:13:36:45 -0300] "GET /cormun/servlet/trpermisosgoce HTTP/1.1" 200 16736
218.38.210.48 - tomcat [18/Apr/2024:13:38:40 -0300] "GET /manager/html HTTP/1.1" 403 3196
218.38.210.48 - tomcat [18/Apr/2024:13:40:57 -0300] "GET /manager/html HTTP/1.1" 403 3196
192.168.10.17 - - [18/Apr/2024:13:41:16 -0300] "GET /cormun/servlet/vesolicitudgral?2024,21262,, HTTP/1.1" 200 8382
192.168.10.17 - - [18/Apr/2024:13:41:16 -0300] "GET /cormun/pexe_scrolldiv.js HTTP/1.1" 404 1009
192.168.10.17 - - [18/Apr/2024:13:41:19 -0300] "GET /cormun/servlet/trsolicitudgral? HTTP/1.1" 200 28516
192.168.10.17 - - [18/Apr/2024:13:41:21 -0300] "GET /cormun/servlet/vesolicitudgral?2024,21262,, HTTP/1.1" 200 8382
192.168.10.17 - - [18/Apr/2024:13:41:21 -0300] "GET /cormun/pexe_scrolldiv.js HTTP/1.1" 404 1009
192.168.10.17 - - [18/Apr/2024:13:41:22 -0300] "GET /cormun/servlet/vesolicitudgral?2024,21262,,SolicitudOTAdjuntos HTTP/1.1" 200 11064
192.168.10.17 - - [18/Apr/2024:13:41:22 -0300] "GET /cormun/pexe_scrolldiv.js HTTP/1.1" 404 1009
192.168.10.17 - - [18/Apr/2024:13:41:23 -0300] "POST /cormun/servlet/acontrolpreferencessavestate?None,RRHH+DANIELA,true HTTP/1.1" 200 35
192.168.10.17 - - [18/Apr/2024:13:41:24 -0300] "GET /cormun/servlet/vesolicitudgral?2024,21262,,General HTTP/1.1" 200 8387
192.168.10.17 - - [18/Apr/2024:13:41:24 -0300] "GET /cormun/pexe_scrolldiv.js HTTP/1.1" 404 1009
192.168.10.17 - - [18/Apr/2024:13:41:32 -0300] "GET /cormun/servlet/trsolicitudgral? HTTP/1.1" 200 28516
181.212.43.89 - - [18/Apr/2024:13:42:29 -0300] "GET /cormun/servlet/solicitudot?INS,0,0,false, HTTP/1.1" 200 16029
181.212.43.89 - - [18/Apr/2024:13:42:45 -0300] "POST /cormun/servlet/solicitudot?gx-no-cache=1713458348000 HTTP/1.1" 200 4031
181.212.43.89 - - [18/Apr/2024:13:42:45 -0300] "POST /cormun/servlet/solicitudot?f40bcf43f5c48997efcfe7dd93110af7,INS,0,0,false,,gx-no-cache=1713458348182 HTTP/1.1" 200 12624
181.212.43.89 - - [18/Apr/2024:13:42:46 -0300] "GET /cormun/servlet/solicitudot?9818d8f52808c31e310ebcac175a9221c77659568acb26ec892ec6ac3d62d543fb6f9c75828fd0903eca461cfe7b8623,gx-no-cache=1713458349132 HTTP/1.1" 200 30
218.38.210.48 - tomcat [18/Apr/2024:13:43:00 -0300] "GET /manager/html HTTP/1.1" 403 3196
192.168.10.17 - - [18/Apr/2024:13:43:01 -0300] "GET /cormun/servlet/trautorizarot? HTTP/1.1" 200 12975
192.168.10.17 - - [18/Apr/2024:13:43:01 -0300] "GET /cormun//static/Resources/PXToolsDataSearchRemember.gif HTTP/1.1" 200 1153
192.168.10.17 - - [18/Apr/2024:13:43:05 -0300] "POST /cormun/servlet/trautorizarot?ee8991e518d8defd5823a840af912ecb,,gx-no-cache=1713458370418 HTTP/1.1" 200 5313
192.168.10.17 - - [18/Apr/2024:13:43:09 -0300] "GET /cormun/servlet/trsolicitudgral? HTTP/1.1" 200 28509
192.168.10.17 - - [18/Apr/2024:13:43:13 -0300] "POST /cormun/servlet/trsolicitudgral?ee8991e518d8defd5823a840af912ecb,,gx-no-cache=1713458378132 HTTP/1.1" 200 11623
181.212.43.89 - - [18/Apr/2024:13:43:40 -0300] "GET /cormun/servlet/prbanco?,MD,,gxPopupLevel%3D0%3B HTTP/1.1" 200 6618
181.212.43.89 - - [18/Apr/2024:13:44:05 -0300] "GET /cormun/servlet/solicitudot?9818d8f52808c31e310ebcac175a922152eae71f700f2f3af1f42875b05197adbdeaca80ead279da466c61a6cea7b9d52d0e58fd7517064bc52903aa2946c555,gx-no-cache=1713458428133 HTTP/1.1" 200 30
181.212.43.89 - - [18/Apr/2024:13:44:06 -0300] "GET /cormun/servlet/solicitudot?9818d8f52808c31e310ebcac175a9221ade9e8bcd34c7919c453657b16c9ddb2,gx-no-cache=1713458429119 HTTP/1.1" 200 60
192.168.10.17 - - [18/Apr/2024:13:44:12 -0300] "GET /cormun/servlet/vesolicitudgral?2024,21256,, HTTP/1.1" 200 8428
192.168.10.17 - - [18/Apr/2024:13:44:12 -0300] "GET /cormun/pexe_scrolldiv.js HTTP/1.1" 404 1009
181.212.43.89 - - [18/Apr/2024:13:44:36 -0300] "POST /cormun/servlet/solicitudot?gx-no-cache=1713458459548 HTTP/1.1" 200 297
181.212.43.89 - - [18/Apr/2024:13:44:37 -0300] "GET /cormun/servlet/solicitudot?9818d8f52808c31e310ebcac175a9221523a61407ac12fcfa29ff370e0b44bd8e5840161522b51615a20828de28b05a2ee9d05930b3cd5cbc8a20f6e9af3a4d45a515d35e6c3cd377847d69f111ac50b7b1972b6ce1271aac1966b032dea3483c00ef1bc14ea02f8580531796b8eb67960535973e376764451ed559da7a55ede15ca82f4d58d79e5d6b79825851c1b04de0d50e7a7845989bf4bc0b87e90df3c0a4688ed45d37e026522ad6ff0777ae9b7912ec4f6f9ff2a1de315838ec73668d5544682063f7c8a40a83a746cb03d756bd7fb721745a2858df3cda9ba77743e02f4e1e22f898b0052c5bbcef7cd929512488e0bda9338dc1e6b5abd0c4054b2edac590da3b349b069e474f72fac2300f9c276c663239535a0684b29e7116f40debaa274555f18c1c0e00399f07a7eab5b34abd3cf98a1f7ccec66f090b978de1d9964bfbf4b84d1a953431446a4fd089240fc9eb7375d25f21653f4228d33499203397f660d4386ff180e3bb4e31008c5a40372d70b1196cd7e86f1bab8116141119ab144f5cd616d6f291146f37edf,gx-no-cache=1713458459675 HTTP/1.1" 200 30
181.212.43.89 - - [18/Apr/2024:13:44:38 -0300] "POST /cormun/servlet/solicitudot?gx-no-cache=1713458461461 HTTP/1.1" 200 30
181.212.43.89 - - [18/Apr/2024:13:44:40 -0300] "POST /cormun/servlet/solicitudot?gx-no-cache=1713458462633 HTTP/1.1" 200 1481
181.212.43.89 - - [18/Apr/2024:13:44:40 -0300] "POST /cormun/servlet/solicitudot?gx-no-cache=1713458462716 HTTP/1.1" 200 38
218.38.210.48 - tomcat [18/Apr/2024:13:45:02 -0300] "GET /manager/html HTTP/1.1" 403 3196
181.212.43.89 - - [18/Apr/2024:13:45:19 -0300] "GET /cormun/servlet/solicitudot?9818d8f52808c31e310ebcac175a92217427b52021191ee303f313995370664d3cf6580dc4a537626d8af4dedc6e2cf8824f7201bc391aa9abf9e2bcaf6b0b2f2c30e07828bdf0652541ad0783a2411091cb0efe3c3634ee5e3e25d39464418049af87352b532203df0721792314c020,gx-no-cache=1713458502421 HTTP/1.1" 200 110
181.212.43.89 - - [18/Apr/2024:13:45:19 -0300] "POST /cormun/servlet/solicitudot?gx-no-cache=1713458502567 HTTP/1.1" 200 72
181.212.43.89 - - [18/Apr/2024:13:45:25 -0300] "GET /cormun/servlet/solicitudot?9818d8f52808c31e310ebcac175a92210510bcbb8fba19ac8fc7a768d9be5cfd2f1f34b0cb6b9eb5df33192801ac69fc91a8d4a91d838f864a018664e1065e42730786d0ccd60a91647b34ce9af238b1d88ec759e9d760fdef692d15a0946c2955c56f281d4bf0bbab22de43faf421d7,gx-no-cache=1713458508591 HTTP/1.1" 200 29
181.212.43.89 - - [18/Apr/2024:13:45:26 -0300] "GET /cormun/static/menuarrow.gif HTTP/1.1" 404 1015
181.212.43.89 - - [18/Apr/2024:13:45:28 -0300] "GET /cormun/servlet/solicitudot?9818d8f52808c31e310ebcac175a922138daa137ca78cdaa5d976a3cdb8f0a33757caf095395649cbb2df9681844aabb,gx-no-cache=1713458510880 HTTP/1.1" 200 30
181.212.43.89 - - [18/Apr/2024:13:45:33 -0300] "POST /cormun/servlet/solicitudot?gx-no-cache=1713458516433 HTTP/1.1" 200 30
192.168.10.17 - - [18/Apr/2024:13:45:45 -0300] "GET /cormun/servlet/vesolicitudgral?2024,21256,,SolicitudOTAdjuntos HTTP/1.1" 200 11061
192.168.10.17 - - [18/Apr/2024:13:45:45 -0300] "GET /cormun/pexe_scrolldiv.js HTTP/1.1" 404 1009
192.168.10.17 - - [18/Apr/2024:13:45:46 -0300] "POST /cormun/servlet/acontrolpreferencessavestate?None,RRHH+DANIELA,true HTTP/1.1" 200 35
192.168.10.17 - - [18/Apr/2024:13:45:51 -0300] "GET /cormun/PublicTempStorage/certificado_titiulo_camila_carrera4005987.pdf HTTP/1.1" 200 176589
192.168.10.17 - - [18/Apr/2024:13:45:56 -0300] "GET /cormun/servlet/vesolicitudgral?2024,21256,,SolicitudOTAdjuntos HTTP/1.1" 200 11061
192.168.10.17 - - [18/Apr/2024:13:45:57 -0300] "POST /cormun/servlet/acontrolpreferencessavestate?None,RRHH+DANIELA,true HTTP/1.1" 200 35
181.212.43.89 - - [18/Apr/2024:13:46:00 -0300] "POST /cormun/servlet/solicitudot?f40bcf43f5c48997efcfe7dd93110af7,INS,0,0,false,,gx-no-cache=1713458542808 HTTP/1.1" 200 93
181.212.43.89 - - [18/Apr/2024:13:46:00 -0300] "GET /cormun/servlet/hpexe_return? HTTP/1.1" 200 1028
181.212.43.89 - - [18/Apr/2024:13:46:00 -0300] "GET /cormun/servlet/trsolicitudot?gx-no-cache=1713453244512 HTTP/1.1" 200 9705
192.168.10.17 - - [18/Apr/2024:13:46:05 -0300] "GET /cormun/PublicTempStorage/curriculum_camila_carrera3400758.pdf HTTP/1.1" 200 317032
209.141.55.133 - tomcat [18/Apr/2024:13:46:36 -0300] "GET /manager/html HTTP/1.1" 403 3196
192.168.10.17 - - [18/Apr/2024:13:46:39 -0300] "GET /cormun/servlet/vesolicitudgral?2024,21256,,SolicitudOTAdjuntos HTTP/1.1" 200 11062
192.168.10.17 - - [18/Apr/2024:13:46:41 -0300] "POST /cormun/servlet/acontrolpreferencessavestate?None,RRHH+DANIELA,true HTTP/1.1" 200 35
192.168.10.17 - - [18/Apr/2024:13:46:44 -0300] "GET /cormun/PublicTempStorage/certificado_afp_camila_carrera9871848.pdf HTTP/1.1" 200 25637
192.168.10.17 - - [18/Apr/2024:13:47:02 -0300] "GET /cormun/servlet/vesolicitudgral?2024,21256,,SolicitudOTAdjuntos HTTP/1.1" 200 11061
192.168.10.17 - - [18/Apr/2024:13:47:03 -0300] "POST /cormun/servlet/acontrolpreferencessavestate?None,RRHH+DANIELA,true HTTP/1.1" 200 35
218.38.210.48 - tomcat [18/Apr/2024:13:47:05 -0300] "GET /manager/html HTTP/1.1" 403 3196
192.168.10.17 - - [18/Apr/2024:13:47:05 -0300] "GET /cormun/PublicTempStorage/certificado_fonasa_camila_carrera5512560.pdf HTTP/1.1" 200 71792
192.168.10.17 - - [18/Apr/2024:13:47:18 -0300] "GET /cormun/servlet/vesolicitudgral?2024,21256,,SolicitudOTAdjuntos HTTP/1.1" 200 11060
192.168.10.17 - - [18/Apr/2024:13:47:19 -0300] "POST /cormun/servlet/acontrolpreferencessavestate?None,RRHH+DANIELA,true HTTP/1.1" 200 35
192.168.10.17 - - [18/Apr/2024:13:47:20 -0300] "GET /cormun/PublicTempStorage/fotocopia_carne_camila_carrera8512165.pdf HTTP/1.1" 200 108008
192.168.10.17 - - [18/Apr/2024:13:47:40 -0300] "GET /cormun/servlet/vesolicitudgral?2024,21256,,SolicitudOTAdjuntos HTTP/1.1" 200 11058
192.168.10.17 - - [18/Apr/2024:13:47:41 -0300] "POST /cormun/servlet/acontrolpreferencessavestate?None,RRHH+DANIELA,true HTTP/1.1" 200 35
192.168.10.17 - - [18/Apr/2024:13:47:44 -0300] "GET /cormun/servlet/vesolicitudgral?2024,21256,,General HTTP/1.1" 200 8432
192.168.10.17 - - [18/Apr/2024:13:47:44 -0300] "GET /cormun/pexe_scrolldiv.js HTTP/1.1" 404 1009
181.212.43.89 - - [18/Apr/2024:13:48:26 -0300] "GET /cormun/servlet/solicitudot?INS,0,0,false, HTTP/1.1" 200 16028
181.212.43.89 - - [18/Apr/2024:13:48:38 -0300] "POST /cormun/servlet/solicitudot?gx-no-cache=1713458700831 HTTP/1.1" 200 4022
181.212.43.89 - - [18/Apr/2024:13:48:38 -0300] "POST /cormun/servlet/solicitudot?f40bcf43f5c48997efcfe7dd93110af7,INS,0,0,false,,gx-no-cache=1713458701045 HTTP/1.1" 200 12619
181.212.43.89 - - [18/Apr/2024:13:48:38 -0300] "GET /cormun/servlet/solicitudot?9818d8f52808c31e310ebcac175a9221d627a712b2e7aa309d2f49d2830d4e09fb6f9c75828fd0903eca461cfe7b8623,gx-no-cache=1713458701612 HTTP/1.1" 200 30
192.168.10.17 - - [18/Apr/2024:13:49:03 -0300] "GET /cormun/servlet/trsolicitudgral? HTTP/1.1" 200 12521
218.38.210.48 - tomcat [18/Apr/2024:13:49:08 -0300] "GET /manager/html HTTP/1.1" 403 3196
192.168.10.17 - - [18/Apr/2024:13:49:23 -0300] "GET /cormun/servlet/vesolicitudgral?2024,21219,, HTTP/1.1" 200 8377
192.168.10.17 - - [18/Apr/2024:13:49:23 -0300] "GET /cormun/pexe_scrolldiv.js HTTP/1.1" 404 1009
218.38.210.48 - tomcat [18/Apr/2024:13:51:10 -0300] "GET /manager/html HTTP/1.1" 403 3196
192.168.10.17 - - [18/Apr/2024:13:53:08 -0300] "GET /cormun/servlet/vesolicitudgral?2024,21219,,SolicitudOTAdjuntos HTTP/1.1" 200 11117
192.168.10.17 - - [18/Apr/2024:13:53:08 -0300] "GET /cormun/pexe_scrolldiv.js HTTP/1.1" 404 1009
192.168.10.17 - - [18/Apr/2024:13:53:09 -0300] "POST /cormun/servlet/acontrolpreferencessavestate?None,RRHH+DANIELA,true HTTP/1.1" 200 35
192.168.10.17 - - [18/Apr/2024:13:53:13 -0300] "GET /cormun/PublicTempStorage/fernandez_farias_matias_andres_%28c.v%298161569.pdf HTTP/1.1" 200 70782
218.38.210.48 - tomcat [18/Apr/2024:13:53:13 -0300] "GET /manager/html HTTP/1.1" 403 3196
192.168.10.17 - - [18/Apr/2024:13:54:18 -0300] "GET /cormun/servlet/vesolicitudgral?2024,21219,,SolicitudOTAdjuntos HTTP/1.1" 200 11114
192.168.10.17 - - [18/Apr/2024:13:54:19 -0300] "POST /cormun/servlet/acontrolpreferencessavestate?None,RRHH+DANIELA,true HTTP/1.1" 200 35
192.168.10.17 - - [18/Apr/2024:13:54:24 -0300] "GET /cormun/PublicTempStorage/fernandez_farias_matias_andres_%28l._educ._media%299448105.pdf HTTP/1.1" 200 36412
192.168.10.17 - - [18/Apr/2024:13:54:34 -0300] "GET /cormun/servlet/vesolicitudgral?2024,21219,,SolicitudOTAdjuntos HTTP/1.1" 200 11116
192.168.10.17 - - [18/Apr/2024:13:54:36 -0300] "POST /cormun/servlet/acontrolpreferencessavestate?None,RRHH+DANIELA,true HTTP/1.1" 200 35
192.168.10.17 - - [18/Apr/2024:13:54:39 -0300] "GET /cormun/PublicTempStorage/certificado_%28afp%298092672.docx HTTP/1.1" 200 44188
181.212.43.89 - - [18/Apr/2024:13:54:49 -0300] "GET /cormun/servlet/prbanco?,MD,,gxPopupLevel%3D0%3B HTTP/1.1" 200 6618
181.212.43.89 - - [18/Apr/2024:13:54:54 -0300] "GET /cormun/servlet/solicitudot?9818d8f52808c31e310ebcac175a9221b65790b90999821da4d0f525e8c9ad914cf37fbfd449b19f6528577152611e682ee697380e578117eb7fae006def091341119ab144f5cd616d6f291146f37edf,gx-no-cache=1713459076812 HTTP/1.1" 200 30
181.212.43.89 - - [18/Apr/2024:13:54:55 -0300] "GET /cormun/servlet/solicitudot?9818d8f52808c31e310ebcac175a92213c9779b0bbc0dfff621b44fc70a4d4e2,gx-no-cache=1713459078008 HTTP/1.1" 200 70
192.168.10.17 - - [18/Apr/2024:13:55:04 -0300] "GET /cormun/PublicTempStorage/fernandez_farias_matias_andres_%28fonasa%291323625.pdf HTTP/1.1" 200 447603
192.168.10.17 - - [18/Apr/2024:13:55:08 -0300] "GET /cormun/servlet/vesolicitudgral?2024,21219,,SolicitudOTAdjuntos HTTP/1.1" 200 11117
192.168.10.17 - - [18/Apr/2024:13:55:09 -0300] "POST /cormun/servlet/acontrolpreferencessavestate?None,RRHH+DANIELA,true HTTP/1.1" 200 35
192.168.10.17 - - [18/Apr/2024:13:55:14 -0300] "GET /cormun/servlet/vesolicitudgral?2024,21219,,General HTTP/1.1" 200 8381
192.168.10.17 - - [18/Apr/2024:13:55:14 -0300] "GET /cormun/pexe_scrolldiv.js HTTP/1.1" 404 1009
218.38.210.48 - tomcat [18/Apr/2024:13:55:16 -0300] "GET /manager/html HTTP/1.1" 403 3196
181.212.43.89 - - [18/Apr/2024:13:56:09 -0300] "POST /cormun/servlet/solicitudot?gx-no-cache=1713459152032 HTTP/1.1" 200 297
181.212.43.89 - - [18/Apr/2024:13:56:09 -0300] "GET /cormun/servlet/solicitudot?9818d8f52808c31e310ebcac175a9221523a61407ac12fcfa29ff370e0b44bd8e5840161522b51615a20828de28b05a2ee9d05930b3cd5cbc8a20f6e9af3a4d45a515d35e6c3cd377847d69f111ac50b7b1972b6ce1271aac1966b032dea3483c00ef1bc14ea02f8580531796b8eb67960535973e376764451ed559da7a55ede15ca82f4d58d79e5d6b79825851c1b04de0d50e7a7845989bf4bc0b87e90df3c0a4688ed45d37e026522ad6ff0777ae9b7912ec4f6f9ff2a1de315838ec73668d5544682063f7c8a40a83a746cb03d756bd7fb721745a2858df3cda9ba77743e02f4e1e22f898b0052c5bbcef7cd929512488e0bda9338dc1e6b5abd0c4054b2edac590da3b349b069e474f72fac2300f9c276c663239535a0684b29e7116f40debaa274555f18c1c0e00399f07a7eab5b34abd3cf98a1f7ccec66f090b978de1d9964bfbf4b84d1a953431446a4fd089240fc9eb7375d25f21653f4228d33499203397f660d4386ff180e3bb4e31008c5a40372d70b1196cd7e86f1bab8116141119ab144f5cd616d6f291146f37edf,gx-no-cache=1713459152126 HTTP/1.1" 200 30
181.212.43.89 - - [18/Apr/2024:13:56:11 -0300] "POST /cormun/servlet/solicitudot?gx-no-cache=1713459153936 HTTP/1.1" 200 30
181.212.43.89 - - [18/Apr/2024:13:56:13 -0300] "POST /cormun/servlet/solicitudot?gx-no-cache=1713459155806 HTTP/1.1" 200 1479
181.212.43.89 - - [18/Apr/2024:13:56:13 -0300] "POST /cormun/servlet/solicitudot?gx-no-cache=1713459155868 HTTP/1.1" 200 38
181.212.43.89 - - [18/Apr/2024:13:57:08 -0300] "GET /cormun/servlet/solicitudot?9818d8f52808c31e310ebcac175a92217427b52021191ee303f313995370664d3cf6580dc4a537626d8af4dedc6e2cf8824f7201bc391aa9abf9e2bcaf6b0b2f2c30e07828bdf0652541ad0783a2411091cb0efe3c3634ee5e3e25d39464418049af87352b532203df0721792314c020,gx-no-cache=1713459210635 HTTP/1.1" 200 110
209.141.55.133 - tomcat [18/Apr/2024:13:57:13 -0300] "GET /manager/html HTTP/1.1" 403 3196
181.212.43.89 - - [18/Apr/2024:13:57:13 -0300] "POST /cormun/servlet/solicitudot?gx-no-cache=1713459216204 HTTP/1.1" 200 72
218.38.210.48 - tomcat [18/Apr/2024:13:57:19 -0300] "GET /manager/html HTTP/1.1" 403 3196
181.212.43.89 - - [18/Apr/2024:13:57:20 -0300] "GET /cormun/servlet/solicitudot?9818d8f52808c31e310ebcac175a92210510bcbb8fba19ac8fc7a768d9be5cfd2f1f34b0cb6b9eb5df33192801ac69fc91a8d4a91d838f864a018664e1065e42730786d0ccd60a91647b34ce9af238b1d88ec759e9d760fdef692d15a0946c2955c56f281d4bf0bbab22de43faf421d7,gx-no-cache=1713459223380 HTTP/1.1" 200 29
181.212.43.89 - - [18/Apr/2024:13:57:20 -0300] "GET /cormun/static/menuarrow.gif HTTP/1.1" 404 1015
181.212.43.89 - - [18/Apr/2024:13:57:23 -0300] "GET /cormun/servlet/solicitudot?9818d8f52808c31e310ebcac175a922138daa137ca78cdaa5d976a3cdb8f0a33757caf095395649cbb2df9681844aabb,gx-no-cache=1713459225869 HTTP/1.1" 200 30
181.212.43.89 - - [18/Apr/2024:13:57:29 -0300] "POST /cormun/servlet/solicitudot?gx-no-cache=1713459232185 HTTP/1.1" 200 30
181.212.43.89 - - [18/Apr/2024:13:57:43 -0300] "POST /cormun/servlet/solicitudot?f40bcf43f5c48997efcfe7dd93110af7,INS,0,0,false,,gx-no-cache=1713459246036 HTTP/1.1" 200 93
181.212.43.89 - - [18/Apr/2024:13:57:43 -0300] "GET /cormun/servlet/hpexe_return? HTTP/1.1" 200 1028
181.212.43.89 - - [18/Apr/2024:13:57:43 -0300] "GET /cormun/servlet/trsolicitudot?gx-no-cache=1713453244512 HTTP/1.1" 200 10037
192.168.10.17 - - [18/Apr/2024:13:58:29 -0300] "GET /cormun/servlet/trsolicitudgral? HTTP/1.1" 200 12058
218.38.210.48 - tomcat [18/Apr/2024:13:59:21 -0300] "GET /manager/html HTTP/1.1" 403 3196
192.168.10.17 - - [18/Apr/2024:14:01:09 -0300] "GET /cormun/servlet/vesolicitudgral?2024,21263,, HTTP/1.1" 200 8433
192.168.10.17 - - [18/Apr/2024:14:01:09 -0300] "GET /cormun/pexe_scrolldiv.js HTTP/1.1" 404 1009
218.38.210.48 - tomcat [18/Apr/2024:14:01:24 -0300] "GET /manager/html HTTP/1.1" 403 3196
218.38.210.48 - tomcat [18/Apr/2024:14:03:26 -0300] "GET /manager/html HTTP/1.1" 403 3196
167.94.145.58 - - [18/Apr/2024:14:03:48 -0300] "GET / HTTP/1.1" 200 11217
167.94.145.58 - - [18/Apr/2024:14:03:53 -0300] "GET / HTTP/1.1" 200 11217
167.94.145.58 - - [18/Apr/2024:14:03:54 -0300] "PRI * HTTP/2.0" 505 -
167.94.145.58 - - [18/Apr/2024:14:03:55 -0300] "GET /favicon.ico HTTP/1.1" 200 21630
218.38.210.48 - tomcat [18/Apr/2024:14:05:30 -0300] "GET /manager/html HTTP/1.1" 403 3196
192.168.10.17 - - [18/Apr/2024:14:06:41 -0300] "GET /cormun/servlet/vesolicitudgral?2024,21263,,SolicitudOTAdjuntos HTTP/1.1" 200 11242
192.168.10.17 - - [18/Apr/2024:14:06:41 -0300] "GET /cormun/pexe_scrolldiv.js HTTP/1.1" 404 1009
192.168.10.17 - - [18/Apr/2024:14:06:42 -0300] "POST /cormun/servlet/acontrolpreferencessavestate?None,RRHH+DANIELA,true HTTP/1.1" 200 35
192.168.10.17 - - [18/Apr/2024:14:06:50 -0300] "GET /cormun/PublicTempStorage/certificado_afiliacion_planvital1698228.pdf HTTP/1.1" 200 389466
192.168.10.17 - - [18/Apr/2024:14:07:09 -0300] "GET /cormun/servlet/vesolicitudgral?2024,21263,,SolicitudOTAdjuntos HTTP/1.1" 200 11243
192.168.10.17 - - [18/Apr/2024:14:07:10 -0300] "POST /cormun/servlet/acontrolpreferencessavestate?None,RRHH+DANIELA,true HTTP/1.1" 200 35
192.168.10.17 - - [18/Apr/2024:14:07:12 -0300] "GET /cormun/PublicTempStorage/certificado_afiliacion_fonasa_%281%292407615.pdf HTTP/1.1" 200 71804
192.168.10.17 - - [18/Apr/2024:14:07:23 -0300] "GET /cormun/servlet/vesolicitudgral?2024,21263,,SolicitudOTAdjuntos HTTP/1.1" 200 11241
192.168.10.17 - - [18/Apr/2024:14:07:24 -0300] "POST /cormun/servlet/acontrolpreferencessavestate?None,RRHH+DANIELA,true HTTP/1.1" 200 35
218.38.210.48 - tomcat [18/Apr/2024:14:07:34 -0300] "GET /manager/html HTTP/1.1" 403 3196
192.168.10.17 - - [18/Apr/2024:14:07:40 -0300] "GET /cormun/PublicTempStorage/cedula_de_identidad_%282%298965643.pdf HTTP/1.1" 200 212913
209.141.55.133 - tomcat [18/Apr/2024:14:07:49 -0300] "GET /manager/html HTTP/1.1" 403 3196
192.168.10.17 - - [18/Apr/2024:14:08:01 -0300] "GET /cormun/servlet/vesolicitudgral?2024,21263,,SolicitudOTAdjuntos HTTP/1.1" 200 11242
192.168.10.17 - - [18/Apr/2024:14:08:02 -0300] "POST /cormun/servlet/acontrolpreferencessavestate?None,RRHH+DANIELA,true HTTP/1.1" 200 35
192.168.10.17 - - [18/Apr/2024:14:08:55 -0300] "GET /cormun/PublicTempStorage/curriculum_ana_cabrera_profesora_matematica7132315.pdf HTTP/1.1" 200 35203
218.38.210.48 - tomcat [18/Apr/2024:14:09:36 -0300] "GET /manager/html HTTP/1.1" 403 3196
218.38.210.48 - tomcat [18/Apr/2024:14:11:40 -0300] "GET /manager/html HTTP/1.1" 403 3196
218.38.210.48 - tomcat [18/Apr/2024:14:13:43 -0300] "GET /manager/html HTTP/1.1" 403 3196
190.171.134.178 - - [18/Apr/2024:14:14:44 -0300] "GET /cormun/servlet/hlogin HTTP/1.1" 200 1717
190.171.134.178 - - [18/Apr/2024:14:15:01 -0300] "POST /cormun/servlet/hlogin?41fa49c560a2d370a313c827235f172e,gx-no-cache=1713460284143 HTTP/1.1" 200 90
190.171.134.178 - - [18/Apr/2024:14:15:01 -0300] "GET /cormun/servlet/hpexe_link HTTP/1.1" 200 946
190.171.134.178 - - [18/Apr/2024:14:15:01 -0300] "GET /cormun/servlet/hhome HTTP/1.1" 200 3935
190.171.134.178 - - [18/Apr/2024:14:15:02 -0300] "GET /cormun/servlet/hhome HTTP/1.1" 200 3931
190.171.134.178 - - [18/Apr/2024:14:15:08 -0300] "GET /cormun/servlet/trlicencias? HTTP/1.1" 200 9905
190.171.134.178 - - [18/Apr/2024:14:15:08 -0300] "GET /cormun/servlet/trlicencias? HTTP/1.1" 200 9903
218.38.210.48 - tomcat [18/Apr/2024:14:15:45 -0300] "GET /manager/html HTTP/1.1" 403 3196
190.171.134.178 - - [18/Apr/2024:14:15:55 -0300] "GET /cormun/servlet/hhome HTTP/1.1" 200 3935
190.171.134.178 - - [18/Apr/2024:14:15:55 -0300] "GET /cormun/servlet/hhome HTTP/1.1" 200 3931
190.171.134.178 - - [18/Apr/2024:14:15:55 -0300] "GET /cormun/servlet/hhome HTTP/1.1" 200 3931
190.171.134.178 - - [18/Apr/2024:14:15:55 -0300] "GET /cormun/servlet/hhome HTTP/1.1" 200 3931
190.171.134.178 - - [18/Apr/2024:14:16:04 -0300] "GET /cormun/servlet/hlogin HTTP/1.1" 200 1717
218.38.210.48 - tomcat [18/Apr/2024:14:17:48 -0300] "GET /manager/html HTTP/1.1" 403 3196
209.141.55.133 - tomcat [18/Apr/2024:14:18:01 -0300] "GET /manager/html HTTP/1.1" 403 3196
201.186.225.183 - - [18/Apr/2024:14:18:17 -0300] "GET /cormun/servlet/trlicencias? HTTP/1.1" 200 6054
201.186.225.183 - - [18/Apr/2024:14:18:19 -0300] "GET /cormun/servlet/hlogin HTTP/1.1" 200 1739
201.186.225.183 - - [18/Apr/2024:14:18:25 -0300] "POST /cormun/servlet/hlogin?84ba939af9e8cf2a6191426db50a8178,gx-no-cache=1713460488919 HTTP/1.1" 200 90
201.186.225.183 - - [18/Apr/2024:14:18:25 -0300] "GET /cormun/servlet/hpexe_link HTTP/1.1" 200 956
201.186.225.183 - - [18/Apr/2024:14:18:25 -0300] "GET /cormun/servlet/trlicencias HTTP/1.1" 200 14817
192.168.10.17 - - [18/Apr/2024:14:18:25 -0300] "GET /cormun/servlet/vesolicitudgral?2024,21263,,SolicitudOTAdjuntos HTTP/1.1" 200 11249
192.168.10.17 - - [18/Apr/2024:14:18:27 -0300] "POST /cormun/servlet/acontrolpreferencessavestate?None,RRHH+DANIELA,true HTTP/1.1" 200 35
192.168.10.17 - - [18/Apr/2024:14:18:28 -0300] "GET /cormun/servlet/vesolicitudgral?2024,21263,,General HTTP/1.1" 200 8439
192.168.10.17 - - [18/Apr/2024:14:18:28 -0300] "GET /cormun/pexe_scrolldiv.js HTTP/1.1" 404 1009
201.186.225.183 - - [18/Apr/2024:14:18:30 -0300] "GET /cormun/servlet/licenciaspermisos?DSP,13098412,L,20240417000000, HTTP/1.1" 200 7067
201.186.225.183 - - [18/Apr/2024:14:18:30 -0300] "GET /cormun/static/gxcfg.js?202012153173 HTTP/1.1" 200 953
201.186.225.183 - - [18/Apr/2024:14:18:30 -0300] "GET /cormun/static/licenciaspermisos.js?2020121532136 HTTP/1.1" 200 38753
201.186.225.183 - - [18/Apr/2024:14:18:32 -0300] "POST /cormun/servlet/licenciaspermisos?84ba939af9e8cf2a6191426db50a8178,DSP,13098412,L,20240417000000,,gx-no-cache=1713460496575 HTTP/1.1" 200 93
201.186.225.183 - - [18/Apr/2024:14:18:32 -0300] "GET /cormun/servlet/hpexe_return? HTTP/1.1" 200 1027
201.186.225.183 - - [18/Apr/2024:14:18:33 -0300] "GET /cormun/servlet/trlicencias HTTP/1.1" 200 14821
201.186.225.183 - - [18/Apr/2024:14:18:40 -0300] "GET /cormun/servlet/licenciaspermisos?DSP,13944984,L,20240417000000, HTTP/1.1" 200 7077
201.186.225.183 - - [18/Apr/2024:14:18:43 -0300] "POST /cormun/servlet/licenciaspermisos?84ba939af9e8cf2a6191426db50a8178,DSP,13944984,L,20240417000000,,gx-no-cache=1713460507595 HTTP/1.1" 200 93
201.186.225.183 - - [18/Apr/2024:14:18:43 -0300] "GET /cormun/servlet/hpexe_return? HTTP/1.1" 200 1028
201.186.225.183 - - [18/Apr/2024:14:18:43 -0300] "GET /cormun/servlet/trlicencias HTTP/1.1" 200 14821
218.38.210.48 - tomcat [18/Apr/2024:14:19:50 -0300] "GET /manager/html HTTP/1.1" 403 3196
190.171.141.82 - - [18/Apr/2024:14:20:32 -0300] "GET /cormun/servlet/trsolicitudot? HTTP/1.1" 200 6333
190.171.141.82 - - [18/Apr/2024:14:20:34 -0300] "GET /cormun/servlet/hlogin HTTP/1.1" 200 1730
190.171.141.82 - - [18/Apr/2024:14:20:36 -0300] "POST /cormun/servlet/hlogin?cdcfde5bbbfa51f3e7c2a36086558b3a,gx-no-cache=1713460619666 HTTP/1.1" 200 90
190.171.141.82 - - [18/Apr/2024:14:20:36 -0300] "GET /cormun/servlet/hpexe_link HTTP/1.1" 200 950
190.171.141.82 - - [18/Apr/2024:14:20:37 -0300] "GET /cormun/servlet/trsolicitudot HTTP/1.1" 200 9398
218.38.210.48 - tomcat [18/Apr/2024:14:21:53 -0300] "GET /manager/html HTTP/1.1" 403 3196
190.171.149.74 - - [18/Apr/2024:14:23:00 -0300] "GET /cormun/static/menuarrow.gif HTTP/1.1" 404 1015
190.171.149.74 - - [18/Apr/2024:14:23:07 -0300] "POST /cormun/servlet/trpermisosgoce?b5686bd80c5fdb09a45a149aa52f3aa6,gx-no-cache=1713460768725 HTTP/1.1" 440 972
190.171.149.74 - - [18/Apr/2024:14:23:09 -0300] "GET /cormun/servlet/trpermisosgoce HTTP/1.1" 200 6033
190.171.149.74 - - [18/Apr/2024:14:23:10 -0300] "GET /cormun/servlet/hlogin HTTP/1.1" 200 1741
190.171.149.74 - - [18/Apr/2024:14:23:17 -0300] "POST /cormun/servlet/hlogin?f05977a82b3c86b137b8a10e01dadc15,gx-no-cache=1713460778972 HTTP/1.1" 200 90
190.171.149.74 - - [18/Apr/2024:14:23:17 -0300] "GET /cormun/servlet/hpexe_link HTTP/1.1" 200 961
190.171.149.74 - - [18/Apr/2024:14:23:17 -0300] "GET /cormun/servlet/trpermisosgoce HTTP/1.1" 200 16732
190.171.149.74 - - [18/Apr/2024:14:23:20 -0300] "GET /cormun/static/menuarrow.gif HTTP/1.1" 404 1015
190.171.149.74 - - [18/Apr/2024:14:23:33 -0300] "POST /cormun/servlet/trpermisosgoce?f05977a82b3c86b137b8a10e01dadc15,gx-no-cache=1713460795141 HTTP/1.1" 200 5085
218.38.210.48 - tomcat [18/Apr/2024:14:23:55 -0300] "GET /manager/html HTTP/1.1" 403 3196
218.38.210.48 - tomcat [18/Apr/2024:14:25:57 -0300] "GET /manager/html HTTP/1.1" 403 3196
190.171.141.90 - - [18/Apr/2024:14:25:58 -0300] "GET /cormun/servlet/hlogin HTTP/1.1" 200 1714
190.171.141.90 - - [18/Apr/2024:14:25:58 -0300] "GET /cormun/servlet/hlogin HTTP/1.1" 200 1724
190.171.141.90 - - [18/Apr/2024:14:26:03 -0300] "POST /cormun/servlet/hlogin?945791fd80d505f956ddc06e197425b9,gx-no-cache=1713460946583 HTTP/1.1" 200 90
190.171.141.90 - - [18/Apr/2024:14:26:03 -0300] "GET /cormun/servlet/hpexe_link HTTP/1.1" 200 943
190.171.141.90 - - [18/Apr/2024:14:26:03 -0300] "GET /cormun/servlet/hhome HTTP/1.1" 200 3959
190.171.141.90 - - [18/Apr/2024:14:26:06 -0300] "GET /cormun/servlet/trsolicitudot? HTTP/1.1" 200 7178
190.171.141.90 - - [18/Apr/2024:14:26:08 -0300] "GET /cormun/servlet/solicitudot?INS,0,0,false, HTTP/1.1" 200 15949
190.171.141.90 - - [18/Apr/2024:14:26:08 -0300] "GET /cormun/static/gxcfg.js?20221129840861 HTTP/1.1" 200 953
190.171.141.90 - - [18/Apr/2024:14:26:08 -0300] "GET /cormun/static/solicitudot.js?20221129840983 HTTP/1.1" 200 74072
190.171.141.90 - - [18/Apr/2024:14:26:15 -0300] "POST /cormun/servlet/solicitudot?gx-no-cache=1713460958416 HTTP/1.1" 200 4031
190.171.141.90 - - [18/Apr/2024:14:26:15 -0300] "POST /cormun/servlet/solicitudot?945791fd80d505f956ddc06e197425b9,INS,0,0,false,,gx-no-cache=1713460958667 HTTP/1.1" 200 12596
190.171.141.90 - - [18/Apr/2024:14:26:19 -0300] "GET /cormun/servlet/solicitudot?e6c529f3c7e24b0ad854da3b141560db5042d528504bf3c164fb3f85b0060f6eb6999ba22ae1270db6411cbd8d1a2d5a,gx-no-cache=1713460961952 HTTP/1.1" 200 30
218.38.210.48 - tomcat [18/Apr/2024:14:28:00 -0300] "GET /manager/html HTTP/1.1" 403 3196
209.141.55.133 - tomcat [18/Apr/2024:14:28:04 -0300] "GET /manager/html HTTP/1.1" 403 3196
218.38.210.48 - tomcat [18/Apr/2024:14:30:02 -0300] "GET /manager/html HTTP/1.1" 403 3196
192.168.10.17 - - [18/Apr/2024:14:30:25 -0300] "GET /cormun/servlet/trsolicitudgral? HTTP/1.1" 200 11566
218.38.210.48 - tomcat [18/Apr/2024:14:32:04 -0300] "GET /manager/html HTTP/1.1" 403 3196
218.38.210.48 - tomcat [18/Apr/2024:14:34:07 -0300] "GET /manager/html HTTP/1.1" 403 3196
218.38.210.48 - tomcat [18/Apr/2024:14:36:09 -0300] "GET /manager/html HTTP/1.1" 403 3196
190.171.149.74 - - [18/Apr/2024:14:37:20 -0300] "GET /cormun/servlet/trlicencias? HTTP/1.1" 200 13949
218.38.210.48 - tomcat [18/Apr/2024:14:38:12 -0300] "GET /manager/html HTTP/1.1" 403 3196
209.141.55.133 - tomcat [18/Apr/2024:14:38:16 -0300] "GET /manager/html HTTP/1.1" 403 3196
218.38.210.48 - tomcat [18/Apr/2024:14:40:14 -0300] "GET /manager/html HTTP/1.1" 403 3196
190.171.141.90 - - [18/Apr/2024:14:40:36 -0300] "POST /cormun/servlet/solicitudot?945791fd80d505f956ddc06e197425b9,INS,0,0,false,,gx-no-cache=1713461819240 HTTP/1.1" 200 12765
190.171.141.90 - - [18/Apr/2024:14:40:36 -0300] "GET /cormun/static/Shared/jqueryui/images/ui-bg_highlight-soft_100_c6c2c8_1x100.png HTTP/1.1" 404 1117
190.171.141.90 - - [18/Apr/2024:14:40:36 -0300] "GET /cormun/static/Shared/jqueryui/images/ui-icons_82798d_256x240.png HTTP/1.1" 404 1089
190.171.141.90 - - [18/Apr/2024:14:40:36 -0300] "GET /cormun/static/Shared/jqueryui/images/ui-bg_flat_55_fafafa_40x100.png HTTP/1.1" 404 1097
190.171.141.90 - - [18/Apr/2024:14:40:36 -0300] "GET /cormun/static/Shared/jqueryui/images/ui-icons_8d78a5_256x240.png HTTP/1.1" 404 1089
