181.212.40.185 - - [17/Apr/2024:16:08:57 -0300] "GET /cormun/servlet/solicitudot?dd45a038386c6fc0b3e2dca7d0ba1a149b17cf53dc26be1fa97739513badccf3b73ed2942f0af7243f3f5bb83a3a5b51406e535084fbba2dc03d46f99c92d459403e80a1ac170668cc47ca911105a132bd2a015706628342ea2ffc30a83af19eeb87a9683735b09c845a1dc53450b73a7d25f6734323d4d9936bb738d2f486e1595b97a64537b12c4fa411c47533f5a095b710b483e9551bf3bc53518641570d6ae7a83a5007c72061d48c1be3731c301e2d1791d7a425bbcd28182a79b33fbdcc8df25368292e1f97abcc8ead4a5b3f1f9986ba100c54d5e32294a15e93f735b31c7e07b11801c31bd80ac9dc45e325bb164c6a0312a30bc4be22a1ed6b047590c57d335ba4a2c569619d32e3ed41329b728a644ca27c27634c51f2ead12fac6a2b2dd37b4e56861547793e5c81735c11b063adefbf503a90e8fc741369d07406ce741a58b7303f51da3147f20d635dd6a0336c4227053fb6dfa8df5f689102142972265f591182a6d5b3c36131aa5d1a62e4c53f998bb9472f235ea4eec5ad,gx-no-cache=1713380722483 HTTP/1.1" 200 30
181.212.40.185 - - [17/Apr/2024:16:09:03 -0300] "POST /cormun/servlet/solicitudot?gx-no-cache=1713380728533 HTTP/1.1" 200 30
190.171.141.114 - - [17/Apr/2024:16:09:03 -0300] "GET /cormun/servlet/trpermisosadjuntos?15114046,20240405105749,P, HTTP/1.1" 200 6809
190.171.141.114 - - [17/Apr/2024:16:09:06 -0300] "GET /cormun/PublicTempStorage/sady_aranguiz_pi%F1a5014120.pdf HTTP/1.1" 200 145107
190.171.141.114 - - [17/Apr/2024:16:09:13 -0300] "GET /cormun/servlet/trpermisosadjuntos?15114046,20240405105749,P, HTTP/1.1" 200 6809
190.171.141.114 - - [17/Apr/2024:16:09:17 -0300] "POST /cormun/servlet/trpermisosadjuntos?9059f119adceeb798ec0476afc307ed6,15114046,20240405105749,P,,gx-no-cache=1713380742110 HTTP/1.1" 200 90
190.171.141.114 - - [17/Apr/2024:16:09:17 -0300] "GET /cormun/servlet/hpexe_link HTTP/1.1" 200 982
190.171.141.114 - - [17/Apr/2024:16:09:17 -0300] "GET /cormun/servlet/trpermisosgoce HTTP/1.1" 200 10998
190.171.141.106 - - [17/Apr/2024:16:09:49 -0300] "GET /cormun/servlet/hlogin HTTP/1.1" 200 1721
190.171.141.106 - - [17/Apr/2024:16:09:54 -0300] "POST /cormun/servlet/hlogin?97ae136cbd3222282191247aa784d204,gx-no-cache=1713380779470 HTTP/1.1" 200 90
190.171.141.106 - - [17/Apr/2024:16:09:55 -0300] "GET /cormun/servlet/hpexe_link HTTP/1.1" 200 952
190.171.141.106 - - [17/Apr/2024:16:09:56 -0300] "GET /cormun/servlet/hhome HTTP/1.1" 200 4272
181.212.40.185 - - [17/Apr/2024:16:11:30 -0300] "POST /cormun/servlet/solicitudot?gx-no-cache=1713380875299 HTTP/1.1" 200 1480
181.212.40.185 - - [17/Apr/2024:16:11:30 -0300] "POST /cormun/servlet/solicitudot?gx-no-cache=1713380875361 HTTP/1.1" 200 38
181.212.40.185 - - [17/Apr/2024:16:11:30 -0300] "GET /cormun/servlet/solicitudot?dd45a038386c6fc0b3e2dca7d0ba1a14a3507b3121edae6cf0deaf7c112b84947b5b2132f4ffc50b8b3ffc8a7840651738145a87c9571d6dd9ec29892f2b17eea26d5ed61c992ba0898caa175b672fa69fca4fcbd877b1dac1b4c139eed9d90f82a9bee317fafd1d48fa696bb2726b4f,gx-no-cache=1713380875376 HTTP/1.1" 200 110
190.171.141.106 - - [17/Apr/2024:16:12:19 -0300] "GET /cormun/servlet/trfichaempleadohoras? HTTP/1.1" 500 10
190.171.141.106 - - [17/Apr/2024:16:12:27 -0300] "GET /cormun/servlet/hlogin HTTP/1.1" 200 1721
115.231.78.5 - - [17/Apr/2024:16:12:45 -0300] "GET / HTTP/1.1" 200 11217
115.231.78.5 - - [17/Apr/2024:16:12:46 -0300] "GET /favicon.ico HTTP/1.1" 200 21630
190.171.141.106 - - [17/Apr/2024:16:13:01 -0300] "POST /cormun/servlet/hlogin?97ae136cbd3222282191247aa784d204,gx-no-cache=1713380966222 HTTP/1.1" 200 90
190.171.141.106 - - [17/Apr/2024:16:13:01 -0300] "GET /cormun/servlet/hpexe_link HTTP/1.1" 200 963
190.171.141.106 - - [17/Apr/2024:16:13:02 -0300] "GET /cormun/servlet/trfichaempleadohoras HTTP/1.1" 500 10
190.171.141.114 - - [17/Apr/2024:16:13:06 -0300] "GET /cormun/servlet/trpermisosadjuntos?18044640,20240409081458,P, HTTP/1.1" 200 6325
190.171.141.114 - - [17/Apr/2024:16:13:08 -0300] "GET /cormun/servlet/permisosadjuntos?INS,18044640,P,20240409081458,, HTTP/1.1" 200 5650
190.171.141.114 - - [17/Apr/2024:16:13:09 -0300] "GET /cormun/static/about:blank HTTP/1.1" 404 1011
190.171.141.106 - - [17/Apr/2024:16:13:10 -0300] "GET /cormun/servlet/hlogin HTTP/1.1" 200 1721
190.171.141.106 - - [17/Apr/2024:16:13:16 -0300] "POST /cormun/servlet/hlogin?97ae136cbd3222282191247aa784d204,gx-no-cache=1713380980814 HTTP/1.1" 200 90
190.171.141.106 - - [17/Apr/2024:16:13:16 -0300] "GET /cormun/servlet/hpexe_link HTTP/1.1" 200 963
190.171.141.106 - - [17/Apr/2024:16:13:16 -0300] "GET /cormun/servlet/trfichaempleadohoras HTTP/1.1" 500 10
190.171.141.114 - - [17/Apr/2024:16:13:25 -0300] "POST /cormun/servlet/permisosadjuntos?9059f119adceeb798ec0476afc307ed6,INS,18044640,P,20240409081458,, HTTP/1.1" 200 116
190.171.141.114 - - [17/Apr/2024:16:13:25 -0300] "GET /cormun/servlet/hpexe_return? HTTP/1.1" 200 1038
190.171.141.114 - - [17/Apr/2024:16:13:25 -0300] "GET /cormun/servlet/trpermisosadjuntos?18044640,20240409081458,P, HTTP/1.1" 200 6813
190.171.141.106 - - [17/Apr/2024:16:13:35 -0300] "GET /cormun/servlet/hlogin HTTP/1.1" 200 1721
190.171.141.106 - - [17/Apr/2024:16:13:43 -0300] "POST /cormun/servlet/hlogin?97ae136cbd3222282191247aa784d204,gx-no-cache=1713381007735 HTTP/1.1" 200 90
190.171.141.106 - - [17/Apr/2024:16:13:43 -0300] "GET /cormun/servlet/hpexe_link HTTP/1.1" 200 963
190.171.141.106 - - [17/Apr/2024:16:13:43 -0300] "GET /cormun/servlet/trfichaempleadohoras HTTP/1.1" 500 10
190.171.141.106 - - [17/Apr/2024:16:13:51 -0300] "GET /cormun/servlet/trfichaempleadohoras HTTP/1.1" 500 10
190.171.141.114 - - [17/Apr/2024:16:13:54 -0300] "GET /cormun/servlet/trpermisosgoce? HTTP/1.1" 200 10997
190.171.141.114 - - [17/Apr/2024:16:13:59 -0300] "POST /cormun/servlet/trpermisosgoce?9059f119adceeb798ec0476afc307ed6,,gx-no-cache=1713381024979 HTTP/1.1" 200 8274
190.171.141.114 - - [17/Apr/2024:16:13:59 -0300] "GET /cormun/static/Shared/jqueryui/images/ui-icons_82798d_256x240.png HTTP/1.1" 404 1089
190.171.141.114 - - [17/Apr/2024:16:13:59 -0300] "GET /cormun/static/Shared/jqueryui/images/ui-bg_highlight-soft_100_c6c2c8_1x100.png HTTP/1.1" 404 1117
190.171.141.114 - - [17/Apr/2024:16:13:59 -0300] "GET /cormun/static/Shared/jqueryui/images/ui-bg_flat_55_fafafa_40x100.png HTTP/1.1" 404 1097
190.171.141.114 - - [17/Apr/2024:16:13:59 -0300] "GET /cormun/static/Shared/jqueryui/images/ui-icons_8d78a5_256x240.png HTTP/1.1" 404 1089
190.171.141.114 - - [17/Apr/2024:16:14:02 -0300] "POST /cormun/servlet/trpermisosgoce?9059f119adceeb798ec0476afc307ed6,,gx-no-cache=1713381027210 HTTP/1.1" 200 8268
190.171.141.106 - - [17/Apr/2024:16:14:03 -0300] "GET /cormun/servlet/hlogin HTTP/1.1" 200 1721
190.171.141.114 - - [17/Apr/2024:16:14:06 -0300] "POST /cormun/servlet/trpermisosgoce?9059f119adceeb798ec0476afc307ed6,,gx-no-cache=1713381031537 HTTP/1.1" 200 8264
190.171.141.106 - - [17/Apr/2024:16:14:07 -0300] "POST /cormun/servlet/hlogin?97ae136cbd3222282191247aa784d204,gx-no-cache=1713381032173 HTTP/1.1" 200 90
190.171.141.106 - - [17/Apr/2024:16:14:07 -0300] "GET /cormun/servlet/hpexe_link HTTP/1.1" 200 963
190.171.141.106 - - [17/Apr/2024:16:14:07 -0300] "GET /cormun/servlet/trfichaempleadohoras HTTP/1.1" 500 10
190.171.141.114 - - [17/Apr/2024:16:14:09 -0300] "POST /cormun/servlet/trpermisosgoce?9059f119adceeb798ec0476afc307ed6,,gx-no-cache=1713381034642 HTTP/1.1" 200 8265
190.171.141.114 - - [17/Apr/2024:16:14:18 -0300] "GET /cormun/servlet/hhome HTTP/1.1" 200 3991
190.171.141.106 - - [17/Apr/2024:16:14:48 -0300] "GET /cormun/servlet/hlogin HTTP/1.1" 200 1721
190.171.141.106 - - [17/Apr/2024:16:15:02 -0300] "POST /cormun/servlet/hlogin?97ae136cbd3222282191247aa784d204,gx-no-cache=1713381087386 HTTP/1.1" 200 90
190.171.141.106 - - [17/Apr/2024:16:15:02 -0300] "GET /cormun/servlet/hpexe_link HTTP/1.1" 200 963
190.171.141.106 - - [17/Apr/2024:16:15:02 -0300] "GET /cormun/servlet/trfichaempleadohoras HTTP/1.1" 500 10
190.171.141.106 - - [17/Apr/2024:16:15:06 -0300] "GET /cormun/servlet/trfichaempleadohoras HTTP/1.1" 500 10
80.75.212.75 - - [17/Apr/2024:16:15:37 -0300] "CONNECT www.google.com:443 HTTP/1.1" 400 -
103.149.26.131 - - [17/Apr/2024:16:15:51 -0300] "GET / HTTP/1.1" 200 11217
190.171.141.106 - - [17/Apr/2024:16:16:41 -0300] "GET /cormun/servlet/hlogin HTTP/1.1" 200 1722
190.171.141.106 - - [17/Apr/2024:16:16:47 -0300] "POST /cormun/servlet/hlogin?c4078ae95f8dd489c27562ee9ed0ddd7,gx-no-cache=1713381192462 HTTP/1.1" 200 90
190.171.141.106 - - [17/Apr/2024:16:16:47 -0300] "GET /cormun/servlet/hpexe_link HTTP/1.1" 200 953
190.171.141.106 - - [17/Apr/2024:16:16:48 -0300] "GET /cormun/servlet/hhome HTTP/1.1" 200 4274
190.171.141.106 - - [17/Apr/2024:16:16:57 -0300] "GET /cormun/servlet/trpermisosgoce? HTTP/1.1" 200 10468
190.171.141.106 - - [17/Apr/2024:16:17:11 -0300] "GET /cormun/servlet/permisogoce?INS,0,,, HTTP/1.1" 200 7168
190.171.141.106 - - [17/Apr/2024:16:17:57 -0300] "GET /cormun/servlet/permisogoce?df69c7c9a90fdce869ba5797db4b8a34653926ef1b2d25e65e496f4c62417a19416b2802d55e7cdfb180c461c6edeb5e74a41cfb6f2bf1226db501e5b0ce98e9,gx-no-cache=1713381261877 HTTP/1.1" 200 80
190.171.141.106 - - [17/Apr/2024:16:18:12 -0300] "GET /cormun/servlet/permisogoce?df69c7c9a90fdce869ba5797db4b8a34966804bf82a40e9ad2aa34a1a6594eb3236d5abee0166a5f134adf5d37a5a6fc0a3f614a7ce563320b1662968c698243,gx-no-cache=1713381277627 HTTP/1.1" 200 47
190.95.15.15 - - [17/Apr/2024:16:19:30 -0300] "GET /cormun/servlet/trlicencias?gx-no-cache=1713370516856 HTTP/1.1" 200 6054
190.95.15.15 - - [17/Apr/2024:16:19:30 -0300] "GET /cormun/servlet/hlogin HTTP/1.1" 200 1762
190.95.15.15 - - [17/Apr/2024:16:19:37 -0300] "POST /cormun/servlet/hlogin?7cc728547036c69a9d410e6bdd5956ee,gx-no-cache=1713381361159 HTTP/1.1" 200 90
190.95.15.15 - - [17/Apr/2024:16:19:37 -0300] "GET /cormun/servlet/hpexe_link HTTP/1.1" 200 980
190.95.15.15 - - [17/Apr/2024:16:19:37 -0300] "GET /cormun/servlet/trlicencias?gx-no-cache=1713370516856 HTTP/1.1" 200 12212
190.171.142.42 - - [17/Apr/2024:16:20:33 -0300] "GET /cormun/servlet/trpermisosgoce? HTTP/1.1" 200 12079
190.171.141.106 - - [17/Apr/2024:16:20:35 -0300] "GET /cormun/servlet/hlogin HTTP/1.1" 200 1721
190.171.142.42 - - [17/Apr/2024:16:20:36 -0300] "GET /cormun/servlet/permisogoce?INS,0,,, HTTP/1.1" 200 6745
190.171.141.106 - - [17/Apr/2024:16:20:43 -0300] "POST /cormun/servlet/hlogin?179a576fe8e467323e4f1ec5d079a9be,gx-no-cache=1713381427890 HTTP/1.1" 200 90
190.171.141.106 - - [17/Apr/2024:16:20:43 -0300] "GET /cormun/servlet/hpexe_link HTTP/1.1" 200 953
190.171.141.106 - - [17/Apr/2024:16:20:43 -0300] "GET /cormun/servlet/hhome HTTP/1.1" 200 4274
190.171.142.42 - - [17/Apr/2024:16:20:46 -0300] "GET /cormun/servlet/permisogoce?c34ad04428c964c3bc14be34a09ebcd9c295cc6d3bf6bd7edfa64689194d24498b8703fbdf14c7c57553ed17df12610f8b1b410d419ec79bee5eb63c6e47d41a,gx-no-cache=1713381428170 HTTP/1.1" 200 71
190.171.142.42 - - [17/Apr/2024:16:20:46 -0300] "GET /cormun/static/menuarrow.gif HTTP/1.1" 404 1015
209.141.55.133 - - [17/Apr/2024:16:20:47 -0300] "GET /manager/html HTTP/1.1" 401 2474
190.171.141.106 - - [17/Apr/2024:16:20:50 -0300] "GET /cormun/servlet/trpermisosgoce? HTTP/1.1" 200 10465
190.171.142.42 - - [17/Apr/2024:16:20:52 -0300] "GET /cormun/servlet/permisogoce?c34ad04428c964c3bc14be34a09ebcd9d23c630da1a862e1ab7a95246f00d722a1cddea2c95b861bed4a1593d6d9d7016810ac126d621aede4d3d3be146913d2,gx-no-cache=1713381434372 HTTP/1.1" 200 47
190.171.142.42 - - [17/Apr/2024:16:20:54 -0300] "POST /cormun/servlet/permisogoce?ec4775863e8b2f476a4bc7df18fd43bd,INS,0,,,,gx-no-cache=1713381436722 HTTP/1.1" 200 93
190.171.142.42 - - [17/Apr/2024:16:20:54 -0300] "GET /cormun/servlet/hpexe_return? HTTP/1.1" 200 1010
190.171.142.42 - - [17/Apr/2024:16:20:55 -0300] "GET /cormun/servlet/trpermisosgoce HTTP/1.1" 200 12375
190.171.142.42 - - [17/Apr/2024:16:20:59 -0300] "GET /cormun/servlet/apermisogoceprn?13551007,P,20240417151703,PU HTTP/1.1" 200 1644
190.171.141.106 - - [17/Apr/2024:16:21:07 -0300] "GET /cormun/servlet/permisogoce?INS,0,,, HTTP/1.1" 200 7166
190.171.141.106 - - [17/Apr/2024:16:21:18 -0300] "GET /cormun/servlet/permisogoce?0be8ee94ebe6a11f220212979cdb563bb427a94fdca50a23b68de331e1cad644e61f17c32cd2af56f046a662ddefe3c8ef147bbd3193955d74db7ece844321fd,gx-no-cache=1713381463348 HTTP/1.1" 200 226
190.171.141.106 - - [17/Apr/2024:16:21:18 -0300] "GET /cormun/static/Shared/jqueryui/images/ui-bg_flat_55_994d53_40x100.png HTTP/1.1" 404 1097
190.171.141.106 - - [17/Apr/2024:16:21:18 -0300] "GET /cormun/static/Shared/jqueryui/images/ui-bg_highlight-soft_100_c6c2c8_1x100.png HTTP/1.1" 404 1117
190.171.141.106 - - [17/Apr/2024:16:21:18 -0300] "GET /cormun/static/Shared/jqueryui/images/ui-icons_82798d_256x240.png HTTP/1.1" 404 1089
190.171.141.106 - - [17/Apr/2024:16:21:18 -0300] "GET /cormun/static/Shared/jqueryui/images/ui-icons_ebccce_256x240.png HTTP/1.1" 404 1089
190.171.141.106 - - [17/Apr/2024:16:21:31 -0300] "POST /cormun/servlet/permisogoce?179a576fe8e467323e4f1ec5d079a9be,INS,0,,,,gx-no-cache=1713381476438 HTTP/1.1" 200 4832
190.171.141.106 - - [17/Apr/2024:16:21:36 -0300] "GET /cormun/servlet/permisogoce?0be8ee94ebe6a11f220212979cdb563bb427a94fdca50a23b68de331e1cad644e5127a89c7e6e957a49f8f978ccd1d9605d9c7d5386113831295f4b4fa1866d2,gx-no-cache=1713381481029 HTTP/1.1" 200 80
190.171.141.106 - - [17/Apr/2024:16:21:52 -0300] "GET /cormun/servlet/permisogoce?0be8ee94ebe6a11f220212979cdb563bc08795a91e7450f44f6f00232efc657d6e549861103110f8e0ca91e98d23c3edd39e385d7823abc4ce4c7b5b3e9243c0,gx-no-cache=1713381497628 HTTP/1.1" 200 47
190.171.141.106 - - [17/Apr/2024:16:22:29 -0300] "GET /cormun/servlet/hlogin HTTP/1.1" 200 1721
190.171.141.106 - - [17/Apr/2024:16:22:47 -0300] "POST /cormun/servlet/hlogin?179a576fe8e467323e4f1ec5d079a9be,gx-no-cache=1713381552510 HTTP/1.1" 200 90
190.171.141.106 - - [17/Apr/2024:16:22:47 -0300] "GET /cormun/servlet/hpexe_link HTTP/1.1" 200 966
190.171.141.106 - - [17/Apr/2024:16:22:47 -0300] "GET /cormun/servlet/permisogoce?INS,0,,, HTTP/1.1" 200 7166
190.171.141.106 - - [17/Apr/2024:16:22:54 -0300] "POST /cormun/servlet/permisogoce?179a576fe8e467323e4f1ec5d079a9be,INS,0,,,,gx-no-cache=1713381559519 HTTP/1.1" 200 4802
190.171.141.106 - - [17/Apr/2024:16:22:54 -0300] "GET /cormun/static/Shared/jqueryui/images/ui-bg_highlight-soft_100_c6c2c8_1x100.png HTTP/1.1" 404 1117
190.171.141.106 - - [17/Apr/2024:16:22:54 -0300] "GET /cormun/static/Shared/jqueryui/images/ui-icons_82798d_256x240.png HTTP/1.1" 404 1089
190.171.141.106 - - [17/Apr/2024:16:22:54 -0300] "GET /cormun/static/Shared/jqueryui/images/ui-bg_flat_55_994d53_40x100.png HTTP/1.1" 404 1097
190.171.141.106 - - [17/Apr/2024:16:22:54 -0300] "GET /cormun/static/Shared/jqueryui/images/ui-icons_ebccce_256x240.png HTTP/1.1" 404 1089
190.171.153.34 - - [17/Apr/2024:16:23:05 -0300] "GET /cormun/servlet/hlogin HTTP/1.1" 200 1718
190.171.153.34 - - [17/Apr/2024:16:23:05 -0300] "GET /cormun/servlet/hlogin HTTP/1.1" 200 1728
190.171.141.106 - - [17/Apr/2024:16:23:07 -0300] "GET /cormun/servlet/permisogoce?0be8ee94ebe6a11f220212979cdb563bb427a94fdca50a23b68de331e1cad644fcfc047e89a22674e14923d1072a304d6ea8d0fae1fed8e9962449c7fbfe251f9c32d85f9f11d9b4fb982772875acc21d040de57e632911cd091f498befb3ba38d957b48cbf39e49be53b11d68fc54226ea8d0fae1fed8e9962449c7fbfe251f9c32d85f9f11d9b4fb982772875acc21d040de57e632911cd091f498befb3ba33cba2ee590c58e12e49e5fe1a003a86a7a7bbf275c753f3fb28457f53f5639d4,gx-no-cache=1713381571717 HTTP/1.1" 200 80
190.171.153.34 - - [17/Apr/2024:16:23:16 -0300] "POST /cormun/servlet/hlogin?c87c0287fedbe61078f6e8c9fc9221b6,gx-no-cache=1713381580485 HTTP/1.1" 200 90
190.171.153.34 - - [17/Apr/2024:16:23:16 -0300] "GET /cormun/servlet/hpexe_link HTTP/1.1" 200 949
190.171.153.34 - - [17/Apr/2024:16:23:16 -0300] "GET /cormun/servlet/hhome HTTP/1.1" 200 4351
190.171.141.106 - - [17/Apr/2024:16:23:19 -0300] "GET /cormun/static/menuarrow.gif HTTP/1.1" 404 1015
190.171.153.34 - - [17/Apr/2024:16:23:19 -0300] "GET /cormun/servlet/trlicencias? HTTP/1.1" 200 10607
190.171.141.106 - - [17/Apr/2024:16:24:02 -0300] "GET /cormun/servlet/permisogoce?0be8ee94ebe6a11f220212979cdb563bc08795a91e7450f44f6f00232efc657d0972a7dd1fb1d2e9b19a0da980f19067d39e385d7823abc4ce4c7b5b3e9243c0,gx-no-cache=1713381626995 HTTP/1.1" 200 47
190.171.141.106 - - [17/Apr/2024:16:26:23 -0300] "POST /cormun/servlet/permisogoce?179a576fe8e467323e4f1ec5d079a9be,INS,0,,,,gx-no-cache=1713381767449 HTTP/1.1" 200 93
190.171.141.106 - - [17/Apr/2024:16:26:23 -0300] "GET /cormun/servlet/hpexe_return? HTTP/1.1" 200 1012
190.171.141.106 - - [17/Apr/2024:16:26:23 -0300] "GET /cormun/servlet/trpermisosgoce HTTP/1.1" 200 10710
209.141.55.133 - tomcat [17/Apr/2024:16:26:32 -0300] "GET /manager/html HTTP/1.1" 403 3196
190.171.141.106 - - [17/Apr/2024:16:26:43 -0300] "GET /cormun/servlet/permisogoce?INS,0,,, HTTP/1.1" 200 7165
190.171.141.106 - - [17/Apr/2024:16:27:27 -0300] "GET /cormun/servlet/permisogoce?0be8ee94ebe6a11f220212979cdb563b7a9dd1921354e3ebf27e32775226741e295b79e7319d1d7ab27b38741d26d1396142f7d4135dac558b59c236efa531b5,gx-no-cache=1713381832467 HTTP/1.1" 200 81
190.171.141.106 - - [17/Apr/2024:16:27:45 -0300] "GET /cormun/servlet/permisogoce?0be8ee94ebe6a11f220212979cdb563bd7642e15990f01900dbd76e3811c2c33a0f4de3257fc266abc91d421e169be44d39e385d7823abc4ce4c7b5b3e9243c0,gx-no-cache=1713381850440 HTTP/1.1" 200 47
190.171.141.106 - - [17/Apr/2024:16:29:40 -0300] "GET /cormun/servlet/hlogin HTTP/1.1" 200 1721
190.171.141.106 - - [17/Apr/2024:16:29:50 -0300] "POST /cormun/servlet/hlogin?179a576fe8e467323e4f1ec5d079a9be,gx-no-cache=1713381975383 HTTP/1.1" 200 90
190.171.141.106 - - [17/Apr/2024:16:29:50 -0300] "GET /cormun/servlet/hpexe_link HTTP/1.1" 200 966
190.171.141.106 - - [17/Apr/2024:16:29:51 -0300] "GET /cormun/servlet/permisogoce?INS,0,,, HTTP/1.1" 200 7167
190.171.141.106 - - [17/Apr/2024:16:30:04 -0300] "GET /cormun/servlet/trpermisosgoce? HTTP/1.1" 200 10714
190.171.141.106 - - [17/Apr/2024:16:30:37 -0300] "GET /cormun/servlet/permisogoce?INS,0,,, HTTP/1.1" 200 7165
201.186.225.183 - - [17/Apr/2024:16:31:57 -0300] "GET /cormun/servlet/trlicencias? HTTP/1.1" 200 6049
201.186.225.183 - - [17/Apr/2024:16:31:57 -0300] "GET /cormun/servlet/hlogin HTTP/1.1" 200 1738
201.186.225.183 - - [17/Apr/2024:16:32:03 -0300] "POST /cormun/servlet/hlogin?0d7dad24013ff72a73e29a084322f777,gx-no-cache=1713382108800 HTTP/1.1" 200 90
201.186.225.183 - - [17/Apr/2024:16:32:03 -0300] "GET /cormun/servlet/hpexe_link HTTP/1.1" 200 958
201.186.225.183 - - [17/Apr/2024:16:32:03 -0300] "GET /cormun/servlet/trlicencias HTTP/1.1" 200 14623
190.171.141.106 - - [17/Apr/2024:16:32:35 -0300] "GET /cormun/servlet/permisogoce?0be8ee94ebe6a11f220212979cdb563b7a9dd1921354e3ebf27e32775226741e295b79e7319d1d7ab27b38741d26d1396142f7d4135dac558b59c236efa531b5,gx-no-cache=1713382140401 HTTP/1.1" 200 81
190.171.141.106 - - [17/Apr/2024:16:33:00 -0300] "GET /cormun/servlet/permisogoce?0be8ee94ebe6a11f220212979cdb563bd7642e15990f01900dbd76e3811c2c33a0f4de3257fc266abc91d421e169be44d39e385d7823abc4ce4c7b5b3e9243c0,gx-no-cache=1713382164785 HTTP/1.1" 200 47
209.141.55.133 - tomcat [17/Apr/2024:16:33:01 -0300] "GET /manager/html HTTP/1.1" 403 3196
181.212.43.89 - - [17/Apr/2024:16:33:22 -0300] "POST /cormun/servlet/trsolicitudot?6c4d6b502324f9b1ce7ad27a823cd492,gx-no-cache=1713382183904 HTTP/1.1" 440 972
181.212.43.89 - - [17/Apr/2024:16:33:24 -0300] "GET /cormun/servlet/trsolicitudot HTTP/1.1" 200 6325
181.212.43.89 - - [17/Apr/2024:16:33:24 -0300] "GET /cormun/servlet/hlogin HTTP/1.1" 200 1737
181.212.43.89 - - [17/Apr/2024:16:33:31 -0300] "POST /cormun/servlet/hlogin?04a71b830f16bb9acd9b3d5da8e4c73d,gx-no-cache=1713382192637 HTTP/1.1" 200 90
181.212.43.89 - - [17/Apr/2024:16:33:31 -0300] "GET /cormun/servlet/hpexe_link HTTP/1.1" 200 958
181.212.43.89 - - [17/Apr/2024:16:33:31 -0300] "GET /cormun/servlet/trsolicitudot HTTP/1.1" 200 8485
181.212.43.89 - - [17/Apr/2024:16:33:34 -0300] "POST /cormun/servlet/trsolicitudot?04a71b830f16bb9acd9b3d5da8e4c73d,gx-no-cache=1713382195283 HTTP/1.1" 200 112
181.212.43.89 - - [17/Apr/2024:16:33:34 -0300] "GET /cormun/servlet/solicitudot?UPD,2024,21262,false, HTTP/1.1" 200 16592
181.212.43.89 - - [17/Apr/2024:16:33:34 -0300] "POST /cormun/servlet/solicitudot?gx-no-cache=1713382196040 HTTP/1.1" 200 4091
181.212.43.89 - - [17/Apr/2024:16:33:34 -0300] "POST /cormun/servlet/solicitudot?04a71b830f16bb9acd9b3d5da8e4c73d,UPD,2024,21262,false,,gx-no-cache=1713382196141 HTTP/1.1" 200 12737
181.212.43.89 - - [17/Apr/2024:16:33:34 -0300] "GET /cormun/servlet/solicitudot?fc46da38d64aecca6cf530729a09627fb115c8e6866fa2e94b162a48a87f93c618fa3ba564db409238e535317d396943,gx-no-cache=1713382196233 HTTP/1.1" 200 30
181.212.43.89 - - [17/Apr/2024:16:33:34 -0300] "GET /cormun/servlet/solicitudot?fc46da38d64aecca6cf530729a09627fa11280d302410353391ff69927b893ae96d92fdecc8fbc47dc7fef503dd10631c511b2005dec176c146ed5cba6886d8c,gx-no-cache=1713382196253 HTTP/1.1" 200 30
181.212.43.89 - - [17/Apr/2024:16:33:35 -0300] "GET /cormun/servlet/solicitudot?fc46da38d64aecca6cf530729a09627f1974ca51507d70406aaf2fea4bde907a737d517f5454c1af8dd03b1310e1e5fbf1877636570aac4dd00b1a0356069fa3,gx-no-cache=1713382196268 HTTP/1.1" 200 53
181.212.43.89 - - [17/Apr/2024:16:33:35 -0300] "POST /cormun/servlet/solicitudot?gx-no-cache=1713382196287 HTTP/1.1" 200 297
181.212.43.89 - - [17/Apr/2024:16:33:35 -0300] "GET /cormun/servlet/solicitudot?fc46da38d64aecca6cf530729a09627ff696b10f10ce0a9f7e78224ee403d7c7528804798d346bd4e91dca82622007143c2b11152f786cc7550ad8662a98b515830243f45a3633e40fd36c814c8fbd3104cf54fc75239e9f1a753a9ec23963dee24a41554846b3cdbe28b2e24a70cb5466cd74b75822446c08b176ba56359533a7559336673add196dc578232096d46af335db2ae7656563e8721d67bf139b66c6e3641e70315e834a9c8d26f5072c8ce6fb480e531f6bffa49e5a23e389b3301be84a81c1150e32659a57b3cf674dc5877df0a799b0602cf97fbcc9224517cb16c034365440c7ebd587435b582bbe75b3ff912f2b0e21e2a04f953bd06c270db40c557d0c9f292d36edf733b534f18d67f8d824c4939cdbfc6215d5f58fe6207771f31aab5f7ff60f042ba846e847959bb9f803e4aec3496d96b86dcd3135abc8a0c661b002ea840cb8af31bfb000775f1f5315f491262ae7580344ec9c254dec19bff8f1e17584111285ed24a45d94b5cae036913889c9dc33b3c90d84bdededf88ed6e05a3ec69ed9308119368fe4,gx-no-cache=1713382196307 HTTP/1.1" 200 30
181.212.43.89 - - [17/Apr/2024:16:33:35 -0300] "POST /cormun/servlet/solicitudot?gx-no-cache=1713382196323 HTTP/1.1" 200 30
181.212.43.89 - - [17/Apr/2024:16:33:35 -0300] "POST /cormun/servlet/solicitudot?gx-no-cache=1713382196342 HTTP/1.1" 200 1481
181.212.43.89 - - [17/Apr/2024:16:33:35 -0300] "POST /cormun/servlet/solicitudot?gx-no-cache=1713382196367 HTTP/1.1" 200 41
190.171.141.106 - - [17/Apr/2024:16:33:35 -0300] "GET /cormun/servlet/hlogin HTTP/1.1" 200 1721
190.171.141.106 - - [17/Apr/2024:16:33:39 -0300] "POST /cormun/servlet/hlogin?179a576fe8e467323e4f1ec5d079a9be,gx-no-cache=1713382204472 HTTP/1.1" 200 90
190.171.141.106 - - [17/Apr/2024:16:33:39 -0300] "GET /cormun/servlet/hpexe_link HTTP/1.1" 200 966
190.171.141.106 - - [17/Apr/2024:16:33:39 -0300] "GET /cormun/servlet/permisogoce?INS,0,,, HTTP/1.1" 200 7167
190.171.141.106 - - [17/Apr/2024:16:34:03 -0300] "POST /cormun/servlet/permisogoce?179a576fe8e467323e4f1ec5d079a9be,INS,0,,,,gx-no-cache=1713382228512 HTTP/1.1" 200 93
190.171.141.106 - - [17/Apr/2024:16:34:03 -0300] "GET /cormun/servlet/hpexe_return? HTTP/1.1" 200 1012
190.171.141.106 - - [17/Apr/2024:16:34:04 -0300] "GET /cormun/servlet/trpermisosgoce HTTP/1.1" 200 10710
190.171.141.106 - - [17/Apr/2024:16:34:14 -0300] "GET /cormun/servlet/permisogoce?INS,0,,, HTTP/1.1" 200 7165
190.171.141.106 - - [17/Apr/2024:16:34:45 -0300] "GET /cormun/servlet/permisogoce?0be8ee94ebe6a11f220212979cdb563b7a9dd1921354e3ebf27e32775226741ee61f17c32cd2af56f046a662ddefe3c8ef147bbd3193955d74db7ece844321fd,gx-no-cache=1713382270543 HTTP/1.1" 200 226
190.171.141.106 - - [17/Apr/2024:16:34:45 -0300] "GET /cormun/static/Shared/jqueryui/images/ui-bg_highlight-soft_100_c6c2c8_1x100.png HTTP/1.1" 404 1117
190.171.141.106 - - [17/Apr/2024:16:34:45 -0300] "GET /cormun/static/Shared/jqueryui/images/ui-icons_82798d_256x240.png HTTP/1.1" 404 1089
190.171.141.106 - - [17/Apr/2024:16:34:45 -0300] "GET /cormun/static/Shared/jqueryui/images/ui-bg_flat_55_994d53_40x100.png HTTP/1.1" 404 1097
190.171.141.106 - - [17/Apr/2024:16:34:45 -0300] "GET /cormun/static/Shared/jqueryui/images/ui-icons_ebccce_256x240.png HTTP/1.1" 404 1089
190.171.141.106 - - [17/Apr/2024:16:34:50 -0300] "GET /cormun/servlet/permisogoce?0be8ee94ebe6a11f220212979cdb563b7a9dd1921354e3ebf27e32775226741e295b79e7319d1d7ab27b38741d26d1396142f7d4135dac558b59c236efa531b5,gx-no-cache=1713382275647 HTTP/1.1" 200 81
190.171.141.106 - - [17/Apr/2024:16:35:08 -0300] "GET /cormun/servlet/permisogoce?0be8ee94ebe6a11f220212979cdb563bd7642e15990f01900dbd76e3811c2c33a0f4de3257fc266abc91d421e169be44d39e385d7823abc4ce4c7b5b3e9243c0,gx-no-cache=1713382292984 HTTP/1.1" 200 47
181.212.43.89 - - [17/Apr/2024:16:35:11 -0300] "GET /cormun/servlet/solicitudot?fc46da38d64aecca6cf530729a09627fa0fd54259a5e71cb08ed12e4ddb4d4d80729f558d9e55de8e9d9154044ceba2a739199de22c8ca93c240d52173ba39aa2b8b340d53fd97076d4a9534ae77b775abba6dfcf43508e657198f84400b145278d2108d87b6ca7c43722ddad4616788,gx-no-cache=1713382292485 HTTP/1.1" 200 110
190.171.141.82 - - [17/Apr/2024:16:35:47 -0300] "GET /cormun/servlet/hlogin HTTP/1.1" 200 1718
190.171.141.82 - - [17/Apr/2024:16:35:47 -0300] "GET /cormun/servlet/hlogin HTTP/1.1" 200 1728
181.212.43.89 - - [17/Apr/2024:16:35:55 -0300] "POST /cormun/servlet/solicitudot?gx-no-cache=1713382337254 HTTP/1.1" 200 72
181.212.43.89 - - [17/Apr/2024:16:36:01 -0300] "GET /cormun/servlet/solicitudot?fc46da38d64aecca6cf530729a09627f31dad40d74d84bb89a2c8914d3c40b3214c8903f7b9c052aca6381ae0e7779b028ed17a57229f0632683fd1d6ebd5362f1c8482639bfdb8f61475ca15b40147dccacc798c1290e12910068df3f3f2d3c6176a198428d2121a306506b5e97417b,gx-no-cache=1713382342631 HTTP/1.1" 200 29
181.212.43.89 - - [17/Apr/2024:16:36:01 -0300] "GET /cormun/servlet/solicitudot?fc46da38d64aecca6cf530729a09627facc15a3e0a0a322157668a719356f7d9b958c7ee3faf92ab9dc93e048e3d1917,gx-no-cache=1713382342652 HTTP/1.1" 200 30
181.212.43.89 - - [17/Apr/2024:16:36:01 -0300] "POST /cormun/servlet/solicitudot?gx-no-cache=1713382342678 HTTP/1.1" 200 30
181.212.43.89 - - [17/Apr/2024:16:36:18 -0300] "POST /cormun/servlet/solicitudot?04a71b830f16bb9acd9b3d5da8e4c73d,UPD,2024,21262,false,,gx-no-cache=1713382358774 HTTP/1.1" 200 93
181.212.43.89 - - [17/Apr/2024:16:36:18 -0300] "GET /cormun/servlet/hpexe_return? HTTP/1.1" 200 1016
181.212.43.89 - - [17/Apr/2024:16:36:18 -0300] "GET /cormun/servlet/trsolicitudot HTTP/1.1" 200 8484
181.212.43.89 - - [17/Apr/2024:16:36:29 -0300] "POST /cormun/servlet/trsolicitudot?04a71b830f16bb9acd9b3d5da8e4c73d,gx-no-cache=1713382371065 HTTP/1.1" 200 5745
181.212.43.89 - - [17/Apr/2024:16:36:29 -0300] "GET /cormun/static/Shared/jqueryui/images/ui-icons_82798d_256x240.png HTTP/1.1" 404 1089
181.212.43.89 - - [17/Apr/2024:16:36:29 -0300] "GET /cormun/static/Shared/jqueryui/images/ui-bg_highlight-soft_100_c6c2c8_1x100.png HTTP/1.1" 404 1117
181.212.43.89 - - [17/Apr/2024:16:36:29 -0300] "GET /cormun/static/Shared/jqueryui/images/ui-bg_flat_55_fafafa_40x100.png HTTP/1.1" 404 1097
181.212.43.89 - - [17/Apr/2024:16:36:29 -0300] "GET /cormun/static/Shared/jqueryui/images/ui-icons_8d78a5_256x240.png HTTP/1.1" 404 1089
181.212.43.89 - - [17/Apr/2024:16:36:32 -0300] "POST /cormun/servlet/trsolicitudot?04a71b830f16bb9acd9b3d5da8e4c73d,gx-no-cache=1713382374028 HTTP/1.1" 200 106
181.212.43.89 - - [17/Apr/2024:16:36:32 -0300] "GET /cormun/servlet/trsolicitudadjuntos?2024,21262, HTTP/1.1" 200 6126
181.212.43.89 - - [17/Apr/2024:16:36:34 -0300] "GET /cormun/servlet/solicitudotadjuntos?INS,2024,21262,,1, HTTP/1.1" 200 6071
181.212.43.89 - - [17/Apr/2024:16:36:34 -0300] "GET /cormun/static/about:blank HTTP/1.1" 404 1011
181.212.43.89 - - [17/Apr/2024:16:36:35 -0300] "GET /cormun/servlet/solicitudotadjuntos?fc46da38d64aecca6cf530729a09627f74e294146e84606b4f3311520a27887c14942ed64eeb2bbd880f30e9b7f29418,gx-no-cache=1713382376437 HTTP/1.1" 200 30
181.212.43.89 - - [17/Apr/2024:16:36:35 -0300] "POST /cormun/servlet/solicitudotadjuntos?04a71b830f16bb9acd9b3d5da8e4c73d,INS,2024,21262,,1,,gx-no-cache=1713382376452 HTTP/1.1" 200 3888
181.212.43.89 - - [17/Apr/2024:16:36:38 -0300] "POST /cormun/servlet/solicitudotadjuntos?gx-no-cache=1713382379987 HTTP/1.1" 200 26
181.212.43.89 - - [17/Apr/2024:16:37:07 -0300] "GET /cormun/servlet/solicitudotadjuntos?fc46da38d64aecca6cf530729a09627f700699040e2713d88b146f6d241616cf,gx-no-cache=1713382408932 HTTP/1.1" 200 30
181.212.43.89 - - [17/Apr/2024:16:37:07 -0300] "GET /cormun/servlet/solicitudotadjuntos?fc46da38d64aecca6cf530729a09627f700699040e2713d88b146f6d241616cf,gx-no-cache=1713382408981 HTTP/1.1" 200 30
181.212.43.89 - - [17/Apr/2024:16:37:08 -0300] "POST /cormun/servlet/solicitudotadjuntos?04a71b830f16bb9acd9b3d5da8e4c73d,INS,2024,21262,,1, HTTP/1.1" 200 116
181.212.43.89 - - [17/Apr/2024:16:37:08 -0300] "GET /cormun/servlet/hpexe_return? HTTP/1.1" 200 1027
181.212.43.89 - - [17/Apr/2024:16:37:08 -0300] "GET /cormun/servlet/trsolicitudadjuntos?2024,21262, HTTP/1.1" 200 9089
181.212.43.89 - - [17/Apr/2024:16:37:10 -0300] "GET /cormun/servlet/solicitudotadjuntos?INS,2024,21262,,1, HTTP/1.1" 200 6071
181.212.43.89 - - [17/Apr/2024:16:37:10 -0300] "GET /cormun/static/about:blank HTTP/1.1" 404 1011
181.212.43.89 - - [17/Apr/2024:16:37:10 -0300] "GET /cormun/servlet/solicitudotadjuntos?fc46da38d64aecca6cf530729a09627f74e294146e84606b4f3311520a27887c14942ed64eeb2bbd880f30e9b7f29418,gx-no-cache=1713382412239 HTTP/1.1" 200 30
181.212.43.89 - - [17/Apr/2024:16:37:11 -0300] "POST /cormun/servlet/solicitudotadjuntos?04a71b830f16bb9acd9b3d5da8e4c73d,INS,2024,21262,,1,,gx-no-cache=1713382412252 HTTP/1.1" 200 3888
181.212.43.89 - - [17/Apr/2024:16:37:13 -0300] "POST /cormun/servlet/solicitudotadjuntos?gx-no-cache=1713382414430 HTTP/1.1" 200 26
190.171.141.106 - - [17/Apr/2024:16:37:38 -0300] "GET /cormun/servlet/hlogin HTTP/1.1" 200 1721
190.171.141.106 - - [17/Apr/2024:16:37:41 -0300] "POST /cormun/servlet/hlogin?179a576fe8e467323e4f1ec5d079a9be,gx-no-cache=1713382446640 HTTP/1.1" 200 90
190.171.141.106 - - [17/Apr/2024:16:37:42 -0300] "GET /cormun/servlet/hpexe_link HTTP/1.1" 200 966
190.171.141.106 - - [17/Apr/2024:16:37:42 -0300] "GET /cormun/servlet/permisogoce?INS,0,,, HTTP/1.1" 200 7166
181.212.40.185 - - [17/Apr/2024:16:37:46 -0300] "POST /cormun/servlet/solicitudot?gx-no-cache=1713382451615 HTTP/1.1" 200 97
190.171.141.106 - - [17/Apr/2024:16:37:46 -0300] "GET /cormun/servlet/trpermisosgoce? HTTP/1.1" 200 10714
181.212.40.185 - - [17/Apr/2024:16:37:51 -0300] "GET /cormun/servlet/solicitudot?dd45a038386c6fc0b3e2dca7d0ba1a145f2b7acfc647960dc0aa04a59227195c52a42a8817b37ae97b29cd8d4dd1fa762e1dfee95f3a1a23935ee6375653c54409c63e7beabc9a0ab1f06e731ab376c497ad8fd1c0b731a1f769a1cc1af68e580496f792401b0069eb2d4c103e8c224ef85da35e6bcb923bdfbe75ce16b3a341165f2b8eccc0e7cfb574ecb925800b2a551eb845332a5599ead24c48535e92fbc6331b9a49980c2a61116f2fc4da467c4369bcc147892f9f85cdd84876b32625dfaf518980fb8d22d6b5a423f7a44b32,gx-no-cache=1713382456770 HTTP/1.1" 200 29
190.171.141.106 - - [17/Apr/2024:16:37:58 -0300] "GET /cormun/servlet/permisogoce?INS,0,,, HTTP/1.1" 200 7165
181.212.40.185 - - [17/Apr/2024:16:38:02 -0300] "GET /cormun/static/menuarrow.gif HTTP/1.1" 404 1015
181.212.40.185 - - [17/Apr/2024:16:38:09 -0300] "GET /cormun/servlet/solicitudot?dd45a038386c6fc0b3e2dca7d0ba1a1466f2bf90146ccefdad0653696197164c7350c5d930311577d97a0037c04ec404,gx-no-cache=1713382474953 HTTP/1.1" 200 30
181.212.43.89 - - [17/Apr/2024:16:38:12 -0300] "GET /cormun/servlet/solicitudotadjuntos?fc46da38d64aecca6cf530729a09627f700699040e2713d88b146f6d241616cf,gx-no-cache=1713382473275 HTTP/1.1" 200 30
181.212.43.89 - - [17/Apr/2024:16:38:12 -0300] "GET /cormun/servlet/solicitudotadjuntos?fc46da38d64aecca6cf530729a09627f700699040e2713d88b146f6d241616cf,gx-no-cache=1713382473303 HTTP/1.1" 200 30
181.212.43.89 - - [17/Apr/2024:16:38:12 -0300] "POST /cormun/servlet/solicitudotadjuntos?04a71b830f16bb9acd9b3d5da8e4c73d,INS,2024,21262,,1, HTTP/1.1" 200 116
181.212.43.89 - - [17/Apr/2024:16:38:12 -0300] "GET /cormun/servlet/hpexe_return? HTTP/1.1" 200 1027
181.212.43.89 - - [17/Apr/2024:16:38:12 -0300] "GET /cormun/servlet/trsolicitudadjuntos?2024,21262, HTTP/1.1" 200 9339
181.212.43.89 - - [17/Apr/2024:16:38:14 -0300] "GET /cormun/servlet/solicitudotadjuntos?INS,2024,21262,,1, HTTP/1.1" 200 6072
181.212.43.89 - - [17/Apr/2024:16:38:14 -0300] "GET /cormun/static/about:blank HTTP/1.1" 404 1011
181.212.43.89 - - [17/Apr/2024:16:38:15 -0300] "GET /cormun/servlet/solicitudotadjuntos?fc46da38d64aecca6cf530729a09627f74e294146e84606b4f3311520a27887c14942ed64eeb2bbd880f30e9b7f29418,gx-no-cache=1713382476607 HTTP/1.1" 200 30
181.212.43.89 - - [17/Apr/2024:16:38:15 -0300] "POST /cormun/servlet/solicitudotadjuntos?04a71b830f16bb9acd9b3d5da8e4c73d,INS,2024,21262,,1,,gx-no-cache=1713382476653 HTTP/1.1" 200 3888
181.212.43.89 - - [17/Apr/2024:16:38:17 -0300] "POST /cormun/servlet/solicitudotadjuntos?gx-no-cache=1713382478691 HTTP/1.1" 200 26
190.171.141.82 - - [17/Apr/2024:16:38:23 -0300] "POST /cormun/servlet/hlogin?a464831f2babd251206193e966b4485f,gx-no-cache=1713382487803 HTTP/1.1" 200 90
190.171.141.82 - - [17/Apr/2024:16:38:23 -0300] "GET /cormun/servlet/hpexe_link HTTP/1.1" 200 950
190.171.141.82 - - [17/Apr/2024:16:38:23 -0300] "GET /cormun/servlet/hhome HTTP/1.1" 200 4316
181.212.43.89 - - [17/Apr/2024:16:38:25 -0300] "GET /cormun/servlet/solicitudotadjuntos?fc46da38d64aecca6cf530729a09627f700699040e2713d88b146f6d241616cf,gx-no-cache=1713382486863 HTTP/1.1" 200 30
181.212.43.89 - - [17/Apr/2024:16:38:25 -0300] "GET /cormun/servlet/solicitudotadjuntos?fc46da38d64aecca6cf530729a09627f700699040e2713d88b146f6d241616cf,gx-no-cache=1713382486875 HTTP/1.1" 200 30
181.212.43.89 - - [17/Apr/2024:16:38:25 -0300] "POST /cormun/servlet/solicitudotadjuntos?04a71b830f16bb9acd9b3d5da8e4c73d,INS,2024,21262,,1, HTTP/1.1" 200 116
181.212.43.89 - - [17/Apr/2024:16:38:25 -0300] "GET /cormun/servlet/hpexe_return? HTTP/1.1" 200 1027
181.212.43.89 - - [17/Apr/2024:16:38:25 -0300] "GET /cormun/servlet/trsolicitudadjuntos?2024,21262, HTTP/1.1" 200 9560
181.212.40.185 - - [17/Apr/2024:16:38:28 -0300] "POST /cormun/servlet/solicitudot?gx-no-cache=1713382493515 HTTP/1.1" 200 30
181.212.43.89 - - [17/Apr/2024:16:38:28 -0300] "GET /cormun/servlet/solicitudotadjuntos?INS,2024,21262,,1, HTTP/1.1" 200 6072
181.212.43.89 - - [17/Apr/2024:16:38:28 -0300] "GET /cormun/static/about:blank HTTP/1.1" 404 1011
181.212.43.89 - - [17/Apr/2024:16:38:29 -0300] "GET /cormun/servlet/solicitudotadjuntos?fc46da38d64aecca6cf530729a09627f74e294146e84606b4f3311520a27887c14942ed64eeb2bbd880f30e9b7f29418,gx-no-cache=1713382490595 HTTP/1.1" 200 30
181.212.43.89 - - [17/Apr/2024:16:38:29 -0300] "POST /cormun/servlet/solicitudotadjuntos?04a71b830f16bb9acd9b3d5da8e4c73d,INS,2024,21262,,1,,gx-no-cache=1713382490645 HTTP/1.1" 200 3888
190.171.141.82 - - [17/Apr/2024:16:38:29 -0300] "GET /cormun/servlet/trpermisosgoce? HTTP/1.1" 200 11863
181.212.43.89 - - [17/Apr/2024:16:38:32 -0300] "POST /cormun/servlet/solicitudotadjuntos?gx-no-cache=1713382493833 HTTP/1.1" 200 26
181.212.43.89 - - [17/Apr/2024:16:38:38 -0300] "GET /cormun/servlet/solicitudotadjuntos?fc46da38d64aecca6cf530729a09627f700699040e2713d88b146f6d241616cf,gx-no-cache=1713382499464 HTTP/1.1" 200 30
181.212.43.89 - - [17/Apr/2024:16:38:38 -0300] "GET /cormun/servlet/solicitudotadjuntos?fc46da38d64aecca6cf530729a09627f700699040e2713d88b146f6d241616cf,gx-no-cache=1713382499502 HTTP/1.1" 200 30
181.212.43.89 - - [17/Apr/2024:16:38:38 -0300] "POST /cormun/servlet/solicitudotadjuntos?04a71b830f16bb9acd9b3d5da8e4c73d,INS,2024,21262,,1, HTTP/1.1" 200 116
181.212.43.89 - - [17/Apr/2024:16:38:38 -0300] "GET /cormun/servlet/hpexe_return? HTTP/1.1" 200 1027
181.212.43.89 - - [17/Apr/2024:16:38:38 -0300] "GET /cormun/servlet/trsolicitudadjuntos?2024,21262, HTTP/1.1" 200 9822
181.212.43.89 - - [17/Apr/2024:16:38:40 -0300] "GET /cormun/servlet/solicitudotadjuntos?INS,2024,21262,,1, HTTP/1.1" 200 6071
181.212.43.89 - - [17/Apr/2024:16:38:40 -0300] "GET /cormun/static/about:blank HTTP/1.1" 404 1011
181.212.43.89 - - [17/Apr/2024:16:38:41 -0300] "GET /cormun/servlet/solicitudotadjuntos?fc46da38d64aecca6cf530729a09627f74e294146e84606b4f3311520a27887c14942ed64eeb2bbd880f30e9b7f29418,gx-no-cache=1713382502520 HTTP/1.1" 200 30
181.212.43.89 - - [17/Apr/2024:16:38:41 -0300] "POST /cormun/servlet/solicitudotadjuntos?04a71b830f16bb9acd9b3d5da8e4c73d,INS,2024,21262,,1,,gx-no-cache=1713382502533 HTTP/1.1" 200 3888
181.212.43.89 - - [17/Apr/2024:16:38:43 -0300] "POST /cormun/servlet/solicitudotadjuntos?gx-no-cache=1713382504799 HTTP/1.1" 200 26
181.212.43.89 - - [17/Apr/2024:16:38:49 -0300] "GET /cormun/servlet/solicitudotadjuntos?fc46da38d64aecca6cf530729a09627f700699040e2713d88b146f6d241616cf,gx-no-cache=1713382510319 HTTP/1.1" 200 30
181.212.43.89 - - [17/Apr/2024:16:38:49 -0300] "GET /cormun/servlet/solicitudotadjuntos?fc46da38d64aecca6cf530729a09627f700699040e2713d88b146f6d241616cf,gx-no-cache=1713382510330 HTTP/1.1" 200 30
181.212.43.89 - - [17/Apr/2024:16:38:49 -0300] "POST /cormun/servlet/solicitudotadjuntos?04a71b830f16bb9acd9b3d5da8e4c73d,INS,2024,21262,,1, HTTP/1.1" 200 116
181.212.43.89 - - [17/Apr/2024:16:38:49 -0300] "GET /cormun/servlet/hpexe_return? HTTP/1.1" 200 1027
181.212.43.89 - - [17/Apr/2024:16:38:49 -0300] "GET /cormun/servlet/trsolicitudadjuntos?2024,21262, HTTP/1.1" 200 10091
181.212.43.89 - - [17/Apr/2024:16:38:51 -0300] "GET /cormun/servlet/solicitudotadjuntos?INS,2024,21262,,1, HTTP/1.1" 200 6071
181.212.43.89 - - [17/Apr/2024:16:38:51 -0300] "GET /cormun/static/about:blank HTTP/1.1" 404 1011
181.212.43.89 - - [17/Apr/2024:16:38:52 -0300] "GET /cormun/servlet/solicitudotadjuntos?fc46da38d64aecca6cf530729a09627f74e294146e84606b4f3311520a27887c14942ed64eeb2bbd880f30e9b7f29418,gx-no-cache=1713382513423 HTTP/1.1" 200 30
181.212.43.89 - - [17/Apr/2024:16:38:52 -0300] "POST /cormun/servlet/solicitudotadjuntos?04a71b830f16bb9acd9b3d5da8e4c73d,INS,2024,21262,,1,,gx-no-cache=1713382513438 HTTP/1.1" 200 3888
190.171.141.82 - - [17/Apr/2024:16:38:55 -0300] "GET /cormun/servlet/permisogoce?INS,0,,, HTTP/1.1" 200 7209
181.212.43.89 - - [17/Apr/2024:16:38:55 -0300] "POST /cormun/servlet/solicitudotadjuntos?gx-no-cache=1713382516887 HTTP/1.1" 200 26
190.171.141.82 - - [17/Apr/2024:16:38:57 -0300] "GET /cormun/servlet/prfichaempleado?,MD,,gxPopupLevel%3D0%3B HTTP/1.1" 200 9344
190.171.141.82 - - [17/Apr/2024:16:39:01 -0300] "POST /cormun/servlet/prfichaempleado?a464831f2babd251206193e966b4485f,,MD,,gxPopupLevel%3D0%3B,gx-no-cache=1713382525998 HTTP/1.1" 200 3168
181.212.43.89 - - [17/Apr/2024:16:39:02 -0300] "GET /cormun/servlet/solicitudotadjuntos?fc46da38d64aecca6cf530729a09627f700699040e2713d88b146f6d241616cf,gx-no-cache=1713382524001 HTTP/1.1" 200 30
181.212.43.89 - - [17/Apr/2024:16:39:02 -0300] "GET /cormun/servlet/solicitudotadjuntos?fc46da38d64aecca6cf530729a09627f700699040e2713d88b146f6d241616cf,gx-no-cache=1713382524105 HTTP/1.1" 200 30
181.212.43.89 - - [17/Apr/2024:16:39:03 -0300] "POST /cormun/servlet/solicitudotadjuntos?04a71b830f16bb9acd9b3d5da8e4c73d,INS,2024,21262,,1, HTTP/1.1" 200 116
181.212.43.89 - - [17/Apr/2024:16:39:04 -0300] "GET /cormun/servlet/hpexe_return? HTTP/1.1" 200 1027
181.212.43.89 - - [17/Apr/2024:16:39:04 -0300] "GET /cormun/servlet/trsolicitudadjuntos?2024,21262, HTTP/1.1" 200 10248
190.171.141.82 - - [17/Apr/2024:16:39:05 -0300] "POST /cormun/servlet/prfichaempleado?a464831f2babd251206193e966b4485f,,MD,,gxPopupLevel%3D0%3B,gx-no-cache=1713382530133 HTTP/1.1" 200 3172
190.171.141.106 - - [17/Apr/2024:16:39:08 -0300] "GET /cormun/servlet/permisogoce?0be8ee94ebe6a11f220212979cdb563b7a9dd1921354e3ebf27e32775226741e295b79e7319d1d7ab27b38741d26d1396142f7d4135dac558b59c236efa531b5,gx-no-cache=1713382533302 HTTP/1.1" 200 81
190.171.141.82 - - [17/Apr/2024:16:39:08 -0300] "POST /cormun/servlet/prfichaempleado?a464831f2babd251206193e966b4485f,,MD,,gxPopupLevel%3D0%3B,gx-no-cache=1713382533077 HTTP/1.1" 200 4686
190.171.141.82 - - [17/Apr/2024:16:39:35 -0300] "GET /cormun/servlet/permisogoce?fe96325c0c077fc353cf40e8f045f2979b5e816a84af2574bda8ac2f04a5679b4f9d08bafe8bc9d4b22d46ef6cb38e62c7e0d9dfae240d9e1e681f820c64c7eb,gx-no-cache=1713382559470 HTTP/1.1" 200 84
190.171.141.82 - - [17/Apr/2024:16:39:36 -0300] "GET /cormun/static/menuarrow.gif HTTP/1.1" 404 1015
190.171.141.82 - - [17/Apr/2024:16:39:40 -0300] "GET /cormun/servlet/permisogoce?fe96325c0c077fc353cf40e8f045f297e67ba217fa6beda2f73be9506057db74c2b6719d55f93cad06ef397fdaa51c9ea9c5c8bc020671b21c68156e12259926,gx-no-cache=1713382564452 HTTP/1.1" 200 47
190.171.141.82 - - [17/Apr/2024:16:39:50 -0300] "POST /cormun/servlet/permisogoce?a464831f2babd251206193e966b4485f,INS,0,,,,gx-no-cache=1713382573856 HTTP/1.1" 200 93
190.171.141.82 - - [17/Apr/2024:16:39:50 -0300] "GET /cormun/servlet/hpexe_return? HTTP/1.1" 200 1008
190.171.141.82 - - [17/Apr/2024:16:39:50 -0300] "GET /cormun/servlet/trpermisosgoce HTTP/1.1" 200 12140
190.171.141.82 - - [17/Apr/2024:16:39:53 -0300] "GET /cormun/servlet/apermisogoceprn?12293106,P,20240417153521,PU HTTP/1.1" 200 1650
80.66.76.134 - - [17/Apr/2024:16:40:14 -0300] "/*àCookie: mstshash=Administr " 400 -
209.141.55.133 - tomcat [17/Apr/2024:16:40:56 -0300] "GET /manager/html HTTP/1.1" 403 3196
190.171.141.106 - - [17/Apr/2024:16:41:44 -0300] "GET /cormun/servlet/permisogoce?0be8ee94ebe6a11f220212979cdb563bd7642e15990f01900dbd76e3811c2c33a0f4de3257fc266abc91d421e169be44d39e385d7823abc4ce4c7b5b3e9243c0,gx-no-cache=1713382688938 HTTP/1.1" 200 47
190.171.141.106 - - [17/Apr/2024:16:42:26 -0300] "POST /cormun/servlet/permisogoce?179a576fe8e467323e4f1ec5d079a9be,INS,0,,,,gx-no-cache=1713382730434 HTTP/1.1" 200 93
190.171.141.106 - - [17/Apr/2024:16:42:26 -0300] "GET /cormun/servlet/hpexe_return? HTTP/1.1" 200 1012
190.171.141.106 - - [17/Apr/2024:16:42:26 -0300] "GET /cormun/servlet/trpermisosgoce HTTP/1.1" 200 10944
181.212.43.89 - - [17/Apr/2024:16:42:36 -0300] "POST /cormun/servlet/trsolicitudadjuntos?04a71b830f16bb9acd9b3d5da8e4c73d,2024,21262,,gx-no-cache=1713382737704 HTTP/1.1" 200 90
181.212.43.89 - - [17/Apr/2024:16:42:36 -0300] "GET /cormun/servlet/hpexe_link HTTP/1.1" 200 992
181.212.43.89 - - [17/Apr/2024:16:42:36 -0300] "GET /cormun/servlet/trsolicitudot?gx-no-cache=1713382371065 HTTP/1.1" 200 8481
181.212.43.89 - - [17/Apr/2024:16:42:47 -0300] "POST /cormun/servlet/trsolicitudot?04a71b830f16bb9acd9b3d5da8e4c73d,gx-no-cache=1713382371065,gx-no-cache=1713382748352 HTTP/1.1" 200 112
181.212.43.89 - - [17/Apr/2024:16:42:47 -0300] "GET /cormun/servlet/solicitudot?UPD,2024,21262,false, HTTP/1.1" 200 16621
181.212.43.89 - - [17/Apr/2024:16:42:47 -0300] "POST /cormun/servlet/solicitudot?gx-no-cache=1713382749097 HTTP/1.1" 200 4091
181.212.43.89 - - [17/Apr/2024:16:42:47 -0300] "POST /cormun/servlet/solicitudot?04a71b830f16bb9acd9b3d5da8e4c73d,UPD,2024,21262,false,,gx-no-cache=1713382749193 HTTP/1.1" 200 12766
181.212.43.89 - - [17/Apr/2024:16:42:48 -0300] "GET /cormun/servlet/solicitudot?fc46da38d64aecca6cf530729a09627fb115c8e6866fa2e94b162a48a87f93c618fa3ba564db409238e535317d396943,gx-no-cache=1713382749285 HTTP/1.1" 200 30
181.212.43.89 - - [17/Apr/2024:16:42:48 -0300] "GET /cormun/servlet/solicitudot?fc46da38d64aecca6cf530729a09627fa11280d302410353391ff69927b893ae96d92fdecc8fbc47dc7fef503dd10631c511b2005dec176c146ed5cba6886d8c,gx-no-cache=1713382749304 HTTP/1.1" 200 30
181.212.43.89 - - [17/Apr/2024:16:42:48 -0300] "GET /cormun/servlet/solicitudot?fc46da38d64aecca6cf530729a09627f1974ca51507d70406aaf2fea4bde907a737d517f5454c1af8dd03b1310e1e5fbf1877636570aac4dd00b1a0356069fa3,gx-no-cache=1713382749319 HTTP/1.1" 200 53
181.212.43.89 - - [17/Apr/2024:16:42:48 -0300] "POST /cormun/servlet/solicitudot?gx-no-cache=1713382749339 HTTP/1.1" 200 297
181.212.43.89 - - [17/Apr/2024:16:42:48 -0300] "GET /cormun/servlet/solicitudot?fc46da38d64aecca6cf530729a09627ff696b10f10ce0a9f7e78224ee403d7c7528804798d346bd4e91dca82622007143c2b11152f786cc7550ad8662a98b515830243f45a3633e40fd36c814c8fbd3104cf54fc75239e9f1a753a9ec23963dee24a41554846b3cdbe28b2e24a70cb5466cd74b75822446c08b176ba56359533a7559336673add196dc578232096d46af335db2ae7656563e8721d67bf139b66c6e3641e70315e834a9c8d26f5072c8ce6fb480e531f6bffa49e5a23e389b3301be84a81c1150e32659a57b3cf674dc5877df0a799b0602cf97fbcc9224517cb16c034365440c7ebd587435b582bbe75b3ff912f2b0e21e2a04f953bd06c270db40c557d0c9f292d36edf733b534f18d67f8d824c4939cdbfc6215d5f58fe6207771f31aab5f7ff60f042ba846e847959bb9f803e4aec3496d96b86dcd3135abc8a0c661b002ea840cb8af31bfb000775f1f5315f491262ae7580344ec9c254dec19bff8f1e17584111285ed24a45d94b5cae036913889c9dc33b3c90d84bdededf88ed6e05a3ec69ed9308119368fe4,gx-no-cache=1713382749360 HTTP/1.1" 200 30
181.212.43.89 - - [17/Apr/2024:16:42:48 -0300] "POST /cormun/servlet/solicitudot?gx-no-cache=1713382749377 HTTP/1.1" 200 30
181.212.43.89 - - [17/Apr/2024:16:42:48 -0300] "POST /cormun/servlet/solicitudot?gx-no-cache=1713382749397 HTTP/1.1" 200 1482
181.212.43.89 - - [17/Apr/2024:16:42:48 -0300] "POST /cormun/servlet/solicitudot?gx-no-cache=1713382749423 HTTP/1.1" 200 41
181.212.43.89 - - [17/Apr/2024:16:42:59 -0300] "GET /cormun/servlet/solicitudot?fc46da38d64aecca6cf530729a09627fa0fd54259a5e71cb08ed12e4ddb4d4d80729f558d9e55de8e9d9154044ceba2a739199de22c8ca93c240d52173ba39aa2b8b340d53fd97076d4a9534ae77b775abba6dfcf43508e657198f84400b145278d2108d87b6ca7c43722ddad4616788,gx-no-cache=1713382760795 HTTP/1.1" 200 110
181.212.43.89 - - [17/Apr/2024:16:42:59 -0300] "POST /cormun/servlet/solicitudot?gx-no-cache=1713382760814 HTTP/1.1" 200 67
181.212.43.89 - - [17/Apr/2024:16:42:59 -0300] "GET /cormun/servlet/solicitudot?fc46da38d64aecca6cf530729a09627f31dad40d74d84bb89a2c8914d3c40b3214c8903f7b9c052aca6381ae0e7779b028ed17a57229f0632683fd1d6ebd5362f1c8482639bfdb8f61475ca15b40147dccacc798c1290e12910068df3f3f2d3c6176a198428d2121a306506b5e97417b,gx-no-cache=1713382760834 HTTP/1.1" 200 29
181.212.43.89 - - [17/Apr/2024:16:42:59 -0300] "GET /cormun/servlet/solicitudot?fc46da38d64aecca6cf530729a09627facc15a3e0a0a322157668a719356f7d9b958c7ee3faf92ab9dc93e048e3d1917,gx-no-cache=1713382760849 HTTP/1.1" 200 30
181.212.43.89 - - [17/Apr/2024:16:42:59 -0300] "POST /cormun/servlet/solicitudot?gx-no-cache=1713382760864 HTTP/1.1" 200 30
181.212.43.89 - - [17/Apr/2024:16:42:59 -0300] "POST /cormun/servlet/solicitudot?04a71b830f16bb9acd9b3d5da8e4c73d,UPD,2024,21262,false,,gx-no-cache=1713382760880 HTTP/1.1" 200 93
181.212.43.89 - - [17/Apr/2024:16:42:59 -0300] "GET /cormun/servlet/hpexe_return? HTTP/1.1" 200 1038
181.212.43.89 - - [17/Apr/2024:16:42:59 -0300] "GET /cormun/servlet/trsolicitudot?gx-no-cache=1713382371065 HTTP/1.1" 200 8484
190.171.153.26 - - [17/Apr/2024:16:44:09 -0300] "GET /cormun/servlet/hlogin HTTP/1.1" 200 1722
190.171.153.26 - - [17/Apr/2024:16:44:31 -0300] "POST /cormun/servlet/hlogin?aec7cee7c95e72fd7f74851f9e8cbb68,gx-no-cache=1713382857821 HTTP/1.1" 200 90
190.171.153.26 - - [17/Apr/2024:16:44:31 -0300] "GET /cormun/servlet/hpexe_link HTTP/1.1" 200 954
190.171.153.26 - - [17/Apr/2024:16:44:32 -0300] "GET /cormun/servlet/hhome HTTP/1.1" 200 3974
190.171.153.26 - - [17/Apr/2024:16:44:34 -0300] "GET /cormun/servlet/hhome HTTP/1.1" 200 3970
190.171.153.26 - - [17/Apr/2024:16:44:39 -0300] "GET /cormun/servlet/trpermisosgoce? HTTP/1.1" 200 13309
190.171.153.26 - - [17/Apr/2024:16:44:40 -0300] "GET /cormun/servlet/trpermisosgoce? HTTP/1.1" 200 13307
190.171.153.26 - - [17/Apr/2024:16:45:14 -0300] "GET /cormun/servlet/trpermisosadjuntos?16253896,20240416104105,P, HTTP/1.1" 200 6293
190.171.153.26 - - [17/Apr/2024:16:45:14 -0300] "GET /cormun/servlet/trpermisosadjuntos?16253896,20240416104105,P, HTTP/1.1" 200 6293
190.171.153.26 - - [17/Apr/2024:16:45:16 -0300] "GET /cormun/servlet/permisosadjuntos?INS,16253896,P,20240416104105,, HTTP/1.1" 200 5613
190.171.153.26 - - [17/Apr/2024:16:45:16 -0300] "GET /cormun/static/about:blank HTTP/1.1" 404 1011
190.171.153.26 - - [17/Apr/2024:16:45:16 -0300] "GET /cormun/servlet/permisosadjuntos?INS,16253896,P,20240416104105,, HTTP/1.1" 200 5603
190.171.153.26 - - [17/Apr/2024:16:46:49 -0300] "POST /cormun/servlet/permisosadjuntos?aec7cee7c95e72fd7f74851f9e8cbb68,INS,16253896,P,20240416104105,, HTTP/1.1" 200 116
190.171.153.26 - - [17/Apr/2024:16:46:49 -0300] "GET /cormun/servlet/hpexe_return? HTTP/1.1" 200 1040
190.171.153.26 - - [17/Apr/2024:16:46:50 -0300] "GET /cormun/servlet/trpermisosadjuntos?16253896,20240416104105,P, HTTP/1.1" 200 6765
190.171.153.26 - - [17/Apr/2024:16:46:50 -0300] "GET /cormun/servlet/trpermisosadjuntos?16253896,20240416104105,P, HTTP/1.1" 200 6762
190.171.153.26 - - [17/Apr/2024:16:46:53 -0300] "GET /cormun/servlet/trpermisosgoce? HTTP/1.1" 200 13308
190.171.153.26 - - [17/Apr/2024:16:46:53 -0300] "GET /cormun/servlet/trpermisosgoce? HTTP/1.1" 200 13307
190.171.153.26 - - [17/Apr/2024:16:46:57 -0300] "POST /cormun/servlet/trpermisosgoce?aec7cee7c95e72fd7f74851f9e8cbb68,,gx-no-cache=1713383003900 HTTP/1.1" 200 10558
190.171.153.26 - - [17/Apr/2024:16:46:57 -0300] "GET /cormun/static/Shared/jqueryui/images/ui-bg_flat_55_fafafa_40x100.png HTTP/1.1" 404 1097
190.171.153.26 - - [17/Apr/2024:16:46:57 -0300] "GET /cormun/static/Shared/jqueryui/images/ui-icons_8d78a5_256x240.png HTTP/1.1" 404 1089
190.171.153.26 - - [17/Apr/2024:16:46:57 -0300] "GET /cormun/static/Shared/jqueryui/images/ui-bg_highlight-soft_100_c6c2c8_1x100.png HTTP/1.1" 404 1117
190.171.153.26 - - [17/Apr/2024:16:46:57 -0300] "GET /cormun/static/Shared/jqueryui/images/ui-icons_82798d_256x240.png HTTP/1.1" 404 1089
190.171.153.26 - - [17/Apr/2024:16:47:00 -0300] "GET /cormun/servlet/trpermisosadjuntos?15523299,20240416104214,P, HTTP/1.1" 200 6305
190.171.153.26 - - [17/Apr/2024:16:47:00 -0300] "GET /cormun/servlet/trpermisosadjuntos?15523299,20240416104214,P, HTTP/1.1" 200 6305
190.171.153.26 - - [17/Apr/2024:16:47:03 -0300] "GET /cormun/servlet/permisosadjuntos?INS,15523299,P,20240416104214,, HTTP/1.1" 200 5624
