192.168.10.17 - - [17/Apr/2024:11:20:48 -0300] "POST /cormun/servlet/acontrolpreferencessavestate?None,RRHH+DANIELA,true HTTP/1.1" 200 35
192.168.10.17 - - [17/Apr/2024:11:20:49 -0300] "GET /cormun/servlet/vesolicitudgral?2024,21236,,General HTTP/1.1" 200 8295
192.168.10.17 - - [17/Apr/2024:11:20:49 -0300] "GET /cormun/pexe_scrolldiv.js HTTP/1.1" 404 1009
192.168.10.17 - - [17/Apr/2024:11:21:04 -0300] "GET /cormun/servlet/vesolicitudgral?2024,21236,,SolicitudOTAdjuntos HTTP/1.1" 200 6969
192.168.10.17 - - [17/Apr/2024:11:21:05 -0300] "POST /cormun/servlet/acontrolpreferencessavestate?None,RRHH+DANIELA,true HTTP/1.1" 200 35
192.168.10.17 - - [17/Apr/2024:11:21:21 -0300] "GET /cormun/servlet/vesolicitudgral?2024,21236,,General HTTP/1.1" 200 8295
192.168.10.17 - - [17/Apr/2024:11:21:21 -0300] "GET /cormun/pexe_scrolldiv.js HTTP/1.1" 404 1009
190.171.149.90 - - [17/Apr/2024:11:21:44 -0300] "GET /cormun/servlet/trpermisosgoce HTTP/1.1" 200 10978
190.171.141.106 - - [17/Apr/2024:11:22:19 -0300] "POST /cormun/servlet/permisogoce?32bec272e7c035332268bbf6bdd98e4d,INS,0,,,,gx-no-cache=1713363524438 HTTP/1.1" 200 93
190.171.141.106 - - [17/Apr/2024:11:22:19 -0300] "GET /cormun/servlet/hpexe_return? HTTP/1.1" 200 1013
190.171.141.106 - - [17/Apr/2024:11:22:21 -0300] "GET /cormun/servlet/trpermisosgoce HTTP/1.1" 200 8091
190.171.141.106 - - [17/Apr/2024:11:22:50 -0300] "GET /cormun/servlet/permisogoce?INS,0,,, HTTP/1.1" 200 7168
190.171.141.106 - - [17/Apr/2024:11:24:06 -0300] "GET /cormun/servlet/permisogoce?9207cf15642f857edb530037fa9506c1d1692864455ad886d8a5342f98911b755a332cd766554eea85f9aff1cd9004737b939335eed16d023ee5e4609d328ca9,gx-no-cache=1713363631953 HTTP/1.1" 200 81
190.171.141.106 - - [17/Apr/2024:11:24:41 -0300] "GET /cormun/servlet/permisogoce?9207cf15642f857edb530037fa9506c10c5e6618442cec08d30a1b3847329188b1e3c41aad54f640ac6d63ce2f9b82b2223f993dac55972b1fd826ca1bc88695,gx-no-cache=1713363666822 HTTP/1.1" 200 47
190.171.141.106 - - [17/Apr/2024:11:24:44 -0300] "GET /cormun/servlet/hhome HTTP/1.1" 200 3325
190.171.141.106 - - [17/Apr/2024:11:24:44 -0300] "GET /cormun/static/Resources/CormunMP2.png HTTP/1.1" 304 -
190.171.141.106 - - [17/Apr/2024:11:24:45 -0300] "GET /cormun/servlet/hlogin HTTP/1.1" 200 1736
190.171.141.106 - - [17/Apr/2024:11:24:45 -0300] "GET /cormun/static/Resources/CormunLogin.png HTTP/1.1" 304 -
190.171.141.106 - - [17/Apr/2024:11:25:05 -0300] "POST /cormun/servlet/permisogoce?32bec272e7c035332268bbf6bdd98e4d,INS,0,,,,gx-no-cache=1713363690467 HTTP/1.1" 200 93
190.171.141.106 - - [17/Apr/2024:11:25:05 -0300] "GET /cormun/servlet/hpexe_return? HTTP/1.1" 200 1013
190.171.141.106 - - [17/Apr/2024:11:25:05 -0300] "GET /cormun/servlet/trpermisosgoce HTTP/1.1" 200 8391
190.171.141.106 - - [17/Apr/2024:11:26:13 -0300] "GET /cormun/servlet/permisogoce?INS,0,,, HTTP/1.1" 200 7168
190.171.141.106 - - [17/Apr/2024:11:26:39 -0300] "GET /cormun/servlet/permisogoce?9207cf15642f857edb530037fa9506c1014461c04167c761b19538af5394225640a6de19556b4fda16ee360628334197685579b3d4c6d9947b3cd7b2338bfa22,gx-no-cache=1713363784936 HTTP/1.1" 200 71
190.171.141.106 - - [17/Apr/2024:11:26:59 -0300] "GET /cormun/servlet/permisogoce?9207cf15642f857edb530037fa9506c19abb180a885b42b90653e4179c38ddbd6aec6d7d72f335893c2e318fc30f08d2079be1274ebd0c6f1e64ec93d0d48575,gx-no-cache=1713363804567 HTTP/1.1" 200 46
190.171.141.106 - - [17/Apr/2024:11:27:19 -0300] "POST /cormun/servlet/permisogoce?32bec272e7c035332268bbf6bdd98e4d,INS,0,,,,gx-no-cache=1713363824115 HTTP/1.1" 200 93
190.171.141.106 - - [17/Apr/2024:11:27:19 -0300] "GET /cormun/servlet/hpexe_return? HTTP/1.1" 200 1013
190.171.141.106 - - [17/Apr/2024:11:27:19 -0300] "GET /cormun/servlet/trpermisosgoce HTTP/1.1" 200 8617
192.168.10.17 - - [17/Apr/2024:11:27:21 -0300] "GET /cormun/servlet/trautorizarot? HTTP/1.1" 200 10409
192.168.10.17 - - [17/Apr/2024:11:27:28 -0300] "POST /cormun/servlet/trautorizarot?b2edefb15ea3465d23eeaf6c79df63e2,,gx-no-cache=1713363836034 HTTP/1.1" 200 5357
192.168.10.17 - - [17/Apr/2024:11:27:31 -0300] "GET /cormun/servlet/trsolicitudgral? HTTP/1.1" 200 28472
192.168.10.17 - - [17/Apr/2024:11:27:37 -0300] "POST /cormun/servlet/trsolicitudgral?b2edefb15ea3465d23eeaf6c79df63e2,,gx-no-cache=1713363844541 HTTP/1.1" 200 7926
190.171.141.106 - - [17/Apr/2024:11:27:50 -0300] "GET /cormun/servlet/permisogoce?INS,0,,, HTTP/1.1" 200 7168
192.168.10.17 - - [17/Apr/2024:11:27:54 -0300] "GET /cormun/servlet/trsolicitudgral? HTTP/1.1" 200 10518
192.168.10.17 - - [17/Apr/2024:11:28:13 -0300] "GET /cormun/servlet/vesolicitudgral?2024,21258,, HTTP/1.1" 200 8293
192.168.10.17 - - [17/Apr/2024:11:28:13 -0300] "GET /cormun/pexe_scrolldiv.js HTTP/1.1" 404 1009
190.171.141.106 - - [17/Apr/2024:11:28:23 -0300] "GET /cormun/servlet/permisogoce?9207cf15642f857edb530037fa9506c13d5755982c5d6b120fc495efa211af4f5a332cd766554eea85f9aff1cd9004737b939335eed16d023ee5e4609d328ca9,gx-no-cache=1713363888322 HTTP/1.1" 200 75
192.168.10.17 - - [17/Apr/2024:11:28:31 -0300] "GET /cormun/servlet/vesolicitudgral?2024,21258,,SolicitudOTAdjuntos HTTP/1.1" 200 10892
192.168.10.17 - - [17/Apr/2024:11:28:31 -0300] "GET /cormun/pexe_scrolldiv.js HTTP/1.1" 404 1009
192.168.10.17 - - [17/Apr/2024:11:28:32 -0300] "POST /cormun/servlet/acontrolpreferencessavestate?None,RRHH+DANIELA,true HTTP/1.1" 200 35
192.168.10.17 - - [17/Apr/2024:11:28:35 -0300] "GET /cormun/PublicTempStorage/curriculum6237378.pdf HTTP/1.1" 200 225696
192.168.10.17 - - [17/Apr/2024:11:28:37 -0300] "GET /cormun/servlet/vesolicitudgral?2024,21258,,SolicitudOTAdjuntos HTTP/1.1" 200 10890
192.168.10.17 - - [17/Apr/2024:11:28:38 -0300] "POST /cormun/servlet/acontrolpreferencessavestate?None,RRHH+DANIELA,true HTTP/1.1" 200 35
192.168.10.17 - - [17/Apr/2024:11:28:39 -0300] "GET /cormun/PublicTempStorage/titulo6307213.pdf HTTP/1.1" 200 123824
190.171.141.106 - - [17/Apr/2024:11:28:48 -0300] "GET /cormun/servlet/permisogoce?9207cf15642f857edb530037fa9506c17e9f74d25fc210671d1a15eff93f3b366ceb38002e30e82dab11ab6fef633d94223f993dac55972b1fd826ca1bc88695,gx-no-cache=1713363913075 HTTP/1.1" 200 47
192.168.10.17 - - [17/Apr/2024:11:28:48 -0300] "GET /cormun/servlet/vesolicitudgral?2024,21258,,SolicitudOTAdjuntos HTTP/1.1" 200 10892
192.168.10.17 - - [17/Apr/2024:11:28:49 -0300] "POST /cormun/servlet/acontrolpreferencessavestate?None,RRHH+DANIELA,true HTTP/1.1" 200 35
192.168.10.17 - - [17/Apr/2024:11:28:54 -0300] "GET /cormun/servlet/vesolicitudgral?2024,21258,,General HTTP/1.1" 200 8296
192.168.10.17 - - [17/Apr/2024:11:28:54 -0300] "GET /cormun/pexe_scrolldiv.js HTTP/1.1" 404 1009
190.171.141.106 - - [17/Apr/2024:11:29:12 -0300] "POST /cormun/servlet/permisogoce?32bec272e7c035332268bbf6bdd98e4d,INS,0,,,,gx-no-cache=1713363937508 HTTP/1.1" 200 93
190.171.141.106 - - [17/Apr/2024:11:29:12 -0300] "GET /cormun/servlet/hpexe_return? HTTP/1.1" 200 1013
190.171.141.106 - - [17/Apr/2024:11:29:13 -0300] "GET /cormun/servlet/trpermisosgoce HTTP/1.1" 200 8832
192.168.10.17 - - [17/Apr/2024:11:29:40 -0300] "GET /cormun/servlet/vesolicitudgral?2024,21258,,SolicitudOTAdjuntos HTTP/1.1" 200 10897
192.168.10.17 - - [17/Apr/2024:11:29:40 -0300] "GET /cormun/pexe_scrolldiv.js HTTP/1.1" 404 1009
192.168.10.17 - - [17/Apr/2024:11:29:41 -0300] "POST /cormun/servlet/acontrolpreferencessavestate?None,RRHH+DANIELA,true HTTP/1.1" 200 35
192.168.10.17 - - [17/Apr/2024:11:29:43 -0300] "GET /cormun/PublicTempStorage/curriculum6329715.pdf HTTP/1.1" 200 225696
192.168.10.17 - - [17/Apr/2024:11:30:24 -0300] "GET /cormun/servlet/vesolicitudgral?2024,21258,,SolicitudOTAdjuntos HTTP/1.1" 200 10892
192.168.10.17 - - [17/Apr/2024:11:30:25 -0300] "POST /cormun/servlet/acontrolpreferencessavestate?None,RRHH+DANIELA,true HTTP/1.1" 200 35
192.168.10.17 - - [17/Apr/2024:11:30:31 -0300] "GET /cormun/PublicTempStorage/afp7973697.pdf HTTP/1.1" 200 124655
190.171.141.106 - - [17/Apr/2024:11:30:33 -0300] "GET /cormun/servlet/permisogoce?INS,0,,, HTTP/1.1" 200 7168
190.171.141.106 - - [17/Apr/2024:11:30:53 -0300] "GET /cormun/servlet/permisogoce?9207cf15642f857edb530037fa9506c19dc0369f4bc8d4e6c176356a87aa10d85a332cd766554eea85f9aff1cd9004737b939335eed16d023ee5e4609d328ca9,gx-no-cache=1713364038406 HTTP/1.1" 200 79
190.171.141.106 - - [17/Apr/2024:11:31:08 -0300] "GET /cormun/servlet/permisogoce?9207cf15642f857edb530037fa9506c1d60cccbee700d5c0da8908ff13fe8cd2c902b9dbb50d38e78f12a1389b5eb03a223f993dac55972b1fd826ca1bc88695,gx-no-cache=1713364053718 HTTP/1.1" 200 47
192.168.10.17 - - [17/Apr/2024:11:31:14 -0300] "GET /cormun/servlet/vesolicitudgral?2024,21258,,SolicitudOTAdjuntos HTTP/1.1" 200 10896
192.168.10.17 - - [17/Apr/2024:11:31:15 -0300] "POST /cormun/servlet/acontrolpreferencessavestate?None,RRHH+DANIELA,true HTTP/1.1" 200 35
192.168.10.17 - - [17/Apr/2024:11:31:16 -0300] "GET /cormun/PublicTempStorage/afp4296610.pdf HTTP/1.1" 200 124655
192.168.10.17 - - [17/Apr/2024:11:31:18 -0300] "GET /cormun/servlet/vesolicitudgral?2024,21258,,SolicitudOTAdjuntos HTTP/1.1" 200 10895
192.168.10.17 - - [17/Apr/2024:11:31:20 -0300] "POST /cormun/servlet/acontrolpreferencessavestate?None,RRHH+DANIELA,true HTTP/1.1" 200 35
192.168.10.17 - - [17/Apr/2024:11:31:20 -0300] "GET /cormun/PublicTempStorage/fonasa2240175.pdf HTTP/1.1" 200 124275
192.168.10.17 - - [17/Apr/2024:11:31:45 -0300] "GET /cormun/servlet/vesolicitudgral?2024,21258,,SolicitudOTAdjuntos HTTP/1.1" 200 10890
192.168.10.17 - - [17/Apr/2024:11:31:46 -0300] "POST /cormun/servlet/acontrolpreferencessavestate?None,RRHH+DANIELA,true HTTP/1.1" 200 35
192.168.10.17 - - [17/Apr/2024:11:31:47 -0300] "GET /cormun/servlet/vesolicitudgral?2024,21258,,General HTTP/1.1" 200 8296
192.168.10.17 - - [17/Apr/2024:11:31:47 -0300] "GET /cormun/pexe_scrolldiv.js HTTP/1.1" 404 1009
192.168.10.17 - - [17/Apr/2024:11:32:30 -0300] "GET /cormun/servlet/vesolicitudgral?2024,21258,,SolicitudOTAdjuntos HTTP/1.1" 200 10900
192.168.10.17 - - [17/Apr/2024:11:32:30 -0300] "GET /cormun/pexe_scrolldiv.js HTTP/1.1" 404 1009
192.168.10.17 - - [17/Apr/2024:11:32:31 -0300] "POST /cormun/servlet/acontrolpreferencessavestate?None,RRHH+DANIELA,true HTTP/1.1" 200 35
192.168.10.17 - - [17/Apr/2024:11:32:33 -0300] "GET /cormun/PublicTempStorage/titulo9631793.pdf HTTP/1.1" 200 123824
192.168.10.17 - - [17/Apr/2024:11:32:37 -0300] "GET /cormun/servlet/vesolicitudgral?2024,21258,,SolicitudOTAdjuntos HTTP/1.1" 200 10900
192.168.10.17 - - [17/Apr/2024:11:32:38 -0300] "POST /cormun/servlet/acontrolpreferencessavestate?None,RRHH+DANIELA,true HTTP/1.1" 200 35
190.171.141.106 - - [17/Apr/2024:11:33:00 -0300] "GET /cormun/servlet/hlogin HTTP/1.1" 200 1722
190.171.141.106 - - [17/Apr/2024:11:33:05 -0300] "POST /cormun/servlet/hlogin?6dd739c2a6bf3fbb67e0184f4fdc3dd0,gx-no-cache=1713364170749 HTTP/1.1" 200 421
190.171.141.106 - - [17/Apr/2024:11:33:09 -0300] "POST /cormun/servlet/hlogin?6dd739c2a6bf3fbb67e0184f4fdc3dd0,gx-no-cache=1713364174178 HTTP/1.1" 200 90
190.171.141.106 - - [17/Apr/2024:11:33:09 -0300] "GET /cormun/servlet/hpexe_link HTTP/1.1" 200 954
190.171.141.106 - - [17/Apr/2024:11:33:09 -0300] "GET /cormun/servlet/hhome HTTP/1.1" 200 4276
190.171.141.106 - - [17/Apr/2024:11:33:19 -0300] "GET /cormun/servlet/trpermisosgoce? HTTP/1.1" 200 8832
190.171.141.106 - - [17/Apr/2024:11:33:29 -0300] "GET /cormun/servlet/permisogoce?INS,0,,, HTTP/1.1" 200 7171
192.168.10.17 - - [17/Apr/2024:11:33:29 -0300] "GET /cormun/servlet/vesolicitudgral?2024,21258,,General HTTP/1.1" 200 8298
192.168.10.17 - - [17/Apr/2024:11:33:29 -0300] "GET /cormun/pexe_scrolldiv.js HTTP/1.1" 404 1009
192.168.10.17 - - [17/Apr/2024:11:33:40 -0300] "GET /cormun/servlet/trsolicitudgral? HTTP/1.1" 200 10206
192.168.10.17 - - [17/Apr/2024:11:33:43 -0300] "GET /cormun/servlet/vesolicitudgral?2024,21247,, HTTP/1.1" 200 8292
192.168.10.17 - - [17/Apr/2024:11:33:43 -0300] "GET /cormun/pexe_scrolldiv.js HTTP/1.1" 404 1009
190.171.141.106 - - [17/Apr/2024:11:33:57 -0300] "GET /cormun/servlet/permisogoce?3cb8d9f4624114cf7bb7013e44b4591d4962853ca6deb09e2ef54a67c363c1035cfa0c199a651df0cf5241821af612271ba4dcc7b33a8fb5e5d4cdd73581b51e,gx-no-cache=1713364222854 HTTP/1.1" 200 79
190.171.141.106 - - [17/Apr/2024:11:34:21 -0300] "GET /cormun/servlet/permisogoce?3cb8d9f4624114cf7bb7013e44b4591d9c3ba75f11fc0d1320e4d57ab79061b295f4be7deff9afa34cf318bfb68750c2f2bf81abfc63046da3e21d5857101b74,gx-no-cache=1713364246544 HTTP/1.1" 200 46
190.171.141.106 - - [17/Apr/2024:11:35:03 -0300] "POST /cormun/servlet/permisogoce?6dd739c2a6bf3fbb67e0184f4fdc3dd0,INS,0,,,,gx-no-cache=1713364288588 HTTP/1.1" 200 93
190.171.141.106 - - [17/Apr/2024:11:35:04 -0300] "GET /cormun/servlet/hpexe_return? HTTP/1.1" 200 1012
190.171.141.106 - - [17/Apr/2024:11:35:04 -0300] "GET /cormun/servlet/trpermisosgoce HTTP/1.1" 200 9071
190.171.141.106 - - [17/Apr/2024:11:35:26 -0300] "GET /cormun/servlet/permisogoce?INS,0,,, HTTP/1.1" 200 7171
190.171.141.106 - - [17/Apr/2024:11:35:48 -0300] "GET /cormun/servlet/permisogoce?3cb8d9f4624114cf7bb7013e44b4591dbb20f35d3a1b73c74826a44825a6a3925cfa0c199a651df0cf5241821af612271ba4dcc7b33a8fb5e5d4cdd73581b51e,gx-no-cache=1713364333664 HTTP/1.1" 200 70
190.171.141.106 - - [17/Apr/2024:11:36:08 -0300] "GET /cormun/servlet/permisogoce?3cb8d9f4624114cf7bb7013e44b4591d019a9a9fa2d1700e8275e112ffa641920f0ca8f0bd7762caf1935cfa765b6c2af2bf81abfc63046da3e21d5857101b74,gx-no-cache=1713364353156 HTTP/1.1" 200 46
192.168.10.17 - - [17/Apr/2024:11:36:44 -0300] "GET /cormun/servlet/vesolicitudgral?2024,21247,,SolicitudOTAdjuntos HTTP/1.1" 200 10892
192.168.10.17 - - [17/Apr/2024:11:36:44 -0300] "GET /cormun/pexe_scrolldiv.js HTTP/1.1" 404 1009
192.168.10.17 - - [17/Apr/2024:11:36:44 -0300] "GET /cormun/servlet/vesolicitudgral?2024,21247,,SolicitudOTAdjuntos HTTP/1.1" 200 10895
192.168.10.17 - - [17/Apr/2024:11:36:44 -0300] "GET /cormun/pexe_scrolldiv.js HTTP/1.1" 404 1009
192.168.10.17 - - [17/Apr/2024:11:36:45 -0300] "POST /cormun/servlet/acontrolpreferencessavestate?None,RRHH+DANIELA,true HTTP/1.1" 200 35
192.168.10.17 - - [17/Apr/2024:11:36:47 -0300] "GET /cormun/PublicTempStorage/curriculum9243558.pdf HTTP/1.1" 200 225243
192.168.10.17 - - [17/Apr/2024:11:37:30 -0300] "GET /cormun/servlet/vesolicitudgral?2024,21247,,SolicitudOTAdjuntos HTTP/1.1" 200 10895
192.168.10.17 - - [17/Apr/2024:11:37:31 -0300] "POST /cormun/servlet/acontrolpreferencessavestate?None,RRHH+DANIELA,true HTTP/1.1" 200 35
192.168.10.17 - - [17/Apr/2024:11:37:32 -0300] "GET /cormun/PublicTempStorage/afp1219541.pdf HTTP/1.1" 200 110329
190.171.149.74 - - [17/Apr/2024:11:37:41 -0300] "POST /cormun/servlet/trlicencias?397d2b0bc8fe7da0d5198afa2dd3ef7e,gx-no-cache=1713364446004 HTTP/1.1" 200 10933
190.171.149.74 - - [17/Apr/2024:11:37:43 -0300] "POST /cormun/servlet/trlicencias?397d2b0bc8fe7da0d5198afa2dd3ef7e,gx-no-cache=1713364448235 HTTP/1.1" 200 10934
192.168.10.17 - - [17/Apr/2024:11:37:55 -0300] "GET /cormun/servlet/vesolicitudgral?2024,21247,,SolicitudOTAdjuntos HTTP/1.1" 200 10893
192.168.10.17 - - [17/Apr/2024:11:37:56 -0300] "POST /cormun/servlet/acontrolpreferencessavestate?None,RRHH+DANIELA,true HTTP/1.1" 200 35
192.168.10.17 - - [17/Apr/2024:11:38:03 -0300] "GET /cormun/PublicTempStorage/fonasa6751027.pdf HTTP/1.1" 200 123691
192.168.10.17 - - [17/Apr/2024:11:38:12 -0300] "GET /cormun/servlet/vesolicitudgral?2024,21247,,SolicitudOTAdjuntos HTTP/1.1" 200 10897
192.168.10.17 - - [17/Apr/2024:11:38:13 -0300] "POST /cormun/servlet/acontrolpreferencessavestate?None,RRHH+DANIELA,true HTTP/1.1" 200 35
192.168.10.17 - - [17/Apr/2024:11:38:14 -0300] "GET /cormun/servlet/vesolicitudgral?2024,21247,,General HTTP/1.1" 200 8296
192.168.10.17 - - [17/Apr/2024:11:38:14 -0300] "GET /cormun/pexe_scrolldiv.js HTTP/1.1" 404 1009
190.171.141.106 - - [17/Apr/2024:11:38:40 -0300] "GET /cormun/servlet/permisogoce?INS,0,,, HTTP/1.1" 200 7170
190.171.141.106 - - [17/Apr/2024:11:38:56 -0300] "POST /cormun/servlet/permisogoce?6dd739c2a6bf3fbb67e0184f4fdc3dd0,INS,0,,,,gx-no-cache=1713364521790 HTTP/1.1" 200 93
190.171.141.106 - - [17/Apr/2024:11:38:56 -0300] "GET /cormun/servlet/hpexe_return? HTTP/1.1" 200 1012
190.171.141.106 - - [17/Apr/2024:11:38:56 -0300] "GET /cormun/servlet/trpermisosgoce HTTP/1.1" 200 9071
190.171.141.106 - - [17/Apr/2024:11:39:07 -0300] "GET /cormun/servlet/permisogoce?INS,0,,, HTTP/1.1" 200 7171
190.171.141.106 - - [17/Apr/2024:11:39:39 -0300] "GET /cormun/servlet/permisogoce?3cb8d9f4624114cf7bb7013e44b4591dbb20f35d3a1b73c74826a44825a6a3925cfa0c199a651df0cf5241821af612271ba4dcc7b33a8fb5e5d4cdd73581b51e,gx-no-cache=1713364564876 HTTP/1.1" 200 70
192.168.10.17 - - [17/Apr/2024:11:39:47 -0300] "GET /cormun/servlet/trsolicitudgral? HTTP/1.1" 200 9745
192.168.10.17 - - [17/Apr/2024:11:39:55 -0300] "POST /cormun/servlet/trsolicitudgral?b2edefb15ea3465d23eeaf6c79df63e2,,gx-no-cache=1713364581140 HTTP/1.1" 200 26646
190.171.141.106 - - [17/Apr/2024:11:40:01 -0300] "GET /cormun/servlet/permisogoce?3cb8d9f4624114cf7bb7013e44b4591d019a9a9fa2d1700e8275e112ffa641920f0ca8f0bd7762caf1935cfa765b6c2af2bf81abfc63046da3e21d5857101b74,gx-no-cache=1713364586270 HTTP/1.1" 200 46
190.171.141.106 - - [17/Apr/2024:11:40:13 -0300] "POST /cormun/servlet/permisogoce?6dd739c2a6bf3fbb67e0184f4fdc3dd0,INS,0,,,,gx-no-cache=1713364598525 HTTP/1.1" 200 93
190.171.141.106 - - [17/Apr/2024:11:40:13 -0300] "GET /cormun/servlet/hpexe_return? HTTP/1.1" 200 1012
190.171.141.106 - - [17/Apr/2024:11:40:15 -0300] "GET /cormun/servlet/trpermisosgoce HTTP/1.1" 200 9285
192.168.10.17 - - [17/Apr/2024:11:40:23 -0300] "GET /cormun/servlet/trsolicitudgral? HTTP/1.1" 200 29013
192.168.10.17 - - [17/Apr/2024:11:40:32 -0300] "POST /cormun/servlet/trsolicitudgral?b2edefb15ea3465d23eeaf6c79df63e2,,gx-no-cache=1713364619958 HTTP/1.1" 200 25982
192.168.10.17 - - [17/Apr/2024:11:40:37 -0300] "POST /cormun/servlet/trsolicitudgral?b2edefb15ea3465d23eeaf6c79df63e2,,gx-no-cache=1713364624901 HTTP/1.1" 200 25981
190.171.141.106 - - [17/Apr/2024:11:40:40 -0300] "GET /cormun/servlet/permisogoce?INS,0,,, HTTP/1.1" 200 7170
190.171.141.106 - - [17/Apr/2024:11:40:47 -0300] "POST /cormun/servlet/permisogoce?6dd739c2a6bf3fbb67e0184f4fdc3dd0,INS,0,,,,gx-no-cache=1713364632620 HTTP/1.1" 200 93
190.171.141.106 - - [17/Apr/2024:11:40:47 -0300] "GET /cormun/servlet/hpexe_return? HTTP/1.1" 200 1012
190.171.141.106 - - [17/Apr/2024:11:40:47 -0300] "GET /cormun/servlet/trpermisosgoce HTTP/1.1" 200 9285
190.171.141.106 - - [17/Apr/2024:11:41:06 -0300] "GET /cormun/servlet/permisogoce?INS,0,,, HTTP/1.1" 200 7170
190.171.141.106 - - [17/Apr/2024:11:41:25 -0300] "GET /cormun/servlet/permisogoce?3cb8d9f4624114cf7bb7013e44b4591d83e7aae7925bc4478d7630c33d8f3aa35cfa0c199a651df0cf5241821af612271ba4dcc7b33a8fb5e5d4cdd73581b51e,gx-no-cache=1713364670897 HTTP/1.1" 200 86
190.171.141.138 - - [17/Apr/2024:11:41:34 -0300] "GET /cormun/servlet/trlicencias? HTTP/1.1" 200 6045
190.171.141.138 - - [17/Apr/2024:11:41:34 -0300] "GET /cormun/servlet/hlogin HTTP/1.1" 200 1729
190.171.141.138 - - [17/Apr/2024:11:41:34 -0300] "GET /cormun/servlet/trlicencias? HTTP/1.1" 200 6040
190.171.141.138 - - [17/Apr/2024:11:41:38 -0300] "POST /cormun/servlet/hlogin?53ffa76a207be093da590ce1f8591be2,gx-no-cache=1713364683278 HTTP/1.1" 200 90
190.171.141.138 - - [17/Apr/2024:11:41:38 -0300] "GET /cormun/servlet/hpexe_link HTTP/1.1" 200 948
190.171.141.138 - - [17/Apr/2024:11:41:39 -0300] "GET /cormun/servlet/trlicencias HTTP/1.1" 200 13601
190.171.141.106 - - [17/Apr/2024:11:42:02 -0300] "GET /cormun/servlet/permisogoce?3cb8d9f4624114cf7bb7013e44b4591d916bc86ce28cbc9d27056a2c6b6e8471e2595b4ee06a119480ea86622cdbe2a807556707058ec676174c44fc5790d4be,gx-no-cache=1713364707542 HTTP/1.1" 200 47
190.171.141.106 - - [17/Apr/2024:11:42:10 -0300] "POST /cormun/servlet/permisogoce?6dd739c2a6bf3fbb67e0184f4fdc3dd0,INS,0,,,,gx-no-cache=1713364715428 HTTP/1.1" 200 93
190.171.141.106 - - [17/Apr/2024:11:42:10 -0300] "GET /cormun/servlet/hpexe_return? HTTP/1.1" 200 1012
190.171.141.106 - - [17/Apr/2024:11:42:10 -0300] "GET /cormun/servlet/trpermisosgoce HTTP/1.1" 200 9516
190.171.141.106 - - [17/Apr/2024:11:42:28 -0300] "POST /cormun/servlet/trpermisosgoce?6dd739c2a6bf3fbb67e0184f4fdc3dd0,gx-no-cache=1713364733189 HTTP/1.1" 200 6543
190.171.141.106 - - [17/Apr/2024:11:42:28 -0300] "POST /cormun/servlet/trpermisosgoce?6dd739c2a6bf3fbb67e0184f4fdc3dd0,gx-no-cache=1713364733387 HTTP/1.1" 200 6522
190.171.141.106 - - [17/Apr/2024:11:42:32 -0300] "GET /cormun/servlet/permisogoce?INS,0,,, HTTP/1.1" 200 7171
181.212.47.136 - - [17/Apr/2024:11:42:41 -0300] "GET /cormun/servlet/hlogin HTTP/1.1" 200 1725
181.212.40.185 - - [17/Apr/2024:11:42:44 -0300] "GET /cormun/servlet/trlicencias? HTTP/1.1" 200 6054
181.212.40.185 - - [17/Apr/2024:11:42:45 -0300] "GET /cormun/servlet/hlogin HTTP/1.1" 200 1741
181.212.47.136 - - [17/Apr/2024:11:42:47 -0300] "POST /cormun/servlet/hlogin?d8d45f7fe6aeaa0afe6386ee0879f165,gx-no-cache=1713364754488 HTTP/1.1" 200 436
181.212.47.136 - - [17/Apr/2024:11:42:49 -0300] "POST /cormun/servlet/hlogin?d8d45f7fe6aeaa0afe6386ee0879f165,gx-no-cache=1713364757158 HTTP/1.1" 200 90
181.212.47.136 - - [17/Apr/2024:11:42:50 -0300] "GET /cormun/servlet/hpexe_link HTTP/1.1" 200 956
181.212.47.136 - - [17/Apr/2024:11:42:50 -0300] "GET /cormun/servlet/hhome HTTP/1.1" 200 3826
181.212.47.136 - - [17/Apr/2024:11:42:52 -0300] "GET /cormun/servlet/trsolicitudgral? HTTP/1.1" 200 28458
181.212.40.185 - - [17/Apr/2024:11:42:56 -0300] "POST /cormun/servlet/hlogin?cccf3a327df2b59713cb5ec2b14cde4d,gx-no-cache=1713364760847 HTTP/1.1" 200 90
181.212.40.185 - - [17/Apr/2024:11:42:56 -0300] "GET /cormun/servlet/hpexe_link HTTP/1.1" 200 960
181.212.40.185 - - [17/Apr/2024:11:42:56 -0300] "GET /cormun/servlet/trlicencias HTTP/1.1" 200 16363
190.171.141.106 - - [17/Apr/2024:11:43:00 -0300] "GET /cormun/servlet/permisogoce?3cb8d9f4624114cf7bb7013e44b4591d83e7aae7925bc4478d7630c33d8f3aa35cfa0c199a651df0cf5241821af612271ba4dcc7b33a8fb5e5d4cdd73581b51e,gx-no-cache=1713364765712 HTTP/1.1" 200 86
181.212.47.136 - - [17/Apr/2024:11:43:07 -0300] "POST /cormun/servlet/trsolicitudgral?d8d45f7fe6aeaa0afe6386ee0879f165,,gx-no-cache=1713364774573 HTTP/1.1" 200 6627
181.212.47.136 - - [17/Apr/2024:11:43:17 -0300] "POST /cormun/servlet/trsolicitudgral?d8d45f7fe6aeaa0afe6386ee0879f165,,gx-no-cache=1713364784385 HTTP/1.1" 200 6628
181.212.47.136 - - [17/Apr/2024:11:43:19 -0300] "POST /cormun/servlet/trsolicitudgral?d8d45f7fe6aeaa0afe6386ee0879f165,,gx-no-cache=1713364787186 HTTP/1.1" 200 5255
190.171.141.106 - - [17/Apr/2024:11:43:19 -0300] "GET /cormun/servlet/permisogoce?3cb8d9f4624114cf7bb7013e44b4591d916bc86ce28cbc9d27056a2c6b6e8471e2595b4ee06a119480ea86622cdbe2a807556707058ec676174c44fc5790d4be,gx-no-cache=1713364784773 HTTP/1.1" 200 47
181.212.47.136 - - [17/Apr/2024:11:43:23 -0300] "POST /cormun/servlet/trsolicitudgral?d8d45f7fe6aeaa0afe6386ee0879f165,,gx-no-cache=1713364790842 HTTP/1.1" 200 5253
181.212.47.136 - - [17/Apr/2024:11:43:24 -0300] "POST /cormun/servlet/trsolicitudgral?d8d45f7fe6aeaa0afe6386ee0879f165,,gx-no-cache=1713364791520 HTTP/1.1" 200 5253
181.212.47.136 - - [17/Apr/2024:11:43:27 -0300] "POST /cormun/servlet/trsolicitudgral?d8d45f7fe6aeaa0afe6386ee0879f165,,gx-no-cache=1713364794713 HTTP/1.1" 200 5253
181.212.47.136 - - [17/Apr/2024:11:43:28 -0300] "POST /cormun/servlet/trsolicitudgral?d8d45f7fe6aeaa0afe6386ee0879f165,,gx-no-cache=1713364795352 HTTP/1.1" 200 5254
181.212.47.136 - - [17/Apr/2024:11:43:34 -0300] "POST /cormun/servlet/trsolicitudgral?d8d45f7fe6aeaa0afe6386ee0879f165,,gx-no-cache=1713364801505 HTTP/1.1" 200 8746
190.171.141.106 - - [17/Apr/2024:11:43:53 -0300] "POST /cormun/servlet/permisogoce?6dd739c2a6bf3fbb67e0184f4fdc3dd0,INS,0,,,,gx-no-cache=1713364817933 HTTP/1.1" 200 93
190.171.141.106 - - [17/Apr/2024:11:43:53 -0300] "GET /cormun/servlet/hpexe_return? HTTP/1.1" 200 1034
190.171.141.106 - - [17/Apr/2024:11:43:53 -0300] "GET /cormun/servlet/trpermisosgoce?gx-no-cache=1713364733387 HTTP/1.1" 200 9534
181.212.47.136 - - [17/Apr/2024:11:43:54 -0300] "POST /cormun/servlet/trsolicitudgral?d8d45f7fe6aeaa0afe6386ee0879f165,,gx-no-cache=1713364821738 HTTP/1.1" 200 90
181.212.47.136 - - [17/Apr/2024:11:43:54 -0300] "GET /cormun/servlet/hpexe_link HTTP/1.1" 200 962
181.212.47.136 - - [17/Apr/2024:11:43:54 -0300] "GET /cormun/servlet/hhome HTTP/1.1" 200 3826
190.171.141.106 - - [17/Apr/2024:11:46:21 -0300] "GET /cormun/servlet/permisogoce?INS,0,,, HTTP/1.1" 200 7192
190.171.149.90 - - [17/Apr/2024:11:47:44 -0300] "GET /cormun/servlet/trpermisosadjuntos?19020616,20240415120747,P, HTTP/1.1" 200 6168
190.171.149.90 - - [17/Apr/2024:11:47:45 -0300] "GET /cormun/static/gxcfg.js?2020121641683 HTTP/1.1" 200 953
190.171.149.90 - - [17/Apr/2024:11:47:45 -0300] "GET /cormun/static/trpermisosadjuntos.js?2020121642996 HTTP/1.1" 200 20158
190.171.149.90 - - [17/Apr/2024:11:47:47 -0300] "GET /cormun/servlet/permisosadjuntos?INS,19020616,P,20240415120747,, HTTP/1.1" 200 5490
190.171.149.90 - - [17/Apr/2024:11:47:47 -0300] "GET /cormun/static/gxcfg.js?20201215134212 HTTP/1.1" 200 953
190.171.149.90 - - [17/Apr/2024:11:47:47 -0300] "GET /cormun/static/permisosadjuntos.js?20201215134285 HTTP/1.1" 200 8724
190.171.149.90 - - [17/Apr/2024:11:47:48 -0300] "GET /cormun/static/about:blank HTTP/1.1" 404 1011
190.171.149.90 - - [17/Apr/2024:11:48:00 -0300] "POST /cormun/servlet/permisosadjuntos?fee93dcd5106db1530618d157feb16b2,INS,19020616,P,20240415120747,, HTTP/1.1" 200 116
190.171.149.90 - - [17/Apr/2024:11:48:00 -0300] "GET /cormun/servlet/hpexe_return? HTTP/1.1" 200 1041
190.171.149.90 - - [17/Apr/2024:11:48:00 -0300] "GET /cormun/servlet/trpermisosadjuntos?19020616,20240415120747,P, HTTP/1.1" 200 6647
190.171.149.90 - - [17/Apr/2024:11:48:02 -0300] "GET /cormun/servlet/trpermisosgoce? HTTP/1.1" 200 10976
190.171.141.82 - - [17/Apr/2024:11:48:05 -0300] "GET /cormun/servlet/trlicencias? HTTP/1.1" 200 6053
190.171.141.82 - - [17/Apr/2024:11:48:06 -0300] "GET /cormun/servlet/hlogin HTTP/1.1" 200 1743
190.171.149.90 - - [17/Apr/2024:11:48:06 -0300] "POST /cormun/servlet/trpermisosgoce?fee93dcd5106db1530618d157feb16b2,,gx-no-cache=1713365073091 HTTP/1.1" 200 8415
190.171.149.90 - - [17/Apr/2024:11:48:06 -0300] "GET /cormun/static/Shared/jqueryui/images/ui-bg_highlight-soft_100_c6c2c8_1x100.png HTTP/1.1" 404 1117
190.171.149.90 - - [17/Apr/2024:11:48:06 -0300] "GET /cormun/static/Shared/jqueryui/images/ui-icons_82798d_256x240.png HTTP/1.1" 404 1089
190.171.149.90 - - [17/Apr/2024:11:48:06 -0300] "GET /cormun/static/Shared/jqueryui/images/ui-bg_flat_55_fafafa_40x100.png HTTP/1.1" 404 1097
190.171.149.90 - - [17/Apr/2024:11:48:06 -0300] "GET /cormun/static/Shared/jqueryui/images/ui-icons_8d78a5_256x240.png HTTP/1.1" 404 1089
190.171.141.82 - - [17/Apr/2024:11:48:09 -0300] "POST /cormun/servlet/hlogin?620d36108d1c975802f8fe0650319050,gx-no-cache=1713365074167 HTTP/1.1" 200 90
190.171.141.82 - - [17/Apr/2024:11:48:09 -0300] "GET /cormun/servlet/hpexe_link HTTP/1.1" 200 960
190.171.141.82 - - [17/Apr/2024:11:48:10 -0300] "GET /cormun/servlet/trlicencias HTTP/1.1" 200 11709
190.171.149.74 - - [17/Apr/2024:11:48:10 -0300] "POST /cormun/servlet/trlicencias?397d2b0bc8fe7da0d5198afa2dd3ef7e,gx-no-cache=1713365074266 HTTP/1.1" 200 10934
190.171.141.106 - - [17/Apr/2024:11:48:11 -0300] "POST /cormun/servlet/permisogoce?6dd739c2a6bf3fbb67e0184f4fdc3dd0,INS,0,,,,gx-no-cache=1713365075975 HTTP/1.1" 200 4830
190.171.149.74 - - [17/Apr/2024:11:48:11 -0300] "POST /cormun/servlet/trlicencias?397d2b0bc8fe7da0d5198afa2dd3ef7e,gx-no-cache=1713365075313 HTTP/1.1" 200 10932
190.171.141.106 - - [17/Apr/2024:11:48:11 -0300] "GET /cormun/static/Shared/jqueryui/images/ui-icons_82798d_256x240.png HTTP/1.1" 404 1089
190.171.141.106 - - [17/Apr/2024:11:48:11 -0300] "GET /cormun/static/Shared/jqueryui/images/ui-bg_highlight-soft_100_c6c2c8_1x100.png HTTP/1.1" 404 1117
190.171.141.106 - - [17/Apr/2024:11:48:11 -0300] "GET /cormun/static/Shared/jqueryui/images/ui-bg_flat_55_994d53_40x100.png HTTP/1.1" 404 1097
190.171.141.106 - - [17/Apr/2024:11:48:11 -0300] "GET /cormun/static/Shared/jqueryui/images/ui-icons_ebccce_256x240.png HTTP/1.1" 404 1089
190.171.141.82 - - [17/Apr/2024:11:48:12 -0300] "GET /cormun/servlet/trlicencias? HTTP/1.1" 200 11707
190.171.149.90 - - [17/Apr/2024:11:48:40 -0300] "GET /cormun/servlet/trpermisosadjuntos?10363308,20240416112613,P, HTTP/1.1" 200 6167
190.171.149.90 - - [17/Apr/2024:11:48:42 -0300] "GET /cormun/servlet/permisosadjuntos?INS,10363308,P,20240416112613,, HTTP/1.1" 200 5491
190.171.149.90 - - [17/Apr/2024:11:48:42 -0300] "GET /cormun/static/about:blank HTTP/1.1" 404 1011
190.171.149.90 - - [17/Apr/2024:11:48:48 -0300] "POST /cormun/servlet/permisosadjuntos?fee93dcd5106db1530618d157feb16b2,INS,10363308,P,20240416112613,, HTTP/1.1" 200 116
190.171.149.90 - - [17/Apr/2024:11:48:48 -0300] "GET /cormun/servlet/hpexe_return? HTTP/1.1" 200 1041
190.171.149.90 - - [17/Apr/2024:11:48:48 -0300] "GET /cormun/servlet/trpermisosadjuntos?10363308,20240416112613,P, HTTP/1.1" 200 6649
190.171.149.90 - - [17/Apr/2024:11:48:50 -0300] "GET /cormun/servlet/trpermisosgoce? HTTP/1.1" 200 10971
190.171.149.90 - - [17/Apr/2024:11:48:53 -0300] "POST /cormun/servlet/trpermisosgoce?fee93dcd5106db1530618d157feb16b2,,gx-no-cache=1713365119253 HTTP/1.1" 200 8402
190.171.141.106 - - [17/Apr/2024:11:48:58 -0300] "GET /cormun/servlet/permisogoce?3cb8d9f4624114cf7bb7013e44b4591d01a7de8878fd25e225e4ee2318249e78cc03ea68854906b432ca40a30cdb33dd2c59769edfede406dca7db7af085a78a505873631bdffbd4983c708b0e88bb17d95c8aae7db2496e488aafce54b17315a115c5760ec35cd881ae5e898e37d4ca2c59769edfede406dca7db7af085a78a505873631bdffbd4983c708b0e88bb17d95c8aae7db2496e488aafce54b17315cc5a7ea8e14c3bebb2e3224d9b01a1a034ba41bd99d44e2b7965bfc3dac910b9,gx-no-cache=1713365123414 HTTP/1.1" 200 77
190.171.149.90 - - [17/Apr/2024:11:49:03 -0300] "GET /cormun/servlet/trpermisosadjuntos?17234533,20240410145045,P, HTTP/1.1" 200 6171
190.171.149.90 - - [17/Apr/2024:11:49:04 -0300] "GET /cormun/servlet/permisosadjuntos?INS,17234533,P,20240410145045,, HTTP/1.1" 200 5493
190.171.149.90 - - [17/Apr/2024:11:49:05 -0300] "GET /cormun/static/about:blank HTTP/1.1" 404 1011
190.171.141.106 - - [17/Apr/2024:11:49:22 -0300] "GET /cormun/servlet/permisogoce?3cb8d9f4624114cf7bb7013e44b4591dcad3084355faa2588496632950ce0b0d1e7c9e18eed8d58ce4a2ed9a7f41c1a807556707058ec676174c44fc5790d4be,gx-no-cache=1713365147365 HTTP/1.1" 200 47
190.171.141.106 - - [17/Apr/2024:11:50:11 -0300] "POST /cormun/servlet/permisogoce?6dd739c2a6bf3fbb67e0184f4fdc3dd0,INS,0,,,,gx-no-cache=1713365195813 HTTP/1.1" 200 93
190.171.141.106 - - [17/Apr/2024:11:50:11 -0300] "GET /cormun/servlet/hpexe_return? HTTP/1.1" 200 1034
190.171.141.106 - - [17/Apr/2024:11:50:11 -0300] "GET /cormun/servlet/trpermisosgoce?gx-no-cache=1713364733387 HTTP/1.1" 200 9756
190.171.149.74 - - [17/Apr/2024:11:50:14 -0300] "GET /cormun/servlet/trpermisosgoce? HTTP/1.1" 200 16822
190.171.141.106 - - [17/Apr/2024:11:50:21 -0300] "GET /cormun/servlet/permisogoce?INS,0,,, HTTP/1.1" 200 7191
190.171.149.74 - - [17/Apr/2024:11:50:22 -0300] "GET /cormun/static/menuarrow.gif HTTP/1.1" 404 1015
190.171.149.74 - - [17/Apr/2024:11:50:25 -0300] "POST /cormun/servlet/trpermisosgoce?397d2b0bc8fe7da0d5198afa2dd3ef7e,,gx-no-cache=1713365210075 HTTP/1.1" 200 16175
190.171.149.74 - - [17/Apr/2024:11:50:30 -0300] "GET /cormun/servlet/trpermisosadjuntos?11756419,20240314152526,P, HTTP/1.1" 200 6305
190.171.149.74 - - [17/Apr/2024:11:50:32 -0300] "GET /cormun/servlet/permisosadjuntos?INS,11756419,P,20240314152526,, HTTP/1.1" 200 5630
190.171.149.74 - - [17/Apr/2024:11:50:32 -0300] "GET /cormun/static/about:blank HTTP/1.1" 404 1011
190.171.149.74 - - [17/Apr/2024:11:50:41 -0300] "POST /cormun/servlet/permisosadjuntos?397d2b0bc8fe7da0d5198afa2dd3ef7e,INS,11756419,P,20240314152526,, HTTP/1.1" 200 116
190.171.149.74 - - [17/Apr/2024:11:50:41 -0300] "GET /cormun/servlet/hpexe_return? HTTP/1.1" 200 1037
190.171.149.74 - - [17/Apr/2024:11:50:41 -0300] "GET /cormun/servlet/trpermisosadjuntos?11756419,20240314152526,P, HTTP/1.1" 200 6817
190.171.149.74 - - [17/Apr/2024:11:50:47 -0300] "GET /cormun/servlet/trpermisosgoce? HTTP/1.1" 200 18895
190.171.149.74 - - [17/Apr/2024:11:52:57 -0300] "GET /cormun/servlet/trpermisosadjuntos?9014931,20240415102235,P, HTTP/1.1" 200 6308
190.171.149.74 - - [17/Apr/2024:11:53:02 -0300] "GET /cormun/servlet/trpermisosgoce? HTTP/1.1" 200 18903
190.171.149.74 - - [17/Apr/2024:11:53:09 -0300] "POST /cormun/servlet/trpermisosgoce?397d2b0bc8fe7da0d5198afa2dd3ef7e,,gx-no-cache=1713365373871 HTTP/1.1" 200 16205
190.171.149.74 - - [17/Apr/2024:11:53:09 -0300] "GET /cormun/static/Shared/jqueryui/images/ui-bg_highlight-soft_100_c6c2c8_1x100.png HTTP/1.1" 404 1117
190.171.149.74 - - [17/Apr/2024:11:53:09 -0300] "GET /cormun/static/Shared/jqueryui/images/ui-icons_82798d_256x240.png HTTP/1.1" 404 1089
190.171.149.74 - - [17/Apr/2024:11:53:09 -0300] "GET /cormun/static/Shared/jqueryui/images/ui-icons_8d78a5_256x240.png HTTP/1.1" 404 1089
190.171.149.74 - - [17/Apr/2024:11:53:09 -0300] "GET /cormun/static/Shared/jqueryui/images/ui-bg_flat_55_fafafa_40x100.png HTTP/1.1" 404 1097
190.171.149.74 - - [17/Apr/2024:11:53:14 -0300] "GET /cormun/servlet/trpermisosadjuntos?9014931,20240415102235,P, HTTP/1.1" 200 6308
190.171.149.74 - - [17/Apr/2024:11:53:15 -0300] "GET /cormun/servlet/permisosadjuntos?INS,9014931,P,20240415102235,, HTTP/1.1" 200 5629
190.171.149.74 - - [17/Apr/2024:11:53:15 -0300] "GET /cormun/static/about:blank HTTP/1.1" 404 1011
190.171.149.74 - - [17/Apr/2024:11:53:23 -0300] "POST /cormun/servlet/permisosadjuntos?397d2b0bc8fe7da0d5198afa2dd3ef7e,INS,9014931,P,20240415102235,, HTTP/1.1" 200 116
190.171.149.74 - - [17/Apr/2024:11:53:23 -0300] "GET /cormun/servlet/hpexe_return? HTTP/1.1" 200 1036
190.171.149.74 - - [17/Apr/2024:11:53:23 -0300] "GET /cormun/servlet/trpermisosadjuntos?9014931,20240415102235,P, HTTP/1.1" 200 6815
190.171.149.74 - - [17/Apr/2024:11:53:26 -0300] "GET /cormun/servlet/trpermisosgoce? HTTP/1.1" 200 18911
190.171.149.74 - - [17/Apr/2024:11:53:31 -0300] "POST /cormun/servlet/trpermisosgoce?397d2b0bc8fe7da0d5198afa2dd3ef7e,,gx-no-cache=1713365395909 HTTP/1.1" 200 16217
190.171.149.90 - - [17/Apr/2024:11:53:34 -0300] "POST /cormun/servlet/permisosadjuntos?fee93dcd5106db1530618d157feb16b2,INS,17234533,P,20240410145045,,,gx-no-cache=1713365400652 HTTP/1.1" 200 93
190.171.149.90 - - [17/Apr/2024:11:53:48 -0300] "GET /cormun/servlet/hpexe_return? HTTP/1.1" 200 1042
190.171.149.90 - - [17/Apr/2024:11:53:48 -0300] "GET /cormun/servlet/trpermisosadjuntos?17234533,20240410145045,P, HTTP/1.1" 200 6511
190.171.141.106 - - [17/Apr/2024:11:54:11 -0300] "GET /cormun/servlet/permisogoce?3cb8d9f4624114cf7bb7013e44b4591d98755b308f9b3ae7d21b7fb547c93ebad0a15d0b704dbc4b9cd81293febd0ddd63d899fb2056ef0b6f7b4e86bf5f9067,gx-no-cache=1713365436507 HTTP/1.1" 200 83
190.171.141.106 - - [17/Apr/2024:11:54:46 -0300] "GET /cormun/servlet/permisogoce?3cb8d9f4624114cf7bb7013e44b4591d21809a8cd3af88dd5195623ddd9a26afb2508ee209fc00767fbb8dfea82c4dbfc17105e61580015bb7f0f064e11c5cb7,gx-no-cache=1713365471688 HTTP/1.1" 200 46
190.171.141.106 - - [17/Apr/2024:11:55:36 -0300] "GET /cormun/servlet/hlogin HTTP/1.1" 200 1722
190.171.141.106 - - [17/Apr/2024:11:55:44 -0300] "POST /cormun/servlet/hlogin?6dd739c2a6bf3fbb67e0184f4fdc3dd0,gx-no-cache=1713365529669 HTTP/1.1" 200 90
190.171.141.106 - - [17/Apr/2024:11:55:44 -0300] "GET /cormun/servlet/hpexe_link HTTP/1.1" 200 967
190.171.141.106 - - [17/Apr/2024:11:55:45 -0300] "GET /cormun/servlet/permisogoce?INS,0,,, HTTP/1.1" 200 7172
190.171.141.106 - - [17/Apr/2024:11:55:52 -0300] "GET /cormun/servlet/trpermisosgoce? HTTP/1.1" 200 9760
190.171.141.106 - - [17/Apr/2024:11:56:02 -0300] "GET /cormun/servlet/permisogoce?INS,0,,, HTTP/1.1" 200 7171
190.171.141.106 - - [17/Apr/2024:11:56:21 -0300] "GET /cormun/servlet/permisogoce?3cb8d9f4624114cf7bb7013e44b4591d98755b308f9b3ae7d21b7fb547c93ebad0a15d0b704dbc4b9cd81293febd0ddd63d899fb2056ef0b6f7b4e86bf5f9067,gx-no-cache=1713365566406 HTTP/1.1" 200 83
190.171.141.90 - - [17/Apr/2024:11:56:24 -0300] "GET /cormun/servlet/trlicencias? HTTP/1.1" 200 6058
190.171.141.90 - - [17/Apr/2024:11:56:24 -0300] "GET /cormun/servlet/trlicencias? HTTP/1.1" 200 6058
190.171.141.90 - - [17/Apr/2024:11:56:24 -0300] "GET /cormun/servlet/hlogin HTTP/1.1" 200 1740
190.171.141.90 - - [17/Apr/2024:11:56:24 -0300] "GET /cormun/servlet/trlicencias? HTTP/1.1" 200 6052
190.171.141.90 - - [17/Apr/2024:11:56:29 -0300] "POST /cormun/servlet/hlogin?066870415f079ddc4fbb5e739a9e129d,gx-no-cache=1713365574393 HTTP/1.1" 200 450
190.171.141.90 - - [17/Apr/2024:11:56:34 -0300] "POST /cormun/servlet/hlogin?066870415f079ddc4fbb5e739a9e129d,gx-no-cache=1713365579008 HTTP/1.1" 200 450
190.171.141.90 - - [17/Apr/2024:11:56:46 -0300] "POST /cormun/servlet/hlogin?066870415f079ddc4fbb5e739a9e129d,gx-no-cache=1713365591393 HTTP/1.1" 200 90
190.171.141.90 - - [17/Apr/2024:11:56:46 -0300] "GET /cormun/servlet/hpexe_link HTTP/1.1" 200 959
190.171.141.90 - - [17/Apr/2024:11:56:46 -0300] "GET /cormun/servlet/trlicencias HTTP/1.1" 200 14601
190.171.141.90 - - [17/Apr/2024:11:56:48 -0300] "GET /cormun/servlet/trlicencias? HTTP/1.1" 200 14599
190.171.141.106 - - [17/Apr/2024:11:56:56 -0300] "GET /cormun/servlet/permisogoce?3cb8d9f4624114cf7bb7013e44b4591d21809a8cd3af88dd5195623ddd9a26afb2508ee209fc00767fbb8dfea82c4dbfc17105e61580015bb7f0f064e11c5cb7,gx-no-cache=1713365601261 HTTP/1.1" 200 46
190.171.141.106 - - [17/Apr/2024:11:57:35 -0300] "GET /cormun/servlet/hlogin HTTP/1.1" 200 1722
190.171.141.106 - - [17/Apr/2024:11:57:40 -0300] "POST /cormun/servlet/hlogin?6dd739c2a6bf3fbb67e0184f4fdc3dd0,gx-no-cache=1713365645275 HTTP/1.1" 200 90
190.171.141.106 - - [17/Apr/2024:11:57:40 -0300] "GET /cormun/servlet/hpexe_link HTTP/1.1" 200 967
190.171.141.106 - - [17/Apr/2024:11:57:40 -0300] "GET /cormun/servlet/permisogoce?INS,0,,, HTTP/1.1" 200 7171
190.171.141.106 - - [17/Apr/2024:11:57:48 -0300] "POST /cormun/servlet/permisogoce?6dd739c2a6bf3fbb67e0184f4fdc3dd0,INS,0,,,,gx-no-cache=1713365653491 HTTP/1.1" 200 93
190.171.141.106 - - [17/Apr/2024:11:57:48 -0300] "GET /cormun/servlet/hpexe_return? HTTP/1.1" 200 1012
190.171.141.106 - - [17/Apr/2024:11:57:48 -0300] "GET /cormun/servlet/trpermisosgoce HTTP/1.1" 200 9756
190.171.141.106 - - [17/Apr/2024:11:58:09 -0300] "GET /cormun/servlet/permisogoce?INS,0,,, HTTP/1.1" 200 7171
190.171.149.74 - - [17/Apr/2024:11:58:12 -0300] "POST /cormun/servlet/trpermisosgoce?397d2b0bc8fe7da0d5198afa2dd3ef7e,,gx-no-cache=1713365676234 HTTP/1.1" 200 16198
190.171.149.74 - - [17/Apr/2024:11:58:13 -0300] "POST /cormun/servlet/trpermisosgoce?397d2b0bc8fe7da0d5198afa2dd3ef7e,,gx-no-cache=1713365677545 HTTP/1.1" 200 16191
190.171.149.74 - - [17/Apr/2024:11:58:21 -0300] "GET /cormun/servlet/trlicencias? HTTP/1.1" 200 13289
190.171.141.106 - - [17/Apr/2024:11:58:27 -0300] "GET /cormun/servlet/permisogoce?3cb8d9f4624114cf7bb7013e44b4591d98755b308f9b3ae7d21b7fb547c93ebad0a15d0b704dbc4b9cd81293febd0ddd63d899fb2056ef0b6f7b4e86bf5f9067,gx-no-cache=1713365692241 HTTP/1.1" 200 83
190.171.141.106 - - [17/Apr/2024:11:58:43 -0300] "GET /cormun/servlet/permisogoce?3cb8d9f4624114cf7bb7013e44b4591d21809a8cd3af88dd5195623ddd9a26af343ba80cd3fe7f965213377ddb034af7c17105e61580015bb7f0f064e11c5cb7,gx-no-cache=1713365708899 HTTP/1.1" 200 46
190.171.141.106 - - [17/Apr/2024:11:58:52 -0300] "GET /cormun/static/menuarrow.gif HTTP/1.1" 404 1015
190.171.141.106 - - [17/Apr/2024:11:59:14 -0300] "POST /cormun/servlet/permisogoce?6dd739c2a6bf3fbb67e0184f4fdc3dd0,INS,0,,,,gx-no-cache=1713365739430 HTTP/1.1" 200 93
190.171.141.106 - - [17/Apr/2024:11:59:14 -0300] "GET /cormun/servlet/hpexe_return? HTTP/1.1" 200 1012
190.171.141.106 - - [17/Apr/2024:11:59:14 -0300] "GET /cormun/servlet/trpermisosgoce HTTP/1.1" 200 9972
190.171.141.106 - - [17/Apr/2024:11:59:47 -0300] "GET /cormun/servlet/permisogoce?INS,0,,, HTTP/1.1" 200 7171
190.171.141.106 - - [17/Apr/2024:12:00:14 -0300] "GET /cormun/servlet/permisogoce?3cb8d9f4624114cf7bb7013e44b4591deab29b4d9c03859ac01fb23444d68a7f5cfa0c199a651df0cf5241821af612271ba4dcc7b33a8fb5e5d4cdd73581b51e,gx-no-cache=1713365799034 HTTP/1.1" 200 83
190.171.141.106 - - [17/Apr/2024:12:00:36 -0300] "GET /cormun/servlet/permisogoce?3cb8d9f4624114cf7bb7013e44b4591d4b9d13be306c7e44cad5a34cd4bfd059ffe50507b1d0c40121e0c8c7594d8539f2bf81abfc63046da3e21d5857101b74,gx-no-cache=1713365821544 HTTP/1.1" 200 46
190.171.141.106 - - [17/Apr/2024:12:01:14 -0300] "GET /cormun/servlet/hlogin HTTP/1.1" 200 1722
190.171.141.106 - - [17/Apr/2024:12:01:19 -0300] "POST /cormun/servlet/hlogin?6dd739c2a6bf3fbb67e0184f4fdc3dd0,gx-no-cache=1713365864582 HTTP/1.1" 200 90
190.171.141.106 - - [17/Apr/2024:12:01:19 -0300] "GET /cormun/servlet/hpexe_link HTTP/1.1" 200 967
190.171.141.106 - - [17/Apr/2024:12:01:19 -0300] "GET /cormun/servlet/permisogoce?INS,0,,, HTTP/1.1" 200 7172
190.171.141.106 - - [17/Apr/2024:12:01:30 -0300] "GET /cormun/servlet/trlicencias? HTTP/1.1" 200 13545
190.171.141.106 - - [17/Apr/2024:12:01:46 -0300] "GET /cormun/servlet/trpermisosgoce? HTTP/1.1" 200 9967
190.171.141.106 - - [17/Apr/2024:12:02:01 -0300] "GET /cormun/servlet/permisogoce?INS,0,,, HTTP/1.1" 200 7170
190.171.141.106 - - [17/Apr/2024:12:02:19 -0300] "GET /cormun/servlet/permisogoce?3cb8d9f4624114cf7bb7013e44b4591deab29b4d9c03859ac01fb23444d68a7f5cfa0c199a651df0cf5241821af612271ba4dcc7b33a8fb5e5d4cdd73581b51e,gx-no-cache=1713365924775 HTTP/1.1" 200 83
190.171.141.106 - - [17/Apr/2024:12:02:34 -0300] "GET /cormun/servlet/permisogoce?3cb8d9f4624114cf7bb7013e44b4591d4b9d13be306c7e44cad5a34cd4bfd059ffe50507b1d0c40121e0c8c7594d8539f2bf81abfc63046da3e21d5857101b74,gx-no-cache=1713365939153 HTTP/1.1" 200 46
190.171.141.106 - - [17/Apr/2024:12:03:13 -0300] "GET /cormun/servlet/hlogin HTTP/1.1" 200 1722
190.171.141.106 - - [17/Apr/2024:12:03:19 -0300] "POST /cormun/servlet/hlogin?6dd739c2a6bf3fbb67e0184f4fdc3dd0,gx-no-cache=1713365984454 HTTP/1.1" 200 90
190.171.141.106 - - [17/Apr/2024:12:03:19 -0300] "GET /cormun/servlet/hpexe_link HTTP/1.1" 200 967
190.171.141.106 - - [17/Apr/2024:12:03:19 -0300] "GET /cormun/servlet/permisogoce?INS,0,,, HTTP/1.1" 200 7172
190.171.141.106 - - [17/Apr/2024:12:03:26 -0300] "GET /cormun/servlet/trfichaempleadohoras? HTTP/1.1" 500 10
190.171.141.106 - - [17/Apr/2024:12:03:32 -0300] "GET /cormun/servlet/hlogin HTTP/1.1" 200 1722
190.171.141.106 - - [17/Apr/2024:12:03:40 -0300] "POST /cormun/servlet/hlogin?6dd739c2a6bf3fbb67e0184f4fdc3dd0,gx-no-cache=1713366004958 HTTP/1.1" 200 90
190.171.141.106 - - [17/Apr/2024:12:03:40 -0300] "GET /cormun/servlet/hpexe_link HTTP/1.1" 200 964
190.171.141.106 - - [17/Apr/2024:12:03:40 -0300] "GET /cormun/servlet/trfichaempleadohoras HTTP/1.1" 500 10
190.171.141.106 - - [17/Apr/2024:12:03:50 -0300] "GET /cormun/servlet/hlogin HTTP/1.1" 200 1722
190.171.141.106 - - [17/Apr/2024:12:03:54 -0300] "POST /cormun/servlet/hlogin?6dd739c2a6bf3fbb67e0184f4fdc3dd0,gx-no-cache=1713366019782 HTTP/1.1" 200 90
190.171.141.106 - - [17/Apr/2024:12:03:54 -0300] "GET /cormun/servlet/hpexe_link HTTP/1.1" 200 964
190.171.141.106 - - [17/Apr/2024:12:03:54 -0300] "GET /cormun/servlet/trfichaempleadohoras HTTP/1.1" 500 10
190.171.141.106 - - [17/Apr/2024:12:03:58 -0300] "GET /cormun/servlet/trfichaempleadohoras HTTP/1.1" 500 10
190.171.141.106 - - [17/Apr/2024:12:04:07 -0300] "GET /cormun/servlet/trfichaempleadohoras HTTP/1.1" 500 10
190.171.141.106 - - [17/Apr/2024:12:04:09 -0300] "GET /cormun/servlet/trfichaempleadohoras HTTP/1.1" 500 10
190.171.141.106 - - [17/Apr/2024:12:04:18 -0300] "GET /cormun/servlet/hlogin HTTP/1.1" 200 1722
190.171.141.106 - - [17/Apr/2024:12:04:22 -0300] "POST /cormun/servlet/hlogin?6dd739c2a6bf3fbb67e0184f4fdc3dd0,gx-no-cache=1713366047616 HTTP/1.1" 200 90
190.171.141.106 - - [17/Apr/2024:12:04:22 -0300] "GET /cormun/servlet/hpexe_link HTTP/1.1" 200 964
190.171.141.106 - - [17/Apr/2024:12:04:22 -0300] "GET /cormun/servlet/trfichaempleadohoras HTTP/1.1" 500 10
190.171.141.106 - - [17/Apr/2024:12:04:30 -0300] "GET /cormun/servlet/hlogin HTTP/1.1" 200 1722
190.171.141.106 - - [17/Apr/2024:12:04:33 -0300] "POST /cormun/servlet/hlogin?6dd739c2a6bf3fbb67e0184f4fdc3dd0,gx-no-cache=1713366058682 HTTP/1.1" 200 90
190.171.141.106 - - [17/Apr/2024:12:04:33 -0300] "GET /cormun/servlet/hpexe_link HTTP/1.1" 200 964
190.171.141.106 - - [17/Apr/2024:12:04:33 -0300] "GET /cormun/servlet/trfichaempleadohoras HTTP/1.1" 500 10
190.171.141.106 - - [17/Apr/2024:12:05:22 -0300] "GET /cormun/servlet/hlogin HTTP/1.1" 200 1722
190.171.141.106 - - [17/Apr/2024:12:05:25 -0300] "POST /cormun/servlet/hlogin?6dd739c2a6bf3fbb67e0184f4fdc3dd0,gx-no-cache=1713366110918 HTTP/1.1" 200 90
190.171.141.106 - - [17/Apr/2024:12:05:25 -0300] "GET /cormun/servlet/hpexe_link HTTP/1.1" 200 964
190.171.141.106 - - [17/Apr/2024:12:05:26 -0300] "GET /cormun/servlet/trfichaempleadohoras HTTP/1.1" 500 10
190.171.141.106 - - [17/Apr/2024:12:06:10 -0300] "GET /cormun/servlet/hlogin HTTP/1.1" 200 1722
209.141.55.133 - - [17/Apr/2024:12:09:07 -0300] "GET /manager/html HTTP/1.1" 401 2474
190.171.149.74 - - [17/Apr/2024:12:09:37 -0300] "POST /cormun/servlet/trlicencias?397d2b0bc8fe7da0d5198afa2dd3ef7e,,gx-no-cache=1713366361788 HTTP/1.1" 200 10937
190.171.149.74 - - [17/Apr/2024:12:09:39 -0300] "POST /cormun/servlet/trlicencias?397d2b0bc8fe7da0d5198afa2dd3ef7e,,gx-no-cache=1713366363528 HTTP/1.1" 200 10938
190.171.149.74 - - [17/Apr/2024:12:09:46 -0300] "POST /cormun/servlet/trlicencias?397d2b0bc8fe7da0d5198afa2dd3ef7e,,gx-no-cache=1713366370552 HTTP/1.1" 200 10937
190.95.15.15 - - [17/Apr/2024:12:10:43 -0300] "GET /cormun/servlet/trlicencias HTTP/1.1" 200 6044
190.95.15.15 - - [17/Apr/2024:12:10:46 -0300] "GET /cormun/servlet/hlogin HTTP/1.1" 200 1732
190.95.15.15 - - [17/Apr/2024:12:10:58 -0300] "POST /cormun/servlet/hlogin?3997084949160b27081322ad36af61dd,gx-no-cache=1713366443345 HTTP/1.1" 200 90
190.95.15.15 - - [17/Apr/2024:12:10:59 -0300] "GET /cormun/servlet/hpexe_link HTTP/1.1" 200 951
190.95.15.15 - - [17/Apr/2024:12:10:59 -0300] "GET /cormun/servlet/trlicencias HTTP/1.1" 200 12202
190.171.149.82 - - [17/Apr/2024:12:11:26 -0300] "GET /cormun/servlet/hlogin HTTP/1.1" 200 1721
190.171.149.82 - - [17/Apr/2024:12:11:27 -0300] "GET /cormun/servlet/hlogin HTTP/1.1" 200 1731
190.171.149.82 - - [17/Apr/2024:12:11:31 -0300] "POST /cormun/servlet/hlogin?57e02a1972def77ad0cfe1d3e7a61e25,gx-no-cache=1713366475153 HTTP/1.1" 200 90
190.171.149.82 - - [17/Apr/2024:12:11:31 -0300] "GET /cormun/servlet/hpexe_link HTTP/1.1" 200 950
190.171.149.82 - - [17/Apr/2024:12:11:31 -0300] "GET /cormun/servlet/hhome HTTP/1.1" 200 3930
190.171.149.82 - - [17/Apr/2024:12:11:40 -0300] "GET /cormun/servlet/trpermisosgoce? HTTP/1.1" 200 9290
190.171.149.82 - - [17/Apr/2024:12:11:44 -0300] "GET /cormun/servlet/permisogoce?INS,0,,, HTTP/1.1" 200 6794
190.171.149.82 - - [17/Apr/2024:12:12:14 -0300] "POST /cormun/servlet/permisogoce?57e02a1972def77ad0cfe1d3e7a61e25,INS,0,,,,gx-no-cache=1713366517438 HTTP/1.1" 200 4487
190.171.149.82 - - [17/Apr/2024:12:12:14 -0300] "GET /cormun/static/Shared/jqueryui/images/ui-bg_highlight-soft_100_c6c2c8_1x100.png HTTP/1.1" 404 1117
190.171.149.82 - - [17/Apr/2024:12:12:14 -0300] "GET /cormun/static/Shared/jqueryui/images/ui-icons_82798d_256x240.png HTTP/1.1" 404 1089
190.171.149.82 - - [17/Apr/2024:12:12:14 -0300] "GET /cormun/static/Shared/jqueryui/images/ui-bg_flat_55_994d53_40x100.png HTTP/1.1" 404 1097
190.171.149.82 - - [17/Apr/2024:12:12:14 -0300] "GET /cormun/static/Shared/jqueryui/images/ui-icons_ebccce_256x240.png HTTP/1.1" 404 1089
190.171.149.82 - - [17/Apr/2024:12:12:18 -0300] "GET /cormun/servlet/prfichaempleado?,MD,,gxPopupLevel%3D0%3B HTTP/1.1" 200 9212
190.171.149.82 - - [17/Apr/2024:12:12:23 -0300] "GET /cormun/servlet/permisogoce?2e294ed45b49d8c7147f8170f23dde495b7467739b473119f3b7b97cae0da82596908d5083352de60f1451d4077f1f939612cfe8a43befa60b7663f1eac001bca8c8f90081ea09cd563ff421c2e80308021151e458b4bf26cc3a013f9c7d3e003cfc8708ed24d18cfd5f10680e353237021151e458b4bf26cc3a013f9c7d3e00902fb3d9a9d8a160565376368995a762a8c8f90081ea09cd563ff421c2e80308238eb3da685bb9d55d220c4adb0810cbdbac7ac926b08c1cf3b4dca0cbb1edbddb2d70a9ed090e5e6c253f886a95d1c4a05422c7ed13e1f10d2d159332607776,gx-no-cache=1713366527323 HTTP/1.1" 200 77
190.171.149.82 - - [17/Apr/2024:12:12:40 -0300] "GET /cormun/static/menuarrow.gif HTTP/1.1" 404 1015
190.171.149.82 - - [17/Apr/2024:12:12:48 -0300] "GET /cormun/servlet/permisogoce?2e294ed45b49d8c7147f8170f23dde49c560ebe566278e508e8b11b71ed18e2a0dcf28b14726c7568bcb4b1986974c9d8a60d94a88783b936e960ea707b4c706,gx-no-cache=1713366552208 HTTP/1.1" 200 47
190.171.149.82 - - [17/Apr/2024:12:13:01 -0300] "POST /cormun/servlet/permisogoce?57e02a1972def77ad0cfe1d3e7a61e25,INS,0,,,,gx-no-cache=1713366564700 HTTP/1.1" 200 93
190.171.149.82 - - [17/Apr/2024:12:13:01 -0300] "GET /cormun/servlet/hpexe_return? HTTP/1.1" 200 1009
190.171.149.82 - - [17/Apr/2024:12:13:02 -0300] "GET /cormun/servlet/trpermisosgoce HTTP/1.1" 200 9552
190.171.149.82 - - [17/Apr/2024:12:13:08 -0300] "GET /cormun/servlet/apermisogoceprn?17136606,P,20240417110811,PU HTTP/1.1" 200 1656
190.171.149.82 - - [17/Apr/2024:12:13:09 -0300] "GET /cormun/servlet/apermisogoceprn?17136606,P,20240417110811,PU HTTP/1.1" 200 1649
209.141.55.133 - tomcat [17/Apr/2024:12:15:56 -0300] "GET /manager/html HTTP/1.1" 403 3196
192.168.10.17 - - [17/Apr/2024:12:20:24 -0300] "GET /cormun/servlet/trsolicitudgral? HTTP/1.1" 500 10
190.171.143.106 - - [17/Apr/2024:12:20:40 -0300] "GET /cormun/servlet/hhome HTTP/1.1" 200 3324
190.171.143.106 - - [17/Apr/2024:12:20:40 -0300] "GET /cormun/servlet/hlogin HTTP/1.1" 200 1733
190.171.143.106 - - [17/Apr/2024:12:20:44 -0300] "POST /cormun/servlet/hlogin?1854f5631d0969892ff6830bbf0b4142,gx-no-cache=1713367028916 HTTP/1.1" 200 90
190.171.143.106 - - [17/Apr/2024:12:20:44 -0300] "GET /cormun/servlet/hpexe_link HTTP/1.1" 200 953
190.171.143.106 - - [17/Apr/2024:12:20:44 -0300] "GET /cormun/servlet/hhome HTTP/1.1" 200 4267
