190.171.143.98 - - [16/Apr/2024:13:30:51 -0300] "GET /cormun/servlet/permisogoce?dd1387e6671718415ad54d7f964b138c0644199ca773367ebf0eecf57dd392397d760c34558af798f533f4b736189473d9562f93f4df56fbcc0d8527d5547763,gx-no-cache=1713284838097 HTTP/1.1" 200 47
190.171.143.98 - - [16/Apr/2024:13:31:03 -0300] "POST /cormun/servlet/permisogoce?712ff89e51fe52a123f878f3e4eb68f4,INS,0,,,,gx-no-cache=1713284848941 HTTP/1.1" 200 93
190.171.143.98 - - [16/Apr/2024:13:31:03 -0300] "GET /cormun/servlet/hpexe_return? HTTP/1.1" 200 1011
190.171.143.98 - - [16/Apr/2024:13:31:04 -0300] "GET /cormun/servlet/trpermisosgoce HTTP/1.1" 200 10934
190.171.143.98 - - [16/Apr/2024:13:31:11 -0300] "GET /cormun/servlet/trpermisosadjuntos?12962041,20240416122654,P, HTTP/1.1" 200 6627
190.171.143.98 - - [16/Apr/2024:13:31:13 -0300] "GET /cormun/servlet/permisosadjuntos?INS,12962041,P,20240416122654,, HTTP/1.1" 200 5956
190.171.143.98 - - [16/Apr/2024:13:31:14 -0300] "GET /cormun/static/about:blank HTTP/1.1" 404 1011
190.171.143.98 - - [16/Apr/2024:13:31:23 -0300] "POST /cormun/servlet/permisosadjuntos?712ff89e51fe52a123f878f3e4eb68f4,INS,12962041,P,20240416122654,, HTTP/1.1" 200 116
190.171.143.98 - - [16/Apr/2024:13:31:23 -0300] "GET /cormun/servlet/hpexe_return? HTTP/1.1" 200 1038
190.171.143.98 - - [16/Apr/2024:13:31:23 -0300] "GET /cormun/servlet/trpermisosadjuntos?12962041,20240416122654,P, HTTP/1.1" 200 7135
190.171.143.98 - - [16/Apr/2024:13:31:25 -0300] "POST /cormun/servlet/trpermisosadjuntos?712ff89e51fe52a123f878f3e4eb68f4,12962041,20240416122654,P,,gx-no-cache=1713284871682 HTTP/1.1" 200 90
190.171.143.98 - - [16/Apr/2024:13:31:25 -0300] "GET /cormun/servlet/hpexe_link HTTP/1.1" 200 985
190.171.143.98 - - [16/Apr/2024:13:31:25 -0300] "GET /cormun/servlet/trpermisosgoce HTTP/1.1" 200 10931
190.171.143.98 - - [16/Apr/2024:13:31:29 -0300] "POST /cormun/servlet/trpermisosgoce?712ff89e51fe52a123f878f3e4eb68f4,gx-no-cache=1713284875924 HTTP/1.1" 200 8108
190.171.143.98 - - [16/Apr/2024:13:31:29 -0300] "GET /cormun/static/Shared/jqueryui/images/ui-icons_82798d_256x240.png HTTP/1.1" 404 1089
190.171.143.98 - - [16/Apr/2024:13:31:29 -0300] "GET /cormun/static/Shared/jqueryui/images/ui-bg_flat_55_fafafa_40x100.png HTTP/1.1" 404 1097
190.171.143.98 - - [16/Apr/2024:13:31:29 -0300] "GET /cormun/static/Shared/jqueryui/images/ui-icons_8d78a5_256x240.png HTTP/1.1" 404 1089
190.171.143.98 - - [16/Apr/2024:13:31:29 -0300] "GET /cormun/static/Shared/jqueryui/images/ui-bg_highlight-soft_100_c6c2c8_1x100.png HTTP/1.1" 404 1117
190.171.143.98 - - [16/Apr/2024:13:31:31 -0300] "GET /cormun/servlet/apermisogoceprn?12962041,P,20240416122654,PU HTTP/1.1" 200 1656
195.140.227.163 - - [16/Apr/2024:13:32:28 -0300] "GET /manager/html HTTP/1.1" 401 2474
190.171.143.98 - - [16/Apr/2024:13:32:40 -0300] "GET /cormun/servlet/permisogoce?INS,0,,, HTTP/1.1" 200 7200
190.171.143.98 - - [16/Apr/2024:13:32:51 -0300] "GET /cormun/servlet/permisogoce?dd1387e6671718415ad54d7f964b138cbb627920ad829990d1365555316e9e31ec579e2162792d903ada1c70a73aabc9e5311350acb8bf740ba7e4db0cc4058d,gx-no-cache=1713284957954 HTTP/1.1" 200 84
190.171.143.98 - - [16/Apr/2024:13:32:51 -0300] "GET /cormun/static/menuarrow.gif HTTP/1.1" 404 1015
190.171.142.42 - - [16/Apr/2024:13:32:56 -0300] "POST /cormun/servlet/trsolicitudot?7f747c7efbbeb4e03302d2a7cfc654a9,,gx-no-cache=1713284958536 HTTP/1.1" 200 4349
190.171.143.98 - - [16/Apr/2024:13:33:15 -0300] "GET /cormun/servlet/permisogoce?dd1387e6671718415ad54d7f964b138c0644199ca773367ebf0eecf57dd392399b7d9cbb9de0f3f45faecaa98d9a8e54d9562f93f4df56fbcc0d8527d5547763,gx-no-cache=1713284981561 HTTP/1.1" 200 48
190.171.143.98 - - [16/Apr/2024:13:33:35 -0300] "POST /cormun/servlet/permisogoce?712ff89e51fe52a123f878f3e4eb68f4,INS,0,,,,gx-no-cache=1713285001444 HTTP/1.1" 200 93
190.171.143.98 - - [16/Apr/2024:13:33:35 -0300] "GET /cormun/servlet/hpexe_return? HTTP/1.1" 200 1035
190.171.143.98 - - [16/Apr/2024:13:33:35 -0300] "GET /cormun/servlet/trpermisosgoce?gx-no-cache=1713284875924 HTTP/1.1" 200 10878
190.171.143.98 - - [16/Apr/2024:13:33:40 -0300] "GET /cormun/servlet/trpermisosingoce? HTTP/1.1" 200 7286
190.171.143.98 - - [16/Apr/2024:13:33:40 -0300] "GET /cormun/static/gxcfg.js?2020121653066 HTTP/1.1" 200 953
190.171.143.98 - - [16/Apr/2024:13:33:40 -0300] "GET /cormun/static/trpermisosingoce.js?2020121655097 HTTP/1.1" 200 34472
190.171.143.98 - - [16/Apr/2024:13:33:41 -0300] "POST /cormun/servlet/acontrolpreferencessavestate?None,MCERDA,true HTTP/1.1" 200 35
190.171.143.98 - - [16/Apr/2024:13:33:43 -0300] "GET /cormun/servlet/permisosingoce?INS,0, HTTP/1.1" 200 7152
190.171.143.98 - - [16/Apr/2024:13:33:43 -0300] "GET /cormun/static/gxcfg.js?20201215145691 HTTP/1.1" 200 953
190.171.143.98 - - [16/Apr/2024:13:33:43 -0300] "GET /cormun/static/permisosingoce.js?2020121515014 HTTP/1.1" 200 25779
190.171.143.98 - - [16/Apr/2024:13:33:57 -0300] "GET /cormun/servlet/permisosingoce?0cdaed5e9f9a28830b168e75ece6556441150c2737c369a15c3deb583c5f2d376b961649e3fe764191cc46bba45ae2c432c0436a76c756a9077cb1a3e3a8c26e,gx-no-cache=1713285023841 HTTP/1.1" 200 82
190.171.143.98 - - [16/Apr/2024:13:34:01 -0300] "GET /cormun/servlet/permisosingoce?0cdaed5e9f9a28830b168e75ece655648a06ead3fa110e977798925e55647c466be928727211a9d9852a6bba3bdbdef0,gx-no-cache=1713285027612 HTTP/1.1" 200 33
190.171.143.98 - - [16/Apr/2024:13:34:10 -0300] "GET /cormun/servlet/permisosingoce?0cdaed5e9f9a28830b168e75ece65564c01004edf9415dd74108b451b624c6a09b906391545f6a5f989e2f5021807211eb6cdd0558ed83576976c2f4e90798cad4ee105d4c60d5119dae7b24f0ce58d672e8f4b1f79b3d98767639c64b6f84c89c961adad9a04e2f85bcf388c5bd58c4fc77425121433e7dd56570b20435de0e946b076762e1b4e9fef312e0a3188261,gx-no-cache=1713285037114 HTTP/1.1" 200 41
190.171.143.98 - - [16/Apr/2024:13:34:48 -0300] "POST /cormun/servlet/permisosingoce?712ff89e51fe52a123f878f3e4eb68f4,INS,0,,gx-no-cache=1713285074706 HTTP/1.1" 200 93
190.171.143.98 - - [16/Apr/2024:13:34:48 -0300] "GET /cormun/servlet/hpexe_return? HTTP/1.1" 200 1010
190.171.143.98 - - [16/Apr/2024:13:34:48 -0300] "GET /cormun/servlet/trpermisosingoce HTTP/1.1" 200 8129
190.171.143.98 - - [16/Apr/2024:13:34:51 -0300] "GET /cormun/servlet/trpermisosingoceadjunto?621,12962041, HTTP/1.1" 200 6428
190.171.143.98 - - [16/Apr/2024:13:34:51 -0300] "GET /cormun/static/gxcfg.js?20221129847873 HTTP/1.1" 200 953
190.171.143.98 - - [16/Apr/2024:13:34:51 -0300] "GET /cormun/static/trpermisosingoceadjunto.js?20221129847996 HTTP/1.1" 200 16925
190.171.143.98 - - [16/Apr/2024:13:34:52 -0300] "POST /cormun/servlet/acontrolpreferencessavestate?None,MCERDA,true HTTP/1.1" 200 35
190.171.143.98 - - [16/Apr/2024:13:34:53 -0300] "GET /cormun/servlet/permisosingoceadjunto?INS,621,, HTTP/1.1" 200 5735
190.171.143.98 - - [16/Apr/2024:13:34:53 -0300] "GET /cormun/static/gxcfg.js?20201215152332 HTTP/1.1" 200 953
190.171.143.98 - - [16/Apr/2024:13:34:53 -0300] "GET /cormun/static/permisosingoceadjunto.js?20201215152375 HTTP/1.1" 200 6883
190.171.143.98 - - [16/Apr/2024:13:34:53 -0300] "GET /cormun/static/about:blank HTTP/1.1" 404 1011
190.171.143.98 - - [16/Apr/2024:13:34:53 -0300] "GET /cormun/servlet/permisosingoceadjunto?0cdaed5e9f9a28830b168e75ece655649ea6cd962de9533ff1850c75bd2244c0,gx-no-cache=1713285080217 HTTP/1.1" 200 26
190.171.143.98 - - [16/Apr/2024:13:35:02 -0300] "POST /cormun/servlet/permisosingoceadjunto?712ff89e51fe52a123f878f3e4eb68f4,INS,621,, HTTP/1.1" 200 116
190.171.143.98 - - [16/Apr/2024:13:35:02 -0300] "GET /cormun/servlet/hpexe_return? HTTP/1.1" 200 1029
190.171.143.98 - - [16/Apr/2024:13:35:02 -0300] "GET /cormun/servlet/trpermisosingoceadjunto?621,12962041, HTTP/1.1" 200 6877
190.171.143.98 - - [16/Apr/2024:13:35:03 -0300] "POST /cormun/servlet/trpermisosingoceadjunto?712ff89e51fe52a123f878f3e4eb68f4,621,12962041,,gx-no-cache=1713285090187 HTTP/1.1" 200 90
190.171.143.98 - - [16/Apr/2024:13:35:03 -0300] "GET /cormun/servlet/hpexe_link HTTP/1.1" 200 976
190.171.143.98 - - [16/Apr/2024:13:35:04 -0300] "GET /cormun/servlet/trpermisosingoce HTTP/1.1" 200 8131
190.171.143.98 - - [16/Apr/2024:13:35:09 -0300] "POST /cormun/servlet/trpermisosingoce?712ff89e51fe52a123f878f3e4eb68f4,gx-no-cache=1713285095436 HTTP/1.1" 200 5379
190.171.143.98 - - [16/Apr/2024:13:35:14 -0300] "GET /cormun/servlet/apermisosingoceprn?621,PU HTTP/1.1" 200 1655
190.171.142.42 - - [16/Apr/2024:13:35:27 -0300] "GET /cormun/servlet/trpermisosgoce? HTTP/1.1" 200 12095
190.171.143.98 - - [16/Apr/2024:13:35:41 -0300] "GET /cormun/servlet/trpermisosingoceautorizar? HTTP/1.1" 200 7887
190.171.143.98 - - [16/Apr/2024:13:35:41 -0300] "GET /cormun/static/gxui/gxui-all.css?110300 HTTP/1.1" 200 2179
190.171.143.98 - - [16/Apr/2024:13:35:41 -0300] "GET /cormun/static/calendar-system.css?75620 HTTP/1.1" 200 5572
190.171.143.98 - - [16/Apr/2024:13:35:41 -0300] "GET /cormun/static/gxcfg.js?20199142052090 HTTP/1.1" 200 953
190.171.143.98 - - [16/Apr/2024:13:35:41 -0300] "GET /cormun/static/trpermisosingoceautorizar.js?20199142052670 HTTP/1.1" 200 32551
190.171.143.98 - - [16/Apr/2024:13:35:41 -0300] "GET /cormun/static/Resources/Spanish/PXTools.css?19172979 HTTP/1.1" 200 100853
190.171.143.98 - - [16/Apr/2024:13:35:41 -0300] "GET /cormun/static/Shared/ext/resources/css/ext-all.css?205870 HTTP/1.1" 200 416045
190.171.143.98 - - [16/Apr/2024:13:35:45 -0300] "POST /cormun/servlet/trpermisosingoceautorizar?712ff89e51fe52a123f878f3e4eb68f4,,gx-no-cache=1713285131794 HTTP/1.1" 200 4470
190.171.143.98 - - [16/Apr/2024:13:35:52 -0300] "GET /cormun/servlet/trpermisosingoceautorizar? HTTP/1.1" 200 7114
195.140.227.163 - - [16/Apr/2024:13:35:59 -0300] "GET /manager/html HTTP/1.1" 401 2474
190.171.143.98 - - [16/Apr/2024:13:36:00 -0300] "GET /cormun/servlet/trautorizarpermisogoce? HTTP/1.1" 200 8305
190.171.143.98 - - [16/Apr/2024:13:36:06 -0300] "POST /cormun/servlet/trautorizarpermisogoce?712ff89e51fe52a123f878f3e4eb68f4,,gx-no-cache=1713285152506 HTTP/1.1" 200 5289
190.171.143.98 - - [16/Apr/2024:13:36:07 -0300] "POST /cormun/servlet/trautorizarpermisogoce?712ff89e51fe52a123f878f3e4eb68f4,,gx-no-cache=1713285153233 HTTP/1.1" 200 4535
190.171.143.98 - - [16/Apr/2024:13:36:13 -0300] "GET /cormun/servlet/trpermisosingoceautorizar? HTTP/1.1" 200 7115
181.212.40.185 - - [16/Apr/2024:13:38:33 -0300] "GET /cormun/servlet/solicitudot?5fef0c305d1b8cec8b69c56b0314ce9d34312c90363f4e575c24408c6fd0710d27f0d056b5d8f3658d72f11d21c3651f60e3c4fefb698b8f40185e15ac44eb7d00570b7e3b6e0b3d989735bc67f7c03839992f0969e552d8ab7a1227dcf6e9bce07c565cde2f95d75a1f547c51455750,gx-no-cache=1713285298857 HTTP/1.1" 200 29
181.212.40.185 - - [16/Apr/2024:13:38:34 -0300] "GET /cormun/static/menuarrow.gif HTTP/1.1" 404 1015
181.212.40.185 - - [16/Apr/2024:13:38:37 -0300] "GET /cormun/servlet/solicitudot?5fef0c305d1b8cec8b69c56b0314ce9d1342d683940332d82bba6b3a7dea43bb9332457cc094195c2a1deb2d723fd5f4,gx-no-cache=1713285303543 HTTP/1.1" 200 30
181.212.40.185 - - [16/Apr/2024:13:38:49 -0300] "POST /cormun/servlet/solicitudot?gx-no-cache=1713285315479 HTTP/1.1" 200 30
181.212.40.185 - - [16/Apr/2024:13:39:08 -0300] "POST /cormun/servlet/solicitudot?ba6fae7e55b686c0d251adb08a251b8c,INS,0,0,false,,gx-no-cache=1713285334518 HTTP/1.1" 200 93
181.212.40.185 - - [16/Apr/2024:13:39:09 -0300] "GET /cormun/servlet/hpexe_return? HTTP/1.1" 200 1002
181.212.40.185 - - [16/Apr/2024:13:39:09 -0300] "GET /cormun/servlet/trsolicitudot HTTP/1.1" 200 8728
195.140.227.163 - - [16/Apr/2024:13:39:18 -0300] "GET /manager/html HTTP/1.1" 401 2474
107.170.241.19 - - [16/Apr/2024:13:39:38 -0300] "-" 400 -
195.140.227.163 - - [16/Apr/2024:13:43:09 -0300] "GET /manager/html HTTP/1.1" 401 2474
190.171.142.26 - - [16/Apr/2024:13:44:29 -0300] "GET /cormun/servlet/permisogoce?INS,0,,, HTTP/1.1" 200 6033
190.171.142.26 - - [16/Apr/2024:13:44:29 -0300] "GET /cormun/servlet/hlogin HTTP/1.1" 200 1749
190.171.142.26 - - [16/Apr/2024:13:44:32 -0300] "POST /cormun/servlet/hlogin?bb000b61cedc2e902dcd6158f3e39b80,gx-no-cache=1713285657938 HTTP/1.1" 200 90
190.171.142.26 - - [16/Apr/2024:13:44:32 -0300] "GET /cormun/servlet/hpexe_link HTTP/1.1" 200 966
190.171.142.26 - - [16/Apr/2024:13:44:32 -0300] "GET /cormun/servlet/permisogoce?INS,0,,, HTTP/1.1" 200 6947
190.171.141.82 - - [16/Apr/2024:13:44:48 -0300] "GET /cormun/static/menuarrow.gif HTTP/1.1" 404 1015
190.171.141.82 - - [16/Apr/2024:13:45:01 -0300] "POST /cormun/servlet/trpermisosgoce?049a711274cb793173e92552ee48a8d6,gx-no-cache=1713285686903 HTTP/1.1" 440 972
190.171.141.82 - - [16/Apr/2024:13:45:07 -0300] "GET /cormun/servlet/trpermisosgoce HTTP/1.1" 200 6041
190.171.141.82 - - [16/Apr/2024:13:45:07 -0300] "GET /cormun/servlet/hlogin HTTP/1.1" 200 1746
190.171.141.82 - - [16/Apr/2024:13:45:10 -0300] "POST /cormun/servlet/hlogin?402b387271ff18f371eb7d47e500e19f,gx-no-cache=1713285696036 HTTP/1.1" 200 90
190.171.141.82 - - [16/Apr/2024:13:45:10 -0300] "GET /cormun/servlet/hpexe_link HTTP/1.1" 200 965
190.171.141.82 - - [16/Apr/2024:13:45:10 -0300] "GET /cormun/servlet/trpermisosgoce HTTP/1.1" 200 11732
190.171.149.82 - - [16/Apr/2024:13:45:14 -0300] "GET /cormun/servlet/hlogin HTTP/1.1" 200 1722
190.171.141.82 - - [16/Apr/2024:13:45:14 -0300] "GET /cormun/servlet/trpermisosgoce? HTTP/1.1" 200 11730
190.171.149.82 - - [16/Apr/2024:13:45:17 -0300] "POST /cormun/servlet/hlogin?cc479e1bd1790b5b6bd689f85ff2306f,gx-no-cache=1713285702032 HTTP/1.1" 200 90
190.171.149.82 - - [16/Apr/2024:13:45:17 -0300] "GET /cormun/servlet/hpexe_link HTTP/1.1" 200 953
190.171.149.82 - - [16/Apr/2024:13:45:17 -0300] "GET /cormun/servlet/hhome HTTP/1.1" 200 3931
190.171.149.82 - - [16/Apr/2024:13:45:20 -0300] "GET /cormun/servlet/trpermisosgoce? HTTP/1.1" 200 9292
190.171.141.82 - - [16/Apr/2024:13:45:27 -0300] "POST /cormun/servlet/trpermisosgoce?402b387271ff18f371eb7d47e500e19f,,gx-no-cache=1713285712853 HTTP/1.1" 200 6557
190.171.149.82 - - [16/Apr/2024:13:45:31 -0300] "GET /cormun/servlet/trlicencias? HTTP/1.1" 200 9314
190.171.149.82 - - [16/Apr/2024:13:45:31 -0300] "GET /cormun/static/gxcfg.js?202211298463625 HTTP/1.1" 200 953
190.171.149.82 - - [16/Apr/2024:13:45:31 -0300] "GET /cormun/static/trlicencias.js?202211298463889 HTTP/1.1" 200 41883
190.171.141.82 - - [16/Apr/2024:13:45:36 -0300] "POST /cormun/servlet/trpermisosgoce?402b387271ff18f371eb7d47e500e19f,,gx-no-cache=1713285722173 HTTP/1.1" 200 104
190.171.141.82 - - [16/Apr/2024:13:45:36 -0300] "POST /cormun/servlet/trpermisosgoce?402b387271ff18f371eb7d47e500e19f,,gx-no-cache=1713285722250 HTTP/1.1" 200 6532
190.171.141.82 - - [16/Apr/2024:13:45:36 -0300] "GET /cormun/PermisosGoce-7295.xls HTTP/1.1" 200 6144
190.171.142.26 - - [16/Apr/2024:13:45:44 -0300] "GET /cormun/static/Resources/PXTools/ClosePrompt.png HTTP/1.1" 200 1036
190.171.142.26 - - [16/Apr/2024:13:45:44 -0300] "GET /cormun/static/Resources/resize.gif HTTP/1.1" 200 77
190.171.142.26 - - [16/Apr/2024:13:45:45 -0300] "GET /cormun/servlet/prfichaempleado?,MD,,gxPopupLevel%3D0%3B HTTP/1.1" 200 9281
190.171.142.26 - - [16/Apr/2024:13:45:45 -0300] "GET /cormun/static/gxcfg.js?20201215571085 HTTP/1.1" 200 953
190.171.142.26 - - [16/Apr/2024:13:45:45 -0300] "GET /cormun/static/Resources/PXToolsMenuSearch.png HTTP/1.1" 200 336
190.171.142.26 - - [16/Apr/2024:13:45:45 -0300] "GET /cormun/static/prfichaempleado.js?20201215572193 HTTP/1.1" 200 16005
190.171.142.26 - - [16/Apr/2024:13:45:45 -0300] "GET /cormun/static/menusearch.js?20201214473581 HTTP/1.1" 200 1424
190.171.142.26 - - [16/Apr/2024:13:45:45 -0300] "GET /cormun/static/Resources/PXToolsMenuSearchCancel.png HTTP/1.1" 200 306
190.171.142.26 - - [16/Apr/2024:13:45:45 -0300] "GET /cormun/static/hmpwkw011.js?202211298443482 HTTP/1.1" 200 1968
190.171.142.26 - - [16/Apr/2024:13:45:48 -0300] "GET /cormun/servlet/permisogoce?b340dab68ccad71d630000121586ce2d7c2aebe904155ec8671fb907bf9a9415ab96893a4f16c48d957dabd4f79a07a99ddb54cde85694a37d6b9eacc2a1ebfe,gx-no-cache=1713285734344 HTTP/1.1" 200 79
190.171.142.26 - - [16/Apr/2024:13:45:48 -0300] "GET /cormun/static/menuarrow.gif HTTP/1.1" 404 1015
190.171.149.82 - - [16/Apr/2024:13:45:56 -0300] "POST /cormun/servlet/trlicencias?cc479e1bd1790b5b6bd689f85ff2306f,,gx-no-cache=1713285741392 HTTP/1.1" 200 90
190.171.149.82 - - [16/Apr/2024:13:45:56 -0300] "GET /cormun/servlet/hpexe_link HTTP/1.1" 200 961
190.171.149.82 - - [16/Apr/2024:13:45:56 -0300] "GET /cormun/servlet/trpermisosgoce HTTP/1.1" 200 9291
190.171.149.82 - - [16/Apr/2024:13:46:04 -0300] "GET /cormun/servlet/hlogin HTTP/1.1" 200 1739
190.171.142.26 - - [16/Apr/2024:13:46:10 -0300] "GET /cormun/servlet/permisogoce?b340dab68ccad71d630000121586ce2dfd83fffdd6902ef008ef8c725bddb02499d8534a4d4993b61a7b306b9c8bed64667760189d4dba169b943860d34bccf2,gx-no-cache=1713285756285 HTTP/1.1" 200 47
190.171.142.26 - - [16/Apr/2024:13:46:15 -0300] "POST /cormun/servlet/permisogoce?bb000b61cedc2e902dcd6158f3e39b80,INS,0,,,,gx-no-cache=1713285760599 HTTP/1.1" 200 93
190.171.142.26 - - [16/Apr/2024:13:46:15 -0300] "GET /cormun/servlet/hpexe_return? HTTP/1.1" 200 1010
190.171.142.26 - - [16/Apr/2024:13:46:15 -0300] "GET /cormun/servlet/hhome HTTP/1.1" 200 4264
190.171.142.26 - - [16/Apr/2024:13:46:24 -0300] "GET /cormun/servlet/trpermisosgoce? HTTP/1.1" 200 11779
190.171.142.26 - - [16/Apr/2024:13:46:29 -0300] "GET /cormun/servlet/apermisogoceprn?13947002,P,20240416124101,PU HTTP/1.1" 200 1652
190.171.142.26 - - [16/Apr/2024:13:46:31 -0300] "GET /cormun/servlet/apermisogoceprn?13947002,P,20240416124101,PU HTTP/1.1" 200 1652
190.171.142.26 - - [16/Apr/2024:13:47:05 -0300] "GET /cormun/servlet/permisogoce?INS,0,,, HTTP/1.1" 200 7146
190.171.142.26 - - [16/Apr/2024:13:47:19 -0300] "GET /cormun/servlet/prfichaempleado?,MD,,gxPopupLevel%3D0%3B HTTP/1.1" 200 9281
190.171.142.26 - - [16/Apr/2024:13:47:22 -0300] "GET /cormun/servlet/permisogoce?b340dab68ccad71d630000121586ce2d7c2aebe904155ec8671fb907bf9a9415ab96893a4f16c48d957dabd4f79a07a99ddb54cde85694a37d6b9eacc2a1ebfe,gx-no-cache=1713285828484 HTTP/1.1" 200 81
190.171.142.26 - - [16/Apr/2024:13:47:41 -0300] "GET /cormun/servlet/permisogoce?b340dab68ccad71d630000121586ce2dfd83fffdd6902ef008ef8c725bddb0241f44459e4c12b5cafb874d893cf3e809667760189d4dba169b943860d34bccf2,gx-no-cache=1713285846980 HTTP/1.1" 200 121
190.171.142.26 - - [16/Apr/2024:13:47:41 -0300] "GET /cormun/static/Shared/jqueryui/images/ui-bg_highlight-soft_100_c6c2c8_1x100.png HTTP/1.1" 404 1117
190.171.142.26 - - [16/Apr/2024:13:47:41 -0300] "GET /cormun/static/Shared/jqueryui/images/ui-bg_flat_55_994d53_40x100.png HTTP/1.1" 404 1097
190.171.142.26 - - [16/Apr/2024:13:47:41 -0300] "GET /cormun/static/Shared/jqueryui/images/ui-icons_ebccce_256x240.png HTTP/1.1" 404 1089
190.171.142.26 - - [16/Apr/2024:13:47:41 -0300] "GET /cormun/static/Shared/jqueryui/images/ui-icons_82798d_256x240.png HTTP/1.1" 404 1089
190.171.142.26 - - [16/Apr/2024:13:47:49 -0300] "GET /cormun/servlet/permisogoce?b340dab68ccad71d630000121586ce2dfd83fffdd6902ef008ef8c725bddb02448a6ffb77fc94fabec512e59661cde8f493219106d39937d8c6ed8f06c445e08,gx-no-cache=1713285855546 HTTP/1.1" 200 48
195.140.227.163 - - [16/Apr/2024:13:47:55 -0300] "GET /manager/html HTTP/1.1" 401 2474
190.171.142.26 - - [16/Apr/2024:13:47:57 -0300] "POST /cormun/servlet/permisogoce?bb000b61cedc2e902dcd6158f3e39b80,INS,0,,,,gx-no-cache=1713285863231 HTTP/1.1" 200 93
190.171.142.26 - - [16/Apr/2024:13:47:57 -0300] "GET /cormun/servlet/hpexe_return? HTTP/1.1" 200 1012
190.171.142.26 - - [16/Apr/2024:13:47:57 -0300] "GET /cormun/servlet/trpermisosgoce HTTP/1.1" 200 11982
190.171.142.26 - - [16/Apr/2024:13:48:00 -0300] "GET /cormun/servlet/apermisogoceprn?13947002,P,20240416124101,PU HTTP/1.1" 200 1657
190.171.142.26 - - [16/Apr/2024:13:48:01 -0300] "GET /cormun/servlet/apermisogoceprn?13947002,P,20240416124101,PU HTTP/1.1" 200 1653
190.171.142.18 - - [16/Apr/2024:13:48:18 -0300] "GET /cormun/servlet/hlogin HTTP/1.1" 200 1721
190.171.142.18 - - [16/Apr/2024:13:48:21 -0300] "POST /cormun/servlet/hlogin?d0eb9159dfeb4314b2ecbe7c80a04cf9,gx-no-cache=1713286709996 HTTP/1.1" 200 90
190.171.142.18 - - [16/Apr/2024:13:48:21 -0300] "GET /cormun/servlet/hpexe_link HTTP/1.1" 200 951
190.171.142.18 - - [16/Apr/2024:13:48:21 -0300] "GET /cormun/servlet/hhome HTTP/1.1" 200 4381
190.171.142.18 - - [16/Apr/2024:13:48:27 -0300] "GET /cormun/servlet/trsolicitudot? HTTP/1.1" 200 7605
190.171.142.18 - - [16/Apr/2024:13:48:30 -0300] "GET /cormun/servlet/solicitudot?INS,0,0,false, HTTP/1.1" 200 16364
190.171.142.18 - - [16/Apr/2024:13:48:47 -0300] "POST /cormun/servlet/solicitudot?gx-no-cache=1713286735974 HTTP/1.1" 200 4161
190.171.142.18 - - [16/Apr/2024:13:48:47 -0300] "POST /cormun/servlet/solicitudot?d0eb9159dfeb4314b2ecbe7c80a04cf9,INS,0,0,false,,gx-no-cache=1713286736120 HTTP/1.1" 200 12995
190.171.142.18 - - [16/Apr/2024:13:48:55 -0300] "GET /cormun/servlet/solicitudot?d40547bf8826deab63524dff9ddb4f6d192f22a57ef984307e7aeddfff9eb289f9ab9deab5bd3e99574e5568158c9845,gx-no-cache=1713286743321 HTTP/1.1" 200 30
190.171.142.26 - - [16/Apr/2024:13:49:15 -0300] "GET /cormun/servlet/apermisogoceprn?13947002,P,20240416124334,PU HTTP/1.1" 200 1651
190.171.142.26 - - [16/Apr/2024:13:49:17 -0300] "GET /cormun/servlet/apermisogoceprn?13947002,P,20240416124334,PU HTTP/1.1" 200 1654
190.171.142.18 - - [16/Apr/2024:13:50:32 -0300] "GET /cormun/servlet/solicitudot?d40547bf8826deab63524dff9ddb4f6dfb44611974be21468b63f9af690c29e3bbf74106e824ade1145120f41214304c7647f02cf7f5eb3b7ae949b1971589b2,gx-no-cache=1713286841119 HTTP/1.1" 200 30
190.171.142.18 - - [16/Apr/2024:13:50:32 -0300] "GET /cormun/servlet/solicitudot?d40547bf8826deab63524dff9ddb4f6d35e2b54cca4ad237831df7c90b578435,gx-no-cache=1713286841149 HTTP/1.1" 200 53
190.171.141.90 - - [16/Apr/2024:13:52:08 -0300] "GET /cormun/servlet/hlogin HTTP/1.1" 200 1715
190.171.141.90 - - [16/Apr/2024:13:52:13 -0300] "POST /cormun/servlet/hlogin?d96b465c318ab6d67c08635ffe3d90e8,gx-no-cache=1713286120189 HTTP/1.1" 200 90
190.171.141.90 - - [16/Apr/2024:13:52:13 -0300] "GET /cormun/servlet/hpexe_link HTTP/1.1" 200 947
190.171.141.90 - - [16/Apr/2024:13:52:13 -0300] "GET /cormun/servlet/hhome HTTP/1.1" 200 3964
190.171.141.90 - - [16/Apr/2024:13:52:16 -0300] "GET /cormun/servlet/trsolicitudot? HTTP/1.1" 200 8607
190.171.142.18 - - [16/Apr/2024:13:52:17 -0300] "POST /cormun/servlet/solicitudot?gx-no-cache=1713286945819 HTTP/1.1" 200 240
190.171.142.18 - - [16/Apr/2024:13:52:17 -0300] "GET /cormun/servlet/solicitudot?d40547bf8826deab63524dff9ddb4f6d99cf1606f01a89b2a62414d4a3662cf0b4c4bd9f6c2639d54d284566071e2dbc16e52be2000bf5f5cb8e275dccb9474b8c722c028cf2c4246f4759a99b52d7b3ae4012ad08077aae1e5c5719ae5b8ca4e3ec27a51b17b8535881a728cdc6bdc7d621602e5d169348d624ca22d0c68904a5acdde3ad68aae8e1dc02889a73b7426dc15fdb615b32673ca73616aae56d9b59f285fa9dfd2cefa5f3278e1ebaf02f128d7554f3fccb705ce265fd2940e0a7c72272950ff1208dece57717f0fbdab260ce4a79f25183b035c9c9a7ccc25dbec4febc925b68c0678746127d609b69e9e6b34ca867cefe5465b8770e672824c5d4b74ff8eb7613fe648f17c97c7e8436a61e879357bfb33d6f9e071e3b38826e64abcf1a6adbbf58f074d15a2a0a7db23de23067aed76df3506eb0501c220b7af6bf93dadf09fbb0c5160cce9c3f9a56f9df1ae73f745bc631358b22e33ad9debc61cd6af4d0bda4160ceafe0036fbe81504a7b2da2b92480356821f6f303552,gx-no-cache=1713286945876 HTTP/1.1" 200 30
190.171.141.90 - - [16/Apr/2024:13:52:19 -0300] "POST /cormun/servlet/trsolicitudot?d96b465c318ab6d67c08635ffe3d90e8,,gx-no-cache=1713286125672 HTTP/1.1" 200 106
190.171.142.18 - - [16/Apr/2024:13:52:22 -0300] "POST /cormun/servlet/solicitudot?gx-no-cache=1713286950276 HTTP/1.1" 200 30
190.171.141.90 - - [16/Apr/2024:13:52:32 -0300] "GET /cormun/servlet/trsolicitudadjuntos?2024,21224, HTTP/1.1" 200 6075
190.171.141.90 - - [16/Apr/2024:13:52:36 -0300] "GET /cormun/servlet/solicitudotadjuntos?INS,2024,21224,,1, HTTP/1.1" 200 6022
190.171.141.90 - - [16/Apr/2024:13:52:36 -0300] "GET /cormun/static/about:blank HTTP/1.1" 404 1011
190.171.141.90 - - [16/Apr/2024:13:52:36 -0300] "GET /cormun/servlet/solicitudotadjuntos?2d7b875a19f27116b714df062f8985f0ba2e2ace14eb43f3d2ed1b8c44751c53d62ba8c5295b033f6fe6ca9b664bf988,gx-no-cache=1713286143117 HTTP/1.1" 200 30
190.171.141.90 - - [16/Apr/2024:13:52:36 -0300] "POST /cormun/servlet/solicitudotadjuntos?d96b465c318ab6d67c08635ffe3d90e8,INS,2024,21224,,1,,gx-no-cache=1713286143128 HTTP/1.1" 200 3893
190.171.141.90 - - [16/Apr/2024:13:52:38 -0300] "POST /cormun/servlet/solicitudotadjuntos?gx-no-cache=1713286144476 HTTP/1.1" 200 26
190.171.141.90 - - [16/Apr/2024:13:52:42 -0300] "GET /cormun/servlet/solicitudotadjuntos?2d7b875a19f27116b714df062f8985f0ef586a21d34793f74913547824e7fe68,gx-no-cache=1713286148812 HTTP/1.1" 200 30
195.140.227.163 - - [16/Apr/2024:13:52:42 -0300] "GET /manager/html HTTP/1.1" 401 2474
190.171.142.18 - - [16/Apr/2024:13:52:43 -0300] "POST /cormun/servlet/solicitudot?gx-no-cache=1713286971584 HTTP/1.1" 200 1483
190.171.142.18 - - [16/Apr/2024:13:52:44 -0300] "GET /cormun/static/menuarrow.gif HTTP/1.1" 404 1015
190.171.141.90 - - [16/Apr/2024:13:52:49 -0300] "GET /cormun/servlet/solicitudotadjuntos?2d7b875a19f27116b714df062f8985f0ef586a21d34793f74913547824e7fe68,gx-no-cache=1713286155766 HTTP/1.1" 200 30
190.171.141.90 - - [16/Apr/2024:13:52:49 -0300] "POST /cormun/servlet/solicitudotadjuntos?d96b465c318ab6d67c08635ffe3d90e8,INS,2024,21224,,1, HTTP/1.1" 200 116
190.171.141.90 - - [16/Apr/2024:13:52:49 -0300] "GET /cormun/servlet/hpexe_return? HTTP/1.1" 200 1022
190.171.141.90 - - [16/Apr/2024:13:52:49 -0300] "GET /cormun/servlet/trsolicitudadjuntos?2024,21224, HTTP/1.1" 200 9018
190.171.141.90 - - [16/Apr/2024:13:52:51 -0300] "GET /cormun/servlet/solicitudotadjuntos?INS,2024,21224,,1, HTTP/1.1" 200 6022
190.171.141.90 - - [16/Apr/2024:13:52:51 -0300] "GET /cormun/static/about:blank HTTP/1.1" 404 1011
190.171.141.90 - - [16/Apr/2024:13:52:52 -0300] "GET /cormun/servlet/solicitudotadjuntos?2d7b875a19f27116b714df062f8985f0ba2e2ace14eb43f3d2ed1b8c44751c53d62ba8c5295b033f6fe6ca9b664bf988,gx-no-cache=1713286158684 HTTP/1.1" 200 30
190.171.141.90 - - [16/Apr/2024:13:52:52 -0300] "POST /cormun/servlet/solicitudotadjuntos?d96b465c318ab6d67c08635ffe3d90e8,INS,2024,21224,,1,,gx-no-cache=1713286158695 HTTP/1.1" 200 3893
190.171.141.90 - - [16/Apr/2024:13:52:53 -0300] "POST /cormun/servlet/solicitudotadjuntos?gx-no-cache=1713286159997 HTTP/1.1" 200 26
190.171.142.18 - - [16/Apr/2024:13:52:54 -0300] "POST /cormun/servlet/solicitudot?gx-no-cache=1713286982426 HTTP/1.1" 200 41
190.171.141.90 - - [16/Apr/2024:13:53:01 -0300] "GET /cormun/servlet/solicitudotadjuntos?2d7b875a19f27116b714df062f8985f0ef586a21d34793f74913547824e7fe68,gx-no-cache=1713286167852 HTTP/1.1" 200 30
190.171.141.90 - - [16/Apr/2024:13:53:01 -0300] "GET /cormun/servlet/solicitudotadjuntos?2d7b875a19f27116b714df062f8985f0ef586a21d34793f74913547824e7fe68,gx-no-cache=1713286167862 HTTP/1.1" 200 30
190.171.141.90 - - [16/Apr/2024:13:53:01 -0300] "POST /cormun/servlet/solicitudotadjuntos?d96b465c318ab6d67c08635ffe3d90e8,INS,2024,21224,,1, HTTP/1.1" 200 116
190.171.141.90 - - [16/Apr/2024:13:53:01 -0300] "GET /cormun/servlet/hpexe_return? HTTP/1.1" 200 1022
190.171.141.90 - - [16/Apr/2024:13:53:01 -0300] "GET /cormun/servlet/trsolicitudadjuntos?2024,21224, HTTP/1.1" 200 9283
190.171.141.90 - - [16/Apr/2024:13:53:03 -0300] "GET /cormun/servlet/solicitudotadjuntos?INS,2024,21224,,1, HTTP/1.1" 200 6022
190.171.141.90 - - [16/Apr/2024:13:53:03 -0300] "GET /cormun/static/about:blank HTTP/1.1" 404 1011
190.171.141.90 - - [16/Apr/2024:13:53:04 -0300] "GET /cormun/servlet/solicitudotadjuntos?2d7b875a19f27116b714df062f8985f0ba2e2ace14eb43f3d2ed1b8c44751c53d62ba8c5295b033f6fe6ca9b664bf988,gx-no-cache=1713286170877 HTTP/1.1" 200 30
190.171.141.90 - - [16/Apr/2024:13:53:04 -0300] "POST /cormun/servlet/solicitudotadjuntos?d96b465c318ab6d67c08635ffe3d90e8,INS,2024,21224,,1,,gx-no-cache=1713286170891 HTTP/1.1" 200 3893
190.171.141.90 - - [16/Apr/2024:13:53:06 -0300] "POST /cormun/servlet/solicitudotadjuntos?gx-no-cache=1713286172829 HTTP/1.1" 200 26
190.171.142.18 - - [16/Apr/2024:13:54:10 -0300] "GET /cormun/servlet/solicitudot?d40547bf8826deab63524dff9ddb4f6d9e38e3b9ab1f76acc43112acbabb032686abcbb2a402f6576b3796115df73fcc9183b8ef5c33c065b87a1a7f4322d06229e73ec3555104718b813c14a481d410d0a41f522f3cb753d79a423fa4b7a7ea870b390e75f082ba0c30a55d536624b1,gx-no-cache=1713287059007 HTTP/1.1" 200 110
190.171.142.18 - - [16/Apr/2024:13:54:10 -0300] "POST /cormun/servlet/solicitudot?gx-no-cache=1713287059051 HTTP/1.1" 200 64
190.171.142.18 - - [16/Apr/2024:13:54:28 -0300] "GET /cormun/servlet/solicitudot?d40547bf8826deab63524dff9ddb4f6d3ffbed33684a179db3676a272c8edafd3fb0212a4e2c7ae7863762baee9e47b9b9d13bb1bc1e41f189097600f5879912a412867bd546bd73c5661574bec8063a763f2192d564984e2454bd9ce75330dc8dcb0f98d4547149cce347e60b311da9,gx-no-cache=1713287076836 HTTP/1.1" 200 29
190.171.142.18 - - [16/Apr/2024:13:54:32 -0300] "GET /cormun/servlet/solicitudot?d40547bf8826deab63524dff9ddb4f6d7af30df42277077556bfdecb0a227ea51e32a357b4df59520b326fa4f7dce04b,gx-no-cache=1713287080734 HTTP/1.1" 200 30
190.171.142.18 - - [16/Apr/2024:13:54:32 -0300] "POST /cormun/servlet/solicitudot?gx-no-cache=1713287080756 HTTP/1.1" 200 34
190.171.141.90 - - [16/Apr/2024:13:55:01 -0300] "GET /cormun/servlet/solicitudotadjuntos?2d7b875a19f27116b714df062f8985f0ef586a21d34793f74913547824e7fe68,gx-no-cache=1713286287582 HTTP/1.1" 200 30
190.171.141.90 - - [16/Apr/2024:13:55:01 -0300] "GET /cormun/servlet/solicitudotadjuntos?2d7b875a19f27116b714df062f8985f0ef586a21d34793f74913547824e7fe68,gx-no-cache=1713286287614 HTTP/1.1" 200 30
190.171.141.90 - - [16/Apr/2024:13:55:01 -0300] "POST /cormun/servlet/solicitudotadjuntos?d96b465c318ab6d67c08635ffe3d90e8,INS,2024,21224,,1, HTTP/1.1" 200 116
190.171.141.90 - - [16/Apr/2024:13:55:01 -0300] "GET /cormun/servlet/hpexe_return? HTTP/1.1" 200 1022
190.171.141.90 - - [16/Apr/2024:13:55:01 -0300] "GET /cormun/servlet/trsolicitudadjuntos?2024,21224, HTTP/1.1" 200 9508
190.171.141.90 - - [16/Apr/2024:13:55:02 -0300] "GET /cormun/servlet/solicitudotadjuntos?INS,2024,21224,,1, HTTP/1.1" 200 6020
190.171.141.90 - - [16/Apr/2024:13:55:03 -0300] "GET /cormun/static/about:blank HTTP/1.1" 404 1011
190.171.141.90 - - [16/Apr/2024:13:55:03 -0300] "GET /cormun/servlet/solicitudotadjuntos?2d7b875a19f27116b714df062f8985f0ba2e2ace14eb43f3d2ed1b8c44751c53d62ba8c5295b033f6fe6ca9b664bf988,gx-no-cache=1713286290036 HTTP/1.1" 200 30
190.171.141.90 - - [16/Apr/2024:13:55:03 -0300] "POST /cormun/servlet/solicitudotadjuntos?d96b465c318ab6d67c08635ffe3d90e8,INS,2024,21224,,1,,gx-no-cache=1713286290048 HTTP/1.1" 200 3891
190.171.141.90 - - [16/Apr/2024:13:55:05 -0300] "POST /cormun/servlet/solicitudotadjuntos?gx-no-cache=1713286291870 HTTP/1.1" 200 26
190.171.142.18 - - [16/Apr/2024:13:55:11 -0300] "GET /cormun/servlet/solicitudot?d40547bf8826deab63524dff9ddb4f6d9e38e3b9ab1f76acc43112acbabb032686abcbb2a402f6576b3796115df73fcc9183b8ef5c33c065b87a1a7f4322d06229e73ec3555104718b813c14a481d410d0a41f522f3cb753d79a423fa4b7a7ea870b390e75f082ba0c30a55d536624b1,gx-no-cache=1713287120164 HTTP/1.1" 200 110
190.171.142.18 - - [16/Apr/2024:13:55:11 -0300] "GET /cormun/servlet/solicitudot?d40547bf8826deab63524dff9ddb4f6d7af30df42277077556bfdecb0a227ea5838dc3c70c3d521c372b7321a664db60,gx-no-cache=1713287120189 HTTP/1.1" 200 30
190.171.142.18 - - [16/Apr/2024:13:55:11 -0300] "POST /cormun/servlet/solicitudot?gx-no-cache=1713287120206 HTTP/1.1" 200 34
190.171.142.18 - - [16/Apr/2024:13:55:12 -0300] "POST /cormun/servlet/solicitudot?d0eb9159dfeb4314b2ecbe7c80a04cf9,INS,0,0,false,,gx-no-cache=1713287120224 HTTP/1.1" 200 93
190.171.142.18 - - [16/Apr/2024:13:55:12 -0300] "GET /cormun/servlet/hpexe_return? HTTP/1.1" 200 1009
190.171.142.18 - - [16/Apr/2024:13:55:12 -0300] "GET /cormun/servlet/trsolicitudot HTTP/1.1" 200 9016
190.171.142.18 - - [16/Apr/2024:13:55:20 -0300] "POST /cormun/servlet/trsolicitudot?d0eb9159dfeb4314b2ecbe7c80a04cf9,gx-no-cache=1713287129055 HTTP/1.1" 200 106
190.171.142.18 - - [16/Apr/2024:13:55:20 -0300] "GET /cormun/servlet/trsolicitudadjuntos?2024,21252, HTTP/1.1" 200 6489
190.171.142.18 - - [16/Apr/2024:13:55:23 -0300] "GET /cormun/servlet/solicitudotadjuntos?INS,2024,21252,,1, HTTP/1.1" 200 6433
190.171.142.18 - - [16/Apr/2024:13:55:23 -0300] "GET /cormun/static/about:blank HTTP/1.1" 404 1011
190.171.142.18 - - [16/Apr/2024:13:55:23 -0300] "GET /cormun/servlet/solicitudotadjuntos?d40547bf8826deab63524dff9ddb4f6dd4d2de1503a2cff080079464a23c4ddbac0116f92611c500e9a36d444d679133,gx-no-cache=1713287132170 HTTP/1.1" 200 30
190.171.142.18 - - [16/Apr/2024:13:55:23 -0300] "POST /cormun/servlet/solicitudotadjuntos?d0eb9159dfeb4314b2ecbe7c80a04cf9,INS,2024,21252,,1,,gx-no-cache=1713287132192 HTTP/1.1" 200 4153
190.171.142.18 - - [16/Apr/2024:13:55:30 -0300] "POST /cormun/servlet/solicitudotadjuntos?gx-no-cache=1713287138272 HTTP/1.1" 200 26
190.171.141.90 - - [16/Apr/2024:13:55:48 -0300] "GET /cormun/servlet/solicitudotadjuntos?2d7b875a19f27116b714df062f8985f0ef586a21d34793f74913547824e7fe68,gx-no-cache=1713286334939 HTTP/1.1" 200 30
190.171.141.90 - - [16/Apr/2024:13:55:48 -0300] "GET /cormun/servlet/solicitudotadjuntos?2d7b875a19f27116b714df062f8985f0ef586a21d34793f74913547824e7fe68,gx-no-cache=1713286334954 HTTP/1.1" 200 30
190.171.141.90 - - [16/Apr/2024:13:55:48 -0300] "POST /cormun/servlet/solicitudotadjuntos?d96b465c318ab6d67c08635ffe3d90e8,INS,2024,21224,,1, HTTP/1.1" 200 116
190.171.141.90 - - [16/Apr/2024:13:55:48 -0300] "GET /cormun/servlet/hpexe_return? HTTP/1.1" 200 1022
190.171.141.90 - - [16/Apr/2024:13:55:48 -0300] "GET /cormun/servlet/trsolicitudadjuntos?2024,21224, HTTP/1.1" 200 9813
190.171.141.90 - - [16/Apr/2024:13:55:50 -0300] "GET /cormun/servlet/solicitudotadjuntos?INS,2024,21224,,1, HTTP/1.1" 200 6021
190.171.141.90 - - [16/Apr/2024:13:55:50 -0300] "GET /cormun/static/about:blank HTTP/1.1" 404 1011
190.171.141.90 - - [16/Apr/2024:13:55:51 -0300] "GET /cormun/servlet/solicitudotadjuntos?2d7b875a19f27116b714df062f8985f0ba2e2ace14eb43f3d2ed1b8c44751c53d62ba8c5295b033f6fe6ca9b664bf988,gx-no-cache=1713286337756 HTTP/1.1" 200 30
190.171.141.90 - - [16/Apr/2024:13:55:51 -0300] "POST /cormun/servlet/solicitudotadjuntos?d96b465c318ab6d67c08635ffe3d90e8,INS,2024,21224,,1,,gx-no-cache=1713286337767 HTTP/1.1" 200 3892
190.171.142.18 - - [16/Apr/2024:13:55:51 -0300] "GET /cormun/servlet/solicitudotadjuntos?d40547bf8826deab63524dff9ddb4f6d225f31926ddf44a4ce5100257e0fc336,gx-no-cache=1713287160171 HTTP/1.1" 200 30
190.171.142.18 - - [16/Apr/2024:13:55:51 -0300] "GET /cormun/servlet/solicitudotadjuntos?d40547bf8826deab63524dff9ddb4f6d225f31926ddf44a4ce5100257e0fc336,gx-no-cache=1713287160199 HTTP/1.1" 200 30
190.171.142.18 - - [16/Apr/2024:13:55:52 -0300] "POST /cormun/servlet/solicitudotadjuntos?d0eb9159dfeb4314b2ecbe7c80a04cf9,INS,2024,21252,,1, HTTP/1.1" 200 116
190.171.142.18 - - [16/Apr/2024:13:55:52 -0300] "GET /cormun/servlet/hpexe_return? HTTP/1.1" 200 1026
190.171.142.18 - - [16/Apr/2024:13:55:52 -0300] "GET /cormun/servlet/trsolicitudadjuntos?2024,21252, HTTP/1.1" 200 9417
190.171.141.90 - - [16/Apr/2024:13:55:53 -0300] "POST /cormun/servlet/solicitudotadjuntos?gx-no-cache=1713286339579 HTTP/1.1" 200 26
190.171.142.18 - - [16/Apr/2024:13:55:54 -0300] "GET /cormun/servlet/solicitudotadjuntos?INS,2024,21252,,1, HTTP/1.1" 200 6431
190.171.142.18 - - [16/Apr/2024:13:55:54 -0300] "GET /cormun/static/about:blank HTTP/1.1" 404 1011
190.171.142.18 - - [16/Apr/2024:13:55:55 -0300] "GET /cormun/servlet/solicitudotadjuntos?d40547bf8826deab63524dff9ddb4f6dd4d2de1503a2cff080079464a23c4ddbac0116f92611c500e9a36d444d679133,gx-no-cache=1713287163697 HTTP/1.1" 200 30
190.171.142.18 - - [16/Apr/2024:13:55:55 -0300] "POST /cormun/servlet/solicitudotadjuntos?d0eb9159dfeb4314b2ecbe7c80a04cf9,INS,2024,21252,,1,,gx-no-cache=1713287163718 HTTP/1.1" 200 4153
67.217.48.57 - - [16/Apr/2024:13:55:59 -0300] "HEAD / HTTP/1.0" 200 -
190.171.142.18 - - [16/Apr/2024:13:55:59 -0300] "POST /cormun/servlet/solicitudotadjuntos?gx-no-cache=1713287167899 HTTP/1.1" 200 26
190.171.141.90 - - [16/Apr/2024:13:56:05 -0300] "GET /cormun/servlet/solicitudotadjuntos?2d7b875a19f27116b714df062f8985f0ef586a21d34793f74913547824e7fe68,gx-no-cache=1713286352083 HTTP/1.1" 200 30
190.171.141.90 - - [16/Apr/2024:13:56:05 -0300] "GET /cormun/servlet/solicitudotadjuntos?2d7b875a19f27116b714df062f8985f0ef586a21d34793f74913547824e7fe68,gx-no-cache=1713286352094 HTTP/1.1" 200 30
190.171.141.90 - - [16/Apr/2024:13:56:05 -0300] "POST /cormun/servlet/solicitudotadjuntos?d96b465c318ab6d67c08635ffe3d90e8,INS,2024,21224,,1, HTTP/1.1" 200 116
190.171.141.90 - - [16/Apr/2024:13:56:05 -0300] "GET /cormun/servlet/hpexe_return? HTTP/1.1" 200 1022
190.171.141.90 - - [16/Apr/2024:13:56:05 -0300] "GET /cormun/servlet/trsolicitudadjuntos?2024,21224, HTTP/1.1" 200 10108
190.171.142.18 - - [16/Apr/2024:13:56:06 -0300] "GET /cormun/servlet/solicitudotadjuntos?d40547bf8826deab63524dff9ddb4f6d225f31926ddf44a4ce5100257e0fc336,gx-no-cache=1713287175043 HTTP/1.1" 200 30
190.171.142.18 - - [16/Apr/2024:13:56:06 -0300] "GET /cormun/servlet/solicitudotadjuntos?d40547bf8826deab63524dff9ddb4f6d225f31926ddf44a4ce5100257e0fc336,gx-no-cache=1713287175053 HTTP/1.1" 200 30
190.171.142.18 - - [16/Apr/2024:13:56:07 -0300] "POST /cormun/servlet/solicitudotadjuntos?d0eb9159dfeb4314b2ecbe7c80a04cf9,INS,2024,21252,,1, HTTP/1.1" 200 116
190.171.142.18 - - [16/Apr/2024:13:56:07 -0300] "GET /cormun/servlet/hpexe_return? HTTP/1.1" 200 1026
190.171.142.18 - - [16/Apr/2024:13:56:07 -0300] "GET /cormun/servlet/trsolicitudadjuntos?2024,21252, HTTP/1.1" 200 9644
190.171.141.90 - - [16/Apr/2024:13:56:07 -0300] "GET /cormun/servlet/solicitudotadjuntos?INS,2024,21224,,1, HTTP/1.1" 200 6021
190.171.141.90 - - [16/Apr/2024:13:56:07 -0300] "GET /cormun/static/about:blank HTTP/1.1" 404 1011
190.171.141.90 - - [16/Apr/2024:13:56:08 -0300] "GET /cormun/servlet/solicitudotadjuntos?2d7b875a19f27116b714df062f8985f0ba2e2ace14eb43f3d2ed1b8c44751c53d62ba8c5295b033f6fe6ca9b664bf988,gx-no-cache=1713286354575 HTTP/1.1" 200 30
190.171.141.90 - - [16/Apr/2024:13:56:08 -0300] "POST /cormun/servlet/solicitudotadjuntos?d96b465c318ab6d67c08635ffe3d90e8,INS,2024,21224,,1,,gx-no-cache=1713286354591 HTTP/1.1" 200 3892
190.171.141.90 - - [16/Apr/2024:13:56:10 -0300] "POST /cormun/servlet/solicitudotadjuntos?gx-no-cache=1713286356627 HTTP/1.1" 200 26
190.171.142.18 - - [16/Apr/2024:13:56:14 -0300] "GET /cormun/servlet/solicitudotadjuntos?INS,2024,21252,,1, HTTP/1.1" 200 6431
190.171.142.18 - - [16/Apr/2024:13:56:14 -0300] "GET /cormun/static/about:blank HTTP/1.1" 404 1011
190.171.142.18 - - [16/Apr/2024:13:56:14 -0300] "GET /cormun/servlet/solicitudotadjuntos?d40547bf8826deab63524dff9ddb4f6dd4d2de1503a2cff080079464a23c4ddbac0116f92611c500e9a36d444d679133,gx-no-cache=1713287182898 HTTP/1.1" 200 30
190.171.142.18 - - [16/Apr/2024:13:56:14 -0300] "POST /cormun/servlet/solicitudotadjuntos?d0eb9159dfeb4314b2ecbe7c80a04cf9,INS,2024,21252,,1,,gx-no-cache=1713287182913 HTTP/1.1" 200 4153
190.171.142.18 - - [16/Apr/2024:13:56:19 -0300] "POST /cormun/servlet/solicitudotadjuntos?gx-no-cache=1713287187699 HTTP/1.1" 200 26
181.212.47.136 - - [16/Apr/2024:13:56:39 -0300] "GET /cormun/servlet/hlogin HTTP/1.1" 200 1716
181.212.47.136 - - [16/Apr/2024:13:56:39 -0300] "GET /cormun/servlet/hlogin HTTP/1.1" 200 1727
181.212.47.136 - - [16/Apr/2024:13:56:44 -0300] "POST /cormun/servlet/hlogin?9446f2b49fff2e52e734fdfbfa31f0c0,gx-no-cache=1713286394164 HTTP/1.1" 200 90
181.212.47.136 - - [16/Apr/2024:13:56:45 -0300] "GET /cormun/servlet/hpexe_link HTTP/1.1" 200 948
181.212.47.136 - - [16/Apr/2024:13:56:45 -0300] "GET /cormun/servlet/hhome HTTP/1.1" 200 4819
181.212.47.136 - - [16/Apr/2024:13:56:46 -0300] "GET /cormun/static/SmoothNavMenu/resources/images/right.gif HTTP/1.1" 200 860
190.171.142.18 - - [16/Apr/2024:13:56:47 -0300] "GET /cormun/servlet/solicitudotadjuntos?d40547bf8826deab63524dff9ddb4f6d225f31926ddf44a4ce5100257e0fc336,gx-no-cache=1713287215587 HTTP/1.1" 200 30
190.171.142.18 - - [16/Apr/2024:13:56:47 -0300] "GET /cormun/servlet/solicitudotadjuntos?d40547bf8826deab63524dff9ddb4f6d225f31926ddf44a4ce5100257e0fc336,gx-no-cache=1713287215605 HTTP/1.1" 200 30
190.171.142.18 - - [16/Apr/2024:13:56:47 -0300] "POST /cormun/servlet/solicitudotadjuntos?d0eb9159dfeb4314b2ecbe7c80a04cf9,INS,2024,21252,,1, HTTP/1.1" 200 116
190.171.142.18 - - [16/Apr/2024:13:56:47 -0300] "GET /cormun/servlet/hpexe_return? HTTP/1.1" 200 1026
190.171.142.18 - - [16/Apr/2024:13:56:47 -0300] "GET /cormun/servlet/trsolicitudadjuntos?2024,21252, HTTP/1.1" 200 9890
181.212.47.136 - - [16/Apr/2024:13:56:50 -0300] "GET /cormun/servlet/trsecurityuser01? HTTP/1.1" 200 12267
181.212.47.136 - - [16/Apr/2024:13:56:50 -0300] "GET /cormun/static/gxcfg.js?201991419585080 HTTP/1.1" 200 953
181.212.47.136 - - [16/Apr/2024:13:56:50 -0300] "GET /cormun/static/trsecurityuser01.js?201991419585536 HTTP/1.1" 200 19557
181.212.47.136 - - [16/Apr/2024:13:56:50 -0300] "GET /cormun/static/Resources/Spanish/PXTools.css?19172979 HTTP/1.1" 200 100853
181.212.47.136 - - [16/Apr/2024:13:56:50 -0300] "GET /cormun/static/Resources/PXToolsAddAllAction.png HTTP/1.1" 200 495
181.212.47.136 - - [16/Apr/2024:13:56:50 -0300] "GET /cormun//static/Resources/PXToolsHeaderPreferences.png HTTP/1.1" 200 1395
181.212.47.136 - - [16/Apr/2024:13:56:50 -0300] "GET /cormun//static/Resources/PXToolsAddAllAction.png HTTP/1.1" 200 495
190.171.141.90 - - [16/Apr/2024:13:56:55 -0300] "GET /cormun/servlet/solicitudotadjuntos?2d7b875a19f27116b714df062f8985f0ef586a21d34793f74913547824e7fe68,gx-no-cache=1713286401941 HTTP/1.1" 200 30
190.171.141.90 - - [16/Apr/2024:13:56:55 -0300] "GET /cormun/servlet/solicitudotadjuntos?2d7b875a19f27116b714df062f8985f0ef586a21d34793f74913547824e7fe68,gx-no-cache=1713286401956 HTTP/1.1" 200 30
190.171.141.90 - - [16/Apr/2024:13:56:55 -0300] "POST /cormun/servlet/solicitudotadjuntos?d96b465c318ab6d67c08635ffe3d90e8,INS,2024,21224,,1, HTTP/1.1" 200 116
190.171.141.90 - - [16/Apr/2024:13:56:55 -0300] "GET /cormun/servlet/hpexe_return? HTTP/1.1" 200 1022
190.171.141.90 - - [16/Apr/2024:13:56:55 -0300] "GET /cormun/servlet/trsolicitudadjuntos?2024,21224, HTTP/1.1" 200 10270
181.212.47.136 - - [16/Apr/2024:13:56:55 -0300] "POST /cormun/servlet/trsecurityuser01?9446f2b49fff2e52e734fdfbfa31f0c0,,gx-no-cache=1713286404949 HTTP/1.1" 200 5196
190.171.142.18 - - [16/Apr/2024:13:56:59 -0300] "GET /cormun/servlet/solicitudotadjuntos?INS,2024,21252,,1, HTTP/1.1" 200 6433
190.171.142.18 - - [16/Apr/2024:13:56:59 -0300] "GET /cormun/static/about:blank HTTP/1.1" 404 1011
190.171.142.18 - - [16/Apr/2024:13:57:00 -0300] "GET /cormun/servlet/solicitudotadjuntos?d40547bf8826deab63524dff9ddb4f6dd4d2de1503a2cff080079464a23c4ddbac0116f92611c500e9a36d444d679133,gx-no-cache=1713287228432 HTTP/1.1" 200 30
190.171.142.18 - - [16/Apr/2024:13:57:00 -0300] "POST /cormun/servlet/solicitudotadjuntos?d0eb9159dfeb4314b2ecbe7c80a04cf9,INS,2024,21252,,1,,gx-no-cache=1713287228459 HTTP/1.1" 200 4155
181.212.47.136 - - [16/Apr/2024:13:57:00 -0300] "GET /cormun/servlet/securityusers?UPD,3888, HTTP/1.1" 200 7918
181.212.47.136 - - [16/Apr/2024:13:57:00 -0300] "GET /cormun/static/gxcfg.js?202012150861 HTTP/1.1" 200 953
181.212.47.136 - - [16/Apr/2024:13:57:00 -0300] "GET /cormun/static/securityusers.js?2020121501060 HTTP/1.1" 200 21447
190.171.141.90 - - [16/Apr/2024:13:57:01 -0300] "POST /cormun/servlet/trsolicitudadjuntos?d96b465c318ab6d67c08635ffe3d90e8,2024,21224,,gx-no-cache=1713286408167 HTTP/1.1" 200 90
190.171.141.90 - - [16/Apr/2024:13:57:01 -0300] "GET /cormun/servlet/hpexe_link HTTP/1.1" 200 964
190.171.141.90 - - [16/Apr/2024:13:57:01 -0300] "GET /cormun/servlet/trsolicitudot HTTP/1.1" 200 8606
190.171.141.90 - - [16/Apr/2024:13:57:07 -0300] "POST /cormun/servlet/trsolicitudot?d96b465c318ab6d67c08635ffe3d90e8,gx-no-cache=1713286413574 HTTP/1.1" 200 4566
190.171.141.90 - - [16/Apr/2024:13:57:07 -0300] "GET /cormun/static/Shared/jqueryui/images/ui-icons_82798d_256x240.png HTTP/1.1" 404 1089
190.171.141.90 - - [16/Apr/2024:13:57:07 -0300] "GET /cormun/static/Shared/jqueryui/images/ui-bg_highlight-soft_100_c6c2c8_1x100.png HTTP/1.1" 404 1117
190.171.141.90 - - [16/Apr/2024:13:57:07 -0300] "GET /cormun/static/Shared/jqueryui/images/ui-bg_flat_55_fafafa_40x100.png HTTP/1.1" 404 1097
190.171.141.90 - - [16/Apr/2024:13:57:07 -0300] "GET /cormun/static/Shared/jqueryui/images/ui-icons_8d78a5_256x240.png HTTP/1.1" 404 1089
190.171.141.90 - - [16/Apr/2024:13:57:07 -0300] "POST /cormun/servlet/trsolicitudot?d96b465c318ab6d67c08635ffe3d90e8,gx-no-cache=1713286413676 HTTP/1.1" 200 4323
190.171.142.18 - - [16/Apr/2024:13:57:19 -0300] "POST /cormun/servlet/solicitudotadjuntos?gx-no-cache=1713287247323 HTTP/1.1" 200 26
200.54.103.162 - - [16/Apr/2024:13:57:29 -0300] "GET /cormun/servlet/hhome HTTP/1.1" 200 3322
200.54.103.162 - - [16/Apr/2024:13:57:29 -0300] "GET /cormun/servlet/hlogin HTTP/1.1" 200 1730
195.140.227.163 - - [16/Apr/2024:13:57:30 -0300] "GET /manager/html HTTP/1.1" 401 2474
200.54.103.162 - - [16/Apr/2024:13:57:32 -0300] "POST /cormun/servlet/hlogin?e3526ae4e89f7becaf38a13356e77813,gx-no-cache=1713286449787 HTTP/1.1" 200 90
200.54.103.162 - - [16/Apr/2024:13:57:32 -0300] "GET /cormun/servlet/hpexe_link HTTP/1.1" 200 949
200.54.103.162 - - [16/Apr/2024:13:57:32 -0300] "GET /cormun/servlet/hhome HTTP/1.1" 200 4341
181.212.47.136 - - [16/Apr/2024:13:57:33 -0300] "GET /cormun/servlet/hlogin HTTP/1.1" 200 1744
190.171.142.18 - - [16/Apr/2024:13:57:36 -0300] "GET /cormun/servlet/solicitudotadjuntos?d40547bf8826deab63524dff9ddb4f6d225f31926ddf44a4ce5100257e0fc336,gx-no-cache=1713287264619 HTTP/1.1" 200 30
190.171.142.18 - - [16/Apr/2024:13:57:36 -0300] "GET /cormun/servlet/solicitudotadjuntos?d40547bf8826deab63524dff9ddb4f6d225f31926ddf44a4ce5100257e0fc336,gx-no-cache=1713287264629 HTTP/1.1" 200 30
190.171.142.18 - - [16/Apr/2024:13:57:36 -0300] "POST /cormun/servlet/solicitudotadjuntos?d0eb9159dfeb4314b2ecbe7c80a04cf9,INS,2024,21252,,1, HTTP/1.1" 200 116
190.171.142.18 - - [16/Apr/2024:13:57:36 -0300] "GET /cormun/servlet/hpexe_return? HTTP/1.1" 200 1026
190.171.142.18 - - [16/Apr/2024:13:57:36 -0300] "GET /cormun/servlet/trsolicitudadjuntos?2024,21252, HTTP/1.1" 200 10105
200.54.103.162 - - [16/Apr/2024:13:57:42 -0300] "GET /cormun/servlet/trlicencias? HTTP/1.1" 200 11061
181.212.47.136 - - [16/Apr/2024:13:57:43 -0300] "GET /cormun/servlet/hlogin HTTP/1.1" 200 1716
190.171.142.18 - - [16/Apr/2024:13:57:47 -0300] "GET /cormun/servlet/solicitudotadjuntos?INS,2024,21252,,1, HTTP/1.1" 200 6432
190.171.142.18 - - [16/Apr/2024:13:57:47 -0300] "GET /cormun/static/about:blank HTTP/1.1" 404 1011
190.171.142.18 - - [16/Apr/2024:13:57:48 -0300] "GET /cormun/servlet/solicitudotadjuntos?d40547bf8826deab63524dff9ddb4f6dd4d2de1503a2cff080079464a23c4ddbac0116f92611c500e9a36d444d679133,gx-no-cache=1713287276493 HTTP/1.1" 200 30
190.171.142.18 - - [16/Apr/2024:13:57:48 -0300] "POST /cormun/servlet/solicitudotadjuntos?d0eb9159dfeb4314b2ecbe7c80a04cf9,INS,2024,21252,,1,,gx-no-cache=1713287276508 HTTP/1.1" 200 4152
181.212.47.136 - - [16/Apr/2024:13:57:50 -0300] "POST /cormun/servlet/hlogin?9446f2b49fff2e52e734fdfbfa31f0c0,gx-no-cache=1713286460028 HTTP/1.1" 200 90
181.212.47.136 - - [16/Apr/2024:13:57:50 -0300] "GET /cormun/servlet/hpexe_link HTTP/1.1" 200 948
181.212.47.136 - - [16/Apr/2024:13:57:50 -0300] "GET /cormun/servlet/hhome HTTP/1.1" 200 4083
181.212.47.136 - - [16/Apr/2024:13:57:57 -0300] "GET /cormun/servlet/trautorizarsolicitud? HTTP/1.1" 200 9085
181.212.47.136 - - [16/Apr/2024:13:57:57 -0300] "GET /cormun/static/gxcfg.js?202211298474254 HTTP/1.1" 200 953
181.212.47.136 - - [16/Apr/2024:13:57:57 -0300] "GET /cormun/static/calendar-system.css?85620 HTTP/1.1" 200 5572
181.212.47.136 - - [16/Apr/2024:13:57:57 -0300] "GET /cormun/static/trautorizarsolicitud.js?202211298474588 HTTP/1.1" 200 53909
181.212.47.136 - - [16/Apr/2024:13:57:57 -0300] "GET /cormun//static/Resources/PXToolsActionView.png HTTP/1.1" 200 398
181.212.47.136 - - [16/Apr/2024:13:57:57 -0300] "GET /cormun//static/Resources/PXTools/ActionInsert.png HTTP/1.1" 200 1482
181.212.47.136 - - [16/Apr/2024:13:57:57 -0300] "GET /cormun//static/Resources/PXToolsRemoveAllAction.png HTTP/1.1" 200 487
190.171.142.18 - - [16/Apr/2024:13:58:03 -0300] "POST /cormun/servlet/solicitudotadjuntos?gx-no-cache=1713287291323 HTTP/1.1" 200 26
78.108.177.52 - - [16/Apr/2024:13:58:15 -0300] "GET / HTTP/1.0" 200 11197
181.212.47.136 - - [16/Apr/2024:13:58:19 -0300] "POST /cormun/servlet/trautorizarsolicitud?9446f2b49fff2e52e734fdfbfa31f0c0,,gx-no-cache=1713286488494 HTTP/1.1" 200 5985
181.212.47.136 - - [16/Apr/2024:13:58:19 -0300] "GET /cormun/static/Shared/jqueryui/images/ui-bg_highlight-soft_100_c6c2c8_1x100.png HTTP/1.1" 404 1117
181.212.47.136 - - [16/Apr/2024:13:58:19 -0300] "GET /cormun/static/Shared/jqueryui/images/ui-icons_82798d_256x240.png HTTP/1.1" 404 1089
181.212.47.136 - - [16/Apr/2024:13:58:19 -0300] "GET /cormun/static/Shared/jqueryui/images/ui-bg_flat_55_fafafa_40x100.png HTTP/1.1" 404 1097
181.212.47.136 - - [16/Apr/2024:13:58:19 -0300] "GET /cormun/static/Shared/jqueryui/images/ui-icons_8d78a5_256x240.png HTTP/1.1" 404 1089
181.212.47.136 - - [16/Apr/2024:13:58:19 -0300] "POST /cormun/servlet/trautorizarsolicitud?9446f2b49fff2e52e734fdfbfa31f0c0,,gx-no-cache=1713286488641 HTTP/1.1" 200 5930
190.171.142.18 - - [16/Apr/2024:13:58:29 -0300] "GET /cormun/servlet/solicitudotadjuntos?d40547bf8826deab63524dff9ddb4f6d225f31926ddf44a4ce5100257e0fc336,gx-no-cache=1713287318226 HTTP/1.1" 200 30
190.171.142.18 - - [16/Apr/2024:13:58:29 -0300] "GET /cormun/servlet/solicitudotadjuntos?d40547bf8826deab63524dff9ddb4f6d225f31926ddf44a4ce5100257e0fc336,gx-no-cache=1713287318244 HTTP/1.1" 200 30
190.171.142.18 - - [16/Apr/2024:13:58:30 -0300] "POST /cormun/servlet/solicitudotadjuntos?d0eb9159dfeb4314b2ecbe7c80a04cf9,INS,2024,21252,,1, HTTP/1.1" 200 116
190.171.142.18 - - [16/Apr/2024:13:58:30 -0300] "GET /cormun/servlet/hpexe_return? HTTP/1.1" 200 1026
