190.171.142.42 - - [16/Apr/2024:11:07:34 -0300] "GET /cormun/servlet/solicitudot?1939f1241cd5064a812fbcbe18ae0351a347b72c090d15c5916ab8e2736b8ec24d48da596146c735a2c4c59651afd971,gx-no-cache=1713276237944 HTTP/1.1" 200 30
190.171.142.42 - - [16/Apr/2024:11:07:38 -0300] "POST /cormun/servlet/solicitudot?gx-no-cache=1713276241059 HTTP/1.1" 200 30
190.171.141.138 - - [16/Apr/2024:11:07:47 -0300] "GET /cormun/servlet/hlogin HTTP/1.1" 200 1724
190.171.142.42 - - [16/Apr/2024:11:07:47 -0300] "POST /cormun/servlet/solicitudot?d5af4c91f36498af1d8c16731ed6e4b5,INS,0,0,false,,gx-no-cache=1713276250750 HTTP/1.1" 200 13016
190.171.141.138 - - [16/Apr/2024:11:07:50 -0300] "POST /cormun/servlet/hlogin?34372530b40b85170213b77fe26d9423,gx-no-cache=1713276257003 HTTP/1.1" 200 90
190.171.141.138 - - [16/Apr/2024:11:07:50 -0300] "GET /cormun/servlet/hpexe_link HTTP/1.1" 200 967
190.171.141.138 - - [16/Apr/2024:11:07:50 -0300] "GET /cormun/servlet/trautorizarpermisogoce? HTTP/1.1" 200 7323
190.171.152.114 - - [16/Apr/2024:11:07:53 -0300] "GET /favicon.ico HTTP/1.1" 200 21630
190.171.152.114 - - [16/Apr/2024:11:07:54 -0300] "GET /cormun/servlet/trpermisosgoce? HTTP/1.1" 200 6030
190.171.152.114 - - [16/Apr/2024:11:07:55 -0300] "GET /cormun/servlet/hlogin HTTP/1.1" 200 1737
190.171.152.114 - - [16/Apr/2024:11:07:55 -0300] "GET /cormun/servlet/trpermisosgoce? HTTP/1.1" 200 6026
190.171.149.82 - - [16/Apr/2024:11:08:02 -0300] "GET /cormun/servlet/permisogoce?INS,0,,, HTTP/1.1" 200 6787
190.171.152.114 - - [16/Apr/2024:11:08:18 -0300] "POST /cormun/servlet/hlogin?65872e48a90423ca0d499c3687dc20ca,gx-no-cache=1713276285100 HTTP/1.1" 200 90
190.171.152.114 - - [16/Apr/2024:11:08:18 -0300] "GET /cormun/servlet/hpexe_link HTTP/1.1" 200 954
190.171.152.114 - - [16/Apr/2024:11:08:18 -0300] "GET /cormun/servlet/trpermisosgoce HTTP/1.1" 200 8291
190.171.152.114 - - [16/Apr/2024:11:08:22 -0300] "GET /cormun/servlet/permisogoce?INS,0,,, HTTP/1.1" 200 7220
190.171.149.82 - - [16/Apr/2024:11:08:29 -0300] "GET /cormun/servlet/permisogoce?50f81920bd81939e329b6292834aed765eea335d7d93c0a619f000bdf61e97621dcf26abb2ade485dc2bcca615dd0d6fe15a7986e76f693e7df2da458e619872,gx-no-cache=1713276293972 HTTP/1.1" 200 65
190.171.152.114 - - [16/Apr/2024:11:08:36 -0300] "GET /cormun/servlet/permisogoce?6fd39114eb47a5cfed0d8002704e797e1c09c506cae5a0557fc36c3862b829ec47946419e99c951987e92f41f56900e435274113faeb7ca1cde567fab11e20de,gx-no-cache=1713276303562 HTTP/1.1" 200 81
190.171.152.114 - - [16/Apr/2024:11:08:39 -0300] "GET /cormun/static/menuarrow.gif HTTP/1.1" 404 1015
190.171.142.42 - - [16/Apr/2024:11:08:40 -0300] "GET /cormun/servlet/solicitudot?1939f1241cd5064a812fbcbe18ae03519c0328a5f5909a3629c82062b51b488413f7c46569084221ef79b9d93b4a00505f9b2051cc389331591d462e6f739e150beb8c7902a7b0dc407f2585754cad51,gx-no-cache=1713276303030 HTTP/1.1" 200 30
190.171.142.42 - - [16/Apr/2024:11:08:40 -0300] "GET /cormun/servlet/solicitudot?1939f1241cd5064a812fbcbe18ae0351e4870e338855984ee85904f98625e6ec07fe1044aa3e431889562bd993481791c1059d6fa6d980a472ca009af36e0d0b9783ccc9e2e2f05af61ad9e463b49677591c4cdb84ce717cd56dc4962609e367ec6a2d1ab1c6e389373922b85818a4f610114eca2d2ca4e1f8db859abffd32615c868356f578071a3aec895b12ac0cc2deab2f1cf1c4d8d16072f264eff9d9088d64a7e4717d33ec6424a56f09a8a303e65883e34fb94c03c16f4caf059d2ffcbafb7e214c7cc4e4add09648528fef1ddc9a30f9f8fc2afb6f0840e8d62926bea93a1be1ec14489bd9121b17811735b7e4cf9946036e72e2dafbd349215613908d561ad341064a05d4b310dc8cde15ad36048e683ef046c1c662324c295171d219ec352042c91a99995bcb9e7884850256af5b35c1df5d1b064e39a8eb1c54e5e7e6d3359bdfab4cb00bd158650272caf36c6eb4ea2f980d84f052371e5e84d6f4e2fbecc3d59831dfb0e698fc6e985f4315d75ef20b9f87688826caf086b5972f4bc983d8a8a9ddb2940cac67f4ae15,gx-no-cache=1713276303062 HTTP/1.1" 200 30
190.171.142.42 - - [16/Apr/2024:11:08:40 -0300] "POST /cormun/servlet/solicitudot?gx-no-cache=1713276303084 HTTP/1.1" 200 30
190.171.142.42 - - [16/Apr/2024:11:08:40 -0300] "POST /cormun/servlet/solicitudot?gx-no-cache=1713276303106 HTTP/1.1" 200 1481
190.171.142.42 - - [16/Apr/2024:11:08:40 -0300] "POST /cormun/servlet/solicitudot?gx-no-cache=1713276303139 HTTP/1.1" 200 41
190.171.142.42 - - [16/Apr/2024:11:08:40 -0300] "GET /cormun/servlet/solicitudot?1939f1241cd5064a812fbcbe18ae03513ef3cbef8316df93ad41f2f226e36f6bc2f82662401d80f6cc13b288dd08f9b58065965c39b9e93cf04f7885824e6919f8159e0cf0a7e4326c260bb0887d6ee90178c4053f2ab844bffcbbce11681ac6a1748998634161c9b335409e155e6baf,gx-no-cache=1713276303166 HTTP/1.1" 200 110
190.171.142.42 - - [16/Apr/2024:11:08:40 -0300] "POST /cormun/servlet/solicitudot?gx-no-cache=1713276303188 HTTP/1.1" 200 96
190.171.142.42 - - [16/Apr/2024:11:08:40 -0300] "GET /cormun/servlet/solicitudot?1939f1241cd5064a812fbcbe18ae0351a347b72c090d15c5916ab8e2736b8ec24d48da596146c735a2c4c59651afd971,gx-no-cache=1713276303212 HTTP/1.1" 200 30
190.171.142.42 - - [16/Apr/2024:11:08:40 -0300] "POST /cormun/servlet/solicitudot?gx-no-cache=1713276303232 HTTP/1.1" 200 30
190.171.142.42 - - [16/Apr/2024:11:08:40 -0300] "POST /cormun/servlet/solicitudot?d5af4c91f36498af1d8c16731ed6e4b5,INS,0,0,false,,gx-no-cache=1713276303287 HTTP/1.1" 200 93
190.171.142.42 - - [16/Apr/2024:11:08:40 -0300] "GET /cormun/servlet/hpexe_return? HTTP/1.1" 200 1006
190.171.142.42 - - [16/Apr/2024:11:08:40 -0300] "GET /cormun/servlet/trsolicitudot HTTP/1.1" 200 8904
190.171.149.82 - - [16/Apr/2024:11:08:41 -0300] "GET /cormun/servlet/permisogoce?50f81920bd81939e329b6292834aed76a02f54296e48adccc77ffe97ec0e4490ccc3eee06038379c9cd727a834f74ec4a16dca087d94f41fe939ff6970d7c9e9,gx-no-cache=1713276306394 HTTP/1.1" 200 47
190.171.152.114 - - [16/Apr/2024:11:08:44 -0300] "GET /cormun/servlet/permisogoce?6fd39114eb47a5cfed0d8002704e797e5bbea98fbdc9d8644bb4128f38864ba8402b79c940130c096bb0fbf9c693dd2b781ce60b5e939156995d006f7f44ece7,gx-no-cache=1713276311706 HTTP/1.1" 200 47
190.171.142.42 - - [16/Apr/2024:11:08:45 -0300] "POST /cormun/servlet/trsolicitudot?d5af4c91f36498af1d8c16731ed6e4b5,gx-no-cache=1713276307977 HTTP/1.1" 200 5761
190.171.142.42 - - [16/Apr/2024:11:08:45 -0300] "GET /cormun/static/Shared/jqueryui/images/ui-bg_highlight-soft_100_c6c2c8_1x100.png HTTP/1.1" 404 1117
190.171.142.42 - - [16/Apr/2024:11:08:45 -0300] "GET /cormun/static/Shared/jqueryui/images/ui-icons_82798d_256x240.png HTTP/1.1" 404 1089
190.171.142.42 - - [16/Apr/2024:11:08:45 -0300] "GET /cormun/static/Shared/jqueryui/images/ui-bg_flat_55_fafafa_40x100.png HTTP/1.1" 404 1097
190.171.142.42 - - [16/Apr/2024:11:08:45 -0300] "GET /cormun/static/Shared/jqueryui/images/ui-icons_8d78a5_256x240.png HTTP/1.1" 404 1089
190.171.142.42 - - [16/Apr/2024:11:08:45 -0300] "POST /cormun/servlet/trsolicitudot?d5af4c91f36498af1d8c16731ed6e4b5,gx-no-cache=1713276308090 HTTP/1.1" 200 5704
190.171.142.42 - - [16/Apr/2024:11:08:45 -0300] "POST /cormun/servlet/trsolicitudot?d5af4c91f36498af1d8c16731ed6e4b5,gx-no-cache=1713276308840 HTTP/1.1" 200 4561
190.171.142.42 - - [16/Apr/2024:11:08:45 -0300] "POST /cormun/servlet/trsolicitudot?d5af4c91f36498af1d8c16731ed6e4b5,gx-no-cache=1713276308932 HTTP/1.1" 200 4322
190.171.152.114 - - [16/Apr/2024:11:08:52 -0300] "POST /cormun/servlet/permisogoce?65872e48a90423ca0d499c3687dc20ca,INS,0,,,,gx-no-cache=1713276318918 HTTP/1.1" 200 93
190.171.152.114 - - [16/Apr/2024:11:08:52 -0300] "GET /cormun/servlet/hpexe_return? HTTP/1.1" 200 1007
190.171.152.114 - - [16/Apr/2024:11:08:52 -0300] "GET /cormun/servlet/trpermisosgoce HTTP/1.1" 200 8542
190.171.152.114 - - [16/Apr/2024:11:08:54 -0300] "GET /cormun/servlet/apermisogoceprn?10825194,P,20240416100451,PU HTTP/1.1" 200 1656
181.212.43.89 - - [16/Apr/2024:11:08:57 -0300] "GET /cormun/servlet/trlicencias? HTTP/1.1" 200 6047
181.212.43.89 - - [16/Apr/2024:11:08:57 -0300] "GET /cormun/servlet/hlogin HTTP/1.1" 200 1738
181.212.43.89 - - [16/Apr/2024:11:09:03 -0300] "POST /cormun/servlet/hlogin?d9475e22344c3381eff11030d00fb093,gx-no-cache=1713276328773 HTTP/1.1" 200 90
181.212.43.89 - - [16/Apr/2024:11:09:03 -0300] "GET /cormun/servlet/hpexe_link HTTP/1.1" 200 955
181.212.43.89 - - [16/Apr/2024:11:09:03 -0300] "GET /cormun/servlet/trlicencias HTTP/1.1" 200 12131
181.212.43.89 - - [16/Apr/2024:11:09:07 -0300] "GET /cormun/servlet/hhome HTTP/1.1" 200 4015
190.171.149.82 - - [16/Apr/2024:11:09:08 -0300] "POST /cormun/servlet/permisogoce?4739bfd6b7e5c0760d0b2a47c1321db4,INS,0,,,,gx-no-cache=1713276324328 HTTP/1.1" 200 93
190.171.149.82 - - [16/Apr/2024:11:09:10 -0300] "GET /cormun/servlet/hpexe_return? HTTP/1.1" 200 1006
190.171.149.82 - - [16/Apr/2024:11:09:11 -0300] "GET /cormun/servlet/trpermisosgoce HTTP/1.1" 200 9313
190.171.149.82 - - [16/Apr/2024:11:09:18 -0300] "GET /cormun/servlet/apermisogoceprn?17245052,P,20240416100432,PU HTTP/1.1" 200 1646
190.171.149.82 - - [16/Apr/2024:11:09:20 -0300] "GET /cormun/servlet/apermisogoceprn?17245052,P,20240416100432,PU HTTP/1.1" 200 1648
190.171.143.90 - - [16/Apr/2024:11:13:22 -0300] "GET /cormun/servlet/hlogin HTTP/1.1" 200 1718
190.171.143.90 - - [16/Apr/2024:11:13:22 -0300] "GET /cormun/servlet/hlogin HTTP/1.1" 200 1728
190.171.143.90 - - [16/Apr/2024:11:13:31 -0300] "POST /cormun/servlet/hlogin?ba04b3960cb11ffd2760a5dc7e2f00cc,gx-no-cache=1713276597810 HTTP/1.1" 200 90
190.171.143.90 - - [16/Apr/2024:11:13:31 -0300] "GET /cormun/servlet/hpexe_link HTTP/1.1" 200 949
190.171.143.90 - - [16/Apr/2024:11:13:31 -0300] "GET /cormun/servlet/hhome HTTP/1.1" 200 4320
190.171.143.90 - - [16/Apr/2024:11:13:36 -0300] "GET /cormun/servlet/trlicencias? HTTP/1.1" 200 14288
35.202.9.133 - - [16/Apr/2024:11:15:00 -0300] "GET / HTTP/1.1" 200 11217
190.171.152.138 - - [16/Apr/2024:11:15:18 -0300] "GET /cormun/servlet/trpermisosadjuntos?13344072,20240416095804,P, HTTP/1.1" 200 6178
195.140.227.163 - - [16/Apr/2024:11:15:19 -0300] "GET /manager/html HTTP/1.1" 401 2474
190.171.152.138 - - [16/Apr/2024:11:15:20 -0300] "GET /cormun/servlet/permisosadjuntos?INS,13344072,P,20240416095804,, HTTP/1.1" 200 5500
190.171.152.138 - - [16/Apr/2024:11:15:20 -0300] "GET /cormun/static/about:blank HTTP/1.1" 404 1011
190.171.152.138 - - [16/Apr/2024:11:15:52 -0300] "GET /cormun/servlet/hlogin HTTP/1.1" 200 1718
190.171.143.82 - - [16/Apr/2024:11:16:36 -0300] "GET /cormun/servlet/permisogoce?INS,0,,, HTTP/1.1" 200 6025
190.171.143.82 - - [16/Apr/2024:11:16:38 -0300] "GET /cormun/servlet/hlogin HTTP/1.1" 200 1740
190.171.143.82 - - [16/Apr/2024:11:16:47 -0300] "POST /cormun/servlet/hlogin?a3d91f61a679c47883fbde43f9951c68,gx-no-cache=1713276793603 HTTP/1.1" 200 90
190.171.143.82 - - [16/Apr/2024:11:16:47 -0300] "GET /cormun/servlet/hpexe_link HTTP/1.1" 200 957
190.171.143.82 - - [16/Apr/2024:11:16:48 -0300] "GET /cormun/servlet/permisogoce?INS,0,,, HTTP/1.1" 200 6934
190.171.143.82 - - [16/Apr/2024:11:17:20 -0300] "GET /cormun/servlet/permisogoce?d8b31ac9e34ce3ba7081b3df18d8d4a03749bf29201e640d512354dd77b6d9813bda4ae28285ac29ace19c6164c663c19f24ce1761af03835e723692e46f591c,gx-no-cache=1713276826422 HTTP/1.1" 200 75
190.171.143.82 - - [16/Apr/2024:11:17:28 -0300] "GET /cormun/servlet/permisogoce?d8b31ac9e34ce3ba7081b3df18d8d4a02a8da2e1c39ce6d51e311fa8f2dcdf2c65d84acf060bcc5f786b20f3f22fdb622474666ed2d0a068fc9cd41c848c37f1,gx-no-cache=1713276834481 HTTP/1.1" 200 47
190.171.143.82 - - [16/Apr/2024:11:17:31 -0300] "POST /cormun/servlet/permisogoce?a3d91f61a679c47883fbde43f9951c68,INS,0,,,,gx-no-cache=1713276837225 HTTP/1.1" 200 93
190.171.143.82 - - [16/Apr/2024:11:17:32 -0300] "GET /cormun/servlet/hpexe_return? HTTP/1.1" 200 1001
190.171.143.82 - - [16/Apr/2024:11:17:32 -0300] "GET /cormun/servlet/hhome HTTP/1.1" 200 4238
190.171.143.82 - - [16/Apr/2024:11:18:15 -0300] "GET /cormun/servlet/trpermisosgoce? HTTP/1.1" 200 12635
190.171.143.82 - - [16/Apr/2024:11:18:22 -0300] "GET /cormun/servlet/apermisogoceprn?16881995,P,20240416101317,PU HTTP/1.1" 200 1646
195.140.227.163 - - [16/Apr/2024:11:19:02 -0300] "GET /manager/html HTTP/1.1" 401 2474
190.171.143.82 - - [16/Apr/2024:11:20:06 -0300] "GET /cormun/servlet/permisogoce?INS,0,,, HTTP/1.1" 200 7130
190.171.142.18 - - [16/Apr/2024:11:20:10 -0300] "GET /cormun/servlet/hlogin HTTP/1.1" 200 1718
190.171.142.18 - - [16/Apr/2024:11:20:14 -0300] "POST /cormun/servlet/hlogin?e00d95d78de62466eea6e176b67af5b3,gx-no-cache=1713277823082 HTTP/1.1" 200 90
190.171.142.18 - - [16/Apr/2024:11:20:14 -0300] "GET /cormun/servlet/hpexe_link HTTP/1.1" 200 950
190.171.142.18 - - [16/Apr/2024:11:20:14 -0300] "GET /cormun/servlet/hhome HTTP/1.1" 200 4378
190.171.143.82 - - [16/Apr/2024:11:20:16 -0300] "GET /cormun/servlet/permisogoce?d8b31ac9e34ce3ba7081b3df18d8d4a00bad7c025e588309f3d042b118ed1a003bda4ae28285ac29ace19c6164c663c19f24ce1761af03835e723692e46f591c,gx-no-cache=1713277002719 HTTP/1.1" 200 81
190.171.142.18 - - [16/Apr/2024:11:20:17 -0300] "GET /cormun/servlet/trsolicitudot? HTTP/1.1" 200 7602
190.171.143.82 - - [16/Apr/2024:11:20:22 -0300] "GET /cormun/servlet/permisogoce?d8b31ac9e34ce3ba7081b3df18d8d4a09ced6f0e04b94d93dac2a5305238c36f0ce08c5ec1cbec0bab83ccb36e37cb342474666ed2d0a068fc9cd41c848c37f1,gx-no-cache=1713277008138 HTTP/1.1" 200 47
190.171.142.18 - - [16/Apr/2024:11:20:22 -0300] "GET /cormun/servlet/solicitudot?INS,0,0,false, HTTP/1.1" 200 16357
190.171.143.82 - - [16/Apr/2024:11:20:39 -0300] "POST /cormun/servlet/permisogoce?a3d91f61a679c47883fbde43f9951c68,INS,0,,,,gx-no-cache=1713277024664 HTTP/1.1" 200 93
190.171.142.18 - - [16/Apr/2024:11:20:39 -0300] "POST /cormun/servlet/solicitudot?gx-no-cache=1713277847454 HTTP/1.1" 200 4022
190.171.143.82 - - [16/Apr/2024:11:20:39 -0300] "GET /cormun/servlet/hpexe_return? HTTP/1.1" 200 1003
190.171.142.18 - - [16/Apr/2024:11:20:39 -0300] "POST /cormun/servlet/solicitudot?e00d95d78de62466eea6e176b67af5b3,INS,0,0,false,,gx-no-cache=1713277847598 HTTP/1.1" 200 12876
190.171.143.82 - - [16/Apr/2024:11:20:39 -0300] "GET /cormun/servlet/trpermisosgoce HTTP/1.1" 200 12893
190.171.143.82 - - [16/Apr/2024:11:20:45 -0300] "GET /cormun/servlet/apermisogoceprn?15126226,P,20240416101636,PU HTTP/1.1" 200 1652
190.171.142.18 - - [16/Apr/2024:11:20:46 -0300] "GET /cormun/servlet/solicitudot?718337a0e68c8edc66f6bd97763a4b0744e23489a3bba552434ee0a2bbc520ebb2338c3c5acf653d7ac258f5cdb8a753,gx-no-cache=1713277855056 HTTP/1.1" 200 30
190.171.153.34 - - [16/Apr/2024:11:21:24 -0300] "GET /cormun/servlet/hlogin HTTP/1.1" 200 1724
190.171.153.34 - - [16/Apr/2024:11:21:24 -0300] "GET /cormun/servlet/hlogin HTTP/1.1" 200 1735
190.171.143.90 - - [16/Apr/2024:11:21:29 -0300] "GET /cormun/static/menuarrow.gif HTTP/1.1" 404 1015
190.171.153.34 - - [16/Apr/2024:11:21:30 -0300] "POST /cormun/servlet/hlogin?ab716d2c3417a58334b7e247b2462cdd,gx-no-cache=1713277076758 HTTP/1.1" 200 90
190.171.153.34 - - [16/Apr/2024:11:21:31 -0300] "GET /cormun/servlet/hpexe_link HTTP/1.1" 200 953
190.171.153.34 - - [16/Apr/2024:11:21:31 -0300] "GET /cormun/servlet/hhome HTTP/1.1" 200 4218
190.171.143.90 - - [16/Apr/2024:11:21:36 -0300] "POST /cormun/servlet/trlicencias?ba04b3960cb11ffd2760a5dc7e2f00cc,,gx-no-cache=1713277082712 HTTP/1.1" 200 14073
190.171.153.34 - - [16/Apr/2024:11:21:37 -0300] "GET /cormun/servlet/trpermisosingoceautorizar? HTTP/1.1" 200 7010
190.171.153.34 - - [16/Apr/2024:11:21:37 -0300] "GET /cormun/static/gxui/gxui-all.css?110300 HTTP/1.1" 200 2179
190.171.153.34 - - [16/Apr/2024:11:21:37 -0300] "GET /cormun/static/calendar-system.css?75620 HTTP/1.1" 200 5572
190.171.153.34 - - [16/Apr/2024:11:21:37 -0300] "GET /cormun/static/gxcfg.js?20199142052090 HTTP/1.1" 200 953
190.171.153.34 - - [16/Apr/2024:11:21:37 -0300] "GET /cormun/static/trpermisosingoceautorizar.js?20199142052670 HTTP/1.1" 200 32551
190.171.153.34 - - [16/Apr/2024:11:21:37 -0300] "GET /cormun/static/Resources/Spanish/PXTools.css?19172979 HTTP/1.1" 200 100853
190.171.153.34 - - [16/Apr/2024:11:21:37 -0300] "GET /cormun/static/Shared/ext/resources/css/ext-all.css?205870 HTTP/1.1" 200 416045
190.171.153.34 - - [16/Apr/2024:11:21:38 -0300] "POST /cormun/servlet/acontrolpreferencessavestate?None,GCONTRERAS,true HTTP/1.1" 200 35
190.171.153.34 - - [16/Apr/2024:11:21:39 -0300] "POST /cormun/servlet/trpermisosingoceautorizar?ab716d2c3417a58334b7e247b2462cdd,,gx-no-cache=1713277085696 HTTP/1.1" 200 4361
190.171.153.34 - - [16/Apr/2024:11:22:17 -0300] "GET /cormun/servlet/trsolicitudot? HTTP/1.1" 200 9142
195.140.227.163 - - [16/Apr/2024:11:22:20 -0300] "GET /manager/html HTTP/1.1" 401 2474
190.171.152.138 - - [16/Apr/2024:11:22:20 -0300] "POST /cormun/servlet/permisosadjuntos?c702ece1519e90327b2dd8d9842c0ce6,INS,13344072,P,20240416095804,, HTTP/1.1" 200 116
190.171.152.138 - - [16/Apr/2024:11:22:20 -0300] "GET /cormun/servlet/hpexe_return? HTTP/1.1" 200 1036
190.171.152.138 - - [16/Apr/2024:11:22:21 -0300] "GET /cormun/servlet/trpermisosadjuntos?13344072,20240416095804,P, HTTP/1.1" 200 6101
190.171.152.138 - - [16/Apr/2024:11:22:21 -0300] "GET /cormun/servlet/hlogin HTTP/1.1" 200 1761
190.171.152.138 - - [16/Apr/2024:11:22:36 -0300] "POST /cormun/servlet/hlogin?c702ece1519e90327b2dd8d9842c0ce6,gx-no-cache=1713277142123 HTTP/1.1" 200 90
190.171.152.138 - - [16/Apr/2024:11:22:36 -0300] "GET /cormun/servlet/hpexe_link HTTP/1.1" 200 981
190.171.152.138 - - [16/Apr/2024:11:22:36 -0300] "GET /cormun/servlet/trpermisosadjuntos?13344072,20240416095804,P, HTTP/1.1" 200 6655
190.171.153.34 - - [16/Apr/2024:11:22:59 -0300] "POST /cormun/servlet/trsolicitudot?ab716d2c3417a58334b7e247b2462cdd,,gx-no-cache=1713277165487 HTTP/1.1" 200 6047
190.171.153.34 - - [16/Apr/2024:11:22:59 -0300] "POST /cormun/servlet/trsolicitudot?ab716d2c3417a58334b7e247b2462cdd,,gx-no-cache=1713277165623 HTTP/1.1" 200 6028
190.171.152.138 - - [16/Apr/2024:11:23:15 -0300] "POST /cormun/servlet/trpermisosadjuntos?c702ece1519e90327b2dd8d9842c0ce6,13344072,20240416095804,P,,gx-no-cache=1713277181238 HTTP/1.1" 200 90
190.171.152.138 - - [16/Apr/2024:11:23:15 -0300] "GET /cormun/servlet/hpexe_link HTTP/1.1" 200 981
190.171.152.138 - - [16/Apr/2024:11:23:15 -0300] "GET /cormun/servlet/trpermisosgoce HTTP/1.1" 200 10612
190.171.153.34 - - [16/Apr/2024:11:23:17 -0300] "POST /cormun/servlet/trsolicitudot?ab716d2c3417a58334b7e247b2462cdd,,gx-no-cache=1713277182883 HTTP/1.1" 200 10561
190.171.152.138 - - [16/Apr/2024:11:23:36 -0300] "POST /cormun/servlet/trpermisosgoce?c702ece1519e90327b2dd8d9842c0ce6,gx-no-cache=1713277201870 HTTP/1.1" 200 7979
190.171.152.138 - - [16/Apr/2024:11:23:36 -0300] "GET /cormun/static/Shared/jqueryui/images/ui-bg_highlight-soft_100_c6c2c8_1x100.png HTTP/1.1" 404 1117
190.171.152.138 - - [16/Apr/2024:11:23:36 -0300] "GET /cormun/static/Shared/jqueryui/images/ui-icons_82798d_256x240.png HTTP/1.1" 404 1089
190.171.152.138 - - [16/Apr/2024:11:23:36 -0300] "GET /cormun/static/Shared/jqueryui/images/ui-bg_flat_55_fafafa_40x100.png HTTP/1.1" 404 1097
190.171.152.138 - - [16/Apr/2024:11:23:36 -0300] "GET /cormun/static/Shared/jqueryui/images/ui-icons_8d78a5_256x240.png HTTP/1.1" 404 1089
190.171.152.138 - - [16/Apr/2024:11:23:47 -0300] "GET /cormun/servlet/hlogin HTTP/1.1" 200 1736
190.171.153.34 - - [16/Apr/2024:11:23:47 -0300] "POST /cormun/servlet/trsolicitudot?ab716d2c3417a58334b7e247b2462cdd,,gx-no-cache=1713277213135 HTTP/1.1" 200 10247
190.171.153.34 - - [16/Apr/2024:11:23:47 -0300] "POST /cormun/servlet/trsolicitudot?ab716d2c3417a58334b7e247b2462cdd,,gx-no-cache=1713277213387 HTTP/1.1" 200 10226
190.171.153.34 - - [16/Apr/2024:11:23:53 -0300] "POST /cormun/servlet/trsolicitudot?ab716d2c3417a58334b7e247b2462cdd,,gx-no-cache=1713277219588 HTTP/1.1" 200 4655
190.171.152.138 - - [16/Apr/2024:11:24:04 -0300] "POST /cormun/servlet/hlogin?c702ece1519e90327b2dd8d9842c0ce6,gx-no-cache=1713277230659 HTTP/1.1" 200 90
190.171.152.138 - - [16/Apr/2024:11:24:04 -0300] "GET /cormun/servlet/hpexe_link HTTP/1.1" 200 948
190.171.152.138 - - [16/Apr/2024:11:24:05 -0300] "GET /cormun/servlet/hhome HTTP/1.1" 200 4311
190.171.152.138 - - [16/Apr/2024:11:24:15 -0300] "GET /cormun/servlet/trautorizarpermisogoce? HTTP/1.1" 200 7999
190.171.142.18 - - [16/Apr/2024:11:24:17 -0300] "GET /cormun/servlet/prbanco?,MD,,gxPopupLevel%3D0%3B HTTP/1.1" 200 6734
190.171.142.18 - - [16/Apr/2024:11:24:17 -0300] "GET /cormun/static/gxcfg.js?20201216131581 HTTP/1.1" 200 953
190.171.142.18 - - [16/Apr/2024:11:24:17 -0300] "GET /cormun/static/prbanco.js?20201216132311 HTTP/1.1" 200 10693
190.171.142.18 - - [16/Apr/2024:11:24:20 -0300] "GET /cormun/servlet/solicitudot?718337a0e68c8edc66f6bd97763a4b0765d9ea640d8442c491f21c3608bd6b7cf58e8c57720919f09136b98f283c992c8fa5b743064005fb4bd99d0dfba0bc42,gx-no-cache=1713278069377 HTTP/1.1" 200 30
190.171.142.18 - - [16/Apr/2024:11:24:22 -0300] "GET /cormun/servlet/solicitudot?718337a0e68c8edc66f6bd97763a4b07114f71df59f7ebe72e3430567c0f3544,gx-no-cache=1713278070956 HTTP/1.1" 200 53
190.171.152.138 - - [16/Apr/2024:11:24:26 -0300] "POST /cormun/servlet/trautorizarpermisogoce?c702ece1519e90327b2dd8d9842c0ce6,,gx-no-cache=1713277251869 HTTP/1.1" 200 4513
190.171.142.18 - - [16/Apr/2024:11:24:49 -0300] "POST /cormun/servlet/solicitudot?gx-no-cache=1713278097515 HTTP/1.1" 200 297
190.171.142.18 - - [16/Apr/2024:11:24:49 -0300] "GET /cormun/servlet/solicitudot?718337a0e68c8edc66f6bd97763a4b07e3ed75804932ce3b87b1caeb13da3e4ff026c05386ae365ff39076f8dfdd4d722bc7aff076921090ed5baa36503de8d6fd3fcce097fd2a784435c64cd650b31409b0fb18ca618fe3b2ceca432c636ee7a45160d7d1ce337a662ef6e2d085fbf48cc192ddbec380ba7aa7f00632a358b81d35eacf21def261d5e4584e26bf0b653886d293d06e1d4849c36be86f972fe84143dc30895ed170674829b159f83bfba29fe23cc5f2946ebb4c7eeb6cbac09b9b2e82dbc1d374d2decf17bdac492063006b7d335461306a65430bd6f15fffca5f1778ad249875a28f279e51f0866be34dd50c8cafe8976f2df31bfd6711a1f350cd705b32c10180edaf143f480a90500139f66e5e20168821f3b72129f56b840ebcfdf5f0312f73fbdc5b5ae8afab4037715d686ba38a63227ab2d6eae9d6e5d1b7b7d90f09a3e339f143c025916816c89d81004ad7135a80d7fc1df10b5b1d038ade9b92a0739f0b9daae9bc04682084c6c649a0f76057b5e9ffbfa204ec6998a0823d8708dafec6dc84719e1d2d60,gx-no-cache=1713278097553 HTTP/1.1" 200 30
190.171.142.18 - - [16/Apr/2024:11:24:58 -0300] "POST /cormun/servlet/solicitudot?gx-no-cache=1713278107346 HTTP/1.1" 200 30
190.171.152.138 - - [16/Apr/2024:11:24:59 -0300] "GET /cormun/servlet/hlogin HTTP/1.1" 200 1739
190.171.142.18 - - [16/Apr/2024:11:25:03 -0300] "POST /cormun/servlet/solicitudot?gx-no-cache=1713278112253 HTTP/1.1" 200 1479
190.171.142.18 - - [16/Apr/2024:11:25:03 -0300] "POST /cormun/servlet/solicitudot?gx-no-cache=1713278112294 HTTP/1.1" 200 38
190.171.152.138 - - [16/Apr/2024:11:25:12 -0300] "POST /cormun/servlet/hlogin?c702ece1519e90327b2dd8d9842c0ce6,gx-no-cache=1713277298243 HTTP/1.1" 200 90
190.171.152.138 - - [16/Apr/2024:11:25:12 -0300] "GET /cormun/servlet/hpexe_link HTTP/1.1" 200 948
190.171.152.138 - - [16/Apr/2024:11:25:12 -0300] "GET /cormun/servlet/hhome HTTP/1.1" 200 3858
190.171.152.138 - - [16/Apr/2024:11:25:17 -0300] "GET /cormun/servlet/trpermisosgoce? HTTP/1.1" 200 10546
190.171.152.138 - - [16/Apr/2024:11:25:23 -0300] "GET /cormun/servlet/hlogin HTTP/1.1" 200 1734
190.171.142.18 - - [16/Apr/2024:11:25:31 -0300] "GET /cormun/servlet/solicitudot?718337a0e68c8edc66f6bd97763a4b07e5f91f370a67ad3ec32e4f1c47b41eff8a1b9a18214b9e57a2d3d58163356b5fc35db75ab045bba4aa68cdfb4fe67e05c3096086c04c2c83bfac75c17d8ea8b67b5cd340d2f9b7fb8578834e989effc291fc4eea3d3b3c0cb519def667547e62,gx-no-cache=1713278140381 HTTP/1.1" 200 110
190.171.142.18 - - [16/Apr/2024:11:25:48 -0300] "POST /cormun/servlet/solicitudot?gx-no-cache=1713278156363 HTTP/1.1" 200 83
195.140.227.163 - - [16/Apr/2024:11:25:57 -0300] "GET /manager/html HTTP/1.1" 401 2474
190.171.142.18 - - [16/Apr/2024:11:29:15 -0300] "GET /cormun/servlet/solicitudot?718337a0e68c8edc66f6bd97763a4b0788aecff23fc3c0485c71245f905ae47e0da00948b5b94eee9d6bba421f9105a2cd27962edcc26fdb026298db2b8b8748e1eab917d80702dba3c21689481a62b70655816082f42f4cdabafcd3d85abcae14f1bca46f050d0f8351e7faf0b1ccaf,gx-no-cache=1713278364098 HTTP/1.1" 200 29
190.171.142.18 - - [16/Apr/2024:11:29:15 -0300] "GET /cormun/static/menuarrow.gif HTTP/1.1" 404 1015
190.171.142.18 - - [16/Apr/2024:11:29:20 -0300] "GET /cormun/servlet/solicitudot?718337a0e68c8edc66f6bd97763a4b079d81dfab7b7cc6af2b9481d3259d340a6ed70e32d789552a2781c8080d6e7203,gx-no-cache=1713278369265 HTTP/1.1" 200 30
190.171.142.18 - - [16/Apr/2024:11:29:30 -0300] "POST /cormun/servlet/solicitudot?gx-no-cache=1713278379366 HTTP/1.1" 200 30
195.140.227.163 - - [16/Apr/2024:11:29:49 -0300] "GET /manager/html HTTP/1.1" 401 2474
190.171.142.18 - - [16/Apr/2024:11:29:55 -0300] "POST /cormun/servlet/solicitudot?e00d95d78de62466eea6e176b67af5b3,INS,0,0,false,,gx-no-cache=1713278402908 HTTP/1.1" 200 93
190.171.142.18 - - [16/Apr/2024:11:29:55 -0300] "GET /cormun/servlet/hpexe_return? HTTP/1.1" 200 1006
190.171.142.18 - - [16/Apr/2024:11:29:55 -0300] "GET /cormun/servlet/trsolicitudot HTTP/1.1" 200 9010
190.171.142.18 - - [16/Apr/2024:11:30:00 -0300] "POST /cormun/servlet/trsolicitudot?e00d95d78de62466eea6e176b67af5b3,gx-no-cache=1713278408509 HTTP/1.1" 200 107
190.171.142.18 - - [16/Apr/2024:11:30:00 -0300] "GET /cormun/servlet/trsolicitudadjuntos?2024,21247, HTTP/1.1" 200 6485
190.171.142.18 - - [16/Apr/2024:11:30:02 -0300] "GET /cormun/servlet/solicitudotadjuntos?INS,2024,21247,,1, HTTP/1.1" 200 6430
190.171.142.18 - - [16/Apr/2024:11:30:02 -0300] "GET /cormun/static/about:blank HTTP/1.1" 404 1011
190.171.142.18 - - [16/Apr/2024:11:30:03 -0300] "GET /cormun/servlet/solicitudotadjuntos?718337a0e68c8edc66f6bd97763a4b07885ff46146b60c5977406b9535d98e503029fdb782a5897c42c006c57765e69b,gx-no-cache=1713278411676 HTTP/1.1" 200 30
190.171.142.18 - - [16/Apr/2024:11:30:03 -0300] "POST /cormun/servlet/solicitudotadjuntos?e00d95d78de62466eea6e176b67af5b3,INS,2024,21247,,1,,gx-no-cache=1713278411726 HTTP/1.1" 200 4152
190.171.142.18 - - [16/Apr/2024:11:30:08 -0300] "POST /cormun/servlet/solicitudotadjuntos?gx-no-cache=1713278416981 HTTP/1.1" 200 26
190.171.142.18 - - [16/Apr/2024:11:31:03 -0300] "GET /cormun/servlet/solicitudotadjuntos?718337a0e68c8edc66f6bd97763a4b0762eba83a944372b27d781f476b74a06c,gx-no-cache=1713278471345 HTTP/1.1" 200 30
190.171.142.18 - - [16/Apr/2024:11:31:03 -0300] "GET /cormun/servlet/solicitudotadjuntos?718337a0e68c8edc66f6bd97763a4b0762eba83a944372b27d781f476b74a06c,gx-no-cache=1713278471444 HTTP/1.1" 200 30
190.171.142.18 - - [16/Apr/2024:11:31:03 -0300] "POST /cormun/servlet/solicitudotadjuntos?e00d95d78de62466eea6e176b67af5b3,INS,2024,21247,,1, HTTP/1.1" 200 116
190.171.142.18 - - [16/Apr/2024:11:31:03 -0300] "GET /cormun/servlet/hpexe_return? HTTP/1.1" 200 1024
190.171.142.18 - - [16/Apr/2024:11:31:03 -0300] "GET /cormun/servlet/trsolicitudadjuntos?2024,21247, HTTP/1.1" 200 9411
190.171.142.18 - - [16/Apr/2024:11:31:06 -0300] "GET /cormun/servlet/solicitudotadjuntos?INS,2024,21247,,1, HTTP/1.1" 200 6429
190.171.142.18 - - [16/Apr/2024:11:31:06 -0300] "GET /cormun/static/about:blank HTTP/1.1" 404 1011
190.171.142.18 - - [16/Apr/2024:11:31:07 -0300] "GET /cormun/servlet/solicitudotadjuntos?718337a0e68c8edc66f6bd97763a4b07885ff46146b60c5977406b9535d98e503029fdb782a5897c42c006c57765e69b,gx-no-cache=1713278475508 HTTP/1.1" 200 30
190.171.142.18 - - [16/Apr/2024:11:31:07 -0300] "POST /cormun/servlet/solicitudotadjuntos?e00d95d78de62466eea6e176b67af5b3,INS,2024,21247,,1,,gx-no-cache=1713278475547 HTTP/1.1" 200 4151
190.171.142.18 - - [16/Apr/2024:11:31:21 -0300] "POST /cormun/servlet/solicitudotadjuntos?gx-no-cache=1713278489866 HTTP/1.1" 200 26
190.171.141.82 - - [16/Apr/2024:11:31:30 -0300] "GET /cormun/servlet/trsolicitudot? HTTP/1.1" 200 6334
190.171.141.82 - - [16/Apr/2024:11:31:31 -0300] "GET /cormun/servlet/hlogin HTTP/1.1" 200 1744
190.171.142.18 - - [16/Apr/2024:11:31:31 -0300] "GET /cormun/servlet/solicitudotadjuntos?718337a0e68c8edc66f6bd97763a4b0762eba83a944372b27d781f476b74a06c,gx-no-cache=1713278499905 HTTP/1.1" 200 30
190.171.142.18 - - [16/Apr/2024:11:31:31 -0300] "GET /cormun/servlet/solicitudotadjuntos?718337a0e68c8edc66f6bd97763a4b0762eba83a944372b27d781f476b74a06c,gx-no-cache=1713278499921 HTTP/1.1" 200 30
190.171.142.18 - - [16/Apr/2024:11:31:31 -0300] "POST /cormun/servlet/solicitudotadjuntos?e00d95d78de62466eea6e176b67af5b3,INS,2024,21247,,1, HTTP/1.1" 200 116
190.171.142.18 - - [16/Apr/2024:11:31:31 -0300] "GET /cormun/servlet/hpexe_return? HTTP/1.1" 200 1024
190.171.142.18 - - [16/Apr/2024:11:31:32 -0300] "GET /cormun/servlet/trsolicitudadjuntos?2024,21247, HTTP/1.1" 200 9642
190.171.141.82 - - [16/Apr/2024:11:31:34 -0300] "POST /cormun/servlet/hlogin?622bac75811292cdfc221b9d5544804f,gx-no-cache=1713277679776 HTTP/1.1" 200 90
190.171.141.82 - - [16/Apr/2024:11:31:34 -0300] "GET /cormun/servlet/hpexe_link HTTP/1.1" 200 962
190.171.142.18 - - [16/Apr/2024:11:31:34 -0300] "GET /cormun/servlet/solicitudotadjuntos?INS,2024,21247,,1, HTTP/1.1" 200 6430
190.171.142.18 - - [16/Apr/2024:11:31:34 -0300] "GET /cormun/static/about:blank HTTP/1.1" 404 1011
190.171.141.82 - - [16/Apr/2024:11:31:34 -0300] "GET /cormun/servlet/trsolicitudot HTTP/1.1" 200 7367
190.171.142.18 - - [16/Apr/2024:11:31:34 -0300] "GET /cormun/servlet/solicitudotadjuntos?718337a0e68c8edc66f6bd97763a4b07885ff46146b60c5977406b9535d98e503029fdb782a5897c42c006c57765e69b,gx-no-cache=1713278503226 HTTP/1.1" 200 30
190.171.142.18 - - [16/Apr/2024:11:31:34 -0300] "POST /cormun/servlet/solicitudotadjuntos?e00d95d78de62466eea6e176b67af5b3,INS,2024,21247,,1,,gx-no-cache=1713278503262 HTTP/1.1" 200 4152
190.171.142.18 - - [16/Apr/2024:11:31:38 -0300] "POST /cormun/servlet/solicitudotadjuntos?gx-no-cache=1713278506865 HTTP/1.1" 200 26
190.171.141.82 - - [16/Apr/2024:11:31:40 -0300] "POST /cormun/servlet/trsolicitudot?622bac75811292cdfc221b9d5544804f,gx-no-cache=1713277685930 HTTP/1.1" 200 7831
190.171.141.82 - - [16/Apr/2024:11:31:40 -0300] "GET /cormun//static/Resources/PXToolsActionView.png HTTP/1.1" 200 398
190.171.141.82 - - [16/Apr/2024:11:31:40 -0300] "GET /cormun//static/Resources/PXToolsRemoveAllAction.png HTTP/1.1" 200 487
190.171.141.82 - - [16/Apr/2024:11:31:44 -0300] "GET /cormun/servlet/solicitudot?INS,0,0,false, HTTP/1.1" 200 16308
190.171.142.18 - - [16/Apr/2024:11:31:47 -0300] "GET /cormun/servlet/solicitudotadjuntos?718337a0e68c8edc66f6bd97763a4b0762eba83a944372b27d781f476b74a06c,gx-no-cache=1713278515481 HTTP/1.1" 200 30
190.171.142.18 - - [16/Apr/2024:11:31:47 -0300] "GET /cormun/servlet/solicitudotadjuntos?718337a0e68c8edc66f6bd97763a4b0762eba83a944372b27d781f476b74a06c,gx-no-cache=1713278515507 HTTP/1.1" 200 30
190.171.142.18 - - [16/Apr/2024:11:31:47 -0300] "POST /cormun/servlet/solicitudotadjuntos?e00d95d78de62466eea6e176b67af5b3,INS,2024,21247,,1, HTTP/1.1" 200 116
190.171.142.18 - - [16/Apr/2024:11:31:47 -0300] "GET /cormun/servlet/hpexe_return? HTTP/1.1" 200 1024
190.171.142.18 - - [16/Apr/2024:11:31:47 -0300] "GET /cormun/servlet/trsolicitudadjuntos?2024,21247, HTTP/1.1" 200 9885
190.171.142.18 - - [16/Apr/2024:11:31:52 -0300] "GET /cormun/servlet/solicitudotadjuntos?INS,2024,21247,,1, HTTP/1.1" 200 6430
190.171.142.18 - - [16/Apr/2024:11:31:52 -0300] "GET /cormun/static/about:blank HTTP/1.1" 404 1011
190.171.142.18 - - [16/Apr/2024:11:31:53 -0300] "GET /cormun/servlet/solicitudotadjuntos?718337a0e68c8edc66f6bd97763a4b07885ff46146b60c5977406b9535d98e503029fdb782a5897c42c006c57765e69b,gx-no-cache=1713278521555 HTTP/1.1" 200 30
190.171.142.18 - - [16/Apr/2024:11:31:53 -0300] "POST /cormun/servlet/solicitudotadjuntos?e00d95d78de62466eea6e176b67af5b3,INS,2024,21247,,1,,gx-no-cache=1713278521577 HTTP/1.1" 200 4152
190.171.142.18 - - [16/Apr/2024:11:31:56 -0300] "POST /cormun/servlet/solicitudotadjuntos?gx-no-cache=1713278525378 HTTP/1.1" 200 26
190.171.142.18 - - [16/Apr/2024:11:32:02 -0300] "GET /cormun/servlet/solicitudotadjuntos?718337a0e68c8edc66f6bd97763a4b0762eba83a944372b27d781f476b74a06c,gx-no-cache=1713278531273 HTTP/1.1" 200 30
190.171.142.18 - - [16/Apr/2024:11:32:02 -0300] "GET /cormun/servlet/solicitudotadjuntos?718337a0e68c8edc66f6bd97763a4b0762eba83a944372b27d781f476b74a06c,gx-no-cache=1713278531291 HTTP/1.1" 200 30
190.171.142.18 - - [16/Apr/2024:11:32:02 -0300] "POST /cormun/servlet/solicitudotadjuntos?e00d95d78de62466eea6e176b67af5b3,INS,2024,21247,,1, HTTP/1.1" 200 116
190.171.142.18 - - [16/Apr/2024:11:32:02 -0300] "GET /cormun/servlet/hpexe_return? HTTP/1.1" 200 1024
190.171.142.18 - - [16/Apr/2024:11:32:03 -0300] "GET /cormun/servlet/trsolicitudadjuntos?2024,21247, HTTP/1.1" 200 10091
190.171.142.18 - - [16/Apr/2024:11:32:08 -0300] "GET /cormun/servlet/solicitudotadjuntos?INS,2024,21247,,1, HTTP/1.1" 200 6430
190.171.142.18 - - [16/Apr/2024:11:32:08 -0300] "GET /cormun/static/about:blank HTTP/1.1" 404 1011
190.171.142.18 - - [16/Apr/2024:11:32:09 -0300] "GET /cormun/servlet/solicitudotadjuntos?718337a0e68c8edc66f6bd97763a4b07885ff46146b60c5977406b9535d98e503029fdb782a5897c42c006c57765e69b,gx-no-cache=1713278537761 HTTP/1.1" 200 30
190.171.142.18 - - [16/Apr/2024:11:32:09 -0300] "POST /cormun/servlet/solicitudotadjuntos?e00d95d78de62466eea6e176b67af5b3,INS,2024,21247,,1,,gx-no-cache=1713278537782 HTTP/1.1" 200 4152
190.171.142.18 - - [16/Apr/2024:11:32:13 -0300] "POST /cormun/servlet/solicitudotadjuntos?gx-no-cache=1713278541489 HTTP/1.1" 200 26
190.171.142.18 - - [16/Apr/2024:11:32:20 -0300] "GET /cormun/servlet/solicitudotadjuntos?718337a0e68c8edc66f6bd97763a4b0762eba83a944372b27d781f476b74a06c,gx-no-cache=1713278548553 HTTP/1.1" 200 30
190.171.142.18 - - [16/Apr/2024:11:32:20 -0300] "GET /cormun/servlet/solicitudotadjuntos?718337a0e68c8edc66f6bd97763a4b0762eba83a944372b27d781f476b74a06c,gx-no-cache=1713278548562 HTTP/1.1" 200 30
190.171.142.18 - - [16/Apr/2024:11:32:20 -0300] "POST /cormun/servlet/solicitudotadjuntos?e00d95d78de62466eea6e176b67af5b3,INS,2024,21247,,1, HTTP/1.1" 200 116
190.171.142.18 - - [16/Apr/2024:11:32:20 -0300] "GET /cormun/servlet/hpexe_return? HTTP/1.1" 200 1024
190.171.142.18 - - [16/Apr/2024:11:32:20 -0300] "GET /cormun/servlet/trsolicitudadjuntos?2024,21247, HTTP/1.1" 200 10371
190.171.142.18 - - [16/Apr/2024:11:32:24 -0300] "GET /cormun/servlet/solicitudotadjuntos?INS,2024,21247,,1, HTTP/1.1" 200 6430
190.171.142.18 - - [16/Apr/2024:11:32:24 -0300] "GET /cormun/static/about:blank HTTP/1.1" 404 1011
190.171.142.18 - - [16/Apr/2024:11:32:25 -0300] "GET /cormun/servlet/solicitudotadjuntos?718337a0e68c8edc66f6bd97763a4b07885ff46146b60c5977406b9535d98e503029fdb782a5897c42c006c57765e69b,gx-no-cache=1713278553534 HTTP/1.1" 200 30
190.171.142.18 - - [16/Apr/2024:11:32:25 -0300] "POST /cormun/servlet/solicitudotadjuntos?e00d95d78de62466eea6e176b67af5b3,INS,2024,21247,,1,,gx-no-cache=1713278553556 HTTP/1.1" 200 4152
190.171.142.18 - - [16/Apr/2024:11:32:28 -0300] "POST /cormun/servlet/solicitudotadjuntos?gx-no-cache=1713278556473 HTTP/1.1" 200 26
190.171.142.18 - - [16/Apr/2024:11:32:34 -0300] "GET /cormun/servlet/solicitudotadjuntos?718337a0e68c8edc66f6bd97763a4b0762eba83a944372b27d781f476b74a06c,gx-no-cache=1713278563161 HTTP/1.1" 200 30
190.171.142.18 - - [16/Apr/2024:11:32:34 -0300] "GET /cormun/servlet/solicitudotadjuntos?718337a0e68c8edc66f6bd97763a4b0762eba83a944372b27d781f476b74a06c,gx-no-cache=1713278563181 HTTP/1.1" 200 30
190.171.142.18 - - [16/Apr/2024:11:32:34 -0300] "POST /cormun/servlet/solicitudotadjuntos?e00d95d78de62466eea6e176b67af5b3,INS,2024,21247,,1, HTTP/1.1" 200 116
190.171.142.18 - - [16/Apr/2024:11:32:34 -0300] "GET /cormun/servlet/hpexe_return? HTTP/1.1" 200 1024
190.171.141.82 - - [16/Apr/2024:11:32:35 -0300] "POST /cormun/servlet/solicitudot?gx-no-cache=1713277740711 HTTP/1.1" 200 4022
190.171.142.18 - - [16/Apr/2024:11:32:35 -0300] "GET /cormun/servlet/trsolicitudadjuntos?2024,21247, HTTP/1.1" 200 10536
190.171.141.82 - - [16/Apr/2024:11:32:35 -0300] "POST /cormun/servlet/solicitudot?622bac75811292cdfc221b9d5544804f,INS,0,0,false,,gx-no-cache=1713277740930 HTTP/1.1" 200 12884
190.171.141.82 - - [16/Apr/2024:11:32:37 -0300] "GET /cormun/servlet/solicitudot?1dfae7eaa912933f6a2f4dd2dedfa33373631807ccf25b9b06aa1c44e8177da75b423877f6682258cdf7c082316f707d,gx-no-cache=1713277743692 HTTP/1.1" 200 30
190.171.141.82 - - [16/Apr/2024:11:33:33 -0300] "GET /cormun/servlet/solicitudot?1dfae7eaa912933f6a2f4dd2dedfa333532dbd617bc91132bece08750614fdaca6f3f166eeab9cc23dc49a524ae3a6f2928a042ba2f7f267487e91d758fb39f9,gx-no-cache=1713277799222 HTTP/1.1" 200 30
190.171.141.82 - - [16/Apr/2024:11:33:33 -0300] "GET /cormun/servlet/solicitudot?1dfae7eaa912933f6a2f4dd2dedfa3334db73a458606a027f6ad2886a45f6c3e,gx-no-cache=1713277799247 HTTP/1.1" 200 29
190.171.141.82 - - [16/Apr/2024:11:33:35 -0300] "POST /cormun/servlet/solicitudot?gx-no-cache=1713277801242 HTTP/1.1" 200 255
190.171.141.82 - - [16/Apr/2024:11:33:36 -0300] "GET /cormun/servlet/solicitudot?1dfae7eaa912933f6a2f4dd2dedfa333a92784081e8f5e626332326c9cb34b685abb4d0ca5b61d6a04cd17a328391d6368bf4b9115ab692c35b8ccc176e72f35c4176d4d92bf7742ad7d2220ae4f7d20e4d4f41684d42f7e0b6c52ac24a44e1595c24c51c0a7a8241b5a0b9216419459ef80a1c73f50c3c70b1f1e3f29b14ec6ea28cd8c306c8cedd7b87510e551eb155948f7f9c6416f7dae417d85f0d6f665e61df29f26992553dc316e2c564a46d6ca6c79bf957bf41451b9137f98cb13f17db7f82e772764dc1414583f2fd803683fe039f7b6ad57078f066995360927587ba407ffc5e0f13f62f08168db6d3b9357d236190ecd7ab377a94ee3bbd4251529d38b1a855c0208dc7927a285a6c580734c5637f4541e37a15ad43adc851cac30a0e589b2a4e32635ef31328c827039b9c89c9ecbf1cd99c3de13fb535bd8bc66961db31993a755edf1cfb6e3d724389a367f2159e439d1f403be525dbd7f07e34a55f7c7fa711b994d0543fa299f7525ce113c9c2b810b4d6153b7c2d89fa4,gx-no-cache=1713277802714 HTTP/1.1" 200 30
190.171.141.82 - - [16/Apr/2024:11:33:47 -0300] "POST /cormun/servlet/solicitudot?gx-no-cache=1713277813715 HTTP/1.1" 200 30
195.140.227.163 - - [16/Apr/2024:11:34:32 -0300] "GET /manager/html HTTP/1.1" 401 2474
190.171.141.82 - - [16/Apr/2024:11:34:42 -0300] "POST /cormun/servlet/solicitudot?gx-no-cache=1713277868018 HTTP/1.1" 200 30
192.168.10.17 - - [16/Apr/2024:11:35:40 -0300] "GET /cormun/servlet/hlogin HTTP/1.1" 200 1720
192.168.10.17 - - [16/Apr/2024:11:35:40 -0300] "GET /cormun/servlet/hlogin HTTP/1.1" 200 1731
190.171.142.18 - - [16/Apr/2024:11:36:22 -0300] "POST /cormun/servlet/trsolicitudadjuntos?e00d95d78de62466eea6e176b67af5b3,2024,21247,,gx-no-cache=1713278790786 HTTP/1.1" 200 90
190.171.142.18 - - [16/Apr/2024:11:36:22 -0300] "GET /cormun/servlet/hpexe_link HTTP/1.1" 200 968
190.171.142.18 - - [16/Apr/2024:11:36:22 -0300] "GET /cormun/servlet/trsolicitudot HTTP/1.1" 200 9007
192.168.10.17 - - [16/Apr/2024:11:36:53 -0300] "POST /cormun/servlet/hlogin?e57d81c02675b802a6974afea94c2484,gx-no-cache=1713278002442 HTTP/1.1" 200 90
192.168.10.17 - - [16/Apr/2024:11:36:53 -0300] "GET /cormun/servlet/hpexe_link HTTP/1.1" 200 951
192.168.10.17 - - [16/Apr/2024:11:36:53 -0300] "GET /cormun/servlet/hhome HTTP/1.1" 200 3820
192.168.10.17 - - [16/Apr/2024:11:36:56 -0300] "GET /cormun/servlet/trsolicitudgral? HTTP/1.1" 200 28663
195.140.227.163 - - [16/Apr/2024:11:39:21 -0300] "GET /manager/html HTTP/1.1" 401 2474
192.168.10.17 - - [16/Apr/2024:11:42:11 -0300] "GET /cormun/servlet/vesolicitudgral?2024,21241,, HTTP/1.1" 200 8377
192.168.10.17 - - [16/Apr/2024:11:42:11 -0300] "GET /cormun/pexe_scrolldiv.js HTTP/1.1" 404 1009
192.168.10.17 - - [16/Apr/2024:11:42:39 -0300] "GET /cormun/servlet/trsolicitudgral? HTTP/1.1" 200 28662
192.168.10.17 - - [16/Apr/2024:11:43:19 -0300] "GET /cormun/servlet/vesolicitudgral?2024,21225,, HTTP/1.1" 200 8382
192.168.10.17 - - [16/Apr/2024:11:43:19 -0300] "GET /cormun/pexe_scrolldiv.js HTTP/1.1" 404 1009
192.168.10.17 - - [16/Apr/2024:11:43:21 -0300] "POST /cormun/servlet/vesolicitudgral?e57d81c02675b802a6974afea94c2484,2024,21225,,,gx-no-cache=1713278390626 HTTP/1.1" 200 12294
192.168.10.17 - - [16/Apr/2024:11:43:21 -0300] "GET /cormun/static/Shared/jqueryui/images/ui-icons_82798d_256x240.png HTTP/1.1" 404 1089
192.168.10.17 - - [16/Apr/2024:11:43:21 -0300] "GET /cormun/static/Shared/jqueryui/images/ui-bg_highlight-soft_100_c6c2c8_1x100.png HTTP/1.1" 404 1117
192.168.10.17 - - [16/Apr/2024:11:43:21 -0300] "GET /cormun/static/Shared/jqueryui/images/ui-bg_flat_55_fafafa_40x100.png HTTP/1.1" 404 1097
192.168.10.17 - - [16/Apr/2024:11:43:21 -0300] "GET /cormun/static/Shared/jqueryui/images/ui-icons_8d78a5_256x240.png HTTP/1.1" 404 1089
192.168.10.17 - - [16/Apr/2024:11:43:21 -0300] "POST /cormun/servlet/vesolicitudgral?e57d81c02675b802a6974afea94c2484,2024,21225,,,gx-no-cache=1713278390820 HTTP/1.1" 200 12228
192.168.10.17 - - [16/Apr/2024:11:43:24 -0300] "GET /cormun/servlet/trsolicitudgral? HTTP/1.1" 200 28647
190.171.153.26 - - [16/Apr/2024:11:43:44 -0300] "GET /cormun/servlet/hlogin HTTP/1.1" 200 1718
195.140.227.163 - - [16/Apr/2024:11:44:10 -0300] "GET /manager/html HTTP/1.1" 401 2474
190.171.153.26 - - [16/Apr/2024:11:44:24 -0300] "POST /cormun/servlet/hlogin?9ed6f3d3e5690002edc5667a5506b31c,gx-no-cache=1713278451601 HTTP/1.1" 200 90
190.171.153.26 - - [16/Apr/2024:11:44:24 -0300] "GET /cormun/servlet/hpexe_link HTTP/1.1" 200 948
190.171.153.26 - - [16/Apr/2024:11:44:24 -0300] "GET /cormun/servlet/hhome HTTP/1.1" 200 3966
190.171.153.26 - - [16/Apr/2024:11:44:25 -0300] "GET /cormun/servlet/hhome HTTP/1.1" 200 3962
190.171.153.26 - - [16/Apr/2024:11:44:32 -0300] "GET /cormun/servlet/trpermisosgoce? HTTP/1.1" 200 12856
190.171.153.26 - - [16/Apr/2024:11:44:32 -0300] "GET /cormun/servlet/trpermisosgoce? HTTP/1.1" 200 12854
190.171.153.26 - - [16/Apr/2024:11:44:36 -0300] "GET /cormun/servlet/permisogoce?INS,0,,, HTTP/1.1" 200 6831
190.171.153.26 - - [16/Apr/2024:11:44:36 -0300] "GET /cormun/servlet/permisogoce?INS,0,,, HTTP/1.1" 200 6830
190.171.153.26 - - [16/Apr/2024:11:44:49 -0300] "GET /cormun/servlet/permisogoce?bc348e7d053d10ad8fd6e9d3a753003b016aad9e1c26486bfe3c9490e16fcc4d478e08ac4dc9f3a862a8b7e184ac729aa4df2beeb4a76f17382f98af4d428275,gx-no-cache=1713278477252 HTTP/1.1" 200 81
190.171.153.26 - - [16/Apr/2024:11:44:52 -0300] "GET /cormun/static/menuarrow.gif HTTP/1.1" 404 1015
190.171.153.26 - - [16/Apr/2024:11:45:00 -0300] "GET /cormun/servlet/permisogoce?bc348e7d053d10ad8fd6e9d3a753003b7cdf2ac68dfa3236bac6cf8bab183fee7697b9d029483dbed16bde3625394e46b0d2e28d9e22c37695542d0566fa012f,gx-no-cache=1713278488134 HTTP/1.1" 200 129
190.171.153.26 - - [16/Apr/2024:11:45:00 -0300] "GET /cormun/static/Shared/jqueryui/images/ui-icons_ebccce_256x240.png HTTP/1.1" 404 1089
190.171.153.26 - - [16/Apr/2024:11:45:00 -0300] "GET /cormun/static/Shared/jqueryui/images/ui-icons_82798d_256x240.png HTTP/1.1" 404 1089
190.171.153.26 - - [16/Apr/2024:11:45:00 -0300] "GET /cormun/static/Shared/jqueryui/images/ui-bg_flat_55_994d53_40x100.png HTTP/1.1" 404 1097
190.171.153.26 - - [16/Apr/2024:11:45:00 -0300] "GET /cormun/static/Shared/jqueryui/images/ui-bg_highlight-soft_100_c6c2c8_1x100.png HTTP/1.1" 404 1117
190.171.153.26 - - [16/Apr/2024:11:45:01 -0300] "POST /cormun/servlet/permisogoce?9ed6f3d3e5690002edc5667a5506b31c,INS,0,,,,gx-no-cache=1713278488333 HTTP/1.1" 200 4481
190.171.153.26 - - [16/Apr/2024:11:45:08 -0300] "GET /cormun/servlet/permisogoce?bc348e7d053d10ad8fd6e9d3a753003b7cdf2ac68dfa3236bac6cf8bab183feea3293bf198982c6a54eb96b9ae8f3a9eb0d2e28d9e22c37695542d0566fa012f,gx-no-cache=1713278496149 HTTP/1.1" 200 47
190.171.142.10 - - [16/Apr/2024:11:45:10 -0300] "GET /cormun/servlet/hlogin HTTP/1.1" 200 1717
190.171.153.26 - - [16/Apr/2024:11:45:12 -0300] "POST /cormun/servlet/permisogoce?9ed6f3d3e5690002edc5667a5506b31c,INS,0,,,,gx-no-cache=1713278499243 HTTP/1.1" 200 93
190.171.153.26 - - [16/Apr/2024:11:45:12 -0300] "GET /cormun/servlet/hpexe_return? HTTP/1.1" 200 1006
190.171.153.26 - - [16/Apr/2024:11:45:12 -0300] "GET /cormun/servlet/trpermisosgoce HTTP/1.1" 200 13087
190.171.153.26 - - [16/Apr/2024:11:45:13 -0300] "GET /cormun/servlet/trpermisosgoce HTTP/1.1" 200 13082
190.171.142.10 - - [16/Apr/2024:11:45:17 -0300] "POST /cormun/servlet/hlogin?a8b193d16a953262ed21a8851d076a61,gx-no-cache=1713278503318 HTTP/1.1" 200 90
190.171.142.10 - - [16/Apr/2024:11:45:17 -0300] "GET /cormun/servlet/hpexe_link HTTP/1.1" 200 949
190.171.142.10 - - [16/Apr/2024:11:45:17 -0300] "GET /cormun/servlet/hhome HTTP/1.1" 200 4124
190.171.142.10 - - [16/Apr/2024:11:45:17 -0300] "GET /cormun/static/gxcfg.js?20201215495537 HTTP/1.1" 200 953
190.171.142.10 - - [16/Apr/2024:11:45:17 -0300] "GET /cormun/static/PXToolsJavascripts/pexe_autoreload.js HTTP/1.1" 200 1762
190.171.142.10 - - [16/Apr/2024:11:45:17 -0300] "GET /cormun/static/PXToolsJavascripts/pexe_cookies.js HTTP/1.1" 200 792
190.171.142.10 - - [16/Apr/2024:11:45:17 -0300] "GET /cormun/static/PXToolsJavascripts/pexe_griddivfix.js HTTP/1.1" 200 6946
190.171.142.10 - - [16/Apr/2024:11:45:17 -0300] "GET /cormun/static/PXToolsJavascripts/pexe_link.js HTTP/1.1" 200 5671
190.171.142.10 - - [16/Apr/2024:11:45:17 -0300] "GET /cormun/static/PXToolsJavascripts/pexe_grid.js HTTP/1.1" 200 7559
190.171.142.10 - - [16/Apr/2024:11:45:17 -0300] "GET /cormun/static/PXToolsJavascripts/pexe_menudivfix.js HTTP/1.1" 200 333
190.171.142.10 - - [16/Apr/2024:11:45:17 -0300] "GET /cormun/static/PXToolsJavascripts/pexe_menus.js HTTP/1.1" 200 1286
190.171.142.10 - - [16/Apr/2024:11:45:17 -0300] "GET /cormun/static/PXToolsJavascripts/pexe_layers.js HTTP/1.1" 200 4114
190.171.142.10 - - [16/Apr/2024:11:45:17 -0300] "GET /cormun/static/PXToolsJavascripts/pexe_oav.js HTTP/1.1" 200 645
190.171.142.10 - - [16/Apr/2024:11:45:17 -0300] "GET /cormun/static/PXToolsJavascripts/pexe_oavdivfix.js HTTP/1.1" 200 639
190.171.142.10 - - [16/Apr/2024:11:45:17 -0300] "GET /cormun/static/PXToolsJavascripts/pexe_picture.js HTTP/1.1" 200 689
190.171.142.10 - - [16/Apr/2024:11:45:17 -0300] "GET /cormun/static/PXToolsJavascripts/pexe_scrolldiv.js HTTP/1.1" 200 4138
190.171.142.10 - - [16/Apr/2024:11:45:17 -0300] "GET /cormun/static/PXToolsJavascripts/pexe_tabdivfix.js HTTP/1.1" 200 898
190.171.142.10 - - [16/Apr/2024:11:45:17 -0300] "GET /cormun/static/PXToolsJavascripts/pexe_tabs.js HTTP/1.1" 200 3748
190.171.142.10 - - [16/Apr/2024:11:45:17 -0300] "GET /cormun/static/PXToolsJavascripts/pexe_popup.js HTTP/1.1" 200 15149
190.171.142.10 - - [16/Apr/2024:11:45:18 -0300] "GET /cormun/static/PXToolsJavascripts/pexe_upload.js HTTP/1.1" 200 1423
190.171.142.10 - - [16/Apr/2024:11:45:18 -0300] "GET /cormun/static/PXToolsJavascripts/PXToolsJavascriptsRender.js HTTP/1.1" 200 367
190.171.142.10 - - [16/Apr/2024:11:45:18 -0300] "GET /cormun/static/Resources/CormunMP2.png HTTP/1.1" 200 6878
190.171.142.10 - - [16/Apr/2024:11:45:18 -0300] "GET /cormun/static/PXToolsJavascripts/pexe_windows.js HTTP/1.1" 200 15249
190.171.142.10 - - [16/Apr/2024:11:45:18 -0300] "GET /cormun/static/Resources/ImgHome.png HTTP/1.1" 200 1364
190.171.142.10 - - [16/Apr/2024:11:45:18 -0300] "GET /cormun/static/Resources/ImgLogin.png HTTP/1.1" 200 1432
190.171.142.10 - - [16/Apr/2024:11:45:18 -0300] "GET /cormun/static/Resources/Llave.png HTTP/1.1" 200 1395
190.171.142.10 - - [16/Apr/2024:11:45:18 -0300] "GET /cormun/static/RunJS/RunJS.js HTTP/1.1" 200 288
190.171.142.10 - - [16/Apr/2024:11:45:18 -0300] "GET /cormun/static/Shared/ext/locale/ext-lang-en.js HTTP/1.1" 200 10940
190.171.142.10 - - [16/Apr/2024:11:45:18 -0300] "GET /cormun/static/hhome.js?20201215495544 HTTP/1.1" 200 777
190.171.142.10 - - [16/Apr/2024:11:45:18 -0300] "GET /cormun/static/hwchdr01.js?2022112219251119 HTTP/1.1" 200 996
190.171.142.10 - - [16/Apr/2024:11:45:18 -0300] "GET /cormun/static/Resources/PXToolsDataTitle.png HTTP/1.1" 200 1173
190.171.142.10 - - [16/Apr/2024:11:45:18 -0300] "GET /cormun/static/hpexe_recentlink.js?20201214471090 HTTP/1.1" 200 2144
190.171.142.10 - - [16/Apr/2024:11:45:18 -0300] "GET /cormun/static/hpexe_scripts.js?20201214471411 HTTP/1.1" 200 1544
190.171.142.10 - - [16/Apr/2024:11:45:18 -0300] "GET /cormun/static/hpexe_messagecontroller.js?202211298371222 HTTP/1.1" 200 870
190.171.142.10 - - [16/Apr/2024:11:45:18 -0300] "GET /cormun/static/hpexe_messagepopupcomponent.js?2020121447232 HTTP/1.1" 200 605
190.171.142.10 - - [16/Apr/2024:11:45:18 -0300] "GET /cormun/static/hpexe_messagegenexuscomponent.js?20221129836373 HTTP/1.1" 200 587
190.171.142.10 - - [16/Apr/2024:11:45:18 -0300] "GET /cormun/static/cmcontrolpreferences.js?20199141926336 HTTP/1.1" 200 1375
190.171.142.10 - - [16/Apr/2024:11:45:18 -0300] "GET /cormun/static/SmoothNavMenu/resources/ddsmoothmenu.js HTTP/1.1" 200 12712
190.171.142.10 - - [16/Apr/2024:11:45:18 -0300] "GET /cormun/static/Shared/ext/ext-all.js HTTP/1.1" 200 1289687
190.171.142.10 - - [16/Apr/2024:11:45:18 -0300] "GET /cormun/static/SmoothNavMenu/resources/SmoothNavMenuRender.js HTTP/1.1" 200 5951
190.171.142.10 - - [16/Apr/2024:11:45:18 -0300] "GET /cormun/static/Shared/jquery/jquery-1.4.2.min.js HTTP/1.1" 200 72174
190.171.142.10 - - [16/Apr/2024:11:45:18 -0300] "GET /cormun/static/scaMessage/js/jquery.pnotify.min.js HTTP/1.1" 200 13038
190.171.142.10 - - [16/Apr/2024:11:45:18 -0300] "GET /cormun/static/scaMessage/scaMessageRender.js HTTP/1.1" 200 11977
190.171.142.10 - - [16/Apr/2024:11:45:18 -0300] "GET /cormun/static/gxui/gxui-all.js HTTP/1.1" 200 107772
190.171.142.10 - - [16/Apr/2024:11:45:18 -0300] "GET /cormun/static/hmpwkw03.js?20221129844354 HTTP/1.1" 200 3971
190.171.142.10 - - [16/Apr/2024:11:45:18 -0300] "GET /cormun/static/Shared/jqueryui/jquery-ui.min.js HTTP/1.1" 200 240427
190.171.142.10 - - [16/Apr/2024:11:45:18 -0300] "GET /cormun/static/Shared/jquery/jquery-1.10.2.min.js HTTP/1.1" 200 273199
190.171.142.10 - - [16/Apr/2024:11:45:18 -0300] "GET /cormun/static/SmoothNavMenu/resources/images/down.gif HTTP/1.1" 200 854
190.171.142.10 - - [16/Apr/2024:11:45:18 -0300] "GET /cormun/static/SmoothNavMenu/resources/images/right.gif HTTP/1.1" 200 860
190.171.153.26 - - [16/Apr/2024:11:45:19 -0300] "GET /cormun/servlet/apermisogoceprn?16253896,P,20240416104105,PU HTTP/1.1" 200 1648
190.171.142.10 - - [16/Apr/2024:11:45:36 -0300] "GET /cormun/servlet/trsolicitudot? HTTP/1.1" 200 8763
190.171.142.10 - - [16/Apr/2024:11:45:36 -0300] "GET /cormun/static/calendar-setup.js?85251 HTTP/1.1" 200 2588
190.171.142.10 - - [16/Apr/2024:11:45:36 -0300] "GET /cormun/static/calendar-es.js?85251 HTTP/1.1" 200 1901
