200.54.103.162 - - [16/Apr/2024:12:06:18 -0300] "POST /cormun/servlet/solicitudot?gx-no-cache=1713279775665 HTTP/1.1" 200 41
190.171.142.18 - - [16/Apr/2024:12:06:44 -0300] "POST /cormun/servlet/trautorizarsolicitud?e00d95d78de62466eea6e176b67af5b3,,gx-no-cache=1713280612784 HTTP/1.1" 200 4558
190.171.142.18 - - [16/Apr/2024:12:06:51 -0300] "POST /cormun/servlet/trautorizarsolicitud?e00d95d78de62466eea6e176b67af5b3,,gx-no-cache=1713280619878 HTTP/1.1" 200 4562
190.171.141.122 - - [16/Apr/2024:12:06:54 -0300] "GET /cormun/servlet/trpermisosgoce? HTTP/1.1" 200 10999
190.171.142.10 - - [16/Apr/2024:12:06:56 -0300] "POST /cormun/servlet/trsolicitudot?a8b193d16a953262ed21a8851d076a61,,gx-no-cache=1713279802194 HTTP/1.1" 200 111
190.171.142.10 - - [16/Apr/2024:12:06:56 -0300] "GET /cormun/servlet/solicitudot?UPD,2024,21231,false, HTTP/1.1" 200 16617
190.171.142.10 - - [16/Apr/2024:12:06:57 -0300] "POST /cormun/servlet/solicitudot?gx-no-cache=1713279803308 HTTP/1.1" 200 4090
190.171.142.10 - - [16/Apr/2024:12:06:57 -0300] "POST /cormun/servlet/solicitudot?a8b193d16a953262ed21a8851d076a61,UPD,2024,21231,false,,gx-no-cache=1713279803554 HTTP/1.1" 200 12979
190.171.142.10 - - [16/Apr/2024:12:06:57 -0300] "GET /cormun/servlet/solicitudot?04cbea23964f256dc465379087badccd20c654112061830c12be336aaba5d6c4e268020dc82532bef29aa265d7aaf7b0,gx-no-cache=1713279803674 HTTP/1.1" 200 30
190.171.142.10 - - [16/Apr/2024:12:06:57 -0300] "GET /cormun/servlet/solicitudot?04cbea23964f256dc465379087badccdd1d1381987571b279d512f02c52657d289a77a5164794d899db5f69bfcdec145dffc29189226e64afb97e6b2980870d057a4fe01e3e2f978e294dcca291ae820,gx-no-cache=1713279803697 HTTP/1.1" 200 30
190.171.142.10 - - [16/Apr/2024:12:06:57 -0300] "GET /cormun/servlet/solicitudot?04cbea23964f256dc465379087badccdc6128fe0987d7b30f27d4887391dee1a,gx-no-cache=1713279803718 HTTP/1.1" 200 29
190.171.142.10 - - [16/Apr/2024:12:06:57 -0300] "POST /cormun/servlet/solicitudot?gx-no-cache=1713279803740 HTTP/1.1" 200 256
190.171.142.10 - - [16/Apr/2024:12:06:57 -0300] "GET /cormun/servlet/solicitudot?04cbea23964f256dc465379087badccdc0bd5dc07a6962d42e23c826aa8dd94244665d1fa6f1f74a9adbe0a6f9826d69fede5b3f44fc48e00624fea365273f8df2f3980b0c2acee086681f4bbd985458413817473b688f33588b7da387d75eab03bc4bdabd29642d6f45bce8c4b11f0bb1dbc0b6b56b54aaed488f1fb6c9f096586114afe220775b165eda0a5d5d4463c096a8d98cfa2c08f3417ea610a39166a49dfc5a1291cf1bb1e0b7b7acd4da8c5f1f341f52b32edbf9e73e3ce5c6ed33ab44c2313540294302df3bc2b53da947754fab3239a0adad3d0c940d911d951acdbc085579e4f7fe5cb5efa92211c84cf722938af6efcb51b021baa09046f59ad9ff39955d94eafa8a32d9471821892a2400582f88e1503c1033cbc6432670b8bd6ed3f700d74dcff64be81025965ad7e2dd7fbc10c506351ba7b270e5cc57e5e8567dcdef9dd6f4b88500846faad7083bbd69cca05666f087d719bcfd5008976c955d26ad6676bffc6035cf3af0a539c6d051693bd0eaacae9ee3fe45871b5f,gx-no-cache=1713279803779 HTTP/1.1" 200 30
190.171.142.10 - - [16/Apr/2024:12:06:58 -0300] "POST /cormun/servlet/solicitudot?gx-no-cache=1713279803797 HTTP/1.1" 200 30
190.171.142.10 - - [16/Apr/2024:12:06:58 -0300] "POST /cormun/servlet/solicitudot?gx-no-cache=1713279803831 HTTP/1.1" 200 1483
190.171.142.10 - - [16/Apr/2024:12:06:58 -0300] "POST /cormun/servlet/solicitudot?gx-no-cache=1713279803907 HTTP/1.1" 200 41
190.171.141.122 - - [16/Apr/2024:12:07:00 -0300] "GET /cormun/static/menuarrow.gif HTTP/1.1" 404 1015
190.171.142.10 - - [16/Apr/2024:12:07:01 -0300] "GET /cormun/servlet/solicitudot?04cbea23964f256dc465379087badccd04a4b9afb62dd67a3d3712f6d27280498fcaf0f3173fa982cfc8f94d8df1f2a1221517753379928c1eeb18bff1ef432efb767cc81f49176c04f36f1b10309fd168d84b5b4bbd43475bf652d032cee45fb3e6cbedcd88a7e300ad7c332841a38a,gx-no-cache=1713279807727 HTTP/1.1" 200 110
190.171.142.10 - - [16/Apr/2024:12:07:01 -0300] "POST /cormun/servlet/solicitudot?gx-no-cache=1713279807755 HTTP/1.1" 200 67
190.171.142.10 - - [16/Apr/2024:12:07:02 -0300] "GET /cormun/servlet/solicitudot?04cbea23964f256dc465379087badccdca3d22ef2c337779bee478ed298abf1ca0dd3dbeb4c49f520549c3c1d25e2f6bad2ecf958558b2c5a3aa433633baa0127572e2c38900151d7f64efde7e92daf0b564556fd62a1ac717e80045095590222573c78c7a6bda3f906a0c1693716644abf3f9175ddf5c405fe0ce2743a7db5f9d61b3fead59c03a9ab610a1bb0d4b4792826759eba96fa9da25d5da0affe4f0,gx-no-cache=1713279807806 HTTP/1.1" 200 29
190.171.142.10 - - [16/Apr/2024:12:07:02 -0300] "GET /cormun/static/menuarrow.gif HTTP/1.1" 404 1015
190.171.142.10 - - [16/Apr/2024:12:07:04 -0300] "GET /cormun/servlet/solicitudot?04cbea23964f256dc465379087badccd04a4b9afb62dd67a3d3712f6d27280498fcaf0f3173fa982cfc8f94d8df1f2a1221517753379928c1eeb18bff1ef432efb767cc81f49176c04f36f1b10309fd168d84b5b4bbd43475bf652d032cee45fb3e6cbedcd88a7e300ad7c332841a38a,gx-no-cache=1713279810494 HTTP/1.1" 200 110
190.171.142.18 - - [16/Apr/2024:12:07:11 -0300] "POST /cormun/servlet/trautorizarsolicitud?e00d95d78de62466eea6e176b67af5b3,,gx-no-cache=1713280640119 HTTP/1.1" 200 5966
190.171.142.10 - - [16/Apr/2024:12:07:12 -0300] "GET /cormun/servlet/solicitudot?04cbea23964f256dc465379087badccd094b4d487a6a0ce79708f04face5e26083b74342412431d1e54a1a3423e8d346,gx-no-cache=1713279817919 HTTP/1.1" 200 30
190.171.142.10 - - [16/Apr/2024:12:07:12 -0300] "POST /cormun/servlet/solicitudot?gx-no-cache=1713279817945 HTTP/1.1" 200 32
190.171.142.10 - - [16/Apr/2024:12:07:12 -0300] "POST /cormun/servlet/solicitudot?a8b193d16a953262ed21a8851d076a61,UPD,2024,21231,false,,gx-no-cache=1713279818076 HTTP/1.1" 200 93
190.171.142.10 - - [16/Apr/2024:12:07:12 -0300] "GET /cormun/servlet/hpexe_return? HTTP/1.1" 200 1013
190.171.142.10 - - [16/Apr/2024:12:07:12 -0300] "GET /cormun/static/hpexe_return.js?20221129846037 HTTP/1.1" 200 1633
190.171.142.10 - - [16/Apr/2024:12:07:12 -0300] "GET /cormun/static/gxcfg.js?20221129846035 HTTP/1.1" 200 953
190.171.142.10 - - [16/Apr/2024:12:07:12 -0300] "GET /cormun/servlet/trsolicitudot HTTP/1.1" 200 8763
190.171.142.10 - - [16/Apr/2024:12:07:22 -0300] "GET /cormun/static/menuarrow.gif HTTP/1.1" 404 1015
190.171.141.122 - - [16/Apr/2024:12:07:28 -0300] "GET /cormun/servlet/permisogoce?INS,0,,, HTTP/1.1" 200 6772
190.171.141.122 - - [16/Apr/2024:12:07:40 -0300] "GET /cormun/servlet/permisogoce?1270799337b1559b9b3a12c94492cf72a47413faec3619fe2901942f8f84ee7b52f6cf968c5b86c344318692b7418dc7a960df6046567ca6fa48a0375c3b15bf,gx-no-cache=1713279845177 HTTP/1.1" 200 71
190.171.141.122 - - [16/Apr/2024:12:07:40 -0300] "GET /cormun/static/menuarrow.gif HTTP/1.1" 404 1015
190.171.141.122 - - [16/Apr/2024:12:07:46 -0300] "GET /cormun/servlet/permisogoce?1270799337b1559b9b3a12c94492cf72fd3561b427956078851710eaf373ae68f1f36d48fa3797ea11068a2401d4aa9b492e9366d7b480ee8596263d2ef1e0b9,gx-no-cache=1713279851656 HTTP/1.1" 200 47
190.171.141.122 - - [16/Apr/2024:12:07:49 -0300] "POST /cormun/servlet/permisogoce?0ee70d5f1a0c6a927622f18c00283063,INS,0,,,,gx-no-cache=1713279854195 HTTP/1.1" 200 93
190.171.141.122 - - [16/Apr/2024:12:07:49 -0300] "GET /cormun/servlet/hpexe_return? HTTP/1.1" 200 1010
190.171.141.122 - - [16/Apr/2024:12:07:50 -0300] "GET /cormun/servlet/trpermisosgoce HTTP/1.1" 200 11260
190.171.141.122 - - [16/Apr/2024:12:07:53 -0300] "GET /cormun/servlet/apermisogoceprn?14126082,P,20240416110357,PU HTTP/1.1" 200 1653
195.140.227.163 - - [16/Apr/2024:12:08:36 -0300] "GET /manager/html HTTP/1.1" 401 2474
190.171.141.122 - - [16/Apr/2024:12:09:16 -0300] "GET /cormun/static/menuarrow.gif HTTP/1.1" 404 1015
190.171.142.10 - - [16/Apr/2024:12:09:50 -0300] "GET /cormun/servlet/solicitudot?INS,0,0,false, HTTP/1.1" 200 16106
190.171.142.10 - - [16/Apr/2024:12:10:00 -0300] "POST /cormun/servlet/solicitudot?gx-no-cache=1713279985656 HTTP/1.1" 200 4142
190.171.142.10 - - [16/Apr/2024:12:10:00 -0300] "POST /cormun/servlet/solicitudot?a8b193d16a953262ed21a8851d076a61,INS,0,0,false,,gx-no-cache=1713279985997 HTTP/1.1" 200 13009
190.171.142.10 - - [16/Apr/2024:12:10:09 -0300] "GET /cormun/servlet/solicitudot?04cbea23964f256dc465379087badccd0ceff341a441fadc52c05aaf47b5944c35a945c982344267922d5ddcabdf23c4,gx-no-cache=1713279994548 HTTP/1.1" 200 30
190.171.142.10 - - [16/Apr/2024:12:10:09 -0300] "GET /cormun/servlet/solicitudot?04cbea23964f256dc465379087badccdf9cb727d41a47f2fcc8ba3aef969890d5252ea3985013ff5f997030f0f29e338,gx-no-cache=1713279995052 HTTP/1.1" 200 30
190.171.142.10 - - [16/Apr/2024:12:10:09 -0300] "GET /cormun/servlet/solicitudot?04cbea23964f256dc465379087badccdf07bb3b6d0aacc34477b0ad5235a03b5,gx-no-cache=1713279995206 HTTP/1.1" 200 51
190.171.142.10 - - [16/Apr/2024:12:10:09 -0300] "POST /cormun/servlet/solicitudot?gx-no-cache=1713279995520 HTTP/1.1" 200 255
190.171.142.10 - - [16/Apr/2024:12:10:09 -0300] "GET /cormun/servlet/solicitudot?04cbea23964f256dc465379087badccdc0bd5dc07a6962d42e23c826aa8dd94244665d1fa6f1f74a9adbe0a6f9826d69fede5b3f44fc48e00624fea365273f8df2f3980b0c2acee086681f4bbd985458413817473b688f33588b7da387d75eab03bc4bdabd29642d6f45bce8c4b11f0bb1dbc0b6b56b54aaed488f1fb6c9f096586114afe220775b165eda0a5d5d4463c096a8d98cfa2c08f3417ea610a39166a49dfc5a1291cf1bb1e0b7b7acd4da8c5f1f341f52b32edbf9e73e3ce5c6ed33ab44c2313540294302df3bc2b53da947754fab3239a0adad3d0c940d911d951acdbc085579e4f7fe5cb5efa92211c84cf722938af6efcb51b021baa09046f59ad9ff39955d94eafa8a32d9471821892a2400582f88e1503c1033cbc6432670b8bd6ed3f700d74dcff64be81025965ad7e2dd7fbc10c506351ba7b270e5cc57e5e8567dcdef9dd6f4b88500846faad7083bbd69cca05666f087d719bcfd5008976c955d26ad6676bffc6035cf3af0a5393e6cf4d4934494a68ebe21eea1bacb98,gx-no-cache=1713279995744 HTTP/1.1" 200 30
190.171.141.122 - - [16/Apr/2024:12:10:12 -0300] "GET /cormun/servlet/permisogoce?INS,0,,, HTTP/1.1" 200 6772
190.171.142.10 - - [16/Apr/2024:12:10:12 -0300] "POST /cormun/servlet/solicitudot?gx-no-cache=1713279998676 HTTP/1.1" 200 30
190.171.142.10 - - [16/Apr/2024:12:10:18 -0300] "GET /cormun/servlet/prcontratosol?12135823,,,,,MD,,gxPopupLevel%3D0%3B HTTP/1.1" 200 8899
190.171.142.10 - - [16/Apr/2024:12:10:20 -0300] "POST /cormun/servlet/solicitudot?gx-no-cache=1713280006373 HTTP/1.1" 200 1563
190.171.142.10 - - [16/Apr/2024:12:10:20 -0300] "GET /cormun/static/Shared/jqueryui/images/ui-bg_highlight-soft_100_c6c2c8_1x100.png HTTP/1.1" 404 1117
190.171.142.10 - - [16/Apr/2024:12:10:20 -0300] "GET /cormun/static/Shared/jqueryui/images/ui-icons_82798d_256x240.png HTTP/1.1" 404 1089
190.171.142.10 - - [16/Apr/2024:12:10:20 -0300] "POST /cormun/servlet/solicitudot?gx-no-cache=1713280006408 HTTP/1.1" 200 117
190.171.142.10 - - [16/Apr/2024:12:10:20 -0300] "GET /cormun/static/Shared/jqueryui/images/ui-bg_flat_55_994d53_40x100.png HTTP/1.1" 404 1097
190.171.142.10 - - [16/Apr/2024:12:10:20 -0300] "GET /cormun/static/Shared/jqueryui/images/ui-icons_ebccce_256x240.png HTTP/1.1" 404 1089
190.171.142.10 - - [16/Apr/2024:12:10:20 -0300] "GET /cormun/servlet/solicitudot?04cbea23964f256dc465379087badccd04a4b9afb62dd67a3d3712f6d27280498fcaf0f3173fa982cfc8f94d8df1f2a1221517753379928c1eeb18bff1ef432efb767cc81f49176c04f36f1b10309fd168d84b5b4bbd43475bf652d032cee45fb3e6cbedcd88a7e300ad7c332841a38a,gx-no-cache=1713280006764 HTTP/1.1" 200 110
190.171.142.10 - - [16/Apr/2024:12:10:21 -0300] "POST /cormun/servlet/solicitudot?gx-no-cache=1713280006793 HTTP/1.1" 200 64
190.171.142.10 - - [16/Apr/2024:12:10:21 -0300] "GET /cormun/servlet/solicitudot?04cbea23964f256dc465379087badccd72c06b38f4298b0bb89859ff431e7742a8477844a404f78b639dd23e8456bb2629c1dc3de026e2046afab2387cbb4ada29b7723a384bba0fdebaf32482fa028ca91aaf2ce440f07835159204f44e78a9106451bd1f2e08b16f3aa28efe36815fb47ba0121cde317af4b50dbc053535719f3ccd48017589e6d6168caee51e372570b0a7bb528c902d5b33d10b4ca288a0,gx-no-cache=1713280006839 HTTP/1.1" 200 29
190.171.142.10 - - [16/Apr/2024:12:10:21 -0300] "GET /cormun/servlet/solicitudot?04cbea23964f256dc465379087badccd5dd2ab2918d3b09d90207d320acfb3a65158f7276d9c1fe2b5c16ff19c33a137,gx-no-cache=1713280006863 HTTP/1.1" 200 134
190.171.141.122 - - [16/Apr/2024:12:10:34 -0300] "GET /cormun/servlet/permisogoce?1270799337b1559b9b3a12c94492cf72e6b40792db9d90490673920123748ade52f6cf968c5b86c344318692b7418dc7a960df6046567ca6fa48a0375c3b15bf,gx-no-cache=1713280019529 HTTP/1.1" 200 85
190.171.141.122 - - [16/Apr/2024:12:10:34 -0300] "GET /cormun/static/menuarrow.gif HTTP/1.1" 404 1015
190.171.141.122 - - [16/Apr/2024:12:10:42 -0300] "GET /cormun/servlet/permisogoce?1270799337b1559b9b3a12c94492cf721650a7525f5ed2b5bf6700f33710fee6aceb77cc17f84b9c4548f9684a81c929492e9366d7b480ee8596263d2ef1e0b9,gx-no-cache=1713280027137 HTTP/1.1" 200 47
190.171.141.122 - - [16/Apr/2024:12:10:45 -0300] "POST /cormun/servlet/permisogoce?0ee70d5f1a0c6a927622f18c00283063,INS,0,,,,gx-no-cache=1713280030020 HTTP/1.1" 200 93
190.171.141.122 - - [16/Apr/2024:12:10:45 -0300] "GET /cormun/servlet/hpexe_return? HTTP/1.1" 200 1010
190.171.141.122 - - [16/Apr/2024:12:10:45 -0300] "GET /cormun/servlet/trpermisosgoce HTTP/1.1" 200 11486
190.171.142.10 - - [16/Apr/2024:12:10:46 -0300] "POST /cormun/servlet/solicitudot?gx-no-cache=1713280031700 HTTP/1.1" 200 1481
190.171.142.10 - - [16/Apr/2024:12:10:46 -0300] "GET /cormun/static/menuarrow.gif HTTP/1.1" 404 1015
190.171.141.122 - - [16/Apr/2024:12:10:49 -0300] "GET /cormun/servlet/apermisogoceprn?18375650,P,20240416110641,PU HTTP/1.1" 200 1663
190.171.142.10 - - [16/Apr/2024:12:10:57 -0300] "POST /cormun/servlet/solicitudot?gx-no-cache=1713280042814 HTTP/1.1" 200 41
190.171.142.10 - - [16/Apr/2024:12:10:57 -0300] "GET /cormun/servlet/solicitudot?04cbea23964f256dc465379087badccd04a4b9afb62dd67a3d3712f6d27280498fcaf0f3173fa982cfc8f94d8df1f2a1221517753379928c1eeb18bff1ef432efb767cc81f49176c04f36f1b10309fd168d84b5b4bbd43475bf652d032cee45fb3e6cbedcd88a7e300ad7c332841a38a,gx-no-cache=1713280042835 HTTP/1.1" 200 110
190.171.142.10 - - [16/Apr/2024:12:10:57 -0300] "POST /cormun/servlet/solicitudot?gx-no-cache=1713280042867 HTTP/1.1" 200 97
190.171.142.10 - - [16/Apr/2024:12:11:12 -0300] "GET /cormun/servlet/solicitudot?04cbea23964f256dc465379087badccd094b4d487a6a0ce79708f04face5e260b5df4654e863cb2422ad137796e03ee8,gx-no-cache=1713280057828 HTTP/1.1" 200 30
190.171.142.10 - - [16/Apr/2024:12:11:23 -0300] "POST /cormun/servlet/solicitudot?gx-no-cache=1713280069214 HTTP/1.1" 200 146
190.171.142.10 - - [16/Apr/2024:12:11:23 -0300] "POST /cormun/servlet/solicitudot?a8b193d16a953262ed21a8851d076a61,INS,0,0,false,,gx-no-cache=1713280069291 HTTP/1.1" 200 13392
190.171.142.10 - - [16/Apr/2024:12:11:40 -0300] "GET /cormun/servlet/solicitudot?04cbea23964f256dc465379087badccd9e9452c734830dd962c87d967b43246c8352eae467d8da883977fc82a8bded8f,gx-no-cache=1713280086013 HTTP/1.1" 200 30
190.171.142.10 - - [16/Apr/2024:12:11:55 -0300] "POST /cormun/servlet/solicitudot?gx-no-cache=1713280101735 HTTP/1.1" 200 146
190.171.142.10 - - [16/Apr/2024:12:11:56 -0300] "POST /cormun/servlet/solicitudot?a8b193d16a953262ed21a8851d076a61,INS,0,0,false,,gx-no-cache=1713280101807 HTTP/1.1" 200 13468
190.171.142.10 - - [16/Apr/2024:12:12:38 -0300] "POST /cormun/servlet/solicitudot?gx-no-cache=1713280143598 HTTP/1.1" 200 32
190.171.142.10 - - [16/Apr/2024:12:12:38 -0300] "POST /cormun/servlet/solicitudot?a8b193d16a953262ed21a8851d076a61,INS,0,0,false,,gx-no-cache=1713280144085 HTTP/1.1" 200 93
190.171.142.10 - - [16/Apr/2024:12:12:38 -0300] "GET /cormun/servlet/hpexe_return? HTTP/1.1" 200 1007
190.171.142.10 - - [16/Apr/2024:12:12:39 -0300] "GET /cormun/servlet/trsolicitudot HTTP/1.1" 200 9225
190.171.142.10 - - [16/Apr/2024:12:12:57 -0300] "POST /cormun/servlet/trsolicitudot?a8b193d16a953262ed21a8851d076a61,gx-no-cache=1713280162849 HTTP/1.1" 200 111
190.171.142.10 - - [16/Apr/2024:12:12:58 -0300] "GET /cormun/servlet/solicitudot?UPD,2024,21231,false, HTTP/1.1" 200 16618
190.171.142.10 - - [16/Apr/2024:12:12:59 -0300] "POST /cormun/servlet/solicitudot?gx-no-cache=1713280164961 HTTP/1.1" 200 4090
190.171.142.10 - - [16/Apr/2024:12:12:59 -0300] "POST /cormun/servlet/solicitudot?a8b193d16a953262ed21a8851d076a61,UPD,2024,21231,false,,gx-no-cache=1713280165148 HTTP/1.1" 200 12973
190.171.142.10 - - [16/Apr/2024:12:12:59 -0300] "GET /cormun/servlet/solicitudot?04cbea23964f256dc465379087badccd20c654112061830c12be336aaba5d6c4e268020dc82532bef29aa265d7aaf7b0,gx-no-cache=1713280165262 HTTP/1.1" 200 30
190.171.142.10 - - [16/Apr/2024:12:13:00 -0300] "GET /cormun/servlet/solicitudot?04cbea23964f256dc465379087badccdd1d1381987571b279d512f02c52657d289a77a5164794d899db5f69bfcdec145dffc29189226e64afb97e6b2980870d057a4fe01e3e2f978e294dcca291ae820,gx-no-cache=1713280165905 HTTP/1.1" 200 30
190.171.142.10 - - [16/Apr/2024:12:13:00 -0300] "GET /cormun/servlet/solicitudot?04cbea23964f256dc465379087badccdc6128fe0987d7b30f27d4887391dee1a,gx-no-cache=1713280166582 HTTP/1.1" 200 29
190.171.142.10 - - [16/Apr/2024:12:13:00 -0300] "POST /cormun/servlet/solicitudot?gx-no-cache=1713280166697 HTTP/1.1" 200 256
190.171.142.10 - - [16/Apr/2024:12:13:00 -0300] "GET /cormun/servlet/solicitudot?04cbea23964f256dc465379087badccdc0bd5dc07a6962d42e23c826aa8dd94244665d1fa6f1f74a9adbe0a6f9826d69fede5b3f44fc48e00624fea365273f8df2f3980b0c2acee086681f4bbd985458413817473b688f33588b7da387d75eab03bc4bdabd29642d6f45bce8c4b11f0bb1dbc0b6b56b54aaed488f1fb6c9f096586114afe220775b165eda0a5d5d4463c096a8d98cfa2c08f3417ea610a39166a49dfc5a1291cf1bb1e0b7b7acd4da8c5f1f341f52b32edbf9e73e3ce5c6ed33ab44c2313540294302df3bc2b53da947754fab3239a0adad3d0c940d911d951acdbc085579e4f7fe5cb5efa92211c84cf722938af6efcb51b021baa09046f59ad9ff39955d94eafa8a32d9471821892a2400582f88e1503c1033cbc6432670b8bd6ed3f700d74dcff64be81025965ad7e2dd7fbc10c506351ba7b270e5cc57e5e8567dcdef9dd6f4b88500846faad7083bbd69cca05666f087d719bcfd5008976c955d26ad6676bffc6035cf3af0a539c6d051693bd0eaacae9ee3fe45871b5f,gx-no-cache=1713280166727 HTTP/1.1" 200 30
190.171.142.10 - - [16/Apr/2024:12:13:00 -0300] "POST /cormun/servlet/solicitudot?gx-no-cache=1713280166763 HTTP/1.1" 200 30
190.171.142.10 - - [16/Apr/2024:12:13:01 -0300] "POST /cormun/servlet/solicitudot?gx-no-cache=1713280166794 HTTP/1.1" 200 1483
190.171.142.10 - - [16/Apr/2024:12:13:01 -0300] "POST /cormun/servlet/solicitudot?gx-no-cache=1713280167143 HTTP/1.1" 200 41
190.171.142.18 - - [16/Apr/2024:12:13:02 -0300] "POST /cormun/servlet/trautorizarsolicitud?e00d95d78de62466eea6e176b67af5b3,,gx-no-cache=1713280991190 HTTP/1.1" 200 5979
190.171.142.18 - - [16/Apr/2024:12:13:02 -0300] "GET /cormun/static/Shared/jqueryui/images/ui-bg_highlight-soft_100_c6c2c8_1x100.png HTTP/1.1" 404 1117
190.171.142.18 - - [16/Apr/2024:12:13:02 -0300] "GET /cormun/static/Shared/jqueryui/images/ui-icons_82798d_256x240.png HTTP/1.1" 404 1089
190.171.142.18 - - [16/Apr/2024:12:13:02 -0300] "GET /cormun/static/Shared/jqueryui/images/ui-bg_flat_55_fafafa_40x100.png HTTP/1.1" 404 1097
190.171.142.18 - - [16/Apr/2024:12:13:02 -0300] "GET /cormun/static/Shared/jqueryui/images/ui-icons_8d78a5_256x240.png HTTP/1.1" 404 1089
190.171.142.18 - - [16/Apr/2024:12:13:06 -0300] "GET /cormun/servlet/trautorizarsolicitud? HTTP/1.1" 200 8899
190.171.142.10 - - [16/Apr/2024:12:13:23 -0300] "GET /cormun/servlet/solicitudot?04cbea23964f256dc465379087badccd04a4b9afb62dd67a3d3712f6d27280498fcaf0f3173fa982cfc8f94d8df1f2a1221517753379928c1eeb18bff1ef432efb767cc81f49176c04f36f1b10309fd168d84b5b4bbd43475bf652d032cee45fb3e6cbedcd88a7e300ad7c332841a38a,gx-no-cache=1713280189696 HTTP/1.1" 200 110
190.171.142.10 - - [16/Apr/2024:12:13:23 -0300] "POST /cormun/servlet/solicitudot?gx-no-cache=1713280189731 HTTP/1.1" 200 67
190.171.142.10 - - [16/Apr/2024:12:13:23 -0300] "GET /cormun/servlet/solicitudot?04cbea23964f256dc465379087badccdca3d22ef2c337779bee478ed298abf1ca0dd3dbeb4c49f520549c3c1d25e2f6bad2ecf958558b2c5a3aa433633baa0127572e2c38900151d7f64efde7e92daf0b564556fd62a1ac717e80045095590222573c78c7a6bda3f906a0c1693716644abf3f9175ddf5c405fe0ce2743a7db5f9d61b3fead59c03a9ab610a1bb0d4b4792826759eba96fa9da25d5da0affe4f0,gx-no-cache=1713280189752 HTTP/1.1" 200 29
190.171.142.10 - - [16/Apr/2024:12:13:23 -0300] "GET /cormun/servlet/solicitudot?04cbea23964f256dc465379087badccd094b4d487a6a0ce79708f04face5e26083b74342412431d1e54a1a3423e8d346,gx-no-cache=1713280189768 HTTP/1.1" 200 30
190.171.142.10 - - [16/Apr/2024:12:13:24 -0300] "POST /cormun/servlet/solicitudot?gx-no-cache=1713280189783 HTTP/1.1" 200 32
190.171.142.10 - - [16/Apr/2024:12:13:24 -0300] "POST /cormun/servlet/solicitudot?a8b193d16a953262ed21a8851d076a61,UPD,2024,21231,false,,gx-no-cache=1713280189835 HTTP/1.1" 200 93
190.171.142.10 - - [16/Apr/2024:12:13:24 -0300] "GET /cormun/servlet/hpexe_return? HTTP/1.1" 200 1013
190.171.142.10 - - [16/Apr/2024:12:13:24 -0300] "GET /cormun/servlet/trsolicitudot HTTP/1.1" 200 9225
195.140.227.163 - - [16/Apr/2024:12:13:26 -0300] "GET /manager/html HTTP/1.1" 401 2474
190.171.142.10 - - [16/Apr/2024:12:13:27 -0300] "POST /cormun/servlet/trsolicitudot?a8b193d16a953262ed21a8851d076a61,gx-no-cache=1713280193073 HTTP/1.1" 200 112
190.171.142.10 - - [16/Apr/2024:12:13:27 -0300] "GET /cormun/servlet/solicitudot?UPD,2024,21248,false, HTTP/1.1" 200 16772
190.171.142.10 - - [16/Apr/2024:12:13:28 -0300] "POST /cormun/servlet/solicitudot?gx-no-cache=1713280193853 HTTP/1.1" 200 4101
190.171.142.10 - - [16/Apr/2024:12:13:28 -0300] "POST /cormun/servlet/solicitudot?a8b193d16a953262ed21a8851d076a61,UPD,2024,21248,false,,gx-no-cache=1713280193958 HTTP/1.1" 200 13032
190.171.142.10 - - [16/Apr/2024:12:13:28 -0300] "GET /cormun/servlet/solicitudot?04cbea23964f256dc465379087badccd0ceff341a441fadc52c05aaf47b5944ce268020dc82532bef29aa265d7aaf7b0,gx-no-cache=1713280194053 HTTP/1.1" 200 30
190.171.142.10 - - [16/Apr/2024:12:13:28 -0300] "GET /cormun/servlet/solicitudot?04cbea23964f256dc465379087badccdf9cb727d41a47f2fcc8ba3aef969890d424ebe111cf937bb11d07020cbea5fe2,gx-no-cache=1713280194074 HTTP/1.1" 200 30
190.171.142.10 - - [16/Apr/2024:12:13:28 -0300] "GET /cormun/servlet/solicitudot?04cbea23964f256dc465379087badccd7d1f29c2450a1300d73ce9091bc3ae0744a9a0d1a4f46d21fe2dcb6fc5aa4d0e8aca85427b5353703b33547d78b31cd3,gx-no-cache=1713280194095 HTTP/1.1" 200 51
190.171.142.10 - - [16/Apr/2024:12:13:28 -0300] "POST /cormun/servlet/solicitudot?gx-no-cache=1713280194120 HTTP/1.1" 200 256
190.171.142.10 - - [16/Apr/2024:12:13:28 -0300] "GET /cormun/servlet/solicitudot?04cbea23964f256dc465379087badccdc0bd5dc07a6962d42e23c826aa8dd94244665d1fa6f1f74a9adbe0a6f9826d69fede5b3f44fc48e00624fea365273f8df2f3980b0c2acee086681f4bbd985458413817473b688f33588b7da387d75eab03bc4bdabd29642d6f45bce8c4b11f0bb1dbc0b6b56b54aaed488f1fb6c9f096586114afe220775b165eda0a5d5d4463c096a8d98cfa2c08f3417ea610a39166a49dfc5a1291cf1bb1e0b7b7acd4da8c5f1f341f52b32edbf9e73e3ce5c6ed33ab44c2313540294302df3bc2b53da947754fab3239a0adad3d0c940d911d951acdbc085579e4f7fe5cb5efa92211c84cf722938af6efcb51b021baa09046f59ad9ff39955d94eafa8a32d9471821892a2400582f88e1503c1033cbc6432670b8bd6ed3f700d74dcff64be81025965ad7e2dd7fbc10c506351ba7b270e5cc57e5e8567dcdef9dd6f4b88500846faad7083bbd69cca05666f087d719bcfd5008976c955d26ad6676bffc6035cf3af0a539c6d051693bd0eaacae9ee3fe45871b5f,gx-no-cache=1713280194149 HTTP/1.1" 200 30
190.171.142.10 - - [16/Apr/2024:12:13:28 -0300] "POST /cormun/servlet/solicitudot?gx-no-cache=1713280194169 HTTP/1.1" 200 30
190.171.142.10 - - [16/Apr/2024:12:13:28 -0300] "POST /cormun/servlet/solicitudot?gx-no-cache=1713280194193 HTTP/1.1" 200 1481
190.171.142.10 - - [16/Apr/2024:12:13:28 -0300] "POST /cormun/servlet/solicitudot?gx-no-cache=1713280194267 HTTP/1.1" 200 41
190.171.142.10 - - [16/Apr/2024:12:13:30 -0300] "GET /cormun/servlet/solicitudot?04cbea23964f256dc465379087badccd04a4b9afb62dd67a3d3712f6d27280498fcaf0f3173fa982cfc8f94d8df1f2a1221517753379928c1eeb18bff1ef432efb767cc81f49176c04f36f1b10309fd168d84b5b4bbd43475bf652d032cee45fb3e6cbedcd88a7e300ad7c332841a38a,gx-no-cache=1713280196551 HTTP/1.1" 200 110
190.171.142.10 - - [16/Apr/2024:12:13:30 -0300] "POST /cormun/servlet/solicitudot?gx-no-cache=1713280196571 HTTP/1.1" 200 97
190.171.142.10 - - [16/Apr/2024:12:13:30 -0300] "GET /cormun/servlet/solicitudot?04cbea23964f256dc465379087badccd0a92e19eedec107956b51932d20e06fda0dd3dbeb4c49f520549c3c1d25e2f6b953660df97e80deb7361a089a6dfac5f7572e2c38900151d7f64efde7e92daf0b564556fd62a1ac717e80045095590222573c78c7a6bda3f906a0c1693716644abf3f9175ddf5c405fe0ce2743a7db5f9d61b3fead59c03a9ab610a1bb0d4b4792826759eba96fa9da25d5da0affe4f0,gx-no-cache=1713280196592 HTTP/1.1" 200 29
190.171.142.10 - - [16/Apr/2024:12:13:30 -0300] "GET /cormun/static/menuarrow.gif HTTP/1.1" 404 1015
190.171.142.10 - - [16/Apr/2024:12:13:34 -0300] "GET /cormun/servlet/solicitudot?04cbea23964f256dc465379087badccd04a4b9afb62dd67a3d3712f6d27280498fcaf0f3173fa982cfc8f94d8df1f2a1221517753379928c1eeb18bff1ef432efb767cc81f49176c04f36f1b10309fd168d84b5b4bbd43475bf652d032cee45fb3e6cbedcd88a7e300ad7c332841a38a,gx-no-cache=1713280199839 HTTP/1.1" 200 110
190.171.142.10 - - [16/Apr/2024:12:13:36 -0300] "GET /cormun/servlet/solicitudot?04cbea23964f256dc465379087badccd094b4d487a6a0ce79708f04face5e26083b74342412431d1e54a1a3423e8d346,gx-no-cache=1713280202695 HTTP/1.1" 200 30
190.171.142.10 - - [16/Apr/2024:12:13:36 -0300] "POST /cormun/servlet/solicitudot?gx-no-cache=1713280202715 HTTP/1.1" 200 32
190.171.142.10 - - [16/Apr/2024:12:13:37 -0300] "POST /cormun/servlet/solicitudot?a8b193d16a953262ed21a8851d076a61,UPD,2024,21248,false,,gx-no-cache=1713280202771 HTTP/1.1" 200 93
190.171.142.10 - - [16/Apr/2024:12:13:37 -0300] "GET /cormun/servlet/hpexe_return? HTTP/1.1" 200 1013
190.171.142.10 - - [16/Apr/2024:12:13:37 -0300] "GET /cormun/servlet/trsolicitudot HTTP/1.1" 200 9225
190.171.142.10 - - [16/Apr/2024:12:14:44 -0300] "GET /cormun/servlet/solicitudot?INS,0,0,false, HTTP/1.1" 200 16106
190.171.142.10 - - [16/Apr/2024:12:14:56 -0300] "POST /cormun/servlet/solicitudot?gx-no-cache=1713280282360 HTTP/1.1" 200 4120
190.171.142.10 - - [16/Apr/2024:12:14:56 -0300] "POST /cormun/servlet/solicitudot?a8b193d16a953262ed21a8851d076a61,INS,0,0,false,,gx-no-cache=1713280282689 HTTP/1.1" 200 12981
190.171.142.10 - - [16/Apr/2024:12:15:03 -0300] "GET /cormun/servlet/solicitudot?04cbea23964f256dc465379087badccdfc1de473db2a4b4d2fed541b14851f5835a945c982344267922d5ddcabdf23c4,gx-no-cache=1713280288843 HTTP/1.1" 200 30
190.171.142.10 - - [16/Apr/2024:12:15:03 -0300] "GET /cormun/servlet/solicitudot?04cbea23964f256dc465379087badccd4ea1c692659e62920a1caa7cffc06d8388f70b0a33cf195b7a2c1e6d495b68fa791282fbfa039134066b29ef6856b4b6,gx-no-cache=1713280289079 HTTP/1.1" 200 30
190.171.142.10 - - [16/Apr/2024:12:15:03 -0300] "GET /cormun/servlet/solicitudot?04cbea23964f256dc465379087badccdb3ecad1071597f8bb481a7963c0b3c29,gx-no-cache=1713280289100 HTTP/1.1" 200 70
190.171.142.10 - - [16/Apr/2024:12:15:03 -0300] "POST /cormun/servlet/solicitudot?gx-no-cache=1713280289135 HTTP/1.1" 200 255
190.171.142.10 - - [16/Apr/2024:12:15:03 -0300] "GET /cormun/servlet/solicitudot?04cbea23964f256dc465379087badccdc0bd5dc07a6962d42e23c826aa8dd94244665d1fa6f1f74a9adbe0a6f9826d69fede5b3f44fc48e00624fea365273f8df2f3980b0c2acee086681f4bbd985458413817473b688f33588b7da387d75eab03bc4bdabd29642d6f45bce8c4b11f0bb1dbc0b6b56b54aaed488f1fb6c9f096586114afe220775b165eda0a5d5d4463c096a8d98cfa2c08f3417ea610a39166a49dfc5a1291cf1bb1e0b7b7acd4da8c5f1f341f52b32edbf9e73e3ce5c6ed33ab44c2313540294302df3bc2b53da947754fab3239a0adad3d0c940d911d951acdbc085579e4f7fe5cb5efa92211c84cf722938af6efcb51b021baa09046f59ad9ff39955d94eafa8a32d9471821892a2400582f88e1503c1033cbc6432670b8bd6ed3f700d74dcff64be81025965ad7e2dd7fbc10c506351ba7b270e5cc57e5e8567dcdef9dd6f4b88500846faad7083bbd69cca05666f087d719bcfd5008976c955d26ad6676bffc6035cf3af0a5393e6cf4d4934494a68ebe21eea1bacb98,gx-no-cache=1713280289160 HTTP/1.1" 200 30
190.171.142.10 - - [16/Apr/2024:12:15:05 -0300] "POST /cormun/servlet/solicitudot?gx-no-cache=1713280291027 HTTP/1.1" 200 30
190.171.142.10 - - [16/Apr/2024:12:15:07 -0300] "GET /cormun/servlet/prcontratosol?10345903,,,,,MD,,gxPopupLevel%3D0%3B HTTP/1.1" 200 7841
190.171.142.10 - - [16/Apr/2024:12:15:14 -0300] "POST /cormun/servlet/solicitudot?gx-no-cache=1713280299757 HTTP/1.1" 200 1563
190.171.142.10 - - [16/Apr/2024:12:15:14 -0300] "GET /cormun/static/Shared/jqueryui/images/ui-bg_highlight-soft_100_c6c2c8_1x100.png HTTP/1.1" 404 1117
190.171.142.10 - - [16/Apr/2024:12:15:14 -0300] "GET /cormun/static/Shared/jqueryui/images/ui-icons_82798d_256x240.png HTTP/1.1" 404 1089
190.171.142.10 - - [16/Apr/2024:12:15:14 -0300] "GET /cormun/static/Shared/jqueryui/images/ui-bg_flat_55_994d53_40x100.png HTTP/1.1" 404 1097
190.171.142.10 - - [16/Apr/2024:12:15:14 -0300] "GET /cormun/static/Shared/jqueryui/images/ui-icons_ebccce_256x240.png HTTP/1.1" 404 1089
190.171.142.10 - - [16/Apr/2024:12:15:14 -0300] "POST /cormun/servlet/solicitudot?gx-no-cache=1713280299859 HTTP/1.1" 200 117
190.171.142.10 - - [16/Apr/2024:12:15:14 -0300] "GET /cormun/servlet/solicitudot?04cbea23964f256dc465379087badccd04a4b9afb62dd67a3d3712f6d27280498fcaf0f3173fa982cfc8f94d8df1f2a1221517753379928c1eeb18bff1ef432efb767cc81f49176c04f36f1b10309fd168d84b5b4bbd43475bf652d032cee45fb3e6cbedcd88a7e300ad7c332841a38a,gx-no-cache=1713280299891 HTTP/1.1" 200 110
190.171.142.10 - - [16/Apr/2024:12:15:14 -0300] "POST /cormun/servlet/solicitudot?gx-no-cache=1713280299915 HTTP/1.1" 200 64
190.171.142.10 - - [16/Apr/2024:12:15:14 -0300] "GET /cormun/servlet/solicitudot?04cbea23964f256dc465379087badccd72c06b38f4298b0bb89859ff431e7742a8477844a404f78b639dd23e8456bb2629c1dc3de026e2046afab2387cbb4ada29b7723a384bba0fdebaf32482fa028ca91aaf2ce440f07835159204f44e78a9106451bd1f2e08b16f3aa28efe36815fb47ba0121cde317af4b50dbc053535719f3ccd48017589e6d6168caee51e372570b0a7bb528c902d5b33d10b4ca288a0,gx-no-cache=1713280299936 HTTP/1.1" 200 29
190.171.142.10 - - [16/Apr/2024:12:15:14 -0300] "GET /cormun/servlet/solicitudot?04cbea23964f256dc465379087badccdaf3197b10863cafd3b1f9295714d021e8d16c57389cb305cf92f978682706657,gx-no-cache=1713280299951 HTTP/1.1" 200 134
190.171.142.10 - - [16/Apr/2024:12:15:38 -0300] "POST /cormun/servlet/solicitudot?gx-no-cache=1713280323996 HTTP/1.1" 200 1481
190.171.142.10 - - [16/Apr/2024:12:15:49 -0300] "POST /cormun/servlet/solicitudot?gx-no-cache=1713280335044 HTTP/1.1" 200 41
190.171.142.10 - - [16/Apr/2024:12:15:49 -0300] "GET /cormun/servlet/solicitudot?04cbea23964f256dc465379087badccd04a4b9afb62dd67a3d3712f6d27280498fcaf0f3173fa982cfc8f94d8df1f2a1221517753379928c1eeb18bff1ef432efb767cc81f49176c04f36f1b10309fd168d84b5b4bbd43475bf652d032cee45fb3e6cbedcd88a7e300ad7c332841a38a,gx-no-cache=1713280335460 HTTP/1.1" 200 110
190.171.142.10 - - [16/Apr/2024:12:15:50 -0300] "POST /cormun/servlet/solicitudot?gx-no-cache=1713280335998 HTTP/1.1" 200 97
190.171.134.178 - - [16/Apr/2024:12:15:57 -0300] "GET /cormun/servlet/hlogin HTTP/1.1" 200 1719
190.171.134.178 - - [16/Apr/2024:12:15:57 -0300] "GET /cormun/servlet/hlogin HTTP/1.1" 200 1728
190.171.134.178 - - [16/Apr/2024:12:16:08 -0300] "POST /cormun/servlet/hlogin?23e543b33bcf2387144692c7b64cb27b,gx-no-cache=1713280354704 HTTP/1.1" 200 90
190.171.134.178 - - [16/Apr/2024:12:16:08 -0300] "GET /cormun/servlet/hpexe_link HTTP/1.1" 200 950
190.171.134.178 - - [16/Apr/2024:12:16:08 -0300] "GET /cormun/servlet/hhome HTTP/1.1" 200 3938
190.171.134.178 - - [16/Apr/2024:12:16:09 -0300] "GET /cormun/servlet/hhome HTTP/1.1" 200 3935
190.171.134.178 - - [16/Apr/2024:12:16:13 -0300] "GET /cormun/servlet/trlicencias? HTTP/1.1" 200 9690
190.171.134.178 - - [16/Apr/2024:12:16:13 -0300] "GET /cormun/servlet/trlicencias? HTTP/1.1" 200 9687
190.171.134.178 - - [16/Apr/2024:12:16:23 -0300] "GET /cormun/servlet/hhome HTTP/1.1" 200 3938
190.171.134.178 - - [16/Apr/2024:12:16:24 -0300] "GET /cormun/servlet/hhome HTTP/1.1" 200 3935
190.171.142.10 - - [16/Apr/2024:12:16:28 -0300] "GET /cormun/servlet/solicitudot?04cbea23964f256dc465379087badccd094b4d487a6a0ce79708f04face5e260403d4559f12cf9fa5fd02bab900c05f7,gx-no-cache=1713280373987 HTTP/1.1" 200 30
190.171.134.178 - - [16/Apr/2024:12:16:40 -0300] "GET /cormun/servlet/hlogin HTTP/1.1" 200 1728
190.171.142.10 - - [16/Apr/2024:12:16:55 -0300] "POST /cormun/servlet/solicitudot?gx-no-cache=1713280401543 HTTP/1.1" 200 32
190.171.142.10 - - [16/Apr/2024:12:16:56 -0300] "POST /cormun/servlet/solicitudot?a8b193d16a953262ed21a8851d076a61,INS,0,0,false,,gx-no-cache=1713280401608 HTTP/1.1" 200 93
190.171.142.10 - - [16/Apr/2024:12:16:56 -0300] "GET /cormun/servlet/hpexe_return? HTTP/1.1" 200 1007
190.171.142.10 - - [16/Apr/2024:12:16:56 -0300] "GET /cormun/servlet/trsolicitudot HTTP/1.1" 200 9620
190.171.141.82 - - [16/Apr/2024:12:16:58 -0300] "GET /cormun/servlet/trpermisosgoce? HTTP/1.1" 200 6036
190.171.141.82 - - [16/Apr/2024:12:16:59 -0300] "GET /cormun/servlet/hlogin HTTP/1.1" 200 1737
190.171.142.10 - - [16/Apr/2024:12:17:03 -0300] "GET /cormun/static/menuarrow.gif HTTP/1.1" 404 1015
200.54.100.179 - - [16/Apr/2024:12:17:57 -0300] "GET /cormun/servlet/permisogoce?INS,0,,, HTTP/1.1" 200 7210
200.54.100.179 - - [16/Apr/2024:12:18:02 -0300] "GET /cormun/servlet/prfichaempleado?,MD,,gxPopupLevel%3D0%3B HTTP/1.1" 200 9351
195.140.227.163 - - [16/Apr/2024:12:18:04 -0300] "GET /manager/html HTTP/1.1" 401 2474
190.171.142.10 - - [16/Apr/2024:12:18:05 -0300] "GET /cormun/servlet/solicitudot?INS,0,0,false, HTTP/1.1" 200 16104
190.171.142.10 - - [16/Apr/2024:12:18:17 -0300] "POST /cormun/servlet/solicitudot?gx-no-cache=1713280483110 HTTP/1.1" 200 4031
190.171.142.10 - - [16/Apr/2024:12:18:17 -0300] "POST /cormun/servlet/solicitudot?a8b193d16a953262ed21a8851d076a61,INS,0,0,false,,gx-no-cache=1713280483239 HTTP/1.1" 200 12879
190.171.134.178 - - [16/Apr/2024:12:18:20 -0300] "GET /cormun/servlet/hlogin HTTP/1.1" 200 1712
200.54.100.179 - - [16/Apr/2024:12:18:21 -0300] "POST /cormun/servlet/prfichaempleado?ac1913f5f362b7dc7f5512f13a6e96b3,,MD,,gxPopupLevel%3D0%3B,gx-no-cache=1713280487231 HTTP/1.1" 200 3518
190.171.142.10 - - [16/Apr/2024:12:18:23 -0300] "GET /cormun/servlet/solicitudot?04cbea23964f256dc465379087badccdd6bd294f1b83ce573d9f8b18176e1cba35a945c982344267922d5ddcabdf23c4,gx-no-cache=1713280489585 HTTP/1.1" 200 30
200.54.100.179 - - [16/Apr/2024:12:18:29 -0300] "GET /cormun/servlet/permisogoce?2f44133d78d1311f0b74f2c31bf301de12984e972e77c3c8a0c965b96f20db1af0cf08ab53d61c73410fead935931d8ecbe23890e145ece059c58487c39473ee,gx-no-cache=1713280494784 HTTP/1.1" 200 81
200.54.100.179 - - [16/Apr/2024:12:18:30 -0300] "GET /cormun/static/menuarrow.gif HTTP/1.1" 404 1015
190.171.134.178 - - [16/Apr/2024:12:18:32 -0300] "POST /cormun/servlet/hlogin?4c174e7364796d8d79b6bad6511beba8,gx-no-cache=1713280498761 HTTP/1.1" 200 90
190.171.134.178 - - [16/Apr/2024:12:18:32 -0300] "GET /cormun/servlet/hpexe_link HTTP/1.1" 200 943
190.171.134.178 - - [16/Apr/2024:12:18:33 -0300] "GET /cormun/servlet/hhome HTTP/1.1" 200 3931
190.171.134.178 - - [16/Apr/2024:12:18:33 -0300] "GET /cormun/servlet/hhome HTTP/1.1" 200 3928
190.171.134.178 - - [16/Apr/2024:12:18:37 -0300] "GET /cormun/servlet/trsolicitudot? HTTP/1.1" 200 7149
190.171.134.178 - - [16/Apr/2024:12:18:38 -0300] "GET /cormun/servlet/trsolicitudot? HTTP/1.1" 200 7148
200.54.100.179 - - [16/Apr/2024:12:18:40 -0300] "GET /cormun/servlet/permisogoce?2f44133d78d1311f0b74f2c31bf301de778cd289c0177ec8bb28fb03f53e556a4685e2a0819671c36d3db2e59d65c89ea2eeb8340453c9a57b62c24440f13d1e,gx-no-cache=1713280506346 HTTP/1.1" 200 46
190.171.134.178 - - [16/Apr/2024:12:18:42 -0300] "GET /cormun/servlet/solicitudot?INS,0,0,false, HTTP/1.1" 200 15916
190.171.134.178 - - [16/Apr/2024:12:18:42 -0300] "GET /cormun/servlet/solicitudot?INS,0,0,false, HTTP/1.1" 200 15924
200.54.100.179 - - [16/Apr/2024:12:18:43 -0300] "POST /cormun/servlet/permisogoce?ac1913f5f362b7dc7f5512f13a6e96b3,INS,0,,,,gx-no-cache=1713280509173 HTTP/1.1" 200 93
200.54.100.179 - - [16/Apr/2024:12:18:43 -0300] "GET /cormun/servlet/hpexe_return? HTTP/1.1" 200 1007
200.54.100.179 - - [16/Apr/2024:12:18:43 -0300] "GET /cormun/servlet/trpermisosgoce HTTP/1.1" 200 10212
200.54.100.179 - - [16/Apr/2024:12:18:47 -0300] "GET /cormun/servlet/apermisogoceprn?9734277,P,20240416105217,PU HTTP/1.1" 200 1653
190.171.134.178 - - [16/Apr/2024:12:18:56 -0300] "POST /cormun/servlet/solicitudot?gx-no-cache=1713280522109 HTTP/1.1" 200 4136
190.171.134.178 - - [16/Apr/2024:12:18:56 -0300] "POST /cormun/servlet/solicitudot?4c174e7364796d8d79b6bad6511beba8,INS,0,0,false,,gx-no-cache=1713280522259 HTTP/1.1" 200 12717
190.171.134.178 - - [16/Apr/2024:12:19:28 -0300] "GET /cormun/servlet/solicitudot?2d3602f17c3332ec21ebf3562938b0c70689e467a75f7f4f69f834f8f9c0867d615d8fdcea483ffe287f66bb6efd7ee7,gx-no-cache=1713280553825 HTTP/1.1" 200 30
190.171.134.178 - - [16/Apr/2024:12:19:28 -0300] "GET /cormun/servlet/solicitudot?2d3602f17c3332ec21ebf3562938b0c708778d45536c2bac4f79fe082b6f6bac578b40f0e06a022aaf263949f00dbdc579c6f0573ecc71d1f6983e34e5a8a8c3,gx-no-cache=1713280553879 HTTP/1.1" 200 30
190.171.134.178 - - [16/Apr/2024:12:19:28 -0300] "GET /cormun/servlet/solicitudot?2d3602f17c3332ec21ebf3562938b0c7eb922f5d089400cc63d9e090f0852efc,gx-no-cache=1713280553900 HTTP/1.1" 200 51
190.171.134.178 - - [16/Apr/2024:12:19:28 -0300] "POST /cormun/servlet/solicitudot?gx-no-cache=1713280553923 HTTP/1.1" 200 255
190.171.134.178 - - [16/Apr/2024:12:19:28 -0300] "GET /cormun/servlet/solicitudot?2d3602f17c3332ec21ebf3562938b0c7dd8ec442658d58b3574e46f8bd4e8e994ae7a377c20c47a86f7a3e2cc53f7d5c4b940502216d8592a3e03270d2465cddbcdcfd01370217c50c2c6b1810aa7c0f04938474c7abc84c55c07cf35583c2cd8ba0602dc49c9cb3fad1b77baf28a29e999c23a0acc23354b86c7a170bf9015c6f87f24100f5b5d2bea9b24fea7ed18df57bb5009b143110be24bd42272f18f2efc5a65227b39d0245a1e98979e290f23dedd1783686524e4fd3d09dcaa1e04f607eacf9821581264b96321d89d498c3ebe6a00aab959ab2f0c013f49507d177d9d9471197aa749e1c91d14d838be86a35f6ec5fb09da50dd7986880eadf333af38cc66d96a307ae64a4f63834632f87b402539bb7754eb787b8866795b9bf445d6091eac6d67300ba7c51259a5756e43b394146488fdf3f0c282c093e97a44ba1108e8e7b43c3375c7ab9ff1f2d7febec93613c6d0bbd29bf53dbe56f4684475719198e06c9bc790c1690f76144b2f6c2a70362cf7634a78c88abea9d07ddfa,gx-no-cache=1713280553954 HTTP/1.1" 200 30
190.171.141.82 - - [16/Apr/2024:12:19:28 -0300] "POST /cormun/servlet/hlogin?049a711274cb793173e92552ee48a8d6,gx-no-cache=1713280554089 HTTP/1.1" 200 90
190.171.141.82 - - [16/Apr/2024:12:19:28 -0300] "GET /cormun/servlet/hpexe_link HTTP/1.1" 200 954
190.171.141.82 - - [16/Apr/2024:12:19:28 -0300] "GET /cormun/servlet/trpermisosgoce HTTP/1.1" 200 10581
181.212.40.185 - - [16/Apr/2024:12:19:29 -0300] "POST /cormun/servlet/trlicencias?d287090f6f91c7cca1bb186e2ba906c7,,gx-no-cache=1713280555525 HTTP/1.1" 440 972
181.212.40.185 - - [16/Apr/2024:12:19:30 -0300] "GET /cormun/servlet/trlicencias? HTTP/1.1" 200 6051
181.212.40.185 - - [16/Apr/2024:12:19:31 -0300] "GET /cormun/servlet/hlogin HTTP/1.1" 200 1741
190.171.141.82 - - [16/Apr/2024:12:19:36 -0300] "GET /cormun/servlet/permisogoce?INS,0,,, HTTP/1.1" 200 7210
190.171.141.82 - - [16/Apr/2024:12:19:41 -0300] "GET /cormun/servlet/prfichaempleado?,MD,,gxPopupLevel%3D0%3B HTTP/1.1" 200 9349
181.212.40.185 - - [16/Apr/2024:12:19:43 -0300] "POST /cormun/servlet/hlogin?e9a32ee173a53cab196576877c8bb31c,gx-no-cache=1713280569732 HTTP/1.1" 200 90
181.212.40.185 - - [16/Apr/2024:12:19:44 -0300] "GET /cormun/servlet/hpexe_link HTTP/1.1" 200 959
181.212.40.185 - - [16/Apr/2024:12:19:44 -0300] "GET /cormun/servlet/trlicencias HTTP/1.1" 200 15697
190.171.141.82 - - [16/Apr/2024:12:19:44 -0300] "POST /cormun/servlet/prfichaempleado?049a711274cb793173e92552ee48a8d6,,MD,,gxPopupLevel%3D0%3B,gx-no-cache=1713280570625 HTTP/1.1" 200 4487
190.171.134.178 - - [16/Apr/2024:12:19:46 -0300] "GET /cormun/servlet/trsolicitudot? HTTP/1.1" 200 7149
190.171.134.178 - - [16/Apr/2024:12:19:47 -0300] "GET /cormun/servlet/trsolicitudot? HTTP/1.1" 200 7148
190.171.141.82 - - [16/Apr/2024:12:20:02 -0300] "GET /cormun/servlet/permisogoce?c9a1a1ba822f8e85ee5799cf7b11207e67330c03ab2ea1c38a373c615ee4f728652927cd9e2098c61e93c4b5961f1d87a6e0660df38d7d705be14708a16e33a2,gx-no-cache=1713280588013 HTTP/1.1" 200 79
190.171.141.82 - - [16/Apr/2024:12:20:03 -0300] "GET /cormun/static/menuarrow.gif HTTP/1.1" 404 1015
200.54.100.179 - - [16/Apr/2024:12:20:03 -0300] "GET /cormun/servlet/apermisogoceprn?14199845,P,20240416111426,PU HTTP/1.1" 200 1650
190.171.141.82 - - [16/Apr/2024:12:20:07 -0300] "GET /cormun/servlet/permisogoce?c9a1a1ba822f8e85ee5799cf7b11207e50b68db805d2076596f400b6125d088ce0a73f7f594b62c86ab5734d95000fb3e6af882b2a7c9151de75c88a9da1d3ec,gx-no-cache=1713280592823 HTTP/1.1" 200 46
190.171.142.10 - - [16/Apr/2024:12:20:07 -0300] "GET /cormun/servlet/solicitudot?04cbea23964f256dc465379087badccdb7e6326d40dcf4d853a11398579bc00a,gx-no-cache=1713280593710 HTTP/1.1" 200 94
190.171.142.10 - - [16/Apr/2024:12:20:07 -0300] "GET /cormun/static/Shared/jqueryui/images/ui-bg_highlight-soft_100_c6c2c8_1x100.png HTTP/1.1" 404 1117
190.171.142.10 - - [16/Apr/2024:12:20:07 -0300] "GET /cormun/static/Shared/jqueryui/images/ui-icons_82798d_256x240.png HTTP/1.1" 404 1089
190.171.142.10 - - [16/Apr/2024:12:20:07 -0300] "GET /cormun/static/Shared/jqueryui/images/ui-icons_ebccce_256x240.png HTTP/1.1" 404 1089
190.171.142.10 - - [16/Apr/2024:12:20:07 -0300] "GET /cormun/static/Shared/jqueryui/images/ui-bg_flat_55_994d53_40x100.png HTTP/1.1" 404 1097
190.171.142.10 - - [16/Apr/2024:12:20:07 -0300] "GET /cormun/servlet/solicitudot?04cbea23964f256dc465379087badccdc6128fe0987d7b30f27d4887391dee1a,gx-no-cache=1713280593747 HTTP/1.1" 200 29
190.171.141.82 - - [16/Apr/2024:12:20:10 -0300] "POST /cormun/servlet/permisogoce?049a711274cb793173e92552ee48a8d6,INS,0,,,,gx-no-cache=1713280595400 HTTP/1.1" 200 93
190.171.141.82 - - [16/Apr/2024:12:20:10 -0300] "GET /cormun/servlet/hpexe_return? HTTP/1.1" 200 1007
190.171.141.82 - - [16/Apr/2024:12:20:10 -0300] "GET /cormun/servlet/trpermisosgoce HTTP/1.1" 200 10790
190.171.141.82 - - [16/Apr/2024:12:20:13 -0300] "GET /cormun/servlet/apermisogoceprn?18798473,P,20240416111606,PU HTTP/1.1" 200 1653
190.171.142.10 - - [16/Apr/2024:12:20:14 -0300] "POST /cormun/servlet/solicitudot?gx-no-cache=1713280600547 HTTP/1.1" 200 255
190.171.142.10 - - [16/Apr/2024:12:20:20 -0300] "GET /cormun/servlet/solicitudot?04cbea23964f256dc465379087badccdc0bd5dc07a6962d42e23c826aa8dd94244665d1fa6f1f74a9adbe0a6f9826d69fede5b3f44fc48e00624fea365273f8df2f3980b0c2acee086681f4bbd985458413817473b688f33588b7da387d75eab03bc4bdabd29642d6f45bce8c4b11f0bb1dbc0b6b56b54aaed488f1fb6c9f096586114afe220775b165eda0a5d5d4463c096a8d98cfa2c08f3417ea610a39166a49dfc5a1291cf1bb1e0b7b7acd4da8c5f1f341f52b32edbf9e73e3ce5c6ed33ab44c2313540294302df3bc2b53da947754fab3239a0adad3d0c940d911d951acdbc085579e4f7fe5cb5efa92211c84cf722938af6efcb51b021baa09046f59ad9ff39955d94eafa8a32d9471821892a2400582f88e1503c1033cbc6432670b8bd6ed3f700d74dcff64be81025965ad7e2dd7fbc10c506351ba7b270e5cc57e5e8567dcdef9dd6f4b88500846faad7083bbd69cca05666f087d719bcfd5008976c955d26ad6676bffc6035cf3af0a5393e6cf4d4934494a68ebe21eea1bacb98,gx-no-cache=1713280606676 HTTP/1.1" 200 30
190.171.141.82 - - [16/Apr/2024:12:20:22 -0300] "GET /cormun/servlet/permisogoce?INS,0,,, HTTP/1.1" 200 7210
190.171.142.10 - - [16/Apr/2024:12:20:26 -0300] "POST /cormun/servlet/solicitudot?gx-no-cache=1713280611964 HTTP/1.1" 200 30
190.171.142.10 - - [16/Apr/2024:12:20:29 -0300] "GET /cormun/servlet/prcontratosol?17652229,,,,,MD,,gxPopupLevel%3D0%3B HTTP/1.1" 200 8172
190.171.142.10 - - [16/Apr/2024:12:20:32 -0300] "POST /cormun/servlet/solicitudot?gx-no-cache=1713280618343 HTTP/1.1" 200 1563
190.171.142.10 - - [16/Apr/2024:12:20:32 -0300] "POST /cormun/servlet/solicitudot?gx-no-cache=1713280618391 HTTP/1.1" 200 117
190.171.142.10 - - [16/Apr/2024:12:20:33 -0300] "GET /cormun/servlet/solicitudot?04cbea23964f256dc465379087badccd04a4b9afb62dd67a3d3712f6d27280498fcaf0f3173fa982cfc8f94d8df1f2a1221517753379928c1eeb18bff1ef432efb767cc81f49176c04f36f1b10309fd168d84b5b4bbd43475bf652d032cee45fb3e6cbedcd88a7e300ad7c332841a38a,gx-no-cache=1713280619200 HTTP/1.1" 200 110
190.171.142.10 - - [16/Apr/2024:12:20:33 -0300] "POST /cormun/servlet/solicitudot?gx-no-cache=1713280619225 HTTP/1.1" 200 64
190.171.142.10 - - [16/Apr/2024:12:20:33 -0300] "GET /cormun/servlet/solicitudot?04cbea23964f256dc465379087badccd72c06b38f4298b0bb89859ff431e7742a8477844a404f78b639dd23e8456bb26334a4e7bca6360d5238d818e791307f4d7fb803d048789e77b5c286e10da175254bc0b6694621d64e6dfe0660c05e2c8337bb783d4370aa57db00508296b15ed,gx-no-cache=1713280619245 HTTP/1.1" 200 29
190.171.142.10 - - [16/Apr/2024:12:20:33 -0300] "GET /cormun/servlet/solicitudot?04cbea23964f256dc465379087badccdae45fc0411ecc7c2c137c2c50efd4f045ed3ba1f0b245835e237e5638fc07fee,gx-no-cache=1713280619262 HTTP/1.1" 200 134
200.54.103.162 - - [16/Apr/2024:12:20:58 -0300] "GET /cormun/servlet/hhome HTTP/1.1" 200 4329
200.54.103.162 - - [16/Apr/2024:12:21:01 -0300] "GET /cormun/servlet/trlicencias? HTTP/1.1" 200 11061
190.171.141.82 - - [16/Apr/2024:12:21:04 -0300] "GET /cormun/servlet/prfichaempleado?,MD,,gxPopupLevel%3D0%3B HTTP/1.1" 200 9349
190.171.141.82 - - [16/Apr/2024:12:21:08 -0300] "POST /cormun/servlet/prfichaempleado?049a711274cb793173e92552ee48a8d6,,MD,,gxPopupLevel%3D0%3B,gx-no-cache=1713280653835 HTTP/1.1" 200 6261
190.171.141.82 - - [16/Apr/2024:12:21:08 -0300] "GET /cormun/static/Resources/PXToolsGridNext.gif HTTP/1.1" 200 369
190.171.141.82 - - [16/Apr/2024:12:21:08 -0300] "GET /cormun/static/Resources/PXToolsGridLast.gif HTTP/1.1" 200 370
200.54.103.162 - - [16/Apr/2024:12:21:10 -0300] "GET /cormun/servlet/hlogin HTTP/1.1" 200 1737
195.140.227.163 - - [16/Apr/2024:12:21:25 -0300] "GET /manager/html HTTP/1.1" 401 2474
190.171.153.50 - - [16/Apr/2024:12:23:12 -0300] "GET /cormun/servlet/hlogin HTTP/1.1" 200 1734
190.171.141.82 - - [16/Apr/2024:12:23:56 -0300] "POST /cormun/servlet/prfichaempleado?049a711274cb793173e92552ee48a8d6,,MD,,gxPopupLevel%3D0%3B,gx-no-cache=1713280822433 HTTP/1.1" 200 3169
190.171.141.82 - - [16/Apr/2024:12:24:02 -0300] "POST /cormun/servlet/prfichaempleado?049a711274cb793173e92552ee48a8d6,,MD,,gxPopupLevel%3D0%3B,gx-no-cache=1713280828160 HTTP/1.1" 200 3505
190.171.141.82 - - [16/Apr/2024:12:24:06 -0300] "GET /cormun/servlet/permisogoce?c9a1a1ba822f8e85ee5799cf7b11207eea2a11ffa374276f74576cbe5d974b96652927cd9e2098c61e93c4b5961f1d87a6e0660df38d7d705be14708a16e33a2,gx-no-cache=1713280831891 HTTP/1.1" 200 79
190.171.141.82 - - [16/Apr/2024:12:24:06 -0300] "GET /cormun/static/menuarrow.gif HTTP/1.1" 404 1015
190.171.141.82 - - [16/Apr/2024:12:24:13 -0300] "GET /cormun/servlet/permisogoce?c9a1a1ba822f8e85ee5799cf7b11207e31cb3a18a4ed8aa7920301175bda648da7cc4839d7ce81be950e0118746df4d8e6af882b2a7c9151de75c88a9da1d3ec,gx-no-cache=1713280839613 HTTP/1.1" 200 47
190.171.141.82 - - [16/Apr/2024:12:24:15 -0300] "POST /cormun/servlet/permisogoce?049a711274cb793173e92552ee48a8d6,INS,0,,,,gx-no-cache=1713280840842 HTTP/1.1" 200 93
190.171.141.82 - - [16/Apr/2024:12:24:15 -0300] "GET /cormun/servlet/hpexe_return? HTTP/1.1" 200 1007
190.171.141.82 - - [16/Apr/2024:12:24:15 -0300] "GET /cormun/servlet/trpermisosgoce HTTP/1.1" 200 10980
190.171.141.82 - - [16/Apr/2024:12:24:19 -0300] "GET /cormun/servlet/apermisogoceprn?17139583,P,20240416111651,PU HTTP/1.1" 200 1648
195.140.227.163 - - [16/Apr/2024:12:24:41 -0300] "GET /manager/html HTTP/1.1" 401 2474
223.70.144.35 - - [16/Apr/2024:12:26:28 -0300] "POST /goform/set_LimitClient_cfg HTTP/1.1" 400 -
195.140.227.163 - - [16/Apr/2024:12:27:57 -0300] "GET /manager/html HTTP/1.1" 401 2474
200.54.100.179 - - [16/Apr/2024:12:27:59 -0300] "GET /cormun/servlet/trpermisosadjuntos?14199845,20240416111426,P, HTTP/1.1" 200 6635
200.54.100.179 - - [16/Apr/2024:12:27:59 -0300] "GET /cormun/static/gxcfg.js?2020121641683 HTTP/1.1" 200 953
200.54.100.179 - - [16/Apr/2024:12:27:59 -0300] "GET /cormun/static/trpermisosadjuntos.js?2020121642996 HTTP/1.1" 200 20158
200.54.100.179 - - [16/Apr/2024:12:28:00 -0300] "GET /cormun/servlet/trpermisosadjuntos?14199845,20240416111426,P, HTTP/1.1" 200 6635
200.54.100.179 - - [16/Apr/2024:12:28:01 -0300] "GET /cormun/servlet/permisosadjuntos?INS,14199845,P,20240416111426,, HTTP/1.1" 200 5964
200.54.100.179 - - [16/Apr/2024:12:28:01 -0300] "GET /cormun/static/gxcfg.js?20201215134212 HTTP/1.1" 200 953
200.54.100.179 - - [16/Apr/2024:12:28:01 -0300] "GET /cormun/static/permisosadjuntos.js?20201215134285 HTTP/1.1" 200 8724
200.54.100.179 - - [16/Apr/2024:12:28:01 -0300] "GET /cormun/static/about:blank HTTP/1.1" 404 1011
200.54.100.179 - - [16/Apr/2024:12:28:07 -0300] "POST /cormun/servlet/permisosadjuntos?ac1913f5f362b7dc7f5512f13a6e96b3,INS,14199845,P,20240416111426,, HTTP/1.1" 200 116
200.54.100.179 - - [16/Apr/2024:12:28:07 -0300] "GET /cormun/servlet/hpexe_return? HTTP/1.1" 200 1036
200.54.100.179 - - [16/Apr/2024:12:28:07 -0300] "GET /cormun/servlet/trpermisosadjuntos?14199845,20240416111426,P, HTTP/1.1" 200 7158
200.54.100.179 - - [16/Apr/2024:12:28:10 -0300] "POST /cormun/servlet/trpermisosadjuntos?ac1913f5f362b7dc7f5512f13a6e96b3,14199845,20240416111426,P,,gx-no-cache=1713281075984 HTTP/1.1" 200 90
200.54.100.179 - - [16/Apr/2024:12:28:10 -0300] "GET /cormun/servlet/hpexe_link HTTP/1.1" 200 980
200.54.100.179 - - [16/Apr/2024:12:28:10 -0300] "GET /cormun/servlet/trpermisosgoce HTTP/1.1" 200 10209
200.54.100.179 - - [16/Apr/2024:12:28:13 -0300] "POST /cormun/servlet/trpermisosgoce?ac1913f5f362b7dc7f5512f13a6e96b3,gx-no-cache=1713281079243 HTTP/1.1" 200 7477
200.54.100.179 - - [16/Apr/2024:12:28:13 -0300] "GET /cormun/static/Shared/jqueryui/images/ui-bg_highlight-soft_100_c6c2c8_1x100.png HTTP/1.1" 404 1117
200.54.100.179 - - [16/Apr/2024:12:28:13 -0300] "GET /cormun/static/Shared/jqueryui/images/ui-icons_82798d_256x240.png HTTP/1.1" 404 1089
200.54.100.179 - - [16/Apr/2024:12:28:13 -0300] "GET /cormun/static/Shared/jqueryui/images/ui-bg_flat_55_fafafa_40x100.png HTTP/1.1" 404 1097
200.54.100.179 - - [16/Apr/2024:12:28:13 -0300] "GET /cormun/static/Shared/jqueryui/images/ui-icons_8d78a5_256x240.png HTTP/1.1" 404 1089
200.54.100.179 - - [16/Apr/2024:12:28:29 -0300] "GET /cormun/servlet/trpermisosadjuntos?9734277,20240411083336,P, HTTP/1.1" 200 6637
200.54.100.179 - - [16/Apr/2024:12:28:31 -0300] "GET /cormun/servlet/permisosadjuntos?INS,9734277,P,20240411083336,, HTTP/1.1" 200 5961
