190.171.141.114 - - [15/Apr/2024:14:48:50 -0300] "GET /cormun/servlet/solicitudot?c56a3a8f9eb0c96f6231b00195d2b80387fdabaea91aeb9304b8d9d5d2f1296c3cef0da0c31f37922f501cc92614420bb619c5fb456c6030fef192c86f68ab37be290a2bfb5ad9b20eb24ce8744a218e37b81e437785666aac2b5e19d4c58e291cc0ed3f54b4cdad161a96b16b9ac99e533b4e8d80a6a340edae140351c8a0ae553e3db269eeeb5f53b4f72589739bf0533f0cdc65b891dd5837144c614107d3baf0f57ae1d7f88dc3622b8fe86914ed0c7ed09138e9e5eba97241f530a0159effecf1b5e9320d2cc85b9a9a8811a1163c45926ab86f00a6958231094975cdd123f335e4765300cdd6f624d7d9613ff8756e2e802f1982846d718eff20c858a98acfbab1cc05d40c7c46e8342dbe78e2fada88c37cd7fbc3902afff79fa4f6148ece8834f4f16e3a619f11266ea03410e41cfeadfa04cb057cabc98291d57b49bb73a88144fe88facb8325e14270042e5ebecf67f060df26a9497411e10ca18d4dd5da56cd7de54d75ea9725efbe7a34fc49e0a6be47fbf3b396b1a83fd60c4c,gx-no-cache=1713203117892 HTTP/1.1" 200 30
190.171.141.114 - - [15/Apr/2024:14:48:50 -0300] "POST /cormun/servlet/solicitudot?gx-no-cache=1713203117917 HTTP/1.1" 200 30
190.171.141.114 - - [15/Apr/2024:14:48:50 -0300] "POST /cormun/servlet/solicitudot?gx-no-cache=1713203117943 HTTP/1.1" 200 1481
190.171.141.114 - - [15/Apr/2024:14:48:50 -0300] "POST /cormun/servlet/solicitudot?gx-no-cache=1713203117977 HTTP/1.1" 200 41
190.171.141.114 - - [15/Apr/2024:14:48:50 -0300] "GET /cormun/servlet/solicitudot?c56a3a8f9eb0c96f6231b00195d2b803e3c5610b14dfe0c799c321f75b5e7a74f58c65527acd170596ba80f328f401908627055c76024f78921f35bcd6dae84da228d170554f57a1b580bc02132f620d9581bca65e5f0a74b826ff28a7e81d95d7fc856bc9cfad2de85f96b67bfd127a,gx-no-cache=1713203118001 HTTP/1.1" 200 110
190.171.141.114 - - [15/Apr/2024:14:48:50 -0300] "POST /cormun/servlet/solicitudot?gx-no-cache=1713203118025 HTTP/1.1" 200 97
190.171.141.114 - - [15/Apr/2024:14:48:55 -0300] "GET /cormun/servlet/solicitudot?c56a3a8f9eb0c96f6231b00195d2b8038c2a8e57b18870a79d988fd5b52d812ad826547b57f73a894f3ca91e75490ed4,gx-no-cache=1713203122454 HTTP/1.1" 200 30
190.171.141.114 - - [15/Apr/2024:14:48:55 -0300] "POST /cormun/servlet/solicitudot?gx-no-cache=1713203122486 HTTP/1.1" 200 33
190.171.141.114 - - [15/Apr/2024:14:48:55 -0300] "POST /cormun/servlet/solicitudot?944fa9c4d677591d850a0523ef120afb,INS,0,0,false,,gx-no-cache=1713203122557 HTTP/1.1" 200 13155
190.171.141.114 - - [15/Apr/2024:14:49:00 -0300] "POST /cormun/servlet/solicitudot?944fa9c4d677591d850a0523ef120afb,INS,0,0,false,,gx-no-cache=1713203127800 HTTP/1.1" 200 13201
104.211.2.187 - - [15/Apr/2024:14:49:03 -0300] "GET /manager/html HTTP/1.1" 401 2474
190.171.141.114 - - [15/Apr/2024:14:49:16 -0300] "GET /cormun/servlet/solicitudot?c56a3a8f9eb0c96f6231b00195d2b80387fdabaea91aeb9304b8d9d5d2f1296c3cef0da0c31f37922f501cc92614420bb619c5fb456c6030fef192c86f68ab37be290a2bfb5ad9b20eb24ce8744a218e37b81e437785666aac2b5e19d4c58e291cc0ed3f54b4cdad161a96b16b9ac99e533b4e8d80a6a340edae140351c8a0ae553e3db269eeeb5f53b4f72589739bf0533f0cdc65b891dd5837144c614107d3baf0f57ae1d7f88dc3622b8fe86914ed0c7ed09138e9e5eba97241f530a0159effecf1b5e9320d2cc85b9a9a8811a1163c45926ab86f00a6958231094975cdd123f335e4765300cdd6f624d7d9613ff8756e2e802f1982846d718eff20c858a98acfbab1cc05d40c7c46e8342dbe78e2fada88c37cd7fbc3902afff79fa4f6148ece8834f4f16e3a619f11266ea03410e41cfeadfa04cb057cabc98291d57b49bb73a88144fe88facb8325e14270042e5ebecf67f060df26a9497411e10ca18d4dd5da56cd7de54d75ea9725efbe7a34fc49e0a6be47fbf3b396b1a83fd60c4c,gx-no-cache=1713203143593 HTTP/1.1" 200 30
190.171.141.114 - - [15/Apr/2024:14:49:16 -0300] "POST /cormun/servlet/solicitudot?gx-no-cache=1713203143620 HTTP/1.1" 200 30
190.171.141.114 - - [15/Apr/2024:14:49:16 -0300] "POST /cormun/servlet/solicitudot?gx-no-cache=1713203143649 HTTP/1.1" 200 1481
190.171.141.114 - - [15/Apr/2024:14:49:16 -0300] "POST /cormun/servlet/solicitudot?gx-no-cache=1713203143705 HTTP/1.1" 200 41
190.171.141.114 - - [15/Apr/2024:14:49:16 -0300] "GET /cormun/servlet/solicitudot?c56a3a8f9eb0c96f6231b00195d2b803e3c5610b14dfe0c799c321f75b5e7a74f58c65527acd170596ba80f328f401908627055c76024f78921f35bcd6dae84da228d170554f57a1b580bc02132f620d9581bca65e5f0a74b826ff28a7e81d95d7fc856bc9cfad2de85f96b67bfd127a,gx-no-cache=1713203143735 HTTP/1.1" 200 110
190.171.141.114 - - [15/Apr/2024:14:49:16 -0300] "POST /cormun/servlet/solicitudot?gx-no-cache=1713203143762 HTTP/1.1" 200 97
190.171.141.114 - - [15/Apr/2024:14:49:16 -0300] "GET /cormun/servlet/solicitudot?c56a3a8f9eb0c96f6231b00195d2b8038c2a8e57b18870a79d988fd5b52d812a2a1f6944073226d065552db696b38e56,gx-no-cache=1713203143788 HTTP/1.1" 200 30
190.171.141.114 - - [15/Apr/2024:14:49:16 -0300] "POST /cormun/servlet/solicitudot?gx-no-cache=1713203143808 HTTP/1.1" 200 33
190.171.141.114 - - [15/Apr/2024:14:49:16 -0300] "POST /cormun/servlet/solicitudot?944fa9c4d677591d850a0523ef120afb,INS,0,0,false,,gx-no-cache=1713203143872 HTTP/1.1" 200 13259
104.211.2.187 - - [15/Apr/2024:14:49:38 -0300] "GET /manager/html HTTP/1.1" 401 2474
190.171.141.114 - - [15/Apr/2024:14:49:41 -0300] "GET /cormun/servlet/solicitudot?c56a3a8f9eb0c96f6231b00195d2b80387fdabaea91aeb9304b8d9d5d2f1296c3cef0da0c31f37922f501cc92614420bb619c5fb456c6030fef192c86f68ab37be290a2bfb5ad9b20eb24ce8744a218e37b81e437785666aac2b5e19d4c58e291cc0ed3f54b4cdad161a96b16b9ac99e533b4e8d80a6a340edae140351c8a0ae553e3db269eeeb5f53b4f72589739bf0533f0cdc65b891dd5837144c614107d3baf0f57ae1d7f88dc3622b8fe86914ed0c7ed09138e9e5eba97241f530a0159effecf1b5e9320d2cc85b9a9a8811a1163c45926ab86f00a6958231094975cdd123f335e4765300cdd6f624d7d9613ff8756e2e802f1982846d718eff20c858a98acfbab1cc05d40c7c46e8342dbe78e2fada88c37cd7fbc3902afff79fa4f6148ece8834f4f16e3a619f11266ea03410e41cfeadfa04cb057cabc98291d57b49bb73a88144fe88facb8325e14270042e5ebecf67f060df26a9497411e10ca18d4dd5da56cd7de54d75ea9725efbe7a34fc49e0a6be47fbf3b396b1a83fd60c4c,gx-no-cache=1713203168409 HTTP/1.1" 200 30
190.171.141.114 - - [15/Apr/2024:14:49:41 -0300] "POST /cormun/servlet/solicitudot?gx-no-cache=1713203168441 HTTP/1.1" 200 30
190.171.141.114 - - [15/Apr/2024:14:49:41 -0300] "POST /cormun/servlet/solicitudot?gx-no-cache=1713203168470 HTTP/1.1" 200 1481
190.171.141.114 - - [15/Apr/2024:14:49:41 -0300] "POST /cormun/servlet/solicitudot?gx-no-cache=1713203168505 HTTP/1.1" 200 41
190.171.141.114 - - [15/Apr/2024:14:49:41 -0300] "GET /cormun/servlet/solicitudot?c56a3a8f9eb0c96f6231b00195d2b803e3c5610b14dfe0c799c321f75b5e7a74f58c65527acd170596ba80f328f401908627055c76024f78921f35bcd6dae84da228d170554f57a1b580bc02132f620d9581bca65e5f0a74b826ff28a7e81d95d7fc856bc9cfad2de85f96b67bfd127a,gx-no-cache=1713203168531 HTTP/1.1" 200 110
190.171.141.114 - - [15/Apr/2024:14:49:41 -0300] "POST /cormun/servlet/solicitudot?gx-no-cache=1713203168556 HTTP/1.1" 200 97
190.171.141.114 - - [15/Apr/2024:14:49:41 -0300] "GET /cormun/servlet/solicitudot?c56a3a8f9eb0c96f6231b00195d2b8038c2a8e57b18870a79d988fd5b52d812a2a1f6944073226d065552db696b38e56,gx-no-cache=1713203168584 HTTP/1.1" 200 30
190.171.141.114 - - [15/Apr/2024:14:49:41 -0300] "POST /cormun/servlet/solicitudot?gx-no-cache=1713203168606 HTTP/1.1" 200 33
190.171.141.114 - - [15/Apr/2024:14:49:41 -0300] "POST /cormun/servlet/solicitudot?944fa9c4d677591d850a0523ef120afb,INS,0,0,false,,gx-no-cache=1713203168684 HTTP/1.1" 200 93
190.171.141.114 - - [15/Apr/2024:14:49:41 -0300] "GET /cormun/servlet/hpexe_return? HTTP/1.1" 200 1014
190.171.141.114 - - [15/Apr/2024:14:49:42 -0300] "GET /cormun/servlet/trsolicitudot HTTP/1.1" 200 10580
190.171.141.114 - - [15/Apr/2024:14:49:50 -0300] "POST /cormun/servlet/trsolicitudot?944fa9c4d677591d850a0523ef120afb,gx-no-cache=1713203178106 HTTP/1.1" 200 112
190.171.141.114 - - [15/Apr/2024:14:49:51 -0300] "GET /cormun/servlet/solicitudot?UPD,2024,21237,false, HTTP/1.1" 200 16596
190.171.141.114 - - [15/Apr/2024:14:49:51 -0300] "POST /cormun/servlet/solicitudot?gx-no-cache=1713203178987 HTTP/1.1" 200 4088
190.171.141.114 - - [15/Apr/2024:14:49:52 -0300] "POST /cormun/servlet/solicitudot?944fa9c4d677591d850a0523ef120afb,UPD,2024,21237,false,,gx-no-cache=1713203179120 HTTP/1.1" 200 12787
190.171.141.114 - - [15/Apr/2024:14:49:52 -0300] "GET /cormun/servlet/solicitudot?c56a3a8f9eb0c96f6231b00195d2b803e76a0bb95d05d8444f65ba2dc7a17a9277dace46d1adefd1a5ed650285dfc7ee,gx-no-cache=1713203179213 HTTP/1.1" 200 30
190.171.141.114 - - [15/Apr/2024:14:49:52 -0300] "GET /cormun/servlet/solicitudot?c56a3a8f9eb0c96f6231b00195d2b803f6f17e55178c5e2574ccf96f8bb9c308924e418f6172bfbb0c17646daa1dc3d577dace46d1adefd1a5ed650285dfc7ee,gx-no-cache=1713203179235 HTTP/1.1" 200 30
190.171.141.114 - - [15/Apr/2024:14:49:52 -0300] "GET /cormun/servlet/solicitudot?c56a3a8f9eb0c96f6231b00195d2b80343b35313f4cb0a1eddb2c39834d8e452,gx-no-cache=1713203179253 HTTP/1.1" 200 29
190.171.141.114 - - [15/Apr/2024:14:49:52 -0300] "POST /cormun/servlet/solicitudot?gx-no-cache=1713203179280 HTTP/1.1" 200 256
190.171.141.114 - - [15/Apr/2024:14:49:52 -0300] "GET /cormun/servlet/solicitudot?c56a3a8f9eb0c96f6231b00195d2b80387fdabaea91aeb9304b8d9d5d2f1296c3cef0da0c31f37922f501cc92614420bb619c5fb456c6030fef192c86f68ab37be290a2bfb5ad9b20eb24ce8744a218e37b81e437785666aac2b5e19d4c58e291cc0ed3f54b4cdad161a96b16b9ac99e533b4e8d80a6a340edae140351c8a0ae553e3db269eeeb5f53b4f72589739bf0533f0cdc65b891dd5837144c614107d3baf0f57ae1d7f88dc3622b8fe86914ed0c7ed09138e9e5eba97241f530a0159effecf1b5e9320d2cc85b9a9a8811a1163c45926ab86f00a6958231094975cdd123f335e4765300cdd6f624d7d9613ff8756e2e802f1982846d718eff20c858a98acfbab1cc05d40c7c46e8342dbe78e2fada88c37cd7fbc3902afff79fa4f6148ece8834f4f16e3a619f11266ea03410e41cfeadfa04cb057cabc98291d57b49bb73a88144fe88facb8325e14270042e5ebecf67f060df26a9497411e10ca18d4dd5da56cd7de54d75ea9725efbe7a34fc49e0a6be47fbf3b396b1a83fd60c4c,gx-no-cache=1713203179310 HTTP/1.1" 200 30
190.171.141.114 - - [15/Apr/2024:14:49:52 -0300] "POST /cormun/servlet/solicitudot?gx-no-cache=1713203179331 HTTP/1.1" 200 30
190.171.141.114 - - [15/Apr/2024:14:49:52 -0300] "POST /cormun/servlet/solicitudot?gx-no-cache=1713203179356 HTTP/1.1" 200 1481
190.171.141.114 - - [15/Apr/2024:14:49:52 -0300] "POST /cormun/servlet/solicitudot?gx-no-cache=1713203179389 HTTP/1.1" 200 41
190.171.141.114 - - [15/Apr/2024:14:49:55 -0300] "GET /cormun/servlet/solicitudot?c56a3a8f9eb0c96f6231b00195d2b803e3c5610b14dfe0c799c321f75b5e7a74f58c65527acd170596ba80f328f401908627055c76024f78921f35bcd6dae84da228d170554f57a1b580bc02132f620d9581bca65e5f0a74b826ff28a7e81d95d7fc856bc9cfad2de85f96b67bfd127a,gx-no-cache=1713203182444 HTTP/1.1" 200 110
104.211.2.187 - - [15/Apr/2024:14:50:14 -0300] "GET /manager/html HTTP/1.1" 401 2474
190.171.141.114 - - [15/Apr/2024:14:50:19 -0300] "POST /cormun/servlet/solicitudot?gx-no-cache=1713203206458 HTTP/1.1" 200 79
190.171.141.114 - - [15/Apr/2024:14:50:23 -0300] "GET /cormun/servlet/solicitudot?c56a3a8f9eb0c96f6231b00195d2b8036be7c0747710065fa514d3d694a3e471d19372e662ddadd9093a61fe348ce94a13690954b05f29621419180e798c343001b492bcccdcd79820f35ef943e90e2f25071c6766092a8fbf4675b84b664fdfeb79f6e2a11c612fd66ab0aa1c69c0a297d30867b3d45fcdbc5bc3c4bf192f310029fd7030d46f9c6dab06e12cafab2b57f8a8ea4ff93f5d989436f5f1c3389f,gx-no-cache=1713203210257 HTTP/1.1" 200 29
190.171.141.114 - - [15/Apr/2024:14:50:23 -0300] "GET /cormun/servlet/solicitudot?c56a3a8f9eb0c96f6231b00195d2b8038c2a8e57b18870a79d988fd5b52d812a2a1f6944073226d065552db696b38e56,gx-no-cache=1713203210279 HTTP/1.1" 200 30
190.171.141.114 - - [15/Apr/2024:14:50:23 -0300] "POST /cormun/servlet/solicitudot?gx-no-cache=1713203210299 HTTP/1.1" 200 33
190.171.141.114 - - [15/Apr/2024:14:50:23 -0300] "POST /cormun/servlet/solicitudot?944fa9c4d677591d850a0523ef120afb,UPD,2024,21237,false,,gx-no-cache=1713203210377 HTTP/1.1" 200 93
190.171.141.114 - - [15/Apr/2024:14:50:23 -0300] "GET /cormun/servlet/hpexe_return? HTTP/1.1" 200 1019
190.171.141.114 - - [15/Apr/2024:14:50:23 -0300] "GET /cormun/servlet/trsolicitudot HTTP/1.1" 200 10555
190.171.141.114 - - [15/Apr/2024:14:50:29 -0300] "POST /cormun/servlet/trsolicitudot?944fa9c4d677591d850a0523ef120afb,gx-no-cache=1713203216906 HTTP/1.1" 200 112
190.171.141.114 - - [15/Apr/2024:14:50:29 -0300] "GET /cormun/servlet/solicitudot?UPD,2024,21232,false, HTTP/1.1" 200 16711
190.171.141.114 - - [15/Apr/2024:14:50:30 -0300] "POST /cormun/servlet/solicitudot?gx-no-cache=1713203217769 HTTP/1.1" 200 4106
190.171.141.114 - - [15/Apr/2024:14:50:30 -0300] "POST /cormun/servlet/solicitudot?944fa9c4d677591d850a0523ef120afb,UPD,2024,21232,false,,gx-no-cache=1713203217882 HTTP/1.1" 200 12797
190.171.141.114 - - [15/Apr/2024:14:50:30 -0300] "GET /cormun/servlet/solicitudot?c56a3a8f9eb0c96f6231b00195d2b8038d98a150eb81d4032377b805c57a808077dace46d1adefd1a5ed650285dfc7ee,gx-no-cache=1713203218004 HTTP/1.1" 200 30
190.171.141.114 - - [15/Apr/2024:14:50:30 -0300] "GET /cormun/servlet/solicitudot?c56a3a8f9eb0c96f6231b00195d2b8033324f67172dd9556515d6e3597f72809ab41023a245a564de3265d7f39aa1e54e05fb8ad881e8527416e8bb602938361,gx-no-cache=1713203218028 HTTP/1.1" 200 30
190.171.141.114 - - [15/Apr/2024:14:50:30 -0300] "GET /cormun/servlet/solicitudot?c56a3a8f9eb0c96f6231b00195d2b8036d56e1e6a5009023cbafc0d3fb98c145f18756fe7e58c9156bce41a6ebbef532b0468589d01cc2a79eda9775c3557370,gx-no-cache=1713203218049 HTTP/1.1" 200 51
190.171.141.114 - - [15/Apr/2024:14:50:30 -0300] "POST /cormun/servlet/solicitudot?gx-no-cache=1713203218074 HTTP/1.1" 200 256
190.171.141.114 - - [15/Apr/2024:14:50:31 -0300] "GET /cormun/servlet/solicitudot?c56a3a8f9eb0c96f6231b00195d2b80387fdabaea91aeb9304b8d9d5d2f1296c43e3037996e52cd5a3053ca0070c9947b619c5fb456c6030fef192c86f68ab37be290a2bfb5ad9b20eb24ce8744a218e37b81e437785666aac2b5e19d4c58e291cc0ed3f54b4cdad161a96b16b9ac99e533b4e8d80a6a340edae140351c8a0ae553e3db269eeeb5f53b4f72589739bf0533f0cdc65b891dd5837144c614107d3baf0f57ae1d7f88dc3622b8fe86914ed0c7ed09138e9e5eba97241f530a0159effecf1b5e9320d2cc85b9a9a8811a1163c45926ab86f00a6958231094975cdd123f335e4765300cdd6f624d7d9613ff8756e2e802f1982846d718eff20c858a98acfbab1cc05d40c7c46e8342dbe78e2ccb38039b42c260ebc693bfc1be88f5146146558d473b63c6169054b43cee97a2efc754610790f690b3252bf7c4e3897696b3c084b25e01f7e823a4c0d9ad5c7394005430575d53242510c9bb9736d02ae0f5a374b361a6f1a3d9a3c2171d78df00136196f8c8aeab45cfa1e5b6460a3,gx-no-cache=1713203218131 HTTP/1.1" 200 30
190.171.141.114 - - [15/Apr/2024:14:50:31 -0300] "POST /cormun/servlet/solicitudot?gx-no-cache=1713203218160 HTTP/1.1" 200 30
190.171.141.114 - - [15/Apr/2024:14:50:31 -0300] "POST /cormun/servlet/solicitudot?gx-no-cache=1713203218186 HTTP/1.1" 200 1481
190.171.141.114 - - [15/Apr/2024:14:50:31 -0300] "POST /cormun/servlet/solicitudot?gx-no-cache=1713203218223 HTTP/1.1" 200 41
190.171.141.114 - - [15/Apr/2024:14:50:48 -0300] "GET /cormun/servlet/solicitudot?c56a3a8f9eb0c96f6231b00195d2b803e3c5610b14dfe0c799c321f75b5e7a74f58c65527acd170596ba80f328f401908627055c76024f78921f35bcd6dae84da228d170554f57a1b580bc02132f620d9581bca65e5f0a74b826ff28a7e81d95d7fc856bc9cfad2de85f96b67bfd127a,gx-no-cache=1713203236040 HTTP/1.1" 200 110
190.171.141.114 - - [15/Apr/2024:14:50:48 -0300] "POST /cormun/servlet/solicitudot?gx-no-cache=1713203236067 HTTP/1.1" 200 67
190.171.141.114 - - [15/Apr/2024:14:50:48 -0300] "GET /cormun/servlet/solicitudot?c56a3a8f9eb0c96f6231b00195d2b803e29b2aa606bc53eed46f6eb01aa87789d19372e662ddadd9093a61fe348ce94ab5f0e2cbbc542cf1dd4547623f06ae0c01b492bcccdcd79820f35ef943e90e2f25071c6766092a8fbf4675b84b664fdfeb79f6e2a11c612fd66ab0aa1c69c0a297d30867b3d45fcdbc5bc3c4bf192f310029fd7030d46f9c6dab06e12cafab2b57f8a8ea4ff93f5d989436f5f1c3389f,gx-no-cache=1713203236093 HTTP/1.1" 200 29
190.171.141.114 - - [15/Apr/2024:14:50:48 -0300] "GET /cormun/servlet/solicitudot?c56a3a8f9eb0c96f6231b00195d2b8038c2a8e57b18870a79d988fd5b52d812a2a1f6944073226d065552db696b38e56,gx-no-cache=1713203236112 HTTP/1.1" 200 30
190.171.141.114 - - [15/Apr/2024:14:50:49 -0300] "POST /cormun/servlet/solicitudot?gx-no-cache=1713203236131 HTTP/1.1" 200 30
190.171.141.114 - - [15/Apr/2024:14:50:49 -0300] "POST /cormun/servlet/solicitudot?944fa9c4d677591d850a0523ef120afb,UPD,2024,21232,false,,gx-no-cache=1713203236197 HTTP/1.1" 200 93
190.171.141.114 - - [15/Apr/2024:14:50:49 -0300] "GET /cormun/servlet/hpexe_return? HTTP/1.1" 200 1019
190.171.141.114 - - [15/Apr/2024:14:50:49 -0300] "GET /cormun/servlet/trsolicitudot HTTP/1.1" 200 10555
104.211.2.187 - - [15/Apr/2024:14:50:51 -0300] "GET /manager/html HTTP/1.1" 401 2474
190.171.141.114 - - [15/Apr/2024:14:51:11 -0300] "POST /cormun/servlet/trsolicitudot?944fa9c4d677591d850a0523ef120afb,gx-no-cache=1713203258754 HTTP/1.1" 200 112
190.171.141.114 - - [15/Apr/2024:14:51:11 -0300] "GET /cormun/servlet/solicitudot?UPD,2024,21232,false, HTTP/1.1" 200 16711
190.171.141.114 - - [15/Apr/2024:14:51:12 -0300] "POST /cormun/servlet/solicitudot?gx-no-cache=1713203259613 HTTP/1.1" 200 4106
190.171.141.114 - - [15/Apr/2024:14:51:12 -0300] "POST /cormun/servlet/solicitudot?944fa9c4d677591d850a0523ef120afb,UPD,2024,21232,false,,gx-no-cache=1713203259707 HTTP/1.1" 200 12797
190.171.141.114 - - [15/Apr/2024:14:51:12 -0300] "GET /cormun/servlet/solicitudot?c56a3a8f9eb0c96f6231b00195d2b8038d98a150eb81d4032377b805c57a808077dace46d1adefd1a5ed650285dfc7ee,gx-no-cache=1713203259811 HTTP/1.1" 200 30
190.171.141.114 - - [15/Apr/2024:14:51:12 -0300] "GET /cormun/servlet/solicitudot?c56a3a8f9eb0c96f6231b00195d2b8033324f67172dd9556515d6e3597f72809ab41023a245a564de3265d7f39aa1e54e05fb8ad881e8527416e8bb602938361,gx-no-cache=1713203259836 HTTP/1.1" 200 30
190.171.141.114 - - [15/Apr/2024:14:51:12 -0300] "GET /cormun/servlet/solicitudot?c56a3a8f9eb0c96f6231b00195d2b8036d56e1e6a5009023cbafc0d3fb98c145f18756fe7e58c9156bce41a6ebbef532b0468589d01cc2a79eda9775c3557370,gx-no-cache=1713203259877 HTTP/1.1" 200 51
190.171.141.114 - - [15/Apr/2024:14:51:12 -0300] "POST /cormun/servlet/solicitudot?gx-no-cache=1713203259926 HTTP/1.1" 200 256
190.171.141.114 - - [15/Apr/2024:14:51:12 -0300] "GET /cormun/servlet/solicitudot?c56a3a8f9eb0c96f6231b00195d2b80387fdabaea91aeb9304b8d9d5d2f1296c43e3037996e52cd5a3053ca0070c9947b619c5fb456c6030fef192c86f68ab37be290a2bfb5ad9b20eb24ce8744a218e37b81e437785666aac2b5e19d4c58e291cc0ed3f54b4cdad161a96b16b9ac99e533b4e8d80a6a340edae140351c8a0ae553e3db269eeeb5f53b4f72589739bf0533f0cdc65b891dd5837144c614107d3baf0f57ae1d7f88dc3622b8fe86914ed0c7ed09138e9e5eba97241f530a0159effecf1b5e9320d2cc85b9a9a8811a1163c45926ab86f00a6958231094975cdd123f335e4765300cdd6f624d7d9613ff8756e2e802f1982846d718eff20c858a98acfbab1cc05d40c7c46e8342dbe78e2ccb38039b42c260ebc693bfc1be88f5146146558d473b63c6169054b43cee97a2efc754610790f690b3252bf7c4e3897696b3c084b25e01f7e823a4c0d9ad5c7394005430575d53242510c9bb9736d02ae0f5a374b361a6f1a3d9a3c2171d78df00136196f8c8aeab45cfa1e5b6460a3,gx-no-cache=1713203259967 HTTP/1.1" 200 30
190.171.141.114 - - [15/Apr/2024:14:51:12 -0300] "POST /cormun/servlet/solicitudot?gx-no-cache=1713203259990 HTTP/1.1" 200 30
190.171.141.114 - - [15/Apr/2024:14:51:12 -0300] "POST /cormun/servlet/solicitudot?gx-no-cache=1713203260019 HTTP/1.1" 200 1481
190.171.141.114 - - [15/Apr/2024:14:51:12 -0300] "POST /cormun/servlet/solicitudot?gx-no-cache=1713203260052 HTTP/1.1" 200 41
190.171.141.114 - - [15/Apr/2024:14:51:24 -0300] "GET /cormun/servlet/prsolicitudot?15125673,,,,,MD,,gxPopupLevel%3D0%3B HTTP/1.1" 200 6039
190.171.141.114 - - [15/Apr/2024:14:51:24 -0300] "GET /cormun/static/gxcfg.js?20201215593468 HTTP/1.1" 200 953
190.171.141.114 - - [15/Apr/2024:14:51:24 -0300] "GET /cormun/static/prsolicitudot.js?20201215593721 HTTP/1.1" 200 13680
190.171.141.114 - - [15/Apr/2024:14:51:29 -0300] "GET /cormun/servlet/solicitudot?c56a3a8f9eb0c96f6231b00195d2b803e3c5610b14dfe0c799c321f75b5e7a74f58c65527acd170596ba80f328f401908627055c76024f78921f35bcd6dae84da228d170554f57a1b580bc02132f620d9581bca65e5f0a74b826ff28a7e81d95d7fc856bc9cfad2de85f96b67bfd127a,gx-no-cache=1713203277066 HTTP/1.1" 200 110
190.171.141.114 - - [15/Apr/2024:14:51:29 -0300] "POST /cormun/servlet/solicitudot?gx-no-cache=1713203277105 HTTP/1.1" 200 67
190.171.141.114 - - [15/Apr/2024:14:51:30 -0300] "GET /cormun/servlet/solicitudot?c56a3a8f9eb0c96f6231b00195d2b803e29b2aa606bc53eed46f6eb01aa87789d19372e662ddadd9093a61fe348ce94ab5f0e2cbbc542cf1dd4547623f06ae0c01b492bcccdcd79820f35ef943e90e2f25071c6766092a8fbf4675b84b664fdfeb79f6e2a11c612fd66ab0aa1c69c0a297d30867b3d45fcdbc5bc3c4bf192f310029fd7030d46f9c6dab06e12cafab2b57f8a8ea4ff93f5d989436f5f1c3389f,gx-no-cache=1713203277133 HTTP/1.1" 200 29
190.171.141.114 - - [15/Apr/2024:14:51:30 -0300] "GET /cormun/servlet/solicitudot?c56a3a8f9eb0c96f6231b00195d2b8038c2a8e57b18870a79d988fd5b52d812a2a1f6944073226d065552db696b38e56,gx-no-cache=1713203277153 HTTP/1.1" 200 30
104.211.2.187 - - [15/Apr/2024:14:51:38 -0300] "GET /manager/html HTTP/1.1" 401 2474
190.171.141.114 - - [15/Apr/2024:14:51:40 -0300] "POST /cormun/servlet/solicitudot?944fa9c4d677591d850a0523ef120afb,UPD,2024,21232,false,,gx-no-cache=1713203287376 HTTP/1.1" 200 93
190.171.141.114 - - [15/Apr/2024:14:51:40 -0300] "GET /cormun/servlet/hpexe_return? HTTP/1.1" 200 1019
190.171.141.114 - - [15/Apr/2024:14:51:40 -0300] "GET /cormun/servlet/trsolicitudot HTTP/1.1" 200 10555
190.171.149.74 - - [15/Apr/2024:14:51:48 -0300] "GET /cormun/servlet/trlicencias? HTTP/1.1" 200 6060
190.171.149.74 - - [15/Apr/2024:14:51:48 -0300] "GET /cormun/servlet/hlogin HTTP/1.1" 200 1741
190.171.149.74 - - [15/Apr/2024:14:51:54 -0300] "POST /cormun/servlet/hlogin?d73b5df68728c343969c996f7191ab77,gx-no-cache=1713203301217 HTTP/1.1" 200 90
190.171.149.74 - - [15/Apr/2024:14:51:54 -0300] "GET /cormun/servlet/hpexe_link HTTP/1.1" 200 960
190.171.149.74 - - [15/Apr/2024:14:51:54 -0300] "GET /cormun/servlet/trlicencias HTTP/1.1" 200 12736
190.171.141.114 - - [15/Apr/2024:14:51:57 -0300] "POST /cormun/servlet/trsolicitudot?944fa9c4d677591d850a0523ef120afb,gx-no-cache=1713203304970 HTTP/1.1" 200 103
190.171.141.114 - - [15/Apr/2024:14:51:57 -0300] "POST /cormun/servlet/trsolicitudot?944fa9c4d677591d850a0523ef120afb,gx-no-cache=1713203305058 HTTP/1.1" 200 7705
190.171.141.114 - - [15/Apr/2024:14:51:58 -0300] "GET /cormun/SolicitudOT-5493.xls HTTP/1.1" 200 7168
104.211.2.187 - - [15/Apr/2024:14:52:13 -0300] "GET /manager/html HTTP/1.1" 401 2474
104.211.2.187 - role1 [15/Apr/2024:14:52:48 -0300] "GET /manager/html HTTP/1.1" 403 3196
104.211.2.187 - - [15/Apr/2024:14:53:23 -0300] "GET /manager/html HTTP/1.1" 401 2474
104.211.2.187 - - [15/Apr/2024:14:53:59 -0300] "GET /manager/html HTTP/1.1" 401 2474
190.171.152.114 - - [15/Apr/2024:14:54:14 -0300] "GET /cormun/servlet/trpermisosgoce? HTTP/1.1" 200 6032
190.171.152.114 - - [15/Apr/2024:14:54:14 -0300] "GET /cormun/static/gxcfg.js?2020121631564 HTTP/1.1" 200 953
190.171.152.114 - - [15/Apr/2024:14:54:14 -0300] "GET /cormun/static/trpermisosgoce.js?2020121633681 HTTP/1.1" 200 35904
190.171.152.114 - - [15/Apr/2024:14:54:15 -0300] "GET /cormun/servlet/hlogin HTTP/1.1" 200 1736
190.171.152.114 - - [15/Apr/2024:14:54:33 -0300] "POST /cormun/servlet/hlogin?8b0acab9e38b3d529213f7ca3a16487e,gx-no-cache=1713203460181 HTTP/1.1" 200 90
190.171.152.114 - - [15/Apr/2024:14:54:33 -0300] "GET /cormun/servlet/hpexe_link HTTP/1.1" 200 955
190.171.152.114 - - [15/Apr/2024:14:54:33 -0300] "GET /cormun/servlet/trpermisosgoce HTTP/1.1" 200 7080
104.211.2.187 - - [15/Apr/2024:14:54:34 -0300] "GET /manager/html HTTP/1.1" 401 2474
190.171.152.114 - - [15/Apr/2024:14:54:37 -0300] "GET /cormun/servlet/permisogoce?INS,0,,, HTTP/1.1" 200 7219
190.171.152.114 - - [15/Apr/2024:14:54:37 -0300] "GET /cormun/static/gxcfg.js?20201215124560 HTTP/1.1" 200 953
190.171.152.114 - - [15/Apr/2024:14:54:37 -0300] "GET /cormun/static/permisogoce.js?20201215124939 HTTP/1.1" 200 27790
104.211.2.187 - - [15/Apr/2024:14:55:09 -0300] "GET /manager/html HTTP/1.1" 401 2474
190.171.141.114 - - [15/Apr/2024:14:55:19 -0300] "POST /cormun/servlet/trsolicitudot?944fa9c4d677591d850a0523ef120afb,gx-no-cache=1713203506760 HTTP/1.1" 200 103
190.171.141.114 - - [15/Apr/2024:14:55:19 -0300] "POST /cormun/servlet/trsolicitudot?944fa9c4d677591d850a0523ef120afb,gx-no-cache=1713203506845 HTTP/1.1" 200 7704
190.171.141.114 - - [15/Apr/2024:14:55:19 -0300] "GET /cormun/SolicitudOT-9925.xls HTTP/1.1" 200 7168
104.211.2.187 - - [15/Apr/2024:14:55:59 -0300] "GET /manager/html HTTP/1.1" 401 2474
190.171.152.114 - - [15/Apr/2024:14:56:09 -0300] "GET /cormun/servlet/permisogoce?4065dfbfef9e7c29eb1edd79c30eda20f2302bdf384a248934f8ce684c5aeed25d7a740796f7f70065c2b8bdb981979830b1047758ed69d22b84d2b7363e2970,gx-no-cache=1713203556244 HTTP/1.1" 200 77
190.171.152.114 - - [15/Apr/2024:14:56:11 -0300] "GET /cormun/static/menuarrow.gif HTTP/1.1" 404 1015
190.95.15.15 - - [15/Apr/2024:14:56:12 -0300] "GET /cormun/servlet/trlicencias HTTP/1.1" 200 6050
190.95.15.15 - - [15/Apr/2024:14:56:12 -0300] "GET /cormun/servlet/hlogin HTTP/1.1" 200 1736
190.171.152.114 - - [15/Apr/2024:14:56:16 -0300] "GET /cormun/servlet/permisogoce?4065dfbfef9e7c29eb1edd79c30eda206ac0a4c2a5b1ca71be5033154d3f349058798d058cca2838518200321ed6f14b358ed3bfafe44d4d79d3dadbf4490d09,gx-no-cache=1713203563370 HTTP/1.1" 200 47
190.95.15.15 - - [15/Apr/2024:14:56:23 -0300] "POST /cormun/servlet/hlogin?3c659b4162e47a7b9a8668eba7fd7930,gx-no-cache=1713203570905 HTTP/1.1" 200 90
190.95.15.15 - - [15/Apr/2024:14:56:23 -0300] "GET /cormun/servlet/hpexe_link HTTP/1.1" 200 956
190.95.15.15 - - [15/Apr/2024:14:56:24 -0300] "GET /cormun/servlet/trlicencias HTTP/1.1" 200 11237
190.171.152.114 - - [15/Apr/2024:14:56:28 -0300] "POST /cormun/servlet/permisogoce?8b0acab9e38b3d529213f7ca3a16487e,INS,0,,,,gx-no-cache=1713203574910 HTTP/1.1" 200 93
190.171.152.114 - - [15/Apr/2024:14:56:28 -0300] "GET /cormun/servlet/hpexe_return? HTTP/1.1" 200 1008
190.171.152.114 - - [15/Apr/2024:14:56:28 -0300] "GET /cormun/servlet/trpermisosgoce HTTP/1.1" 200 8011
190.171.152.114 - - [15/Apr/2024:14:56:30 -0300] "GET /cormun/servlet/apermisogoceprn?16571284,P,20240415135108,PU HTTP/1.1" 200 1665
104.211.2.187 - - [15/Apr/2024:14:56:35 -0300] "GET /manager/html HTTP/1.1" 401 2474
190.171.152.114 - - [15/Apr/2024:14:56:40 -0300] "GET /cormun/servlet/permisogoce?INS,0,,, HTTP/1.1" 200 7219
190.171.152.114 - - [15/Apr/2024:14:57:11 -0300] "GET /cormun/servlet/permisogoce?4065dfbfef9e7c29eb1edd79c30eda203acdf6ff6b9032a679df29b8e59c9d985d7a740796f7f70065c2b8bdb981979830b1047758ed69d22b84d2b7363e2970,gx-no-cache=1713203618227 HTTP/1.1" 200 72
104.211.2.187 - - [15/Apr/2024:14:57:24 -0300] "GET /manager/html HTTP/1.1" 401 2474
190.171.152.114 - - [15/Apr/2024:14:57:24 -0300] "GET /cormun/servlet/permisogoce?4065dfbfef9e7c29eb1edd79c30eda20a0d01538f796039fe9ed21a986f3d4ffb9fb5a373635232ec19cf7cc243a1998358ed3bfafe44d4d79d3dadbf4490d09,gx-no-cache=1713203632123 HTTP/1.1" 200 47
190.171.141.114 - - [15/Apr/2024:14:57:45 -0300] "GET /cormun/servlet/solicitudot?INS,0,0,false, HTTP/1.1" 200 15998
190.171.141.114 - - [15/Apr/2024:14:57:49 -0300] "GET /cormun/servlet/prfichaempleado?,MD,,gxPopupLevel%3D0%3B HTTP/1.1" 200 9306
190.171.141.114 - - [15/Apr/2024:14:58:03 -0300] "POST /cormun/servlet/prfichaempleado?944fa9c4d677591d850a0523ef120afb,,MD,,gxPopupLevel%3D0%3B,gx-no-cache=1713203670105 HTTP/1.1" 200 3410
190.171.141.114 - - [15/Apr/2024:14:58:08 -0300] "POST /cormun/servlet/solicitudot?gx-no-cache=1713203675204 HTTP/1.1" 200 4133
190.171.141.114 - - [15/Apr/2024:14:58:08 -0300] "POST /cormun/servlet/solicitudot?944fa9c4d677591d850a0523ef120afb,INS,0,0,false,,gx-no-cache=1713203675333 HTTP/1.1" 200 12711
190.171.141.114 - - [15/Apr/2024:14:58:08 -0300] "GET /cormun/servlet/solicitudot?c56a3a8f9eb0c96f6231b00195d2b803ef0ac5043eea60e36f46c7e32364c2a944740a60c8d963e5cc954b06cb64dbd7,gx-no-cache=1713203675446 HTTP/1.1" 200 30
104.211.2.187 - - [15/Apr/2024:14:58:12 -0300] "GET /manager/html HTTP/1.1" 401 2474
190.171.141.114 - - [15/Apr/2024:14:58:17 -0300] "GET /cormun/servlet/solicitudot?c56a3a8f9eb0c96f6231b00195d2b8032ff276ea6dca0478a3144742f9962aa01c65db23f8416a37d1735a41705df809e58bcc9aeec6a4b38acf220472ff36aa,gx-no-cache=1713203684553 HTTP/1.1" 200 30
190.171.141.114 - - [15/Apr/2024:14:58:17 -0300] "GET /cormun/servlet/solicitudot?c56a3a8f9eb0c96f6231b00195d2b8035389216164e571cef7179cd83c72ebb4,gx-no-cache=1713203684584 HTTP/1.1" 200 53
190.171.141.114 - - [15/Apr/2024:14:58:17 -0300] "POST /cormun/servlet/solicitudot?gx-no-cache=1713203684626 HTTP/1.1" 200 255
190.171.141.114 - - [15/Apr/2024:14:58:17 -0300] "GET /cormun/servlet/solicitudot?c56a3a8f9eb0c96f6231b00195d2b80387fdabaea91aeb9304b8d9d5d2f1296c43e3037996e52cd5a3053ca0070c9947b619c5fb456c6030fef192c86f68ab37be290a2bfb5ad9b20eb24ce8744a218e37b81e437785666aac2b5e19d4c58e291cc0ed3f54b4cdad161a96b16b9ac99e533b4e8d80a6a340edae140351c8a0ae553e3db269eeeb5f53b4f72589739bf0533f0cdc65b891dd5837144c614107d3baf0f57ae1d7f88dc3622b8fe86914ed0c7ed09138e9e5eba97241f530a0159effecf1b5e9320d2cc85b9a9a8811a1163c45926ab86f00a6958231094975cdd123f335e4765300cdd6f624d7d9613ff8756e2e802f1982846d718eff20c858a98acfbab1cc05d40c7c46e8342dbe78e2ccb38039b42c260ebc693bfc1be88f5146146558d473b63c6169054b43cee97a2efc754610790f690b3252bf7c4e3897696b3c084b25e01f7e823a4c0d9ad5c7394005430575d53242510c9bb9736d02ae0f5a374b361a6f1a3d9a3c2171d78d39b1f22bdfcaf1e7b4030687dfd69f73,gx-no-cache=1713203684659 HTTP/1.1" 200 30
190.171.141.114 - - [15/Apr/2024:14:58:22 -0300] "POST /cormun/servlet/solicitudot?gx-no-cache=1713203689432 HTTP/1.1" 200 30
190.171.141.114 - - [15/Apr/2024:14:58:24 -0300] "GET /cormun/servlet/prcontratosol?16491199,,,,,MD,,gxPopupLevel%3D0%3B HTTP/1.1" 200 9065
190.171.141.114 - - [15/Apr/2024:14:58:27 -0300] "POST /cormun/servlet/solicitudot?gx-no-cache=1713203694468 HTTP/1.1" 200 1481
190.171.141.114 - - [15/Apr/2024:14:58:27 -0300] "POST /cormun/servlet/solicitudot?gx-no-cache=1713203694504 HTTP/1.1" 200 38
190.171.141.114 - - [15/Apr/2024:14:58:27 -0300] "GET /cormun/servlet/solicitudot?c56a3a8f9eb0c96f6231b00195d2b803e3c5610b14dfe0c799c321f75b5e7a74f58c65527acd170596ba80f328f401908627055c76024f78921f35bcd6dae84da228d170554f57a1b580bc02132f620d9581bca65e5f0a74b826ff28a7e81d95d7fc856bc9cfad2de85f96b67bfd127a,gx-no-cache=1713203694531 HTTP/1.1" 200 110
190.171.141.114 - - [15/Apr/2024:14:58:27 -0300] "POST /cormun/servlet/solicitudot?gx-no-cache=1713203694554 HTTP/1.1" 200 97
190.171.141.114 - - [15/Apr/2024:14:58:27 -0300] "GET /cormun/servlet/solicitudot?c56a3a8f9eb0c96f6231b00195d2b8036eaaf8ff3703f4795d854e63678aa2ec589db6456619cc6215fd13bbb2aa9bb3cf0abd9d1f8771690f0635c36aa912965b47dedb02bd5300e02599761f5af5309e9f46dd548902f23b58a0ca24f13513f9f39e0d7a166bdac7e00e47f0faf33305efd874e809e2bf9525b2692895c614068bd18fa7a999bc490b024645288638aa1209f91039bc5d104ef78d5ef8574d,gx-no-cache=1713203694596 HTTP/1.1" 200 29
190.171.141.114 - - [15/Apr/2024:14:58:27 -0300] "GET /cormun/servlet/solicitudot?c56a3a8f9eb0c96f6231b00195d2b803b1912855c06857147eea12efb252ddee4a4fa3b4503ebdea0240f98a15d16201,gx-no-cache=1713203694617 HTTP/1.1" 200 134
190.171.141.114 - - [15/Apr/2024:14:58:27 -0300] "GET /cormun/static/Shared/jqueryui/images/ui-bg_highlight-soft_100_c6c2c8_1x100.png HTTP/1.1" 404 1117
190.171.141.114 - - [15/Apr/2024:14:58:27 -0300] "GET /cormun/static/Shared/jqueryui/images/ui-icons_82798d_256x240.png HTTP/1.1" 404 1089
190.171.141.114 - - [15/Apr/2024:14:58:27 -0300] "GET /cormun/static/Shared/jqueryui/images/ui-icons_ebccce_256x240.png HTTP/1.1" 404 1089
190.171.141.114 - - [15/Apr/2024:14:58:27 -0300] "GET /cormun/static/Shared/jqueryui/images/ui-bg_flat_55_994d53_40x100.png HTTP/1.1" 404 1097
190.171.141.114 - - [15/Apr/2024:14:58:37 -0300] "GET /cormun/static/menuarrow.gif HTTP/1.1" 404 1015
190.171.141.114 - - [15/Apr/2024:14:58:45 -0300] "GET /cormun/servlet/solicitudot?c56a3a8f9eb0c96f6231b00195d2b8038c2a8e57b18870a79d988fd5b52d812a2a1f6944073226d065552db696b38e56,gx-no-cache=1713203712767 HTTP/1.1" 200 30
190.171.141.114 - - [15/Apr/2024:14:58:45 -0300] "POST /cormun/servlet/solicitudot?gx-no-cache=1713203712802 HTTP/1.1" 200 33
104.211.2.187 - - [15/Apr/2024:14:58:49 -0300] "GET /manager/html HTTP/1.1" 401 2474
104.211.2.187 - - [15/Apr/2024:14:59:37 -0300] "GET /manager/html HTTP/1.1" 401 2474
190.171.141.114 - - [15/Apr/2024:14:59:50 -0300] "GET /cormun/servlet/solicitudot?c56a3a8f9eb0c96f6231b00195d2b8038c2a8e57b18870a79d988fd5b52d812a2a1f6944073226d065552db696b38e56,gx-no-cache=1713203777626 HTTP/1.1" 200 30
190.171.141.114 - - [15/Apr/2024:14:59:50 -0300] "POST /cormun/servlet/solicitudot?gx-no-cache=1713203777733 HTTP/1.1" 200 33
190.171.141.114 - - [15/Apr/2024:14:59:50 -0300] "POST /cormun/servlet/solicitudot?944fa9c4d677591d850a0523ef120afb,INS,0,0,false,,gx-no-cache=1713203777844 HTTP/1.1" 200 93
190.171.141.114 - - [15/Apr/2024:14:59:51 -0300] "GET /cormun/servlet/hpexe_return? HTTP/1.1" 200 1034
190.171.141.114 - - [15/Apr/2024:14:59:51 -0300] "GET /cormun/servlet/trsolicitudot?gx-no-cache=1713203506845 HTTP/1.1" 200 10962
185.36.81.40 - - [15/Apr/2024:14:59:53 -0300] "CONNECT google.com:443 HTTP/1.1" 400 -
190.171.141.114 - - [15/Apr/2024:14:59:55 -0300] "POST /cormun/servlet/trsolicitudot?944fa9c4d677591d850a0523ef120afb,gx-no-cache=1713203506845,gx-no-cache=1713203782370 HTTP/1.1" 200 103
190.171.141.114 - - [15/Apr/2024:14:59:55 -0300] "POST /cormun/servlet/trsolicitudot?944fa9c4d677591d850a0523ef120afb,gx-no-cache=1713203506845,gx-no-cache=1713203782462 HTTP/1.1" 200 8104
190.171.141.114 - - [15/Apr/2024:14:59:55 -0300] "GET /cormun/SolicitudOT-7742.xls HTTP/1.1" 200 7680
190.171.141.114 - - [15/Apr/2024:15:00:00 -0300] "POST /cormun/servlet/trsolicitudot?944fa9c4d677591d850a0523ef120afb,gx-no-cache=1713203506845,gx-no-cache=1713203787818 HTTP/1.1" 200 103
190.171.141.114 - - [15/Apr/2024:15:00:00 -0300] "POST /cormun/servlet/trsolicitudot?944fa9c4d677591d850a0523ef120afb,gx-no-cache=1713203506845,gx-no-cache=1713203787890 HTTP/1.1" 200 8104
190.171.141.114 - - [15/Apr/2024:15:00:00 -0300] "GET /cormun/SolicitudOT-3709.xls HTTP/1.1" 200 7680
104.211.2.187 - - [15/Apr/2024:15:00:25 -0300] "GET /manager/html HTTP/1.1" 401 2474
104.211.2.187 - - [15/Apr/2024:15:01:00 -0300] "GET /manager/html HTTP/1.1" 401 2474
190.171.152.114 - - [15/Apr/2024:15:01:12 -0300] "POST /cormun/servlet/permisogoce?8b0acab9e38b3d529213f7ca3a16487e,INS,0,,,,gx-no-cache=1713203859439 HTTP/1.1" 200 93
190.171.152.114 - - [15/Apr/2024:15:01:12 -0300] "GET /cormun/servlet/hpexe_return? HTTP/1.1" 200 1008
190.171.152.114 - - [15/Apr/2024:15:01:12 -0300] "GET /cormun/servlet/trpermisosgoce HTTP/1.1" 200 8295
190.171.152.114 - - [15/Apr/2024:15:01:15 -0300] "GET /cormun/servlet/apermisogoceprn?18039338,P,20240415135311,PU HTTP/1.1" 200 1659
104.211.2.187 - - [15/Apr/2024:15:01:48 -0300] "GET /manager/html HTTP/1.1" 401 2474
104.211.2.187 - - [15/Apr/2024:15:02:24 -0300] "GET /manager/html HTTP/1.1" 401 2474
104.211.2.187 - - [15/Apr/2024:15:03:12 -0300] "GET /manager/html HTTP/1.1" 401 2474
104.211.2.187 - - [15/Apr/2024:15:03:49 -0300] "GET /manager/html HTTP/1.1" 401 2474
104.211.2.187 - - [15/Apr/2024:15:04:39 -0300] "GET /manager/html HTTP/1.1" 401 2474
190.171.141.114 - - [15/Apr/2024:15:08:09 -0300] "GET /cormun/servlet/trlicencias? HTTP/1.1" 200 10838
129.56.2.154 - - [15/Apr/2024:15:09:16 -0300] "GET / HTTP/1.1" 200 11217
190.95.15.15 - - [15/Apr/2024:15:26:45 -0300] "GET /cormun/servlet/trlicencias HTTP/1.1" 200 6050
190.95.15.15 - - [15/Apr/2024:15:26:48 -0300] "GET /cormun/servlet/hlogin HTTP/1.1" 200 1736
190.95.15.15 - - [15/Apr/2024:15:27:12 -0300] "POST /cormun/servlet/hlogin?d1c47cecee6169cc416d72201b325503,gx-no-cache=1713205419227 HTTP/1.1" 200 90
190.95.15.15 - - [15/Apr/2024:15:27:12 -0300] "GET /cormun/servlet/hpexe_link HTTP/1.1" 200 955
190.95.15.15 - - [15/Apr/2024:15:27:12 -0300] "GET /cormun/servlet/trlicencias HTTP/1.1" 200 11235
190.95.15.15 - - [15/Apr/2024:15:30:07 -0300] "GET /cormun/servlet/trpermisosgoce? HTTP/1.1" 200 11092
190.95.15.15 - - [15/Apr/2024:15:30:10 -0300] "GET /cormun/servlet/permisogoce?INS,0,,, HTTP/1.1" 200 6838
190.95.15.15 - - [15/Apr/2024:15:30:27 -0300] "GET /cormun/servlet/permisogoce?929136ea6a01f2221f74646c0d4f9448df554da287bca02a777b764d82b948988be8bf6fc46200ed9b6077dd9d7b8ba60bfbcd477f2715b23c004589ff3bab22,gx-no-cache=1713205614302 HTTP/1.1" 200 80
190.95.15.15 - - [15/Apr/2024:15:30:27 -0300] "GET /cormun/static/menuarrow.gif HTTP/1.1" 404 1015
190.95.15.15 - - [15/Apr/2024:15:30:32 -0300] "GET /cormun/servlet/permisogoce?929136ea6a01f2221f74646c0d4f9448854e837c9fc3f92238dd341adbd49db40654018a9526af360a0574a4ac998c5f1bd1ed39e18afc7365c09090463b270b,gx-no-cache=1713205619175 HTTP/1.1" 200 47
190.95.15.15 - - [15/Apr/2024:15:30:34 -0300] "POST /cormun/servlet/permisogoce?d1c47cecee6169cc416d72201b325503,INS,0,,,,gx-no-cache=1713205620774 HTTP/1.1" 200 93
190.95.15.15 - - [15/Apr/2024:15:30:34 -0300] "GET /cormun/servlet/hpexe_return? HTTP/1.1" 200 1008
190.95.15.15 - - [15/Apr/2024:15:30:34 -0300] "GET /cormun/servlet/trpermisosgoce HTTP/1.1" 200 11297
190.95.15.15 - - [15/Apr/2024:15:30:37 -0300] "GET /cormun/servlet/apermisogoceprn?19451604,P,20240415142641,PU HTTP/1.1" 200 1657
190.171.152.138 - - [15/Apr/2024:15:37:23 -0300] "GET /cormun/servlet/hlogin HTTP/1.1" 200 1720
190.171.152.138 - - [15/Apr/2024:15:37:51 -0300] "POST /cormun/servlet/hlogin?5086c781fadc57e44714d7e6b32895cf,gx-no-cache=1713206057986 HTTP/1.1" 200 90
190.171.152.138 - - [15/Apr/2024:15:37:51 -0300] "GET /cormun/servlet/hpexe_link HTTP/1.1" 200 951
190.171.152.138 - - [15/Apr/2024:15:37:51 -0300] "GET /cormun/servlet/hhome HTTP/1.1" 200 3864
190.171.152.138 - - [15/Apr/2024:15:37:56 -0300] "GET /cormun/servlet/trlicencias? HTTP/1.1" 200 9611
190.171.152.138 - - [15/Apr/2024:15:38:31 -0300] "GET /cormun/servlet/trpermisosgoce? HTTP/1.1" 200 10110
190.171.152.138 - - [15/Apr/2024:15:39:01 -0300] "GET /cormun/servlet/hlogin HTTP/1.1" 200 1739
190.171.149.74 - - [15/Apr/2024:15:45:33 -0300] "GET /cormun/servlet/trlicencias? HTTP/1.1" 200 6047
190.171.149.74 - - [15/Apr/2024:15:45:34 -0300] "GET /cormun/servlet/hlogin HTTP/1.1" 200 1736
190.171.149.74 - - [15/Apr/2024:15:45:41 -0300] "POST /cormun/servlet/hlogin?2ffacc990acb9d89898187a2df138322,gx-no-cache=1713206528309 HTTP/1.1" 200 90
190.171.149.74 - - [15/Apr/2024:15:45:41 -0300] "GET /cormun/servlet/hpexe_link HTTP/1.1" 200 955
190.171.149.74 - - [15/Apr/2024:15:45:42 -0300] "GET /cormun/servlet/trlicencias HTTP/1.1" 200 12730
190.171.149.74 - - [15/Apr/2024:15:45:45 -0300] "GET /cormun/servlet/licenciaspermisos?INS,0,,, HTTP/1.1" 200 7593
190.171.149.74 - - [15/Apr/2024:15:46:03 -0300] "GET /cormun/servlet/licenciaspermisos?b73e1d546358de9b22243f2161ba8b7a38cece928ed8217b9285a6d9a0c45e3460b24a7667b2b63980f30724ab8c803a249efe26ad4bc76826f5bce523bb3a37,gx-no-cache=1713206550097 HTTP/1.1" 200 189
190.171.149.74 - - [15/Apr/2024:15:46:03 -0300] "GET /cormun/static/Shared/jqueryui/images/ui-bg_highlight-soft_100_c6c2c8_1x100.png HTTP/1.1" 404 1117
190.171.149.74 - - [15/Apr/2024:15:46:03 -0300] "GET /cormun/static/Shared/jqueryui/images/ui-icons_82798d_256x240.png HTTP/1.1" 404 1089
190.171.149.74 - - [15/Apr/2024:15:46:03 -0300] "GET /cormun/static/Shared/jqueryui/images/ui-bg_flat_55_994d53_40x100.png HTTP/1.1" 404 1097
190.171.149.74 - - [15/Apr/2024:15:46:03 -0300] "GET /cormun/static/Shared/jqueryui/images/ui-icons_ebccce_256x240.png HTTP/1.1" 404 1089
190.171.149.74 - - [15/Apr/2024:15:46:14 -0300] "GET /cormun/servlet/licenciaspermisos?b73e1d546358de9b22243f2161ba8b7aa8b8a6a2f7cec48643680a0c9389c2b5d17c1693a3033e35316c10a79d1848d79758d436ca5372563cbc8db7566bc795,gx-no-cache=1713206561614 HTTP/1.1" 200 104
190.171.149.74 - - [15/Apr/2024:15:46:15 -0300] "POST /cormun/servlet/licenciaspermisos?2ffacc990acb9d89898187a2df138322,INS,0,,,,gx-no-cache=1713206561646 HTTP/1.1" 200 4832
190.171.142.26 - - [15/Apr/2024:15:47:22 -0300] "GET /cormun/servlet/hlogin HTTP/1.1" 200 1721
190.171.142.26 - - [15/Apr/2024:15:47:24 -0300] "POST /cormun/servlet/hlogin?8b6c9d6cb9047e54401b3906a0d16b63,gx-no-cache=1713206631451 HTTP/1.1" 200 90
190.171.142.26 - - [15/Apr/2024:15:47:24 -0300] "GET /cormun/servlet/hpexe_link HTTP/1.1" 200 951
190.171.142.26 - - [15/Apr/2024:15:47:24 -0300] "GET /cormun/servlet/hhome HTTP/1.1" 200 4255
190.171.142.26 - - [15/Apr/2024:15:47:37 -0300] "GET /cormun/servlet/trpermisosgoce? HTTP/1.1" 200 8346
190.171.142.26 - - [15/Apr/2024:15:48:10 -0300] "GET /cormun/servlet/apermisogoceprn?15102549,P,20240409151052,PU HTTP/1.1" 200 1665
190.171.142.26 - - [15/Apr/2024:15:48:12 -0300] "GET /cormun/servlet/apermisogoceprn?15102549,P,20240409151052,PU HTTP/1.1" 200 1664
190.171.149.74 - - [15/Apr/2024:15:48:27 -0300] "GET /cormun/static/menuarrow.gif HTTP/1.1" 404 1015
195.140.227.163 - - [15/Apr/2024:15:48:27 -0300] "GET /manager/html HTTP/1.1" 401 2474
71.6.232.22 - - [15/Apr/2024:15:48:28 -0300] "GET / HTTP/1.1" 200 11217
190.171.142.26 - - [15/Apr/2024:15:48:32 -0300] "GET /cormun/servlet/apermisogoceprn?19036652,P,20240409145316,PU HTTP/1.1" 200 1642
190.171.142.26 - - [15/Apr/2024:15:48:32 -0300] "GET /cormun/servlet/apermisogoceprn?19036652,P,20240409145316,PU HTTP/1.1" 200 1638
181.212.40.185 - - [15/Apr/2024:15:48:42 -0300] "POST /cormun/servlet/trlicencias?290f2ea51bb7b6ee96793bfd617b5546,gx-no-cache=1713206710038 HTTP/1.1" 440 972
181.212.40.185 - - [15/Apr/2024:15:48:44 -0300] "GET /cormun/servlet/trlicencias HTTP/1.1" 200 6047
181.212.40.185 - - [15/Apr/2024:15:48:44 -0300] "GET /cormun/servlet/hlogin HTTP/1.1" 200 1736
181.212.40.185 - - [15/Apr/2024:15:48:54 -0300] "POST /cormun/servlet/hlogin?4090eb1c47bde64bdf721cc7d5e7c0a8,gx-no-cache=1713206721928 HTTP/1.1" 200 90
181.212.40.185 - - [15/Apr/2024:15:48:54 -0300] "GET /cormun/servlet/hpexe_link HTTP/1.1" 200 956
181.212.40.185 - - [15/Apr/2024:15:48:54 -0300] "GET /cormun/servlet/trlicencias HTTP/1.1" 200 15430
190.171.142.26 - - [15/Apr/2024:15:49:28 -0300] "GET /cormun/static/menuarrow.gif HTTP/1.1" 404 1015
190.171.149.74 - - [15/Apr/2024:15:50:48 -0300] "GET /cormun/servlet/licenciaspermisos?b73e1d546358de9b22243f2161ba8b7a1e0da036e08f8a17fd7d5d8fc34e0d266446364ad42a65797a302f15e29ec6c6e966ad6b4a4bcf88210fe6254b263e99ce086920d2eb62ee2dfda83a4c3d36bbec95e1fed11277750e2707f15c75ee9eab01adac590f8977a51f40f5f03376fc1fc2394a5ee8e23bc3aa3b689ee3d6cb191b0b99c3bca6fbd0c39cfe19fc417da1e7e07febf8c12a0af3c0be0fdb1ff2c0c66cc867e189d5d8d7378da85ba86e,gx-no-cache=1713206834627 HTTP/1.1" 200 30
190.171.149.74 - - [15/Apr/2024:15:50:48 -0300] "GET /cormun/servlet/licenciaspermisos?b73e1d546358de9b22243f2161ba8b7a29bf87bdfe2d4feed411e98052ee00bcc220a3118ea358b20032b8918471f6870bec091ce04735127853e53d646ba0bedb7efba486f134904a97669c0c183816368b90c53f69aac7f81f30a7a09a90f21b4144ebca3a7b26b459054c59f2067bce2b96cb73418d38b7ae236d9027adab9857cc045790cddcd9c126e34a90653ea69d86799797cede89f98c75106cf3ba77aaaf3554c1bac39ce4b52d7d11cd35,gx-no-cache=1713206834678 HTTP/1.1" 200 29
190.171.149.74 - - [15/Apr/2024:15:50:48 -0300] "POST /cormun/servlet/licenciaspermisos?2ffacc990acb9d89898187a2df138322,INS,0,,,,gx-no-cache=1713206834701 HTTP/1.1" 200 93
190.171.149.74 - - [15/Apr/2024:15:50:48 -0300] "GET /cormun/servlet/hpexe_return? HTTP/1.1" 200 1010
190.171.149.74 - - [15/Apr/2024:15:50:48 -0300] "GET /cormun/servlet/trlicencias HTTP/1.1" 200 13337
190.171.149.74 - - [15/Apr/2024:15:50:51 -0300] "GET /cormun/servlet/alicenciaprn?8915413,L,20240415000000,PU HTTP/1.1" 200 1527
190.171.149.74 - - [15/Apr/2024:15:51:07 -0300] "GET /cormun/servlet/licenciaspermisos?UPD,8915413,L,20240415000000, HTTP/1.1" 200 7766
190.171.149.74 - - [15/Apr/2024:15:51:07 -0300] "GET /cormun/servlet/licenciaspermisos?b73e1d546358de9b22243f2161ba8b7aa8b8a6a2f7cec48643680a0c9389c2b529bf4863042f2dc1de6159cf79b912020d26639ccce81e9b5013182a0d3b677426445399101732bbd49d33d31aa248a7d912deb57fb4ae4ffcf642686001d923,gx-no-cache=1713206854584 HTTP/1.1" 200 98
190.171.149.74 - - [15/Apr/2024:15:51:12 -0300] "GET /cormun/servlet/licenciaspermisos?b73e1d546358de9b22243f2161ba8b7af407d9f7b0a34af2ca77202b6018a158009d7456601ea653c45ed92dacd8c87ae966ad6b4a4bcf88210fe6254b263e99ce086920d2eb62ee2dfda83a4c3d36bbec95e1fed11277750e2707f15c75ee9ef014bbae79c67d3447a8b558d1751a9e1fc2394a5ee8e23bc3aa3b689ee3d6cb174bc32f223ec45cf2f2a409d3406090fc567ea4fbe92b34ccd8706af6bc6bfb1c6b4d7c5dc7314b855958da61b5d5ccc94b87b51ba935ff46c29660811de0fdf704a6b22cde878363dd44ae1f4197b4f543776ff5c8df53c294f51267cf0743,gx-no-cache=1713206858956 HTTP/1.1" 200 30
190.171.149.74 - - [15/Apr/2024:15:51:12 -0300] "POST /cormun/servlet/licenciaspermisos?2ffacc990acb9d89898187a2df138322,UPD,8915413,L,20240415000000,,gx-no-cache=1713206858976 HTTP/1.1" 200 4918
190.171.149.74 - - [15/Apr/2024:15:51:14 -0300] "GET /cormun/servlet/licenciaspermisos?b73e1d546358de9b22243f2161ba8b7a29bf87bdfe2d4feed411e98052ee00bc4c3c88a3d66c15af4cf45fac58266c530bec091ce04735127853e53d646ba0bedb7efba486f134904a97669c0c183816368b90c53f69aac7f81f30a7a09a90f26cef53d52e40f3ba5780ce0cb68f9befce2b96cb73418d38b7ae236d9027adab5cded4475166e631e6bca04d7f1111ba6980926ca38e1fd36a5095d4806961a4e9e9797dde1d0f34cd219fb9baa450746748f05d86665f64ef2de0caee0e58bae8c813b7fd4edec10e574d46ca81b909a4824e5d8f38eceaee0d35e052dbd0e9,gx-no-cache=1713206860732 HTTP/1.1" 200 108
190.171.149.74 - - [15/Apr/2024:15:51:14 -0300] "POST /cormun/servlet/licenciaspermisos?2ffacc990acb9d89898187a2df138322,UPD,8915413,L,20240415000000,,gx-no-cache=1713206860759 HTTP/1.1" 200 5024
190.171.149.74 - - [15/Apr/2024:15:51:17 -0300] "GET /cormun/servlet/licenciaspermisos?b73e1d546358de9b22243f2161ba8b7af407d9f7b0a34af2ca77202b6018a1586446364ad42a65797a302f15e29ec6c6e966ad6b4a4bcf88210fe6254b263e99ce086920d2eb62ee2dfda83a4c3d36bbec95e1fed11277750e2707f15c75ee9ef014bbae79c67d3447a8b558d1751a9e1fc2394a5ee8e23bc3aa3b689ee3d6cb174bc32f223ec45cf2f2a409d3406090fc567ea4fbe92b34ccd8706af6bc6bfb1c6b4d7c5dc7314b855958da61b5d5ccc94b87b51ba935ff46c29660811de0fdf704a6b22cde878363dd44ae1f4197b464e4754bd54d7aea350d2e8686033351,gx-no-cache=1713206864580 HTTP/1.1" 200 30
190.171.149.74 - - [15/Apr/2024:15:51:18 -0300] "POST /cormun/servlet/licenciaspermisos?2ffacc990acb9d89898187a2df138322,UPD,8915413,L,20240415000000,,gx-no-cache=1713206864614 HTTP/1.1" 200 4916
190.171.149.74 - - [15/Apr/2024:15:51:20 -0300] "POST /cormun/servlet/licenciaspermisos?2ffacc990acb9d89898187a2df138322,UPD,8915413,L,20240415000000,,gx-no-cache=1713206866867 HTTP/1.1" 200 93
190.171.149.74 - - [15/Apr/2024:15:51:20 -0300] "GET /cormun/servlet/hpexe_return? HTTP/1.1" 200 1027
190.171.149.74 - - [15/Apr/2024:15:51:20 -0300] "GET /cormun/servlet/trlicencias HTTP/1.1" 200 13337
190.171.149.74 - - [15/Apr/2024:15:51:23 -0300] "GET /cormun/servlet/alicenciaprn?8915413,L,20240415000000,PU HTTP/1.1" 200 1526
190.171.142.26 - - [15/Apr/2024:15:54:36 -0300] "GET /cormun/servlet/permisogoce?INS,0,,, HTTP/1.1" 200 7142
190.171.142.26 - - [15/Apr/2024:15:55:09 -0300] "GET /cormun/servlet/permisogoce?1fc8ab557000eae3c784f9670db8fad5aff0f869db2d822997f29ca8f984ab8a6a475b3fa7117eefd5fb239fafea88380b0ecd04362a49d5e3e5916bb35aeb96,gx-no-cache=1713207096197 HTTP/1.1" 200 83
190.171.142.26 - - [15/Apr/2024:15:55:09 -0300] "GET /cormun/static/menuarrow.gif HTTP/1.1" 404 1015
190.171.142.26 - - [15/Apr/2024:15:55:25 -0300] "GET /cormun/servlet/permisogoce?1fc8ab557000eae3c784f9670db8fad5c40946e1fed7fff9996f16ba596d07fab8ce3dc7d7aaf6365e47a54960ee09576ec509f6c22daa9c30126ee60bb3ce19,gx-no-cache=1713207112012 HTTP/1.1" 200 47
190.171.142.26 - - [15/Apr/2024:15:55:29 -0300] "POST /cormun/servlet/permisogoce?8b6c9d6cb9047e54401b3906a0d16b63,INS,0,,,,gx-no-cache=1713207115703 HTTP/1.1" 200 93
190.171.142.26 - - [15/Apr/2024:15:55:29 -0300] "GET /cormun/servlet/hpexe_return? HTTP/1.1" 200 1009
190.171.142.26 - - [15/Apr/2024:15:55:29 -0300] "GET /cormun/servlet/trpermisosgoce HTTP/1.1" 200 8596
190.171.142.26 - - [15/Apr/2024:15:55:34 -0300] "GET /cormun/servlet/apermisogoceprn?18377764,P,20240415145107,PU HTTP/1.1" 200 1656
190.171.142.26 - - [15/Apr/2024:15:55:36 -0300] "GET /cormun/servlet/apermisogoceprn?18377764,P,20240415145107,PU HTTP/1.1" 200 1660
190.171.142.26 - - [15/Apr/2024:15:55:57 -0300] "GET /cormun/servlet/permisogoce?INS,0,,, HTTP/1.1" 200 7142
190.171.142.26 - - [15/Apr/2024:15:56:10 -0300] "GET /cormun/servlet/permisogoce?1fc8ab557000eae3c784f9670db8fad512d01d292362f2d05ccccebea19d8bf16a475b3fa7117eefd5fb239fafea88380b0ecd04362a49d5e3e5916bb35aeb96,gx-no-cache=1713207157508 HTTP/1.1" 200 90
190.171.142.26 - - [15/Apr/2024:15:56:10 -0300] "GET /cormun/static/menuarrow.gif HTTP/1.1" 404 1015
190.171.142.26 - - [15/Apr/2024:15:56:22 -0300] "GET /cormun/servlet/permisogoce?1fc8ab557000eae3c784f9670db8fad5358e46551357c64f7e4e99ca67a98a6e71f4866ab131397abb6aca2d29d1639c6ec509f6c22daa9c30126ee60bb3ce19,gx-no-cache=1713207169411 HTTP/1.1" 200 47
190.171.142.26 - - [15/Apr/2024:15:56:25 -0300] "POST /cormun/servlet/permisogoce?8b6c9d6cb9047e54401b3906a0d16b63,INS,0,,,,gx-no-cache=1713207172349 HTTP/1.1" 200 93
190.171.142.26 - - [15/Apr/2024:15:56:25 -0300] "GET /cormun/servlet/hpexe_return? HTTP/1.1" 200 1009
190.171.142.26 - - [15/Apr/2024:15:56:26 -0300] "GET /cormun/servlet/trpermisosgoce HTTP/1.1" 200 8841
190.171.142.26 - - [15/Apr/2024:15:56:34 -0300] "GET /cormun/servlet/apermisogoceprn?18374339,P,20240415145228,PU HTTP/1.1" 200 1669
190.171.142.26 - - [15/Apr/2024:15:56:36 -0300] "GET /cormun/servlet/apermisogoceprn?18374339,P,20240415145228,PU HTTP/1.1" 200 1669
190.171.142.26 - - [15/Apr/2024:15:57:11 -0300] "GET /cormun/servlet/permisogoce?INS,0,,, HTTP/1.1" 200 7142
190.171.142.26 - - [15/Apr/2024:15:57:23 -0300] "GET /cormun/servlet/permisogoce?1fc8ab557000eae3c784f9670db8fad5bd5208cc09162518b405fda58bd051d16a475b3fa7117eefd5fb239fafea88380b0ecd04362a49d5e3e5916bb35aeb96,gx-no-cache=1713207230021 HTTP/1.1" 200 79
190.171.142.26 - - [15/Apr/2024:15:57:23 -0300] "GET /cormun/static/menuarrow.gif HTTP/1.1" 404 1015
190.171.142.26 - - [15/Apr/2024:15:57:35 -0300] "GET /cormun/servlet/permisogoce?1fc8ab557000eae3c784f9670db8fad5e5be0a2f184d9ebd80646294c9a8f0b8d1c30358f3c4b5b30f899884ebdc9a836ec509f6c22daa9c30126ee60bb3ce19,gx-no-cache=1713207242747 HTTP/1.1" 200 47
