190.171.153.50 - - [15/Apr/2024:10:36:33 -0300] "POST /cormun/servlet/solicitudot?gx-no-cache=1713187980706 HTTP/1.1" 200 30
190.171.153.50 - - [15/Apr/2024:10:36:35 -0300] "POST /cormun/servlet/solicitudot?gx-no-cache=1713187982417 HTTP/1.1" 200 1481
190.171.153.50 - - [15/Apr/2024:10:36:35 -0300] "POST /cormun/servlet/solicitudot?gx-no-cache=1713187982453 HTTP/1.1" 200 38
190.171.153.50 - - [15/Apr/2024:10:36:57 -0300] "GET /cormun/servlet/solicitudot?46b1085c1225d369d2880d1c10d5f0b53d6b77af29bbfe0f1a2a141513cdbe9db9b0d724c53b75d5f6816f59fb38f9d8726563bb7fd3a7ae18a1cb0c1be91f1e2e945770c85a838a53d9c38937a036a66cac34f21a152644c3bf5b23651681a6314854233107e7cfbd15aa2f2287e8d0,gx-no-cache=1713188004731 HTTP/1.1" 200 110
190.171.153.50 - - [15/Apr/2024:10:36:59 -0300] "POST /cormun/servlet/solicitudot?gx-no-cache=1713188004958 HTTP/1.1" 200 97
190.171.153.50 - - [15/Apr/2024:10:37:07 -0300] "GET /cormun/servlet/solicitudot?46b1085c1225d369d2880d1c10d5f0b5c5a60058966792eb40b2565cca81c17a0b6bcf04f52b28802bfe8da6858fa34ae14abf59bcbd9a9881be6bfc7cabe61eea95465a8067de4aa1c088db23d0636d934b6fe93e371362e46743e6d852a74843e1f29ffc69d5e677cb868faf0f81fa,gx-no-cache=1713188014739 HTTP/1.1" 200 29
190.171.153.50 - - [15/Apr/2024:10:37:07 -0300] "GET /cormun/static/menuarrow.gif HTTP/1.1" 404 1015
190.171.153.50 - - [15/Apr/2024:10:37:13 -0300] "GET /cormun/servlet/solicitudot?46b1085c1225d369d2880d1c10d5f0b5fbbec9611f286c285432eacb058057aef3ec7764b9da07df64916063b6cf7135,gx-no-cache=1713188020800 HTTP/1.1" 200 134
190.171.153.50 - - [15/Apr/2024:10:37:26 -0300] "GET /cormun/servlet/solicitudot?46b1085c1225d369d2880d1c10d5f0b5c325632fefadfccd6502b3a8f0b0c58ef3ec7764b9da07df64916063b6cf7135,gx-no-cache=1713188033480 HTTP/1.1" 200 30
190.171.153.50 - - [15/Apr/2024:10:37:34 -0300] "POST /cormun/servlet/solicitudot?gx-no-cache=1713188041753 HTTP/1.1" 200 30
190.171.153.50 - - [15/Apr/2024:10:37:57 -0300] "GET /cormun/servlet/solicitudot?46b1085c1225d369d2880d1c10d5f0b5fbbec9611f286c285432eacb058057aedeb4325006b9f509c8082209b366774c,gx-no-cache=1713188064170 HTTP/1.1" 200 134
190.171.153.50 - - [15/Apr/2024:10:37:57 -0300] "POST /cormun/servlet/solicitudot?045dd42bb964d2a293d85a1bd1a79191,INS,0,0,false,,gx-no-cache=1713188064552 HTTP/1.1" 200 13327
190.171.153.50 - - [15/Apr/2024:10:38:22 -0300] "GET /cormun/servlet/solicitudot?46b1085c1225d369d2880d1c10d5f0b5b40ed2b943ff4dd70bf4b217da809f85774b886b6f76dec926941a5b487ccc700cc8556e77a87824ab88f660a69fa75484baf969758e8558a61a0090af60e94e054e9e17e523a69244673a05ac786fbeeb6e9dfd598ce5e208383e18b2a254fd048628969967a95bffa1e3ca63e54cf4379ba0002cf461435205006eed1b5bd293be4d348b07b205093f1ffef86bcf3a9c99731fa2aaa0471095aa5bde3bb448b1b3f8851501465dfbb55d9d0fd204ec81f5c925a75cb0d8db7b0c90a76082f82d30fb89cd9a70382a739334a393089fdfa637a3bb6e0b8fbf2fdf07839253a70e64a7a82d8d2b43d894f37ad25785235b30e964a4d37417e73f2e612f221a6f58075c4b140ad67818ef6608e268dd9f42f0aaaba90ab7275ed444365aae70d7a88b36e8138836cfb7bb81b5f4d8d3d74695481fc179152878194b09180cf9c8c99cde7b8a7d9075c719bb2524539fda0a01f9ef7fa2a1acbbfc1e595f49e248341d2051d5c027e6c7038702adee7ef9,gx-no-cache=1713188089515 HTTP/1.1" 200 30
190.171.153.50 - - [15/Apr/2024:10:38:22 -0300] "POST /cormun/servlet/solicitudot?gx-no-cache=1713188089636 HTTP/1.1" 200 30
190.171.153.50 - - [15/Apr/2024:10:38:22 -0300] "POST /cormun/servlet/solicitudot?gx-no-cache=1713188089717 HTTP/1.1" 200 1482
190.171.153.50 - - [15/Apr/2024:10:38:22 -0300] "POST /cormun/servlet/solicitudot?gx-no-cache=1713188089820 HTTP/1.1" 200 41
190.171.153.50 - - [15/Apr/2024:10:38:22 -0300] "GET /cormun/servlet/solicitudot?46b1085c1225d369d2880d1c10d5f0b53d6b77af29bbfe0f1a2a141513cdbe9db9b0d724c53b75d5f6816f59fb38f9d8726563bb7fd3a7ae18a1cb0c1be91f1e2e945770c85a838a53d9c38937a036a66cac34f21a152644c3bf5b23651681a6314854233107e7cfbd15aa2f2287e8d0,gx-no-cache=1713188089881 HTTP/1.1" 200 110
190.171.153.50 - - [15/Apr/2024:10:38:22 -0300] "POST /cormun/servlet/solicitudot?gx-no-cache=1713188089951 HTTP/1.1" 200 97
190.171.153.50 - - [15/Apr/2024:10:38:22 -0300] "GET /cormun/servlet/solicitudot?46b1085c1225d369d2880d1c10d5f0b5fbbec9611f286c285432eacb058057ae185dd4dcbf1e2f8f2f6aa0f9fe738825,gx-no-cache=1713188090016 HTTP/1.1" 200 134
190.171.153.50 - - [15/Apr/2024:10:38:22 -0300] "POST /cormun/servlet/solicitudot?gx-no-cache=1713188090090 HTTP/1.1" 200 30
190.171.153.50 - - [15/Apr/2024:10:38:22 -0300] "POST /cormun/servlet/solicitudot?045dd42bb964d2a293d85a1bd1a79191,INS,0,0,false,,gx-no-cache=1713188090164 HTTP/1.1" 200 13385
190.171.153.50 - - [15/Apr/2024:10:38:34 -0300] "GET /cormun/servlet/solicitudot?46b1085c1225d369d2880d1c10d5f0b5c325632fefadfccd6502b3a8f0b0c58e185dd4dcbf1e2f8f2f6aa0f9fe738825,gx-no-cache=1713188101665 HTTP/1.1" 200 30
190.171.153.50 - - [15/Apr/2024:10:38:34 -0300] "POST /cormun/servlet/solicitudot?gx-no-cache=1713188101748 HTTP/1.1" 200 30
190.171.153.50 - - [15/Apr/2024:10:38:35 -0300] "POST /cormun/servlet/solicitudot?045dd42bb964d2a293d85a1bd1a79191,INS,0,0,false,,gx-no-cache=1713188102203 HTTP/1.1" 200 93
190.171.153.50 - - [15/Apr/2024:10:38:35 -0300] "GET /cormun/servlet/hpexe_return? HTTP/1.1" 200 998
190.171.153.50 - - [15/Apr/2024:10:38:35 -0300] "GET /cormun/servlet/trsolicitudot HTTP/1.1" 200 8902
190.171.153.50 - - [15/Apr/2024:10:38:46 -0300] "POST /cormun/servlet/trsolicitudot?045dd42bb964d2a293d85a1bd1a79191,gx-no-cache=1713188113388 HTTP/1.1" 200 4859
190.171.153.50 - - [15/Apr/2024:10:38:46 -0300] "GET /cormun/static/Shared/jqueryui/images/ui-bg_highlight-soft_100_c6c2c8_1x100.png HTTP/1.1" 404 1117
190.171.153.50 - - [15/Apr/2024:10:38:46 -0300] "GET /cormun/static/Shared/jqueryui/images/ui-icons_82798d_256x240.png HTTP/1.1" 404 1089
190.171.153.50 - - [15/Apr/2024:10:38:46 -0300] "GET /cormun/static/Shared/jqueryui/images/ui-bg_flat_55_fafafa_40x100.png HTTP/1.1" 404 1097
190.171.153.50 - - [15/Apr/2024:10:38:46 -0300] "GET /cormun/static/Shared/jqueryui/images/ui-icons_8d78a5_256x240.png HTTP/1.1" 404 1089
190.171.153.50 - - [15/Apr/2024:10:38:46 -0300] "POST /cormun/servlet/trsolicitudot?045dd42bb964d2a293d85a1bd1a79191,gx-no-cache=1713188113544 HTTP/1.1" 200 4611
190.171.153.50 - - [15/Apr/2024:10:38:56 -0300] "GET /cormun/servlet/hlogin HTTP/1.1" 200 1726
190.171.141.138 - - [15/Apr/2024:10:40:10 -0300] "GET /cormun/servlet/hlogin HTTP/1.1" 200 1712
190.171.141.138 - - [15/Apr/2024:10:40:13 -0300] "POST /cormun/servlet/hlogin?2699bf37afb6452f6873dfa284274370,gx-no-cache=1713188201097 HTTP/1.1" 200 90
190.171.141.138 - - [15/Apr/2024:10:40:13 -0300] "GET /cormun/servlet/hpexe_link HTTP/1.1" 200 942
190.171.141.138 - - [15/Apr/2024:10:40:14 -0300] "GET /cormun/servlet/hhome HTTP/1.1" 200 4467
190.171.141.138 - - [15/Apr/2024:10:40:16 -0300] "GET /cormun/servlet/trsolicitudot? HTTP/1.1" 200 7690
190.171.141.138 - - [15/Apr/2024:10:40:25 -0300] "GET /cormun/servlet/solicitudot?INS,0,0,false, HTTP/1.1" 200 16462
190.171.141.138 - - [15/Apr/2024:10:40:34 -0300] "POST /cormun/servlet/solicitudot?gx-no-cache=1713188221236 HTTP/1.1" 200 4022
190.171.141.138 - - [15/Apr/2024:10:40:34 -0300] "POST /cormun/servlet/solicitudot?2699bf37afb6452f6873dfa284274370,INS,0,0,false,,gx-no-cache=1713188221414 HTTP/1.1" 200 12871
190.171.141.138 - - [15/Apr/2024:10:40:37 -0300] "GET /cormun/servlet/solicitudot?b40dcb20e8add6399e6a02bf2d6afbad454c9e18138eabbeeeb182246c3c5f02027f45462f0c65ec27770b88092f6617,gx-no-cache=1713188224820 HTTP/1.1" 200 30
190.171.141.138 - - [15/Apr/2024:10:42:40 -0300] "GET /cormun/static/Resources/PXTools/ClosePrompt.png HTTP/1.1" 200 1036
190.171.141.138 - - [15/Apr/2024:10:42:40 -0300] "GET /cormun/static/Resources/resize.gif HTTP/1.1" 200 77
190.171.141.138 - - [15/Apr/2024:10:42:40 -0300] "GET /cormun/servlet/prbanco?,MD,,gxPopupLevel%3D0%3B HTTP/1.1" 200 6836
190.171.141.138 - - [15/Apr/2024:10:42:40 -0300] "GET /cormun/static/gxcfg.js?20201216131581 HTTP/1.1" 200 953
190.171.141.138 - - [15/Apr/2024:10:42:40 -0300] "GET /cormun/static/Resources/PXToolsMenuSearch.png HTTP/1.1" 200 336
190.171.141.138 - - [15/Apr/2024:10:42:40 -0300] "GET /cormun/static/prbanco.js?20201216132311 HTTP/1.1" 200 10693
190.171.141.138 - - [15/Apr/2024:10:42:41 -0300] "GET /cormun/static/menusearch.js?20201214473581 HTTP/1.1" 200 1424
190.171.141.138 - - [15/Apr/2024:10:42:41 -0300] "GET /cormun/static/Resources/PXToolsMenuSearchCancel.png HTTP/1.1" 200 306
190.171.141.138 - - [15/Apr/2024:10:42:41 -0300] "GET /cormun/static/hmpwkw011.js?202211298443482 HTTP/1.1" 200 1968
190.171.141.138 - - [15/Apr/2024:10:42:45 -0300] "GET /cormun/servlet/solicitudot?b40dcb20e8add6399e6a02bf2d6afbadfc669e0974ae891e286d5ef9ca7c12f6f20b488fb9d4d4d2bfbd76e6c0c76543aae35c4724a5ed824a3b65dd41a974a0,gx-no-cache=1713188352895 HTTP/1.1" 200 30
190.171.141.138 - - [15/Apr/2024:10:42:47 -0300] "GET /cormun/servlet/solicitudot?b40dcb20e8add6399e6a02bf2d6afbadae4db8908c44021187dea32284a98733,gx-no-cache=1713188354305 HTTP/1.1" 200 53
190.171.153.50 - - [15/Apr/2024:10:42:53 -0300] "GET /cormun/servlet/hlogin HTTP/1.1" 200 1726
190.171.153.50 - - [15/Apr/2024:10:42:57 -0300] "POST /cormun/servlet/hlogin?7e1b872a2fbb631246ad67643034ef98,gx-no-cache=1713188381048 HTTP/1.1" 200 90
190.171.153.50 - - [15/Apr/2024:10:42:57 -0300] "GET /cormun/servlet/hpexe_link HTTP/1.1" 200 955
190.171.153.50 - - [15/Apr/2024:10:42:57 -0300] "GET /cormun/servlet/hhome HTTP/1.1" 200 4282
190.171.153.50 - - [15/Apr/2024:10:43:03 -0300] "GET /cormun/servlet/trcargahoraria? HTTP/1.1" 200 6681
190.171.153.50 - - [15/Apr/2024:10:43:03 -0300] "GET /cormun/static/gxcfg.js?202012113392337 HTTP/1.1" 200 953
190.171.153.50 - - [15/Apr/2024:10:43:03 -0300] "GET /cormun/static/trcargahoraria.js?202012113392783 HTTP/1.1" 200 28768
190.171.141.138 - - [15/Apr/2024:10:43:05 -0300] "POST /cormun/servlet/solicitudot?gx-no-cache=1713188372954 HTTP/1.1" 200 255
190.171.141.138 - - [15/Apr/2024:10:43:07 -0300] "GET /cormun/servlet/solicitudot?b40dcb20e8add6399e6a02bf2d6afbad7d7e29321b5ea34350d53d8066609d20e02d7ef2b6b966866958b901a1d559131fdb110ed5f94df0d5359a5ed46f841ac3e4b9a958f4a7c138a950c6a334f83c067c721bdfe115da666d3a1d9d7a710568108e254d56dbc3378dd7371192b92966444b0b254291a95767c9c80baa0f517bcd7c9356c3aee9a809e043adb754ba58073bc210fc67596a5585bd1c14bc59ed01c2512f0c33f1905597ccace89c235ad336cb3984e1132157e61cb5b31817c963915c32ccdf22a7b286a8fe036e509e748f8b3b72ba9316fd4a2b7bfe2c118ba9dea706b2f30abfbcebd159a4ee3d8bf0cb494eca5627d7959371895791dcd255a5933d2c0c1bf80036b4bf985e3e4b50846c06a9348229eb1e2ec45a60a4b8b777d7d4c10ada271aaa6267d99e826dea61a7c1024ae3881362e0085709187967c005482f58558ef99680cf957bf4c1d5c1409db9eba439fd75c0fbd15067b2e403f8f4f7dd34067cd219b0257a16a524ea7dc91ad05c11fde048751bec3e,gx-no-cache=1713188374754 HTTP/1.1" 200 30
190.171.141.138 - - [15/Apr/2024:10:43:49 -0300] "POST /cormun/servlet/solicitudot?gx-no-cache=1713188416288 HTTP/1.1" 200 30
190.171.141.138 - - [15/Apr/2024:10:43:51 -0300] "POST /cormun/servlet/solicitudot?gx-no-cache=1713188418855 HTTP/1.1" 200 1479
190.171.141.138 - - [15/Apr/2024:10:43:51 -0300] "POST /cormun/servlet/solicitudot?gx-no-cache=1713188418922 HTTP/1.1" 200 38
190.171.141.138 - - [15/Apr/2024:10:44:06 -0300] "GET /cormun/servlet/solicitudot?b40dcb20e8add6399e6a02bf2d6afbad59df2e2485c5ed73340005512148bbb57b07f1df5b0aa01dde508e0b7ab27881014eea44c096ea5357d062d3b8cf944f37ca76d7b8279d11b192aaa1301a553997aa1ec5a4759cb4ea13da7abe1a367d98cacb18307baab15bc92309cf65c497,gx-no-cache=1713188433816 HTTP/1.1" 200 110
190.171.153.50 - - [15/Apr/2024:10:45:05 -0300] "GET /cormun/servlet/hlogin HTTP/1.1" 200 1726
190.171.153.50 - - [15/Apr/2024:10:45:11 -0300] "GET /cormun/servlet/trcargahoraria? HTTP/1.1" 200 5704
190.171.153.50 - - [15/Apr/2024:10:45:11 -0300] "GET /cormun/servlet/hlogin HTTP/1.1" 200 1743
190.171.153.50 - - [15/Apr/2024:10:45:15 -0300] "POST /cormun/servlet/hlogin?7e1b872a2fbb631246ad67643034ef98,gx-no-cache=1713188519227 HTTP/1.1" 200 90
190.171.153.50 - - [15/Apr/2024:10:45:15 -0300] "GET /cormun/servlet/hpexe_link HTTP/1.1" 200 961
190.171.153.50 - - [15/Apr/2024:10:45:15 -0300] "GET /cormun/servlet/trcargahoraria HTTP/1.1" 200 6682
190.171.153.50 - - [15/Apr/2024:10:45:25 -0300] "GET /cormun/servlet/trautorizarsolicitud? HTTP/1.1" 200 8804
190.171.153.50 - - [15/Apr/2024:10:45:26 -0300] "GET /cormun/static/gxcfg.js?202211298474254 HTTP/1.1" 200 953
190.171.153.50 - - [15/Apr/2024:10:45:26 -0300] "GET /cormun/static/trautorizarsolicitud.js?202211298474588 HTTP/1.1" 200 53909
190.171.153.50 - - [15/Apr/2024:10:45:26 -0300] "GET /cormun//static/Resources/PXToolsActionView.png HTTP/1.1" 200 398
190.171.153.50 - - [15/Apr/2024:10:45:26 -0300] "GET /cormun//static/Resources/PXToolsRemoveAllAction.png HTTP/1.1" 200 487
190.171.153.50 - - [15/Apr/2024:10:45:26 -0300] "GET /cormun//static/Resources/PXToolsGridUpdate.png HTTP/1.1" 200 470
190.171.153.50 - - [15/Apr/2024:10:45:26 -0300] "GET /cormun//static/Resources/PXToolsGridDelete.png HTTP/1.1" 200 538
190.171.143.82 - - [15/Apr/2024:10:45:32 -0300] "POST /cormun/servlet/solicitudot?9657dad18ba8b00cb675bb24d00a50fc,UPD,2024,21222,false,,gx-no-cache=1713188517317 HTTP/1.1" 200 93
190.171.143.82 - - [15/Apr/2024:10:45:32 -0300] "GET /cormun/servlet/hpexe_return? HTTP/1.1" 200 1014
190.171.143.82 - - [15/Apr/2024:10:45:33 -0300] "GET /cormun/servlet/trsolicitudot HTTP/1.1" 200 8833
190.171.153.50 - - [15/Apr/2024:10:45:39 -0300] "POST /cormun/servlet/trautorizarsolicitud?7e1b872a2fbb631246ad67643034ef98,,gx-no-cache=1713188543127 HTTP/1.1" 200 4789
190.171.153.50 - - [15/Apr/2024:10:45:39 -0300] "GET /cormun/static/Shared/jqueryui/images/ui-bg_highlight-soft_100_c6c2c8_1x100.png HTTP/1.1" 404 1117
190.171.153.50 - - [15/Apr/2024:10:45:39 -0300] "GET /cormun/static/Shared/jqueryui/images/ui-icons_82798d_256x240.png HTTP/1.1" 404 1089
190.171.153.50 - - [15/Apr/2024:10:45:39 -0300] "GET /cormun/static/Shared/jqueryui/images/ui-bg_flat_55_fafafa_40x100.png HTTP/1.1" 404 1097
190.171.153.50 - - [15/Apr/2024:10:45:39 -0300] "GET /cormun/static/Shared/jqueryui/images/ui-icons_8d78a5_256x240.png HTTP/1.1" 404 1089
190.171.153.50 - - [15/Apr/2024:10:45:39 -0300] "POST /cormun/servlet/trautorizarsolicitud?7e1b872a2fbb631246ad67643034ef98,,gx-no-cache=1713188543244 HTTP/1.1" 200 4543
190.171.141.138 - - [15/Apr/2024:10:45:59 -0300] "POST /cormun/servlet/solicitudot?gx-no-cache=1713188546395 HTTP/1.1" 200 110
190.171.141.138 - - [15/Apr/2024:10:46:08 -0300] "GET /cormun/servlet/solicitudot?b40dcb20e8add6399e6a02bf2d6afbade4fe804c46690816f61f28a3c44420a22985e2ec9619634ef0d1eb3ef2ce0069246623d17ce0a7ede9e99d44f94e17ee2b1c277bb87fb3e966785f27b7dfa530993a4c265816c347decced0ab0571ae94fc77d5cb12ef040f0f9c1299c546fea,gx-no-cache=1713188556296 HTTP/1.1" 200 29
190.171.141.138 - - [15/Apr/2024:10:46:08 -0300] "GET /cormun/static/menuarrow.gif HTTP/1.1" 404 1015
190.171.141.138 - - [15/Apr/2024:10:46:14 -0300] "GET /cormun/servlet/solicitudot?b40dcb20e8add6399e6a02bf2d6afbad2b30b8d9ae8539a91a3a7e3682fd67c744e9a2b463cfd9af02c382ee43ac36f0,gx-no-cache=1713188561712 HTTP/1.1" 200 30
190.171.141.138 - - [15/Apr/2024:10:46:22 -0300] "POST /cormun/servlet/solicitudot?gx-no-cache=1713188569946 HTTP/1.1" 200 30
190.171.141.138 - - [15/Apr/2024:10:46:27 -0300] "POST /cormun/servlet/solicitudot?2699bf37afb6452f6873dfa284274370,INS,0,0,false,,gx-no-cache=1713188574443 HTTP/1.1" 200 93
190.171.141.138 - - [15/Apr/2024:10:46:28 -0300] "GET /cormun/servlet/hpexe_return? HTTP/1.1" 200 1000
190.171.141.138 - - [15/Apr/2024:10:46:28 -0300] "GET /cormun/servlet/trsolicitudot HTTP/1.1" 200 9093
190.171.141.138 - - [15/Apr/2024:10:46:32 -0300] "POST /cormun/servlet/trsolicitudot?2699bf37afb6452f6873dfa284274370,gx-no-cache=1713188579675 HTTP/1.1" 200 112
190.171.141.138 - - [15/Apr/2024:10:46:32 -0300] "GET /cormun/servlet/solicitudot?UPD,2024,21227,false, HTTP/1.1" 200 17053
190.171.141.138 - - [15/Apr/2024:10:46:33 -0300] "POST /cormun/servlet/solicitudot?gx-no-cache=1713188580523 HTTP/1.1" 200 4094
190.171.141.138 - - [15/Apr/2024:10:46:33 -0300] "POST /cormun/servlet/solicitudot?2699bf37afb6452f6873dfa284274370,UPD,2024,21227,false,,gx-no-cache=1713188580615 HTTP/1.1" 200 13032
190.171.141.138 - - [15/Apr/2024:10:46:33 -0300] "GET /cormun/servlet/solicitudot?b40dcb20e8add6399e6a02bf2d6afbad454c9e18138eabbeeeb182246c3c5f025a5520d44e57ddeadbacf39853c0b13a,gx-no-cache=1713188580718 HTTP/1.1" 200 30
190.171.141.138 - - [15/Apr/2024:10:46:33 -0300] "GET /cormun/servlet/solicitudot?b40dcb20e8add6399e6a02bf2d6afbadfc669e0974ae891e286d5ef9ca7c12f6f20b488fb9d4d4d2bfbd76e6c0c76543b3408627ce9761f8eb14116652606ccd,gx-no-cache=1713188580736 HTTP/1.1" 200 30
190.171.141.138 - - [15/Apr/2024:10:46:33 -0300] "GET /cormun/servlet/solicitudot?b40dcb20e8add6399e6a02bf2d6afbadf8e567a8df7c205fe7cbca82e1fa8627400724086a7e617907df160bed65248025674af06891cbf5bb4b4295bdee82b4,gx-no-cache=1713188580751 HTTP/1.1" 200 53
190.171.141.138 - - [15/Apr/2024:10:46:33 -0300] "POST /cormun/servlet/solicitudot?gx-no-cache=1713188580768 HTTP/1.1" 200 254
190.171.141.138 - - [15/Apr/2024:10:46:33 -0300] "GET /cormun/servlet/solicitudot?b40dcb20e8add6399e6a02bf2d6afbad7d7e29321b5ea34350d53d8066609d20e02d7ef2b6b966866958b901a1d559131fdb110ed5f94df0d5359a5ed46f841ac3e4b9a958f4a7c138a950c6a334f83c067c721bdfe115da666d3a1d9d7a710568108e254d56dbc3378dd7371192b92966444b0b254291a95767c9c80baa0f517bcd7c9356c3aee9a809e043adb754ba58073bc210fc67596a5585bd1c14bc59ed01c2512f0c33f1905597ccace89c235ad336cb3984e1132157e61cb5b31817c963915c32ccdf22a7b286a8fe036e509e748f8b3b72ba9316fd4a2b7bfe2c118ba9dea706b2f30abfbcebd159a4ee3d8bf0cb494eca5627d7959371895791dcd255a5933d2c0c1bf80036b4bf985e3e4b50846c06a9348229eb1e2ec45a60a4b8b777d7d4c10ada271aaa6267d99e826dea61a7c1024ae3881362e0085709187967c005482f58558ef99680cf957bf4c1d5c1409db9eba439fd75c0fbd15067b2e403f8f4f7dd34067cd219b0257a16bc1492184e8416736e5b8d4aea4a9689,gx-no-cache=1713188580786 HTTP/1.1" 200 30
190.171.141.138 - - [15/Apr/2024:10:46:33 -0300] "POST /cormun/servlet/solicitudot?gx-no-cache=1713188580803 HTTP/1.1" 200 30
190.171.141.138 - - [15/Apr/2024:10:46:33 -0300] "POST /cormun/servlet/solicitudot?gx-no-cache=1713188580829 HTTP/1.1" 200 1482
190.171.141.138 - - [15/Apr/2024:10:46:33 -0300] "POST /cormun/servlet/solicitudot?gx-no-cache=1713188580857 HTTP/1.1" 200 41
190.171.141.138 - - [15/Apr/2024:10:46:34 -0300] "GET /cormun/servlet/solicitudot?b40dcb20e8add6399e6a02bf2d6afbad59df2e2485c5ed73340005512148bbb57b07f1df5b0aa01dde508e0b7ab27881014eea44c096ea5357d062d3b8cf944f37ca76d7b8279d11b192aaa1301a553997aa1ec5a4759cb4ea13da7abe1a367d98cacb18307baab15bc92309cf65c497,gx-no-cache=1713188582117 HTTP/1.1" 200 110
190.171.141.138 - - [15/Apr/2024:10:46:34 -0300] "POST /cormun/servlet/solicitudot?gx-no-cache=1713188582136 HTTP/1.1" 200 109
190.171.141.138 - - [15/Apr/2024:10:46:35 -0300] "GET /cormun/servlet/solicitudot?b40dcb20e8add6399e6a02bf2d6afbadbd40563edcd325907556388501ef807daf9bbd7e3ede134d69e18e24067564825fe5dd2aae36f68d5be59e2bc6b0a944f40c9931047ace3fb140bfadc112dea9c9db6e63be79f5780674472e02f274f3a52f91c54b27b63f030303c9ae0ccad34cd34f41db129fbaaf97b001cebad415fed901566936c7a44b84046a985d0173c49181564a037e6a5fec90a6522853c3,gx-no-cache=1713188582937 HTTP/1.1" 200 30
190.171.141.138 - - [15/Apr/2024:10:46:36 -0300] "GET /cormun/servlet/solicitudot?b40dcb20e8add6399e6a02bf2d6afbad2b30b8d9ae8539a91a3a7e3682fd67c744e9a2b463cfd9af02c382ee43ac36f0,gx-no-cache=1713188584136 HTTP/1.1" 200 30
190.171.141.138 - - [15/Apr/2024:10:46:36 -0300] "POST /cormun/servlet/solicitudot?gx-no-cache=1713188584154 HTTP/1.1" 200 30
190.171.141.138 - - [15/Apr/2024:10:46:36 -0300] "POST /cormun/servlet/solicitudot?2699bf37afb6452f6873dfa284274370,UPD,2024,21227,false,,gx-no-cache=1713188584172 HTTP/1.1" 200 93
190.171.141.138 - - [15/Apr/2024:10:46:37 -0300] "GET /cormun/servlet/hpexe_return? HTTP/1.1" 200 1006
190.171.141.138 - - [15/Apr/2024:10:46:37 -0300] "GET /cormun/servlet/trsolicitudot HTTP/1.1" 200 9092
190.171.141.138 - - [15/Apr/2024:10:48:12 -0300] "POST /cormun/servlet/trsolicitudot?2699bf37afb6452f6873dfa284274370,gx-no-cache=1713188679908 HTTP/1.1" 200 106
190.171.141.138 - - [15/Apr/2024:10:48:12 -0300] "GET /cormun/servlet/trsolicitudadjuntos?2024,21227, HTTP/1.1" 200 6567
190.171.141.138 - - [15/Apr/2024:10:48:12 -0300] "GET /cormun/static/gxcfg.js?20201215574222 HTTP/1.1" 200 953
190.171.141.138 - - [15/Apr/2024:10:48:12 -0300] "GET /cormun/static/trsolicitudadjuntos.js?20201215574932 HTTP/1.1" 200 17921
190.171.141.138 - - [15/Apr/2024:10:48:12 -0300] "GET /cormun/static/Resources/PXToolsGridNew.png HTTP/1.1" 200 427
190.171.143.82 - - [15/Apr/2024:10:48:15 -0300] "POST /cormun/servlet/trsolicitudot?9657dad18ba8b00cb675bb24d00a50fc,gx-no-cache=1713188681058 HTTP/1.1" 200 111
190.171.143.82 - - [15/Apr/2024:10:48:15 -0300] "GET /cormun/servlet/solicitudot?UPD,2024,21222,false, HTTP/1.1" 200 16797
190.171.141.138 - - [15/Apr/2024:10:48:16 -0300] "GET /cormun/servlet/solicitudotadjuntos?INS,2024,21227,,1, HTTP/1.1" 200 6511
190.171.141.138 - - [15/Apr/2024:10:48:16 -0300] "GET /cormun/static/solicitudotadjuntos.js?202211298385196 HTTP/1.1" 200 11771
190.171.141.138 - - [15/Apr/2024:10:48:16 -0300] "GET /cormun/static/gxcfg.js?202211298385187 HTTP/1.1" 200 953
190.171.141.138 - - [15/Apr/2024:10:48:16 -0300] "GET /cormun/static/about:blank HTTP/1.1" 404 1011
190.171.141.138 - - [15/Apr/2024:10:48:17 -0300] "GET /cormun/servlet/solicitudotadjuntos?b40dcb20e8add6399e6a02bf2d6afbad1ae2a43c445aae5f0668ddfc64303851641ebb7d142957e8621cd27b853a04cd,gx-no-cache=1713188684772 HTTP/1.1" 200 30
190.171.141.138 - - [15/Apr/2024:10:48:17 -0300] "POST /cormun/servlet/solicitudotadjuntos?2699bf37afb6452f6873dfa284274370,INS,2024,21227,,1,,gx-no-cache=1713188684795 HTTP/1.1" 200 4182
190.171.143.82 - - [15/Apr/2024:10:48:17 -0300] "POST /cormun/servlet/solicitudot?gx-no-cache=1713188683124 HTTP/1.1" 200 4081
190.171.143.82 - - [15/Apr/2024:10:48:17 -0300] "POST /cormun/servlet/solicitudot?9657dad18ba8b00cb675bb24d00a50fc,UPD,2024,21222,false,,gx-no-cache=1713188683290 HTTP/1.1" 200 13014
190.171.143.82 - - [15/Apr/2024:10:48:17 -0300] "GET /cormun/servlet/solicitudot?cf9695378468fd56b4917cdb0c2eca097c70512a86e36e4c4e5403129c05492e446ef68f1b8bc6976192b84432edb802,gx-no-cache=1713188683513 HTTP/1.1" 200 30
190.171.143.82 - - [15/Apr/2024:10:48:18 -0300] "GET /cormun/servlet/solicitudot?cf9695378468fd56b4917cdb0c2eca0996ed3b5f6ba2aa9a70794ff65b60467b82a5a4795a13d858c449eca9ff0bd3ee446ef68f1b8bc6976192b84432edb802,gx-no-cache=1713188683559 HTTP/1.1" 200 30
190.171.143.82 - - [15/Apr/2024:10:48:18 -0300] "GET /cormun/servlet/solicitudot?cf9695378468fd56b4917cdb0c2eca090aaa97445da1d6355e67c78fd056cdbe,gx-no-cache=1713188683587 HTTP/1.1" 200 29
190.171.143.82 - - [15/Apr/2024:10:48:18 -0300] "POST /cormun/servlet/solicitudot?gx-no-cache=1713188683622 HTTP/1.1" 200 297
190.171.143.82 - - [15/Apr/2024:10:48:18 -0300] "GET /cormun/servlet/solicitudot?cf9695378468fd56b4917cdb0c2eca091f5c4b0fea6154160b7e16743af5bdb397083de44e11bd50130b1b38c695d191f643645413eb94ed725a280b2773b83cda88c6ceedb3a7bbec31253246e8474de3fff4d483eda76d6236d5e820cb06252ad5ea92189ec9db79f1b9baa6df075f20e5a63a857b499a09eb57bdc2a94d924b6a3480ab81ef890dbedd5cd387edc93b8f268aa4e6ffe1e574c7fbe8f5638acd431473552334d8865711b92641e4dc170f95a0abe75e7d952d1ccc006f77d31a4307f2d821750104738c269c5db62653ea32a05c10744baae494a90735e1cd201e6da52d4fed5271ee44b3de4ece040922f3a38473f2c693339a3e9de38eda60518deaa60318edf88084a238964e56175a5715d125b22a79cd91e623d3c56927da3ab9a454ec389a522486b5400a42b9138fa66e2cd9e887362d09b292daf337eaa886bf59d83cbddfa31c7c5ee41a7275e5e79cc2a3088e870fd0f10793516939806de2066ae0af4e610fee05904a660954724bcac77bb09f26260ed4c3ac62ebb1647ef2304d0a1aefe7c0885dd2,gx-no-cache=1713188683656 HTTP/1.1" 200 30
190.171.143.82 - - [15/Apr/2024:10:48:18 -0300] "POST /cormun/servlet/solicitudot?gx-no-cache=1713188683689 HTTP/1.1" 200 30
190.171.143.82 - - [15/Apr/2024:10:48:18 -0300] "POST /cormun/servlet/solicitudot?gx-no-cache=1713188683740 HTTP/1.1" 200 1481
190.171.143.82 - - [15/Apr/2024:10:48:18 -0300] "POST /cormun/servlet/solicitudot?gx-no-cache=1713188683797 HTTP/1.1" 200 41
190.171.143.82 - - [15/Apr/2024:10:48:20 -0300] "GET /cormun/servlet/prbanco?,MD,,gxPopupLevel%3D0%3B HTTP/1.1" 200 6577
190.171.141.138 - - [15/Apr/2024:10:48:21 -0300] "POST /cormun/servlet/solicitudotadjuntos?gx-no-cache=1713188688417 HTTP/1.1" 200 26
190.171.143.82 - - [15/Apr/2024:10:48:25 -0300] "GET /cormun/servlet/solicitudot?cf9695378468fd56b4917cdb0c2eca09c0bea85b5d18333e86288ce3c82cf47c,gx-no-cache=1713188691222 HTTP/1.1" 200 53
190.171.141.138 - - [15/Apr/2024:10:48:45 -0300] "GET /cormun/servlet/solicitudotadjuntos?b40dcb20e8add6399e6a02bf2d6afbad870bee3c13b0ad120b877e48f647f68e,gx-no-cache=1713188712905 HTTP/1.1" 200 30
190.171.141.138 - - [15/Apr/2024:10:48:45 -0300] "GET /cormun/servlet/solicitudotadjuntos?b40dcb20e8add6399e6a02bf2d6afbad870bee3c13b0ad120b877e48f647f68e,gx-no-cache=1713188712921 HTTP/1.1" 200 30
190.171.141.138 - - [15/Apr/2024:10:48:45 -0300] "POST /cormun/servlet/solicitudotadjuntos?2699bf37afb6452f6873dfa284274370,INS,2024,21227,,1, HTTP/1.1" 200 116
190.171.141.138 - - [15/Apr/2024:10:48:45 -0300] "GET /cormun/servlet/hpexe_return? HTTP/1.1" 200 1017
190.171.141.138 - - [15/Apr/2024:10:48:45 -0300] "GET /cormun/servlet/trsolicitudadjuntos?2024,21227, HTTP/1.1" 200 9541
190.171.141.138 - - [15/Apr/2024:10:48:48 -0300] "GET /cormun/servlet/solicitudotadjuntos?INS,2024,21227,,1, HTTP/1.1" 200 6510
190.171.141.138 - - [15/Apr/2024:10:48:48 -0300] "GET /cormun/static/about:blank HTTP/1.1" 404 1011
190.171.141.138 - - [15/Apr/2024:10:48:49 -0300] "GET /cormun/servlet/solicitudotadjuntos?b40dcb20e8add6399e6a02bf2d6afbad1ae2a43c445aae5f0668ddfc64303851641ebb7d142957e8621cd27b853a04cd,gx-no-cache=1713188716562 HTTP/1.1" 200 30
190.171.141.138 - - [15/Apr/2024:10:48:49 -0300] "POST /cormun/servlet/solicitudotadjuntos?2699bf37afb6452f6873dfa284274370,INS,2024,21227,,1,,gx-no-cache=1713188716576 HTTP/1.1" 200 4183
190.171.141.138 - - [15/Apr/2024:10:48:50 -0300] "POST /cormun/servlet/solicitudotadjuntos?gx-no-cache=1713188718265 HTTP/1.1" 200 26
190.171.141.138 - - [15/Apr/2024:10:48:58 -0300] "GET /cormun/servlet/solicitudotadjuntos?b40dcb20e8add6399e6a02bf2d6afbad870bee3c13b0ad120b877e48f647f68e,gx-no-cache=1713188726088 HTTP/1.1" 200 30
190.171.141.138 - - [15/Apr/2024:10:48:58 -0300] "GET /cormun/servlet/solicitudotadjuntos?b40dcb20e8add6399e6a02bf2d6afbad870bee3c13b0ad120b877e48f647f68e,gx-no-cache=1713188726127 HTTP/1.1" 200 30
190.171.141.138 - - [15/Apr/2024:10:48:58 -0300] "POST /cormun/servlet/solicitudotadjuntos?2699bf37afb6452f6873dfa284274370,INS,2024,21227,,1, HTTP/1.1" 200 116
190.171.141.138 - - [15/Apr/2024:10:48:59 -0300] "GET /cormun/servlet/hpexe_return? HTTP/1.1" 200 1017
190.171.141.138 - - [15/Apr/2024:10:48:59 -0300] "GET /cormun/servlet/trsolicitudadjuntos?2024,21227, HTTP/1.1" 200 9781
190.171.141.138 - - [15/Apr/2024:10:49:01 -0300] "GET /cormun/servlet/solicitudotadjuntos?INS,2024,21227,,1, HTTP/1.1" 200 6510
190.171.141.138 - - [15/Apr/2024:10:49:01 -0300] "GET /cormun/static/about:blank HTTP/1.1" 404 1011
190.171.141.138 - - [15/Apr/2024:10:49:02 -0300] "GET /cormun/servlet/solicitudotadjuntos?b40dcb20e8add6399e6a02bf2d6afbad1ae2a43c445aae5f0668ddfc64303851641ebb7d142957e8621cd27b853a04cd,gx-no-cache=1713188729547 HTTP/1.1" 200 30
190.171.141.138 - - [15/Apr/2024:10:49:02 -0300] "POST /cormun/servlet/solicitudotadjuntos?2699bf37afb6452f6873dfa284274370,INS,2024,21227,,1,,gx-no-cache=1713188729559 HTTP/1.1" 200 4183
190.171.141.138 - - [15/Apr/2024:10:49:04 -0300] "POST /cormun/servlet/solicitudotadjuntos?gx-no-cache=1713188731697 HTTP/1.1" 200 26
190.171.141.138 - - [15/Apr/2024:10:49:12 -0300] "GET /cormun/servlet/solicitudotadjuntos?b40dcb20e8add6399e6a02bf2d6afbad870bee3c13b0ad120b877e48f647f68e,gx-no-cache=1713188739505 HTTP/1.1" 200 30
190.171.141.138 - - [15/Apr/2024:10:49:12 -0300] "GET /cormun/servlet/solicitudotadjuntos?b40dcb20e8add6399e6a02bf2d6afbad870bee3c13b0ad120b877e48f647f68e,gx-no-cache=1713188739517 HTTP/1.1" 200 30
190.171.141.138 - - [15/Apr/2024:10:49:12 -0300] "POST /cormun/servlet/solicitudotadjuntos?2699bf37afb6452f6873dfa284274370,INS,2024,21227,,1, HTTP/1.1" 200 116
190.171.141.138 - - [15/Apr/2024:10:49:12 -0300] "GET /cormun/servlet/hpexe_return? HTTP/1.1" 200 1017
190.171.141.138 - - [15/Apr/2024:10:49:12 -0300] "GET /cormun/servlet/trsolicitudadjuntos?2024,21227, HTTP/1.1" 200 10047
190.171.141.138 - - [15/Apr/2024:10:49:15 -0300] "GET /cormun/servlet/solicitudotadjuntos?INS,2024,21227,,1, HTTP/1.1" 200 6510
190.171.141.138 - - [15/Apr/2024:10:49:15 -0300] "GET /cormun/static/about:blank HTTP/1.1" 404 1011
190.171.141.138 - - [15/Apr/2024:10:49:15 -0300] "GET /cormun/servlet/solicitudotadjuntos?b40dcb20e8add6399e6a02bf2d6afbad1ae2a43c445aae5f0668ddfc64303851641ebb7d142957e8621cd27b853a04cd,gx-no-cache=1713188743249 HTTP/1.1" 200 30
190.171.141.138 - - [15/Apr/2024:10:49:15 -0300] "POST /cormun/servlet/solicitudotadjuntos?2699bf37afb6452f6873dfa284274370,INS,2024,21227,,1,,gx-no-cache=1713188743264 HTTP/1.1" 200 4183
190.171.141.138 - - [15/Apr/2024:10:49:19 -0300] "POST /cormun/servlet/solicitudotadjuntos?gx-no-cache=1713188747057 HTTP/1.1" 200 26
190.171.141.138 - - [15/Apr/2024:10:49:28 -0300] "GET /cormun/servlet/solicitudotadjuntos?b40dcb20e8add6399e6a02bf2d6afbad870bee3c13b0ad120b877e48f647f68e,gx-no-cache=1713188755865 HTTP/1.1" 200 30
190.171.141.138 - - [15/Apr/2024:10:49:28 -0300] "GET /cormun/servlet/solicitudotadjuntos?b40dcb20e8add6399e6a02bf2d6afbad870bee3c13b0ad120b877e48f647f68e,gx-no-cache=1713188755875 HTTP/1.1" 200 30
190.171.141.138 - - [15/Apr/2024:10:49:28 -0300] "POST /cormun/servlet/solicitudotadjuntos?2699bf37afb6452f6873dfa284274370,INS,2024,21227,,1, HTTP/1.1" 200 116
190.171.141.138 - - [15/Apr/2024:10:49:28 -0300] "GET /cormun/servlet/hpexe_return? HTTP/1.1" 200 1017
190.171.141.138 - - [15/Apr/2024:10:49:28 -0300] "GET /cormun/servlet/trsolicitudadjuntos?2024,21227, HTTP/1.1" 200 10290
190.171.141.138 - - [15/Apr/2024:10:49:50 -0300] "GET /cormun/servlet/solicitudotadjuntos?INS,2024,21227,,1, HTTP/1.1" 200 6511
190.171.141.138 - - [15/Apr/2024:10:49:50 -0300] "GET /cormun/static/about:blank HTTP/1.1" 404 1011
190.171.141.138 - - [15/Apr/2024:10:49:51 -0300] "GET /cormun/servlet/solicitudotadjuntos?b40dcb20e8add6399e6a02bf2d6afbad1ae2a43c445aae5f0668ddfc64303851641ebb7d142957e8621cd27b853a04cd,gx-no-cache=1713188778702 HTTP/1.1" 200 30
190.171.141.138 - - [15/Apr/2024:10:49:51 -0300] "POST /cormun/servlet/solicitudotadjuntos?2699bf37afb6452f6873dfa284274370,INS,2024,21227,,1,,gx-no-cache=1713188778716 HTTP/1.1" 200 4182
190.171.143.82 - - [15/Apr/2024:10:50:04 -0300] "POST /cormun/servlet/solicitudot?gx-no-cache=1713188789721 HTTP/1.1" 200 30
190.171.143.82 - - [15/Apr/2024:10:50:04 -0300] "POST /cormun/servlet/solicitudot?gx-no-cache=1713188789935 HTTP/1.1" 200 1481
190.171.143.82 - - [15/Apr/2024:10:50:04 -0300] "POST /cormun/servlet/solicitudot?gx-no-cache=1713188790070 HTTP/1.1" 200 41
190.171.143.82 - - [15/Apr/2024:10:50:04 -0300] "GET /cormun/servlet/solicitudot?cf9695378468fd56b4917cdb0c2eca0968f06800ed3c23d3b49f92d6abb919b9d8f05ee7ad5eb91cbfe8ad178e563174619b7264c36cceab8a82bd46b7da2bccc1dcbde93f18e9aac144112d0562cb835745f902b2092a2937bc11e0e4a21a18aa3f8162c4517b2944fd9fed0ad85510,gx-no-cache=1713188790106 HTTP/1.1" 200 110
190.171.143.82 - - [15/Apr/2024:10:50:04 -0300] "POST /cormun/servlet/solicitudot?gx-no-cache=1713188790183 HTTP/1.1" 200 110
190.171.143.82 - - [15/Apr/2024:10:50:04 -0300] "GET /cormun/servlet/solicitudot?cf9695378468fd56b4917cdb0c2eca09aa8fc3545af6010298da0bbdb20560460c1ee43567a0b9f68dceec896005e2cb06e5a90087a0a62385b08fb8e46053d28e9bf257dd114893dd4c6b5555c3a4d9d28c8a1aa630f1ac506add48a9afa8c0d6ce2a678400f372ebc7996e1590952e,gx-no-cache=1713188790262 HTTP/1.1" 200 29
190.171.143.82 - - [15/Apr/2024:10:50:04 -0300] "GET /cormun/servlet/solicitudot?cf9695378468fd56b4917cdb0c2eca0997b47226b52fb7092ed770aa4811a3778ba0df44f617fa3cfaca2a6f94f6e1fb,gx-no-cache=1713188790286 HTTP/1.1" 200 30
190.171.143.82 - - [15/Apr/2024:10:50:04 -0300] "POST /cormun/servlet/solicitudot?gx-no-cache=1713188790314 HTTP/1.1" 200 30
190.171.143.82 - - [15/Apr/2024:10:50:05 -0300] "POST /cormun/servlet/solicitudot?9657dad18ba8b00cb675bb24d00a50fc,UPD,2024,21222,false,,gx-no-cache=1713188790398 HTTP/1.1" 200 93
190.171.143.82 - - [15/Apr/2024:10:50:05 -0300] "GET /cormun/servlet/hpexe_return? HTTP/1.1" 200 1014
190.171.143.82 - - [15/Apr/2024:10:50:05 -0300] "GET /cormun/servlet/trsolicitudot HTTP/1.1" 200 8833
190.171.141.138 - - [15/Apr/2024:10:50:06 -0300] "POST /cormun/servlet/solicitudotadjuntos?gx-no-cache=1713188793498 HTTP/1.1" 200 26
190.171.141.114 - - [15/Apr/2024:10:50:11 -0300] "GET /cormun/servlet/hhome HTTP/1.1" 200 3322
190.171.141.114 - - [15/Apr/2024:10:50:12 -0300] "GET /cormun/servlet/hhome HTTP/1.1" 200 3333
190.171.141.114 - - [15/Apr/2024:10:50:12 -0300] "GET /cormun/servlet/hlogin HTTP/1.1" 200 1732
190.171.143.82 - - [15/Apr/2024:10:50:14 -0300] "POST /cormun/servlet/trsolicitudot?9657dad18ba8b00cb675bb24d00a50fc,gx-no-cache=1713188800044 HTTP/1.1" 200 111
190.171.143.82 - - [15/Apr/2024:10:50:14 -0300] "GET /cormun/servlet/solicitudot?UPD,2024,21222,false, HTTP/1.1" 200 16861
190.171.141.114 - - [15/Apr/2024:10:50:15 -0300] "POST /cormun/servlet/hlogin?f452ff06bb9b85997892dfb457756dc4,gx-no-cache=1713188802449 HTTP/1.1" 200 90
190.171.141.114 - - [15/Apr/2024:10:50:15 -0300] "GET /cormun/servlet/hpexe_link HTTP/1.1" 200 951
190.171.141.114 - - [15/Apr/2024:10:50:15 -0300] "GET /cormun/servlet/hhome HTTP/1.1" 200 4311
190.171.143.82 - - [15/Apr/2024:10:50:16 -0300] "POST /cormun/servlet/solicitudot?gx-no-cache=1713188801741 HTTP/1.1" 200 4096
190.171.143.82 - - [15/Apr/2024:10:50:16 -0300] "POST /cormun/servlet/solicitudot?9657dad18ba8b00cb675bb24d00a50fc,UPD,2024,21222,false,,gx-no-cache=1713188802098 HTTP/1.1" 200 13045
190.171.143.82 - - [15/Apr/2024:10:50:16 -0300] "GET /cormun/servlet/solicitudot?cf9695378468fd56b4917cdb0c2eca097c70512a86e36e4c4e5403129c05492e446ef68f1b8bc6976192b84432edb802,gx-no-cache=1713188802280 HTTP/1.1" 200 30
190.171.143.82 - - [15/Apr/2024:10:50:16 -0300] "GET /cormun/servlet/solicitudot?cf9695378468fd56b4917cdb0c2eca0996ed3b5f6ba2aa9a70794ff65b60467b82a5a4795a13d858c449eca9ff0bd3ee446ef68f1b8bc6976192b84432edb802,gx-no-cache=1713188802323 HTTP/1.1" 200 30
190.171.143.82 - - [15/Apr/2024:10:50:16 -0300] "GET /cormun/servlet/solicitudot?cf9695378468fd56b4917cdb0c2eca09f0feac0089f4a5e82765e32ac5a8538894f15206d0d183735cc4d80876eab87db6e7d2f0fea2046f3d1cd58ba3a3ba78,gx-no-cache=1713188802348 HTTP/1.1" 200 53
190.171.143.82 - - [15/Apr/2024:10:50:16 -0300] "POST /cormun/servlet/solicitudot?gx-no-cache=1713188802382 HTTP/1.1" 200 297
190.171.143.82 - - [15/Apr/2024:10:50:16 -0300] "GET /cormun/servlet/solicitudot?cf9695378468fd56b4917cdb0c2eca091f5c4b0fea6154160b7e16743af5bdb397083de44e11bd50130b1b38c695d191f643645413eb94ed725a280b2773b83cda88c6ceedb3a7bbec31253246e8474de3fff4d483eda76d6236d5e820cb06252ad5ea92189ec9db79f1b9baa6df075f20e5a63a857b499a09eb57bdc2a94d924b6a3480ab81ef890dbedd5cd387edc93b8f268aa4e6ffe1e574c7fbe8f5638acd431473552334d8865711b92641e4dc170f95a0abe75e7d952d1ccc006f77d31a4307f2d821750104738c269c5db62653ea32a05c10744baae494a90735e1cd201e6da52d4fed5271ee44b3de4ece040922f3a38473f2c693339a3e9de38eda60518deaa60318edf88084a238964e56175a5715d125b22a79cd91e623d3c56927da3ab9a454ec389a522486b5400a42b9138fa66e2cd9e887362d09b292daf337eaa886bf59d83cbddfa31c7c5ee41a7275e5e79cc2a3088e870fd0f10793516939806de2066ae0af4e610fee05904a660954724bcac77bb09f26260ed4c3ac62ebb1647ef2304d0a1aefe7c0885dd2,gx-no-cache=1713188802416 HTTP/1.1" 200 30
190.171.143.82 - - [15/Apr/2024:10:50:16 -0300] "POST /cormun/servlet/solicitudot?gx-no-cache=1713188802454 HTTP/1.1" 200 30
190.171.143.82 - - [15/Apr/2024:10:50:16 -0300] "POST /cormun/servlet/solicitudot?gx-no-cache=1713188802507 HTTP/1.1" 200 1481
190.171.143.82 - - [15/Apr/2024:10:50:17 -0300] "POST /cormun/servlet/solicitudot?gx-no-cache=1713188802561 HTTP/1.1" 200 41
190.171.141.114 - - [15/Apr/2024:10:50:19 -0300] "GET /cormun/servlet/trlicencias? HTTP/1.1" 200 11116
190.171.141.114 - - [15/Apr/2024:10:50:19 -0300] "GET /cormun/static/gxcfg.js?202211298463625 HTTP/1.1" 200 953
190.171.141.114 - - [15/Apr/2024:10:50:19 -0300] "GET /cormun/static/trlicencias.js?202211298463889 HTTP/1.1" 200 41883
190.171.143.82 - - [15/Apr/2024:10:50:24 -0300] "POST /cormun/servlet/solicitudot?9657dad18ba8b00cb675bb24d00a50fc,UPD,2024,21222,false,,gx-no-cache=1713188809953 HTTP/1.1" 200 93
190.171.143.82 - - [15/Apr/2024:10:50:24 -0300] "GET /cormun/servlet/hpexe_return? HTTP/1.1" 200 1014
190.171.143.82 - - [15/Apr/2024:10:50:24 -0300] "GET /cormun/servlet/trsolicitudot HTTP/1.1" 200 8833
190.171.141.138 - - [15/Apr/2024:10:50:51 -0300] "GET /cormun/servlet/solicitudotadjuntos?b40dcb20e8add6399e6a02bf2d6afbad870bee3c13b0ad120b877e48f647f68e,gx-no-cache=1713188838369 HTTP/1.1" 200 30
190.171.141.138 - - [15/Apr/2024:10:50:51 -0300] "GET /cormun/servlet/solicitudotadjuntos?b40dcb20e8add6399e6a02bf2d6afbad870bee3c13b0ad120b877e48f647f68e,gx-no-cache=1713188838390 HTTP/1.1" 200 30
190.171.141.138 - - [15/Apr/2024:10:50:51 -0300] "POST /cormun/servlet/solicitudotadjuntos?2699bf37afb6452f6873dfa284274370,INS,2024,21227,,1, HTTP/1.1" 200 116
190.171.141.138 - - [15/Apr/2024:10:50:51 -0300] "GET /cormun/servlet/hpexe_return? HTTP/1.1" 200 1017
190.171.141.138 - - [15/Apr/2024:10:50:51 -0300] "GET /cormun/servlet/trsolicitudadjuntos?2024,21227, HTTP/1.1" 200 10618
190.171.141.138 - - [15/Apr/2024:10:50:53 -0300] "GET /cormun/servlet/solicitudotadjuntos?INS,2024,21227,,1, HTTP/1.1" 200 6510
190.171.141.138 - - [15/Apr/2024:10:50:53 -0300] "GET /cormun/static/about:blank HTTP/1.1" 404 1011
190.171.141.138 - - [15/Apr/2024:10:50:54 -0300] "GET /cormun/servlet/solicitudotadjuntos?b40dcb20e8add6399e6a02bf2d6afbad1ae2a43c445aae5f0668ddfc64303851641ebb7d142957e8621cd27b853a04cd,gx-no-cache=1713188841624 HTTP/1.1" 200 30
190.171.141.138 - - [15/Apr/2024:10:50:54 -0300] "POST /cormun/servlet/solicitudotadjuntos?2699bf37afb6452f6873dfa284274370,INS,2024,21227,,1,,gx-no-cache=1713188841638 HTTP/1.1" 200 4181
190.171.141.138 - - [15/Apr/2024:10:50:58 -0300] "POST /cormun/servlet/solicitudotadjuntos?gx-no-cache=1713188845929 HTTP/1.1" 200 26
190.171.143.82 - - [15/Apr/2024:10:51:03 -0300] "POST /cormun/servlet/trsolicitudot?9657dad18ba8b00cb675bb24d00a50fc,gx-no-cache=1713188848761 HTTP/1.1" 200 4839
190.171.143.82 - - [15/Apr/2024:10:51:03 -0300] "GET /cormun/static/Shared/jqueryui/images/ui-bg_highlight-soft_100_c6c2c8_1x100.png HTTP/1.1" 404 1117
190.171.143.82 - - [15/Apr/2024:10:51:03 -0300] "GET /cormun/static/Shared/jqueryui/images/ui-icons_82798d_256x240.png HTTP/1.1" 404 1089
190.171.143.82 - - [15/Apr/2024:10:51:03 -0300] "GET /cormun/static/Shared/jqueryui/images/ui-icons_8d78a5_256x240.png HTTP/1.1" 404 1089
190.171.143.82 - - [15/Apr/2024:10:51:03 -0300] "GET /cormun/static/Shared/jqueryui/images/ui-bg_flat_55_fafafa_40x100.png HTTP/1.1" 404 1097
190.171.143.82 - - [15/Apr/2024:10:51:03 -0300] "POST /cormun/servlet/trsolicitudot?9657dad18ba8b00cb675bb24d00a50fc,gx-no-cache=1713188849340 HTTP/1.1" 200 4611
190.171.143.82 - - [15/Apr/2024:10:51:07 -0300] "GET /cormun/servlet/trautorizarsolicitud? HTTP/1.1" 200 8726
190.171.141.138 - - [15/Apr/2024:10:51:09 -0300] "GET /cormun/servlet/solicitudotadjuntos?b40dcb20e8add6399e6a02bf2d6afbad870bee3c13b0ad120b877e48f647f68e,gx-no-cache=1713188857168 HTTP/1.1" 200 30
190.171.141.138 - - [15/Apr/2024:10:51:09 -0300] "GET /cormun/servlet/solicitudotadjuntos?b40dcb20e8add6399e6a02bf2d6afbad870bee3c13b0ad120b877e48f647f68e,gx-no-cache=1713188857181 HTTP/1.1" 200 30
190.171.141.138 - - [15/Apr/2024:10:51:10 -0300] "POST /cormun/servlet/solicitudotadjuntos?2699bf37afb6452f6873dfa284274370,INS,2024,21227,,1, HTTP/1.1" 200 116
190.171.141.138 - - [15/Apr/2024:10:51:10 -0300] "GET /cormun/servlet/hpexe_return? HTTP/1.1" 200 1017
190.171.141.138 - - [15/Apr/2024:10:51:10 -0300] "GET /cormun/servlet/trsolicitudadjuntos?2024,21227, HTTP/1.1" 200 10769
190.171.141.138 - - [15/Apr/2024:10:51:17 -0300] "GET /cormun/servlet/trsolicitudot? HTTP/1.1" 200 9095
190.171.143.82 - - [15/Apr/2024:10:51:28 -0300] "POST /cormun/servlet/trautorizarsolicitud?9657dad18ba8b00cb675bb24d00a50fc,,gx-no-cache=1713188873304 HTTP/1.1" 200 4766
190.171.143.82 - - [15/Apr/2024:10:51:28 -0300] "POST /cormun/servlet/trautorizarsolicitud?9657dad18ba8b00cb675bb24d00a50fc,,gx-no-cache=1713188873798 HTTP/1.1" 200 4540
190.171.143.82 - - [15/Apr/2024:10:51:32 -0300] "GET /cormun/servlet/trsolicitudot? HTTP/1.1" 200 7459
190.171.143.82 - - [15/Apr/2024:10:51:40 -0300] "POST /cormun/servlet/trsolicitudot?9657dad18ba8b00cb675bb24d00a50fc,,gx-no-cache=1713188885923 HTTP/1.1" 200 6542
190.171.141.114 - - [15/Apr/2024:10:51:44 -0300] "POST /cormun/servlet/trlicencias?f452ff06bb9b85997892dfb457756dc4,,gx-no-cache=1713188891836 HTTP/1.1" 200 101
190.171.141.114 - - [15/Apr/2024:10:51:44 -0300] "POST /cormun/servlet/trlicencias?f452ff06bb9b85997892dfb457756dc4,,gx-no-cache=1713188891995 HTTP/1.1" 200 8567
190.171.141.114 - - [15/Apr/2024:10:51:44 -0300] "GET /cormun/Licencias-9167.xls HTTP/1.1" 200 7680
190.171.141.114 - - [15/Apr/2024:10:51:56 -0300] "POST /cormun/servlet/trlicencias?f452ff06bb9b85997892dfb457756dc4,,gx-no-cache=1713188903248 HTTP/1.1" 200 101
190.171.141.114 - - [15/Apr/2024:10:51:56 -0300] "POST /cormun/servlet/trlicencias?f452ff06bb9b85997892dfb457756dc4,,gx-no-cache=1713188903366 HTTP/1.1" 200 8567
190.171.141.114 - - [15/Apr/2024:10:51:56 -0300] "GET /cormun/Licencias-2471.xls HTTP/1.1" 200 7680
190.95.15.15 - - [15/Apr/2024:10:56:35 -0300] "GET /cormun/servlet/trlicencias? HTTP/1.1" 200 6049
190.95.15.15 - - [15/Apr/2024:10:56:38 -0300] "GET /cormun/servlet/hlogin HTTP/1.1" 200 1738
190.95.15.15 - - [15/Apr/2024:10:56:50 -0300] "POST /cormun/servlet/hlogin?ae0d2901283550a159ff3da6fd7d14d0,gx-no-cache=1713189199819 HTTP/1.1" 200 450
190.95.15.15 - - [15/Apr/2024:10:56:57 -0300] "POST /cormun/servlet/hlogin?ae0d2901283550a159ff3da6fd7d14d0,gx-no-cache=1713189206521 HTTP/1.1" 200 90
190.95.15.15 - - [15/Apr/2024:10:56:57 -0300] "GET /cormun/servlet/hpexe_link HTTP/1.1" 200 957
190.95.15.15 - - [15/Apr/2024:10:56:57 -0300] "GET /cormun/servlet/trlicencias HTTP/1.1" 200 11237
190.171.143.82 - - [15/Apr/2024:11:06:10 -0300] "GET /cormun/servlet/trcontratounov2? HTTP/1.1" 200 18272
190.171.143.82 - - [15/Apr/2024:11:06:10 -0300] "GET /cormun/static/gxcfg.js?2020121614367 HTTP/1.1" 200 953
190.171.143.82 - - [15/Apr/2024:11:06:10 -0300] "GET /cormun/static/trcontratounov2.js?20201216143065 HTTP/1.1" 200 38486
190.171.143.82 - - [15/Apr/2024:11:06:10 -0300] "GET /cormun/static/Resources/PXToolsAddSelectedAction.png HTTP/1.1" 200 523
190.171.143.82 - - [15/Apr/2024:11:06:15 -0300] "GET /cormun/servlet/trlicencias? HTTP/1.1" 200 10219
190.171.143.82 - - [15/Apr/2024:11:06:55 -0300] "GET /cormun/servlet/trpermisosgoce? HTTP/1.1" 200 11771
190.171.143.82 - - [15/Apr/2024:11:07:00 -0300] "GET /cormun/servlet/permisogoce?INS,0,,, HTTP/1.1" 200 7135
190.171.143.82 - - [15/Apr/2024:11:07:06 -0300] "GET /cormun/servlet/prfichaempleado?,MD,,gxPopupLevel%3D0%3B HTTP/1.1" 200 9260
190.171.153.50 - - [15/Apr/2024:11:07:25 -0300] "GET /cormun/servlet/hlogin HTTP/1.1" 200 1726
190.171.153.50 - - [15/Apr/2024:11:07:32 -0300] "POST /cormun/servlet/hlogin?045dd42bb964d2a293d85a1bd1a79191,gx-no-cache=1713189840385 HTTP/1.1" 200 90
190.171.153.50 - - [15/Apr/2024:11:07:32 -0300] "GET /cormun/servlet/hpexe_link HTTP/1.1" 200 966
190.171.153.50 - - [15/Apr/2024:11:07:33 -0300] "GET /cormun/servlet/trsolicitudot?gx-no-cache=1713188113544 HTTP/1.1" 200 7489
190.171.153.50 - - [15/Apr/2024:11:07:38 -0300] "GET /cormun/servlet/trpermisosgoce? HTTP/1.1" 200 10837
190.171.143.82 - - [15/Apr/2024:11:07:38 -0300] "GET /cormun/servlet/permisogoce?16909b2f6f064d85c8748b470bfd2da2f12eb5a515ac81ff02324b29049e61f5d5474818de6aa7bbd9c63ffd20ed1e30079f84e40ed424bc43a96fc6eb559553,gx-no-cache=1713189844227 HTTP/1.1" 200 179
190.171.143.82 - - [15/Apr/2024:11:07:38 -0300] "GET /cormun/static/Shared/jqueryui/images/ui-bg_highlight-soft_100_c6c2c8_1x100.png HTTP/1.1" 404 1117
190.171.143.82 - - [15/Apr/2024:11:07:38 -0300] "GET /cormun/static/Shared/jqueryui/images/ui-icons_82798d_256x240.png HTTP/1.1" 404 1089
190.171.143.82 - - [15/Apr/2024:11:07:38 -0300] "GET /cormun/static/Shared/jqueryui/images/ui-bg_flat_55_994d53_40x100.png HTTP/1.1" 404 1097
190.171.143.82 - - [15/Apr/2024:11:07:38 -0300] "GET /cormun/static/Shared/jqueryui/images/ui-icons_ebccce_256x240.png HTTP/1.1" 404 1089
190.171.149.74 - - [15/Apr/2024:11:07:51 -0300] "POST /cormun/servlet/trlicencias?410aa762bff94e65f4396398be6920c7,,gx-no-cache=1713189858465 HTTP/1.1" 440 972
190.171.149.74 - - [15/Apr/2024:11:07:52 -0300] "GET /cormun/servlet/trlicencias? HTTP/1.1" 200 6048
190.171.153.50 - - [15/Apr/2024:11:07:52 -0300] "GET /cormun/servlet/hlogin HTTP/1.1" 200 1728
190.171.149.74 - - [15/Apr/2024:11:07:53 -0300] "GET /cormun/servlet/hlogin HTTP/1.1" 200 1734
190.171.149.74 - - [15/Apr/2024:11:07:58 -0300] "POST /cormun/servlet/hlogin?bc218d8f8553ad0dd28ce0c3ff40d043,gx-no-cache=1713189865930 HTTP/1.1" 200 90
190.171.149.74 - - [15/Apr/2024:11:07:58 -0300] "GET /cormun/servlet/hpexe_link HTTP/1.1" 200 954
190.171.149.74 - - [15/Apr/2024:11:07:59 -0300] "GET /cormun/servlet/trlicencias HTTP/1.1" 200 12730
190.171.143.82 - - [15/Apr/2024:11:10:30 -0300] "GET /cormun/servlet/permisogoce?16909b2f6f064d85c8748b470bfd2da2dea92f96039f46d953a4ca5b206b710fd5474818de6aa7bbd9c63ffd20ed1e30079f84e40ed424bc43a96fc6eb559553,gx-no-cache=1713190016098 HTTP/1.1" 200 80
190.171.143.82 - - [15/Apr/2024:11:10:57 -0300] "GET /cormun/servlet/permisogoce?16909b2f6f064d85c8748b470bfd2da24db82e1b5affe3b3fb7649bab40a65d1d081e715710316d6593fd93d8f925a017809da89b62c41e88adade502fea04f9,gx-no-cache=1713190042685 HTTP/1.1" 200 47
190.171.143.82 - - [15/Apr/2024:11:11:01 -0300] "GET /cormun/servlet/permisogoce?16909b2f6f064d85c8748b470bfd2da24db82e1b5affe3b3fb7649bab40a65d11376ccff3aa2f5ffbd3b4012aed6960c2f763af72571ecd2c17d0b8a40872bba,gx-no-cache=1713190046895 HTTP/1.1" 200 47
190.171.143.82 - - [15/Apr/2024:11:11:05 -0300] "POST /cormun/servlet/permisogoce?9657dad18ba8b00cb675bb24d00a50fc,INS,0,,,,gx-no-cache=1713190051088 HTTP/1.1" 200 93
190.171.143.82 - - [15/Apr/2024:11:11:05 -0300] "GET /cormun/servlet/hpexe_return? HTTP/1.1" 200 1008
190.171.143.82 - - [15/Apr/2024:11:11:06 -0300] "GET /cormun/servlet/trpermisosgoce HTTP/1.1" 200 12098
190.171.143.82 - - [15/Apr/2024:11:11:54 -0300] "GET /cormun/servlet/apermisogoceprn?17520834,P,20240415100331,PU HTTP/1.1" 200 1649
190.171.152.114 - - [15/Apr/2024:11:15:56 -0300] "GET /cormun/servlet/trlicencias? HTTP/1.1" 200 6047
190.171.152.114 - - [15/Apr/2024:11:15:57 -0300] "GET /cormun/servlet/hlogin HTTP/1.1" 200 1739
192.168.10.17 - - [15/Apr/2024:11:16:00 -0300] "GET /cormun/servlet/hlogin HTTP/1.1" 200 1717
192.168.10.17 - - [15/Apr/2024:11:16:00 -0300] "GET /cormun/servlet/hlogin HTTP/1.1" 200 1728
192.168.10.17 - - [15/Apr/2024:11:16:09 -0300] "POST /cormun/servlet/hlogin?d7234b0d3093641b505aad284fd9e68b,gx-no-cache=1713190360590 HTTP/1.1" 200 90
192.168.10.17 - - [15/Apr/2024:11:16:09 -0300] "GET /cormun/servlet/hpexe_link HTTP/1.1" 200 949
192.168.10.17 - - [15/Apr/2024:11:16:09 -0300] "GET /cormun/servlet/hhome HTTP/1.1" 200 3818
192.168.10.17 - - [15/Apr/2024:11:16:11 -0300] "GET /cormun/servlet/trsolicitudgral? HTTP/1.1" 200 28454
190.171.152.114 - - [15/Apr/2024:11:16:11 -0300] "POST /cormun/servlet/hlogin?6a868541abd36cd957f08dd34277aa9e,gx-no-cache=1713190359085 HTTP/1.1" 200 90
190.171.152.114 - - [15/Apr/2024:11:16:11 -0300] "GET /cormun/servlet/hpexe_link HTTP/1.1" 200 956
190.171.152.114 - - [15/Apr/2024:11:16:11 -0300] "GET /cormun/servlet/trlicencias HTTP/1.1" 200 13001
192.168.10.17 - - [15/Apr/2024:11:16:15 -0300] "GET /cormun/static/menuarrow.gif HTTP/1.1" 404 1015
192.168.10.17 - - [15/Apr/2024:11:16:17 -0300] "POST /cormun/servlet/trsolicitudgral?d7234b0d3093641b505aad284fd9e68b,,gx-no-cache=1713190369181 HTTP/1.1" 200 26088
192.168.10.17 - - [15/Apr/2024:11:16:18 -0300] "GET /cormun/static/Resources/PXToolsGridLast.gif HTTP/1.1" 200 370
192.168.10.17 - - [15/Apr/2024:11:16:18 -0300] "GET /cormun/static/Resources/PXToolsGridNext.gif HTTP/1.1" 200 369
190.171.152.114 - - [15/Apr/2024:11:16:19 -0300] "GET /cormun/servlet/trlicencias? HTTP/1.1" 200 12999
190.171.152.114 - - [15/Apr/2024:11:16:21 -0300] "GET /cormun/servlet/licenciaspermisos?INS,0,,, HTTP/1.1" 200 7942
190.171.152.114 - - [15/Apr/2024:11:16:21 -0300] "GET /cormun/static/gxcfg.js?202012153173 HTTP/1.1" 200 953
190.171.152.114 - - [15/Apr/2024:11:16:21 -0300] "GET /cormun/static/licenciaspermisos.js?2020121532136 HTTP/1.1" 200 38753
190.171.152.114 - - [15/Apr/2024:11:16:34 -0300] "GET /cormun/servlet/licenciaspermisos?23dbb6d195c0b6feefb36d5bf0c31614b512b2e642a84d26309afe981dd5e6c3750bc36a0fa42ba0149ab059f36b9a75d348f8240a02b9fc88b89bcae73c74e4,gx-no-cache=1713190381688 HTTP/1.1" 200 101
190.171.152.114 - - [15/Apr/2024:11:16:34 -0300] "POST /cormun/servlet/licenciaspermisos?6a868541abd36cd957f08dd34277aa9e,INS,0,,,,gx-no-cache=1713190381715 HTTP/1.1" 200 5119
190.171.152.114 - - [15/Apr/2024:11:17:34 -0300] "GET /cormun/static/menuarrow.gif HTTP/1.1" 404 1015
192.168.10.17 - - [15/Apr/2024:11:17:53 -0300] "POST /cormun/servlet/trsolicitudgral?d7234b0d3093641b505aad284fd9e68b,,gx-no-cache=1713190464530 HTTP/1.1" 200 9958
190.171.141.138 - - [15/Apr/2024:11:18:34 -0300] "GET /cormun/servlet/hlogin HTTP/1.1" 200 1716
190.171.141.138 - - [15/Apr/2024:11:18:37 -0300] "POST /cormun/servlet/hlogin?62cacce4c04513a0a9188677955a281a,gx-no-cache=1713190504960 HTTP/1.1" 200 90
