181.212.47.136 - - [15/Apr/2024:13:15:16 -0300] "GET /cormun/static/Resources/resize.gif HTTP/1.1" 200 77
181.212.47.136 - - [15/Apr/2024:13:15:17 -0300] "GET /cormun/servlet/prfichaempleado?,MD,,gxPopupLevel%3D0%3B HTTP/1.1" 200 9047
181.212.47.136 - - [15/Apr/2024:13:15:17 -0300] "GET /cormun/static/gxcfg.js?20201215571085 HTTP/1.1" 200 953
181.212.47.136 - - [15/Apr/2024:13:15:17 -0300] "GET /cormun/static/Resources/PXToolsMenuSearch.png HTTP/1.1" 200 336
181.212.47.136 - - [15/Apr/2024:13:15:17 -0300] "GET /cormun/static/menusearch.js?20201214473581 HTTP/1.1" 200 1424
181.212.47.136 - - [15/Apr/2024:13:15:17 -0300] "GET /cormun/static/prfichaempleado.js?20201215572193 HTTP/1.1" 200 16005
181.212.47.136 - - [15/Apr/2024:13:15:17 -0300] "GET /cormun/static/hmpwkw011.js?202211298443482 HTTP/1.1" 200 1968
181.212.47.136 - - [15/Apr/2024:13:15:17 -0300] "GET /cormun/static/Resources/PXToolsMenuSearchCancel.png HTTP/1.1" 200 306
181.212.47.136 - - [15/Apr/2024:13:15:18 -0300] "POST /cormun/servlet/acontrolpreferencessavestate?None,PJARA,true HTTP/1.1" 200 35
104.211.2.187 - - [15/Apr/2024:13:15:19 -0300] "GET /manager/html HTTP/1.1" 401 2474
181.212.47.136 - - [15/Apr/2024:13:15:21 -0300] "GET /cormun/servlet/trsolicitudot? HTTP/1.1" 200 7294
181.212.47.136 - - [15/Apr/2024:13:15:25 -0300] "GET /cormun/servlet/solicitudot?INS,0,0,false, HTTP/1.1" 200 16058
181.212.47.136 - - [15/Apr/2024:13:15:43 -0300] "GET /cormun/servlet/prfichaempleado?,MD,,gxPopupLevel%3D0%3B HTTP/1.1" 200 9052
181.212.47.136 - - [15/Apr/2024:13:15:52 -0300] "POST /cormun/servlet/prfichaempleado?69d8c0d31766654f607ddc05c9ed1226,,MD,,gxPopupLevel%3D0%3B,gx-no-cache=1713197543683 HTTP/1.1" 200 3172
104.211.2.187 - - [15/Apr/2024:13:15:56 -0300] "GET /manager/html HTTP/1.1" 401 2474
181.212.47.136 - - [15/Apr/2024:13:15:59 -0300] "GET /cormun/servlet/prfichaempleado?,MD,,gxPopupLevel%3D0%3B HTTP/1.1" 200 9052
104.211.2.187 - - [15/Apr/2024:13:16:31 -0300] "GET /manager/html HTTP/1.1" 401 2474
181.212.47.136 - - [15/Apr/2024:13:16:43 -0300] "POST /cormun/servlet/solicitudot?gx-no-cache=1713197594501 HTTP/1.1" 200 4031
181.212.47.136 - - [15/Apr/2024:13:16:43 -0300] "POST /cormun/servlet/solicitudot?69d8c0d31766654f607ddc05c9ed1226,INS,0,0,false,,gx-no-cache=1713197594627 HTTP/1.1" 200 12887
181.212.47.136 - - [15/Apr/2024:13:16:46 -0300] "GET /cormun/servlet/solicitudot?4391073a697aba97400e92b9d56421838fb0ce9d25f1fc8b8247eb92dc87adc6f13650d4276f22bcfa489c66c1476e4b,gx-no-cache=1713197597469 HTTP/1.1" 200 30
104.211.2.187 - - [15/Apr/2024:13:17:08 -0300] "GET /manager/html HTTP/1.1" 401 2474
190.171.141.138 - - [15/Apr/2024:13:17:17 -0300] "GET /cormun/servlet/prbanco?,MD,,gxPopupLevel%3D0%3B HTTP/1.1" 200 6840
104.211.2.187 - - [15/Apr/2024:13:17:44 -0300] "GET /manager/html HTTP/1.1" 401 2474
190.171.141.138 - - [15/Apr/2024:13:17:50 -0300] "GET /cormun/servlet/solicitudot?df578cafd37ce0cb990e1fec0130264dcc6cb6e2a620c4d09c04e7597b4f5a45e29903b375fe27f6ff0c77c9418bac2e5b09a42f74887d1485adb3e448b90344,gx-no-cache=1713197657602 HTTP/1.1" 200 30
190.171.141.138 - - [15/Apr/2024:13:17:52 -0300] "GET /cormun/servlet/solicitudot?df578cafd37ce0cb990e1fec0130264d9fcf85105973a6903dcc4033f1d62f69,gx-no-cache=1713197659628 HTTP/1.1" 200 53
190.171.141.114 - - [15/Apr/2024:13:18:05 -0300] "POST /cormun/servlet/solicitudot?gx-no-cache=1713197672866 HTTP/1.1" 200 30
146.19.24.28 - - [15/Apr/2024:13:18:06 -0300] "GET / HTTP/1.1" 200 11217
190.171.141.114 - - [15/Apr/2024:13:18:07 -0300] "GET /cormun/servlet/prcontratosol?11274312,,,,,MD,,gxPopupLevel%3D0%3B HTTP/1.1" 200 7906
190.171.141.114 - - [15/Apr/2024:13:18:07 -0300] "GET /cormun/static/gxcfg.js?202211298464198 HTTP/1.1" 200 953
190.171.141.114 - - [15/Apr/2024:13:18:07 -0300] "GET /cormun/static/prcontratosol.js?202211298464288 HTTP/1.1" 200 15806
190.171.141.114 - - [15/Apr/2024:13:18:10 -0300] "POST /cormun/servlet/solicitudot?gx-no-cache=1713197677200 HTTP/1.1" 200 1481
190.171.141.114 - - [15/Apr/2024:13:18:10 -0300] "POST /cormun/servlet/solicitudot?gx-no-cache=1713197677237 HTTP/1.1" 200 38
190.171.141.114 - - [15/Apr/2024:13:18:10 -0300] "GET /cormun/servlet/solicitudot?ea950387ac868231fbdcb21fe6174fb94b86e7ba1c06e8d2591e61c35ba7d11874b61b3d8f69d462c6729bd10e3c0be5a0c26d2746df10fd7b468046a906a49a6a416de39b1358700c4edf5a4511c858226c31f835b4b29b654625e09623c97a37a4b7cc40eb56277190f2ae5d6fcdf1,gx-no-cache=1713197677265 HTTP/1.1" 200 110
190.171.141.114 - - [15/Apr/2024:13:18:10 -0300] "POST /cormun/servlet/solicitudot?gx-no-cache=1713197677309 HTTP/1.1" 200 97
190.171.141.114 - - [15/Apr/2024:13:18:10 -0300] "GET /cormun/servlet/solicitudot?ea950387ac868231fbdcb21fe6174fb935eae58daed772676e412687302741f950c877fabe376af003499d23d5ad718b82178fa4e6311628f64436f8df088f2a089eb50a2aa76e12fec6f89140192fdc9a6c00be355bd4d4e4dc95f35cc7c230b50cc66e657be21193ea6f2df5410626,gx-no-cache=1713197677342 HTTP/1.1" 200 29
181.212.47.136 - - [15/Apr/2024:13:18:10 -0300] "GET /cormun/servlet/solicitudot?4391073a697aba97400e92b9d5642183fa8fda23dde529ae6c7da0a18d2a1d2e4112ba8e376635cfe698a0ce63b0691f2c996323e27ce065bbba467ee915f158dee76f8ef8e0ed653579c10d6229bb8c,gx-no-cache=1713197681496 HTTP/1.1" 200 30
190.171.141.114 - - [15/Apr/2024:13:18:10 -0300] "GET /cormun/servlet/solicitudot?ea950387ac868231fbdcb21fe6174fb9d960f0854693462ad227e79b6cd8bc1e505fe09ff4c271b9dca2bccd9cbf2123,gx-no-cache=1713197677361 HTTP/1.1" 200 134
181.212.47.136 - - [15/Apr/2024:13:18:10 -0300] "GET /cormun/servlet/solicitudot?4391073a697aba97400e92b9d5642183d4170b456419f7eedb5a63bcb6b2a67b,gx-no-cache=1713197681542 HTTP/1.1" 200 29
190.171.141.138 - - [15/Apr/2024:13:18:14 -0300] "POST /cormun/servlet/solicitudot?gx-no-cache=1713197681275 HTTP/1.1" 200 240
190.171.141.138 - - [15/Apr/2024:13:18:16 -0300] "GET /cormun/servlet/solicitudot?df578cafd37ce0cb990e1fec0130264d8874598af9a476faeaa0c10a7406b99b1702c905226df683c6179a59ce1af3d388ca3e6026fc59651c7884af7ea8af0f056421053cb665547b844cf618804639cfe01979fabef4468b25d7d428e146dee62357e06343aa261b5c09218fef8eef3b1908ad948f4deb5138f5036b2b01a696c7d22e6ce7972204f9372c62ebce0668b28b05bd771d0526ba5b9e3a86197bfdd24554d5d20e71862411bcc4bb086438aa0e73ab7bc23981626b85d8e63e239c632964b21711a28e876b7c0d8da77a0609d8bccbdbd5ff3005318f97fb704540a6c1af3e01b95834ba5b7d76f080775de80caf70603c7901bc53c40cdaf47b5d8c9cbddcce03cbbf7afe9ca9efa3f886ccaf98ec0674b3c847806ad4d909b3ca2a97d28a61c5f3afc137a718f1cbb5896226dc6f98b743e02f44093f666c1e19cbd080ea09eb972da9312b63377a35421c5c127d02cfbfa800977a2c2c2e1d4ec110060c49ad84f92a2ed2c51e041b964f387395b397dcdc25f903a6097ba3,gx-no-cache=1713197684147 HTTP/1.1" 200 30
104.211.2.187 - - [15/Apr/2024:13:18:21 -0300] "GET /manager/html HTTP/1.1" 401 2474
190.171.141.114 - - [15/Apr/2024:13:18:23 -0300] "GET /cormun/servlet/prcontratosol?11274312,,,,,MD,,gxPopupLevel%3D0%3B HTTP/1.1" 200 7906
190.171.141.114 - - [15/Apr/2024:13:18:29 -0300] "POST /cormun/servlet/solicitudot?gx-no-cache=1713197696877 HTTP/1.1" 200 1481
190.171.141.114 - - [15/Apr/2024:13:18:29 -0300] "POST /cormun/servlet/solicitudot?gx-no-cache=1713197696911 HTTP/1.1" 200 41
190.171.141.114 - - [15/Apr/2024:13:18:29 -0300] "GET /cormun/servlet/solicitudot?ea950387ac868231fbdcb21fe6174fb94b86e7ba1c06e8d2591e61c35ba7d11874b61b3d8f69d462c6729bd10e3c0be5a0c26d2746df10fd7b468046a906a49a6a416de39b1358700c4edf5a4511c858226c31f835b4b29b654625e09623c97a37a4b7cc40eb56277190f2ae5d6fcdf1,gx-no-cache=1713197696936 HTTP/1.1" 200 110
190.171.141.114 - - [15/Apr/2024:13:18:29 -0300] "POST /cormun/servlet/solicitudot?gx-no-cache=1713197696960 HTTP/1.1" 200 97
190.171.141.114 - - [15/Apr/2024:13:18:29 -0300] "GET /cormun/servlet/solicitudot?ea950387ac868231fbdcb21fe6174fb9d960f0854693462ad227e79b6cd8bc1e505fe09ff4c271b9dca2bccd9cbf2123,gx-no-cache=1713197696984 HTTP/1.1" 200 134
190.171.141.114 - - [15/Apr/2024:13:18:32 -0300] "GET /cormun/static/menuarrow.gif HTTP/1.1" 404 1015
190.171.141.138 - - [15/Apr/2024:13:18:33 -0300] "POST /cormun/servlet/solicitudot?gx-no-cache=1713197700866 HTTP/1.1" 200 30
190.171.141.82 - - [15/Apr/2024:13:18:34 -0300] "GET /cormun/servlet/hlogin HTTP/1.1" 200 1717
190.171.141.138 - - [15/Apr/2024:13:18:37 -0300] "POST /cormun/servlet/solicitudot?gx-no-cache=1713197705162 HTTP/1.1" 200 30
190.171.141.114 - - [15/Apr/2024:13:18:40 -0300] "GET /cormun/servlet/solicitudot?ea950387ac868231fbdcb21fe6174fb99eaafe5f02803fbedadb00c1d7b6d9f3feace8863025831b65e1f10283cbe01b,gx-no-cache=1713197707669 HTTP/1.1" 200 30
190.171.141.114 - - [15/Apr/2024:13:18:40 -0300] "POST /cormun/servlet/solicitudot?gx-no-cache=1713197707710 HTTP/1.1" 200 33
190.171.141.82 - - [15/Apr/2024:13:18:44 -0300] "POST /cormun/servlet/hlogin?794ce227508bbe0712931a6cecb2bbfd,gx-no-cache=1713197712020 HTTP/1.1" 200 90
190.171.141.82 - - [15/Apr/2024:13:18:45 -0300] "GET /cormun/servlet/hpexe_link HTTP/1.1" 200 954
190.171.141.82 - - [15/Apr/2024:13:18:45 -0300] "GET /cormun/servlet/trpermisosgoce HTTP/1.1" 200 10129
181.212.47.136 - - [15/Apr/2024:13:18:46 -0300] "POST /cormun/servlet/solicitudot?gx-no-cache=1713197717512 HTTP/1.1" 200 255
181.212.47.136 - - [15/Apr/2024:13:18:51 -0300] "GET /cormun/servlet/solicitudot?4391073a697aba97400e92b9d5642183b9e5a23fa362354b17c51723b49330abc7df07f810b03036efb2920f717ac73443743fbd7d088dff7270b51641b8853ebbfbd8fb49ef5ac07ef58074ac3c4ba07bc0e5534fe50a81765a5af9cc466b0d6578cf4134c9c0ac57ea90bceda2673d67e25fc2972b12cd43c886439611c7ba9cc7e99b25aee7de940dee26f4800d17a4715b84a983268f81ec97f86c1b9f77da8a5a534e33e1d88ce4691e395c886ee5e62dbcc96eecaaffc3dcf031c0cb099daed146c1a3b45960f29186fb0748be0204c18dd23deb76b3982dacf4de1791c60ac1274e61799a73b0877304a342d35fecf6ae12f3a33c4b2e4f55f66b356ca2b216db12493fcee5e1d19522e2c4c372375ceb2350c79ba5a1e71f30d51930a7a777aa3af16ba9887f97a9a2f7410641616a70d925c9bb8ed5f7478196abd728e560a15302373671c4a9d2bf375a0a806eac8a51d42bced4aca64347287270c4a2db56c42204e7cb1b73b13f7850e3c82f68c08b29b959f47ed84b95308dd0,gx-no-cache=1713197722609 HTTP/1.1" 200 30
181.212.47.136 - - [15/Apr/2024:13:18:56 -0300] "POST /cormun/servlet/solicitudot?gx-no-cache=1713197728224 HTTP/1.1" 200 30
104.211.2.187 - - [15/Apr/2024:13:18:57 -0300] "GET /manager/html HTTP/1.1" 401 2474
190.171.141.138 - - [15/Apr/2024:13:18:59 -0300] "POST /cormun/servlet/solicitudot?gx-no-cache=1713197726369 HTTP/1.1" 200 1481
190.171.141.138 - - [15/Apr/2024:13:18:59 -0300] "POST /cormun/servlet/solicitudot?gx-no-cache=1713197726401 HTTP/1.1" 200 38
190.171.141.82 - - [15/Apr/2024:13:19:10 -0300] "GET /cormun/servlet/permisogoce?INS,0,,, HTTP/1.1" 200 7208
190.171.141.138 - - [15/Apr/2024:13:19:12 -0300] "GET /cormun/servlet/solicitudot?df578cafd37ce0cb990e1fec0130264ddba0dc882b1a80036818bf8a5ebf690cadea25e2b74f490ca4e8c39d6ff6de2d48884d4e021c5d8330e1c646ea162ae10c1f28b9eeff176edca4771bf556863c4b1e358b26a4afce357ae0c0dfcdd4807ea9cdd657127be9ceece595d01b9ebf,gx-no-cache=1713197739958 HTTP/1.1" 200 110
190.171.141.138 - - [15/Apr/2024:13:19:12 -0300] "POST /cormun/servlet/solicitudot?gx-no-cache=1713197739982 HTTP/1.1" 200 110
190.171.141.82 - - [15/Apr/2024:13:19:13 -0300] "GET /cormun/servlet/prfichaempleado?,MD,,gxPopupLevel%3D0%3B HTTP/1.1" 200 9350
190.171.141.82 - - [15/Apr/2024:13:19:17 -0300] "POST /cormun/servlet/prfichaempleado?794ce227508bbe0712931a6cecb2bbfd,,MD,,gxPopupLevel%3D0%3B,gx-no-cache=1713197744036 HTTP/1.1" 200 3162
190.171.141.138 - - [15/Apr/2024:13:19:21 -0300] "GET /cormun/servlet/solicitudot?df578cafd37ce0cb990e1fec0130264d9bdd893de22b2e600203abafcc8aea7935ccf71faad49f6c4c653ccbc087b9d24e3fa66745de0f026ca661f3da5caca0dbc7434483051410f02b8e604d489ded7f6ab9e54198894acb3cd346690a2cf8fdda57fe79783c329b66ccc715222d48,gx-no-cache=1713197748582 HTTP/1.1" 200 29
190.171.141.138 - - [15/Apr/2024:13:19:21 -0300] "GET /cormun/static/menuarrow.gif HTTP/1.1" 404 1015
104.211.2.187 - - [15/Apr/2024:13:19:32 -0300] "GET /manager/html HTTP/1.1" 401 2474
190.171.141.138 - - [15/Apr/2024:13:19:37 -0300] "GET /cormun/servlet/solicitudot?df578cafd37ce0cb990e1fec0130264d7a053794cf5adcaac5939ce5afe7863f02920606695f9696abe3a44bee5bde00,gx-no-cache=1713197764945 HTTP/1.1" 200 30
190.171.141.82 - - [15/Apr/2024:13:19:38 -0300] "GET /cormun/servlet/permisogoce?974a6082ea7fe732fd455d56ff3f415f3a14b434a7761f1c715faa56cd32606d23c27d561b9f9616f78dafa6508d1a7a1127e774451ddeff40973dbc07fc7267,gx-no-cache=1713197765108 HTTP/1.1" 200 82
190.171.141.82 - - [15/Apr/2024:13:19:39 -0300] "GET /cormun/static/menuarrow.gif HTTP/1.1" 404 1015
190.171.141.82 - - [15/Apr/2024:13:19:42 -0300] "GET /cormun/servlet/permisogoce?974a6082ea7fe732fd455d56ff3f415f48665c685006039b96b18922f11ec6d6c534b970ac0df5e2c2c339ed665f6ef0031d7353b832b9a244442906f7517947,gx-no-cache=1713197769179 HTTP/1.1" 200 47
190.171.141.82 - - [15/Apr/2024:13:19:44 -0300] "POST /cormun/servlet/permisogoce?794ce227508bbe0712931a6cecb2bbfd,INS,0,,,,gx-no-cache=1713197771364 HTTP/1.1" 200 93
190.171.141.82 - - [15/Apr/2024:13:19:44 -0300] "GET /cormun/servlet/hpexe_return? HTTP/1.1" 200 1008
190.171.141.82 - - [15/Apr/2024:13:19:45 -0300] "GET /cormun/servlet/trpermisosgoce HTTP/1.1" 200 10401
190.171.141.138 - - [15/Apr/2024:13:19:46 -0300] "POST /cormun/servlet/solicitudot?gx-no-cache=1713197773330 HTTP/1.1" 200 30
190.171.141.82 - - [15/Apr/2024:13:19:47 -0300] "GET /cormun/servlet/apermisogoceprn?13343984,P,20240415121541,PU HTTP/1.1" 200 1658
181.212.47.136 - - [15/Apr/2024:13:19:48 -0300] "POST /cormun/servlet/solicitudot?gx-no-cache=1713197779775 HTTP/1.1" 200 239
181.212.47.136 - - [15/Apr/2024:13:19:49 -0300] "GET /cormun/servlet/solicitudot?4391073a697aba97400e92b9d5642183b9e5a23fa362354b17c51723b49330ab2662e6393831091fa7eceea6ac74165943743fbd7d088dff7270b51641b8853ebbfbd8fb49ef5ac07ef58074ac3c4ba07bc0e5534fe50a81765a5af9cc466b0d6578cf4134c9c0ac57ea90bceda2673d67e25fc2972b12cd43c886439611c7ba9cc7e99b25aee7de940dee26f4800d17a4715b84a983268f81ec97f86c1b9f77da8a5a534e33e1d88ce4691e395c886ee5e62dbcc96eecaaffc3dcf031c0cb099daed146c1a3b45960f29186fb0748be0204c18dd23deb76b3982dacf4de1791c60ac1274e61799a73b0877304a342d35fecf6ae12f3a33c4b2e4f55f66b356ca2b216db12493fcee5e1d19522e2c4c377cd25359366623b551eb68be1aa8d1cdc9031c7b7bc2782046e78e498a8834741b696a0aab1a1c8b74dbb1ce7d964cf62fde70a3f7f58436bda7d919b70dc65f7ffe94e2f1b233d43cab7f8e5cf6f7f178451f29ff2b3e757e65abfe6d03ef108340ab9bd72a07b76f2cd6290de4b34,gx-no-cache=1713197780386 HTTP/1.1" 200 30
190.171.141.138 - - [15/Apr/2024:13:19:49 -0300] "GET /cormun/servlet/prfichaempleado?,MD,,gxPopupLevel%3D0%3B HTTP/1.1" 200 9514
190.171.141.138 - - [15/Apr/2024:13:19:49 -0300] "GET /cormun/static/gxcfg.js?20201215571085 HTTP/1.1" 200 953
190.171.141.138 - - [15/Apr/2024:13:19:49 -0300] "GET /cormun/static/prfichaempleado.js?20201215572193 HTTP/1.1" 200 16005
181.212.47.136 - - [15/Apr/2024:13:19:53 -0300] "POST /cormun/servlet/solicitudot?gx-no-cache=1713197784767 HTTP/1.1" 200 256
190.171.141.138 - - [15/Apr/2024:13:19:58 -0300] "POST /cormun/servlet/prfichaempleado?0aa311236c778d7b443cc2f44b184a35,,MD,,gxPopupLevel%3D0%3B,gx-no-cache=1713197785428 HTTP/1.1" 200 3598
190.171.141.82 - - [15/Apr/2024:13:20:01 -0300] "GET /cormun/servlet/trlicencias? HTTP/1.1" 200 11846
190.171.141.138 - - [15/Apr/2024:13:20:05 -0300] "GET /cormun/servlet/prlicenciaspermisos?13502259,L,,MD,,gxPopupLevel%3D0%3B HTTP/1.1" 200 6873
190.171.141.138 - - [15/Apr/2024:13:20:05 -0300] "GET /cormun/static/gxcfg.js?2020121559567 HTTP/1.1" 200 953
190.171.141.138 - - [15/Apr/2024:13:20:05 -0300] "GET /cormun/static/prlicenciaspermisos.js?2020121559821 HTTP/1.1" 200 13379
104.211.2.187 - - [15/Apr/2024:13:20:08 -0300] "GET /manager/html HTTP/1.1" 401 2474
181.212.47.136 - - [15/Apr/2024:13:20:17 -0300] "GET /cormun/servlet/prcontratosol?16934676,,,,,MD,,gxPopupLevel%3D0%3B HTTP/1.1" 200 8421
181.212.47.136 - - [15/Apr/2024:13:20:18 -0300] "GET /cormun/static/gxcfg.js?202211298464198 HTTP/1.1" 200 953
181.212.47.136 - - [15/Apr/2024:13:20:18 -0300] "GET /cormun/static/prcontratosol.js?202211298464288 HTTP/1.1" 200 15806
181.212.47.136 - - [15/Apr/2024:13:20:19 -0300] "POST /cormun/servlet/acontrolpreferencessavestate?None,PJARA,true HTTP/1.1" 200 35
181.212.47.136 - - [15/Apr/2024:13:20:25 -0300] "GET /cormun/servlet/solicitudot?4391073a697aba97400e92b9d5642183b9e5a23fa362354b17c51723b49330abc7df07f810b03036efb2920f717ac73443743fbd7d088dff7270b51641b8853ebbfbd8fb49ef5ac07ef58074ac3c4ba07bc0e5534fe50a81765a5af9cc466b0d6578cf4134c9c0ac57ea90bceda2673d67e25fc2972b12cd43c886439611c7ba9cc7e99b25aee7de940dee26f4800d17a4715b84a983268f81ec97f86c1b9f77da8a5a534e33e1d88ce4691e395c886ee5e62dbcc96eecaaffc3dcf031c0cb099daed146c1a3b45960f29186fb0748be0204c18dd23deb76b3982dacf4de1791c60ac1274e61799a73b0877304a342d35fecf6ae12f3a33c4b2e4f55f66b356ca2b216db12493fcee5e1d19522e2c4c372375ceb2350c79ba5a1e71f30d51930a7a777aa3af16ba9887f97a9a2f7410641616a70d925c9bb8ed5f7478196abd728e560a15302373671c4a9d2bf375a0a806eac8a51d42bced4aca64347287270c4a2db56c42204e7cb1b73b13f7850e3c9cf219c5a10a9775fce029f26186f2a,gx-no-cache=1713197816618 HTTP/1.1" 200 30
181.212.47.136 - - [15/Apr/2024:13:20:25 -0300] "POST /cormun/servlet/solicitudot?gx-no-cache=1713197816635 HTTP/1.1" 200 30
181.212.47.136 - - [15/Apr/2024:13:20:25 -0300] "POST /cormun/servlet/solicitudot?gx-no-cache=1713197816653 HTTP/1.1" 200 1563
181.212.47.136 - - [15/Apr/2024:13:20:25 -0300] "GET /cormun/static/Shared/jqueryui/images/ui-bg_highlight-soft_100_c6c2c8_1x100.png HTTP/1.1" 404 1117
181.212.47.136 - - [15/Apr/2024:13:20:25 -0300] "GET /cormun/static/Shared/jqueryui/images/ui-icons_82798d_256x240.png HTTP/1.1" 404 1089
181.212.47.136 - - [15/Apr/2024:13:20:25 -0300] "GET /cormun/static/Shared/jqueryui/images/ui-bg_flat_55_994d53_40x100.png HTTP/1.1" 404 1097
181.212.47.136 - - [15/Apr/2024:13:20:25 -0300] "GET /cormun/static/Shared/jqueryui/images/ui-icons_ebccce_256x240.png HTTP/1.1" 404 1089
181.212.47.136 - - [15/Apr/2024:13:20:25 -0300] "POST /cormun/servlet/solicitudot?gx-no-cache=1713197816685 HTTP/1.1" 200 117
181.212.47.136 - - [15/Apr/2024:13:20:25 -0300] "GET /cormun/servlet/solicitudot?4391073a697aba97400e92b9d56421830e6f776862f2d0488299cb7fd708dcff1e1dc61a9b5bbba5c473c887de1d3aab99556afbbcb5d5eb06088092ed2f1c27aa81b62c4c0ac7417fc4a4b670f128d6e66f507a14bb65dadde9dfb4684c3767b40f66e51df7ffd26f852e9a7ce372b9,gx-no-cache=1713197816703 HTTP/1.1" 200 110
181.212.47.136 - - [15/Apr/2024:13:20:25 -0300] "POST /cormun/servlet/solicitudot?gx-no-cache=1713197816734 HTTP/1.1" 200 64
181.212.47.136 - - [15/Apr/2024:13:20:25 -0300] "GET /cormun/servlet/solicitudot?4391073a697aba97400e92b9d5642183ddc9d65f411c11a438c330f1f702fa5ae7c27a4458e8784f433eb6861fdefd48df60215818bcd5c126c831c39894e64a17bec3bb83b915048cab0e2be0ed7c7dcf641e43101b5310308b558d99d8d412a91ea622f45fd9a7b8e70481a01d8703,gx-no-cache=1713197816767 HTTP/1.1" 200 29
181.212.47.136 - - [15/Apr/2024:13:20:25 -0300] "GET /cormun/servlet/solicitudot?4391073a697aba97400e92b9d5642183b708cb27cbec17f03cb25375da2fc08896e10a8a24a5449e278af9eaebfa63fe,gx-no-cache=1713197816791 HTTP/1.1" 200 134
190.171.141.138 - - [15/Apr/2024:13:20:26 -0300] "POST /cormun/servlet/solicitudot?gx-no-cache=1713197813857 HTTP/1.1" 200 1482
104.211.2.187 - - [15/Apr/2024:13:20:45 -0300] "GET /manager/html HTTP/1.1" 401 2474
181.212.47.136 - - [15/Apr/2024:13:20:47 -0300] "GET /cormun/servlet/prcontratosol?16934676,,,,,MD,,gxPopupLevel%3D0%3B HTTP/1.1" 200 8428
181.212.47.136 - - [15/Apr/2024:13:20:49 -0300] "POST /cormun/servlet/solicitudot?gx-no-cache=1713197841338 HTTP/1.1" 200 1563
181.212.47.136 - - [15/Apr/2024:13:20:50 -0300] "POST /cormun/servlet/solicitudot?gx-no-cache=1713197841367 HTTP/1.1" 200 121
181.212.47.136 - - [15/Apr/2024:13:20:50 -0300] "GET /cormun/servlet/solicitudot?4391073a697aba97400e92b9d56421830e6f776862f2d0488299cb7fd708dcff1e1dc61a9b5bbba5c473c887de1d3aab99556afbbcb5d5eb06088092ed2f1c27aa81b62c4c0ac7417fc4a4b670f128d6e66f507a14bb65dadde9dfb4684c3767b40f66e51df7ffd26f852e9a7ce372b9,gx-no-cache=1713197841386 HTTP/1.1" 200 110
181.212.47.136 - - [15/Apr/2024:13:20:50 -0300] "GET /cormun/servlet/solicitudot?4391073a697aba97400e92b9d5642183b708cb27cbec17f03cb25375da2fc08896e10a8a24a5449e278af9eaebfa63fe,gx-no-cache=1713197841406 HTTP/1.1" 200 134
190.171.141.138 - - [15/Apr/2024:13:20:58 -0300] "POST /cormun/servlet/solicitudot?gx-no-cache=1713197845314 HTTP/1.1" 200 41
190.171.141.138 - - [15/Apr/2024:13:20:58 -0300] "GET /cormun/servlet/solicitudot?df578cafd37ce0cb990e1fec0130264ddba0dc882b1a80036818bf8a5ebf690cadea25e2b74f490ca4e8c39d6ff6de2d48884d4e021c5d8330e1c646ea162ae10c1f28b9eeff176edca4771bf556863c4b1e358b26a4afce357ae0c0dfcdd4807ea9cdd657127be9ceece595d01b9ebf,gx-no-cache=1713197845342 HTTP/1.1" 200 110
190.171.141.138 - - [15/Apr/2024:13:20:58 -0300] "POST /cormun/servlet/solicitudot?gx-no-cache=1713197845361 HTTP/1.1" 200 109
181.212.47.136 - - [15/Apr/2024:13:20:59 -0300] "GET /cormun/servlet/prfichaempleado?,MD,,gxPopupLevel%3D0%3B HTTP/1.1" 200 9065
190.171.141.138 - - [15/Apr/2024:13:21:14 -0300] "GET /cormun/servlet/solicitudot?df578cafd37ce0cb990e1fec0130264ddba0dc882b1a80036818bf8a5ebf690cadea25e2b74f490ca4e8c39d6ff6de2d48884d4e021c5d8330e1c646ea162ae10c1f28b9eeff176edca4771bf556863c4b1e358b26a4afce357ae0c0dfcdd4807ea9cdd657127be9ceece595d01b9ebf,gx-no-cache=1713197861258 HTTP/1.1" 200 110
190.171.141.138 - - [15/Apr/2024:13:21:14 -0300] "POST /cormun/servlet/solicitudot?gx-no-cache=1713197861276 HTTP/1.1" 200 34
181.212.47.136 - - [15/Apr/2024:13:21:19 -0300] "POST /cormun/servlet/prfichaempleado?69d8c0d31766654f607ddc05c9ed1226,,MD,,gxPopupLevel%3D0%3B,gx-no-cache=1713197871240 HTTP/1.1" 200 3408
104.211.2.187 - - [15/Apr/2024:13:21:21 -0300] "GET /manager/html HTTP/1.1" 401 2474
190.171.141.138 - - [15/Apr/2024:13:21:22 -0300] "POST /cormun/servlet/solicitudot?0aa311236c778d7b443cc2f44b184a35,INS,0,0,false,,gx-no-cache=1713197869044 HTTP/1.1" 200 93
190.171.141.138 - - [15/Apr/2024:13:21:22 -0300] "GET /cormun/servlet/hpexe_return? HTTP/1.1" 200 1004
190.171.141.138 - - [15/Apr/2024:13:21:22 -0300] "GET /cormun/servlet/trsolicitudot HTTP/1.1" 200 9012
190.171.141.114 - - [15/Apr/2024:13:21:23 -0300] "GET /cormun/servlet/solicitudot?ea950387ac868231fbdcb21fe6174fb94b86e7ba1c06e8d2591e61c35ba7d11874b61b3d8f69d462c6729bd10e3c0be5a0c26d2746df10fd7b468046a906a49a6a416de39b1358700c4edf5a4511c858226c31f835b4b29b654625e09623c97a37a4b7cc40eb56277190f2ae5d6fcdf1,gx-no-cache=1713197871181 HTTP/1.1" 200 110
181.212.47.136 - - [15/Apr/2024:13:21:24 -0300] "POST /cormun/servlet/solicitudot?gx-no-cache=1713197875485 HTTP/1.1" 200 1481
190.171.141.138 - - [15/Apr/2024:13:21:27 -0300] "POST /cormun/servlet/trsolicitudot?0aa311236c778d7b443cc2f44b184a35,gx-no-cache=1713197874846 HTTP/1.1" 200 4613
190.171.141.138 - - [15/Apr/2024:13:21:27 -0300] "GET /cormun/static/Shared/jqueryui/images/ui-icons_82798d_256x240.png HTTP/1.1" 404 1089
190.171.141.138 - - [15/Apr/2024:13:21:27 -0300] "GET /cormun/static/Shared/jqueryui/images/ui-bg_highlight-soft_100_c6c2c8_1x100.png HTTP/1.1" 404 1117
190.171.141.138 - - [15/Apr/2024:13:21:27 -0300] "GET /cormun/static/Shared/jqueryui/images/ui-icons_8d78a5_256x240.png HTTP/1.1" 404 1089
190.171.141.138 - - [15/Apr/2024:13:21:27 -0300] "GET /cormun/static/Shared/jqueryui/images/ui-bg_flat_55_fafafa_40x100.png HTTP/1.1" 404 1097
190.171.141.138 - - [15/Apr/2024:13:21:27 -0300] "POST /cormun/servlet/trsolicitudot?0aa311236c778d7b443cc2f44b184a35,gx-no-cache=1713197874945 HTTP/1.1" 200 4351
181.212.47.136 - - [15/Apr/2024:13:21:28 -0300] "GET /cormun/servlet/prlicenciaspermisos?13568596,L,,MD,,gxPopupLevel%3D0%3B HTTP/1.1" 200 6092
181.212.47.136 - - [15/Apr/2024:13:21:28 -0300] "GET /cormun/static/gxcfg.js?2020121559567 HTTP/1.1" 200 953
181.212.47.136 - - [15/Apr/2024:13:21:28 -0300] "GET /cormun/static/prlicenciaspermisos.js?2020121559821 HTTP/1.1" 200 13379
181.212.47.136 - - [15/Apr/2024:13:21:29 -0300] "POST /cormun/servlet/acontrolpreferencessavestate?None,PJARA,true HTTP/1.1" 200 35
190.171.141.138 - - [15/Apr/2024:13:21:31 -0300] "GET /cormun/servlet/trsolicitudot? HTTP/1.1" 200 7518
190.171.141.138 - - [15/Apr/2024:13:21:36 -0300] "GET /cormun/servlet/trautorizarsolicitud? HTTP/1.1" 200 9027
190.171.141.138 - - [15/Apr/2024:13:21:41 -0300] "POST /cormun/servlet/trlicencias?829afba6874324a19dde9bf559da1b4c,,gx-no-cache=1713197888004 HTTP/1.1" 200 10842
190.171.141.138 - - [15/Apr/2024:13:21:43 -0300] "POST /cormun/servlet/trlicencias?829afba6874324a19dde9bf559da1b4c,,gx-no-cache=1713197890459 HTTP/1.1" 200 10842
190.171.141.138 - - [15/Apr/2024:13:21:46 -0300] "POST /cormun/servlet/trlicencias?829afba6874324a19dde9bf559da1b4c,,gx-no-cache=1713197893267 HTTP/1.1" 200 10842
104.211.2.187 - - [15/Apr/2024:13:21:58 -0300] "GET /manager/html HTTP/1.1" 401 2474
190.171.141.114 - - [15/Apr/2024:13:22:06 -0300] "GET /cormun/servlet/solicitudot?ea950387ac868231fbdcb21fe6174fb99eaafe5f02803fbedadb00c1d7b6d9f3feace8863025831b65e1f10283cbe01b,gx-no-cache=1713197913276 HTTP/1.1" 200 30
190.171.141.114 - - [15/Apr/2024:13:22:06 -0300] "POST /cormun/servlet/solicitudot?gx-no-cache=1713197913312 HTTP/1.1" 200 33
104.211.2.187 - - [15/Apr/2024:13:22:35 -0300] "GET /manager/html HTTP/1.1" 401 2474
190.171.153.26 - - [15/Apr/2024:13:22:40 -0300] "GET /cormun/servlet/hlogin HTTP/1.1" 200 1729
181.212.47.136 - - [15/Apr/2024:13:22:42 -0300] "POST /cormun/servlet/solicitudot?gx-no-cache=1713197953908 HTTP/1.1" 200 41
181.212.47.136 - - [15/Apr/2024:13:22:42 -0300] "GET /cormun/servlet/solicitudot?4391073a697aba97400e92b9d56421830e6f776862f2d0488299cb7fd708dcff1e1dc61a9b5bbba5c473c887de1d3aab99556afbbcb5d5eb06088092ed2f1c27aa81b62c4c0ac7417fc4a4b670f128d6e66f507a14bb65dadde9dfb4684c3767b40f66e51df7ffd26f852e9a7ce372b9,gx-no-cache=1713197953933 HTTP/1.1" 200 110
181.212.47.136 - - [15/Apr/2024:13:22:42 -0300] "POST /cormun/servlet/solicitudot?gx-no-cache=1713197953971 HTTP/1.1" 200 97
190.171.153.26 - - [15/Apr/2024:13:22:44 -0300] "GET /cormun/servlet/hlogin HTTP/1.1" 200 1739
181.212.47.136 - - [15/Apr/2024:13:22:56 -0300] "GET /cormun/servlet/prlicenciaspermisos?13568596,L,,MD,,gxPopupLevel%3D0%3B HTTP/1.1" 200 6097
190.171.153.26 - - [15/Apr/2024:13:23:01 -0300] "POST /cormun/servlet/hlogin?8ba3d41b928ee979106d95fe1fc59423,gx-no-cache=1713197968761 HTTP/1.1" 200 90
190.171.153.26 - - [15/Apr/2024:13:23:01 -0300] "GET /cormun/servlet/hpexe_link HTTP/1.1" 200 957
190.171.153.26 - - [15/Apr/2024:13:23:02 -0300] "GET /cormun/servlet/hhome HTTP/1.1" 200 3978
190.171.153.26 - - [15/Apr/2024:13:23:03 -0300] "GET /cormun/servlet/hhome HTTP/1.1" 200 3975
181.212.47.136 - - [15/Apr/2024:13:23:04 -0300] "POST /cormun/servlet/solicitudot?gx-no-cache=1713197976170 HTTP/1.1" 200 41
181.212.47.136 - - [15/Apr/2024:13:23:04 -0300] "GET /cormun/servlet/solicitudot?4391073a697aba97400e92b9d56421830e6f776862f2d0488299cb7fd708dcff1e1dc61a9b5bbba5c473c887de1d3aab99556afbbcb5d5eb06088092ed2f1c27aa81b62c4c0ac7417fc4a4b670f128d6e66f507a14bb65dadde9dfb4684c3767b40f66e51df7ffd26f852e9a7ce372b9,gx-no-cache=1713197976186 HTTP/1.1" 200 110
190.171.141.114 - - [15/Apr/2024:13:23:07 -0300] "POST /cormun/servlet/solicitudot?gx-no-cache=1713197974843 HTTP/1.1" 200 72
104.211.2.187 - - [15/Apr/2024:13:23:11 -0300] "GET /manager/html HTTP/1.1" 401 2474
190.171.153.26 - - [15/Apr/2024:13:23:12 -0300] "GET /cormun/servlet/trlicencias? HTTP/1.1" 200 9418
190.171.153.26 - - [15/Apr/2024:13:23:13 -0300] "GET /cormun/servlet/trlicencias? HTTP/1.1" 200 9415
181.212.47.136 - - [15/Apr/2024:13:23:17 -0300] "GET /cormun/servlet/prlicenciaspermisos?13568596,L,,MD,,gxPopupLevel%3D0%3B HTTP/1.1" 200 6097
181.212.47.136 - - [15/Apr/2024:13:23:21 -0300] "POST /cormun/servlet/solicitudot?gx-no-cache=1713197993058 HTTP/1.1" 200 41
181.212.47.136 - - [15/Apr/2024:13:23:21 -0300] "GET /cormun/servlet/solicitudot?4391073a697aba97400e92b9d56421830e6f776862f2d0488299cb7fd708dcff1e1dc61a9b5bbba5c473c887de1d3aab99556afbbcb5d5eb06088092ed2f1c27aa81b62c4c0ac7417fc4a4b670f128d6e66f507a14bb65dadde9dfb4684c3767b40f66e51df7ffd26f852e9a7ce372b9,gx-no-cache=1713197993075 HTTP/1.1" 200 110
181.212.47.136 - - [15/Apr/2024:13:23:21 -0300] "GET /cormun/servlet/solicitudot?4391073a697aba97400e92b9d5642183d8688c80cba72fceb5d9f333a97cf54dbeb5edd202eaba7cfee733d5d05ab9e1,gx-no-cache=1713197993095 HTTP/1.1" 200 30
190.171.141.114 - - [15/Apr/2024:13:23:27 -0300] "GET /cormun/servlet/solicitudot?ea950387ac868231fbdcb21fe6174fb99eaafe5f02803fbedadb00c1d7b6d9f3feace8863025831b65e1f10283cbe01b,gx-no-cache=1713197994836 HTTP/1.1" 200 30
190.171.141.114 - - [15/Apr/2024:13:23:27 -0300] "POST /cormun/servlet/solicitudot?gx-no-cache=1713197994862 HTTP/1.1" 200 33
190.171.141.114 - - [15/Apr/2024:13:23:28 -0300] "POST /cormun/servlet/solicitudot?7ac2b1aec1d2680da96b78b3b6ecf5e9,INS,0,0,false,,gx-no-cache=1713197994925 HTTP/1.1" 200 93
190.171.141.114 - - [15/Apr/2024:13:23:28 -0300] "GET /cormun/servlet/hpexe_return? HTTP/1.1" 200 1008
190.171.141.114 - - [15/Apr/2024:13:23:28 -0300] "GET /cormun/servlet/trsolicitudot HTTP/1.1" 200 8939
104.211.2.187 - - [15/Apr/2024:13:23:48 -0300] "GET /manager/html HTTP/1.1" 401 2474
181.212.47.136 - - [15/Apr/2024:13:23:52 -0300] "POST /cormun/servlet/solicitudot?gx-no-cache=1713198024073 HTTP/1.1" 200 32
181.212.47.136 - - [15/Apr/2024:13:23:53 -0300] "POST /cormun/servlet/solicitudot?69d8c0d31766654f607ddc05c9ed1226,INS,0,0,false,,gx-no-cache=1713198024168 HTTP/1.1" 200 93
181.212.47.136 - - [15/Apr/2024:13:23:53 -0300] "GET /cormun/servlet/hpexe_return? HTTP/1.1" 200 1010
181.212.47.136 - - [15/Apr/2024:13:23:53 -0300] "GET /cormun/servlet/trsolicitudot HTTP/1.1" 200 8735
181.212.40.185 - - [15/Apr/2024:13:24:10 -0300] "POST /cormun/servlet/trlicencias?fe6092bd4f91f3a631e52cf83e53c2e3,gx-no-cache=1713198037445 HTTP/1.1" 440 972
181.212.40.185 - - [15/Apr/2024:13:24:12 -0300] "GET /cormun/servlet/trlicencias HTTP/1.1" 200 6044
181.212.40.185 - - [15/Apr/2024:13:24:12 -0300] "GET /cormun/servlet/hlogin HTTP/1.1" 200 1732
181.212.47.136 - - [15/Apr/2024:13:24:16 -0300] "GET /cormun/servlet/trlicencias? HTTP/1.1" 200 13527
181.212.47.136 - - [15/Apr/2024:13:24:16 -0300] "GET /cormun/static/gxcfg.js?202211298463625 HTTP/1.1" 200 953
181.212.47.136 - - [15/Apr/2024:13:24:16 -0300] "GET /cormun/static/trlicencias.js?202211298463889 HTTP/1.1" 200 41883
181.212.47.136 - - [15/Apr/2024:13:24:16 -0300] "GET /cormun//static/Resources/PXToolsActionDisabled.gif HTTP/1.1" 200 53
181.212.47.136 - - [15/Apr/2024:13:24:16 -0300] "GET /cormun//static/Resources/PXToolsGridDisplay.png HTTP/1.1" 200 525
181.212.47.136 - - [15/Apr/2024:13:24:16 -0300] "GET /cormun//static/Resources/PXToolsHeaderFavorites.png HTTP/1.1" 200 1414
181.212.47.136 - - [15/Apr/2024:13:24:16 -0300] "GET /cormun//static/Resources/PXToolsActionPrint.png HTTP/1.1" 200 404
181.212.47.136 - - [15/Apr/2024:13:24:16 -0300] "GET /cormun//static/Resources/PXToolsHeaderHelp.png HTTP/1.1" 200 1333
181.212.47.136 - - [15/Apr/2024:13:24:17 -0300] "POST /cormun/servlet/acontrolpreferencessavestate?None,PJARA,true HTTP/1.1" 200 35
104.211.2.187 - - [15/Apr/2024:13:24:24 -0300] "GET /manager/html HTTP/1.1" 401 2474
190.171.141.138 - - [15/Apr/2024:13:24:47 -0300] "POST /cormun/servlet/trautorizarsolicitud?0aa311236c778d7b443cc2f44b184a35,,gx-no-cache=1713198074428 HTTP/1.1" 200 4805
190.171.141.138 - - [15/Apr/2024:13:24:47 -0300] "GET /cormun/static/Shared/jqueryui/images/ui-bg_highlight-soft_100_c6c2c8_1x100.png HTTP/1.1" 404 1117
190.171.141.138 - - [15/Apr/2024:13:24:47 -0300] "GET /cormun/static/Shared/jqueryui/images/ui-bg_flat_55_fafafa_40x100.png HTTP/1.1" 404 1097
190.171.141.138 - - [15/Apr/2024:13:24:47 -0300] "GET /cormun/static/Shared/jqueryui/images/ui-icons_8d78a5_256x240.png HTTP/1.1" 404 1089
190.171.141.138 - - [15/Apr/2024:13:24:47 -0300] "GET /cormun/static/Shared/jqueryui/images/ui-icons_82798d_256x240.png HTTP/1.1" 404 1089
190.171.141.138 - - [15/Apr/2024:13:24:47 -0300] "POST /cormun/servlet/trautorizarsolicitud?0aa311236c778d7b443cc2f44b184a35,,gx-no-cache=1713198074557 HTTP/1.1" 200 4544
104.211.2.187 - - [15/Apr/2024:13:25:00 -0300] "GET /manager/html HTTP/1.1" 401 2474
181.212.40.185 - - [15/Apr/2024:13:25:12 -0300] "POST /cormun/servlet/hlogin?290f2ea51bb7b6ee96793bfd617b5546,gx-no-cache=1713198099462 HTTP/1.1" 200 90
181.212.40.185 - - [15/Apr/2024:13:25:12 -0300] "GET /cormun/servlet/hpexe_link HTTP/1.1" 200 951
181.212.40.185 - - [15/Apr/2024:13:25:12 -0300] "GET /cormun/servlet/trlicencias HTTP/1.1" 200 15440
181.212.47.136 - - [15/Apr/2024:13:25:29 -0300] "POST /cormun/servlet/trlicencias?69d8c0d31766654f607ddc05c9ed1226,,gx-no-cache=1713198120601 HTTP/1.1" 200 11539
104.211.2.187 - - [15/Apr/2024:13:25:36 -0300] "GET /manager/html HTTP/1.1" 401 2474
181.212.47.136 - - [15/Apr/2024:13:25:39 -0300] "GET /cormun/servlet/trsolicitudot? HTTP/1.1" 200 8736
104.211.2.187 - - [15/Apr/2024:13:26:12 -0300] "GET /manager/html HTTP/1.1" 401 2474
104.211.2.187 - - [15/Apr/2024:13:26:47 -0300] "GET /manager/html HTTP/1.1" 401 2474
104.211.2.187 - - [15/Apr/2024:13:27:22 -0300] "GET /manager/html HTTP/1.1" 401 2474
190.171.141.114 - - [15/Apr/2024:13:27:41 -0300] "GET /cormun/servlet/hhome HTTP/1.1" 200 3326
190.171.141.114 - - [15/Apr/2024:13:27:42 -0300] "GET /cormun/servlet/hlogin HTTP/1.1" 200 1736
190.171.141.114 - - [15/Apr/2024:13:27:46 -0300] "POST /cormun/servlet/hlogin?944fa9c4d677591d850a0523ef120afb,gx-no-cache=1713198253883 HTTP/1.1" 200 90
190.171.141.114 - - [15/Apr/2024:13:27:46 -0300] "GET /cormun/servlet/hpexe_link HTTP/1.1" 200 955
190.171.141.114 - - [15/Apr/2024:13:27:47 -0300] "GET /cormun/servlet/hhome HTTP/1.1" 200 4009
190.171.141.114 - - [15/Apr/2024:13:27:52 -0300] "GET /cormun/servlet/trsolicitudot? HTTP/1.1" 200 8632
190.171.141.114 - - [15/Apr/2024:13:27:55 -0300] "GET /cormun/servlet/solicitudot?INS,0,0,false, HTTP/1.1" 200 15997
104.211.2.187 - - [15/Apr/2024:13:27:58 -0300] "GET /manager/html HTTP/1.1" 401 2474
190.171.141.114 - - [15/Apr/2024:13:28:32 -0300] "POST /cormun/servlet/solicitudot?gx-no-cache=1713198299699 HTTP/1.1" 200 4134
190.171.141.114 - - [15/Apr/2024:13:28:32 -0300] "POST /cormun/servlet/solicitudot?944fa9c4d677591d850a0523ef120afb,INS,0,0,false,,gx-no-cache=1713198300034 HTTP/1.1" 200 12711
104.211.2.187 - - [15/Apr/2024:13:28:33 -0300] "GET /manager/html HTTP/1.1" 401 2474
190.171.141.114 - - [15/Apr/2024:13:28:40 -0300] "GET /cormun/servlet/solicitudot?c56a3a8f9eb0c96f6231b00195d2b8038d98a150eb81d4032377b805c57a808044740a60c8d963e5cc954b06cb64dbd7,gx-no-cache=1713198307460 HTTP/1.1" 200 30
190.171.141.114 - - [15/Apr/2024:13:28:40 -0300] "GET /cormun/servlet/solicitudot?c56a3a8f9eb0c96f6231b00195d2b80309c353e4b3c6b00ecfdabe89bd03952f417fe7400fa00ce28d35fc8e8be39f01e58bcc9aeec6a4b38acf220472ff36aa,gx-no-cache=1713198307526 HTTP/1.1" 200 103
190.171.141.114 - - [15/Apr/2024:13:28:40 -0300] "GET /cormun/static/Shared/jqueryui/images/ui-bg_highlight-soft_100_c6c2c8_1x100.png HTTP/1.1" 404 1117
190.171.141.114 - - [15/Apr/2024:13:28:40 -0300] "GET /cormun/servlet/solicitudot?c56a3a8f9eb0c96f6231b00195d2b8036337f058390c4cee06ae78ebcde3ad7e,gx-no-cache=1713198307620 HTTP/1.1" 200 51
190.171.141.114 - - [15/Apr/2024:13:28:40 -0300] "GET /cormun/static/Shared/jqueryui/images/ui-icons_82798d_256x240.png HTTP/1.1" 404 1089
190.171.141.114 - - [15/Apr/2024:13:28:40 -0300] "GET /cormun/static/Shared/jqueryui/images/ui-icons_ebccce_256x240.png HTTP/1.1" 404 1089
190.171.141.114 - - [15/Apr/2024:13:28:40 -0300] "GET /cormun/static/Shared/jqueryui/images/ui-bg_flat_55_994d53_40x100.png HTTP/1.1" 404 1097
190.171.141.114 - - [15/Apr/2024:13:28:40 -0300] "POST /cormun/servlet/solicitudot?gx-no-cache=1713198307729 HTTP/1.1" 200 255
190.171.141.114 - - [15/Apr/2024:13:28:40 -0300] "GET /cormun/servlet/solicitudot?c56a3a8f9eb0c96f6231b00195d2b80387fdabaea91aeb9304b8d9d5d2f1296c43e3037996e52cd5a3053ca0070c9947b619c5fb456c6030fef192c86f68ab37be290a2bfb5ad9b20eb24ce8744a218e37b81e437785666aac2b5e19d4c58e291cc0ed3f54b4cdad161a96b16b9ac99e533b4e8d80a6a340edae140351c8a0ae553e3db269eeeb5f53b4f72589739bf0533f0cdc65b891dd5837144c614107d3baf0f57ae1d7f88dc3622b8fe86914ed0c7ed09138e9e5eba97241f530a0159effecf1b5e9320d2cc85b9a9a8811a1163c45926ab86f00a6958231094975cdd123f335e4765300cdd6f624d7d9613ff8756e2e802f1982846d718eff20c858a98acfbab1cc05d40c7c46e8342dbe78e2ccb38039b42c260ebc693bfc1be88f5146146558d473b63c6169054b43cee97a2efc754610790f690b3252bf7c4e3897696b3c084b25e01f7e823a4c0d9ad5c7394005430575d53242510c9bb9736d02ae0f5a374b361a6f1a3d9a3c2171d78d39b1f22bdfcaf1e7b4030687dfd69f73,gx-no-cache=1713198307832 HTTP/1.1" 200 30
190.171.141.114 - - [15/Apr/2024:13:28:45 -0300] "POST /cormun/servlet/solicitudot?gx-no-cache=1713198312634 HTTP/1.1" 200 30
190.171.141.114 - - [15/Apr/2024:13:28:47 -0300] "GET /cormun/servlet/prcontratosol?15125673,,,,,MD,,gxPopupLevel%3D0%3B HTTP/1.1" 200 8953
190.171.141.114 - - [15/Apr/2024:13:28:49 -0300] "POST /cormun/servlet/solicitudot?gx-no-cache=1713198316866 HTTP/1.1" 200 1481
190.171.141.114 - - [15/Apr/2024:13:28:49 -0300] "POST /cormun/servlet/solicitudot?gx-no-cache=1713198316961 HTTP/1.1" 200 38
190.171.141.114 - - [15/Apr/2024:13:28:49 -0300] "GET /cormun/servlet/solicitudot?c56a3a8f9eb0c96f6231b00195d2b803e3c5610b14dfe0c799c321f75b5e7a74f58c65527acd170596ba80f328f401908627055c76024f78921f35bcd6dae84da228d170554f57a1b580bc02132f620d9581bca65e5f0a74b826ff28a7e81d95d7fc856bc9cfad2de85f96b67bfd127a,gx-no-cache=1713198317042 HTTP/1.1" 200 110
190.171.141.114 - - [15/Apr/2024:13:28:49 -0300] "POST /cormun/servlet/solicitudot?gx-no-cache=1713198317114 HTTP/1.1" 200 97
190.171.141.114 - - [15/Apr/2024:13:28:50 -0300] "GET /cormun/servlet/solicitudot?c56a3a8f9eb0c96f6231b00195d2b8036eaaf8ff3703f4795d854e63678aa2ec589db6456619cc6215fd13bbb2aa9bb3cf0abd9d1f8771690f0635c36aa912965b47dedb02bd5300e02599761f5af5309e9f46dd548902f23b58a0ca24f13513f9f39e0d7a166bdac7e00e47f0faf33305efd874e809e2bf9525b2692895c614068bd18fa7a999bc490b024645288638aa1209f91039bc5d104ef78d5ef8574d,gx-no-cache=1713198317205 HTTP/1.1" 200 29
190.171.141.114 - - [15/Apr/2024:13:28:50 -0300] "GET /cormun/servlet/solicitudot?c56a3a8f9eb0c96f6231b00195d2b803ef4600390b6666de834d85ac84f0f0064a4fa3b4503ebdea0240f98a15d16201,gx-no-cache=1713198317272 HTTP/1.1" 200 134
190.171.141.114 - - [15/Apr/2024:13:29:06 -0300] "GET /cormun/static/menuarrow.gif HTTP/1.1" 404 1015
104.211.2.187 - - [15/Apr/2024:13:29:09 -0300] "GET /manager/html HTTP/1.1" 401 2474
104.211.2.187 - - [15/Apr/2024:13:29:44 -0300] "GET /manager/html HTTP/1.1" 401 2474
190.171.141.114 - - [15/Apr/2024:13:30:07 -0300] "GET /cormun/servlet/solicitudot?c56a3a8f9eb0c96f6231b00195d2b803caebcc951079afc95f8a73beb51079252a1f6944073226d065552db696b38e56,gx-no-cache=1713198394591 HTTP/1.1" 200 134
190.171.141.114 - - [15/Apr/2024:13:30:07 -0300] "POST /cormun/servlet/solicitudot?gx-no-cache=1713198394806 HTTP/1.1" 200 125
104.211.2.187 - - [15/Apr/2024:13:30:20 -0300] "GET /manager/html HTTP/1.1" 401 2474
104.211.2.187 - - [15/Apr/2024:13:30:55 -0300] "GET /manager/html HTTP/1.1" 401 2474
104.211.2.187 - - [15/Apr/2024:13:31:30 -0300] "GET /manager/html HTTP/1.1" 401 2474
190.171.141.114 - - [15/Apr/2024:13:31:57 -0300] "GET /cormun/servlet/solicitudot?c56a3a8f9eb0c96f6231b00195d2b8038c2a8e57b18870a79d988fd5b52d812a2a1f6944073226d065552db696b38e56,gx-no-cache=1713198505010 HTTP/1.1" 200 30
104.211.2.187 - - [15/Apr/2024:13:32:06 -0300] "GET /manager/html HTTP/1.1" 401 2474
190.171.152.234 - - [15/Apr/2024:13:32:08 -0300] "GET /cormun/servlet/hlogin HTTP/1.1" 200 1722
190.171.152.234 - - [15/Apr/2024:13:32:12 -0300] "GET /cormun/static/gxtimezone.js?85251 HTTP/1.1" 200 5781
190.171.152.234 - - [15/Apr/2024:13:32:13 -0300] "GET /cormun/static/Resources/Spanish/PXTools.css?1759030 HTTP/1.1" 200 100853
190.171.152.234 - - [15/Apr/2024:13:32:13 -0300] "GET /cormun/static/gxcfg.js?2022112219184450 HTTP/1.1" 200 953
190.171.152.234 - - [15/Apr/2024:13:32:13 -0300] "GET /cormun/static/Resources/CormunLogin.png HTTP/1.1" 200 19132
190.171.152.234 - - [15/Apr/2024:13:32:13 -0300] "GET /cormun/static/messages.spa.js?85251 HTTP/1.1" 200 30736
190.171.152.234 - - [15/Apr/2024:13:32:13 -0300] "GET /cormun/static/hlogin.js?2022112219184458 HTTP/1.1" 200 2156
190.171.152.234 - - [15/Apr/2024:13:32:13 -0300] "GET /cormun/static/gxgral.js?85251 HTTP/1.1" 200 384558
190.171.152.234 - - [15/Apr/2024:13:32:13 -0300] "GET /cormun/static/Resources/PXToolsLoginBackground.png HTTP/1.1" 200 1164
190.171.152.234 - - [15/Apr/2024:13:32:13 -0300] "GET /cormun/static/Resources/PXToolsButtonRight.png HTTP/1.1" 200 1294
190.171.152.234 - - [15/Apr/2024:13:32:13 -0300] "GET /cormun/static/Resources/PXToolsLoginTop.png HTTP/1.1" 200 1337
190.171.152.234 - - [15/Apr/2024:13:32:13 -0300] "GET /cormun/static/Resources/PXToolsButtonBackground.png HTTP/1.1" 200 1176
190.171.152.234 - - [15/Apr/2024:13:32:13 -0300] "GET /cormun/static/Resources/PXToolsButtonLeft.png HTTP/1.1" 200 1310
190.171.152.234 - - [15/Apr/2024:13:32:13 -0300] "GET /cormun/static/Resources/PXToolsLoginBottom.png HTTP/1.1" 200 1389
190.171.152.234 - - [15/Apr/2024:13:32:13 -0300] "GET /cormun/static/Resources/indicator.gif HTTP/1.1" 200 1553
190.171.152.234 - - [15/Apr/2024:13:32:13 -0300] "GET /cormun/servlet/hlogin HTTP/1.1" 200 1733
190.171.152.234 - - [15/Apr/2024:13:32:13 -0300] "GET /favicon.ico HTTP/1.1" 200 21630
190.171.152.234 - - [15/Apr/2024:13:32:26 -0300] "POST /cormun/servlet/hlogin?fbdba2130d8274a988aa1236d6bb9c05,gx-no-cache=1713194916483 HTTP/1.1" 200 90
190.171.152.234 - - [15/Apr/2024:13:32:26 -0300] "GET /cormun/servlet/hpexe_link HTTP/1.1" 200 951
190.171.152.234 - - [15/Apr/2024:13:32:26 -0300] "GET /cormun/static/gxcfg.js?20221129847421 HTTP/1.1" 200 953
190.171.152.234 - - [15/Apr/2024:13:32:26 -0300] "GET /cormun/static/hpexe_link.js?20221129847423 HTTP/1.1" 200 625
190.171.152.234 - - [15/Apr/2024:13:32:26 -0300] "GET /cormun/static/Resources/Spanish/PXTools.css?8354383 HTTP/1.1" 200 100853
190.171.152.234 - - [15/Apr/2024:13:32:26 -0300] "GET /cormun/servlet/hhome HTTP/1.1" 200 4279
190.171.152.234 - - [15/Apr/2024:13:32:26 -0300] "GET /cormun/static/SmoothNavMenu/resources/ddsmoothmenu.css?1112540 HTTP/1.1" 200 2223
190.171.152.234 - - [15/Apr/2024:13:32:26 -0300] "GET /cormun/static/SmoothNavMenu/resources/ddsmoothmenu-v.css?1112540 HTTP/1.1" 200 1188
190.171.152.234 - - [15/Apr/2024:13:32:26 -0300] "GET /cormun/static/scaMessage/css/jquery.pnotify.default.css?1816380 HTTP/1.1" 200 1707
190.171.152.234 - - [15/Apr/2024:13:32:26 -0300] "GET /cormun/static/Shared/jqueryui/jquery-ui.min.css?1345370 HTTP/1.1" 200 30288
190.171.152.234 - - [15/Apr/2024:13:32:26 -0300] "GET /cormun/static/gxcfg.js?20201215495537 HTTP/1.1" 200 953
190.171.152.234 - - [15/Apr/2024:13:32:26 -0300] "GET /cormun/static/Resources/Spanish/PXTools.css?14345360 HTTP/1.1" 200 100853
190.171.152.234 - - [15/Apr/2024:13:32:26 -0300] "GET /cormun/static/PXToolsJavascripts/pexe_grid.js HTTP/1.1" 200 7559
190.171.152.234 - - [15/Apr/2024:13:32:26 -0300] "GET /cormun/static/PXToolsJavascripts/pexe_griddivfix.js HTTP/1.1" 200 6946
190.171.152.234 - - [15/Apr/2024:13:32:26 -0300] "GET /cormun/static/PXToolsJavascripts/pexe_link.js HTTP/1.1" 200 5671
190.171.152.234 - - [15/Apr/2024:13:32:26 -0300] "GET /cormun/static/PXToolsJavascripts/pexe_autoreload.js HTTP/1.1" 200 1762
190.171.152.234 - - [15/Apr/2024:13:32:26 -0300] "GET /cormun/static/PXToolsJavascripts/pexe_cookies.js HTTP/1.1" 200 792
190.171.152.234 - - [15/Apr/2024:13:32:26 -0300] "GET /cormun/static/PXToolsJavascripts/pexe_menudivfix.js HTTP/1.1" 200 333
190.171.152.234 - - [15/Apr/2024:13:32:26 -0300] "GET /cormun/static/PXToolsJavascripts/pexe_menus.js HTTP/1.1" 200 1286
190.171.152.234 - - [15/Apr/2024:13:32:26 -0300] "GET /cormun/static/PXToolsJavascripts/pexe_windows.js HTTP/1.1" 200 15249
190.171.152.234 - - [15/Apr/2024:13:32:26 -0300] "GET /cormun/static/PXToolsJavascripts/pexe_oav.js HTTP/1.1" 200 645
190.171.152.234 - - [15/Apr/2024:13:32:26 -0300] "GET /cormun/static/PXToolsJavascripts/pexe_layers.js HTTP/1.1" 200 4114
190.171.152.234 - - [15/Apr/2024:13:32:26 -0300] "GET /cormun/static/PXToolsJavascripts/pexe_oavdivfix.js HTTP/1.1" 200 639
190.171.152.234 - - [15/Apr/2024:13:32:26 -0300] "GET /cormun/static/PXToolsJavascripts/pexe_picture.js HTTP/1.1" 200 689
190.171.152.234 - - [15/Apr/2024:13:32:26 -0300] "GET /cormun/static/PXToolsJavascripts/pexe_scrolldiv.js HTTP/1.1" 200 4138
190.171.152.234 - - [15/Apr/2024:13:32:26 -0300] "GET /cormun/static/PXToolsJavascripts/pexe_tabdivfix.js HTTP/1.1" 200 898
190.171.152.234 - - [15/Apr/2024:13:32:26 -0300] "GET /cormun/static/PXToolsJavascripts/pexe_popup.js HTTP/1.1" 200 15149
190.171.152.234 - - [15/Apr/2024:13:32:27 -0300] "GET /cormun/static/PXToolsJavascripts/pexe_tabs.js HTTP/1.1" 200 3748
190.171.152.234 - - [15/Apr/2024:13:32:27 -0300] "GET /cormun/static/PXToolsJavascripts/PXToolsJavascriptsRender.js HTTP/1.1" 200 367
190.171.152.234 - - [15/Apr/2024:13:32:27 -0300] "GET /cormun/static/PXToolsJavascripts/pexe_upload.js HTTP/1.1" 200 1423
190.171.152.234 - - [15/Apr/2024:13:32:27 -0300] "GET /cormun/static/Resources/CormunMP2.png HTTP/1.1" 200 6878
190.171.152.234 - - [15/Apr/2024:13:32:27 -0300] "GET /cormun/static/Resources/ImgHome.png HTTP/1.1" 200 1364
190.171.152.234 - - [15/Apr/2024:13:32:27 -0300] "GET /cormun/static/Resources/ImgLogin.png HTTP/1.1" 200 1432
190.171.152.234 - - [15/Apr/2024:13:32:27 -0300] "GET /cormun/static/RunJS/RunJS.js HTTP/1.1" 200 288
190.171.152.234 - - [15/Apr/2024:13:32:27 -0300] "GET /cormun/static/Resources/Llave.png HTTP/1.1" 200 1395
190.171.152.234 - - [15/Apr/2024:13:32:27 -0300] "GET /cormun/static/Shared/ext/locale/ext-lang-en.js HTTP/1.1" 200 10940
190.171.152.234 - - [15/Apr/2024:13:32:27 -0300] "GET /cormun/static/hhome.js?20201215495544 HTTP/1.1" 200 777
190.171.152.234 - - [15/Apr/2024:13:32:27 -0300] "GET /cormun/static/hwchdr01.js?2022112219251119 HTTP/1.1" 200 996
190.171.152.234 - - [15/Apr/2024:13:32:27 -0300] "GET /cormun/static/hpexe_recentlink.js?20201214471090 HTTP/1.1" 200 2144
190.171.152.234 - - [15/Apr/2024:13:32:27 -0300] "GET /cormun/static/gxui/gxui-all.js HTTP/1.1" 200 107772
190.171.152.234 - - [15/Apr/2024:13:32:27 -0300] "GET /cormun/static/hpexe_scripts.js?20201214471411 HTTP/1.1" 200 1544
190.171.152.234 - - [15/Apr/2024:13:32:27 -0300] "GET /cormun/static/hpexe_messagegenexuscomponent.js?20221129836373 HTTP/1.1" 200 587
190.171.152.234 - - [15/Apr/2024:13:32:27 -0300] "GET /cormun/static/hpexe_messagepopupcomponent.js?2020121447232 HTTP/1.1" 200 605
190.171.152.234 - - [15/Apr/2024:13:32:27 -0300] "GET /cormun/static/hpexe_messagecontroller.js?202211298371222 HTTP/1.1" 200 870
190.171.152.234 - - [15/Apr/2024:13:32:27 -0300] "GET /cormun/static/cmcontrolpreferences.js?20199141926336 HTTP/1.1" 200 1375
190.171.152.234 - - [15/Apr/2024:13:32:27 -0300] "GET /cormun/static/Resources/PXToolsDataTitle.png HTTP/1.1" 200 1173
190.171.152.234 - - [15/Apr/2024:13:32:27 -0300] "GET /cormun/static/SmoothNavMenu/resources/ddsmoothmenu.js HTTP/1.1" 200 12712
190.171.152.234 - - [15/Apr/2024:13:32:27 -0300] "GET /cormun/static/SmoothNavMenu/resources/SmoothNavMenuRender.js HTTP/1.1" 200 5951
190.171.152.234 - - [15/Apr/2024:13:32:27 -0300] "GET /cormun/static/Shared/jquery/jquery-1.4.2.min.js HTTP/1.1" 200 72174
190.171.152.234 - - [15/Apr/2024:13:32:27 -0300] "GET /cormun/static/scaMessage/js/jquery.pnotify.min.js HTTP/1.1" 200 13038
190.171.152.234 - - [15/Apr/2024:13:32:27 -0300] "GET /cormun/static/scaMessage/scaMessageRender.js HTTP/1.1" 200 11977
190.171.152.234 - - [15/Apr/2024:13:32:27 -0300] "GET /cormun/static/hmpwkw03.js?20221129844354 HTTP/1.1" 200 3971
190.171.152.234 - - [15/Apr/2024:13:32:27 -0300] "GET /cormun/static/Shared/ext/ext-all.js HTTP/1.1" 200 1289687
190.171.152.234 - - [15/Apr/2024:13:32:27 -0300] "GET /cormun/static/Shared/jquery/jquery-1.10.2.min.js HTTP/1.1" 200 273199
190.171.152.234 - - [15/Apr/2024:13:32:27 -0300] "GET /cormun/static/Shared/jqueryui/jquery-ui.min.js HTTP/1.1" 200 240427
190.171.152.234 - - [15/Apr/2024:13:32:27 -0300] "GET /cormun/static/SmoothNavMenu/resources/images/right.gif HTTP/1.1" 200 860
190.171.152.234 - - [15/Apr/2024:13:32:27 -0300] "GET /cormun/static/SmoothNavMenu/resources/images/down.gif HTTP/1.1" 200 854
104.211.2.187 - - [15/Apr/2024:13:32:42 -0300] "GET /manager/html HTTP/1.1" 401 2474
190.171.141.114 - - [15/Apr/2024:13:32:47 -0300] "POST /cormun/servlet/solicitudot?gx-no-cache=1713198554221 HTTP/1.1" 200 69
190.171.152.234 - - [15/Apr/2024:13:32:47 -0300] "GET /cormun/servlet/trlicencias? HTTP/1.1" 200 10147
190.171.152.234 - - [15/Apr/2024:13:32:47 -0300] "GET /cormun/static/gxui/gxui-all.css?120300 HTTP/1.1" 200 2179
190.171.152.234 - - [15/Apr/2024:13:32:47 -0300] "GET /cormun/static/calendar-system.css?85620 HTTP/1.1" 200 5572
190.171.152.234 - - [15/Apr/2024:13:32:47 -0300] "GET /cormun/static/gxcfg.js?202211298463625 HTTP/1.1" 200 953
190.171.152.234 - - [15/Apr/2024:13:32:47 -0300] "GET /cormun/static/calendar-setup.js?85251 HTTP/1.1" 200 2588
190.171.152.234 - - [15/Apr/2024:13:32:47 -0300] "GET /cormun/static/calendar-es.js?85251 HTTP/1.1" 200 1901
190.171.152.234 - - [15/Apr/2024:13:32:47 -0300] "GET /cormun/static/calendar.js?85251 HTTP/1.1" 200 26246
190.171.152.234 - - [15/Apr/2024:13:32:47 -0300] "GET /cormun/static/Resources/PXTools/calendar.png HTTP/1.1" 200 1306
190.171.152.234 - - [15/Apr/2024:13:32:47 -0300] "GET /cormun/static/gxdec.js?85251 HTTP/1.1" 200 19579
190.171.152.234 - - [15/Apr/2024:13:32:47 -0300] "GET /cormun/static/trlicencias.js?202211298463889 HTTP/1.1" 200 41883
190.171.152.234 - - [15/Apr/2024:13:32:47 -0300] "GET /cormun/static/Resources/PXToolsDataSearch.png HTTP/1.1" 200 435
190.171.152.234 - - [15/Apr/2024:13:32:47 -0300] "GET /cormun/static/Shared/ext/resources/css/ext-all.css?215870 HTTP/1.1" 200 416045
190.171.152.234 - - [15/Apr/2024:13:32:47 -0300] "GET /cormun/static/Resources/PXToolsGridFirstDisabled.gif HTTP/1.1" 200 100
