190.171.153.50 - - [15/Apr/2024:14:16:27 -0300] "GET /cormun/static/Shared/jqueryui/images/ui-bg_highlight-soft_100_c6c2c8_1x100.png HTTP/1.1" 404 1117
190.171.153.50 - - [15/Apr/2024:14:16:27 -0300] "GET /cormun/static/Shared/jqueryui/images/ui-icons_82798d_256x240.png HTTP/1.1" 404 1089
190.171.153.50 - - [15/Apr/2024:14:16:27 -0300] "GET /cormun/static/Shared/jqueryui/images/ui-bg_flat_55_fafafa_40x100.png HTTP/1.1" 404 1097
190.171.153.50 - - [15/Apr/2024:14:16:27 -0300] "GET /cormun/static/Shared/jqueryui/images/ui-icons_8d78a5_256x240.png HTTP/1.1" 404 1089
190.171.153.50 - - [15/Apr/2024:14:16:27 -0300] "POST /cormun/servlet/trautorizarsolicitud?20116383384e27439c2459da1bf0ba2b,,gx-no-cache=1713201190672 HTTP/1.1" 200 4537
104.211.2.187 - - [15/Apr/2024:14:16:33 -0300] "GET /manager/html HTTP/1.1" 401 2474
104.211.2.187 - - [15/Apr/2024:14:17:08 -0300] "GET /manager/html HTTP/1.1" 401 2474
104.211.2.187 - - [15/Apr/2024:14:17:44 -0300] "GET /manager/html HTTP/1.1" 401 2474
104.211.2.187 - - [15/Apr/2024:14:18:19 -0300] "GET /manager/html HTTP/1.1" 401 2474
104.211.2.187 - - [15/Apr/2024:14:18:54 -0300] "GET /manager/html HTTP/1.1" 401 2474
104.211.2.187 - - [15/Apr/2024:14:19:31 -0300] "GET /manager/html HTTP/1.1" 401 2474
104.211.2.187 - - [15/Apr/2024:14:20:07 -0300] "GET /manager/html HTTP/1.1" 401 2474
104.211.2.187 - - [15/Apr/2024:14:20:42 -0300] "GET /manager/html HTTP/1.1" 401 2474
104.211.2.187 - - [15/Apr/2024:14:21:17 -0300] "GET /manager/html HTTP/1.1" 401 2474
104.211.2.187 - - [15/Apr/2024:14:21:52 -0300] "GET /manager/html HTTP/1.1" 401 2474
104.211.2.187 - - [15/Apr/2024:14:22:28 -0300] "GET /manager/html HTTP/1.1" 401 2474
104.211.2.187 - - [15/Apr/2024:14:23:04 -0300] "GET /manager/html HTTP/1.1" 401 2474
190.171.141.114 - - [15/Apr/2024:14:23:35 -0300] "POST /cormun/servlet/solicitudot?gx-no-cache=1713201602298 HTTP/1.1" 200 4031
190.171.141.114 - - [15/Apr/2024:14:23:35 -0300] "POST /cormun/servlet/solicitudot?944fa9c4d677591d850a0523ef120afb,INS,0,0,false,,gx-no-cache=1713201602478 HTTP/1.1" 200 12610
104.211.2.187 - - [15/Apr/2024:14:23:41 -0300] "GET /manager/html HTTP/1.1" 401 2474
190.171.141.114 - - [15/Apr/2024:14:23:42 -0300] "GET /cormun/servlet/solicitudot?c56a3a8f9eb0c96f6231b00195d2b8034aba63321ed73075e67bd3c3a1671a4744740a60c8d963e5cc954b06cb64dbd7,gx-no-cache=1713201609629 HTTP/1.1" 200 30
104.211.2.187 - - [15/Apr/2024:14:24:16 -0300] "GET /manager/html HTTP/1.1" 401 2474
104.211.2.187 - - [15/Apr/2024:14:24:52 -0300] "GET /manager/html HTTP/1.1" 401 2474
190.171.141.114 - - [15/Apr/2024:14:24:58 -0300] "GET /cormun/servlet/solicitudot?c56a3a8f9eb0c96f6231b00195d2b803eedd362069b69d48279d778054cddc5599bf85562a657a39acdfd24016cd8564ba95f78d6c902279028cab356f53853c,gx-no-cache=1713201685577 HTTP/1.1" 200 30
190.171.141.114 - - [15/Apr/2024:14:24:58 -0300] "GET /cormun/servlet/solicitudot?c56a3a8f9eb0c96f6231b00195d2b80343b35313f4cb0a1eddb2c39834d8e452,gx-no-cache=1713201685613 HTTP/1.1" 200 29
190.171.141.114 - - [15/Apr/2024:14:24:58 -0300] "POST /cormun/servlet/solicitudot?gx-no-cache=1713201685641 HTTP/1.1" 200 297
190.171.141.114 - - [15/Apr/2024:14:25:02 -0300] "GET /cormun/servlet/solicitudot?c56a3a8f9eb0c96f6231b00195d2b80387fdabaea91aeb9304b8d9d5d2f1296c8fe23e6af5d1b299c4080d2e3b6fc9ecb619c5fb456c6030fef192c86f68ab37be290a2bfb5ad9b20eb24ce8744a218e37b81e437785666aac2b5e19d4c58e291cc0ed3f54b4cdad161a96b16b9ac99e533b4e8d80a6a340edae140351c8a0ae553e3db269eeeb5f53b4f72589739bf0533f0cdc65b891dd5837144c614107d3baf0f57ae1d7f88dc3622b8fe86914ed0c7ed09138e9e5eba97241f530a0159effecf1b5e9320d2cc85b9a9a8811a1163c45926ab86f00a6958231094975cdd123f335e4765300cdd6f624d7d9613ff8f89f27706a35144d07c98a1e63dbd1358acfbab1cc05d40c7c46e8342dbe78e2fada88c37cd7fbc3902afff79fa4f6148ece8834f4f16e3a619f11266ea03410e41cfeadfa04cb057cabc98291d57b4946fa9f1285b4e6386eadbc701791b4ce4d7391d622b745cd52c3657efb61ab3b4cc13ece20b5cecd5f88afd2fe44434ebbebbd459c15b1080dec0f7f177a71d92de0390c0fc8b4f85c77dbb9cbdd0b51,gx-no-cache=1713201689612 HTTP/1.1" 200 30
190.171.141.114 - - [15/Apr/2024:14:25:04 -0300] "POST /cormun/servlet/solicitudot?gx-no-cache=1713201691678 HTTP/1.1" 200 30
190.171.141.114 - - [15/Apr/2024:14:25:06 -0300] "POST /cormun/servlet/solicitudot?gx-no-cache=1713201693453 HTTP/1.1" 200 1481
190.171.141.114 - - [15/Apr/2024:14:25:06 -0300] "POST /cormun/servlet/solicitudot?gx-no-cache=1713201693491 HTTP/1.1" 200 38
190.171.142.26 - - [15/Apr/2024:14:25:28 -0300] "GET /cormun/servlet/hlogin HTTP/1.1" 200 1719
104.211.2.187 - - [15/Apr/2024:14:25:28 -0300] "GET /manager/html HTTP/1.1" 401 2474
190.171.142.26 - - [15/Apr/2024:14:25:31 -0300] "POST /cormun/servlet/hlogin?ab1e45083ed81d2deea7a5d041d682b8,gx-no-cache=1713201717854 HTTP/1.1" 200 90
190.171.142.26 - - [15/Apr/2024:14:25:31 -0300] "GET /cormun/servlet/hpexe_link HTTP/1.1" 200 952
190.171.142.26 - - [15/Apr/2024:14:25:31 -0300] "GET /cormun/servlet/hhome HTTP/1.1" 200 4258
104.211.2.187 - - [15/Apr/2024:14:26:04 -0300] "GET /manager/html HTTP/1.1" 401 2474
190.171.141.114 - - [15/Apr/2024:14:26:06 -0300] "GET /cormun/servlet/solicitudot?c56a3a8f9eb0c96f6231b00195d2b803e3c5610b14dfe0c799c321f75b5e7a74f58c65527acd170596ba80f328f401908627055c76024f78921f35bcd6dae84da228d170554f57a1b580bc02132f620d9581bca65e5f0a74b826ff28a7e81d95d7fc856bc9cfad2de85f96b67bfd127a,gx-no-cache=1713201753821 HTTP/1.1" 200 110
190.171.141.114 - - [15/Apr/2024:14:26:06 -0300] "POST /cormun/servlet/solicitudot?gx-no-cache=1713201753858 HTTP/1.1" 200 72
190.171.142.26 - - [15/Apr/2024:14:26:14 -0300] "GET /cormun/servlet/hlogin HTTP/1.1" 200 1719
190.171.142.26 - - [15/Apr/2024:14:26:17 -0300] "POST /cormun/servlet/hlogin?ab1e45083ed81d2deea7a5d041d682b8,gx-no-cache=1713201764144 HTTP/1.1" 200 90
190.171.142.26 - - [15/Apr/2024:14:26:17 -0300] "GET /cormun/servlet/hpexe_link HTTP/1.1" 200 952
190.171.142.26 - - [15/Apr/2024:14:26:17 -0300] "GET /cormun/servlet/hhome HTTP/1.1" 200 4258
190.171.141.114 - - [15/Apr/2024:14:26:19 -0300] "GET /cormun/servlet/solicitudot?c56a3a8f9eb0c96f6231b00195d2b8036eaaf8ff3703f4795d854e63678aa2ec589db6456619cc6215fd13bbb2aa9bb3611be3c6d1ec04552c9e206b26c4c4450b1d7e43dbc4c0e6f437249326cb6853c66500569c1536c76467ab552a67a47e7a60fd8c8fbe0aab5e704e562a496777,gx-no-cache=1713201767093 HTTP/1.1" 200 29
190.171.141.114 - - [15/Apr/2024:14:26:24 -0300] "GET /cormun/servlet/solicitudot?c56a3a8f9eb0c96f6231b00195d2b8038c2a8e57b18870a79d988fd5b52d812a2a1f6944073226d065552db696b38e56,gx-no-cache=1713201771372 HTTP/1.1" 200 30
104.211.2.187 - - [15/Apr/2024:14:26:42 -0300] "GET /manager/html HTTP/1.1" 401 2474
190.171.141.114 - - [15/Apr/2024:14:26:54 -0300] "POST /cormun/servlet/solicitudot?gx-no-cache=1713201801672 HTTP/1.1" 200 30
190.171.141.114 - - [15/Apr/2024:14:27:09 -0300] "POST /cormun/servlet/solicitudot?944fa9c4d677591d850a0523ef120afb,INS,0,0,false,,gx-no-cache=1713201816465 HTTP/1.1" 200 93
190.171.141.114 - - [15/Apr/2024:14:27:09 -0300] "GET /cormun/servlet/hpexe_return? HTTP/1.1" 200 1014
190.171.141.114 - - [15/Apr/2024:14:27:09 -0300] "GET /cormun/servlet/trsolicitudot HTTP/1.1" 200 9844
104.211.2.187 - - [15/Apr/2024:14:27:18 -0300] "GET /manager/html HTTP/1.1" 401 2474
190.171.141.114 - - [15/Apr/2024:14:27:19 -0300] "GET /cormun/servlet/solicitudot?INS,0,0,false, HTTP/1.1" 200 16000
200.54.103.162 - - [15/Apr/2024:14:27:19 -0300] "GET /cormun/servlet/hhome HTTP/1.1" 200 3318
200.54.103.162 - - [15/Apr/2024:14:27:19 -0300] "GET /cormun/servlet/hlogin HTTP/1.1" 200 1732
200.54.103.162 - - [15/Apr/2024:14:27:23 -0300] "POST /cormun/servlet/hlogin?86c29fbb4f60d5b77a10c707306d04b4,gx-no-cache=1713201840989 HTTP/1.1" 200 90
200.54.103.162 - - [15/Apr/2024:14:27:23 -0300] "GET /cormun/servlet/hpexe_link HTTP/1.1" 200 948
200.54.103.162 - - [15/Apr/2024:14:27:23 -0300] "GET /cormun/servlet/hhome HTTP/1.1" 200 4339
200.54.103.162 - - [15/Apr/2024:14:27:28 -0300] "GET /cormun/servlet/trlicencias? HTTP/1.1" 200 10741
190.171.141.114 - - [15/Apr/2024:14:27:32 -0300] "GET /cormun/servlet/prfichaempleado?,MD,,gxPopupLevel%3D0%3B HTTP/1.1" 200 9306
104.211.2.187 - - [15/Apr/2024:14:27:54 -0300] "GET /manager/html HTTP/1.1" 401 2474
190.171.141.114 - - [15/Apr/2024:14:28:02 -0300] "POST /cormun/servlet/prfichaempleado?944fa9c4d677591d850a0523ef120afb,,MD,,gxPopupLevel%3D0%3B,gx-no-cache=1713201869738 HTTP/1.1" 200 3173
190.171.141.114 - - [15/Apr/2024:14:28:21 -0300] "POST /cormun/servlet/solicitudot?gx-no-cache=1713201888790 HTTP/1.1" 200 4031
190.171.141.114 - - [15/Apr/2024:14:28:21 -0300] "POST /cormun/servlet/solicitudot?944fa9c4d677591d850a0523ef120afb,INS,0,0,false,,gx-no-cache=1713201888908 HTTP/1.1" 200 12608
190.171.141.114 - - [15/Apr/2024:14:28:27 -0300] "GET /cormun/servlet/solicitudot?c56a3a8f9eb0c96f6231b00195d2b803776ad838e6e92c9a0bd203a106135f2944740a60c8d963e5cc954b06cb64dbd7,gx-no-cache=1713201894312 HTTP/1.1" 200 30
104.211.2.187 - - [15/Apr/2024:14:28:29 -0300] "GET /manager/html HTTP/1.1" 401 2474
200.54.103.162 - - [15/Apr/2024:14:28:50 -0300] "GET /cormun/servlet/trsolicitudot? HTTP/1.1" 200 8945
104.211.2.187 - both [15/Apr/2024:14:29:04 -0300] "GET /manager/html HTTP/1.1" 403 3196
104.211.2.187 - - [15/Apr/2024:14:29:39 -0300] "GET /manager/html HTTP/1.1" 401 2474
104.211.2.187 - - [15/Apr/2024:14:30:14 -0300] "GET /manager/html HTTP/1.1" 401 2474
190.171.153.26 - - [15/Apr/2024:14:30:41 -0300] "GET /cormun/servlet/trpermisosadjuntos?18955083,20240415125311,P, HTTP/1.1" 200 5449
190.171.153.26 - - [15/Apr/2024:14:30:42 -0300] "GET /cormun/servlet/trpermisosadjuntos?18955083,20240415125311,P, HTTP/1.1" 200 5445
190.171.153.26 - - [15/Apr/2024:14:30:42 -0300] "GET /cormun/servlet/hlogin HTTP/1.1" 200 1761
104.211.2.187 - - [15/Apr/2024:14:30:50 -0300] "GET /manager/html HTTP/1.1" 401 2474
190.171.153.26 - - [15/Apr/2024:14:30:52 -0300] "POST /cormun/servlet/hlogin?165c100d6536d4fd6bcd2bc48078f51a,gx-no-cache=1713202039880 HTTP/1.1" 200 90
190.171.153.26 - - [15/Apr/2024:14:30:52 -0300] "GET /cormun/servlet/hpexe_link HTTP/1.1" 200 981
190.171.153.26 - - [15/Apr/2024:14:30:52 -0300] "GET /cormun/servlet/trpermisosadjuntos?18955083,20240415125311,P, HTTP/1.1" 200 6109
190.171.153.26 - - [15/Apr/2024:14:30:53 -0300] "GET /cormun/servlet/trpermisosadjuntos?18955083,20240415125311,P, HTTP/1.1" 200 6108
200.54.103.162 - - [15/Apr/2024:14:30:55 -0300] "GET /cormun/servlet/solicitudot?INS,0,0,false, HTTP/1.1" 200 16318
190.171.153.26 - - [15/Apr/2024:14:30:56 -0300] "GET /cormun/servlet/permisosadjuntos?INS,18955083,P,20240415125311,, HTTP/1.1" 200 5609
190.171.153.26 - - [15/Apr/2024:14:30:56 -0300] "GET /cormun/static/about:blank HTTP/1.1" 404 1011
190.171.153.26 - - [15/Apr/2024:14:30:56 -0300] "GET /cormun/servlet/permisosadjuntos?INS,18955083,P,20240415125311,, HTTP/1.1" 200 5599
200.54.103.162 - - [15/Apr/2024:14:31:10 -0300] "POST /cormun/servlet/solicitudot?gx-no-cache=1713202068255 HTTP/1.1" 200 4031
200.54.103.162 - - [15/Apr/2024:14:31:10 -0300] "POST /cormun/servlet/solicitudot?86c29fbb4f60d5b77a10c707306d04b4,INS,0,0,false,,gx-no-cache=1713202068363 HTTP/1.1" 200 12877
190.171.141.90 - - [15/Apr/2024:14:31:12 -0300] "GET /cormun/servlet/hlogin HTTP/1.1" 200 1721
200.54.103.162 - - [15/Apr/2024:14:31:13 -0300] "GET /cormun/servlet/solicitudot?4143f9ee9af08ca2d5f5647d70495f1353219f3dcc9d9e9989982fa103735a8a4eadf654accbd74c23c4b9fea9db75dc,gx-no-cache=1713202071296 HTTP/1.1" 200 30
190.171.141.90 - - [15/Apr/2024:14:31:19 -0300] "POST /cormun/servlet/hlogin?1fa1aef7c1c806baacdb6fab7f56df85,gx-no-cache=1713202067079 HTTP/1.1" 200 425
190.171.153.26 - - [15/Apr/2024:14:31:24 -0300] "POST /cormun/servlet/permisosadjuntos?165c100d6536d4fd6bcd2bc48078f51a,INS,18955083,P,20240415125311,, HTTP/1.1" 200 116
190.171.153.26 - - [15/Apr/2024:14:31:24 -0300] "GET /cormun/servlet/hpexe_return? HTTP/1.1" 200 1033
190.171.153.26 - - [15/Apr/2024:14:31:24 -0300] "GET /cormun/servlet/trpermisosadjuntos?18955083,20240415125311,P, HTTP/1.1" 200 6645
190.171.141.90 - - [15/Apr/2024:14:31:24 -0300] "POST /cormun/servlet/hlogin?1fa1aef7c1c806baacdb6fab7f56df85,gx-no-cache=1713202072285 HTTP/1.1" 200 90
190.171.141.90 - - [15/Apr/2024:14:31:25 -0300] "GET /cormun/servlet/hpexe_link HTTP/1.1" 200 950
190.171.141.90 - - [15/Apr/2024:14:31:25 -0300] "GET /cormun/servlet/hhome HTTP/1.1" 200 3968
190.171.141.90 - - [15/Apr/2024:14:31:25 -0300] "GET /cormun/static/gxcfg.js?20201215495537 HTTP/1.1" 200 953
190.171.141.90 - - [15/Apr/2024:14:31:25 -0300] "GET /cormun/static/hhome.js?20201215495544 HTTP/1.1" 200 777
104.211.2.187 - - [15/Apr/2024:14:31:25 -0300] "GET /manager/html HTTP/1.1" 401 2474
190.171.153.26 - - [15/Apr/2024:14:31:25 -0300] "GET /cormun/servlet/trpermisosadjuntos?18955083,20240415125311,P, HTTP/1.1" 200 6643
190.171.141.90 - - [15/Apr/2024:14:31:26 -0300] "GET /cormun/servlet/trlicencias? HTTP/1.1" 200 14880
190.171.153.26 - - [15/Apr/2024:14:31:28 -0300] "GET /cormun/servlet/trpermisosgoce? HTTP/1.1" 200 12883
190.171.153.26 - - [15/Apr/2024:14:31:29 -0300] "GET /cormun/servlet/trpermisosgoce? HTTP/1.1" 200 12882
190.171.143.106 - - [15/Apr/2024:14:31:31 -0300] "GET /cormun/servlet/hhome HTTP/1.1" 200 3320
190.171.143.106 - - [15/Apr/2024:14:31:31 -0300] "GET /cormun/servlet/hlogin HTTP/1.1" 200 1729
190.171.153.26 - - [15/Apr/2024:14:31:32 -0300] "POST /cormun/servlet/trpermisosgoce?165c100d6536d4fd6bcd2bc48078f51a,,gx-no-cache=1713202079349 HTTP/1.1" 200 10010
190.171.153.26 - - [15/Apr/2024:14:31:32 -0300] "GET /cormun/static/Shared/jqueryui/images/ui-icons_8d78a5_256x240.png HTTP/1.1" 404 1089
190.171.153.26 - - [15/Apr/2024:14:31:32 -0300] "GET /cormun/static/Shared/jqueryui/images/ui-bg_highlight-soft_100_c6c2c8_1x100.png HTTP/1.1" 404 1117
190.171.153.26 - - [15/Apr/2024:14:31:32 -0300] "GET /cormun/static/Shared/jqueryui/images/ui-bg_flat_55_fafafa_40x100.png HTTP/1.1" 404 1097
190.171.153.26 - - [15/Apr/2024:14:31:32 -0300] "GET /cormun/static/Shared/jqueryui/images/ui-icons_82798d_256x240.png HTTP/1.1" 404 1089
190.171.143.106 - - [15/Apr/2024:14:31:36 -0300] "POST /cormun/servlet/hlogin?94ea90e9914b7dce47b8409cd71d0a9b,gx-no-cache=1713202083350 HTTP/1.1" 200 90
190.171.143.106 - - [15/Apr/2024:14:31:36 -0300] "GET /cormun/servlet/hpexe_link HTTP/1.1" 200 948
190.171.143.106 - - [15/Apr/2024:14:31:36 -0300] "GET /cormun/servlet/hhome HTTP/1.1" 200 4258
190.171.141.90 - - [15/Apr/2024:14:31:38 -0300] "GET /cormun/static/menuarrow.gif HTTP/1.1" 404 1015
190.171.143.106 - - [15/Apr/2024:14:31:43 -0300] "GET /cormun/servlet/trsolicitudot? HTTP/1.1" 200 11572
190.171.141.90 - - [15/Apr/2024:14:31:45 -0300] "POST /cormun/servlet/trlicencias?1fa1aef7c1c806baacdb6fab7f56df85,,gx-no-cache=1713202092544 HTTP/1.1" 200 6230
104.211.2.187 - - [15/Apr/2024:14:32:00 -0300] "GET /manager/html HTTP/1.1" 401 2474
190.171.141.90 - - [15/Apr/2024:14:32:12 -0300] "GET /cormun/servlet/trsolicitudot? HTTP/1.1" 200 9083
190.171.142.26 - - [15/Apr/2024:14:32:16 -0300] "GET /cormun/servlet/trpermisosgoce? HTTP/1.1" 200 8348
190.171.143.106 - - [15/Apr/2024:14:32:25 -0300] "GET /cormun/servlet/trpermisosgoce? HTTP/1.1" 200 7193
190.171.143.106 - - [15/Apr/2024:14:32:25 -0300] "GET /cormun/static/gxcfg.js?2020121631564 HTTP/1.1" 200 953
190.171.143.106 - - [15/Apr/2024:14:32:25 -0300] "GET /cormun/static/trpermisosgoce.js?2020121633681 HTTP/1.1" 200 35904
104.211.2.187 - - [15/Apr/2024:14:32:36 -0300] "GET /manager/html HTTP/1.1" 401 2474
190.171.143.106 - - [15/Apr/2024:14:32:37 -0300] "GET /cormun/servlet/trpermisosgoce? HTTP/1.1" 200 7192
190.171.143.106 - - [15/Apr/2024:14:32:47 -0300] "GET /cormun/servlet/permisogoce?INS,0,,, HTTP/1.1" 200 7143
190.171.143.106 - - [15/Apr/2024:14:32:47 -0300] "GET /cormun/static/gxcfg.js?20201215124560 HTTP/1.1" 200 953
190.171.143.106 - - [15/Apr/2024:14:32:47 -0300] "GET /cormun/static/permisogoce.js?20201215124939 HTTP/1.1" 200 27790
200.54.103.162 - - [15/Apr/2024:14:32:49 -0300] "GET /cormun/servlet/prbanco?,MD,,gxPopupLevel%3D0%3B HTTP/1.1" 200 6687
190.171.142.26 - - [15/Apr/2024:14:32:50 -0300] "GET /cormun/servlet/permisogoce?INS,0,,, HTTP/1.1" 200 7141
190.171.142.26 - - [15/Apr/2024:14:32:53 -0300] "POST /cormun/servlet/permisogoce?ab1e45083ed81d2deea7a5d041d682b8,INS,0,,,,gx-no-cache=1713202159876 HTTP/1.1" 200 93
190.171.142.26 - - [15/Apr/2024:14:32:53 -0300] "GET /cormun/servlet/hpexe_return? HTTP/1.1" 200 1009
190.171.142.26 - - [15/Apr/2024:14:32:53 -0300] "GET /cormun/servlet/trpermisosgoce HTTP/1.1" 200 8350
200.54.103.162 - - [15/Apr/2024:14:32:56 -0300] "GET /cormun/servlet/solicitudot?4143f9ee9af08ca2d5f5647d70495f135c429979d3be5982afd6cf165b44ab1c2e33b37d103f2d1b4e2b7325f30973904b4d63be57ead0f0b5e5391291432431,gx-no-cache=1713202174124 HTTP/1.1" 200 30
190.171.143.106 - - [15/Apr/2024:14:32:58 -0300] "GET /cormun/servlet/trpermisosgoce? HTTP/1.1" 200 7192
200.54.103.162 - - [15/Apr/2024:14:32:58 -0300] "GET /cormun/servlet/solicitudot?4143f9ee9af08ca2d5f5647d70495f13c2a42f87b510c6e11263a431bed8c7da,gx-no-cache=1713202176399 HTTP/1.1" 200 70
104.211.2.187 - - [15/Apr/2024:14:33:11 -0300] "GET /manager/html HTTP/1.1" 401 2474
181.212.47.137 - - [15/Apr/2024:14:33:14 -0300] "GET /cormun/servlet/hlogin HTTP/1.1" 200 1718
181.212.47.137 - - [15/Apr/2024:14:33:14 -0300] "GET /cormun/static/gxtimezone.js?85251 HTTP/1.1" 200 5781
181.212.47.137 - - [15/Apr/2024:14:33:14 -0300] "GET /cormun/static/gxcfg.js?2022112219184450 HTTP/1.1" 200 953
181.212.47.137 - - [15/Apr/2024:14:33:14 -0300] "GET /cormun/static/Resources/CormunLogin.png HTTP/1.1" 200 19132
181.212.47.137 - - [15/Apr/2024:14:33:14 -0300] "GET /cormun/static/messages.spa.js?85251 HTTP/1.1" 200 30736
181.212.47.137 - - [15/Apr/2024:14:33:14 -0300] "GET /cormun/static/Resources/Spanish/PXTools.css?1759030 HTTP/1.1" 200 100853
181.212.47.137 - - [15/Apr/2024:14:33:14 -0300] "GET /cormun/static/hlogin.js?2022112219184458 HTTP/1.1" 200 2156
181.212.47.137 - - [15/Apr/2024:14:33:14 -0300] "GET /cormun/static/gxgral.js?85251 HTTP/1.1" 200 384558
181.212.47.137 - - [15/Apr/2024:14:33:14 -0300] "GET /cormun/static/Resources/PXToolsButtonLeft.png HTTP/1.1" 200 1310
181.212.47.137 - - [15/Apr/2024:14:33:14 -0300] "GET /cormun/static/Resources/PXToolsLoginBottom.png HTTP/1.1" 200 1389
181.212.47.137 - - [15/Apr/2024:14:33:14 -0300] "GET /cormun/static/Resources/PXToolsLoginTop.png HTTP/1.1" 200 1337
181.212.47.137 - - [15/Apr/2024:14:33:14 -0300] "GET /cormun/static/Resources/PXToolsLoginBackground.png HTTP/1.1" 200 1164
181.212.47.137 - - [15/Apr/2024:14:33:14 -0300] "GET /cormun/static/Resources/PXToolsButtonRight.png HTTP/1.1" 200 1294
181.212.47.137 - - [15/Apr/2024:14:33:14 -0300] "GET /cormun/static/Resources/PXToolsButtonBackground.png HTTP/1.1" 200 1176
181.212.47.137 - - [15/Apr/2024:14:33:14 -0300] "GET /cormun/static/Resources/indicator.gif HTTP/1.1" 200 1553
181.212.47.137 - - [15/Apr/2024:14:33:14 -0300] "GET /cormun/servlet/hlogin HTTP/1.1" 200 1728
181.212.47.137 - - [15/Apr/2024:14:33:15 -0300] "POST /cormun/servlet/hlogin?c84fa0c11b814e17fcec6c0c0075b51b,gx-no-cache=1713202187081 HTTP/1.1" 200 90
181.212.47.137 - - [15/Apr/2024:14:33:15 -0300] "GET /cormun/servlet/hpexe_link HTTP/1.1" 200 948
181.212.47.137 - - [15/Apr/2024:14:33:15 -0300] "GET /cormun/static/gxcfg.js?20221129847421 HTTP/1.1" 200 953
181.212.47.137 - - [15/Apr/2024:14:33:15 -0300] "GET /cormun/static/hpexe_link.js?20221129847423 HTTP/1.1" 200 625
181.212.47.137 - - [15/Apr/2024:14:33:15 -0300] "GET /cormun/static/Resources/Spanish/PXTools.css?8354383 HTTP/1.1" 200 100853
181.212.47.137 - - [15/Apr/2024:14:33:15 -0300] "GET /cormun/servlet/hhome HTTP/1.1" 200 3815
181.212.47.137 - - [15/Apr/2024:14:33:15 -0300] "GET /cormun/static/Shared/jqueryui/jquery-ui.min.css?1345370 HTTP/1.1" 200 30288
181.212.47.137 - - [15/Apr/2024:14:33:15 -0300] "GET /cormun/static/SmoothNavMenu/resources/ddsmoothmenu.css?1112540 HTTP/1.1" 200 2223
181.212.47.137 - - [15/Apr/2024:14:33:15 -0300] "GET /cormun/static/SmoothNavMenu/resources/ddsmoothmenu-v.css?1112540 HTTP/1.1" 200 1188
181.212.47.137 - - [15/Apr/2024:14:33:15 -0300] "GET /cormun/static/scaMessage/css/jquery.pnotify.default.css?1816380 HTTP/1.1" 200 1707
181.212.47.137 - - [15/Apr/2024:14:33:15 -0300] "GET /cormun/static/gxcfg.js?20201215495537 HTTP/1.1" 200 953
181.212.47.137 - - [15/Apr/2024:14:33:15 -0300] "GET /cormun/static/Resources/Spanish/PXTools.css?14345360 HTTP/1.1" 200 100853
181.212.47.137 - - [15/Apr/2024:14:33:15 -0300] "GET /cormun/static/PXToolsJavascripts/pexe_autoreload.js HTTP/1.1" 200 1762
181.212.47.137 - - [15/Apr/2024:14:33:15 -0300] "GET /cormun/static/PXToolsJavascripts/pexe_cookies.js HTTP/1.1" 200 792
181.212.47.137 - - [15/Apr/2024:14:33:15 -0300] "GET /cormun/static/PXToolsJavascripts/pexe_grid.js HTTP/1.1" 200 7559
181.212.47.137 - - [15/Apr/2024:14:33:16 -0300] "GET /cormun/static/PXToolsJavascripts/pexe_griddivfix.js HTTP/1.1" 200 6946
181.212.47.137 - - [15/Apr/2024:14:33:16 -0300] "GET /cormun/static/PXToolsJavascripts/pexe_link.js HTTP/1.1" 200 5671
181.212.47.137 - - [15/Apr/2024:14:33:16 -0300] "GET /cormun/static/PXToolsJavascripts/pexe_windows.js HTTP/1.1" 200 15249
181.212.47.137 - - [15/Apr/2024:14:33:16 -0300] "GET /cormun/static/PXToolsJavascripts/pexe_menudivfix.js HTTP/1.1" 200 333
181.212.47.137 - - [15/Apr/2024:14:33:16 -0300] "GET /cormun/static/PXToolsJavascripts/pexe_menus.js HTTP/1.1" 200 1286
181.212.47.137 - - [15/Apr/2024:14:33:16 -0300] "GET /cormun/static/PXToolsJavascripts/pexe_layers.js HTTP/1.1" 200 4114
181.212.47.137 - - [15/Apr/2024:14:33:16 -0300] "GET /cormun/static/PXToolsJavascripts/pexe_oav.js HTTP/1.1" 200 645
181.212.47.137 - - [15/Apr/2024:14:33:16 -0300] "GET /cormun/static/PXToolsJavascripts/pexe_oavdivfix.js HTTP/1.1" 200 639
181.212.47.137 - - [15/Apr/2024:14:33:16 -0300] "GET /cormun/static/PXToolsJavascripts/pexe_picture.js HTTP/1.1" 200 689
181.212.47.137 - - [15/Apr/2024:14:33:16 -0300] "GET /cormun/static/PXToolsJavascripts/pexe_popup.js HTTP/1.1" 200 15149
181.212.47.137 - - [15/Apr/2024:14:33:16 -0300] "GET /cormun/static/PXToolsJavascripts/pexe_scrolldiv.js HTTP/1.1" 200 4138
181.212.47.137 - - [15/Apr/2024:14:33:16 -0300] "GET /cormun/static/PXToolsJavascripts/pexe_tabdivfix.js HTTP/1.1" 200 898
181.212.47.137 - - [15/Apr/2024:14:33:16 -0300] "GET /cormun/static/PXToolsJavascripts/pexe_tabs.js HTTP/1.1" 200 3748
181.212.47.137 - - [15/Apr/2024:14:33:16 -0300] "GET /cormun/static/PXToolsJavascripts/pexe_upload.js HTTP/1.1" 200 1423
181.212.47.137 - - [15/Apr/2024:14:33:16 -0300] "GET /cormun/static/PXToolsJavascripts/PXToolsJavascriptsRender.js HTTP/1.1" 200 367
181.212.47.137 - - [15/Apr/2024:14:33:16 -0300] "GET /cormun/static/Resources/CormunMP2.png HTTP/1.1" 200 6878
181.212.47.137 - - [15/Apr/2024:14:33:16 -0300] "GET /cormun/static/Resources/ImgHome.png HTTP/1.1" 200 1364
181.212.47.137 - - [15/Apr/2024:14:33:16 -0300] "GET /cormun/static/Resources/ImgLogin.png HTTP/1.1" 200 1432
181.212.47.137 - - [15/Apr/2024:14:33:16 -0300] "GET /cormun/static/Resources/Llave.png HTTP/1.1" 200 1395
181.212.47.137 - - [15/Apr/2024:14:33:16 -0300] "GET /cormun/static/RunJS/RunJS.js HTTP/1.1" 200 288
181.212.47.137 - - [15/Apr/2024:14:33:16 -0300] "GET /cormun/static/Shared/ext/locale/ext-lang-en.js HTTP/1.1" 200 10940
181.212.47.137 - - [15/Apr/2024:14:33:16 -0300] "GET /cormun/static/hwchdr01.js?2022112219251119 HTTP/1.1" 200 996
181.212.47.137 - - [15/Apr/2024:14:33:16 -0300] "GET /cormun/static/hpexe_recentlink.js?20201214471090 HTTP/1.1" 200 2144
181.212.47.137 - - [15/Apr/2024:14:33:16 -0300] "GET /cormun/static/hhome.js?20201215495544 HTTP/1.1" 200 777
181.212.47.137 - - [15/Apr/2024:14:33:16 -0300] "GET /cormun/static/Resources/PXToolsDataTitle.png HTTP/1.1" 200 1173
181.212.47.137 - - [15/Apr/2024:14:33:16 -0300] "GET /cormun/static/hpexe_scripts.js?20201214471411 HTTP/1.1" 200 1544
181.212.47.137 - - [15/Apr/2024:14:33:16 -0300] "GET /cormun/static/hpexe_messagecontroller.js?202211298371222 HTTP/1.1" 200 870
181.212.47.137 - - [15/Apr/2024:14:33:16 -0300] "GET /cormun/static/hpexe_messagepopupcomponent.js?2020121447232 HTTP/1.1" 200 605
181.212.47.137 - - [15/Apr/2024:14:33:16 -0300] "GET /cormun/static/hpexe_messagegenexuscomponent.js?20221129836373 HTTP/1.1" 200 587
181.212.47.137 - - [15/Apr/2024:14:33:16 -0300] "GET /cormun/static/cmcontrolpreferences.js?20199141926336 HTTP/1.1" 200 1375
181.212.47.137 - - [15/Apr/2024:14:33:16 -0300] "GET /cormun/static/gxui/gxui-all.js HTTP/1.1" 200 107772
181.212.47.137 - - [15/Apr/2024:14:33:16 -0300] "GET /cormun/static/SmoothNavMenu/resources/ddsmoothmenu.js HTTP/1.1" 200 12712
181.212.47.137 - - [15/Apr/2024:14:33:16 -0300] "GET /cormun/static/SmoothNavMenu/resources/SmoothNavMenuRender.js HTTP/1.1" 200 5951
181.212.47.137 - - [15/Apr/2024:14:33:16 -0300] "GET /cormun/static/scaMessage/js/jquery.pnotify.min.js HTTP/1.1" 200 13038
181.212.47.137 - - [15/Apr/2024:14:33:16 -0300] "GET /cormun/static/Shared/jqueryui/jquery-ui.min.js HTTP/1.1" 200 240427
181.212.47.137 - - [15/Apr/2024:14:33:16 -0300] "GET /cormun/static/Shared/jquery/jquery-1.4.2.min.js HTTP/1.1" 200 72174
181.212.47.137 - - [15/Apr/2024:14:33:16 -0300] "GET /cormun/static/scaMessage/scaMessageRender.js HTTP/1.1" 200 11977
181.212.47.137 - - [15/Apr/2024:14:33:16 -0300] "GET /cormun/static/hmpwkw03.js?20221129844354 HTTP/1.1" 200 3971
181.212.47.137 - - [15/Apr/2024:14:33:16 -0300] "GET /cormun/static/Shared/ext/ext-all.js HTTP/1.1" 200 1289687
181.212.47.137 - - [15/Apr/2024:14:33:16 -0300] "GET /cormun/static/Shared/jquery/jquery-1.10.2.min.js HTTP/1.1" 200 273199
181.212.47.137 - - [15/Apr/2024:14:33:16 -0300] "GET /cormun/static/SmoothNavMenu/resources/images/down.gif HTTP/1.1" 200 854
200.54.103.162 - - [15/Apr/2024:14:33:17 -0300] "POST /cormun/servlet/solicitudot?gx-no-cache=1713202194915 HTTP/1.1" 200 297
200.54.103.162 - - [15/Apr/2024:14:33:17 -0300] "GET /cormun/servlet/solicitudot?4143f9ee9af08ca2d5f5647d70495f1334733bc0037d74dc9fd3ccf06d8729aae983f6e51082ab3d7920325bee28f1f49c24d1109f8b201f3855741e98609d03cec1bad31837e04376240ed72316b62c5e1e06665d60599ebd8c10486968059234e2b856ed9ee6d6d0cfaebb905119a51400d6f7c4c3f463d0731e5dc6ceeb9d7cbd2efd0888f9467cc1184d1c56cd4d4c8262efa7f66cb0f28e74f6fa53ae8d90ce6ddff64952d53eca56e7f7c679d50c51c0d07bd28a61feac68781b0775d76364250acfad72810d658ca2c89372f4c1f40225e4c10f16a7f87877dffcba0cf857e6fdcefc05f1dffdcf56e5034759b7c9744fd805e8ec3b92a801678e7be0c956ad0ba4fba46f9d2e7e039b7b92e44dfb70f11431eb016181baa3a11e13af9c44d9d0bb13b26805207cbfe121718505d875beeb15c87e0f9df6593c06ae8f4a428a23d183dd4a1f0ee4a3d95667c98b3c598a87ab00c398706f25362ab4f71d4fa9f272de2116851e79b594a3e0d74094c80aa8b64a9a668cfe348e416f2d6755d2188c6b6c144273f686bef6e4ec,gx-no-cache=1713202194936 HTTP/1.1" 200 30
181.212.47.137 - - [15/Apr/2024:14:33:18 -0300] "GET /cormun/servlet/trsolicitudgral? HTTP/1.1" 200 28787
181.212.47.137 - - [15/Apr/2024:14:33:18 -0300] "GET /cormun/static/gxui/gxui-all.css?110300 HTTP/1.1" 200 2179
181.212.47.137 - - [15/Apr/2024:14:33:18 -0300] "GET /cormun/static/gxcfg.js?20191021621534 HTTP/1.1" 200 953
181.212.47.137 - - [15/Apr/2024:14:33:18 -0300] "GET /cormun/static/Resources/Spanish/PXTools.css?2294816 HTTP/1.1" 200 100853
181.212.47.137 - - [15/Apr/2024:14:33:18 -0300] "GET /cormun/static/calendar.js?85251 HTTP/1.1" 200 26246
181.212.47.137 - - [15/Apr/2024:14:33:18 -0300] "GET /cormun/static/calendar-system.css?75620 HTTP/1.1" 200 5572
181.212.47.137 - - [15/Apr/2024:14:33:18 -0300] "GET /cormun/static/calendar-setup.js?85251 HTTP/1.1" 200 2588
181.212.47.137 - - [15/Apr/2024:14:33:18 -0300] "GET /cormun/static/calendar-es.js?85251 HTTP/1.1" 200 1901
181.212.47.137 - - [15/Apr/2024:14:33:18 -0300] "GET /cormun/static/Resources/PXTools/calendar.png HTTP/1.1" 200 1306
181.212.47.137 - - [15/Apr/2024:14:33:18 -0300] "GET /cormun/static/gxdec.js?85251 HTTP/1.1" 200 19579
181.212.47.137 - - [15/Apr/2024:14:33:18 -0300] "GET /cormun/static/trsolicitudgral.js?20191021621224 HTTP/1.1" 200 55166
181.212.47.137 - - [15/Apr/2024:14:33:18 -0300] "GET /cormun/static/Resources/PXToolsDataSearch.png HTTP/1.1" 200 435
181.212.47.137 - - [15/Apr/2024:14:33:18 -0300] "GET /cormun/static/Resources/PXToolsGridFirstDisabled.gif HTTP/1.1" 200 100
181.212.47.137 - - [15/Apr/2024:14:33:18 -0300] "GET /cormun/static/Resources/PXToolsGridPreviousDisabled.gif HTTP/1.1" 200 90
181.212.47.137 - - [15/Apr/2024:14:33:18 -0300] "GET /cormun/static/Resources/PXToolsGridNextDisabled.gif HTTP/1.1" 200 90
181.212.47.137 - - [15/Apr/2024:14:33:18 -0300] "GET /cormun/static/Resources/PXToolsGridLastDisabled.gif HTTP/1.1" 200 98
181.212.47.137 - - [15/Apr/2024:14:33:18 -0300] "GET /cormun/static/Shared/ext/resources/css/ext-all.css?205870 HTTP/1.1" 200 416045
181.212.47.137 - - [15/Apr/2024:14:33:18 -0300] "GET /cormun/static/Resources/PXToolsGridPage.gif HTTP/1.1" 200 725
181.212.47.137 - - [15/Apr/2024:14:33:18 -0300] "GET /cormun/static/Resources/PXToolsActionExcel.png HTTP/1.1" 200 727
181.212.47.137 - - [15/Apr/2024:14:33:18 -0300] "GET /cormun/static/Resources/PXToolsAddAllStandardAction.png HTTP/1.1" 200 628
181.212.47.137 - - [15/Apr/2024:14:33:18 -0300] "GET /cormun/static/Resources/PXToolsRemoveAllStandardAction.png HTTP/1.1" 200 495
181.212.47.137 - - [15/Apr/2024:14:33:18 -0300] "GET /cormun//static/Resources/PXToolsGridUpdate.png HTTP/1.1" 200 470
181.212.47.137 - - [15/Apr/2024:14:33:18 -0300] "GET /cormun/static/Resources/asc.gif HTTP/1.1" 200 67
181.212.47.137 - - [15/Apr/2024:14:33:18 -0300] "GET /cormun/static/Resources/desc.gif HTTP/1.1" 200 65
181.212.47.137 - - [15/Apr/2024:14:33:18 -0300] "GET /cormun//static/Resources/PXToolsGridDelete.png HTTP/1.1" 200 538
181.212.47.137 - - [15/Apr/2024:14:33:18 -0300] "GET /cormun/static/Shared/ext/resources/themes/images/default/tools/tool-sprites.gif HTTP/1.1" 200 5434
181.212.47.137 - - [15/Apr/2024:14:33:18 -0300] "GET /cormun/static/Shared/ext/resources/themes/images/default/panel/bg-headersPanel.png HTTP/1.1" 200 255
200.54.103.162 - - [15/Apr/2024:14:33:19 -0300] "POST /cormun/servlet/solicitudot?gx-no-cache=1713202197045 HTTP/1.1" 200 30
200.54.103.162 - - [15/Apr/2024:14:33:24 -0300] "POST /cormun/servlet/solicitudot?gx-no-cache=1713202201876 HTTP/1.1" 200 1481
200.54.103.162 - - [15/Apr/2024:14:33:24 -0300] "POST /cormun/servlet/solicitudot?gx-no-cache=1713202201911 HTTP/1.1" 200 38
181.212.47.137 - - [15/Apr/2024:14:33:27 -0300] "POST /cormun/servlet/trsolicitudgral?c84fa0c11b814e17fcec6c0c0075b51b,,gx-no-cache=1713202199124 HTTP/1.1" 200 6634
181.212.47.137 - - [15/Apr/2024:14:33:29 -0300] "GET /cormun/servlet/vesolicitudgral?2024,21090,, HTTP/1.1" 200 8417
181.212.47.137 - - [15/Apr/2024:14:33:29 -0300] "GET /cormun/static/Resources/PXToolsTabFirstSelected.png HTTP/1.1" 200 1270
181.212.47.137 - - [15/Apr/2024:14:33:29 -0300] "GET /cormun/pexe_scrolldiv.js HTTP/1.1" 404 1009
181.212.47.137 - - [15/Apr/2024:14:33:29 -0300] "GET /cormun/static/gxcfg.js?20201215594983 HTTP/1.1" 200 953
181.212.47.137 - - [15/Apr/2024:14:33:29 -0300] "GET /cormun/static/vesolicitudgral.js?20201215595069 HTTP/1.1" 200 6721
181.212.47.137 - - [15/Apr/2024:14:33:29 -0300] "GET /cormun/static/hwcviewtabs.js?201991422154026 HTTP/1.1" 200 1074
181.212.47.137 - - [15/Apr/2024:14:33:30 -0300] "GET /cormun/static/Resources/PXToolsTabLastUnselected.png HTTP/1.1" 200 1297
181.212.47.137 - - [15/Apr/2024:14:33:30 -0300] "GET /cormun/static/Resources/PXToolsTabPrevious.gif HTTP/1.1" 200 172
181.212.47.137 - - [15/Apr/2024:14:33:30 -0300] "GET /cormun/static/tbsolicitudgral01.js?20199142226376 HTTP/1.1" 200 31320
181.212.47.137 - - [15/Apr/2024:14:33:30 -0300] "GET /cormun/static/hpexe_tabsview.js?2020121447381 HTTP/1.1" 200 1661
181.212.47.137 - - [15/Apr/2024:14:33:30 -0300] "GET /cormun/static/Resources/PXToolsTabNext.gif HTTP/1.1" 200 168
181.212.47.137 - - [15/Apr/2024:14:33:30 -0300] "GET /cormun/static/calendar-system.css HTTP/1.1" 200 5572
181.212.47.137 - - [15/Apr/2024:14:33:30 -0300] "GET /cormun/static/Resources/PXToolsTabBackUnselected.png HTTP/1.1" 200 1175
181.212.47.137 - - [15/Apr/2024:14:33:30 -0300] "GET /cormun/static/Resources/PXToolsTabBackSelected.png HTTP/1.1" 200 1157
181.212.47.137 - - [15/Apr/2024:14:33:30 -0300] "GET /cormun/static/Resources/PXToolsTabUnselectedUnselected.png HTTP/1.1" 200 1470
181.212.47.137 - - [15/Apr/2024:14:33:30 -0300] "GET /cormun/static/Resources/PXToolsTabSelectedUnselected.png HTTP/1.1" 200 1451
181.212.47.137 - - [15/Apr/2024:14:33:31 -0300] "GET /cormun/servlet/vesolicitudgral?2024,21090,,SolicitudOTAdjuntos HTTP/1.1" 200 10954
181.212.47.137 - - [15/Apr/2024:14:33:31 -0300] "GET /cormun/static/tbsolicitudgral02.js?202211298373061 HTTP/1.1" 200 13312
181.212.47.137 - - [15/Apr/2024:14:33:31 -0300] "GET /cormun/pexe_scrolldiv.js HTTP/1.1" 404 1009
181.212.47.137 - - [15/Apr/2024:14:33:31 -0300] "GET /cormun/static/Resources/PXToolsTabFirstUnselected.png HTTP/1.1" 200 1278
181.212.47.137 - - [15/Apr/2024:14:33:31 -0300] "GET /cormun/static/Resources/PXToolsTabUnselectedSelected.png HTTP/1.1" 200 1458
181.212.47.137 - - [15/Apr/2024:14:33:31 -0300] "GET /cormun/static/gxui/gxui-all.css HTTP/1.1" 200 2179
181.212.47.137 - - [15/Apr/2024:14:33:31 -0300] "GET /cormun/static/Shared/ext/resources/css/ext-all.css HTTP/1.1" 200 416045
181.212.47.137 - - [15/Apr/2024:14:33:32 -0300] "POST /cormun/servlet/acontrolpreferencessavestate?None,RRHH+DANIELA,true HTTP/1.1" 200 35
200.54.103.162 - - [15/Apr/2024:14:33:33 -0300] "GET /cormun/servlet/solicitudot?4143f9ee9af08ca2d5f5647d70495f13892c2a21c8df9987fc51cc440d28f09bd0e274185860efcf1b82d705a0668ec5677c3ad0e10ad2017b24187cdd5c48f22272b7762f6eec801a3ae5e9d223ac2208fc6104b46eeb0a69076cad33d27e0ac478566ffd2cf21191db295b619ab490,gx-no-cache=1713202210606 HTTP/1.1" 200 110
200.54.103.162 - - [15/Apr/2024:14:33:33 -0300] "POST /cormun/servlet/solicitudot?gx-no-cache=1713202210626 HTTP/1.1" 200 97
181.212.47.137 - - [15/Apr/2024:14:33:33 -0300] "GET /cormun/PublicTempStorage/c_v3006539.pdf HTTP/1.1" 200 117117
200.54.103.162 - - [15/Apr/2024:14:33:40 -0300] "GET /cormun/servlet/solicitudot?4143f9ee9af08ca2d5f5647d70495f13937b6efab690e108085e07891ffa4df36f8021f91b0efab5835201e6e965f39f6e195f2b79b01c91f3957444f28e437c7ec1ccfc841dc6476568f642553fca14f75c6e395cc543aaec2bd75325c33970a507d6fb6a4561c36bffeb68c17ee92d,gx-no-cache=1713202218485 HTTP/1.1" 200 29
200.54.103.162 - - [15/Apr/2024:14:33:41 -0300] "GET /cormun/static/menuarrow.gif HTTP/1.1" 404 1015
200.54.103.162 - - [15/Apr/2024:14:33:44 -0300] "GET /cormun/servlet/solicitudot?4143f9ee9af08ca2d5f5647d70495f13260f03c89c9805575679f3fe29f9be0189ea3532d23648d6eb8891547b087432,gx-no-cache=1713202221699 HTTP/1.1" 200 30
104.211.2.187 - - [15/Apr/2024:14:33:46 -0300] "GET /manager/html HTTP/1.1" 401 2474
200.54.103.162 - - [15/Apr/2024:14:33:51 -0300] "POST /cormun/servlet/solicitudot?gx-no-cache=1713202229383 HTTP/1.1" 200 30
200.54.103.162 - - [15/Apr/2024:14:33:57 -0300] "POST /cormun/servlet/solicitudot?86c29fbb4f60d5b77a10c707306d04b4,INS,0,0,false,,gx-no-cache=1713202234576 HTTP/1.1" 200 93
200.54.103.162 - - [15/Apr/2024:14:33:57 -0300] "GET /cormun/servlet/hpexe_return? HTTP/1.1" 200 1006
200.54.103.162 - - [15/Apr/2024:14:33:57 -0300] "GET /cormun/servlet/trsolicitudot HTTP/1.1" 200 9339
104.211.2.187 - - [15/Apr/2024:14:34:22 -0300] "GET /manager/html HTTP/1.1" 401 2474
190.171.141.114 - - [15/Apr/2024:14:34:40 -0300] "GET /cormun/servlet/solicitudot?c56a3a8f9eb0c96f6231b00195d2b803810c9b616841ad24797ba7dfb1976660,gx-no-cache=1713202267515 HTTP/1.1" 200 94
190.171.141.114 - - [15/Apr/2024:14:34:40 -0300] "GET /cormun/static/Shared/jqueryui/images/ui-bg_highlight-soft_100_c6c2c8_1x100.png HTTP/1.1" 404 1117
190.171.141.114 - - [15/Apr/2024:14:34:40 -0300] "GET /cormun/static/Shared/jqueryui/images/ui-icons_ebccce_256x240.png HTTP/1.1" 404 1089
190.171.141.114 - - [15/Apr/2024:14:34:40 -0300] "GET /cormun/static/Shared/jqueryui/images/ui-icons_82798d_256x240.png HTTP/1.1" 404 1089
190.171.141.114 - - [15/Apr/2024:14:34:40 -0300] "GET /cormun/servlet/solicitudot?c56a3a8f9eb0c96f6231b00195d2b80343b35313f4cb0a1eddb2c39834d8e452,gx-no-cache=1713202267609 HTTP/1.1" 200 29
190.171.141.114 - - [15/Apr/2024:14:34:40 -0300] "GET /cormun/static/Shared/jqueryui/images/ui-bg_flat_55_994d53_40x100.png HTTP/1.1" 404 1097
190.171.141.114 - - [15/Apr/2024:14:34:40 -0300] "POST /cormun/servlet/solicitudot?gx-no-cache=1713202267635 HTTP/1.1" 200 297
190.171.141.114 - - [15/Apr/2024:14:34:40 -0300] "GET /cormun/servlet/solicitudot?c56a3a8f9eb0c96f6231b00195d2b80387fdabaea91aeb9304b8d9d5d2f1296c8fe23e6af5d1b299c4080d2e3b6fc9ecb619c5fb456c6030fef192c86f68ab37be290a2bfb5ad9b20eb24ce8744a218e37b81e437785666aac2b5e19d4c58e291cc0ed3f54b4cdad161a96b16b9ac99e533b4e8d80a6a340edae140351c8a0ae553e3db269eeeb5f53b4f72589739bf0533f0cdc65b891dd5837144c614107d3baf0f57ae1d7f88dc3622b8fe86914ed0c7ed09138e9e5eba97241f530a0159effecf1b5e9320d2cc85b9a9a8811a1163c45926ab86f00a6958231094975cdd123f335e4765300cdd6f624d7d9613ff8f89f27706a35144d07c98a1e63dbd1358acfbab1cc05d40c7c46e8342dbe78e2fada88c37cd7fbc3902afff79fa4f6148ece8834f4f16e3a619f11266ea03410e41cfeadfa04cb057cabc98291d57b4946fa9f1285b4e6386eadbc701791b4ce4d7391d622b745cd52c3657efb61ab3b4cc13ece20b5cecd5f88afd2fe44434ebbebbd459c15b1080dec0f7f177a71d92de0390c0fc8b4f85c77dbb9cbdd0b51,gx-no-cache=1713202267665 HTTP/1.1" 200 30
190.171.141.114 - - [15/Apr/2024:14:34:42 -0300] "POST /cormun/servlet/solicitudot?gx-no-cache=1713202269726 HTTP/1.1" 200 30
190.171.141.114 - - [15/Apr/2024:14:34:44 -0300] "POST /cormun/servlet/solicitudot?gx-no-cache=1713202271397 HTTP/1.1" 200 1479
190.171.141.114 - - [15/Apr/2024:14:34:44 -0300] "POST /cormun/servlet/solicitudot?gx-no-cache=1713202271435 HTTP/1.1" 200 38
104.211.2.187 - - [15/Apr/2024:14:34:57 -0300] "GET /manager/html HTTP/1.1" 401 2474
190.171.141.114 - - [15/Apr/2024:14:35:03 -0300] "GET /cormun/servlet/solicitudot?c56a3a8f9eb0c96f6231b00195d2b803e3c5610b14dfe0c799c321f75b5e7a74f58c65527acd170596ba80f328f401908627055c76024f78921f35bcd6dae84da228d170554f57a1b580bc02132f620d9581bca65e5f0a74b826ff28a7e81d95d7fc856bc9cfad2de85f96b67bfd127a,gx-no-cache=1713202290450 HTTP/1.1" 200 110
190.171.141.114 - - [15/Apr/2024:14:35:03 -0300] "POST /cormun/servlet/solicitudot?gx-no-cache=1713202290478 HTTP/1.1" 200 69
190.171.141.114 - - [15/Apr/2024:14:35:08 -0300] "POST /cormun/servlet/solicitudot?gx-no-cache=1713202295320 HTTP/1.1" 200 72
190.171.141.114 - - [15/Apr/2024:14:35:17 -0300] "GET /cormun/servlet/solicitudot?c56a3a8f9eb0c96f6231b00195d2b8036eaaf8ff3703f4795d854e63678aa2ec589db6456619cc6215fd13bbb2aa9bb3611be3c6d1ec04552c9e206b26c4c4450b1d7e43dbc4c0e6f437249326cb6853c66500569c1536c76467ab552a67a47e7a60fd8c8fbe0aab5e704e562a496777,gx-no-cache=1713202304982 HTTP/1.1" 200 29
190.171.141.114 - - [15/Apr/2024:14:35:20 -0300] "GET /cormun/servlet/solicitudot?c56a3a8f9eb0c96f6231b00195d2b8038c2a8e57b18870a79d988fd5b52d812a2a1f6944073226d065552db696b38e56,gx-no-cache=1713202307162 HTTP/1.1" 200 30
200.54.103.162 - - [15/Apr/2024:14:35:32 -0300] "POST /cormun/servlet/trlicencias?3676cde8c814e5560d8d22fdaef96434,,gx-no-cache=1713202319155 HTTP/1.1" 440 972
190.171.141.114 - - [15/Apr/2024:14:35:32 -0300] "POST /cormun/servlet/solicitudot?gx-no-cache=1713202319493 HTTP/1.1" 200 30
104.211.2.187 - - [15/Apr/2024:14:35:33 -0300] "GET /manager/html HTTP/1.1" 401 2474
200.54.103.162 - - [15/Apr/2024:14:35:33 -0300] "GET /cormun/servlet/trlicencias? HTTP/1.1" 200 6039
200.54.103.162 - - [15/Apr/2024:14:35:34 -0300] "GET /cormun/servlet/hlogin HTTP/1.1" 200 1728
200.54.103.162 - - [15/Apr/2024:14:35:40 -0300] "POST /cormun/servlet/hlogin?0f7b66eaad6f96d6e205e128fa0956c8,gx-no-cache=1713202327667 HTTP/1.1" 200 90
200.54.103.162 - - [15/Apr/2024:14:35:40 -0300] "GET /cormun/servlet/hpexe_link HTTP/1.1" 200 947
200.54.103.162 - - [15/Apr/2024:14:35:40 -0300] "GET /cormun/servlet/trlicencias HTTP/1.1" 200 10588
190.171.141.114 - - [15/Apr/2024:14:35:52 -0300] "POST /cormun/servlet/solicitudot?gx-no-cache=1713202339870 HTTP/1.1" 200 257
190.171.141.114 - - [15/Apr/2024:14:36:06 -0300] "GET /cormun/servlet/solicitudot?c56a3a8f9eb0c96f6231b00195d2b80387fdabaea91aeb9304b8d9d5d2f1296c3cef0da0c31f37922f501cc92614420bb619c5fb456c6030fef192c86f68ab37be290a2bfb5ad9b20eb24ce8744a218e37b81e437785666aac2b5e19d4c58e291cc0ed3f54b4cdad161a96b16b9ac99e533b4e8d80a6a340edae140351c8a0ae553e3db269eeeb5f53b4f72589739bf0533f0cdc65b891dd5837144c614107d3baf0f57ae1d7f88dc3622b8fe86914ed0c7ed09138e9e5eba97241f530a0159effecf1b5e9320d2cc85b9a9a8811a1163c45926ab86f00a6958231094975cdd123f335e4765300cdd6f624d7d9613ff8f89f27706a35144d07c98a1e63dbd1358acfbab1cc05d40c7c46e8342dbe78e2fada88c37cd7fbc3902afff79fa4f6148ece8834f4f16e3a619f11266ea03410e41cfeadfa04cb057cabc98291d57b49bb73a88144fe88facb8325e14270042e5ebecf67f060df26a9497411e10ca18d4dd5da56cd7de54d75ea9725efbe7a34fc49e0a6be47fbf3b396b1a83fd60c4c,gx-no-cache=1713202353433 HTTP/1.1" 200 30
190.171.141.114 - - [15/Apr/2024:14:36:06 -0300] "POST /cormun/servlet/solicitudot?gx-no-cache=1713202353458 HTTP/1.1" 200 30
190.171.141.114 - - [15/Apr/2024:14:36:06 -0300] "POST /cormun/servlet/solicitudot?gx-no-cache=1713202353490 HTTP/1.1" 200 1479
190.171.141.114 - - [15/Apr/2024:14:36:06 -0300] "POST /cormun/servlet/solicitudot?gx-no-cache=1713202353520 HTTP/1.1" 200 41
190.171.141.114 - - [15/Apr/2024:14:36:06 -0300] "GET /cormun/servlet/solicitudot?c56a3a8f9eb0c96f6231b00195d2b803e3c5610b14dfe0c799c321f75b5e7a74f58c65527acd170596ba80f328f401908627055c76024f78921f35bcd6dae84da228d170554f57a1b580bc02132f620d9581bca65e5f0a74b826ff28a7e81d95d7fc856bc9cfad2de85f96b67bfd127a,gx-no-cache=1713202353545 HTTP/1.1" 200 110
190.171.141.114 - - [15/Apr/2024:14:36:06 -0300] "POST /cormun/servlet/solicitudot?gx-no-cache=1713202353570 HTTP/1.1" 200 72
190.171.141.114 - - [15/Apr/2024:14:36:06 -0300] "GET /cormun/servlet/solicitudot?c56a3a8f9eb0c96f6231b00195d2b8038c2a8e57b18870a79d988fd5b52d812a2a1f6944073226d065552db696b38e56,gx-no-cache=1713202353598 HTTP/1.1" 200 30
190.171.141.114 - - [15/Apr/2024:14:36:06 -0300] "POST /cormun/servlet/solicitudot?gx-no-cache=1713202353633 HTTP/1.1" 200 30
190.171.141.114 - - [15/Apr/2024:14:36:06 -0300] "POST /cormun/servlet/solicitudot?944fa9c4d677591d850a0523ef120afb,INS,0,0,false,,gx-no-cache=1713202353672 HTTP/1.1" 200 12959
104.211.2.187 - - [15/Apr/2024:14:36:08 -0300] "GET /manager/html HTTP/1.1" 401 2474
190.171.141.114 - - [15/Apr/2024:14:36:36 -0300] "GET /cormun/servlet/solicitudot?c56a3a8f9eb0c96f6231b00195d2b803d2c3965f92222f128af76bd41e6b309e820a191f238fea0de9bcf55ddae8199a,gx-no-cache=1713202383414 HTTP/1.1" 200 30
190.171.141.114 - - [15/Apr/2024:14:36:36 -0300] "GET /cormun/servlet/solicitudot?c56a3a8f9eb0c96f6231b00195d2b80387fdabaea91aeb9304b8d9d5d2f1296c3cef0da0c31f37922f501cc92614420bb619c5fb456c6030fef192c86f68ab37be290a2bfb5ad9b20eb24ce8744a218e37b81e437785666aac2b5e19d4c58e291cc0ed3f54b4cdad161a96b16b9ac99e533b4e8d80a6a340edae140351c8a0ae553e3db269eeeb5f53b4f72589739bf0533f0cdc65b891dd5837144c614107d3baf0f57ae1d7f88dc3622b8fe86914ed0c7ed09138e9e5eba97241f530a0159effecf1b5e9320d2cc85b9a9a8811a1163c45926ab86f00a6958231094975cdd123f335e4765300cdd6f624d7d9613ff8f89f27706a35144d07c98a1e63dbd1358acfbab1cc05d40c7c46e8342dbe78e2fada88c37cd7fbc3902afff79fa4f6148ece8834f4f16e3a619f11266ea03410e41cfeadfa04cb057cabc98291d57b49bb73a88144fe88facb8325e14270042e5ebecf67f060df26a9497411e10ca18d4dd5da56cd7de54d75ea9725efbe7a34fc49e0a6be47fbf3b396b1a83fd60c4c,gx-no-cache=1713202383445 HTTP/1.1" 200 30
190.171.141.114 - - [15/Apr/2024:14:36:36 -0300] "POST /cormun/servlet/solicitudot?gx-no-cache=1713202383468 HTTP/1.1" 200 30
190.171.141.114 - - [15/Apr/2024:14:36:36 -0300] "POST /cormun/servlet/solicitudot?gx-no-cache=1713202383500 HTTP/1.1" 200 1479
190.171.141.114 - - [15/Apr/2024:14:36:36 -0300] "POST /cormun/servlet/solicitudot?gx-no-cache=1713202383529 HTTP/1.1" 200 41
190.171.141.114 - - [15/Apr/2024:14:36:36 -0300] "GET /cormun/servlet/solicitudot?c56a3a8f9eb0c96f6231b00195d2b803e3c5610b14dfe0c799c321f75b5e7a74f58c65527acd170596ba80f328f401908627055c76024f78921f35bcd6dae84da228d170554f57a1b580bc02132f620d9581bca65e5f0a74b826ff28a7e81d95d7fc856bc9cfad2de85f96b67bfd127a,gx-no-cache=1713202383571 HTTP/1.1" 200 110
190.171.141.114 - - [15/Apr/2024:14:36:36 -0300] "POST /cormun/servlet/solicitudot?gx-no-cache=1713202383607 HTTP/1.1" 200 64
190.171.141.114 - - [15/Apr/2024:14:36:36 -0300] "GET /cormun/servlet/solicitudot?c56a3a8f9eb0c96f6231b00195d2b8038c2a8e57b18870a79d988fd5b52d812a2a1f6944073226d065552db696b38e56,gx-no-cache=1713202383633 HTTP/1.1" 200 30
190.171.141.114 - - [15/Apr/2024:14:36:36 -0300] "POST /cormun/servlet/solicitudot?gx-no-cache=1713202383662 HTTP/1.1" 200 30
190.171.141.114 - - [15/Apr/2024:14:36:36 -0300] "POST /cormun/servlet/solicitudot?944fa9c4d677591d850a0523ef120afb,INS,0,0,false,,gx-no-cache=1713202383687 HTTP/1.1" 200 93
190.171.141.114 - - [15/Apr/2024:14:36:36 -0300] "GET /cormun/servlet/hpexe_return? HTTP/1.1" 200 1014
190.171.141.114 - - [15/Apr/2024:14:36:37 -0300] "GET /cormun/servlet/trsolicitudot HTTP/1.1" 200 10184
104.211.2.187 - - [15/Apr/2024:14:36:43 -0300] "GET /manager/html HTTP/1.1" 401 2474
190.171.141.114 - - [15/Apr/2024:14:36:53 -0300] "POST /cormun/servlet/trsolicitudot?944fa9c4d677591d850a0523ef120afb,gx-no-cache=1713202400643 HTTP/1.1" 200 111
190.171.141.114 - - [15/Apr/2024:14:36:53 -0300] "GET /cormun/servlet/solicitudot?UPD,2024,21234,false, HTTP/1.1" 200 16592
190.171.141.114 - - [15/Apr/2024:14:36:54 -0300] "POST /cormun/servlet/solicitudot?gx-no-cache=1713202401549 HTTP/1.1" 200 4094
190.171.141.114 - - [15/Apr/2024:14:36:54 -0300] "POST /cormun/servlet/solicitudot?944fa9c4d677591d850a0523ef120afb,UPD,2024,21234,false,,gx-no-cache=1713202401658 HTTP/1.1" 200 12767
190.171.141.114 - - [15/Apr/2024:14:36:54 -0300] "GET /cormun/servlet/solicitudot?c56a3a8f9eb0c96f6231b00195d2b8034aba63321ed73075e67bd3c3a1671a4777dace46d1adefd1a5ed650285dfc7ee,gx-no-cache=1713202402039 HTTP/1.1" 200 30
190.171.141.114 - - [15/Apr/2024:14:36:54 -0300] "GET /cormun/servlet/solicitudot?c56a3a8f9eb0c96f6231b00195d2b803eedd362069b69d48279d778054cddc5599bf85562a657a39acdfd24016cd8564b2c2d0069ebb22a1615426a5fd1eea90,gx-no-cache=1713202402061 HTTP/1.1" 200 30
190.171.141.114 - - [15/Apr/2024:14:36:54 -0300] "GET /cormun/servlet/solicitudot?c56a3a8f9eb0c96f6231b00195d2b80343b35313f4cb0a1eddb2c39834d8e452,gx-no-cache=1713202402082 HTTP/1.1" 200 29
190.171.141.114 - - [15/Apr/2024:14:36:54 -0300] "POST /cormun/servlet/solicitudot?gx-no-cache=1713202402105 HTTP/1.1" 200 297
190.171.141.114 - - [15/Apr/2024:14:36:55 -0300] "GET /cormun/servlet/solicitudot?c56a3a8f9eb0c96f6231b00195d2b80387fdabaea91aeb9304b8d9d5d2f1296c8fe23e6af5d1b299c4080d2e3b6fc9ecb619c5fb456c6030fef192c86f68ab37be290a2bfb5ad9b20eb24ce8744a218e37b81e437785666aac2b5e19d4c58e291cc0ed3f54b4cdad161a96b16b9ac99e533b4e8d80a6a340edae140351c8a0ae553e3db269eeeb5f53b4f72589739bf0533f0cdc65b891dd5837144c614107d3baf0f57ae1d7f88dc3622b8fe86914ed0c7ed09138e9e5eba97241f530a0159effecf1b5e9320d2cc85b9a9a8811a1163c45926ab86f00a6958231094975cdd123f335e4765300cdd6f624d7d9613ff8f89f27706a35144d07c98a1e63dbd1358acfbab1cc05d40c7c46e8342dbe78e2fada88c37cd7fbc3902afff79fa4f6148ece8834f4f16e3a619f11266ea03410e41cfeadfa04cb057cabc98291d57b4946fa9f1285b4e6386eadbc701791b4ce4d7391d622b745cd52c3657efb61ab3b4cc13ece20b5cecd5f88afd2fe44434e30ff1a65a14f0b58990f3071a26826ca2de0390c0fc8b4f85c77dbb9cbdd0b51,gx-no-cache=1713202402143 HTTP/1.1" 200 30
190.171.141.114 - - [15/Apr/2024:14:36:55 -0300] "POST /cormun/servlet/solicitudot?gx-no-cache=1713202402172 HTTP/1.1" 200 30
190.171.141.114 - - [15/Apr/2024:14:36:55 -0300] "POST /cormun/servlet/solicitudot?gx-no-cache=1713202402201 HTTP/1.1" 200 1481
190.171.141.114 - - [15/Apr/2024:14:36:55 -0300] "POST /cormun/servlet/solicitudot?gx-no-cache=1713202402234 HTTP/1.1" 200 41
190.171.141.114 - - [15/Apr/2024:14:36:59 -0300] "POST /cormun/servlet/solicitudot?gx-no-cache=1713202407006 HTTP/1.1" 200 257
190.171.141.114 - - [15/Apr/2024:14:37:01 -0300] "GET /cormun/servlet/solicitudot?c56a3a8f9eb0c96f6231b00195d2b80387fdabaea91aeb9304b8d9d5d2f1296c3cef0da0c31f37922f501cc92614420bb619c5fb456c6030fef192c86f68ab37be290a2bfb5ad9b20eb24ce8744a218e37b81e437785666aac2b5e19d4c58e291cc0ed3f54b4cdad161a96b16b9ac99e533b4e8d80a6a340edae140351c8a0ae553e3db269eeeb5f53b4f72589739bf0533f0cdc65b891dd5837144c614107d3baf0f57ae1d7f88dc3622b8fe86914ed0c7ed09138e9e5eba97241f530a0159effecf1b5e9320d2cc85b9a9a8811a1163c45926ab86f00a6958231094975cdd123f335e4765300cdd6f624d7d9613ff8f89f27706a35144d07c98a1e63dbd1358acfbab1cc05d40c7c46e8342dbe78e2fada88c37cd7fbc3902afff79fa4f6148ece8834f4f16e3a619f11266ea03410e41cfeadfa04cb057cabc98291d57b49bb73a88144fe88facb8325e14270042e5ebecf67f060df26a9497411e10ca18d4dd5da56cd7de54d75ea9725efbe7a34fc49e0a6be47fbf3b396b1a83fd60c4c,gx-no-cache=1713202408568 HTTP/1.1" 200 30
190.171.141.114 - - [15/Apr/2024:14:37:01 -0300] "POST /cormun/servlet/solicitudot?gx-no-cache=1713202408592 HTTP/1.1" 200 30
190.171.141.114 - - [15/Apr/2024:14:37:01 -0300] "POST /cormun/servlet/solicitudot?gx-no-cache=1713202408622 HTTP/1.1" 200 1481
190.171.141.114 - - [15/Apr/2024:14:37:01 -0300] "POST /cormun/servlet/solicitudot?gx-no-cache=1713202408654 HTTP/1.1" 200 41
190.171.141.114 - - [15/Apr/2024:14:37:01 -0300] "GET /cormun/servlet/solicitudot?c56a3a8f9eb0c96f6231b00195d2b803e3c5610b14dfe0c799c321f75b5e7a74f58c65527acd170596ba80f328f401908627055c76024f78921f35bcd6dae84da228d170554f57a1b580bc02132f620d9581bca65e5f0a74b826ff28a7e81d95d7fc856bc9cfad2de85f96b67bfd127a,gx-no-cache=1713202408684 HTTP/1.1" 200 110
190.171.141.114 - - [15/Apr/2024:14:37:01 -0300] "POST /cormun/servlet/solicitudot?gx-no-cache=1713202408709 HTTP/1.1" 200 67
