190.171.142.42 - - [15/Apr/2024:09:36:54 -0300] "GET /cormun/servlet/permisogoce?cee16e60a9de6d32a4a008bccd6bf5c455d0246d100e84d0356d924d7b2fb72faa281fdbcf75615e1ad36919ea3f5d351407765a941d21611e4088aa55291613,gx-no-cache=1713184402194 HTTP/1.1" 200 47
190.171.142.42 - - [15/Apr/2024:09:36:57 -0300] "POST /cormun/servlet/permisogoce?23ca55666d442999fb61f0efdc38d73b,INS,0,,,,gx-no-cache=1713184404468 HTTP/1.1" 200 93
190.171.142.42 - - [15/Apr/2024:09:36:57 -0300] "GET /cormun/servlet/hpexe_return? HTTP/1.1" 200 1008
190.171.142.42 - - [15/Apr/2024:09:36:58 -0300] "GET /cormun/static/hpexe_return.js?20221129846037 HTTP/1.1" 200 1633
190.171.142.42 - - [15/Apr/2024:09:36:58 -0300] "GET /cormun/static/gxcfg.js?20221129846035 HTTP/1.1" 200 953
190.171.142.42 - - [15/Apr/2024:09:36:58 -0300] "GET /cormun/servlet/trpermisosgoce HTTP/1.1" 200 12076
68.183.81.241 - - [15/Apr/2024:09:37:18 -0300] "GET /manager/html HTTP/1.1" 401 2474
68.183.81.241 - - [15/Apr/2024:09:38:13 -0300] "GET /manager/html HTTP/1.1" 401 2474
68.183.81.241 - - [15/Apr/2024:09:39:02 -0300] "GET /manager/html HTTP/1.1" 401 2474
190.171.153.50 - - [15/Apr/2024:09:39:34 -0300] "POST /cormun/servlet/trcontratosolicitud?045dd42bb964d2a293d85a1bd1a79191,,gx-no-cache=1713184561589 HTTP/1.1" 200 5486
68.183.81.241 - - [15/Apr/2024:09:39:53 -0300] "GET /manager/html HTTP/1.1" 401 2474
68.183.81.241 - - [15/Apr/2024:09:40:42 -0300] "GET /manager/html HTTP/1.1" 401 2474
201.186.225.183 - - [15/Apr/2024:09:40:44 -0300] "GET /cormun/servlet/trlicencias? HTTP/1.1" 200 6057
201.186.225.183 - - [15/Apr/2024:09:40:45 -0300] "GET /cormun/servlet/hlogin HTTP/1.1" 200 1743
201.186.225.183 - - [15/Apr/2024:09:40:45 -0300] "GET /cormun/servlet/trlicencias? HTTP/1.1" 200 6051
201.186.225.183 - - [15/Apr/2024:09:40:49 -0300] "POST /cormun/servlet/hlogin?ccf53694e57b94e01309f2dd057dd8d9,gx-no-cache=1713184638025 HTTP/1.1" 200 450
201.186.225.183 - - [15/Apr/2024:09:40:52 -0300] "POST /cormun/servlet/hlogin?ccf53694e57b94e01309f2dd057dd8d9,gx-no-cache=1713184640238 HTTP/1.1" 200 450
201.186.225.183 - - [15/Apr/2024:09:41:02 -0300] "POST /cormun/servlet/hlogin?ccf53694e57b94e01309f2dd057dd8d9,gx-no-cache=1713184650358 HTTP/1.1" 200 90
201.186.225.183 - - [15/Apr/2024:09:41:02 -0300] "GET /cormun/servlet/hpexe_link HTTP/1.1" 200 958
201.186.225.183 - - [15/Apr/2024:09:41:02 -0300] "GET /cormun/servlet/trlicencias HTTP/1.1" 200 13982
201.186.225.183 - - [15/Apr/2024:09:41:11 -0300] "GET /cormun/static/menuarrow.gif HTTP/1.1" 404 1015
201.186.225.183 - - [15/Apr/2024:09:41:25 -0300] "POST /cormun/servlet/trlicencias?ccf53694e57b94e01309f2dd057dd8d9,gx-no-cache=1713184673244 HTTP/1.1" 200 5485
68.183.81.241 - - [15/Apr/2024:09:41:33 -0300] "GET /manager/html HTTP/1.1" 401 2474
190.171.141.138 - - [15/Apr/2024:09:42:12 -0300] "GET /cormun/servlet/hlogin HTTP/1.1" 200 1719
190.171.141.138 - - [15/Apr/2024:09:42:12 -0300] "GET /cormun/servlet/hlogin HTTP/1.1" 200 1729
190.171.141.138 - - [15/Apr/2024:09:42:17 -0300] "POST /cormun/servlet/hlogin?d77924cd3777850ceb1cb2e969e380ac,gx-no-cache=1713184724486 HTTP/1.1" 200 90
190.171.141.138 - - [15/Apr/2024:09:42:17 -0300] "GET /cormun/servlet/hpexe_link HTTP/1.1" 200 948
190.171.141.138 - - [15/Apr/2024:09:42:18 -0300] "GET /cormun/servlet/hhome HTTP/1.1" 200 4473
68.183.81.241 - - [15/Apr/2024:09:42:22 -0300] "GET /manager/html HTTP/1.1" 401 2474
190.171.141.138 - - [15/Apr/2024:09:42:26 -0300] "GET /cormun/servlet/trlicencias? HTTP/1.1" 200 12892
190.171.153.50 - - [15/Apr/2024:09:42:28 -0300] "POST /cormun/servlet/trcontratosolicitud?045dd42bb964d2a293d85a1bd1a79191,,gx-no-cache=1713184736005 HTTP/1.1" 200 12620
190.171.153.50 - - [15/Apr/2024:09:42:38 -0300] "GET /cormun/servlet/trautorizarsolicitud? HTTP/1.1" 200 7382
190.171.153.50 - - [15/Apr/2024:09:42:50 -0300] "GET /cormun/static/menuarrow.gif HTTP/1.1" 404 1015
190.171.141.90 - - [15/Apr/2024:09:42:52 -0300] "GET /cormun/servlet/trsolicitudot? HTTP/1.1" 200 10935
190.171.141.90 - - [15/Apr/2024:09:42:54 -0300] "GET /cormun/servlet/solicitudot?INS,0,0,false, HTTP/1.1" 200 15964
190.171.141.90 - - [15/Apr/2024:09:42:54 -0300] "GET /cormun/static/gxcfg.js?20221129840861 HTTP/1.1" 200 953
190.171.141.90 - - [15/Apr/2024:09:42:54 -0300] "GET /cormun/static/solicitudot.js?20221129840983 HTTP/1.1" 200 74072
190.171.153.50 - - [15/Apr/2024:09:42:55 -0300] "POST /cormun/servlet/trautorizarsolicitud?045dd42bb964d2a293d85a1bd1a79191,,gx-no-cache=1713184762766 HTTP/1.1" 200 4548
68.183.81.241 - - [15/Apr/2024:09:43:14 -0300] "GET /manager/html HTTP/1.1" 401 2474
190.171.154.42 - - [15/Apr/2024:09:43:31 -0300] "POST /cormun/servlet/trlicencias?0cab236a46a9375fb15b74878e2e9516,,gx-no-cache=1713184798606 HTTP/1.1" 200 7526
190.171.153.50 - - [15/Apr/2024:09:44:06 -0300] "POST /cormun/servlet/trautorizarsolicitud?045dd42bb964d2a293d85a1bd1a79191,,gx-no-cache=1713184833281 HTTP/1.1" 200 11710
68.183.81.241 - - [15/Apr/2024:09:44:08 -0300] "GET /manager/html HTTP/1.1" 401 2474
190.171.143.82 - - [15/Apr/2024:09:44:18 -0300] "GET /cormun/servlet/hhome HTTP/1.1" 200 3324
190.171.143.82 - - [15/Apr/2024:09:44:19 -0300] "GET /cormun/servlet/hhome HTTP/1.1" 200 3334
190.171.143.82 - - [15/Apr/2024:09:44:20 -0300] "GET /cormun/servlet/hlogin HTTP/1.1" 200 1733
190.171.143.82 - - [15/Apr/2024:09:44:23 -0300] "POST /cormun/servlet/hlogin?9657dad18ba8b00cb675bb24d00a50fc,gx-no-cache=1713184848846 HTTP/1.1" 200 90
190.171.143.82 - - [15/Apr/2024:09:44:23 -0300] "GET /cormun/servlet/hpexe_link HTTP/1.1" 200 951
190.171.143.82 - - [15/Apr/2024:09:44:23 -0300] "GET /cormun/servlet/hhome HTTP/1.1" 200 4236
190.171.143.82 - - [15/Apr/2024:09:44:28 -0300] "GET /cormun/servlet/trsolicitudot? HTTP/1.1" 200 7452
190.171.141.90 - - [15/Apr/2024:09:44:41 -0300] "POST /cormun/servlet/solicitudot?gx-no-cache=1713184875040 HTTP/1.1" 200 4022
190.171.141.90 - - [15/Apr/2024:09:44:41 -0300] "POST /cormun/servlet/solicitudot?86eb91f86b59444136f46d17df516ceb,INS,0,0,false,,gx-no-cache=1713184875156 HTTP/1.1" 200 12603
190.171.141.90 - - [15/Apr/2024:09:44:43 -0300] "GET /cormun/servlet/solicitudot?2a3644e1be20dcbcd8a27678c6a1bd78de75abd69828a40f58fbcc4a7bada4f33d4c9ad40ea3ea49dc5a9f3e48c7d957,gx-no-cache=1713184877339 HTTP/1.1" 200 30
190.95.15.15 - - [15/Apr/2024:09:45:41 -0300] "POST /cormun/servlet/hlogin?e941837c8a3966390ee86609f7594914,gx-no-cache=1713184930191 HTTP/1.1" 200 90
190.95.15.15 - - [15/Apr/2024:09:45:41 -0300] "GET /cormun/servlet/hpexe_link HTTP/1.1" 200 947
190.95.15.15 - - [15/Apr/2024:09:45:41 -0300] "GET /cormun/servlet/hhome HTTP/1.1" 200 3968
190.95.15.15 - - [15/Apr/2024:09:45:43 -0300] "GET /cormun/servlet/trlicencias? HTTP/1.1" 200 11040
190.171.141.90 - - [15/Apr/2024:09:45:50 -0300] "POST /cormun/servlet/solicitudot?86eb91f86b59444136f46d17df516ceb,INS,0,0,false,,gx-no-cache=1713184944460 HTTP/1.1" 200 12791
190.171.141.90 - - [15/Apr/2024:09:45:51 -0300] "GET /cormun/static/Shared/jqueryui/images/ui-bg_highlight-soft_100_c6c2c8_1x100.png HTTP/1.1" 404 1117
190.171.141.90 - - [15/Apr/2024:09:45:51 -0300] "GET /cormun/static/Shared/jqueryui/images/ui-icons_82798d_256x240.png HTTP/1.1" 404 1089
190.171.141.90 - - [15/Apr/2024:09:45:51 -0300] "GET /cormun/static/Shared/jqueryui/images/ui-bg_flat_55_fafafa_40x100.png HTTP/1.1" 404 1097
190.171.141.90 - - [15/Apr/2024:09:45:51 -0300] "GET /cormun/static/Shared/jqueryui/images/ui-icons_8d78a5_256x240.png HTTP/1.1" 404 1089
190.95.15.15 - - [15/Apr/2024:09:45:53 -0300] "GET /cormun/servlet/trlicencias? HTTP/1.1" 200 11040
190.171.141.90 - - [15/Apr/2024:09:45:53 -0300] "GET /cormun/static/Resources/resize.gif HTTP/1.1" 200 77
190.171.141.90 - - [15/Apr/2024:09:45:53 -0300] "GET /cormun/static/Resources/PXTools/ClosePrompt.png HTTP/1.1" 200 1036
190.171.141.90 - - [15/Apr/2024:09:45:53 -0300] "GET /cormun/servlet/prbanco?,MD,,gxPopupLevel%3D0%3B HTTP/1.1" 200 6571
190.171.141.90 - - [15/Apr/2024:09:45:53 -0300] "GET /cormun/static/gxcfg.js?20201216131581 HTTP/1.1" 200 953
190.171.141.90 - - [15/Apr/2024:09:45:53 -0300] "GET /cormun/static/Resources/PXToolsMenuSearch.png HTTP/1.1" 200 336
190.171.141.90 - - [15/Apr/2024:09:45:53 -0300] "GET /cormun/static/prbanco.js?20201216132311 HTTP/1.1" 200 10693
190.171.141.90 - - [15/Apr/2024:09:45:53 -0300] "GET /cormun/static/menusearch.js?20201214473581 HTTP/1.1" 200 1424
190.171.141.90 - - [15/Apr/2024:09:45:53 -0300] "GET /cormun/static/Resources/PXToolsMenuSearchCancel.png HTTP/1.1" 200 306
190.171.141.90 - - [15/Apr/2024:09:45:53 -0300] "GET /cormun/static/hmpwkw011.js?202211298443482 HTTP/1.1" 200 1968
190.171.141.90 - - [15/Apr/2024:09:46:01 -0300] "GET /cormun/servlet/solicitudot?2a3644e1be20dcbcd8a27678c6a1bd786d4a2de4bea644bb293542df1696b8a09988f745918c497ff93e99c5e10a16887728f0597bd4696e5641b20df38d2685,gx-no-cache=1713184954949 HTTP/1.1" 200 30
190.171.141.90 - - [15/Apr/2024:09:46:02 -0300] "GET /cormun/servlet/solicitudot?2a3644e1be20dcbcd8a27678c6a1bd78808ef52aede0cd45a5f790dec0ba26ee,gx-no-cache=1713184956314 HTTP/1.1" 200 53
190.171.141.90 - - [15/Apr/2024:09:46:33 -0300] "POST /cormun/servlet/solicitudot?gx-no-cache=1713184987564 HTTP/1.1" 200 297
190.171.141.90 - - [15/Apr/2024:09:46:36 -0300] "GET /cormun/servlet/solicitudot?2a3644e1be20dcbcd8a27678c6a1bd787a39b500d6ae57cbe71446b26c75d9655df24f418779190def49b80364671bc7c0c49ac061289943a9af453c0e7576616d9cfd815bae671e381b88c54f708685ae2bb95b2e46a434f007ab7e6805ee9390051fcb0c63789a935f39dbe8609d658db626f61134ee78f98bacdfe2424a2e28e7c892089b5586d12e693e4cddc82c1d71d614b551f6712fba14cf697a0832d8b54a4bf4b99fd115459c96bca34f9e8dfa65f5b46d9f598f1e4d6df435ff74599d066ee13cc5dc625b91058f25d051903a5f7cf605312fdd2e2a0f999101e9beabf9b2ead3fa6b7674bf4e0aa88e045f2c184aaffb5058b113d03cdcbf18c584fbc3a32be13a78de018fb903b71f9d32be506ac8b34e267fb8d2ef2ce56bd8bf05f2eba3493de369f4ea621b6aca4b2dce3dba6ed539a4584c772c3e08e877fd85179006cc626dc608bd878814d4257b1b69f6da49321fc371d4f2eb8a31cacc37ae2ad2ecf082e159d32aff012a594596b2ecf94ec1d7b4be28ad8f68e0f9cb283ed3c09f33b21fc26f35ee15f18b,gx-no-cache=1713184989859 HTTP/1.1" 200 30
190.171.141.90 - - [15/Apr/2024:09:46:39 -0300] "POST /cormun/servlet/solicitudot?gx-no-cache=1713184993428 HTTP/1.1" 200 30
190.171.141.90 - - [15/Apr/2024:09:46:40 -0300] "POST /cormun/servlet/solicitudot?gx-no-cache=1713184994470 HTTP/1.1" 200 1479
190.171.141.90 - - [15/Apr/2024:09:46:40 -0300] "POST /cormun/servlet/solicitudot?gx-no-cache=1713184994497 HTTP/1.1" 200 38
190.171.141.90 - - [15/Apr/2024:09:46:46 -0300] "GET /cormun/servlet/solicitudot?2a3644e1be20dcbcd8a27678c6a1bd78dcfae73df9c71e280f5475b786761e0c04ab152574149e369344169235395c9f2391d7e1d2dc7695ca6e9aa6fb842c81d3f0fd9d17bedc98c41ae0212f646fb4fd7f21a4ef1383dee0d549b3b471af163507aee24366d068a5b25fef097133e3,gx-no-cache=1713185000508 HTTP/1.1" 200 110
200.54.107.2 - - [15/Apr/2024:09:47:19 -0300] "GET /cormun/servlet/hlogin HTTP/1.1" 200 1723
200.54.107.2 - - [15/Apr/2024:09:47:27 -0300] "GET /cormun/servlet/hlogin HTTP/1.1" 200 1734
200.54.107.2 - - [15/Apr/2024:09:47:30 -0300] "POST /cormun/servlet/hlogin?0272ef01747e233890cad82f8ee1c92c,gx-no-cache=1713185037908 HTTP/1.1" 200 90
200.54.107.2 - - [15/Apr/2024:09:47:30 -0300] "GET /cormun/servlet/hpexe_link HTTP/1.1" 200 953
200.54.107.2 - - [15/Apr/2024:09:47:30 -0300] "GET /cormun/servlet/hhome HTTP/1.1" 200 4358
200.54.107.2 - - [15/Apr/2024:09:47:35 -0300] "GET /cormun/servlet/trpermisosgoce? HTTP/1.1" 200 8102
200.54.107.2 - - [15/Apr/2024:09:47:35 -0300] "GET /cormun/static/gxcfg.js?2020121631564 HTTP/1.1" 200 953
200.54.107.2 - - [15/Apr/2024:09:47:36 -0300] "GET /cormun/static/trpermisosgoce.js?2020121633681 HTTP/1.1" 200 35904
200.54.107.2 - - [15/Apr/2024:09:47:41 -0300] "GET /cormun/servlet/permisogoce?INS,0,,, HTTP/1.1" 200 7255
200.54.107.2 - - [15/Apr/2024:09:47:41 -0300] "GET /cormun/static/gxcfg.js?20201215124560 HTTP/1.1" 200 953
200.54.107.2 - - [15/Apr/2024:09:47:41 -0300] "GET /cormun/static/permisogoce.js?20201215124939 HTTP/1.1" 200 27790
190.171.141.90 - - [15/Apr/2024:09:47:51 -0300] "POST /cormun/servlet/solicitudot?gx-no-cache=1713185065222 HTTP/1.1" 200 83
190.171.143.82 - - [15/Apr/2024:09:47:53 -0300] "GET /cormun/servlet/solicitudot?INS,0,0,false, HTTP/1.1" 200 16214
190.171.141.90 - - [15/Apr/2024:09:47:55 -0300] "GET /cormun/servlet/solicitudot?2a3644e1be20dcbcd8a27678c6a1bd78f5978a88f21b7c8bf9b6e9ec2b40f5a0700ed3d13ebc5d87f8ced993b471845ba72d05968bc031d858df5aed0f71fdd89198283edbb23c1856b80109b5f5b73a160305304d164ebe10f8eb445f3a2fd2cb2be2553f8361f1762ddfca7e53032d,gx-no-cache=1713185069164 HTTP/1.1" 200 29
190.171.141.90 - - [15/Apr/2024:09:47:55 -0300] "GET /cormun/static/menuarrow.gif HTTP/1.1" 404 1015
190.171.141.90 - - [15/Apr/2024:09:47:58 -0300] "GET /cormun/servlet/solicitudot?2a3644e1be20dcbcd8a27678c6a1bd7853a7b85ea903e6693a324710bf4879b23a3f4e161711f34006e54c92f6a6ccd1,gx-no-cache=1713185071810 HTTP/1.1" 200 30
190.171.141.90 - - [15/Apr/2024:09:48:06 -0300] "POST /cormun/servlet/solicitudot?gx-no-cache=1713185079932 HTTP/1.1" 200 30
190.171.141.90 - - [15/Apr/2024:09:48:09 -0300] "POST /cormun/servlet/solicitudot?86eb91f86b59444136f46d17df516ceb,INS,0,0,false,,gx-no-cache=1713185082070 HTTP/1.1" 200 93
190.171.141.90 - - [15/Apr/2024:09:48:09 -0300] "GET /cormun/servlet/hpexe_return? HTTP/1.1" 200 1008
190.171.141.90 - - [15/Apr/2024:09:48:09 -0300] "GET /cormun/servlet/trsolicitudot HTTP/1.1" 200 11317
190.171.153.50 - - [15/Apr/2024:09:52:13 -0300] "GET /cormun/servlet/trcontratosolicitud? HTTP/1.1" 200 14792
190.171.153.50 - - [15/Apr/2024:09:53:32 -0300] "GET /cormun/servlet/trautorizarsolicitud? HTTP/1.1" 200 14465
190.171.141.90 - - [15/Apr/2024:09:53:59 -0300] "GET /cormun/servlet/solicitudot?INS,0,0,false, HTTP/1.1" 200 15962
190.171.141.90 - - [15/Apr/2024:09:54:14 -0300] "POST /cormun/servlet/solicitudot?gx-no-cache=1713185447904 HTTP/1.1" 200 4031
190.171.141.90 - - [15/Apr/2024:09:54:14 -0300] "POST /cormun/servlet/solicitudot?86eb91f86b59444136f46d17df516ceb,INS,0,0,false,,gx-no-cache=1713185448002 HTTP/1.1" 200 12606
190.171.141.90 - - [15/Apr/2024:09:54:16 -0300] "GET /cormun/servlet/solicitudot?2a3644e1be20dcbcd8a27678c6a1bd783166c9b86ba3dbfd99f10f6b9490ef853d4c9ad40ea3ea49dc5a9f3e48c7d957,gx-no-cache=1713185449740 HTTP/1.1" 200 30
190.171.141.138 - - [15/Apr/2024:09:54:28 -0300] "GET /cormun/servlet/hlogin HTTP/1.1" 200 1719
190.171.141.138 - - [15/Apr/2024:09:54:29 -0300] "GET /cormun/servlet/hlogin HTTP/1.1" 200 1730
190.171.141.138 - - [15/Apr/2024:09:54:32 -0300] "POST /cormun/servlet/hlogin?7ec1745599694bd9e04f44f2fae4038b,gx-no-cache=1713185459438 HTTP/1.1" 200 90
190.171.141.138 - - [15/Apr/2024:09:54:32 -0300] "GET /cormun/servlet/hpexe_link HTTP/1.1" 200 950
190.171.141.138 - - [15/Apr/2024:09:54:32 -0300] "GET /cormun/servlet/hhome HTTP/1.1" 200 4475
190.171.141.138 - - [15/Apr/2024:09:54:35 -0300] "GET /cormun/servlet/trsolicitudot? HTTP/1.1" 200 7698
190.171.141.138 - - [15/Apr/2024:09:54:38 -0300] "GET /cormun/servlet/solicitudot?INS,0,0,false, HTTP/1.1" 200 16471
190.171.141.138 - - [15/Apr/2024:09:54:48 -0300] "POST /cormun/servlet/solicitudot?gx-no-cache=1713185475536 HTTP/1.1" 200 4022
190.171.141.138 - - [15/Apr/2024:09:54:48 -0300] "POST /cormun/servlet/solicitudot?7ec1745599694bd9e04f44f2fae4038b,INS,0,0,false,,gx-no-cache=1713185475638 HTTP/1.1" 200 12880
190.171.141.138 - - [15/Apr/2024:09:54:51 -0300] "GET /cormun/servlet/solicitudot?aa5f677287057c64f52dda9ab6b8db37105ef129ed4390a7ce634ac7ee96ddbf87cf5a145b60a8f011412482a6f632fa,gx-no-cache=1713185479221 HTTP/1.1" 200 30
190.171.141.90 - - [15/Apr/2024:09:55:31 -0300] "GET /cormun/servlet/prbanco?,MD,,gxPopupLevel%3D0%3B HTTP/1.1" 200 6571
190.171.141.90 - - [15/Apr/2024:09:55:36 -0300] "GET /cormun/servlet/solicitudot?2a3644e1be20dcbcd8a27678c6a1bd78c034db95b3702a3dd3fe8ce9c53d1f84,gx-no-cache=1713185524272 HTTP/1.1" 200 94
190.171.141.90 - - [15/Apr/2024:09:55:36 -0300] "GET /cormun/static/Shared/jqueryui/images/ui-bg_highlight-soft_100_c6c2c8_1x100.png HTTP/1.1" 404 1117
190.171.141.90 - - [15/Apr/2024:09:55:36 -0300] "GET /cormun/static/Shared/jqueryui/images/ui-icons_82798d_256x240.png HTTP/1.1" 404 1089
190.171.141.90 - - [15/Apr/2024:09:55:36 -0300] "GET /cormun/static/Shared/jqueryui/images/ui-bg_flat_55_994d53_40x100.png HTTP/1.1" 404 1097
190.171.141.90 - - [15/Apr/2024:09:55:36 -0300] "GET /cormun/static/Shared/jqueryui/images/ui-icons_ebccce_256x240.png HTTP/1.1" 404 1089
190.171.141.90 - - [15/Apr/2024:09:55:37 -0300] "GET /cormun/servlet/solicitudot?2a3644e1be20dcbcd8a27678c6a1bd78808ef52aede0cd45a5f790dec0ba26ee,gx-no-cache=1713185525286 HTTP/1.1" 200 53
190.171.152.114 - - [15/Apr/2024:09:55:45 -0300] "GET /cormun/servlet/hlogin HTTP/1.1" 200 1717
190.171.152.114 - - [15/Apr/2024:09:55:45 -0300] "GET /cormun/servlet/hlogin HTTP/1.1" 200 1727
190.171.141.90 - - [15/Apr/2024:09:55:51 -0300] "POST /cormun/servlet/solicitudot?gx-no-cache=1713185538951 HTTP/1.1" 200 255
190.171.141.90 - - [15/Apr/2024:09:55:53 -0300] "GET /cormun/servlet/solicitudot?2a3644e1be20dcbcd8a27678c6a1bd787a39b500d6ae57cbe71446b26c75d96570ff7aeedf316c422436bf4ced1592cbc0c49ac061289943a9af453c0e7576616d9cfd815bae671e381b88c54f708685ae2bb95b2e46a434f007ab7e6805ee9390051fcb0c63789a935f39dbe8609d658db626f61134ee78f98bacdfe2424a2e28e7c892089b5586d12e693e4cddc82c1d71d614b551f6712fba14cf697a0832d8b54a4bf4b99fd115459c96bca34f9e8dfa65f5b46d9f598f1e4d6df435ff74599d066ee13cc5dc625b91058f25d051903a5f7cf605312fdd2e2a0f999101e9beabf9b2ead3fa6b7674bf4e0aa88e04e57a404331c56dc6b0889342e059f76f84fbc3a32be13a78de018fb903b71f9d3ffa83e6c0e63a8136fef7d4eb411baf3b979c757a1e09eed4bba7eae1b865eae805677f2057932d710d9a4fdb8759c81b4cc3e1eb6f3624da3ce4904813122197b470c568de6ed501f5711618dad96ac9d67415fc1a595f00e52a5db9d38eb05d450dc98925762cf28bbaae31b7eedb,gx-no-cache=1713185540822 HTTP/1.1" 200 30
190.171.141.90 - - [15/Apr/2024:09:55:56 -0300] "POST /cormun/servlet/solicitudot?gx-no-cache=1713185543734 HTTP/1.1" 200 30
190.171.141.90 - - [15/Apr/2024:09:55:57 -0300] "POST /cormun/servlet/solicitudot?gx-no-cache=1713185544775 HTTP/1.1" 200 1481
190.171.141.90 - - [15/Apr/2024:09:55:57 -0300] "POST /cormun/servlet/solicitudot?gx-no-cache=1713185544803 HTTP/1.1" 200 38
190.171.153.34 - - [15/Apr/2024:09:56:01 -0300] "GET /cormun/servlet/licenciaspermisos?INS,0,,, HTTP/1.1" 200 6778
190.171.153.34 - - [15/Apr/2024:09:56:01 -0300] "GET /cormun/static/gxcfg.js?202012153173 HTTP/1.1" 200 953
190.171.153.34 - - [15/Apr/2024:09:56:02 -0300] "GET /cormun/static/licenciaspermisos.js?2020121532136 HTTP/1.1" 200 38753
190.171.153.34 - - [15/Apr/2024:09:56:02 -0300] "GET /cormun/servlet/hlogin HTTP/1.1" 200 1743
190.171.152.114 - - [15/Apr/2024:09:56:02 -0300] "POST /cormun/servlet/hlogin?fb8eacc75aae5fb0830cc53a9e2164b8,gx-no-cache=1713185550111 HTTP/1.1" 200 90
190.171.152.114 - - [15/Apr/2024:09:56:02 -0300] "GET /cormun/servlet/hpexe_link HTTP/1.1" 200 948
190.171.152.114 - - [15/Apr/2024:09:56:02 -0300] "GET /cormun/servlet/hhome HTTP/1.1" 200 4326
190.171.152.114 - - [15/Apr/2024:09:56:05 -0300] "GET /cormun/servlet/trlicencias? HTTP/1.1" 200 13139
190.171.153.34 - - [15/Apr/2024:09:56:15 -0300] "POST /cormun/servlet/hlogin?07fda104cc7664efd2a2c2452101cbd5,gx-no-cache=1713185562530 HTTP/1.1" 200 90
190.171.153.34 - - [15/Apr/2024:09:56:15 -0300] "GET /cormun/servlet/hpexe_link HTTP/1.1" 200 962
190.171.153.34 - - [15/Apr/2024:09:56:15 -0300] "GET /cormun/servlet/licenciaspermisos?INS,0,,, HTTP/1.1" 200 7798
190.171.152.114 - - [15/Apr/2024:09:56:26 -0300] "GET /cormun/servlet/alicenciaprn?13801860,L,20240412000000,PU HTTP/1.1" 200 1535
190.171.153.34 - - [15/Apr/2024:09:56:30 -0300] "GET /cormun/servlet/licenciaspermisos?1659b62abb4506c063c9538a4869c490c1869dcdf8fdbbcd225744bf7360351d13f40086948e4d364abeb16189c1fb1517bb38aa093f8af67009119d20c51cc8,gx-no-cache=1713185577825 HTTP/1.1" 200 101
190.171.153.34 - - [15/Apr/2024:09:56:30 -0300] "POST /cormun/servlet/licenciaspermisos?07fda104cc7664efd2a2c2452101cbd5,INS,0,,,,gx-no-cache=1713185577851 HTTP/1.1" 200 4855
190.171.141.90 - - [15/Apr/2024:09:56:33 -0300] "GET /cormun/servlet/solicitudot?2a3644e1be20dcbcd8a27678c6a1bd78dcfae73df9c71e280f5475b786761e0c04ab152574149e369344169235395c9f2391d7e1d2dc7695ca6e9aa6fb842c81d3f0fd9d17bedc98c41ae0212f646fb4fd7f21a4ef1383dee0d549b3b471af163507aee24366d068a5b25fef097133e3,gx-no-cache=1713185580573 HTTP/1.1" 200 110
190.171.153.50 - - [15/Apr/2024:09:56:37 -0300] "POST /cormun/servlet/trautorizarsolicitud?045dd42bb964d2a293d85a1bd1a79191,,gx-no-cache=1713185584242 HTTP/1.1" 200 11710
190.171.141.90 - - [15/Apr/2024:09:56:38 -0300] "POST /cormun/servlet/solicitudot?gx-no-cache=1713185585375 HTTP/1.1" 200 110
190.171.152.114 - - [15/Apr/2024:09:56:43 -0300] "GET /cormun/servlet/alicenciaprn?12691831,L,20240412000000,PU HTTP/1.1" 200 1556
190.171.141.90 - - [15/Apr/2024:09:56:48 -0300] "GET /cormun/servlet/solicitudot?2a3644e1be20dcbcd8a27678c6a1bd78f5978a88f21b7c8bf9b6e9ec2b40f5a0700ed3d13ebc5d87f8ced993b471845ba72d05968bc031d858df5aed0f71fdd89198283edbb23c1856b80109b5f5b73a160305304d164ebe10f8eb445f3a2fd2cb2be2553f8361f1762ddfca7e53032d,gx-no-cache=1713185595543 HTTP/1.1" 200 29
190.171.141.90 - - [15/Apr/2024:09:56:48 -0300] "GET /cormun/static/menuarrow.gif HTTP/1.1" 404 1015
190.171.141.90 - - [15/Apr/2024:09:56:53 -0300] "GET /cormun/servlet/solicitudot?2a3644e1be20dcbcd8a27678c6a1bd7853a7b85ea903e6693a324710bf4879b23a3f4e161711f34006e54c92f6a6ccd1,gx-no-cache=1713185601165 HTTP/1.1" 200 30
190.171.153.50 - - [15/Apr/2024:09:56:59 -0300] "GET /cormun/servlet/treventos?2024,21017, HTTP/1.1" 200 9309
190.171.153.50 - - [15/Apr/2024:09:56:59 -0300] "GET /cormun/static/gxcfg.js?20201215584657 HTTP/1.1" 200 953
190.171.153.50 - - [15/Apr/2024:09:56:59 -0300] "GET /cormun/static/treventos.js?2020121558506 HTTP/1.1" 200 16063
190.171.153.50 - - [15/Apr/2024:09:57:15 -0300] "GET /cormun/servlet/trautorizarsolicitud? HTTP/1.1" 200 14465
190.171.153.34 - - [15/Apr/2024:09:59:14 -0300] "GET /cormun/static/menuarrow.gif HTTP/1.1" 404 1015
190.171.149.74 - - [15/Apr/2024:09:59:49 -0300] "GET /cormun/servlet/hlogin HTTP/1.1" 200 1720
190.171.149.74 - - [15/Apr/2024:09:59:49 -0300] "GET /cormun/servlet/hlogin HTTP/1.1" 200 1731
190.171.149.74 - - [15/Apr/2024:09:59:53 -0300] "POST /cormun/servlet/hlogin?410aa762bff94e65f4396398be6920c7,gx-no-cache=1713185780933 HTTP/1.1" 200 90
190.171.149.74 - - [15/Apr/2024:09:59:53 -0300] "GET /cormun/servlet/hpexe_link HTTP/1.1" 200 952
190.171.149.74 - - [15/Apr/2024:09:59:54 -0300] "GET /cormun/servlet/hhome HTTP/1.1" 200 3982
190.171.149.74 - - [15/Apr/2024:09:59:57 -0300] "GET /cormun/servlet/trlicencias? HTTP/1.1" 200 12875
190.171.153.34 - - [15/Apr/2024:10:00:13 -0300] "GET /cormun/servlet/licenciaspermisos?1659b62abb4506c063c9538a4869c49034c3a8b4bc46a96aa6afd18a1320d9cfecce7a0fbb37f63a3ac78be11c2462442a7c4bb243233e11c888fc234a186a1f0b156e7f1528da1ce7b6933b6285fff27e1599bd990540dc518cd95db850fd7ebf898063eab9ac3667bc6a5195a821a5292c69af19c0f902d8cff51faedb753288220eb648c32fdbe47d69b4f75a00cfc6719fa7e2ebfc158fcd89fc3a2f8ea69baf95a81aaf2a1a38adc6607ee26b6d7167f343c9f15f33d658013293498804f0f25499a666eb7ee8418b27832a54c71e5ef138b0fc9899fff794dc023636e9,gx-no-cache=1713185800668 HTTP/1.1" 200 30
190.171.153.34 - - [15/Apr/2024:10:00:13 -0300] "POST /cormun/servlet/licenciaspermisos?07fda104cc7664efd2a2c2452101cbd5,INS,0,,,,gx-no-cache=1713185800820 HTTP/1.1" 200 4918
190.171.153.50 - - [15/Apr/2024:10:00:32 -0300] "GET /cormun/servlet/trcontratosolicitud? HTTP/1.1" 200 14792
190.171.153.50 - - [15/Apr/2024:10:00:39 -0300] "POST /cormun/servlet/trcontratosolicitud?045dd42bb964d2a293d85a1bd1a79191,,gx-no-cache=1713185827014 HTTP/1.1" 200 12625
190.171.153.50 - - [15/Apr/2024:10:00:41 -0300] "POST /cormun/servlet/trcontratosolicitud?045dd42bb964d2a293d85a1bd1a79191,,gx-no-cache=1713185828460 HTTP/1.1" 200 5486
190.171.153.34 - - [15/Apr/2024:10:00:50 -0300] "GET /cormun/servlet/licenciaspermisos?1659b62abb4506c063c9538a4869c490eccfba1a5f5a09cf064a164de2f95b70b9915fa3004dc3e1fee983a634de316dec3cf60544ddf3ba166840fc70ec22f459e32c3d8b0aff6b0ac753212abd62b6a4c7c89db38ed02ac5a4617f1b1d43b411e550648f03a7ba0274cd8d6b9689446871d0d85f46fe19828599c50fbd25194bc1e6997eb22ab1d6dfdb35e4ba500dc8728c33dbf88ff5fb5b6625789e42e8159865dfc840a06ec10b88b6199800d00de4018547f8cf0c81c2c74f3decd5fa29441b230aec5892f273f53c3b40b400eb353c412f0e7a1ea76a7b3c16b7271ea46fa8922d42972d8c4f29884e6a77a5,gx-no-cache=1713185837898 HTTP/1.1" 200 58
190.171.153.34 - - [15/Apr/2024:10:00:51 -0300] "POST /cormun/servlet/licenciaspermisos?07fda104cc7664efd2a2c2452101cbd5,INS,0,,,,gx-no-cache=1713185838009 HTTP/1.1" 200 93
190.171.153.34 - - [15/Apr/2024:10:00:51 -0300] "GET /cormun/servlet/hpexe_return? HTTP/1.1" 200 1005
190.171.153.34 - - [15/Apr/2024:10:00:51 -0300] "GET /cormun/servlet/hhome HTTP/1.1" 200 4349
190.171.153.50 - - [15/Apr/2024:10:00:56 -0300] "GET /cormun/servlet/trreportecargahoraria? HTTP/1.1" 200 6845
190.171.153.50 - - [15/Apr/2024:10:00:56 -0300] "GET /cormun/static/gxcfg.js?202211298504121 HTTP/1.1" 200 953
190.171.153.50 - - [15/Apr/2024:10:00:56 -0300] "GET /cormun/static/trreportecargahoraria.js?20221129850435 HTTP/1.1" 200 29376
190.171.153.34 - - [15/Apr/2024:10:00:57 -0300] "GET /cormun/servlet/trsolicitudot? HTTP/1.1" 200 7567
190.171.149.90 - - [15/Apr/2024:10:00:58 -0300] "GET /cormun/servlet/trpermisosgoce? HTTP/1.1" 200 6035
190.171.149.90 - - [15/Apr/2024:10:00:58 -0300] "GET /cormun/servlet/hlogin HTTP/1.1" 200 1741
190.171.153.34 - - [15/Apr/2024:10:01:01 -0300] "GET /cormun/servlet/trlicencias? HTTP/1.1" 200 11231
190.171.153.34 - - [15/Apr/2024:10:01:22 -0300] "GET /cormun/servlet/alicenciaprn?18645603,L,20240415000000,PU HTTP/1.1" 200 1585
190.171.153.34 - - [15/Apr/2024:10:01:22 -0300] "GET /cormun/servlet/alicenciaprn?18645603,L,20240415000000,PU HTTP/1.1" 200 1586
190.171.153.34 - - [15/Apr/2024:10:01:35 -0300] "GET /cormun/servlet/alicenciaprn?18645603,L,20240415000000,PU HTTP/1.1" 200 1585
190.171.153.34 - - [15/Apr/2024:10:01:35 -0300] "GET /cormun/servlet/alicenciaprn?18645603,L,20240415000000,PU HTTP/1.1" 200 1589
190.95.15.15 - - [15/Apr/2024:10:04:13 -0300] "GET /cormun/servlet/trlicencias? HTTP/1.1" 200 11040
190.171.153.34 - - [15/Apr/2024:10:04:42 -0300] "GET /cormun/servlet/trlicenciaspermisosadjuntos?18645603,20240415000000,L, HTTP/1.1" 200 6732
190.171.153.34 - - [15/Apr/2024:10:04:45 -0300] "GET /cormun/servlet/licenciaspermisosadjuntos?INS,18645603,L,20240415000000,, HTTP/1.1" 200 6003
190.171.153.34 - - [15/Apr/2024:10:04:45 -0300] "GET /cormun/static/gxcfg.js?20201215114875 HTTP/1.1" 200 953
190.171.153.34 - - [15/Apr/2024:10:04:45 -0300] "GET /cormun/static/licenciaspermisosadjuntos.js?20201215114932 HTTP/1.1" 200 8760
190.171.153.34 - - [15/Apr/2024:10:04:45 -0300] "GET /cormun/static/about:blank HTTP/1.1" 404 1011
190.171.143.90 - - [15/Apr/2024:10:04:47 -0300] "GET /cormun/servlet/hlogin HTTP/1.1" 200 1710
190.171.143.90 - - [15/Apr/2024:10:04:47 -0300] "GET /cormun/servlet/hlogin HTTP/1.1" 200 1720
190.171.143.90 - - [15/Apr/2024:10:04:50 -0300] "POST /cormun/servlet/hlogin?e5fda8cd2cba2d0d4e43f81141d64c53,gx-no-cache=1713186077998 HTTP/1.1" 200 90
190.171.143.90 - - [15/Apr/2024:10:04:50 -0300] "GET /cormun/servlet/hpexe_link HTTP/1.1" 200 940
190.171.143.90 - - [15/Apr/2024:10:04:50 -0300] "GET /cormun/servlet/hhome HTTP/1.1" 200 4311
190.171.143.90 - - [15/Apr/2024:10:04:59 -0300] "GET /cormun/servlet/trlicencias? HTTP/1.1" 200 14249
190.171.153.34 - - [15/Apr/2024:10:05:12 -0300] "POST /cormun/servlet/licenciaspermisosadjuntos?07fda104cc7664efd2a2c2452101cbd5,INS,18645603,L,20240415000000,, HTTP/1.1" 200 116
190.171.153.34 - - [15/Apr/2024:10:05:12 -0300] "GET /cormun/servlet/hpexe_return? HTTP/1.1" 200 1037
190.171.153.34 - - [15/Apr/2024:10:05:12 -0300] "GET /cormun/servlet/trlicenciaspermisosadjuntos?18645603,20240415000000,L, HTTP/1.1" 200 7257
190.171.153.34 - - [15/Apr/2024:10:05:16 -0300] "GET /cormun/servlet/trlicencias? HTTP/1.1" 200 11232
190.171.153.34 - - [15/Apr/2024:10:05:22 -0300] "POST /cormun/servlet/trlicencias?07fda104cc7664efd2a2c2452101cbd5,,gx-no-cache=1713186109663 HTTP/1.1" 200 8567
190.171.153.34 - - [15/Apr/2024:10:05:22 -0300] "GET /cormun/static/Shared/jqueryui/images/ui-bg_highlight-soft_100_c6c2c8_1x100.png HTTP/1.1" 404 1117
190.171.153.34 - - [15/Apr/2024:10:05:22 -0300] "GET /cormun/static/Shared/jqueryui/images/ui-icons_82798d_256x240.png HTTP/1.1" 404 1089
190.171.153.34 - - [15/Apr/2024:10:05:22 -0300] "GET /cormun/static/Shared/jqueryui/images/ui-bg_flat_55_fafafa_40x100.png HTTP/1.1" 404 1097
190.171.153.34 - - [15/Apr/2024:10:05:22 -0300] "GET /cormun/static/Shared/jqueryui/images/ui-icons_8d78a5_256x240.png HTTP/1.1" 404 1089
190.171.143.90 - - [15/Apr/2024:10:05:30 -0300] "GET /cormun/servlet/hhome HTTP/1.1" 200 4311
190.171.143.90 - - [15/Apr/2024:10:05:41 -0300] "GET /cormun/servlet/trlicencias? HTTP/1.1" 200 14249
190.171.142.26 - - [15/Apr/2024:10:05:41 -0300] "GET /cormun/servlet/hlogin HTTP/1.1" 200 1715
190.171.142.26 - - [15/Apr/2024:10:05:41 -0300] "GET /cormun/servlet/hlogin HTTP/1.1" 200 1726
190.171.142.26 - - [15/Apr/2024:10:05:44 -0300] "POST /cormun/servlet/hlogin?d49b497173ece72fee912641b79df5fa,gx-no-cache=1713186131496 HTTP/1.1" 200 90
190.171.142.26 - - [15/Apr/2024:10:05:44 -0300] "GET /cormun/servlet/hpexe_link HTTP/1.1" 200 947
190.171.142.26 - - [15/Apr/2024:10:05:44 -0300] "GET /cormun/servlet/hhome HTTP/1.1" 200 4254
190.171.142.26 - - [15/Apr/2024:10:06:00 -0300] "GET /cormun/servlet/trlicencias? HTTP/1.1" 200 13656
190.171.153.50 - - [15/Apr/2024:10:09:52 -0300] "GET /cormun/servlet/trsolicitudot? HTTP/1.1" 200 7490
190.171.153.50 - - [15/Apr/2024:10:09:54 -0300] "GET /cormun/servlet/hlogin HTTP/1.1" 200 1727
190.171.143.82 - - [15/Apr/2024:10:11:16 -0300] "POST /cormun/servlet/solicitudot?gx-no-cache=1713186462087 HTTP/1.1" 200 4022
190.171.143.82 - - [15/Apr/2024:10:11:17 -0300] "POST /cormun/servlet/solicitudot?9657dad18ba8b00cb675bb24d00a50fc,INS,0,0,false,,gx-no-cache=1713186462578 HTTP/1.1" 200 12879
190.171.143.82 - - [15/Apr/2024:10:11:17 -0300] "GET /cormun/servlet/solicitudot?cf9695378468fd56b4917cdb0c2eca094c40538a6891d1f573def0d28489e83ea6ddcf2960f9691846a77907e0b0e416,gx-no-cache=1713186462909 HTTP/1.1" 200 111
190.171.143.82 - - [15/Apr/2024:10:11:17 -0300] "GET /cormun/static/Shared/jqueryui/images/ui-bg_highlight-soft_100_c6c2c8_1x100.png HTTP/1.1" 404 1117
190.171.143.82 - - [15/Apr/2024:10:11:17 -0300] "GET /cormun/static/Shared/jqueryui/images/ui-icons_82798d_256x240.png HTTP/1.1" 404 1089
190.171.143.82 - - [15/Apr/2024:10:11:17 -0300] "GET /cormun/static/Shared/jqueryui/images/ui-bg_flat_55_994d53_40x100.png HTTP/1.1" 404 1097
190.171.143.82 - - [15/Apr/2024:10:11:17 -0300] "GET /cormun/static/Shared/jqueryui/images/ui-icons_ebccce_256x240.png HTTP/1.1" 404 1089
190.171.143.82 - - [15/Apr/2024:10:11:27 -0300] "POST /cormun/servlet/solicitudot?gx-no-cache=1713186473162 HTTP/1.1" 200 4025
190.171.143.82 - - [15/Apr/2024:10:11:27 -0300] "POST /cormun/servlet/solicitudot?9657dad18ba8b00cb675bb24d00a50fc,INS,0,0,false,,gx-no-cache=1713186473332 HTTP/1.1" 200 12930
190.171.143.82 - - [15/Apr/2024:10:11:27 -0300] "GET /cormun/servlet/solicitudot?cf9695378468fd56b4917cdb0c2eca097c70512a86e36e4c4e5403129c05492ea6ddcf2960f9691846a77907e0b0e416,gx-no-cache=1713186473528 HTTP/1.1" 200 30
200.54.103.162 - - [15/Apr/2024:10:15:00 -0300] "GET /cormun/servlet/hhome HTTP/1.1" 200 3318
200.54.103.162 - - [15/Apr/2024:10:15:00 -0300] "GET /cormun/servlet/hlogin HTTP/1.1" 200 1727
200.54.103.162 - - [15/Apr/2024:10:15:03 -0300] "POST /cormun/servlet/hlogin?8674ac9eada4c0e58c8896f715bcaf2f,gx-no-cache=1713186700449 HTTP/1.1" 200 90
200.54.103.162 - - [15/Apr/2024:10:15:03 -0300] "GET /cormun/servlet/hpexe_link HTTP/1.1" 200 947
200.54.103.162 - - [15/Apr/2024:10:15:03 -0300] "GET /cormun/servlet/hhome HTTP/1.1" 200 4339
200.54.103.162 - - [15/Apr/2024:10:15:05 -0300] "GET /cormun/servlet/trsolicitudot? HTTP/1.1" 200 7559
200.54.103.162 - - [15/Apr/2024:10:15:07 -0300] "GET /cormun/servlet/solicitudot?INS,0,0,false, HTTP/1.1" 200 16316
200.54.103.162 - - [15/Apr/2024:10:15:07 -0300] "GET /cormun/static/gxcfg.js?20221129840861 HTTP/1.1" 200 953
200.54.103.162 - - [15/Apr/2024:10:15:08 -0300] "GET /cormun/static/solicitudot.js?20221129840983 HTTP/1.1" 200 74072
200.54.103.162 - - [15/Apr/2024:10:15:20 -0300] "POST /cormun/servlet/solicitudot?gx-no-cache=1713186718256 HTTP/1.1" 200 4031
200.54.103.162 - - [15/Apr/2024:10:15:20 -0300] "POST /cormun/servlet/solicitudot?8674ac9eada4c0e58c8896f715bcaf2f,INS,0,0,false,,gx-no-cache=1713186718352 HTTP/1.1" 200 12878
200.54.103.162 - - [15/Apr/2024:10:15:24 -0300] "GET /cormun/servlet/solicitudot?4587bf1a5877fc1ab0e75e5d2d538cc9745da0a05bf3742c7ed53e113ba18aedbc5771c574af7e73caba015dfa8fdeb1,gx-no-cache=1713186721692 HTTP/1.1" 200 30
190.171.149.74 - - [15/Apr/2024:10:16:25 -0300] "POST /cormun/servlet/trlicencias?410aa762bff94e65f4396398be6920c7,,gx-no-cache=1713186772155 HTTP/1.1" 200 10586
190.171.149.74 - - [15/Apr/2024:10:16:28 -0300] "POST /cormun/servlet/trlicencias?410aa762bff94e65f4396398be6920c7,,gx-no-cache=1713186776044 HTTP/1.1" 200 10585
190.171.149.74 - - [15/Apr/2024:10:16:30 -0300] "POST /cormun/servlet/trlicencias?410aa762bff94e65f4396398be6920c7,,gx-no-cache=1713186777900 HTTP/1.1" 200 10585
190.171.149.74 - - [15/Apr/2024:10:16:37 -0300] "POST /cormun/servlet/trlicencias?410aa762bff94e65f4396398be6920c7,,gx-no-cache=1713186784939 HTTP/1.1" 200 10586
190.171.149.74 - - [15/Apr/2024:10:16:38 -0300] "POST /cormun/servlet/trlicencias?410aa762bff94e65f4396398be6920c7,,gx-no-cache=1713186785972 HTTP/1.1" 200 10585
190.171.143.82 - - [15/Apr/2024:10:16:48 -0300] "GET /cormun/servlet/solicitudot?cf9695378468fd56b4917cdb0c2eca0996ed3b5f6ba2aa9a70794ff65b60467b82a5a4795a13d858c449eca9ff0bd3eea6ddcf2960f9691846a77907e0b0e416,gx-no-cache=1713186793714 HTTP/1.1" 200 30
190.171.143.82 - - [15/Apr/2024:10:16:48 -0300] "GET /cormun/servlet/solicitudot?cf9695378468fd56b4917cdb0c2eca090aaa97445da1d6355e67c78fd056cdbe,gx-no-cache=1713186793999 HTTP/1.1" 200 29
190.171.143.82 - - [15/Apr/2024:10:16:52 -0300] "POST /cormun/servlet/solicitudot?gx-no-cache=1713186798454 HTTP/1.1" 200 297
190.171.149.74 - - [15/Apr/2024:10:16:53 -0300] "POST /cormun/servlet/trlicencias?410aa762bff94e65f4396398be6920c7,,gx-no-cache=1713186800555 HTTP/1.1" 200 10586
190.171.143.82 - - [15/Apr/2024:10:16:54 -0300] "GET /cormun/servlet/solicitudot?cf9695378468fd56b4917cdb0c2eca091f5c4b0fea6154160b7e16743af5bdb397083de44e11bd50130b1b38c695d191f643645413eb94ed725a280b2773b83cda88c6ceedb3a7bbec31253246e8474de3fff4d483eda76d6236d5e820cb06252ad5ea92189ec9db79f1b9baa6df075f20e5a63a857b499a09eb57bdc2a94d924b6a3480ab81ef890dbedd5cd387edc93b8f268aa4e6ffe1e574c7fbe8f5638acd431473552334d8865711b92641e4dc170f95a0abe75e7d952d1ccc006f77d31a4307f2d821750104738c269c5db62653ea32a05c10744baae494a90735e1cd201e6da52d4fed5271ee44b3de4ece040922f3a38473f2c693339a3e9de38eda60518deaa60318edf88084a238964e56175a5715d125b22a79cd91e623d3c56927da3ab9a454ec389a522486b5400a42b9138fa66e2cd9e887362d09b292daf337eaa886bf59d83cbddfa31c7c5ee41a7275e5e79cc2a3088e870fd0f10793516939806de2066ae0af4e610fee05904ab804dbac93ea4b2e331ce465f37a937362ebb1647ef2304d0a1aefe7c0885dd2,gx-no-cache=1713186799658 HTTP/1.1" 200 30
190.171.143.82 - - [15/Apr/2024:10:16:57 -0300] "POST /cormun/servlet/solicitudot?gx-no-cache=1713186803509 HTTP/1.1" 200 30
190.171.149.74 - - [15/Apr/2024:10:16:59 -0300] "POST /cormun/servlet/trlicencias?410aa762bff94e65f4396398be6920c7,,gx-no-cache=1713186806532 HTTP/1.1" 200 10585
200.54.103.162 - - [15/Apr/2024:10:16:59 -0300] "GET /cormun/static/Resources/resize.gif HTTP/1.1" 200 77
200.54.103.162 - - [15/Apr/2024:10:16:59 -0300] "GET /cormun/static/Resources/PXTools/ClosePrompt.png HTTP/1.1" 200 1036
200.54.103.162 - - [15/Apr/2024:10:16:59 -0300] "GET /cormun/servlet/prbanco?,MD,,gxPopupLevel%3D0%3B HTTP/1.1" 200 6686
200.54.103.162 - - [15/Apr/2024:10:16:59 -0300] "GET /cormun/static/gxcfg.js?20201216131581 HTTP/1.1" 200 953
200.54.103.162 - - [15/Apr/2024:10:16:59 -0300] "GET /cormun/static/prbanco.js?20201216132311 HTTP/1.1" 200 10693
200.54.103.162 - - [15/Apr/2024:10:16:59 -0300] "GET /cormun/static/Resources/PXToolsMenuSearch.png HTTP/1.1" 200 336
200.54.103.162 - - [15/Apr/2024:10:16:59 -0300] "GET /cormun/static/menusearch.js?20201214473581 HTTP/1.1" 200 1424
200.54.103.162 - - [15/Apr/2024:10:16:59 -0300] "GET /cormun/static/hmpwkw011.js?202211298443482 HTTP/1.1" 200 1968
200.54.103.162 - - [15/Apr/2024:10:16:59 -0300] "GET /cormun/static/Resources/PXToolsMenuSearchCancel.png HTTP/1.1" 200 306
190.171.143.82 - - [15/Apr/2024:10:17:03 -0300] "POST /cormun/servlet/solicitudot?gx-no-cache=1713186808874 HTTP/1.1" 200 1479
190.171.143.82 - - [15/Apr/2024:10:17:03 -0300] "POST /cormun/servlet/solicitudot?gx-no-cache=1713186808931 HTTP/1.1" 200 38
200.54.103.162 - - [15/Apr/2024:10:17:05 -0300] "GET /cormun/servlet/solicitudot?4587bf1a5877fc1ab0e75e5d2d538cc90c21c2868fe10283951d86224ad78b397cf3f7e9c378e4d946c6c29c3e52626062c0171d999aec64be155edede696883,gx-no-cache=1713186822563 HTTP/1.1" 200 30
200.54.103.162 - - [15/Apr/2024:10:17:13 -0300] "GET /cormun/servlet/solicitudot?4587bf1a5877fc1ab0e75e5d2d538cc995ea1ec4ebb5ca43b66788be6c8203c4,gx-no-cache=1713186830568 HTTP/1.1" 200 45
190.171.143.82 - - [15/Apr/2024:10:17:18 -0300] "GET /cormun/servlet/solicitudot?cf9695378468fd56b4917cdb0c2eca0968f06800ed3c23d3b49f92d6abb919b9d8f05ee7ad5eb91cbfe8ad178e563174619b7264c36cceab8a82bd46b7da2bccc1dcbde93f18e9aac144112d0562cb835745f902b2092a2937bc11e0e4a21a18aa3f8162c4517b2944fd9fed0ad85510,gx-no-cache=1713186823609 HTTP/1.1" 200 110
190.171.143.82 - - [15/Apr/2024:10:17:22 -0300] "POST /cormun/servlet/solicitudot?gx-no-cache=1713186828359 HTTP/1.1" 200 110
190.171.143.82 - - [15/Apr/2024:10:17:28 -0300] "GET /cormun/servlet/solicitudot?cf9695378468fd56b4917cdb0c2eca09ee32386465bf52ade8d44a50ff14d5dcc98549cf0b9a7ef7672a874ffb935900fc1335ae3f30e4b3af27e4ffc0fda1a6b2dc33e169d9eee7c82077ff4f95aac9f8616b475ab12e8e9b2d096f75ef7dc7b57faf1224b6e07f38953e595c97e184,gx-no-cache=1713186833818 HTTP/1.1" 200 29
190.171.143.82 - - [15/Apr/2024:10:17:36 -0300] "GET /cormun/servlet/solicitudot?cf9695378468fd56b4917cdb0c2eca0997b47226b52fb7092ed770aa4811a3778ba0df44f617fa3cfaca2a6f94f6e1fb,gx-no-cache=1713186841845 HTTP/1.1" 200 30
190.171.143.82 - - [15/Apr/2024:10:18:42 -0300] "POST /cormun/servlet/solicitudot?gx-no-cache=1713186908357 HTTP/1.1" 200 30
190.171.143.82 - - [15/Apr/2024:10:19:00 -0300] "POST /cormun/servlet/solicitudot?9657dad18ba8b00cb675bb24d00a50fc,INS,0,0,false,,gx-no-cache=1713186925994 HTTP/1.1" 200 93
190.171.143.82 - - [15/Apr/2024:10:19:01 -0300] "GET /cormun/servlet/hpexe_return? HTTP/1.1" 200 1008
190.171.143.82 - - [15/Apr/2024:10:19:02 -0300] "GET /cormun/servlet/trsolicitudot HTTP/1.1" 200 8827
190.171.143.82 - - [15/Apr/2024:10:19:09 -0300] "POST /cormun/servlet/trsolicitudot?9657dad18ba8b00cb675bb24d00a50fc,gx-no-cache=1713186934873 HTTP/1.1" 200 111
190.171.143.82 - - [15/Apr/2024:10:19:09 -0300] "GET /cormun/servlet/solicitudot?UPD,2024,21222,false, HTTP/1.1" 200 16791
190.171.143.82 - - [15/Apr/2024:10:19:11 -0300] "POST /cormun/servlet/solicitudot?gx-no-cache=1713186936981 HTTP/1.1" 200 4081
190.171.143.82 - - [15/Apr/2024:10:19:11 -0300] "POST /cormun/servlet/solicitudot?9657dad18ba8b00cb675bb24d00a50fc,UPD,2024,21222,false,,gx-no-cache=1713186937110 HTTP/1.1" 200 13014
190.171.143.82 - - [15/Apr/2024:10:19:11 -0300] "GET /cormun/servlet/solicitudot?cf9695378468fd56b4917cdb0c2eca097c70512a86e36e4c4e5403129c05492e446ef68f1b8bc6976192b84432edb802,gx-no-cache=1713186937272 HTTP/1.1" 200 30
190.171.143.82 - - [15/Apr/2024:10:19:11 -0300] "GET /cormun/servlet/solicitudot?cf9695378468fd56b4917cdb0c2eca0996ed3b5f6ba2aa9a70794ff65b60467b82a5a4795a13d858c449eca9ff0bd3ee446ef68f1b8bc6976192b84432edb802,gx-no-cache=1713186937312 HTTP/1.1" 200 30
190.171.143.82 - - [15/Apr/2024:10:19:11 -0300] "GET /cormun/servlet/solicitudot?cf9695378468fd56b4917cdb0c2eca090aaa97445da1d6355e67c78fd056cdbe,gx-no-cache=1713186937337 HTTP/1.1" 200 29
190.171.143.82 - - [15/Apr/2024:10:19:11 -0300] "POST /cormun/servlet/solicitudot?gx-no-cache=1713186937373 HTTP/1.1" 200 297
190.171.143.82 - - [15/Apr/2024:10:19:11 -0300] "GET /cormun/servlet/solicitudot?cf9695378468fd56b4917cdb0c2eca091f5c4b0fea6154160b7e16743af5bdb397083de44e11bd50130b1b38c695d191f643645413eb94ed725a280b2773b83cda88c6ceedb3a7bbec31253246e8474de3fff4d483eda76d6236d5e820cb06252ad5ea92189ec9db79f1b9baa6df075f20e5a63a857b499a09eb57bdc2a94d924b6a3480ab81ef890dbedd5cd387edc93b8f268aa4e6ffe1e574c7fbe8f5638acd431473552334d8865711b92641e4dc170f95a0abe75e7d952d1ccc006f77d31a4307f2d821750104738c269c5db62653ea32a05c10744baae494a90735e1cd201e6da52d4fed5271ee44b3de4ece040922f3a38473f2c693339a3e9de38eda60518deaa60318edf88084a238964e56175a5715d125b22a79cd91e623d3c56927da3ab9a454ec389a522486b5400a42b9138fa66e2cd9e887362d09b292daf337eaa886bf59d83cbddfa31c7c5ee41a7275e5e79cc2a3088e870fd0f10793516939806de2066ae0af4e610fee05904a660954724bcac77bb09f26260ed4c3ac62ebb1647ef2304d0a1aefe7c0885dd2,gx-no-cache=1713186937410 HTTP/1.1" 200 30
190.171.143.82 - - [15/Apr/2024:10:19:11 -0300] "POST /cormun/servlet/solicitudot?gx-no-cache=1713186937444 HTTP/1.1" 200 30
190.171.143.82 - - [15/Apr/2024:10:19:11 -0300] "POST /cormun/servlet/solicitudot?gx-no-cache=1713186937492 HTTP/1.1" 200 1481
190.171.143.82 - - [15/Apr/2024:10:19:11 -0300] "POST /cormun/servlet/solicitudot?gx-no-cache=1713186937540 HTTP/1.1" 200 41
190.171.143.82 - - [15/Apr/2024:10:19:13 -0300] "GET /cormun/servlet/prbanco?,MD,,gxPopupLevel%3D0%3B HTTP/1.1" 200 6569
190.171.143.82 - - [15/Apr/2024:10:19:13 -0300] "GET /cormun/static/gxcfg.js?20201216131581 HTTP/1.1" 200 953
190.171.143.82 - - [15/Apr/2024:10:19:13 -0300] "GET /cormun/static/prbanco.js?20201216132311 HTTP/1.1" 200 10693
200.54.103.162 - - [15/Apr/2024:10:20:04 -0300] "POST /cormun/servlet/solicitudot?gx-no-cache=1713187002150 HTTP/1.1" 200 297
200.54.103.162 - - [15/Apr/2024:10:20:06 -0300] "GET /cormun/servlet/solicitudot?4587bf1a5877fc1ab0e75e5d2d538cc90d2f27627b9a817c254072eae9281311ced0495b0b2c4e580692f76c5864f6e67e31847a2bd3de850ac904a434cda5129ca751ff927037ded67f0fd3afb581afce6ebad0581ec1d2f44760244596db68743b5c95b7a627e55cf35fb134395ab6e57ca9f3fc1413a9665222f64dd01457d5394af4bde1387b9880547b924c5fb1439601437de25d7dc7b2b024731d0aa4a93df10470e51da34687f591ce7a458faff5d2a1a9d1288fa66a0932dc7da1d45aa0c032867fd682bd03ed5426fbdf1f5ab570e69641c333431c9d488640797d863e74b9d7f1c118f652a680b28d4f3c1e02af95ae6c9ed0b0b8aed20e6de85612eee3cf9dc7fa34a829c21744ea80c04d8e4c0997de39ad2a36b7816dfa50750e7a886899b97b1d1f78596bda6ef99544ae2fa82ed50602d2e7d844a395ba4d6fb9f1a84517a1568dcf2d8779944ed9ec94a682beb5317cc2d63f592504da2cacdc49deb48cb7d18c2a3dc98732b089087b816d54dd1f577c9b16ff03cec8dfbab9d21f2a0bee9f92a099c6bd24eca1,gx-no-cache=1713187004111 HTTP/1.1" 200 30
200.54.103.162 - - [15/Apr/2024:10:20:09 -0300] "POST /cormun/servlet/solicitudot?gx-no-cache=1713187007186 HTTP/1.1" 200 30
200.54.103.162 - - [15/Apr/2024:10:20:11 -0300] "POST /cormun/servlet/solicitudot?gx-no-cache=1713187009344 HTTP/1.1" 200 1481
200.54.103.162 - - [15/Apr/2024:10:20:11 -0300] "POST /cormun/servlet/solicitudot?gx-no-cache=1713187009373 HTTP/1.1" 200 38
190.171.143.90 - - [15/Apr/2024:10:20:24 -0300] "GET /cormun/servlet/hlogin HTTP/1.1" 200 1722
190.171.143.90 - - [15/Apr/2024:10:20:24 -0300] "GET /cormun/servlet/hlogin HTTP/1.1" 200 1731
190.171.143.90 - - [15/Apr/2024:10:20:32 -0300] "POST /cormun/servlet/hlogin?6c1bb9505010ff57e18c53908995763a,gx-no-cache=1713187022697 HTTP/1.1" 200 90
190.171.143.90 - - [15/Apr/2024:10:20:32 -0300] "GET /cormun/servlet/hpexe_link HTTP/1.1" 200 953
190.171.143.90 - - [15/Apr/2024:10:20:33 -0300] "GET /cormun/servlet/hhome HTTP/1.1" 200 4322
190.171.143.90 - - [15/Apr/2024:10:20:36 -0300] "GET /cormun/servlet/trlicencias? HTTP/1.1" 200 14259
190.171.143.82 - - [15/Apr/2024:10:21:04 -0300] "POST /cormun/servlet/solicitudot?9657dad18ba8b00cb675bb24d00a50fc,UPD,2024,21222,false,,gx-no-cache=1713187049929 HTTP/1.1" 200 93
190.171.143.82 - - [15/Apr/2024:10:21:04 -0300] "GET /cormun/servlet/hpexe_return? HTTP/1.1" 200 1014
190.171.143.82 - - [15/Apr/2024:10:21:04 -0300] "GET /cormun/servlet/trsolicitudot HTTP/1.1" 200 8827
190.171.143.82 - - [15/Apr/2024:10:21:12 -0300] "POST /cormun/servlet/trsolicitudot?9657dad18ba8b00cb675bb24d00a50fc,gx-no-cache=1713187057637 HTTP/1.1" 200 106
190.171.143.82 - - [15/Apr/2024:10:21:12 -0300] "GET /cormun/servlet/trsolicitudadjuntos?2024,21222, HTTP/1.1" 200 6341
190.171.143.82 - - [15/Apr/2024:10:21:12 -0300] "GET /cormun/static/gxcfg.js?20201215574222 HTTP/1.1" 200 953
190.171.143.82 - - [15/Apr/2024:10:21:12 -0300] "GET /cormun/static/trsolicitudadjuntos.js?20201215574932 HTTP/1.1" 200 17921
190.171.143.82 - - [15/Apr/2024:10:21:14 -0300] "POST /cormun/servlet/acontrolpreferencessavestate?None,MREYES,true HTTP/1.1" 200 35
190.171.143.82 - - [15/Apr/2024:10:21:18 -0300] "GET /cormun/servlet/solicitudotadjuntos?INS,2024,21222,,1, HTTP/1.1" 200 6286
190.171.143.82 - - [15/Apr/2024:10:21:18 -0300] "GET /cormun/static/gxcfg.js?202211298385187 HTTP/1.1" 200 953
190.171.143.82 - - [15/Apr/2024:10:21:18 -0300] "GET /cormun/static/solicitudotadjuntos.js?202211298385196 HTTP/1.1" 200 11771
190.171.143.82 - - [15/Apr/2024:10:21:19 -0300] "GET /cormun/static/about:blank HTTP/1.1" 404 1011
190.171.143.82 - - [15/Apr/2024:10:21:20 -0300] "GET /cormun/servlet/solicitudotadjuntos?cf9695378468fd56b4917cdb0c2eca0915888029db7bcdb20ccd9b61c78dca42446ef68f1b8bc6976192b84432edb802,gx-no-cache=1713187065736 HTTP/1.1" 200 30
190.171.143.82 - - [15/Apr/2024:10:21:20 -0300] "POST /cormun/servlet/solicitudotadjuntos?9657dad18ba8b00cb675bb24d00a50fc,INS,2024,21222,,1,,gx-no-cache=1713187065765 HTTP/1.1" 200 4147
190.171.143.82 - - [15/Apr/2024:10:21:24 -0300] "POST /cormun/servlet/solicitudotadjuntos?gx-no-cache=1713187070189 HTTP/1.1" 200 26
190.171.143.82 - - [15/Apr/2024:10:21:44 -0300] "GET /cormun/servlet/solicitudotadjuntos?cf9695378468fd56b4917cdb0c2eca09214063346aec03f2118b2af05a91ff15,gx-no-cache=1713187090093 HTTP/1.1" 200 30
190.171.143.82 - - [15/Apr/2024:10:21:44 -0300] "GET /cormun/servlet/solicitudotadjuntos?cf9695378468fd56b4917cdb0c2eca09214063346aec03f2118b2af05a91ff15,gx-no-cache=1713187090118 HTTP/1.1" 200 30
190.171.143.82 - - [15/Apr/2024:10:21:44 -0300] "POST /cormun/servlet/solicitudotadjuntos?9657dad18ba8b00cb675bb24d00a50fc,INS,2024,21222,,1, HTTP/1.1" 200 116
190.171.143.82 - - [15/Apr/2024:10:21:44 -0300] "GET /cormun/servlet/hpexe_return? HTTP/1.1" 200 1025
190.171.143.82 - - [15/Apr/2024:10:21:45 -0300] "GET /cormun/servlet/trsolicitudadjuntos?2024,21222, HTTP/1.1" 200 9312
190.171.143.82 - - [15/Apr/2024:10:21:47 -0300] "GET /cormun/servlet/solicitudotadjuntos?INS,2024,21222,,1, HTTP/1.1" 200 6288
190.171.143.82 - - [15/Apr/2024:10:21:48 -0300] "GET /cormun/static/about:blank HTTP/1.1" 404 1011
190.171.143.82 - - [15/Apr/2024:10:21:49 -0300] "GET /cormun/servlet/solicitudotadjuntos?cf9695378468fd56b4917cdb0c2eca0915888029db7bcdb20ccd9b61c78dca42446ef68f1b8bc6976192b84432edb802,gx-no-cache=1713187094687 HTTP/1.1" 200 30
190.171.143.82 - - [15/Apr/2024:10:21:49 -0300] "POST /cormun/servlet/solicitudotadjuntos?9657dad18ba8b00cb675bb24d00a50fc,INS,2024,21222,,1,,gx-no-cache=1713187094719 HTTP/1.1" 200 4147
190.171.143.82 - - [15/Apr/2024:10:21:50 -0300] "POST /cormun/servlet/solicitudotadjuntos?gx-no-cache=1713187096518 HTTP/1.1" 200 26
190.171.143.82 - - [15/Apr/2024:10:22:01 -0300] "GET /cormun/servlet/solicitudotadjuntos?cf9695378468fd56b4917cdb0c2eca09214063346aec03f2118b2af05a91ff15,gx-no-cache=1713187107445 HTTP/1.1" 200 30
190.171.143.82 - - [15/Apr/2024:10:22:01 -0300] "GET /cormun/servlet/solicitudotadjuntos?cf9695378468fd56b4917cdb0c2eca09214063346aec03f2118b2af05a91ff15,gx-no-cache=1713187107466 HTTP/1.1" 200 30
190.171.143.82 - - [15/Apr/2024:10:22:02 -0300] "POST /cormun/servlet/solicitudotadjuntos?9657dad18ba8b00cb675bb24d00a50fc,INS,2024,21222,,1, HTTP/1.1" 200 116
190.171.143.82 - - [15/Apr/2024:10:22:02 -0300] "GET /cormun/servlet/hpexe_return? HTTP/1.1" 200 1025
190.171.143.82 - - [15/Apr/2024:10:22:02 -0300] "GET /cormun/servlet/trsolicitudadjuntos?2024,21222, HTTP/1.1" 200 9594
190.171.143.82 - - [15/Apr/2024:10:22:05 -0300] "GET /cormun/servlet/solicitudotadjuntos?INS,2024,21222,,1, HTTP/1.1" 200 6288
190.171.143.82 - - [15/Apr/2024:10:22:06 -0300] "GET /cormun/static/about:blank HTTP/1.1" 404 1011
190.171.143.82 - - [15/Apr/2024:10:22:06 -0300] "GET /cormun/servlet/solicitudotadjuntos?cf9695378468fd56b4917cdb0c2eca0915888029db7bcdb20ccd9b61c78dca42446ef68f1b8bc6976192b84432edb802,gx-no-cache=1713187112413 HTTP/1.1" 200 30
190.171.143.82 - - [15/Apr/2024:10:22:06 -0300] "POST /cormun/servlet/solicitudotadjuntos?9657dad18ba8b00cb675bb24d00a50fc,INS,2024,21222,,1,,gx-no-cache=1713187112442 HTTP/1.1" 200 4147
190.171.143.82 - - [15/Apr/2024:10:22:09 -0300] "POST /cormun/servlet/solicitudotadjuntos?gx-no-cache=1713187114837 HTTP/1.1" 200 26
190.171.143.82 - - [15/Apr/2024:10:22:19 -0300] "GET /cormun/servlet/solicitudotadjuntos?cf9695378468fd56b4917cdb0c2eca09214063346aec03f2118b2af05a91ff15,gx-no-cache=1713187125053 HTTP/1.1" 200 30
190.171.143.82 - - [15/Apr/2024:10:22:19 -0300] "GET /cormun/servlet/solicitudotadjuntos?cf9695378468fd56b4917cdb0c2eca09214063346aec03f2118b2af05a91ff15,gx-no-cache=1713187125074 HTTP/1.1" 200 30
190.171.143.82 - - [15/Apr/2024:10:22:19 -0300] "POST /cormun/servlet/solicitudotadjuntos?9657dad18ba8b00cb675bb24d00a50fc,INS,2024,21222,,1, HTTP/1.1" 200 116
190.171.143.82 - - [15/Apr/2024:10:22:19 -0300] "GET /cormun/servlet/hpexe_return? HTTP/1.1" 200 1025
190.171.143.82 - - [15/Apr/2024:10:22:20 -0300] "GET /cormun/servlet/trsolicitudadjuntos?2024,21222, HTTP/1.1" 200 9837
