190.171.141.114 - - [15/Apr/2024:14:37:01 -0300] "GET /cormun/servlet/solicitudot?c56a3a8f9eb0c96f6231b00195d2b8036be7c0747710065fa514d3d694a3e471d19372e662ddadd9093a61fe348ce94a13690954b05f29621419180e798c34305e5cf888b097e323e8a80b564ee9505dcac67f5d297c3c09e41398b624561ac13f977a1d0aae0632d958880013b62e7f,gx-no-cache=1713202408735 HTTP/1.1" 200 29
190.171.141.114 - - [15/Apr/2024:14:37:01 -0300] "GET /cormun/servlet/solicitudot?c56a3a8f9eb0c96f6231b00195d2b8038c2a8e57b18870a79d988fd5b52d812a2a1f6944073226d065552db696b38e56,gx-no-cache=1713202408755 HTTP/1.1" 200 30
190.171.141.114 - - [15/Apr/2024:14:37:01 -0300] "POST /cormun/servlet/solicitudot?gx-no-cache=1713202408775 HTTP/1.1" 200 30
190.171.141.114 - - [15/Apr/2024:14:37:01 -0300] "POST /cormun/servlet/solicitudot?944fa9c4d677591d850a0523ef120afb,UPD,2024,21234,false,,gx-no-cache=1713202408802 HTTP/1.1" 200 93
190.171.141.114 - - [15/Apr/2024:14:37:01 -0300] "GET /cormun/servlet/hpexe_return? HTTP/1.1" 200 1019
190.171.141.114 - - [15/Apr/2024:14:37:01 -0300] "GET /cormun/servlet/trsolicitudot HTTP/1.1" 200 10171
190.171.141.114 - - [15/Apr/2024:14:37:10 -0300] "POST /cormun/servlet/trsolicitudot?944fa9c4d677591d850a0523ef120afb,gx-no-cache=1713202417848 HTTP/1.1" 200 112
190.171.141.114 - - [15/Apr/2024:14:37:10 -0300] "GET /cormun/servlet/solicitudot?UPD,2024,21232,false, HTTP/1.1" 200 16736
190.171.141.114 - - [15/Apr/2024:14:37:11 -0300] "POST /cormun/servlet/solicitudot?gx-no-cache=1713202418683 HTTP/1.1" 200 4106
190.171.141.114 - - [15/Apr/2024:14:37:11 -0300] "POST /cormun/servlet/solicitudot?944fa9c4d677591d850a0523ef120afb,UPD,2024,21232,false,,gx-no-cache=1713202418805 HTTP/1.1" 200 12824
190.171.141.114 - - [15/Apr/2024:14:37:11 -0300] "GET /cormun/servlet/solicitudot?c56a3a8f9eb0c96f6231b00195d2b8038d98a150eb81d4032377b805c57a808077dace46d1adefd1a5ed650285dfc7ee,gx-no-cache=1713202418907 HTTP/1.1" 200 30
190.171.141.114 - - [15/Apr/2024:14:37:11 -0300] "GET /cormun/servlet/solicitudot?c56a3a8f9eb0c96f6231b00195d2b8033324f67172dd9556515d6e3597f72809ab41023a245a564de3265d7f39aa1e54e05fb8ad881e8527416e8bb602938361,gx-no-cache=1713202418934 HTTP/1.1" 200 30
190.171.141.114 - - [15/Apr/2024:14:37:11 -0300] "GET /cormun/servlet/solicitudot?c56a3a8f9eb0c96f6231b00195d2b8036d56e1e6a5009023cbafc0d3fb98c145f18756fe7e58c9156bce41a6ebbef532b0468589d01cc2a79eda9775c3557370,gx-no-cache=1713202418953 HTTP/1.1" 200 51
190.171.141.114 - - [15/Apr/2024:14:37:11 -0300] "POST /cormun/servlet/solicitudot?gx-no-cache=1713202418981 HTTP/1.1" 200 256
190.171.141.114 - - [15/Apr/2024:14:37:11 -0300] "GET /cormun/servlet/solicitudot?c56a3a8f9eb0c96f6231b00195d2b80387fdabaea91aeb9304b8d9d5d2f1296c43e3037996e52cd5a3053ca0070c9947b619c5fb456c6030fef192c86f68ab37be290a2bfb5ad9b20eb24ce8744a218e37b81e437785666aac2b5e19d4c58e291cc0ed3f54b4cdad161a96b16b9ac99e533b4e8d80a6a340edae140351c8a0ae553e3db269eeeb5f53b4f72589739bf0533f0cdc65b891dd5837144c614107d3baf0f57ae1d7f88dc3622b8fe86914ed0c7ed09138e9e5eba97241f530a0159effecf1b5e9320d2cc85b9a9a8811a1163c45926ab86f00a6958231094975cdd123f335e4765300cdd6f624d7d9613ff8756e2e802f1982846d718eff20c858a98acfbab1cc05d40c7c46e8342dbe78e2ccb38039b42c260ebc693bfc1be88f5146146558d473b63c6169054b43cee97a2efc754610790f690b3252bf7c4e3897696b3c084b25e01f7e823a4c0d9ad5c7394005430575d53242510c9bb9736d02ae0f5a374b361a6f1a3d9a3c2171d78df00136196f8c8aeab45cfa1e5b6460a3,gx-no-cache=1713202419010 HTTP/1.1" 200 30
190.171.141.114 - - [15/Apr/2024:14:37:11 -0300] "POST /cormun/servlet/solicitudot?gx-no-cache=1713202419033 HTTP/1.1" 200 30
190.171.141.114 - - [15/Apr/2024:14:37:11 -0300] "POST /cormun/servlet/solicitudot?gx-no-cache=1713202419060 HTTP/1.1" 200 1481
190.171.141.114 - - [15/Apr/2024:14:37:11 -0300] "POST /cormun/servlet/solicitudot?gx-no-cache=1713202419093 HTTP/1.1" 200 41
104.211.2.187 - - [15/Apr/2024:14:37:18 -0300] "GET /manager/html HTTP/1.1" 401 2474
190.171.141.114 - - [15/Apr/2024:14:37:20 -0300] "GET /cormun/servlet/solicitudot?c56a3a8f9eb0c96f6231b00195d2b803e3c5610b14dfe0c799c321f75b5e7a74f58c65527acd170596ba80f328f401908627055c76024f78921f35bcd6dae84da228d170554f57a1b580bc02132f620d9581bca65e5f0a74b826ff28a7e81d95d7fc856bc9cfad2de85f96b67bfd127a,gx-no-cache=1713202427295 HTTP/1.1" 200 110
190.171.141.114 - - [15/Apr/2024:14:37:20 -0300] "POST /cormun/servlet/solicitudot?gx-no-cache=1713202427336 HTTP/1.1" 200 97
190.171.141.114 - - [15/Apr/2024:14:37:31 -0300] "POST /cormun/servlet/solicitudot?gx-no-cache=1713202438680 HTTP/1.1" 200 79
190.171.141.114 - - [15/Apr/2024:14:37:35 -0300] "GET /cormun/servlet/solicitudot?c56a3a8f9eb0c96f6231b00195d2b803e29b2aa606bc53eed46f6eb01aa87789d19372e662ddadd9093a61fe348ce94ab5f0e2cbbc542cf1dd4547623f06ae0c01b492bcccdcd79820f35ef943e90e2f25071c6766092a8fbf4675b84b664fdfeb79f6e2a11c612fd66ab0aa1c69c0a297d30867b3d45fcdbc5bc3c4bf192f310029fd7030d46f9c6dab06e12cafab2b57f8a8ea4ff93f5d989436f5f1c3389f,gx-no-cache=1713202442175 HTTP/1.1" 200 29
190.171.141.114 - - [15/Apr/2024:14:37:35 -0300] "GET /cormun/servlet/solicitudot?c56a3a8f9eb0c96f6231b00195d2b8038c2a8e57b18870a79d988fd5b52d812a2a1f6944073226d065552db696b38e56,gx-no-cache=1713202442198 HTTP/1.1" 200 30
190.171.141.114 - - [15/Apr/2024:14:37:35 -0300] "POST /cormun/servlet/solicitudot?gx-no-cache=1713202442219 HTTP/1.1" 200 30
190.171.141.114 - - [15/Apr/2024:14:37:35 -0300] "POST /cormun/servlet/solicitudot?944fa9c4d677591d850a0523ef120afb,UPD,2024,21232,false,,gx-no-cache=1713202442282 HTTP/1.1" 200 93
190.171.141.114 - - [15/Apr/2024:14:37:35 -0300] "GET /cormun/servlet/hpexe_return? HTTP/1.1" 200 1019
190.171.141.114 - - [15/Apr/2024:14:37:35 -0300] "GET /cormun/servlet/trsolicitudot HTTP/1.1" 200 10157
190.171.141.114 - - [15/Apr/2024:14:37:40 -0300] "POST /cormun/servlet/trsolicitudot?944fa9c4d677591d850a0523ef120afb,gx-no-cache=1713202447904 HTTP/1.1" 200 112
190.171.141.114 - - [15/Apr/2024:14:37:40 -0300] "GET /cormun/servlet/solicitudot?UPD,2024,21232,false, HTTP/1.1" 200 16711
190.171.141.114 - - [15/Apr/2024:14:37:41 -0300] "POST /cormun/servlet/solicitudot?gx-no-cache=1713202448706 HTTP/1.1" 200 4106
190.171.141.114 - - [15/Apr/2024:14:37:41 -0300] "POST /cormun/servlet/solicitudot?944fa9c4d677591d850a0523ef120afb,UPD,2024,21232,false,,gx-no-cache=1713202448808 HTTP/1.1" 200 12797
190.171.141.114 - - [15/Apr/2024:14:37:41 -0300] "GET /cormun/servlet/solicitudot?c56a3a8f9eb0c96f6231b00195d2b8038d98a150eb81d4032377b805c57a808077dace46d1adefd1a5ed650285dfc7ee,gx-no-cache=1713202448887 HTTP/1.1" 200 30
190.171.141.114 - - [15/Apr/2024:14:37:41 -0300] "GET /cormun/servlet/solicitudot?c56a3a8f9eb0c96f6231b00195d2b8033324f67172dd9556515d6e3597f72809ab41023a245a564de3265d7f39aa1e54e05fb8ad881e8527416e8bb602938361,gx-no-cache=1713202448910 HTTP/1.1" 200 30
190.171.141.114 - - [15/Apr/2024:14:37:41 -0300] "GET /cormun/servlet/solicitudot?c56a3a8f9eb0c96f6231b00195d2b8036d56e1e6a5009023cbafc0d3fb98c145f18756fe7e58c9156bce41a6ebbef532b0468589d01cc2a79eda9775c3557370,gx-no-cache=1713202448930 HTTP/1.1" 200 51
190.171.141.114 - - [15/Apr/2024:14:37:41 -0300] "POST /cormun/servlet/solicitudot?gx-no-cache=1713202448954 HTTP/1.1" 200 256
190.171.141.114 - - [15/Apr/2024:14:37:41 -0300] "GET /cormun/servlet/solicitudot?c56a3a8f9eb0c96f6231b00195d2b80387fdabaea91aeb9304b8d9d5d2f1296c43e3037996e52cd5a3053ca0070c9947b619c5fb456c6030fef192c86f68ab37be290a2bfb5ad9b20eb24ce8744a218e37b81e437785666aac2b5e19d4c58e291cc0ed3f54b4cdad161a96b16b9ac99e533b4e8d80a6a340edae140351c8a0ae553e3db269eeeb5f53b4f72589739bf0533f0cdc65b891dd5837144c614107d3baf0f57ae1d7f88dc3622b8fe86914ed0c7ed09138e9e5eba97241f530a0159effecf1b5e9320d2cc85b9a9a8811a1163c45926ab86f00a6958231094975cdd123f335e4765300cdd6f624d7d9613ff8756e2e802f1982846d718eff20c858a98acfbab1cc05d40c7c46e8342dbe78e2ccb38039b42c260ebc693bfc1be88f5146146558d473b63c6169054b43cee97a2efc754610790f690b3252bf7c4e3897696b3c084b25e01f7e823a4c0d9ad5c7394005430575d53242510c9bb9736d02ae0f5a374b361a6f1a3d9a3c2171d78df00136196f8c8aeab45cfa1e5b6460a3,gx-no-cache=1713202448984 HTTP/1.1" 200 30
190.171.141.114 - - [15/Apr/2024:14:37:41 -0300] "POST /cormun/servlet/solicitudot?gx-no-cache=1713202449005 HTTP/1.1" 200 30
190.171.141.114 - - [15/Apr/2024:14:37:41 -0300] "POST /cormun/servlet/solicitudot?gx-no-cache=1713202449032 HTTP/1.1" 200 1481
190.171.141.114 - - [15/Apr/2024:14:37:41 -0300] "POST /cormun/servlet/solicitudot?gx-no-cache=1713202449066 HTTP/1.1" 200 41
104.211.2.187 - - [15/Apr/2024:14:37:53 -0300] "GET /manager/html HTTP/1.1" 401 2474
190.171.141.114 - - [15/Apr/2024:14:37:58 -0300] "GET /cormun/servlet/solicitudot?c56a3a8f9eb0c96f6231b00195d2b803e3c5610b14dfe0c799c321f75b5e7a74f58c65527acd170596ba80f328f401908627055c76024f78921f35bcd6dae84da228d170554f57a1b580bc02132f620d9581bca65e5f0a74b826ff28a7e81d95d7fc856bc9cfad2de85f96b67bfd127a,gx-no-cache=1713202465302 HTTP/1.1" 200 110
190.171.141.114 - - [15/Apr/2024:14:37:58 -0300] "POST /cormun/servlet/solicitudot?gx-no-cache=1713202465330 HTTP/1.1" 200 67
190.171.141.114 - - [15/Apr/2024:14:37:58 -0300] "GET /cormun/servlet/solicitudot?c56a3a8f9eb0c96f6231b00195d2b803e29b2aa606bc53eed46f6eb01aa87789d19372e662ddadd9093a61fe348ce94ab5f0e2cbbc542cf1dd4547623f06ae0c01b492bcccdcd79820f35ef943e90e2f25071c6766092a8fbf4675b84b664fdfeb79f6e2a11c612fd66ab0aa1c69c0a297d30867b3d45fcdbc5bc3c4bf192f310029fd7030d46f9c6dab06e12cafab2b57f8a8ea4ff93f5d989436f5f1c3389f,gx-no-cache=1713202465357 HTTP/1.1" 200 29
190.171.141.114 - - [15/Apr/2024:14:37:58 -0300] "GET /cormun/servlet/solicitudot?c56a3a8f9eb0c96f6231b00195d2b8038c2a8e57b18870a79d988fd5b52d812a2a1f6944073226d065552db696b38e56,gx-no-cache=1713202465379 HTTP/1.1" 200 30
190.171.141.114 - - [15/Apr/2024:14:37:58 -0300] "POST /cormun/servlet/solicitudot?gx-no-cache=1713202465399 HTTP/1.1" 200 30
190.171.141.114 - - [15/Apr/2024:14:37:58 -0300] "POST /cormun/servlet/solicitudot?944fa9c4d677591d850a0523ef120afb,UPD,2024,21232,false,,gx-no-cache=1713202465459 HTTP/1.1" 200 93
190.171.141.114 - - [15/Apr/2024:14:37:58 -0300] "GET /cormun/servlet/hpexe_return? HTTP/1.1" 200 1019
190.171.141.114 - - [15/Apr/2024:14:37:58 -0300] "GET /cormun/servlet/trsolicitudot HTTP/1.1" 200 10157
190.171.141.114 - - [15/Apr/2024:14:38:13 -0300] "POST /cormun/servlet/trsolicitudot?944fa9c4d677591d850a0523ef120afb,gx-no-cache=1713202480264 HTTP/1.1" 200 112
190.171.141.114 - - [15/Apr/2024:14:38:13 -0300] "GET /cormun/servlet/solicitudot?UPD,2024,21236,false, HTTP/1.1" 200 16560
190.171.141.114 - - [15/Apr/2024:14:38:13 -0300] "POST /cormun/servlet/solicitudot?gx-no-cache=1713202481067 HTTP/1.1" 200 4091
190.171.141.114 - - [15/Apr/2024:14:38:14 -0300] "POST /cormun/servlet/solicitudot?944fa9c4d677591d850a0523ef120afb,UPD,2024,21236,false,,gx-no-cache=1713202481178 HTTP/1.1" 200 12741
190.171.141.114 - - [15/Apr/2024:14:38:14 -0300] "GET /cormun/servlet/solicitudot?c56a3a8f9eb0c96f6231b00195d2b803776ad838e6e92c9a0bd203a106135f2977dace46d1adefd1a5ed650285dfc7ee,gx-no-cache=1713202481276 HTTP/1.1" 200 30
190.171.141.114 - - [15/Apr/2024:14:38:14 -0300] "GET /cormun/servlet/solicitudot?c56a3a8f9eb0c96f6231b00195d2b803d2c3965f92222f128af76bd41e6b309e89f1404926a2915d44040a3d1a853ee4,gx-no-cache=1713202481298 HTTP/1.1" 200 30
190.171.141.114 - - [15/Apr/2024:14:38:14 -0300] "GET /cormun/servlet/solicitudot?c56a3a8f9eb0c96f6231b00195d2b80343b35313f4cb0a1eddb2c39834d8e452,gx-no-cache=1713202481319 HTTP/1.1" 200 29
190.171.141.114 - - [15/Apr/2024:14:38:14 -0300] "POST /cormun/servlet/solicitudot?gx-no-cache=1713202481341 HTTP/1.1" 200 257
190.171.141.114 - - [15/Apr/2024:14:38:14 -0300] "GET /cormun/servlet/solicitudot?c56a3a8f9eb0c96f6231b00195d2b80387fdabaea91aeb9304b8d9d5d2f1296c3cef0da0c31f37922f501cc92614420bb619c5fb456c6030fef192c86f68ab37be290a2bfb5ad9b20eb24ce8744a218e37b81e437785666aac2b5e19d4c58e291cc0ed3f54b4cdad161a96b16b9ac99e533b4e8d80a6a340edae140351c8a0ae553e3db269eeeb5f53b4f72589739bf0533f0cdc65b891dd5837144c614107d3baf0f57ae1d7f88dc3622b8fe86914ed0c7ed09138e9e5eba97241f530a0159effecf1b5e9320d2cc85b9a9a8811a1163c45926ab86f00a6958231094975cdd123f335e4765300cdd6f624d7d9613ff8f89f27706a35144d07c98a1e63dbd1358acfbab1cc05d40c7c46e8342dbe78e2fada88c37cd7fbc3902afff79fa4f6148ece8834f4f16e3a619f11266ea03410e41cfeadfa04cb057cabc98291d57b49bb73a88144fe88facb8325e14270042e5ebecf67f060df26a9497411e10ca18d4dd5da56cd7de54d75ea9725efbe7a34fc49e0a6be47fbf3b396b1a83fd60c4c,gx-no-cache=1713202481372 HTTP/1.1" 200 30
190.171.141.114 - - [15/Apr/2024:14:38:14 -0300] "POST /cormun/servlet/solicitudot?gx-no-cache=1713202481397 HTTP/1.1" 200 30
190.171.141.114 - - [15/Apr/2024:14:38:14 -0300] "POST /cormun/servlet/solicitudot?gx-no-cache=1713202481429 HTTP/1.1" 200 1479
190.171.141.114 - - [15/Apr/2024:14:38:14 -0300] "POST /cormun/servlet/solicitudot?gx-no-cache=1713202481473 HTTP/1.1" 200 41
190.171.141.114 - - [15/Apr/2024:14:38:17 -0300] "GET /cormun/servlet/solicitudot?c56a3a8f9eb0c96f6231b00195d2b803e3c5610b14dfe0c799c321f75b5e7a74f58c65527acd170596ba80f328f401908627055c76024f78921f35bcd6dae84da228d170554f57a1b580bc02132f620d9581bca65e5f0a74b826ff28a7e81d95d7fc856bc9cfad2de85f96b67bfd127a,gx-no-cache=1713202484194 HTTP/1.1" 200 110
190.171.141.114 - - [15/Apr/2024:14:38:20 -0300] "POST /cormun/servlet/solicitudot?gx-no-cache=1713202487296 HTTP/1.1" 200 72
190.171.141.114 - - [15/Apr/2024:14:38:23 -0300] "GET /cormun/servlet/solicitudot?c56a3a8f9eb0c96f6231b00195d2b8036be7c0747710065fa514d3d694a3e471d19372e662ddadd9093a61fe348ce94a13690954b05f29621419180e798c34305e5cf888b097e323e8a80b564ee9505dcac67f5d297c3c09e41398b624561ac13f977a1d0aae0632d958880013b62e7f,gx-no-cache=1713202490917 HTTP/1.1" 200 29
190.171.141.114 - - [15/Apr/2024:14:38:23 -0300] "GET /cormun/servlet/solicitudot?c56a3a8f9eb0c96f6231b00195d2b8038c2a8e57b18870a79d988fd5b52d812a2a1f6944073226d065552db696b38e56,gx-no-cache=1713202490939 HTTP/1.1" 200 30
190.171.141.114 - - [15/Apr/2024:14:38:23 -0300] "POST /cormun/servlet/solicitudot?gx-no-cache=1713202490959 HTTP/1.1" 200 30
190.171.141.114 - - [15/Apr/2024:14:38:23 -0300] "POST /cormun/servlet/solicitudot?944fa9c4d677591d850a0523ef120afb,UPD,2024,21236,false,,gx-no-cache=1713202490982 HTTP/1.1" 200 93
190.171.141.114 - - [15/Apr/2024:14:38:24 -0300] "GET /cormun/servlet/hpexe_return? HTTP/1.1" 200 1019
190.171.141.114 - - [15/Apr/2024:14:38:24 -0300] "GET /cormun/servlet/trsolicitudot HTTP/1.1" 200 10129
190.171.141.114 - - [15/Apr/2024:14:38:27 -0300] "POST /cormun/servlet/trsolicitudot?944fa9c4d677591d850a0523ef120afb,gx-no-cache=1713202494896 HTTP/1.1" 200 111
190.171.141.114 - - [15/Apr/2024:14:38:27 -0300] "GET /cormun/servlet/solicitudot?UPD,2024,21234,false, HTTP/1.1" 200 16554
104.211.2.187 - - [15/Apr/2024:14:38:28 -0300] "GET /manager/html HTTP/1.1" 401 2474
190.171.141.114 - - [15/Apr/2024:14:38:28 -0300] "POST /cormun/servlet/solicitudot?gx-no-cache=1713202495661 HTTP/1.1" 200 4085
190.171.141.114 - - [15/Apr/2024:14:38:28 -0300] "POST /cormun/servlet/solicitudot?944fa9c4d677591d850a0523ef120afb,UPD,2024,21234,false,,gx-no-cache=1713202495784 HTTP/1.1" 200 12735
190.171.141.114 - - [15/Apr/2024:14:38:28 -0300] "GET /cormun/servlet/solicitudot?c56a3a8f9eb0c96f6231b00195d2b8034aba63321ed73075e67bd3c3a1671a4777dace46d1adefd1a5ed650285dfc7ee,gx-no-cache=1713202495876 HTTP/1.1" 200 30
190.171.141.114 - - [15/Apr/2024:14:38:28 -0300] "GET /cormun/servlet/solicitudot?c56a3a8f9eb0c96f6231b00195d2b803eedd362069b69d48279d778054cddc5599bf85562a657a39acdfd24016cd8564b2c2d0069ebb22a1615426a5fd1eea90,gx-no-cache=1713202495898 HTTP/1.1" 200 30
190.171.141.114 - - [15/Apr/2024:14:38:28 -0300] "GET /cormun/servlet/solicitudot?c56a3a8f9eb0c96f6231b00195d2b80343b35313f4cb0a1eddb2c39834d8e452,gx-no-cache=1713202495918 HTTP/1.1" 200 29
190.171.141.114 - - [15/Apr/2024:14:38:28 -0300] "POST /cormun/servlet/solicitudot?gx-no-cache=1713202495938 HTTP/1.1" 200 257
190.171.141.114 - - [15/Apr/2024:14:38:28 -0300] "GET /cormun/servlet/solicitudot?c56a3a8f9eb0c96f6231b00195d2b80387fdabaea91aeb9304b8d9d5d2f1296c3cef0da0c31f37922f501cc92614420bb619c5fb456c6030fef192c86f68ab37be290a2bfb5ad9b20eb24ce8744a218e37b81e437785666aac2b5e19d4c58e291cc0ed3f54b4cdad161a96b16b9ac99e533b4e8d80a6a340edae140351c8a0ae553e3db269eeeb5f53b4f72589739bf0533f0cdc65b891dd5837144c614107d3baf0f57ae1d7f88dc3622b8fe86914ed0c7ed09138e9e5eba97241f530a0159effecf1b5e9320d2cc85b9a9a8811a1163c45926ab86f00a6958231094975cdd123f335e4765300cdd6f624d7d9613ff8f89f27706a35144d07c98a1e63dbd1358acfbab1cc05d40c7c46e8342dbe78e2fada88c37cd7fbc3902afff79fa4f6148ece8834f4f16e3a619f11266ea03410e41cfeadfa04cb057cabc98291d57b49bb73a88144fe88facb8325e14270042e5ebecf67f060df26a9497411e10ca18d4dd5da56cd7de54d75ea9725efbe7a34fc49e0a6be47fbf3b396b1a83fd60c4c,gx-no-cache=1713202495984 HTTP/1.1" 200 30
190.171.141.114 - - [15/Apr/2024:14:38:28 -0300] "POST /cormun/servlet/solicitudot?gx-no-cache=1713202496006 HTTP/1.1" 200 30
190.171.141.114 - - [15/Apr/2024:14:38:28 -0300] "POST /cormun/servlet/solicitudot?gx-no-cache=1713202496034 HTTP/1.1" 200 1481
190.171.141.114 - - [15/Apr/2024:14:38:28 -0300] "POST /cormun/servlet/solicitudot?gx-no-cache=1713202496068 HTTP/1.1" 200 41
190.171.141.114 - - [15/Apr/2024:14:38:31 -0300] "GET /cormun/servlet/solicitudot?c56a3a8f9eb0c96f6231b00195d2b803e3c5610b14dfe0c799c321f75b5e7a74f58c65527acd170596ba80f328f401908627055c76024f78921f35bcd6dae84da228d170554f57a1b580bc02132f620d9581bca65e5f0a74b826ff28a7e81d95d7fc856bc9cfad2de85f96b67bfd127a,gx-no-cache=1713202498274 HTTP/1.1" 200 110
190.171.141.114 - - [15/Apr/2024:14:38:31 -0300] "POST /cormun/servlet/solicitudot?gx-no-cache=1713202498299 HTTP/1.1" 200 67
190.171.141.114 - - [15/Apr/2024:14:38:31 -0300] "GET /cormun/servlet/solicitudot?c56a3a8f9eb0c96f6231b00195d2b8036be7c0747710065fa514d3d694a3e471d19372e662ddadd9093a61fe348ce94a13690954b05f29621419180e798c34305e5cf888b097e323e8a80b564ee9505dcac67f5d297c3c09e41398b624561ac13f977a1d0aae0632d958880013b62e7f,gx-no-cache=1713202498322 HTTP/1.1" 200 29
190.171.141.114 - - [15/Apr/2024:14:38:31 -0300] "GET /cormun/servlet/solicitudot?c56a3a8f9eb0c96f6231b00195d2b8038c2a8e57b18870a79d988fd5b52d812a2a1f6944073226d065552db696b38e56,gx-no-cache=1713202498341 HTTP/1.1" 200 30
190.171.141.114 - - [15/Apr/2024:14:38:38 -0300] "POST /cormun/servlet/solicitudot?gx-no-cache=1713202505638 HTTP/1.1" 200 30
190.171.141.114 - - [15/Apr/2024:14:38:38 -0300] "POST /cormun/servlet/solicitudot?944fa9c4d677591d850a0523ef120afb,UPD,2024,21234,false,,gx-no-cache=1713202505686 HTTP/1.1" 200 93
190.171.141.114 - - [15/Apr/2024:14:38:38 -0300] "GET /cormun/servlet/hpexe_return? HTTP/1.1" 200 1019
190.171.141.114 - - [15/Apr/2024:14:38:38 -0300] "GET /cormun/servlet/trsolicitudot HTTP/1.1" 200 10129
190.171.141.114 - - [15/Apr/2024:14:38:42 -0300] "POST /cormun/servlet/trsolicitudot?944fa9c4d677591d850a0523ef120afb,gx-no-cache=1713202509649 HTTP/1.1" 200 111
190.171.141.114 - - [15/Apr/2024:14:38:42 -0300] "GET /cormun/servlet/solicitudot?UPD,2024,21233,false, HTTP/1.1" 200 16584
190.171.141.114 - - [15/Apr/2024:14:38:43 -0300] "POST /cormun/servlet/solicitudot?gx-no-cache=1713202510451 HTTP/1.1" 200 4101
190.171.141.114 - - [15/Apr/2024:14:38:43 -0300] "POST /cormun/servlet/solicitudot?944fa9c4d677591d850a0523ef120afb,UPD,2024,21233,false,,gx-no-cache=1713202510561 HTTP/1.1" 200 12745
190.171.141.114 - - [15/Apr/2024:14:38:43 -0300] "GET /cormun/servlet/solicitudot?c56a3a8f9eb0c96f6231b00195d2b8030f3e858a5fba16c7cbbf22899993ff8b77dace46d1adefd1a5ed650285dfc7ee,gx-no-cache=1713202510655 HTTP/1.1" 200 30
190.171.141.114 - - [15/Apr/2024:14:38:43 -0300] "GET /cormun/servlet/solicitudot?c56a3a8f9eb0c96f6231b00195d2b803ee50f94721689eb92264281d9bae754d91d563ce496745188d1448afa9d5bcf48fc0a77692053ecfb44146a4741785c8,gx-no-cache=1713202510677 HTTP/1.1" 200 30
190.171.141.114 - - [15/Apr/2024:14:38:43 -0300] "GET /cormun/servlet/solicitudot?c56a3a8f9eb0c96f6231b00195d2b80343b35313f4cb0a1eddb2c39834d8e452,gx-no-cache=1713202510695 HTTP/1.1" 200 29
190.171.141.114 - - [15/Apr/2024:14:38:43 -0300] "POST /cormun/servlet/solicitudot?gx-no-cache=1713202510714 HTTP/1.1" 200 257
190.171.141.114 - - [15/Apr/2024:14:38:43 -0300] "GET /cormun/servlet/solicitudot?c56a3a8f9eb0c96f6231b00195d2b80387fdabaea91aeb9304b8d9d5d2f1296c3cef0da0c31f37922f501cc92614420bb619c5fb456c6030fef192c86f68ab37be290a2bfb5ad9b20eb24ce8744a218e37b81e437785666aac2b5e19d4c58e291cc0ed3f54b4cdad161a96b16b9ac99e533b4e8d80a6a340edae140351c8a0ae553e3db269eeeb5f53b4f72589739bf0533f0cdc65b891dd5837144c614107d3baf0f57ae1d7f88dc3622b8fe86914ed0c7ed09138e9e5eba97241f530a0159effecf1b5e9320d2cc85b9a9a8811a1163c45926ab86f00a6958231094975cdd123f335e4765300cdd6f624d7d9613ff8f89f27706a35144d07c98a1e63dbd1358acfbab1cc05d40c7c46e8342dbe78e2fada88c37cd7fbc3902afff79fa4f6148ece8834f4f16e3a619f11266ea03410e41cfeadfa04cb057cabc98291d57b49bb73a88144fe88facb8325e14270042e5ebecf67f060df26a9497411e10ca18d4dd5da56cd7de54d75ea9725efbe7a34fc49e0a6be47fbf3b396b1a83fd60c4c,gx-no-cache=1713202510739 HTTP/1.1" 200 30
190.171.141.114 - - [15/Apr/2024:14:38:43 -0300] "POST /cormun/servlet/solicitudot?gx-no-cache=1713202510759 HTTP/1.1" 200 30
190.171.141.114 - - [15/Apr/2024:14:38:43 -0300] "POST /cormun/servlet/solicitudot?gx-no-cache=1713202510784 HTTP/1.1" 200 1481
190.171.141.114 - - [15/Apr/2024:14:38:43 -0300] "POST /cormun/servlet/solicitudot?gx-no-cache=1713202510817 HTTP/1.1" 200 41
190.171.141.114 - - [15/Apr/2024:14:38:45 -0300] "GET /cormun/servlet/solicitudot?c56a3a8f9eb0c96f6231b00195d2b803e3c5610b14dfe0c799c321f75b5e7a74f58c65527acd170596ba80f328f401908627055c76024f78921f35bcd6dae84da228d170554f57a1b580bc02132f620d9581bca65e5f0a74b826ff28a7e81d95d7fc856bc9cfad2de85f96b67bfd127a,gx-no-cache=1713202512557 HTTP/1.1" 200 110
190.171.141.114 - - [15/Apr/2024:14:38:45 -0300] "POST /cormun/servlet/solicitudot?gx-no-cache=1713202512583 HTTP/1.1" 200 67
190.171.141.114 - - [15/Apr/2024:14:38:45 -0300] "GET /cormun/servlet/solicitudot?c56a3a8f9eb0c96f6231b00195d2b8036be7c0747710065fa514d3d694a3e471d19372e662ddadd9093a61fe348ce94a13690954b05f29621419180e798c34305e5cf888b097e323e8a80b564ee9505dcac67f5d297c3c09e41398b624561ac13f977a1d0aae0632d958880013b62e7f,gx-no-cache=1713202512607 HTTP/1.1" 200 29
190.171.141.114 - - [15/Apr/2024:14:38:45 -0300] "GET /cormun/servlet/solicitudot?c56a3a8f9eb0c96f6231b00195d2b8038c2a8e57b18870a79d988fd5b52d812a2a1f6944073226d065552db696b38e56,gx-no-cache=1713202512625 HTTP/1.1" 200 30
190.171.141.114 - - [15/Apr/2024:14:38:51 -0300] "POST /cormun/servlet/solicitudot?gx-no-cache=1713202519038 HTTP/1.1" 200 30
190.171.141.114 - - [15/Apr/2024:14:38:52 -0300] "POST /cormun/servlet/solicitudot?944fa9c4d677591d850a0523ef120afb,UPD,2024,21233,false,,gx-no-cache=1713202519068 HTTP/1.1" 200 93
190.171.141.114 - - [15/Apr/2024:14:38:52 -0300] "GET /cormun/servlet/hpexe_return? HTTP/1.1" 200 1019
190.171.141.114 - - [15/Apr/2024:14:38:52 -0300] "GET /cormun/servlet/trsolicitudot HTTP/1.1" 200 10130
104.211.2.187 - - [15/Apr/2024:14:39:04 -0300] "GET /manager/html HTTP/1.1" 401 2474
190.171.141.114 - - [15/Apr/2024:14:39:23 -0300] "POST /cormun/servlet/trsolicitudot?944fa9c4d677591d850a0523ef120afb,gx-no-cache=1713202550121 HTTP/1.1" 200 111
190.171.141.114 - - [15/Apr/2024:14:39:23 -0300] "GET /cormun/servlet/solicitudot?UPD,2024,21230,false, HTTP/1.1" 200 16560
190.171.141.114 - - [15/Apr/2024:14:39:23 -0300] "POST /cormun/servlet/solicitudot?gx-no-cache=1713202550981 HTTP/1.1" 200 4083
190.171.141.114 - - [15/Apr/2024:14:39:24 -0300] "POST /cormun/servlet/solicitudot?944fa9c4d677591d850a0523ef120afb,UPD,2024,21230,false,,gx-no-cache=1713202551088 HTTP/1.1" 200 12754
190.171.141.114 - - [15/Apr/2024:14:39:24 -0300] "GET /cormun/servlet/solicitudot?c56a3a8f9eb0c96f6231b00195d2b80324cb4d08ff36c4a2834f0764b68fa5a677dace46d1adefd1a5ed650285dfc7ee,gx-no-cache=1713202551191 HTTP/1.1" 200 30
190.171.141.114 - - [15/Apr/2024:14:39:24 -0300] "GET /cormun/servlet/solicitudot?c56a3a8f9eb0c96f6231b00195d2b8030385160d9f542de6e7138ff5638d6416b216f36a68b5024cfb55038124cd5b4aa0e98c316c9e46ded9201015b8a61cc4,gx-no-cache=1713202551232 HTTP/1.1" 200 30
190.171.141.114 - - [15/Apr/2024:14:39:24 -0300] "GET /cormun/servlet/solicitudot?c56a3a8f9eb0c96f6231b00195d2b80343b35313f4cb0a1eddb2c39834d8e452,gx-no-cache=1713202551300 HTTP/1.1" 200 29
190.171.141.114 - - [15/Apr/2024:14:39:24 -0300] "POST /cormun/servlet/solicitudot?gx-no-cache=1713202551322 HTTP/1.1" 200 256
190.171.141.114 - - [15/Apr/2024:14:39:24 -0300] "GET /cormun/servlet/solicitudot?c56a3a8f9eb0c96f6231b00195d2b80387fdabaea91aeb9304b8d9d5d2f1296c43e3037996e52cd5a3053ca0070c9947b619c5fb456c6030fef192c86f68ab37be290a2bfb5ad9b20eb24ce8744a218e37b81e437785666aac2b5e19d4c58e291cc0ed3f54b4cdad161a96b16b9ac99e533b4e8d80a6a340edae140351c8a0ae553e3db269eeeb5f53b4f72589739bf0533f0cdc65b891dd5837144c614107d3baf0f57ae1d7f88dc3622b8fe86914ed0c7ed09138e9e5eba97241f530a0159effecf1b5e9320d2cc85b9a9a8811a1163c45926ab86f00a6958231094975cdd123f335e4765300cdd6f624d7d9613ff8756e2e802f1982846d718eff20c858a98acfbab1cc05d40c7c46e8342dbe78e2ccb38039b42c260ebc693bfc1be88f5146146558d473b63c6169054b43cee97a2efc754610790f690b3252bf7c4e3897696b3c084b25e01f7e823a4c0d9ad5c7394005430575d53242510c9bb9736d02ae0f5a374b361a6f1a3d9a3c2171d78df00136196f8c8aeab45cfa1e5b6460a3,gx-no-cache=1713202551353 HTTP/1.1" 200 30
190.171.141.114 - - [15/Apr/2024:14:39:24 -0300] "POST /cormun/servlet/solicitudot?gx-no-cache=1713202551375 HTTP/1.1" 200 30
190.171.141.114 - - [15/Apr/2024:14:39:24 -0300] "POST /cormun/servlet/solicitudot?gx-no-cache=1713202551404 HTTP/1.1" 200 1480
190.171.141.114 - - [15/Apr/2024:14:39:24 -0300] "POST /cormun/servlet/solicitudot?gx-no-cache=1713202551437 HTTP/1.1" 200 41
190.171.141.114 - - [15/Apr/2024:14:39:27 -0300] "GET /cormun/servlet/solicitudot?c56a3a8f9eb0c96f6231b00195d2b803e3c5610b14dfe0c799c321f75b5e7a74f58c65527acd170596ba80f328f401908627055c76024f78921f35bcd6dae84da228d170554f57a1b580bc02132f620d9581bca65e5f0a74b826ff28a7e81d95d7fc856bc9cfad2de85f96b67bfd127a,gx-no-cache=1713202554814 HTTP/1.1" 200 110
190.171.141.114 - - [15/Apr/2024:14:39:31 -0300] "POST /cormun/servlet/solicitudot?gx-no-cache=1713202558673 HTTP/1.1" 200 67
190.171.141.114 - - [15/Apr/2024:14:39:33 -0300] "GET /cormun/servlet/solicitudot?c56a3a8f9eb0c96f6231b00195d2b8036be7c0747710065fa514d3d694a3e471d19372e662ddadd9093a61fe348ce94a13690954b05f29621419180e798c343001b492bcccdcd79820f35ef943e90e2f25071c6766092a8fbf4675b84b664fdfeb79f6e2a11c612fd66ab0aa1c69c0a297d30867b3d45fcdbc5bc3c4bf192f310029fd7030d46f9c6dab06e12cafab2b57f8a8ea4ff93f5d989436f5f1c3389f,gx-no-cache=1713202560647 HTTP/1.1" 200 29
190.171.141.114 - - [15/Apr/2024:14:39:33 -0300] "GET /cormun/servlet/solicitudot?c56a3a8f9eb0c96f6231b00195d2b8038c2a8e57b18870a79d988fd5b52d812a2a1f6944073226d065552db696b38e56,gx-no-cache=1713202560673 HTTP/1.1" 200 30
190.171.141.114 - - [15/Apr/2024:14:39:33 -0300] "POST /cormun/servlet/solicitudot?gx-no-cache=1713202560695 HTTP/1.1" 200 33
190.171.141.114 - - [15/Apr/2024:14:39:33 -0300] "POST /cormun/servlet/solicitudot?944fa9c4d677591d850a0523ef120afb,UPD,2024,21230,false,,gx-no-cache=1713202560765 HTTP/1.1" 200 93
190.171.141.114 - - [15/Apr/2024:14:39:33 -0300] "GET /cormun/servlet/hpexe_return? HTTP/1.1" 200 1019
190.171.141.114 - - [15/Apr/2024:14:39:33 -0300] "GET /cormun/servlet/trsolicitudot HTTP/1.1" 200 10139
104.211.2.187 - - [15/Apr/2024:14:39:39 -0300] "GET /manager/html HTTP/1.1" 401 2474
200.54.103.162 - - [15/Apr/2024:14:39:45 -0300] "POST /cormun/servlet/trsolicitudot?86c29fbb4f60d5b77a10c707306d04b4,gx-no-cache=1713202582890 HTTP/1.1" 200 107
200.54.103.162 - - [15/Apr/2024:14:39:45 -0300] "GET /cormun/servlet/trsolicitudadjuntos?2024,21235, HTTP/1.1" 200 6448
200.54.103.162 - - [15/Apr/2024:14:39:47 -0300] "GET /cormun/servlet/solicitudotadjuntos?INS,2024,21235,,1, HTTP/1.1" 200 6391
200.54.103.162 - - [15/Apr/2024:14:39:50 -0300] "GET /cormun/static/about:blank HTTP/1.1" 404 1011
200.54.103.162 - - [15/Apr/2024:14:39:51 -0300] "GET /cormun/servlet/solicitudotadjuntos?4143f9ee9af08ca2d5f5647d70495f1306bbd81fddbc5c27f15507b24fd7163790273350dcc89d55b47c1ca7a2d2c4e5,gx-no-cache=1713202588804 HTTP/1.1" 200 30
200.54.103.162 - - [15/Apr/2024:14:39:51 -0300] "POST /cormun/servlet/solicitudotadjuntos?86c29fbb4f60d5b77a10c707306d04b4,INS,2024,21235,,1,,gx-no-cache=1713202588819 HTTP/1.1" 200 4150
200.54.103.162 - - [15/Apr/2024:14:39:53 -0300] "POST /cormun/servlet/solicitudotadjuntos?gx-no-cache=1713202590536 HTTP/1.1" 200 26
200.54.103.162 - - [15/Apr/2024:14:40:01 -0300] "GET /cormun/servlet/solicitudotadjuntos?4143f9ee9af08ca2d5f5647d70495f139f3ec7d2005efab3fb91a1b1f2a91ca3,gx-no-cache=1713202598935 HTTP/1.1" 200 30
200.54.103.162 - - [15/Apr/2024:14:40:01 -0300] "GET /cormun/servlet/solicitudotadjuntos?4143f9ee9af08ca2d5f5647d70495f139f3ec7d2005efab3fb91a1b1f2a91ca3,gx-no-cache=1713202598947 HTTP/1.1" 200 30
200.54.103.162 - - [15/Apr/2024:14:40:01 -0300] "POST /cormun/servlet/solicitudotadjuntos?86c29fbb4f60d5b77a10c707306d04b4,INS,2024,21235,,1, HTTP/1.1" 200 116
200.54.103.162 - - [15/Apr/2024:14:40:01 -0300] "GET /cormun/servlet/hpexe_return? HTTP/1.1" 200 1023
200.54.103.162 - - [15/Apr/2024:14:40:01 -0300] "GET /cormun/servlet/trsolicitudadjuntos?2024,21235, HTTP/1.1" 200 9384
200.54.103.162 - - [15/Apr/2024:14:40:03 -0300] "GET /cormun/servlet/solicitudotadjuntos?INS,2024,21235,,1, HTTP/1.1" 200 6391
200.54.103.162 - - [15/Apr/2024:14:40:03 -0300] "GET /cormun/static/about:blank HTTP/1.1" 404 1011
200.54.103.162 - - [15/Apr/2024:14:40:04 -0300] "GET /cormun/servlet/solicitudotadjuntos?4143f9ee9af08ca2d5f5647d70495f1306bbd81fddbc5c27f15507b24fd7163790273350dcc89d55b47c1ca7a2d2c4e5,gx-no-cache=1713202601503 HTTP/1.1" 200 30
200.54.103.162 - - [15/Apr/2024:14:40:04 -0300] "POST /cormun/servlet/solicitudotadjuntos?86c29fbb4f60d5b77a10c707306d04b4,INS,2024,21235,,1,,gx-no-cache=1713202601517 HTTP/1.1" 200 4150
200.54.103.162 - - [15/Apr/2024:14:40:06 -0300] "POST /cormun/servlet/solicitudotadjuntos?gx-no-cache=1713202603573 HTTP/1.1" 200 26
200.54.103.162 - - [15/Apr/2024:14:40:11 -0300] "GET /cormun/servlet/solicitudotadjuntos?4143f9ee9af08ca2d5f5647d70495f139f3ec7d2005efab3fb91a1b1f2a91ca3,gx-no-cache=1713202608925 HTTP/1.1" 200 30
200.54.103.162 - - [15/Apr/2024:14:40:11 -0300] "GET /cormun/servlet/solicitudotadjuntos?4143f9ee9af08ca2d5f5647d70495f139f3ec7d2005efab3fb91a1b1f2a91ca3,gx-no-cache=1713202608935 HTTP/1.1" 200 30
200.54.103.162 - - [15/Apr/2024:14:40:11 -0300] "POST /cormun/servlet/solicitudotadjuntos?86c29fbb4f60d5b77a10c707306d04b4,INS,2024,21235,,1, HTTP/1.1" 200 116
200.54.103.162 - - [15/Apr/2024:14:40:11 -0300] "GET /cormun/servlet/hpexe_return? HTTP/1.1" 200 1023
200.54.103.162 - - [15/Apr/2024:14:40:11 -0300] "GET /cormun/servlet/trsolicitudadjuntos?2024,21235, HTTP/1.1" 200 9612
200.54.103.162 - - [15/Apr/2024:14:40:13 -0300] "GET /cormun/servlet/solicitudotadjuntos?INS,2024,21235,,1, HTTP/1.1" 200 6391
200.54.103.162 - - [15/Apr/2024:14:40:13 -0300] "GET /cormun/static/about:blank HTTP/1.1" 404 1011
200.54.103.162 - - [15/Apr/2024:14:40:14 -0300] "GET /cormun/servlet/solicitudotadjuntos?4143f9ee9af08ca2d5f5647d70495f1306bbd81fddbc5c27f15507b24fd7163790273350dcc89d55b47c1ca7a2d2c4e5,gx-no-cache=1713202611741 HTTP/1.1" 200 30
200.54.103.162 - - [15/Apr/2024:14:40:14 -0300] "POST /cormun/servlet/solicitudotadjuntos?86c29fbb4f60d5b77a10c707306d04b4,INS,2024,21235,,1,,gx-no-cache=1713202611760 HTTP/1.1" 200 4150
104.211.2.187 - - [15/Apr/2024:14:40:14 -0300] "GET /manager/html HTTP/1.1" 401 2474
200.54.103.162 - - [15/Apr/2024:14:40:16 -0300] "POST /cormun/servlet/solicitudotadjuntos?gx-no-cache=1713202614445 HTTP/1.1" 200 26
190.171.141.114 - - [15/Apr/2024:14:40:20 -0300] "GET /cormun/servlet/solicitudot?INS,0,0,false, HTTP/1.1" 200 16000
200.54.103.162 - - [15/Apr/2024:14:40:22 -0300] "GET /cormun/servlet/solicitudotadjuntos?4143f9ee9af08ca2d5f5647d70495f139f3ec7d2005efab3fb91a1b1f2a91ca3,gx-no-cache=1713202620045 HTTP/1.1" 200 30
200.54.103.162 - - [15/Apr/2024:14:40:22 -0300] "GET /cormun/servlet/solicitudotadjuntos?4143f9ee9af08ca2d5f5647d70495f139f3ec7d2005efab3fb91a1b1f2a91ca3,gx-no-cache=1713202620055 HTTP/1.1" 200 30
200.54.103.162 - - [15/Apr/2024:14:40:22 -0300] "POST /cormun/servlet/solicitudotadjuntos?86c29fbb4f60d5b77a10c707306d04b4,INS,2024,21235,,1, HTTP/1.1" 200 116
200.54.103.162 - - [15/Apr/2024:14:40:22 -0300] "GET /cormun/servlet/hpexe_return? HTTP/1.1" 200 1023
200.54.103.162 - - [15/Apr/2024:14:40:22 -0300] "GET /cormun/servlet/trsolicitudadjuntos?2024,21235, HTTP/1.1" 200 9852
200.54.103.162 - - [15/Apr/2024:14:40:24 -0300] "GET /cormun/servlet/solicitudotadjuntos?INS,2024,21235,,1, HTTP/1.1" 200 6391
200.54.103.162 - - [15/Apr/2024:14:40:24 -0300] "GET /cormun/static/about:blank HTTP/1.1" 404 1011
200.54.103.162 - - [15/Apr/2024:14:40:25 -0300] "GET /cormun/servlet/solicitudotadjuntos?4143f9ee9af08ca2d5f5647d70495f1306bbd81fddbc5c27f15507b24fd7163790273350dcc89d55b47c1ca7a2d2c4e5,gx-no-cache=1713202622909 HTTP/1.1" 200 30
200.54.103.162 - - [15/Apr/2024:14:40:25 -0300] "POST /cormun/servlet/solicitudotadjuntos?86c29fbb4f60d5b77a10c707306d04b4,INS,2024,21235,,1,,gx-no-cache=1713202622920 HTTP/1.1" 200 4150
200.54.103.162 - - [15/Apr/2024:14:40:28 -0300] "POST /cormun/servlet/solicitudotadjuntos?gx-no-cache=1713202625621 HTTP/1.1" 200 26
200.54.103.162 - - [15/Apr/2024:14:40:32 -0300] "GET /cormun/servlet/solicitudotadjuntos?4143f9ee9af08ca2d5f5647d70495f139f3ec7d2005efab3fb91a1b1f2a91ca3,gx-no-cache=1713202630293 HTTP/1.1" 200 30
200.54.103.162 - - [15/Apr/2024:14:40:32 -0300] "GET /cormun/servlet/solicitudotadjuntos?4143f9ee9af08ca2d5f5647d70495f139f3ec7d2005efab3fb91a1b1f2a91ca3,gx-no-cache=1713202630303 HTTP/1.1" 200 30
200.54.103.162 - - [15/Apr/2024:14:40:32 -0300] "POST /cormun/servlet/solicitudotadjuntos?86c29fbb4f60d5b77a10c707306d04b4,INS,2024,21235,,1, HTTP/1.1" 200 116
200.54.103.162 - - [15/Apr/2024:14:40:32 -0300] "GET /cormun/servlet/hpexe_return? HTTP/1.1" 200 1023
200.54.103.162 - - [15/Apr/2024:14:40:33 -0300] "GET /cormun/servlet/trsolicitudadjuntos?2024,21235, HTTP/1.1" 200 10067
200.54.103.162 - - [15/Apr/2024:14:40:35 -0300] "GET /cormun/servlet/solicitudotadjuntos?INS,2024,21235,,1, HTTP/1.1" 200 6391
200.54.103.162 - - [15/Apr/2024:14:40:35 -0300] "GET /cormun/static/about:blank HTTP/1.1" 404 1011
200.54.103.162 - - [15/Apr/2024:14:40:35 -0300] "GET /cormun/servlet/solicitudotadjuntos?4143f9ee9af08ca2d5f5647d70495f1306bbd81fddbc5c27f15507b24fd7163790273350dcc89d55b47c1ca7a2d2c4e5,gx-no-cache=1713202633217 HTTP/1.1" 200 30
200.54.103.162 - - [15/Apr/2024:14:40:35 -0300] "POST /cormun/servlet/solicitudotadjuntos?86c29fbb4f60d5b77a10c707306d04b4,INS,2024,21235,,1,,gx-no-cache=1713202633230 HTTP/1.1" 200 4149
200.54.103.162 - - [15/Apr/2024:14:40:38 -0300] "POST /cormun/servlet/solicitudotadjuntos?gx-no-cache=1713202635989 HTTP/1.1" 200 26
200.54.103.162 - - [15/Apr/2024:14:40:43 -0300] "GET /cormun/servlet/solicitudotadjuntos?4143f9ee9af08ca2d5f5647d70495f139f3ec7d2005efab3fb91a1b1f2a91ca3,gx-no-cache=1713202640821 HTTP/1.1" 200 30
200.54.103.162 - - [15/Apr/2024:14:40:43 -0300] "GET /cormun/servlet/solicitudotadjuntos?4143f9ee9af08ca2d5f5647d70495f139f3ec7d2005efab3fb91a1b1f2a91ca3,gx-no-cache=1713202640832 HTTP/1.1" 200 30
200.54.103.162 - - [15/Apr/2024:14:40:43 -0300] "POST /cormun/servlet/solicitudotadjuntos?86c29fbb4f60d5b77a10c707306d04b4,INS,2024,21235,,1, HTTP/1.1" 200 116
200.54.103.162 - - [15/Apr/2024:14:40:43 -0300] "GET /cormun/servlet/hpexe_return? HTTP/1.1" 200 1023
200.54.103.162 - - [15/Apr/2024:14:40:43 -0300] "GET /cormun/servlet/trsolicitudadjuntos?2024,21235, HTTP/1.1" 200 10334
200.54.103.162 - - [15/Apr/2024:14:40:46 -0300] "GET /cormun/servlet/solicitudotadjuntos?INS,2024,21235,,1, HTTP/1.1" 200 6391
200.54.103.162 - - [15/Apr/2024:14:40:46 -0300] "GET /cormun/static/about:blank HTTP/1.1" 404 1011
200.54.103.162 - - [15/Apr/2024:14:40:47 -0300] "GET /cormun/servlet/solicitudotadjuntos?4143f9ee9af08ca2d5f5647d70495f1306bbd81fddbc5c27f15507b24fd7163790273350dcc89d55b47c1ca7a2d2c4e5,gx-no-cache=1713202644658 HTTP/1.1" 200 30
200.54.103.162 - - [15/Apr/2024:14:40:47 -0300] "POST /cormun/servlet/solicitudotadjuntos?86c29fbb4f60d5b77a10c707306d04b4,INS,2024,21235,,1,,gx-no-cache=1713202644671 HTTP/1.1" 200 4149
104.211.2.187 - - [15/Apr/2024:14:40:49 -0300] "GET /manager/html HTTP/1.1" 401 2474
200.54.103.162 - - [15/Apr/2024:14:40:49 -0300] "POST /cormun/servlet/solicitudotadjuntos?gx-no-cache=1713202647109 HTTP/1.1" 200 26
200.54.103.162 - - [15/Apr/2024:14:40:57 -0300] "GET /cormun/servlet/solicitudotadjuntos?4143f9ee9af08ca2d5f5647d70495f139f3ec7d2005efab3fb91a1b1f2a91ca3,gx-no-cache=1713202654525 HTTP/1.1" 200 30
200.54.103.162 - - [15/Apr/2024:14:40:57 -0300] "GET /cormun/servlet/solicitudotadjuntos?4143f9ee9af08ca2d5f5647d70495f139f3ec7d2005efab3fb91a1b1f2a91ca3,gx-no-cache=1713202654535 HTTP/1.1" 200 30
200.54.103.162 - - [15/Apr/2024:14:40:57 -0300] "POST /cormun/servlet/solicitudotadjuntos?86c29fbb4f60d5b77a10c707306d04b4,INS,2024,21235,,1, HTTP/1.1" 200 116
200.54.103.162 - - [15/Apr/2024:14:40:57 -0300] "GET /cormun/servlet/hpexe_return? HTTP/1.1" 200 1023
200.54.103.162 - - [15/Apr/2024:14:40:57 -0300] "GET /cormun/servlet/trsolicitudadjuntos?2024,21235, HTTP/1.1" 200 10493
200.54.103.162 - - [15/Apr/2024:14:41:01 -0300] "GET /cormun/PublicTempStorage/curriculum7469727.pdf HTTP/1.1" 200 1188188
200.54.103.162 - - [15/Apr/2024:14:41:07 -0300] "GET /cormun/servlet/trsolicitudadjuntos?2024,21235, HTTP/1.1" 200 10494
200.54.103.162 - - [15/Apr/2024:14:41:10 -0300] "POST /cormun/servlet/trsolicitudadjuntos?86c29fbb4f60d5b77a10c707306d04b4,2024,21235,,gx-no-cache=1713202667943 HTTP/1.1" 200 90
200.54.103.162 - - [15/Apr/2024:14:41:10 -0300] "GET /cormun/servlet/hpexe_link HTTP/1.1" 200 966
200.54.103.162 - - [15/Apr/2024:14:41:10 -0300] "GET /cormun/servlet/trsolicitudot HTTP/1.1" 200 9336
200.54.103.162 - - [15/Apr/2024:14:41:15 -0300] "GET /cormun/servlet/vesolicitudot?2024,21235,, HTTP/1.1" 200 8691
200.54.103.162 - - [15/Apr/2024:14:41:15 -0300] "GET /cormun/pexe_scrolldiv.js HTTP/1.1" 404 1009
200.54.103.162 - - [15/Apr/2024:14:41:15 -0300] "GET /cormun/static/Resources/PXToolsTabBackSelected.png HTTP/1.1" 200 1157
200.54.103.162 - - [15/Apr/2024:14:41:15 -0300] "GET /cormun/static/Resources/PXToolsTabBackUnselected.png HTTP/1.1" 200 1175
104.211.2.187 - - [15/Apr/2024:14:41:24 -0300] "GET /manager/html HTTP/1.1" 401 2474
190.171.141.114 - - [15/Apr/2024:14:41:41 -0300] "POST /cormun/servlet/solicitudot?gx-no-cache=1713202689034 HTTP/1.1" 200 4080
190.171.141.114 - - [15/Apr/2024:14:41:41 -0300] "GET /cormun/static/Shared/jqueryui/images/ui-bg_highlight-soft_100_c6c2c8_1x100.png HTTP/1.1" 404 1117
190.171.141.114 - - [15/Apr/2024:14:41:41 -0300] "GET /cormun/static/Shared/jqueryui/images/ui-icons_82798d_256x240.png HTTP/1.1" 404 1089
190.171.141.114 - - [15/Apr/2024:14:41:41 -0300] "GET /cormun/static/Shared/jqueryui/images/ui-bg_flat_55_994d53_40x100.png HTTP/1.1" 404 1097
190.171.141.114 - - [15/Apr/2024:14:41:42 -0300] "GET /cormun/static/Shared/jqueryui/images/ui-icons_ebccce_256x240.png HTTP/1.1" 404 1089
190.171.141.114 - - [15/Apr/2024:14:41:42 -0300] "GET /cormun/servlet/solicitudot?c56a3a8f9eb0c96f6231b00195d2b80358a6b3b3a3bb40f981e221d02c865bd8,gx-no-cache=1713202689135 HTTP/1.1" 200 111
104.211.2.187 - - [15/Apr/2024:14:41:59 -0300] "GET /manager/html HTTP/1.1" 401 2474
200.54.103.162 - - [15/Apr/2024:14:42:02 -0300] "POST /cormun/servlet/vesolicitudot?86c29fbb4f60d5b77a10c707306d04b4,2024,21235,,,gx-no-cache=1713202719800 HTTP/1.1" 200 90
200.54.103.162 - - [15/Apr/2024:14:42:02 -0300] "GET /cormun/servlet/hpexe_link HTTP/1.1" 200 963
200.54.103.162 - - [15/Apr/2024:14:42:02 -0300] "GET /cormun/servlet/trsolicitudot HTTP/1.1" 200 9336
200.54.103.162 - - [15/Apr/2024:14:42:07 -0300] "POST /cormun/servlet/trsolicitudot?86c29fbb4f60d5b77a10c707306d04b4,gx-no-cache=1713202724441 HTTP/1.1" 200 6047
200.54.103.162 - - [15/Apr/2024:14:42:07 -0300] "GET /cormun/static/Shared/jqueryui/images/ui-bg_highlight-soft_100_c6c2c8_1x100.png HTTP/1.1" 404 1117
200.54.103.162 - - [15/Apr/2024:14:42:07 -0300] "GET /cormun/static/Shared/jqueryui/images/ui-icons_82798d_256x240.png HTTP/1.1" 404 1089
200.54.103.162 - - [15/Apr/2024:14:42:07 -0300] "GET /cormun/static/Shared/jqueryui/images/ui-bg_flat_55_fafafa_40x100.png HTTP/1.1" 404 1097
200.54.103.162 - - [15/Apr/2024:14:42:07 -0300] "GET /cormun/static/Shared/jqueryui/images/ui-icons_8d78a5_256x240.png HTTP/1.1" 404 1089
200.54.103.162 - - [15/Apr/2024:14:42:07 -0300] "POST /cormun/servlet/trsolicitudot?86c29fbb4f60d5b77a10c707306d04b4,gx-no-cache=1713202724550 HTTP/1.1" 200 5988
104.211.2.187 - - [15/Apr/2024:14:42:35 -0300] "GET /manager/html HTTP/1.1" 401 2474
190.171.153.50 - - [15/Apr/2024:14:42:58 -0300] "GET /cormun/servlet/trautorizarsolicitud? HTTP/1.1" 200 7398
200.54.100.179 - - [15/Apr/2024:14:43:02 -0300] "GET /cormun/servlet/trlicencias HTTP/1.1" 200 6054
200.54.100.179 - - [15/Apr/2024:14:43:02 -0300] "GET /cormun/servlet/hlogin HTTP/1.1" 200 1740
104.211.2.187 - - [15/Apr/2024:14:43:10 -0300] "GET /manager/html HTTP/1.1" 401 2474
190.171.141.114 - - [15/Apr/2024:14:43:42 -0300] "POST /cormun/servlet/solicitudot?gx-no-cache=1713202809458 HTTP/1.1" 200 4034
190.171.141.114 - - [15/Apr/2024:14:43:42 -0300] "POST /cormun/servlet/solicitudot?944fa9c4d677591d850a0523ef120afb,INS,0,0,false,,gx-no-cache=1713202809602 HTTP/1.1" 200 12612
190.171.141.114 - - [15/Apr/2024:14:43:44 -0300] "GET /cormun/servlet/solicitudot?c56a3a8f9eb0c96f6231b00195d2b803e76a0bb95d05d8444f65ba2dc7a17a9244740a60c8d963e5cc954b06cb64dbd7,gx-no-cache=1713202811635 HTTP/1.1" 200 30
104.211.2.187 - - [15/Apr/2024:14:43:45 -0300] "GET /manager/html HTTP/1.1" 401 2474
104.211.2.187 - - [15/Apr/2024:14:44:20 -0300] "GET /manager/html HTTP/1.1" 401 2474
104.211.2.187 - - [15/Apr/2024:14:44:55 -0300] "GET /manager/html HTTP/1.1" 401 2474
190.171.141.114 - - [15/Apr/2024:14:45:04 -0300] "GET /cormun/servlet/solicitudot?c56a3a8f9eb0c96f6231b00195d2b803810c9b616841ad24797ba7dfb1976660,gx-no-cache=1713202891907 HTTP/1.1" 200 94
190.171.141.114 - - [15/Apr/2024:14:45:04 -0300] "GET /cormun/servlet/solicitudot?c56a3a8f9eb0c96f6231b00195d2b80343b35313f4cb0a1eddb2c39834d8e452,gx-no-cache=1713202891950 HTTP/1.1" 200 29
190.171.141.114 - - [15/Apr/2024:14:45:05 -0300] "POST /cormun/servlet/solicitudot?gx-no-cache=1713202892935 HTTP/1.1" 200 256
190.171.141.114 - - [15/Apr/2024:14:45:12 -0300] "GET /cormun/servlet/solicitudot?c56a3a8f9eb0c96f6231b00195d2b80387fdabaea91aeb9304b8d9d5d2f1296c3cef0da0c31f37922f501cc92614420bb619c5fb456c6030fef192c86f68ab37be290a2bfb5ad9b20eb24ce8744a218e37b81e437785666aac2b5e19d4c58e291cc0ed3f54b4cdad161a96b16b9ac99e533b4e8d80a6a340edae140351c8a0ae553e3db269eeeb5f53b4f72589739bf0533f0cdc65b891dd5837144c614107d3baf0f57ae1d7f88dc3622b8fe86914ed0c7ed09138e9e5eba97241f530a0159effecf1b5e9320d2cc85b9a9a8811a1163c45926ab86f00a6958231094975cdd123f335e4765300cdd6f624d7d9613ff8756e2e802f1982846d718eff20c858a98acfbab1cc05d40c7c46e8342dbe78e2fada88c37cd7fbc3902afff79fa4f6148ece8834f4f16e3a619f11266ea03410e41cfeadfa04cb057cabc98291d57b49bb73a88144fe88facb8325e14270042e5ebecf67f060df26a9497411e10ca18d4dd5da56cd7de54d75ea9725efbe7a34f5511f464cc25bebe3090092df0d1759,gx-no-cache=1713202899184 HTTP/1.1" 200 30
190.171.141.114 - - [15/Apr/2024:14:45:19 -0300] "POST /cormun/servlet/solicitudot?gx-no-cache=1713202906159 HTTP/1.1" 200 30
190.171.141.114 - - [15/Apr/2024:14:45:21 -0300] "POST /cormun/servlet/solicitudot?gx-no-cache=1713202909021 HTTP/1.1" 200 1481
190.171.141.114 - - [15/Apr/2024:14:45:21 -0300] "POST /cormun/servlet/solicitudot?gx-no-cache=1713202909058 HTTP/1.1" 200 38
104.211.2.187 - - [15/Apr/2024:14:45:31 -0300] "GET /manager/html HTTP/1.1" 401 2474
104.211.2.187 - - [15/Apr/2024:14:46:06 -0300] "GET /manager/html HTTP/1.1" 401 2474
104.211.2.187 - - [15/Apr/2024:14:46:42 -0300] "GET /manager/html HTTP/1.1" 401 2474
190.171.141.114 - - [15/Apr/2024:14:46:55 -0300] "GET /cormun/servlet/solicitudot?c56a3a8f9eb0c96f6231b00195d2b803e3c5610b14dfe0c799c321f75b5e7a74f58c65527acd170596ba80f328f401908627055c76024f78921f35bcd6dae84da228d170554f57a1b580bc02132f620d9581bca65e5f0a74b826ff28a7e81d95d7fc856bc9cfad2de85f96b67bfd127a,gx-no-cache=1713203002139 HTTP/1.1" 200 110
190.171.141.114 - - [15/Apr/2024:14:47:04 -0300] "POST /cormun/servlet/solicitudot?gx-no-cache=1713203011448 HTTP/1.1" 200 72
190.171.141.114 - - [15/Apr/2024:14:47:07 -0300] "GET /cormun/servlet/solicitudot?c56a3a8f9eb0c96f6231b00195d2b8036eaaf8ff3703f4795d854e63678aa2ec589db6456619cc6215fd13bbb2aa9bb3611be3c6d1ec04552c9e206b26c4c4450b1d7e43dbc4c0e6f437249326cb6853c66500569c1536c76467ab552a67a47e7a60fd8c8fbe0aab5e704e562a496777,gx-no-cache=1713203014152 HTTP/1.1" 200 29
190.171.141.114 - - [15/Apr/2024:14:47:11 -0300] "GET /cormun/servlet/solicitudot?c56a3a8f9eb0c96f6231b00195d2b8038c2a8e57b18870a79d988fd5b52d812a2a1f6944073226d065552db696b38e56,gx-no-cache=1713203019043 HTTP/1.1" 200 30
104.211.2.187 - - [15/Apr/2024:14:47:17 -0300] "GET /manager/html HTTP/1.1" 401 2474
190.171.141.114 - - [15/Apr/2024:14:47:20 -0300] "POST /cormun/servlet/solicitudot?gx-no-cache=1713203027845 HTTP/1.1" 200 135
104.211.2.187 - - [15/Apr/2024:14:47:52 -0300] "GET /manager/html HTTP/1.1" 401 2474
190.171.141.138 - - [15/Apr/2024:14:48:11 -0300] "GET /cormun/servlet/trlicencias? HTTP/1.1" 200 6049
190.171.141.138 - - [15/Apr/2024:14:48:11 -0300] "GET /cormun/servlet/hlogin HTTP/1.1" 200 1738
190.171.141.114 - - [15/Apr/2024:14:48:24 -0300] "POST /cormun/servlet/solicitudot?gx-no-cache=1713203091440 HTTP/1.1" 200 30
190.171.141.114 - - [15/Apr/2024:14:48:24 -0300] "POST /cormun/servlet/solicitudot?944fa9c4d677591d850a0523ef120afb,INS,0,0,false,,gx-no-cache=1713203091510 HTTP/1.1" 200 13032
190.171.141.114 - - [15/Apr/2024:14:48:27 -0300] "GET /cormun/servlet/prcontratosol?19405553,,,,,MD,,gxPopupLevel%3D0%3B HTTP/1.1" 200 7660
104.211.2.187 - - [15/Apr/2024:14:48:28 -0300] "GET /manager/html HTTP/1.1" 401 2474
190.171.141.114 - - [15/Apr/2024:14:48:29 -0300] "POST /cormun/servlet/solicitudot?gx-no-cache=1713203097027 HTTP/1.1" 200 1481
190.171.141.114 - - [15/Apr/2024:14:48:29 -0300] "POST /cormun/servlet/solicitudot?gx-no-cache=1713203097062 HTTP/1.1" 200 41
190.171.141.114 - - [15/Apr/2024:14:48:29 -0300] "GET /cormun/servlet/solicitudot?c56a3a8f9eb0c96f6231b00195d2b803e3c5610b14dfe0c799c321f75b5e7a74f58c65527acd170596ba80f328f401908627055c76024f78921f35bcd6dae84da228d170554f57a1b580bc02132f620d9581bca65e5f0a74b826ff28a7e81d95d7fc856bc9cfad2de85f96b67bfd127a,gx-no-cache=1713203097103 HTTP/1.1" 200 110
190.171.141.114 - - [15/Apr/2024:14:48:30 -0300] "POST /cormun/servlet/solicitudot?gx-no-cache=1713203097137 HTTP/1.1" 200 97
190.171.141.114 - - [15/Apr/2024:14:48:30 -0300] "GET /cormun/servlet/solicitudot?c56a3a8f9eb0c96f6231b00195d2b803b1912855c06857147eea12efb252ddee4a4fa3b4503ebdea0240f98a15d16201,gx-no-cache=1713203097163 HTTP/1.1" 200 134
190.171.141.114 - - [15/Apr/2024:14:48:31 -0300] "POST /cormun/servlet/solicitudot?gx-no-cache=1713203098671 HTTP/1.1" 200 33
190.171.141.114 - - [15/Apr/2024:14:48:31 -0300] "POST /cormun/servlet/solicitudot?944fa9c4d677591d850a0523ef120afb,INS,0,0,false,,gx-no-cache=1713203098741 HTTP/1.1" 200 13132
190.171.141.114 - - [15/Apr/2024:14:48:47 -0300] "GET /cormun/servlet/solicitudot?c56a3a8f9eb0c96f6231b00195d2b803f6f17e55178c5e2574ccf96f8bb9c308924e418f6172bfbb0c17646daa1dc3d544740a60c8d963e5cc954b06cb64dbd7,gx-no-cache=1713203114719 HTTP/1.1" 200 30
190.171.141.114 - - [15/Apr/2024:14:48:47 -0300] "GET /cormun/servlet/solicitudot?c56a3a8f9eb0c96f6231b00195d2b80387fdabaea91aeb9304b8d9d5d2f1296c3cef0da0c31f37922f501cc92614420bb619c5fb456c6030fef192c86f68ab37be290a2bfb5ad9b20eb24ce8744a218e37b81e437785666aac2b5e19d4c58e291cc0ed3f54b4cdad161a96b16b9ac99e533b4e8d80a6a340edae140351c8a0ae553e3db269eeeb5f53b4f72589739bf0533f0cdc65b891dd5837144c614107d3baf0f57ae1d7f88dc3622b8fe86914ed0c7ed09138e9e5eba97241f530a0159effecf1b5e9320d2cc85b9a9a8811a1163c45926ab86f00a6958231094975cdd123f335e4765300cdd6f624d7d9613ff8756e2e802f1982846d718eff20c858a98acfbab1cc05d40c7c46e8342dbe78e2fada88c37cd7fbc3902afff79fa4f6148ece8834f4f16e3a619f11266ea03410e41cfeadfa04cb057cabc98291d57b49bb73a88144fe88facb8325e14270042e5ebecf67f060df26a9497411e10ca18d4dd5da56cd7de54d75ea9725efbe7a34fc49e0a6be47fbf3b396b1a83fd60c4c,gx-no-cache=1713203114744 HTTP/1.1" 200 30
190.171.141.114 - - [15/Apr/2024:14:48:47 -0300] "POST /cormun/servlet/solicitudot?gx-no-cache=1713203114765 HTTP/1.1" 200 30
190.171.141.114 - - [15/Apr/2024:14:48:47 -0300] "POST /cormun/servlet/solicitudot?gx-no-cache=1713203114808 HTTP/1.1" 200 1481
190.171.141.114 - - [15/Apr/2024:14:48:47 -0300] "POST /cormun/servlet/solicitudot?gx-no-cache=1713203114840 HTTP/1.1" 200 41
190.171.141.114 - - [15/Apr/2024:14:48:47 -0300] "GET /cormun/servlet/solicitudot?c56a3a8f9eb0c96f6231b00195d2b803e3c5610b14dfe0c799c321f75b5e7a74f58c65527acd170596ba80f328f401908627055c76024f78921f35bcd6dae84da228d170554f57a1b580bc02132f620d9581bca65e5f0a74b826ff28a7e81d95d7fc856bc9cfad2de85f96b67bfd127a,gx-no-cache=1713203114866 HTTP/1.1" 200 110
190.171.141.114 - - [15/Apr/2024:14:48:47 -0300] "POST /cormun/servlet/solicitudot?gx-no-cache=1713203114890 HTTP/1.1" 200 97
