190.171.153.50 - - [15/Apr/2024:12:34:34 -0300] "POST /cormun/servlet/solicitudot?gx-no-cache=1713195062127 HTTP/1.1" 200 30
190.171.153.50 - - [15/Apr/2024:12:34:34 -0300] "POST /cormun/servlet/solicitudot?411a9b1b256721749d3967d74a960a80,INS,0,0,false,,gx-no-cache=1713195062166 HTTP/1.1" 200 93
190.171.153.50 - - [15/Apr/2024:12:34:34 -0300] "GET /cormun/servlet/hpexe_return? HTTP/1.1" 200 1010
190.171.153.50 - - [15/Apr/2024:12:34:35 -0300] "GET /cormun/servlet/trsolicitudot HTTP/1.1" 200 8883
190.171.153.50 - - [15/Apr/2024:12:34:38 -0300] "POST /cormun/servlet/trsolicitudot?411a9b1b256721749d3967d74a960a80,gx-no-cache=1713195066423 HTTP/1.1" 200 106
190.171.153.50 - - [15/Apr/2024:12:34:39 -0300] "GET /cormun/servlet/trsolicitudadjuntos?2024,21228, HTTP/1.1" 200 6386
190.171.153.50 - - [15/Apr/2024:12:34:39 -0300] "GET /cormun/static/gxcfg.js?20201215574222 HTTP/1.1" 200 953
190.171.153.50 - - [15/Apr/2024:12:34:39 -0300] "GET /cormun/static/trsolicitudadjuntos.js?20201215574932 HTTP/1.1" 200 17921
190.171.153.50 - - [15/Apr/2024:12:34:39 -0300] "GET /cormun/static/Resources/PXToolsGridNew.png HTTP/1.1" 200 427
190.171.153.50 - - [15/Apr/2024:12:34:47 -0300] "GET /cormun/servlet/solicitudotadjuntos?INS,2024,21228,,1, HTTP/1.1" 200 6332
190.171.153.50 - - [15/Apr/2024:12:34:47 -0300] "GET /cormun/static/gxcfg.js?202211298385187 HTTP/1.1" 200 953
190.171.153.50 - - [15/Apr/2024:12:34:47 -0300] "GET /cormun/static/solicitudotadjuntos.js?202211298385196 HTTP/1.1" 200 11771
190.171.153.50 - - [15/Apr/2024:12:34:48 -0300] "GET /cormun/static/about:blank HTTP/1.1" 404 1011
190.171.153.50 - - [15/Apr/2024:12:34:48 -0300] "GET /cormun/servlet/solicitudotadjuntos?818c8da2beb97987dc30d4212cf1718e7a697d663e3f9ef092882922e07362fb44017431329df7df2c54fe8982537cea,gx-no-cache=1713195076054 HTTP/1.1" 200 30
190.171.153.50 - - [15/Apr/2024:12:34:48 -0300] "POST /cormun/servlet/solicitudotadjuntos?411a9b1b256721749d3967d74a960a80,INS,2024,21228,,1,,gx-no-cache=1713195076082 HTTP/1.1" 200 4159
190.171.153.50 - - [15/Apr/2024:12:34:50 -0300] "POST /cormun/servlet/solicitudotadjuntos?gx-no-cache=1713195077611 HTTP/1.1" 200 26
190.171.153.50 - - [15/Apr/2024:12:35:04 -0300] "GET /cormun/servlet/solicitudotadjuntos?818c8da2beb97987dc30d4212cf1718e394e13430945b7c1f508635fc943bb1e,gx-no-cache=1713195092261 HTTP/1.1" 200 30
190.171.153.50 - - [15/Apr/2024:12:35:04 -0300] "GET /cormun/servlet/solicitudotadjuntos?818c8da2beb97987dc30d4212cf1718e394e13430945b7c1f508635fc943bb1e,gx-no-cache=1713195092282 HTTP/1.1" 200 30
190.171.153.50 - - [15/Apr/2024:12:35:04 -0300] "POST /cormun/servlet/solicitudotadjuntos?411a9b1b256721749d3967d74a960a80,INS,2024,21228,,1, HTTP/1.1" 200 116
190.171.153.50 - - [15/Apr/2024:12:35:05 -0300] "GET /cormun/servlet/hpexe_return? HTTP/1.1" 200 1028
190.171.153.50 - - [15/Apr/2024:12:35:05 -0300] "GET /cormun/servlet/trsolicitudadjuntos?2024,21228, HTTP/1.1" 200 9310
190.171.153.50 - - [15/Apr/2024:12:35:09 -0300] "GET /cormun/servlet/solicitudotadjuntos?INS,2024,21228,,1, HTTP/1.1" 200 6332
190.171.153.50 - - [15/Apr/2024:12:35:09 -0300] "GET /cormun/static/about:blank HTTP/1.1" 404 1011
190.171.153.50 - - [15/Apr/2024:12:35:09 -0300] "GET /cormun/servlet/solicitudotadjuntos?818c8da2beb97987dc30d4212cf1718e7a697d663e3f9ef092882922e07362fb44017431329df7df2c54fe8982537cea,gx-no-cache=1713195097405 HTTP/1.1" 200 30
190.171.153.50 - - [15/Apr/2024:12:35:09 -0300] "POST /cormun/servlet/solicitudotadjuntos?411a9b1b256721749d3967d74a960a80,INS,2024,21228,,1,,gx-no-cache=1713195097436 HTTP/1.1" 200 4159
190.171.153.50 - - [15/Apr/2024:12:35:12 -0300] "POST /cormun/servlet/solicitudotadjuntos?gx-no-cache=1713195099658 HTTP/1.1" 200 26
190.171.153.50 - - [15/Apr/2024:12:35:19 -0300] "GET /cormun/servlet/solicitudotadjuntos?818c8da2beb97987dc30d4212cf1718e394e13430945b7c1f508635fc943bb1e,gx-no-cache=1713195107381 HTTP/1.1" 200 30
190.171.153.50 - - [15/Apr/2024:12:35:19 -0300] "GET /cormun/servlet/solicitudotadjuntos?818c8da2beb97987dc30d4212cf1718e394e13430945b7c1f508635fc943bb1e,gx-no-cache=1713195107432 HTTP/1.1" 200 30
190.171.153.50 - - [15/Apr/2024:12:35:20 -0300] "POST /cormun/servlet/solicitudotadjuntos?411a9b1b256721749d3967d74a960a80,INS,2024,21228,,1, HTTP/1.1" 200 116
190.171.153.50 - - [15/Apr/2024:12:35:20 -0300] "GET /cormun/servlet/hpexe_return? HTTP/1.1" 200 1028
190.171.153.50 - - [15/Apr/2024:12:35:20 -0300] "GET /cormun/servlet/trsolicitudadjuntos?2024,21228, HTTP/1.1" 200 9548
190.171.153.50 - - [15/Apr/2024:12:35:22 -0300] "GET /cormun/servlet/solicitudotadjuntos?INS,2024,21228,,1, HTTP/1.1" 200 6332
190.171.153.50 - - [15/Apr/2024:12:35:23 -0300] "GET /cormun/static/about:blank HTTP/1.1" 404 1011
190.171.153.50 - - [15/Apr/2024:12:35:23 -0300] "GET /cormun/servlet/solicitudotadjuntos?818c8da2beb97987dc30d4212cf1718e7a697d663e3f9ef092882922e07362fb44017431329df7df2c54fe8982537cea,gx-no-cache=1713195111067 HTTP/1.1" 200 30
190.171.153.50 - - [15/Apr/2024:12:35:23 -0300] "POST /cormun/servlet/solicitudotadjuntos?411a9b1b256721749d3967d74a960a80,INS,2024,21228,,1,,gx-no-cache=1713195111093 HTTP/1.1" 200 4159
190.171.153.50 - - [15/Apr/2024:12:35:25 -0300] "POST /cormun/servlet/solicitudotadjuntos?gx-no-cache=1713195113350 HTTP/1.1" 200 26
190.171.153.50 - - [15/Apr/2024:12:35:31 -0300] "GET /cormun/servlet/solicitudotadjuntos?818c8da2beb97987dc30d4212cf1718e394e13430945b7c1f508635fc943bb1e,gx-no-cache=1713195119117 HTTP/1.1" 200 30
190.171.153.50 - - [15/Apr/2024:12:35:31 -0300] "GET /cormun/servlet/solicitudotadjuntos?818c8da2beb97987dc30d4212cf1718e394e13430945b7c1f508635fc943bb1e,gx-no-cache=1713195119141 HTTP/1.1" 200 30
190.171.153.50 - - [15/Apr/2024:12:35:31 -0300] "POST /cormun/servlet/solicitudotadjuntos?411a9b1b256721749d3967d74a960a80,INS,2024,21228,,1, HTTP/1.1" 200 116
190.171.153.50 - - [15/Apr/2024:12:35:31 -0300] "GET /cormun/servlet/hpexe_return? HTTP/1.1" 200 1028
190.171.153.50 - - [15/Apr/2024:12:35:31 -0300] "GET /cormun/servlet/trsolicitudadjuntos?2024,21228, HTTP/1.1" 200 9815
190.171.153.50 - - [15/Apr/2024:12:35:36 -0300] "GET /cormun/servlet/solicitudotadjuntos?INS,2024,21228,,1, HTTP/1.1" 200 6332
190.171.153.50 - - [15/Apr/2024:12:35:36 -0300] "GET /cormun/static/about:blank HTTP/1.1" 404 1011
190.171.153.50 - - [15/Apr/2024:12:35:37 -0300] "GET /cormun/servlet/solicitudotadjuntos?818c8da2beb97987dc30d4212cf1718e7a697d663e3f9ef092882922e07362fb44017431329df7df2c54fe8982537cea,gx-no-cache=1713195125006 HTTP/1.1" 200 30
190.171.153.50 - - [15/Apr/2024:12:35:37 -0300] "POST /cormun/servlet/solicitudotadjuntos?411a9b1b256721749d3967d74a960a80,INS,2024,21228,,1,,gx-no-cache=1713195125041 HTTP/1.1" 200 4160
190.171.153.50 - - [15/Apr/2024:12:35:41 -0300] "POST /cormun/servlet/solicitudotadjuntos?gx-no-cache=1713195129014 HTTP/1.1" 200 26
190.171.153.50 - - [15/Apr/2024:12:35:46 -0300] "GET /cormun/servlet/solicitudotadjuntos?818c8da2beb97987dc30d4212cf1718e394e13430945b7c1f508635fc943bb1e,gx-no-cache=1713195134333 HTTP/1.1" 200 30
190.171.153.50 - - [15/Apr/2024:12:35:46 -0300] "GET /cormun/servlet/solicitudotadjuntos?818c8da2beb97987dc30d4212cf1718e394e13430945b7c1f508635fc943bb1e,gx-no-cache=1713195134345 HTTP/1.1" 200 30
190.171.153.50 - - [15/Apr/2024:12:35:46 -0300] "POST /cormun/servlet/solicitudotadjuntos?411a9b1b256721749d3967d74a960a80,INS,2024,21228,,1, HTTP/1.1" 200 116
190.171.153.50 - - [15/Apr/2024:12:35:46 -0300] "GET /cormun/servlet/hpexe_return? HTTP/1.1" 200 1028
190.171.153.50 - - [15/Apr/2024:12:35:47 -0300] "GET /cormun/servlet/trsolicitudadjuntos?2024,21228, HTTP/1.1" 200 10028
190.171.153.50 - - [15/Apr/2024:12:35:49 -0300] "GET /cormun/servlet/solicitudotadjuntos?INS,2024,21228,,1, HTTP/1.1" 200 6332
190.171.153.50 - - [15/Apr/2024:12:35:49 -0300] "GET /cormun/static/about:blank HTTP/1.1" 404 1011
190.171.153.50 - - [15/Apr/2024:12:35:50 -0300] "GET /cormun/servlet/solicitudotadjuntos?818c8da2beb97987dc30d4212cf1718e7a697d663e3f9ef092882922e07362fb44017431329df7df2c54fe8982537cea,gx-no-cache=1713195137563 HTTP/1.1" 200 30
190.171.153.50 - - [15/Apr/2024:12:35:50 -0300] "POST /cormun/servlet/solicitudotadjuntos?411a9b1b256721749d3967d74a960a80,INS,2024,21228,,1,,gx-no-cache=1713195137578 HTTP/1.1" 200 4160
190.171.153.50 - - [15/Apr/2024:12:35:52 -0300] "POST /cormun/servlet/solicitudotadjuntos?gx-no-cache=1713195139862 HTTP/1.1" 200 26
190.171.153.50 - - [15/Apr/2024:12:35:58 -0300] "GET /cormun/servlet/solicitudotadjuntos?818c8da2beb97987dc30d4212cf1718e394e13430945b7c1f508635fc943bb1e,gx-no-cache=1713195146413 HTTP/1.1" 200 30
190.171.153.50 - - [15/Apr/2024:12:35:58 -0300] "GET /cormun/servlet/solicitudotadjuntos?818c8da2beb97987dc30d4212cf1718e394e13430945b7c1f508635fc943bb1e,gx-no-cache=1713195146425 HTTP/1.1" 200 30
190.171.153.50 - - [15/Apr/2024:12:35:58 -0300] "POST /cormun/servlet/solicitudotadjuntos?411a9b1b256721749d3967d74a960a80,INS,2024,21228,,1, HTTP/1.1" 200 116
190.171.153.50 - - [15/Apr/2024:12:35:58 -0300] "GET /cormun/servlet/hpexe_return? HTTP/1.1" 200 1028
190.171.153.50 - - [15/Apr/2024:12:35:59 -0300] "GET /cormun/servlet/trsolicitudadjuntos?2024,21228, HTTP/1.1" 200 10323
190.171.153.50 - - [15/Apr/2024:12:36:01 -0300] "GET /cormun/servlet/solicitudotadjuntos?INS,2024,21228,,1, HTTP/1.1" 200 6332
190.171.153.50 - - [15/Apr/2024:12:36:01 -0300] "GET /cormun/static/about:blank HTTP/1.1" 404 1011
190.171.153.50 - - [15/Apr/2024:12:36:02 -0300] "GET /cormun/servlet/solicitudotadjuntos?818c8da2beb97987dc30d4212cf1718e7a697d663e3f9ef092882922e07362fb44017431329df7df2c54fe8982537cea,gx-no-cache=1713195149968 HTTP/1.1" 200 30
190.171.153.50 - - [15/Apr/2024:12:36:02 -0300] "POST /cormun/servlet/solicitudotadjuntos?411a9b1b256721749d3967d74a960a80,INS,2024,21228,,1,,gx-no-cache=1713195149986 HTTP/1.1" 200 4160
190.171.153.50 - - [15/Apr/2024:12:36:04 -0300] "POST /cormun/servlet/solicitudotadjuntos?gx-no-cache=1713195152023 HTTP/1.1" 200 26
190.171.153.50 - - [15/Apr/2024:12:36:11 -0300] "GET /cormun/servlet/solicitudotadjuntos?818c8da2beb97987dc30d4212cf1718e394e13430945b7c1f508635fc943bb1e,gx-no-cache=1713195159405 HTTP/1.1" 200 30
190.171.153.50 - - [15/Apr/2024:12:36:11 -0300] "GET /cormun/servlet/solicitudotadjuntos?818c8da2beb97987dc30d4212cf1718e394e13430945b7c1f508635fc943bb1e,gx-no-cache=1713195159418 HTTP/1.1" 200 30
190.171.153.50 - - [15/Apr/2024:12:36:11 -0300] "POST /cormun/servlet/solicitudotadjuntos?411a9b1b256721749d3967d74a960a80,INS,2024,21228,,1, HTTP/1.1" 200 116
190.171.153.50 - - [15/Apr/2024:12:36:11 -0300] "GET /cormun/servlet/hpexe_return? HTTP/1.1" 200 1028
190.171.153.50 - - [15/Apr/2024:12:36:12 -0300] "GET /cormun/servlet/trsolicitudadjuntos?2024,21228, HTTP/1.1" 200 10535
190.171.153.50 - - [15/Apr/2024:12:36:16 -0300] "GET /cormun/servlet/trsolicitudot? HTTP/1.1" 200 8886
190.171.153.50 - - [15/Apr/2024:12:36:22 -0300] "POST /cormun/servlet/trsolicitudot?411a9b1b256721749d3967d74a960a80,,gx-no-cache=1713195169888 HTTP/1.1" 200 4868
190.171.153.50 - - [15/Apr/2024:12:36:22 -0300] "GET /cormun/static/Shared/jqueryui/images/ui-bg_highlight-soft_100_c6c2c8_1x100.png HTTP/1.1" 404 1117
190.171.153.50 - - [15/Apr/2024:12:36:22 -0300] "GET /cormun/static/Shared/jqueryui/images/ui-icons_82798d_256x240.png HTTP/1.1" 404 1089
190.171.153.50 - - [15/Apr/2024:12:36:22 -0300] "GET /cormun/static/Shared/jqueryui/images/ui-bg_flat_55_fafafa_40x100.png HTTP/1.1" 404 1097
190.171.153.50 - - [15/Apr/2024:12:36:22 -0300] "GET /cormun/static/Shared/jqueryui/images/ui-icons_8d78a5_256x240.png HTTP/1.1" 404 1089
190.171.153.50 - - [15/Apr/2024:12:36:22 -0300] "POST /cormun/servlet/trsolicitudot?411a9b1b256721749d3967d74a960a80,,gx-no-cache=1713195169994 HTTP/1.1" 200 4637
190.171.153.50 - - [15/Apr/2024:12:36:34 -0300] "GET /cormun/servlet/hlogin HTTP/1.1" 200 1740
181.212.47.137 - - [15/Apr/2024:12:37:35 -0300] "GET /cormun/servlet/trsolicitudgral? HTTP/1.1" 200 8333
181.212.47.137 - - [15/Apr/2024:12:37:42 -0300] "POST /cormun/servlet/trsolicitudgral?11ad660fca1f3386ac63f78bf938bd00,,gx-no-cache=1713195254007 HTTP/1.1" 200 6661
181.212.47.137 - - [15/Apr/2024:12:37:53 -0300] "POST /cormun/servlet/trsolicitudgral?11ad660fca1f3386ac63f78bf938bd00,,gx-no-cache=1713195264382 HTTP/1.1" 200 7905
181.212.47.137 - - [15/Apr/2024:12:37:55 -0300] "GET /cormun/servlet/vesolicitudgral?2024,21217,, HTTP/1.1" 200 8384
181.212.47.137 - - [15/Apr/2024:12:37:55 -0300] "GET /cormun/pexe_scrolldiv.js HTTP/1.1" 404 1009
181.212.47.137 - - [15/Apr/2024:12:39:24 -0300] "POST /cormun/servlet/vesolicitudgral?11ad660fca1f3386ac63f78bf938bd00,2024,21217,,,gx-no-cache=1713195355818 HTTP/1.1" 200 12311
181.212.47.137 - - [15/Apr/2024:12:39:24 -0300] "GET /cormun/static/Shared/jqueryui/images/ui-bg_highlight-soft_100_c6c2c8_1x100.png HTTP/1.1" 404 1117
181.212.47.137 - - [15/Apr/2024:12:39:24 -0300] "GET /cormun/static/Shared/jqueryui/images/ui-icons_8d78a5_256x240.png HTTP/1.1" 404 1089
181.212.47.137 - - [15/Apr/2024:12:39:24 -0300] "GET /cormun/static/Shared/jqueryui/images/ui-icons_82798d_256x240.png HTTP/1.1" 404 1089
181.212.47.137 - - [15/Apr/2024:12:39:24 -0300] "GET /cormun/static/Shared/jqueryui/images/ui-bg_flat_55_fafafa_40x100.png HTTP/1.1" 404 1097
181.212.47.137 - - [15/Apr/2024:12:39:24 -0300] "POST /cormun/servlet/vesolicitudgral?11ad660fca1f3386ac63f78bf938bd00,2024,21217,,,gx-no-cache=1713195355979 HTTP/1.1" 200 12244
181.212.47.137 - - [15/Apr/2024:12:39:33 -0300] "GET /cormun/servlet/trautorizarot? HTTP/1.1" 200 9984
181.212.47.137 - - [15/Apr/2024:12:39:37 -0300] "POST /cormun/servlet/trautorizarot?11ad660fca1f3386ac63f78bf938bd00,,gx-no-cache=1713195368881 HTTP/1.1" 200 6557
181.212.47.137 - - [15/Apr/2024:12:39:40 -0300] "GET /cormun/servlet/trsolicitudgral? HTTP/1.1" 200 10967
181.212.47.137 - - [15/Apr/2024:12:39:43 -0300] "POST /cormun/servlet/trsolicitudgral?11ad660fca1f3386ac63f78bf938bd00,,gx-no-cache=1713195375310 HTTP/1.1" 200 6638
181.212.47.137 - - [15/Apr/2024:12:39:50 -0300] "GET /cormun/servlet/vesolicitudgral?2024,21217,, HTTP/1.1" 200 8386
181.212.47.137 - - [15/Apr/2024:12:39:50 -0300] "GET /cormun/pexe_scrolldiv.js HTTP/1.1" 404 1009
181.212.47.137 - - [15/Apr/2024:12:40:51 -0300] "GET /cormun/servlet/vesolicitudgral?2024,21217,,SolicitudOTAdjuntos HTTP/1.1" 200 11116
181.212.47.137 - - [15/Apr/2024:12:40:51 -0300] "GET /cormun/pexe_scrolldiv.js HTTP/1.1" 404 1009
181.212.47.137 - - [15/Apr/2024:12:40:52 -0300] "POST /cormun/servlet/acontrolpreferencessavestate?None,RRHH+DANIELA,true HTTP/1.1" 200 35
181.212.47.137 - - [15/Apr/2024:12:40:57 -0300] "GET /cormun/PublicTempStorage/cv_massiel_reyes_%284%296158962.pdf HTTP/1.1" 200 43977
159.65.92.128 - - [15/Apr/2024:12:41:39 -0300] "-" 400 -
181.212.47.137 - - [15/Apr/2024:12:41:40 -0300] "GET /cormun/servlet/vesolicitudgral?2024,21217,,SolicitudOTAdjuntos HTTP/1.1" 200 11116
181.212.47.137 - - [15/Apr/2024:12:41:41 -0300] "POST /cormun/servlet/acontrolpreferencessavestate?None,RRHH+DANIELA,true HTTP/1.1" 200 35
181.212.47.137 - - [15/Apr/2024:12:41:43 -0300] "GET /cormun/PublicTempStorage/certificado_afp2768566.pdf HTTP/1.1" 200 71990
181.212.47.137 - - [15/Apr/2024:12:41:55 -0300] "GET /cormun/servlet/vesolicitudgral?2024,21217,,SolicitudOTAdjuntos HTTP/1.1" 200 11118
181.212.47.137 - - [15/Apr/2024:12:41:56 -0300] "POST /cormun/servlet/acontrolpreferencessavestate?None,RRHH+DANIELA,true HTTP/1.1" 200 35
181.212.47.137 - - [15/Apr/2024:12:42:00 -0300] "GET /cormun/PublicTempStorage/certificado_fonasa9229661.pdf HTTP/1.1" 200 71814
181.212.47.137 - - [15/Apr/2024:12:42:09 -0300] "GET /cormun/servlet/vesolicitudgral?2024,21217,,SolicitudOTAdjuntos HTTP/1.1" 200 11115
181.212.47.137 - - [15/Apr/2024:12:42:10 -0300] "POST /cormun/servlet/acontrolpreferencessavestate?None,RRHH+DANIELA,true HTTP/1.1" 200 35
190.171.149.74 - - [15/Apr/2024:12:42:11 -0300] "POST /cormun/servlet/trlicencias?bc218d8f8553ad0dd28ce0c3ff40d043,,gx-no-cache=1713195518177 HTTP/1.1" 440 972
181.212.47.137 - - [15/Apr/2024:12:42:11 -0300] "GET /cormun/servlet/vesolicitudgral?2024,21217,,General HTTP/1.1" 200 8388
181.212.47.137 - - [15/Apr/2024:12:42:11 -0300] "GET /cormun/pexe_scrolldiv.js HTTP/1.1" 404 1009
190.171.149.74 - - [15/Apr/2024:12:42:12 -0300] "GET /cormun/servlet/trlicencias? HTTP/1.1" 200 6047
190.171.149.74 - - [15/Apr/2024:12:42:13 -0300] "GET /cormun/servlet/hlogin HTTP/1.1" 200 1736
190.171.149.74 - - [15/Apr/2024:12:42:18 -0300] "POST /cormun/servlet/hlogin?f01eb62bfcc21c693fb19d2acbe1cfc9,gx-no-cache=1713195525369 HTTP/1.1" 200 90
190.171.149.74 - - [15/Apr/2024:12:42:18 -0300] "GET /cormun/servlet/hpexe_link HTTP/1.1" 200 955
190.171.149.74 - - [15/Apr/2024:12:42:18 -0300] "GET /cormun/servlet/trlicencias HTTP/1.1" 200 12731
190.171.141.82 - - [15/Apr/2024:12:43:09 -0300] "GET /cormun/servlet/hlogin HTTP/1.1" 200 1720
190.171.141.82 - - [15/Apr/2024:12:43:09 -0300] "GET /cormun/servlet/hlogin HTTP/1.1" 200 1730
190.171.141.82 - - [15/Apr/2024:12:43:12 -0300] "POST /cormun/servlet/hlogin?ad72b40dc429f22e0e5763d14144d887,gx-no-cache=1713195579125 HTTP/1.1" 200 90
190.171.141.82 - - [15/Apr/2024:12:43:12 -0300] "GET /cormun/servlet/hpexe_link HTTP/1.1" 200 950
190.171.141.82 - - [15/Apr/2024:12:43:12 -0300] "GET /cormun/servlet/hhome HTTP/1.1" 200 4320
190.171.141.82 - - [15/Apr/2024:12:43:16 -0300] "GET /cormun/servlet/trlicencias? HTTP/1.1" 200 11846
190.171.141.82 - - [15/Apr/2024:12:43:52 -0300] "GET /cormun/servlet/trpermisosgoce? HTTP/1.1" 200 10255
190.171.142.26 - - [15/Apr/2024:12:44:16 -0300] "GET /cormun/servlet/hlogin HTTP/1.1" 200 1723
190.171.142.26 - - [15/Apr/2024:12:44:19 -0300] "POST /cormun/servlet/hlogin?d7db9a6c3029393f3ec4bcf2831ef71b,gx-no-cache=1713195646195 HTTP/1.1" 200 90
190.171.142.26 - - [15/Apr/2024:12:44:19 -0300] "GET /cormun/servlet/hpexe_link HTTP/1.1" 200 951
190.171.142.26 - - [15/Apr/2024:12:44:19 -0300] "GET /cormun/servlet/hhome HTTP/1.1" 200 4258
190.171.142.26 - - [15/Apr/2024:12:44:26 -0300] "GET /cormun/servlet/trcontratosolicitud? HTTP/1.1" 200 14788
190.171.142.26 - - [15/Apr/2024:12:44:26 -0300] "GET /cormun/static/gxcfg.js?202211298514361 HTTP/1.1" 200 953
190.171.142.26 - - [15/Apr/2024:12:44:26 -0300] "GET /cormun/static/trcontratosolicitud.js?202211298514531 HTTP/1.1" 200 28237
190.171.142.26 - - [15/Apr/2024:12:44:26 -0300] "GET /cormun//static/Resources/PXToolsGridNew.png HTTP/1.1" 200 427
190.171.142.26 - - [15/Apr/2024:12:44:36 -0300] "GET /cormun/servlet/trcontratosolicitud? HTTP/1.1" 200 14793
10.40.40.2 - - [15/Apr/2024:12:45:11 -0300] "GET /cormun/servlet/hlogin HTTP/1.1" 200 1718
10.40.40.2 - - [15/Apr/2024:12:45:11 -0300] "GET /cormun/static/gxtimezone.js?85251 HTTP/1.1" 200 5781
10.40.40.2 - - [15/Apr/2024:12:45:11 -0300] "GET /cormun/static/gxcfg.js?2022112219184450 HTTP/1.1" 200 953
10.40.40.2 - - [15/Apr/2024:12:45:11 -0300] "GET /cormun/static/hlogin.js?2022112219184458 HTTP/1.1" 200 2156
10.40.40.2 - - [15/Apr/2024:12:45:11 -0300] "GET /cormun/static/messages.spa.js?85251 HTTP/1.1" 200 30736
10.40.40.2 - - [15/Apr/2024:12:45:11 -0300] "GET /cormun/static/Resources/Spanish/PXTools.css?1759030 HTTP/1.1" 200 100853
10.40.40.2 - - [15/Apr/2024:12:45:12 -0300] "GET /cormun/static/gxgral.js?85251 HTTP/1.1" 200 384558
10.40.40.2 - - [15/Apr/2024:12:45:12 -0300] "GET /cormun/static/Resources/CormunLogin.png HTTP/1.1" 200 19132
10.40.40.2 - - [15/Apr/2024:12:45:12 -0300] "GET /cormun/static/Resources/PXToolsLoginBackground.png HTTP/1.1" 200 1164
10.40.40.2 - - [15/Apr/2024:12:45:12 -0300] "GET /cormun/static/Resources/PXToolsLoginTop.png HTTP/1.1" 200 1337
10.40.40.2 - - [15/Apr/2024:12:45:12 -0300] "GET /cormun/static/Resources/PXToolsButtonLeft.png HTTP/1.1" 200 1310
10.40.40.2 - - [15/Apr/2024:12:45:12 -0300] "GET /cormun/static/Resources/PXToolsButtonBackground.png HTTP/1.1" 200 1176
10.40.40.2 - - [15/Apr/2024:12:45:12 -0300] "GET /cormun/static/Resources/PXToolsButtonRight.png HTTP/1.1" 200 1294
10.40.40.2 - - [15/Apr/2024:12:45:12 -0300] "GET /cormun/static/Resources/PXToolsLoginBottom.png HTTP/1.1" 200 1389
10.40.40.2 - - [15/Apr/2024:12:45:12 -0300] "GET /cormun/static/Resources/indicator.gif HTTP/1.1" 200 1553
10.40.40.2 - - [15/Apr/2024:12:45:12 -0300] "GET /cormun/servlet/hlogin HTTP/1.1" 200 1728
10.40.40.2 - - [15/Apr/2024:12:45:12 -0300] "GET /favicon.ico HTTP/1.1" 200 21630
181.212.47.136 - - [15/Apr/2024:12:47:56 -0300] "GET /cormun/servlet/hloginof HTTP/1.1" 404 1007
200.54.103.162 - - [15/Apr/2024:12:51:40 -0300] "GET /cormun/servlet/hhome HTTP/1.1" 200 3314
200.54.103.162 - - [15/Apr/2024:12:51:40 -0300] "GET /cormun/servlet/hlogin HTTP/1.1" 200 1725
200.54.103.162 - - [15/Apr/2024:12:51:43 -0300] "POST /cormun/servlet/hlogin?0d0ab4c46a22b201880a0794d30d6cbe,gx-no-cache=1713196100692 HTTP/1.1" 200 90
200.54.103.162 - - [15/Apr/2024:12:51:43 -0300] "GET /cormun/servlet/hpexe_link HTTP/1.1" 200 943
200.54.103.162 - - [15/Apr/2024:12:51:43 -0300] "GET /cormun/servlet/hhome HTTP/1.1" 200 4335
200.54.103.162 - - [15/Apr/2024:12:51:45 -0300] "GET /cormun/servlet/trsolicitudot? HTTP/1.1" 200 8945
200.54.103.162 - - [15/Apr/2024:12:51:48 -0300] "GET /cormun/servlet/solicitudot?INS,0,0,false, HTTP/1.1" 200 16312
200.54.103.162 - - [15/Apr/2024:12:51:58 -0300] "POST /cormun/servlet/solicitudot?gx-no-cache=1713196115963 HTTP/1.1" 200 4031
200.54.103.162 - - [15/Apr/2024:12:51:58 -0300] "POST /cormun/servlet/solicitudot?0d0ab4c46a22b201880a0794d30d6cbe,INS,0,0,false,,gx-no-cache=1713196116040 HTTP/1.1" 200 12871
200.54.103.162 - - [15/Apr/2024:12:52:01 -0300] "GET /cormun/servlet/hlogin HTTP/1.1" 200 1737
104.211.2.187 - - [15/Apr/2024:12:52:41 -0300] "GET /manager/html HTTP/1.1" 401 2474
104.211.2.187 - - [15/Apr/2024:12:53:22 -0300] "GET /tomcat.jsp HTTP/1.1" 404 981
104.211.2.187 - - [15/Apr/2024:12:53:22 -0300] "GET /dr/tomcat.jsp HTTP/1.1" 404 987
104.211.2.187 - tomcat [15/Apr/2024:12:53:22 -0300] "GET /manager/html HTTP/1.1" 403 3196
181.212.47.137 - - [15/Apr/2024:12:53:41 -0300] "GET /cormun/servlet/trsolicitudgral? HTTP/1.1" 200 8334
104.211.2.187 - - [15/Apr/2024:12:56:41 -0300] "GET /manager/html HTTP/1.1" 401 2474
104.211.2.187 - - [15/Apr/2024:12:57:34 -0300] "GET /manager/html HTTP/1.1" 401 2474
104.211.2.187 - - [15/Apr/2024:12:58:11 -0300] "GET /manager/html HTTP/1.1" 401 2474
104.211.2.187 - - [15/Apr/2024:12:58:47 -0300] "GET /manager/html HTTP/1.1" 401 2474
190.171.149.74 - - [15/Apr/2024:12:59:28 -0300] "GET /cormun/servlet/trlicencias HTTP/1.1" 200 12731
190.171.149.74 - - [15/Apr/2024:12:59:32 -0300] "GET /cormun/servlet/trcontratoobservacion? HTTP/1.1" 200 6917
190.171.149.74 - - [15/Apr/2024:12:59:32 -0300] "GET /cormun/static/gxcfg.js?2022112984808 HTTP/1.1" 200 953
190.171.149.74 - - [15/Apr/2024:12:59:32 -0300] "GET /cormun/static/trcontratoobservacion.js?20221129848151 HTTP/1.1" 200 25148
190.171.149.74 - - [15/Apr/2024:12:59:36 -0300] "GET /cormun/servlet/trlicencias? HTTP/1.1" 200 12730
104.211.2.187 - - [15/Apr/2024:12:59:38 -0300] "GET /manager/html HTTP/1.1" 401 2474
190.171.154.42 - - [15/Apr/2024:13:00:01 -0300] "POST /cormun/servlet/trlicencias?0cab236a46a9375fb15b74878e2e9516,,gx-no-cache=1713196587262 HTTP/1.1" 440 972
190.171.154.42 - - [15/Apr/2024:13:00:06 -0300] "GET /cormun/servlet/trlicencias? HTTP/1.1" 200 6045
190.171.154.42 - - [15/Apr/2024:13:00:07 -0300] "GET /cormun/servlet/hlogin HTTP/1.1" 200 1738
104.211.2.187 - - [15/Apr/2024:13:00:15 -0300] "GET /manager/html HTTP/1.1" 401 2474
104.211.2.187 - - [15/Apr/2024:13:00:51 -0300] "GET /manager/html HTTP/1.1" 401 2474
104.211.2.187 - - [15/Apr/2024:13:01:26 -0300] "GET /manager/html HTTP/1.1" 401 2474
104.211.2.187 - - [15/Apr/2024:13:02:02 -0300] "GET /manager/html HTTP/1.1" 401 2474
104.211.2.187 - - [15/Apr/2024:13:02:39 -0300] "GET /manager/html HTTP/1.1" 401 2474
104.211.2.187 - - [15/Apr/2024:13:03:16 -0300] "GET /manager/html HTTP/1.1" 401 2474
104.211.2.187 - - [15/Apr/2024:13:03:53 -0300] "GET /manager/html HTTP/1.1" 401 2474
104.211.2.187 - - [15/Apr/2024:13:04:30 -0300] "GET /manager/html HTTP/1.1" 401 2474
104.211.2.187 - - [15/Apr/2024:13:05:07 -0300] "GET /manager/html HTTP/1.1" 401 2474
181.212.47.137 - - [15/Apr/2024:13:05:16 -0300] "POST /cormun/servlet/trsolicitudgral?11ad660fca1f3386ac63f78bf938bd00,,gx-no-cache=1713196908272 HTTP/1.1" 200 7903
181.212.47.137 - - [15/Apr/2024:13:05:39 -0300] "POST /cormun/servlet/trsolicitudgral?11ad660fca1f3386ac63f78bf938bd00,,gx-no-cache=1713196930542 HTTP/1.1" 200 7228
104.211.2.187 - - [15/Apr/2024:13:05:43 -0300] "GET /manager/html HTTP/1.1" 401 2474
181.212.47.137 - - [15/Apr/2024:13:05:57 -0300] "POST /cormun/servlet/trsolicitudgral?11ad660fca1f3386ac63f78bf938bd00,,gx-no-cache=1713196948638 HTTP/1.1" 200 5269
190.171.141.138 - - [15/Apr/2024:13:06:01 -0300] "GET /cormun/servlet/hlogin HTTP/1.1" 200 1722
190.171.141.138 - - [15/Apr/2024:13:06:04 -0300] "POST /cormun/servlet/hlogin?829afba6874324a19dde9bf559da1b4c,gx-no-cache=1713196951547 HTTP/1.1" 200 90
190.171.141.138 - - [15/Apr/2024:13:06:04 -0300] "GET /cormun/servlet/hpexe_link HTTP/1.1" 200 953
190.171.141.138 - - [15/Apr/2024:13:06:04 -0300] "GET /cormun/servlet/hhome HTTP/1.1" 200 4478
190.171.141.138 - - [15/Apr/2024:13:06:07 -0300] "GET /cormun/servlet/trlicencias? HTTP/1.1" 200 13291
181.212.47.137 - - [15/Apr/2024:13:06:11 -0300] "POST /cormun/servlet/trsolicitudgral?11ad660fca1f3386ac63f78bf938bd00,,gx-no-cache=1713196962725 HTTP/1.1" 200 5269
104.211.2.187 - - [15/Apr/2024:13:06:19 -0300] "GET /manager/html HTTP/1.1" 401 2474
104.211.2.187 - - [15/Apr/2024:13:06:55 -0300] "GET /manager/html HTTP/1.1" 401 2474
200.54.103.162 - - [15/Apr/2024:13:06:58 -0300] "WSláÀ’¬ÉÝÍ[ÒãYxp.Àé¸PÓùÄøl³Çüö oÅ뢼úÚÊ2®6óÖþÐ?’Ëñª¶ì€8½—p» ÚÚÀ+À/À,À0̨̩ÀÀœ/5êêêservicioos.cormun.cl+úú" 400 -
200.54.103.162 - - [15/Apr/2024:13:07:01 -0300] "GET /cormun/servlet/hlogin HTTP/1.1" 200 1719
200.54.103.162 - - [15/Apr/2024:13:07:01 -0300] "GET /cormun/static/gxtimezone.js?85251 HTTP/1.1" 304 -
200.54.103.162 - - [15/Apr/2024:13:07:01 -0300] "GET /cormun/servlet/hlogin HTTP/1.1" 200 1729
200.54.103.162 - - [15/Apr/2024:13:07:01 -0300] "GET /favicon.ico HTTP/1.1" 200 21630
200.54.103.162 - - [15/Apr/2024:13:07:12 -0300] "POST /cormun/servlet/hlogin?3676cde8c814e5560d8d22fdaef96434,gx-no-cache=1713197019414 HTTP/1.1" 200 448
200.54.103.162 - - [15/Apr/2024:13:07:13 -0300] "POST /cormun/servlet/hlogin?3676cde8c814e5560d8d22fdaef96434,gx-no-cache=1713197020276 HTTP/1.1" 200 446
200.54.103.162 - - [15/Apr/2024:13:07:20 -0300] "POST /cormun/servlet/hlogin?3676cde8c814e5560d8d22fdaef96434,gx-no-cache=1713197027748 HTTP/1.1" 200 448
200.54.103.162 - - [15/Apr/2024:13:07:25 -0300] "POST /cormun/servlet/hlogin?3676cde8c814e5560d8d22fdaef96434,gx-no-cache=1713197032516 HTTP/1.1" 200 90
200.54.103.162 - - [15/Apr/2024:13:07:25 -0300] "GET /cormun/servlet/hpexe_link HTTP/1.1" 200 950
200.54.103.162 - - [15/Apr/2024:13:07:25 -0300] "GET /cormun/servlet/hhome HTTP/1.1" 200 4340
200.54.103.162 - - [15/Apr/2024:13:07:28 -0300] "GET /cormun/servlet/trlicencias? HTTP/1.1" 200 10741
200.54.103.162 - - [15/Apr/2024:13:07:28 -0300] "GET /cormun/static/calendar.js?85251 HTTP/1.1" 304 -
200.54.103.162 - - [15/Apr/2024:13:07:28 -0300] "GET /cormun/static/calendar-setup.js?85251 HTTP/1.1" 304 -
200.54.103.162 - - [15/Apr/2024:13:07:28 -0300] "GET /cormun/static/calendar-es.js?85251 HTTP/1.1" 304 -
200.54.103.162 - - [15/Apr/2024:13:07:28 -0300] "GET /cormun/static/gxdec.js?85251 HTTP/1.1" 304 -
104.211.2.187 - - [15/Apr/2024:13:07:31 -0300] "GET /manager/html HTTP/1.1" 401 2474
181.212.47.136 - - [15/Apr/2024:13:07:55 -0300] "GET /cormun/servlet/hlogin HTTP/1.1" 200 1723
181.212.47.136 - - [15/Apr/2024:13:08:01 -0300] "POST /cormun/servlet/hlogin?69d8c0d31766654f607ddc05c9ed1226,gx-no-cache=1713197072814 HTTP/1.1" 200 433
104.211.2.187 - - [15/Apr/2024:13:08:07 -0300] "GET /manager/html HTTP/1.1" 401 2474
200.73.124.137 - - [15/Apr/2024:13:08:13 -0300] "GET /cormun/servlet/hlogin HTTP/1.1" 200 1726
200.73.124.137 - - [15/Apr/2024:13:08:13 -0300] "GET /cormun/static/gxcfg.js?2022112219184450 HTTP/1.1" 200 953
200.73.124.137 - - [15/Apr/2024:13:08:13 -0300] "GET /cormun/static/gxgral.js?85251 HTTP/1.1" 200 384558
200.73.124.137 - - [15/Apr/2024:13:08:14 -0300] "GET /cormun/static/gxtimezone.js?85251 HTTP/1.1" 200 5781
200.73.124.137 - - [15/Apr/2024:13:08:14 -0300] "GET /cormun/static/Resources/Spanish/PXTools.css?1759030 HTTP/1.1" 200 100853
200.73.124.137 - - [15/Apr/2024:13:08:14 -0300] "GET /cormun/static/hlogin.js?2022112219184458 HTTP/1.1" 200 2156
200.73.124.137 - - [15/Apr/2024:13:08:14 -0300] "GET /cormun/static/Resources/CormunLogin.png HTTP/1.1" 200 19132
200.73.124.137 - - [15/Apr/2024:13:08:14 -0300] "GET /cormun/static/messages.spa.js?85251 HTTP/1.1" 200 30736
200.73.124.137 - - [15/Apr/2024:13:08:15 -0300] "GET /cormun/static/Resources/PXToolsLoginBackground.png HTTP/1.1" 200 1164
200.73.124.137 - - [15/Apr/2024:13:08:15 -0300] "GET /cormun/static/Resources/PXToolsLoginTop.png HTTP/1.1" 200 1337
200.73.124.137 - - [15/Apr/2024:13:08:15 -0300] "GET /cormun/static/Resources/PXToolsButtonLeft.png HTTP/1.1" 200 1310
200.73.124.137 - - [15/Apr/2024:13:08:15 -0300] "GET /cormun/static/Resources/PXToolsLoginBottom.png HTTP/1.1" 200 1389
200.73.124.137 - - [15/Apr/2024:13:08:15 -0300] "GET /cormun/static/Resources/PXToolsButtonRight.png HTTP/1.1" 200 1294
200.73.124.137 - - [15/Apr/2024:13:08:15 -0300] "GET /cormun/static/Resources/PXToolsButtonBackground.png HTTP/1.1" 200 1176
200.73.124.137 - - [15/Apr/2024:13:08:15 -0300] "GET /cormun/servlet/hlogin HTTP/1.1" 200 1735
200.73.124.137 - - [15/Apr/2024:13:08:16 -0300] "GET /cormun/static/Resources/indicator.gif HTTP/1.1" 200 1553
200.73.124.137 - - [15/Apr/2024:13:08:16 -0300] "GET /cormun/static/Resources/indicator.gif HTTP/1.1" 200 1553
181.212.47.136 - - [15/Apr/2024:13:08:17 -0300] "POST /cormun/servlet/hlogin?69d8c0d31766654f607ddc05c9ed1226,gx-no-cache=1713197088561 HTTP/1.1" 200 90
181.212.47.136 - - [15/Apr/2024:13:08:17 -0300] "GET /cormun/servlet/hpexe_link HTTP/1.1" 200 952
181.212.47.136 - - [15/Apr/2024:13:08:17 -0300] "GET /cormun/servlet/hhome HTTP/1.1" 200 4825
181.212.47.136 - - [15/Apr/2024:13:08:17 -0300] "GET /cormun/static/SmoothNavMenu/resources/images/right.gif HTTP/1.1" 200 860
181.212.47.136 - - [15/Apr/2024:13:08:28 -0300] "GET /cormun/servlet/trsecurityuser01? HTTP/1.1" 200 12275
181.212.47.136 - - [15/Apr/2024:13:08:28 -0300] "GET /cormun/static/gxcfg.js?201991419585080 HTTP/1.1" 200 953
181.212.47.136 - - [15/Apr/2024:13:08:28 -0300] "GET /cormun/static/trsecurityuser01.js?201991419585536 HTTP/1.1" 200 19557
181.212.47.136 - - [15/Apr/2024:13:08:28 -0300] "GET /cormun/static/Resources/Spanish/PXTools.css?19172979 HTTP/1.1" 200 100853
181.212.47.136 - - [15/Apr/2024:13:08:28 -0300] "GET /cormun/static/Resources/PXToolsAddAllAction.png HTTP/1.1" 200 495
181.212.47.136 - - [15/Apr/2024:13:08:28 -0300] "GET /cormun//static/Resources/PXToolsHeaderPreferences.png HTTP/1.1" 200 1395
181.212.47.136 - - [15/Apr/2024:13:08:28 -0300] "GET /cormun//static/Resources/PXToolsAddAllAction.png HTTP/1.1" 200 495
190.171.141.138 - - [15/Apr/2024:13:08:42 -0300] "GET /cormun/servlet/trlicencias? HTTP/1.1" 200 6046
104.211.2.187 - - [15/Apr/2024:13:08:42 -0300] "GET /manager/html HTTP/1.1" 401 2474
190.171.141.138 - - [15/Apr/2024:13:08:45 -0300] "GET /cormun/servlet/hlogin HTTP/1.1" 200 1736
190.171.141.138 - - [15/Apr/2024:13:08:47 -0300] "GET /cormun/servlet/trsolicitudot? HTTP/1.1" 200 6324
190.171.141.138 - - [15/Apr/2024:13:08:48 -0300] "GET /cormun/servlet/hlogin HTTP/1.1" 200 1735
190.171.141.138 - - [15/Apr/2024:13:08:51 -0300] "POST /cormun/servlet/hlogin?0aa311236c778d7b443cc2f44b184a35,gx-no-cache=1713197118745 HTTP/1.1" 200 90
190.171.141.138 - - [15/Apr/2024:13:08:51 -0300] "GET /cormun/servlet/hpexe_link HTTP/1.1" 200 952
190.171.141.138 - - [15/Apr/2024:13:08:51 -0300] "GET /cormun/servlet/trsolicitudot HTTP/1.1" 200 7519
190.171.141.138 - - [15/Apr/2024:13:08:55 -0300] "GET /cormun/servlet/trsolicitudot? HTTP/1.1" 200 7518
190.171.141.138 - - [15/Apr/2024:13:08:59 -0300] "GET /cormun/servlet/solicitudot?INS,0,0,false, HTTP/1.1" 200 16469
190.171.141.138 - - [15/Apr/2024:13:09:13 -0300] "POST /cormun/servlet/solicitudot?gx-no-cache=1713197140146 HTTP/1.1" 200 4031
190.171.141.138 - - [15/Apr/2024:13:09:13 -0300] "POST /cormun/servlet/solicitudot?0aa311236c778d7b443cc2f44b184a35,INS,0,0,false,,gx-no-cache=1713197140399 HTTP/1.1" 200 12877
190.171.141.138 - - [15/Apr/2024:13:09:16 -0300] "GET /cormun/servlet/solicitudot?df578cafd37ce0cb990e1fec0130264dee3b206db8b08e3b4099a60876f8b6d96ec17e6f8282b54cc2f967a92a6413a0,gx-no-cache=1713197143753 HTTP/1.1" 200 30
104.211.2.187 - - [15/Apr/2024:13:09:18 -0300] "GET /manager/html HTTP/1.1" 401 2474
104.211.2.187 - - [15/Apr/2024:13:09:55 -0300] "GET /manager/html HTTP/1.1" 401 2474
181.212.47.136 - - [15/Apr/2024:13:10:06 -0300] "GET /cormun/servlet/securityusers?UPD,3818, HTTP/1.1" 200 7904
181.212.47.136 - - [15/Apr/2024:13:10:06 -0300] "GET /cormun/static/gxcfg.js?202012150861 HTTP/1.1" 200 953
181.212.47.136 - - [15/Apr/2024:13:10:06 -0300] "GET /cormun/static/securityusers.js?2020121501060 HTTP/1.1" 200 21447
181.212.47.136 - - [15/Apr/2024:13:10:24 -0300] "POST /cormun/servlet/securityusers?69d8c0d31766654f607ddc05c9ed1226,UPD,3818,,gx-no-cache=1713197215863 HTTP/1.1" 200 93
181.212.47.136 - - [15/Apr/2024:13:10:24 -0300] "GET /cormun/servlet/hpexe_return? HTTP/1.1" 200 1011
181.212.47.136 - - [15/Apr/2024:13:10:24 -0300] "GET /cormun/static/hpexe_return.js?20221129846037 HTTP/1.1" 200 1633
181.212.47.136 - - [15/Apr/2024:13:10:24 -0300] "GET /cormun/static/gxcfg.js?20221129846035 HTTP/1.1" 200 953
181.212.47.136 - - [15/Apr/2024:13:10:24 -0300] "GET /cormun/servlet/trsecurityuser01 HTTP/1.1" 200 12278
190.171.141.114 - - [15/Apr/2024:13:10:26 -0300] "GET /cormun/servlet/hhome HTTP/1.1" 200 3323
190.171.141.114 - - [15/Apr/2024:13:10:26 -0300] "GET /cormun/servlet/hlogin HTTP/1.1" 200 1730
190.171.141.114 - - [15/Apr/2024:13:10:26 -0300] "GET /cormun/servlet/hhome HTTP/1.1" 200 3323
190.171.141.114 - - [15/Apr/2024:13:10:26 -0300] "GET /cormun/servlet/hlogin HTTP/1.1" 200 1730
190.171.141.114 - - [15/Apr/2024:13:10:30 -0300] "POST /cormun/servlet/hlogin?7ac2b1aec1d2680da96b78b3b6ecf5e9,gx-no-cache=1713197217454 HTTP/1.1" 200 90
190.171.141.114 - - [15/Apr/2024:13:10:30 -0300] "GET /cormun/servlet/hpexe_link HTTP/1.1" 200 950
181.212.47.136 - - [15/Apr/2024:13:10:30 -0300] "POST /cormun/servlet/trsecurityuser01?69d8c0d31766654f607ddc05c9ed1226,gx-no-cache=1713197221813 HTTP/1.1" 200 10049
190.171.141.114 - - [15/Apr/2024:13:10:30 -0300] "GET /cormun/servlet/hhome HTTP/1.1" 200 4311
181.212.47.136 - - [15/Apr/2024:13:10:30 -0300] "GET /cormun/static/Resources/PXToolsGridNext.gif HTTP/1.1" 200 369
181.212.47.136 - - [15/Apr/2024:13:10:30 -0300] "GET /cormun/static/Resources/PXToolsGridLast.gif HTTP/1.1" 200 370
181.212.47.136 - - [15/Apr/2024:13:10:31 -0300] "POST /cormun/servlet/trsecurityuser01?69d8c0d31766654f607ddc05c9ed1226,gx-no-cache=1713197222819 HTTP/1.1" 200 10695
181.212.47.136 - - [15/Apr/2024:13:10:31 -0300] "GET /cormun/static/Resources/PXToolsGridPrevious.gif HTTP/1.1" 200 369
181.212.47.136 - - [15/Apr/2024:13:10:31 -0300] "GET /cormun/static/Resources/PXToolsGridFirst.gif HTTP/1.1" 200 379
104.211.2.187 - - [15/Apr/2024:13:10:31 -0300] "GET /manager/html HTTP/1.1" 401 2474
190.171.141.114 - - [15/Apr/2024:13:10:32 -0300] "GET /cormun/servlet/hhome HTTP/1.1" 200 4298
190.171.141.114 - - [15/Apr/2024:13:10:33 -0300] "GET /cormun/servlet/hhome HTTP/1.1" 200 4298
190.171.141.114 - - [15/Apr/2024:13:10:38 -0300] "GET /cormun/servlet/hhome HTTP/1.1" 200 4298
190.171.141.114 - - [15/Apr/2024:13:10:39 -0300] "GET /cormun/servlet/hhome HTTP/1.1" 200 4298
190.171.141.114 - - [15/Apr/2024:13:10:47 -0300] "GET /cormun/servlet/hhome HTTP/1.1" 200 4298
181.212.47.136 - - [15/Apr/2024:13:10:48 -0300] "POST /cormun/servlet/trsecurityuser01?69d8c0d31766654f607ddc05c9ed1226,gx-no-cache=1713197239483 HTTP/1.1" 200 10695
190.171.149.90 - - [15/Apr/2024:13:10:48 -0300] "GET /cormun/servlet/hlogin HTTP/1.1" 200 1717
190.171.149.90 - - [15/Apr/2024:13:11:01 -0300] "POST /cormun/servlet/hlogin?af69c2ea4dcf2193755efca2c90f6447,gx-no-cache=1713197250555 HTTP/1.1" 200 90
190.171.149.90 - - [15/Apr/2024:13:11:02 -0300] "GET /cormun/servlet/hpexe_link HTTP/1.1" 200 949
190.171.149.90 - - [15/Apr/2024:13:11:02 -0300] "GET /cormun/servlet/hhome HTTP/1.1" 200 3840
181.212.47.136 - - [15/Apr/2024:13:11:02 -0300] "POST /cormun/servlet/trsecurityuser01?69d8c0d31766654f607ddc05c9ed1226,gx-no-cache=1713197253883 HTTP/1.1" 200 7424
190.171.149.90 - - [15/Apr/2024:13:11:04 -0300] "GET /cormun/servlet/trpermisosgoce? HTTP/1.1" 200 10186
104.211.2.187 - - [15/Apr/2024:13:11:07 -0300] "GET /manager/html HTTP/1.1" 401 2474
181.212.47.136 - - [15/Apr/2024:13:11:10 -0300] "POST /cormun/servlet/trsecurityuser01?69d8c0d31766654f607ddc05c9ed1226,gx-no-cache=1713197261755 HTTP/1.1" 200 5189
190.171.141.114 - - [15/Apr/2024:13:11:11 -0300] "GET /cormun/servlet/hhome HTTP/1.1" 200 4298
181.212.47.136 - - [15/Apr/2024:13:11:12 -0300] "GET /cormun/servlet/securityusers?UPD,3809, HTTP/1.1" 200 7912
190.171.149.90 - - [15/Apr/2024:13:11:16 -0300] "GET /cormun/servlet/permisogoce?INS,0,,, HTTP/1.1" 200 6705
190.171.141.114 - - [15/Apr/2024:13:11:17 -0300] "GET /cormun/servlet/hhome HTTP/1.1" 200 4306
190.171.149.90 - - [15/Apr/2024:13:11:26 -0300] "GET /cormun/servlet/permisogoce?05f8130536b9d75eda796e917ee78aa0c8861ef46bcc2f0ccd59310a90f392f8819f5649d8901ef0af43130c1b109115a25a60dc8c96c058d5e0e43d4b132a89,gx-no-cache=1713197275428 HTTP/1.1" 200 78
190.171.149.90 - - [15/Apr/2024:13:11:28 -0300] "GET /cormun/static/menuarrow.gif HTTP/1.1" 404 1015
181.212.47.136 - - [15/Apr/2024:13:11:29 -0300] "POST /cormun/servlet/securityusers?69d8c0d31766654f607ddc05c9ed1226,UPD,3809,,gx-no-cache=1713197280583 HTTP/1.1" 200 93
181.212.47.136 - - [15/Apr/2024:13:11:29 -0300] "GET /cormun/servlet/hpexe_return? HTTP/1.1" 200 1032
181.212.47.136 - - [15/Apr/2024:13:11:29 -0300] "GET /cormun/servlet/trsecurityuser01?gx-no-cache=1713197261755 HTTP/1.1" 200 7679
190.171.149.90 - - [15/Apr/2024:13:11:32 -0300] "GET /cormun/servlet/permisogoce?05f8130536b9d75eda796e917ee78aa0a157cbb4a84a4e992e4cb6de31865393507d51b5f273255529052f9d90f2944d978e01089a812da637281b869603664f,gx-no-cache=1713197281521 HTTP/1.1" 200 47
190.171.149.90 - - [15/Apr/2024:13:11:39 -0300] "POST /cormun/servlet/permisogoce?af69c2ea4dcf2193755efca2c90f6447,INS,0,,,,gx-no-cache=1713197286118 HTTP/1.1" 200 93
190.171.149.90 - - [15/Apr/2024:13:11:39 -0300] "GET /cormun/servlet/hpexe_return? HTTP/1.1" 200 1007
190.171.149.90 - - [15/Apr/2024:13:11:39 -0300] "GET /cormun/servlet/trpermisosgoce HTTP/1.1" 200 10471
190.171.149.90 - - [15/Apr/2024:13:11:42 -0300] "GET /cormun/servlet/apermisogoceprn?19020616,P,20240415120747,PU HTTP/1.1" 200 1652
104.211.2.187 - - [15/Apr/2024:13:11:44 -0300] "GET /manager/html HTTP/1.1" 401 2474
190.171.141.82 - - [15/Apr/2024:13:11:44 -0300] "GET /cormun/servlet/trpermisosgoce? HTTP/1.1" 200 6031
190.171.141.114 - - [15/Apr/2024:13:11:45 -0300] "GET /cormun/servlet/trsolicitudot? HTTP/1.1" 200 7527
190.171.141.82 - - [15/Apr/2024:13:11:45 -0300] "GET /cormun/servlet/hlogin HTTP/1.1" 200 1736
190.171.141.114 - - [15/Apr/2024:13:11:49 -0300] "GET /cormun/servlet/solicitudot?INS,0,0,false, HTTP/1.1" 200 16290
190.171.141.114 - - [15/Apr/2024:13:11:49 -0300] "GET /cormun/static/gxcfg.js?20221129840861 HTTP/1.1" 200 953
190.171.141.114 - - [15/Apr/2024:13:11:50 -0300] "GET /cormun/static/solicitudot.js?20221129840983 HTTP/1.1" 200 74072
181.212.47.136 - - [15/Apr/2024:13:11:52 -0300] "GET /cormun/servlet/hlogin HTTP/1.1" 200 1761
181.212.47.136 - - [15/Apr/2024:13:12:13 -0300] "POST /cormun/servlet/hlogin?69d8c0d31766654f607ddc05c9ed1226,gx-no-cache=1713197325122 HTTP/1.1" 200 90
181.212.47.136 - - [15/Apr/2024:13:12:13 -0300] "GET /cormun/servlet/hpexe_link HTTP/1.1" 200 952
181.212.47.136 - - [15/Apr/2024:13:12:14 -0300] "GET /cormun/servlet/hhome HTTP/1.1" 200 3066
104.211.2.187 - - [15/Apr/2024:13:12:20 -0300] "GET /manager/html HTTP/1.1" 401 2474
181.212.47.136 - - [15/Apr/2024:13:12:23 -0300] "GET /cormun/servlet/hlogin HTTP/1.1" 200 1735
190.171.141.114 - - [15/Apr/2024:13:12:30 -0300] "POST /cormun/servlet/solicitudot?gx-no-cache=1713197337714 HTTP/1.1" 200 4035
190.171.141.114 - - [15/Apr/2024:13:12:30 -0300] "POST /cormun/servlet/solicitudot?7ac2b1aec1d2680da96b78b3b6ecf5e9,INS,0,0,false,,gx-no-cache=1713197337851 HTTP/1.1" 200 12887
190.171.141.114 - - [15/Apr/2024:13:12:30 -0300] "GET /cormun/servlet/solicitudot?ea950387ac868231fbdcb21fe6174fb99e888f83342547bc00fd5aec55e9ce30527c5de9fde414a0c6a0ee2e26c9b478,gx-no-cache=1713197337964 HTTP/1.1" 200 30
181.212.47.136 - - [15/Apr/2024:13:12:31 -0300] "POST /cormun/servlet/hlogin?69d8c0d31766654f607ddc05c9ed1226,gx-no-cache=1713197342657 HTTP/1.1" 200 90
181.212.47.136 - - [15/Apr/2024:13:12:31 -0300] "GET /cormun/servlet/hpexe_link HTTP/1.1" 200 952
181.212.47.136 - - [15/Apr/2024:13:12:31 -0300] "GET /cormun/servlet/hhome HTTP/1.1" 200 4015
181.212.47.136 - - [15/Apr/2024:13:12:35 -0300] "GET /cormun/servlet/trsolicitudot? HTTP/1.1" 200 11165
181.212.47.136 - - [15/Apr/2024:13:12:35 -0300] "GET /cormun/static/gxui/gxui-all.css?120300 HTTP/1.1" 200 2179
181.212.47.136 - - [15/Apr/2024:13:12:35 -0300] "GET /cormun/static/calendar-system.css?85620 HTTP/1.1" 200 5572
181.212.47.136 - - [15/Apr/2024:13:12:35 -0300] "GET /cormun/static/gxcfg.js?20221129846531 HTTP/1.1" 200 953
181.212.47.136 - - [15/Apr/2024:13:12:36 -0300] "GET /cormun/static/trsolicitudot.js?202211298465651 HTTP/1.1" 200 54040
181.212.47.136 - - [15/Apr/2024:13:12:36 -0300] "GET /cormun/static/Shared/ext/resources/css/ext-all.css?215870 HTTP/1.1" 200 416045
181.212.47.136 - - [15/Apr/2024:13:12:36 -0300] "GET /cormun//static/Resources/PXToolsRemoveAllAction.png HTTP/1.1" 200 487
181.212.47.136 - - [15/Apr/2024:13:12:36 -0300] "GET /cormun//static/Resources/PXToolsActionView.png HTTP/1.1" 200 398
181.212.47.136 - - [15/Apr/2024:13:12:36 -0300] "GET /cormun//static/Resources/PXTools/ActionInsert.png HTTP/1.1" 200 1482
181.212.47.136 - - [15/Apr/2024:13:12:37 -0300] "POST /cormun/servlet/acontrolpreferencessavestate?None,PJARA,true HTTP/1.1" 200 35
181.212.47.136 - - [15/Apr/2024:13:12:37 -0300] "GET /cormun/servlet/trsolicitudot? HTTP/1.1" 200 11198
104.211.2.187 - - [15/Apr/2024:13:12:56 -0300] "GET /manager/html HTTP/1.1" 401 2474
181.212.47.136 - - [15/Apr/2024:13:13:04 -0300] "POST /cormun/servlet/trsolicitudot?69d8c0d31766654f607ddc05c9ed1226,,gx-no-cache=1713197375302 HTTP/1.1" 200 8260
181.212.47.136 - - [15/Apr/2024:13:13:04 -0300] "GET /cormun/static/Shared/jqueryui/images/ui-bg_highlight-soft_100_c6c2c8_1x100.png HTTP/1.1" 404 1117
181.212.47.136 - - [15/Apr/2024:13:13:04 -0300] "GET /cormun/static/Shared/jqueryui/images/ui-icons_82798d_256x240.png HTTP/1.1" 404 1089
181.212.47.136 - - [15/Apr/2024:13:13:04 -0300] "GET /cormun/static/Shared/jqueryui/images/ui-icons_8d78a5_256x240.png HTTP/1.1" 404 1089
181.212.47.136 - - [15/Apr/2024:13:13:04 -0300] "GET /cormun/static/Shared/jqueryui/images/ui-bg_flat_55_fafafa_40x100.png HTTP/1.1" 404 1097
181.212.47.136 - - [15/Apr/2024:13:13:04 -0300] "POST /cormun/servlet/trsolicitudot?69d8c0d31766654f607ddc05c9ed1226,,gx-no-cache=1713197375524 HTTP/1.1" 200 8181
181.212.47.136 - - [15/Apr/2024:13:13:13 -0300] "POST /cormun/servlet/trsolicitudot?69d8c0d31766654f607ddc05c9ed1226,,gx-no-cache=1713197384740 HTTP/1.1" 200 7789
181.212.47.136 - - [15/Apr/2024:13:13:13 -0300] "POST /cormun/servlet/trsolicitudot?69d8c0d31766654f607ddc05c9ed1226,,gx-no-cache=1713197385011 HTTP/1.1" 200 7768
181.212.47.136 - - [15/Apr/2024:13:13:18 -0300] "POST /cormun/servlet/trsolicitudot?69d8c0d31766654f607ddc05c9ed1226,,gx-no-cache=1713197389234 HTTP/1.1" 200 7350
181.212.47.136 - - [15/Apr/2024:13:13:18 -0300] "POST /cormun/servlet/trsolicitudot?69d8c0d31766654f607ddc05c9ed1226,,gx-no-cache=1713197389575 HTTP/1.1" 200 7331
181.212.47.136 - - [15/Apr/2024:13:13:30 -0300] "POST /cormun/servlet/trsolicitudot?69d8c0d31766654f607ddc05c9ed1226,,gx-no-cache=1713197401386 HTTP/1.1" 200 6967
181.212.47.136 - - [15/Apr/2024:13:13:30 -0300] "POST /cormun/servlet/trsolicitudot?69d8c0d31766654f607ddc05c9ed1226,,gx-no-cache=1713197401633 HTTP/1.1" 200 6947
104.211.2.187 - - [15/Apr/2024:13:13:31 -0300] "GET /manager/html HTTP/1.1" 401 2474
181.212.47.136 - - [15/Apr/2024:13:13:38 -0300] "POST /cormun/servlet/trsolicitudot?69d8c0d31766654f607ddc05c9ed1226,,gx-no-cache=1713197409602 HTTP/1.1" 200 6524
181.212.47.136 - - [15/Apr/2024:13:13:38 -0300] "POST /cormun/servlet/trsolicitudot?69d8c0d31766654f607ddc05c9ed1226,,gx-no-cache=1713197409769 HTTP/1.1" 200 6505
181.212.47.136 - - [15/Apr/2024:13:13:42 -0300] "GET /cormun/servlet/vesolicitudot?2024,21095,, HTTP/1.1" 200 8439
181.212.47.136 - - [15/Apr/2024:13:13:42 -0300] "GET /cormun/static/gxcfg.js?202211298465857 HTTP/1.1" 200 953
181.212.47.136 - - [15/Apr/2024:13:13:42 -0300] "GET /cormun/pexe_scrolldiv.js HTTP/1.1" 404 1009
181.212.47.136 - - [15/Apr/2024:13:13:42 -0300] "GET /cormun/static/vesolicitudot.js?202211298465886 HTTP/1.1" 200 6091
181.212.47.136 - - [15/Apr/2024:13:13:42 -0300] "GET /cormun/static/tbsolicitudot01.js?20201214462316 HTTP/1.1" 200 30566
181.212.47.136 - - [15/Apr/2024:13:13:44 -0300] "GET /cormun/servlet/vesolicitudot?2024,21095,,SolicitudOTLog HTTP/1.1" 200 7266
181.212.47.136 - - [15/Apr/2024:13:13:44 -0300] "GET /cormun/pexe_scrolldiv.js HTTP/1.1" 404 1009
181.212.47.136 - - [15/Apr/2024:13:13:44 -0300] "GET /cormun/static/Resources/PXToolsTabLastSelected.png HTTP/1.1" 200 1274
181.212.47.136 - - [15/Apr/2024:13:13:44 -0300] "GET /cormun/static/tbsolicitudot03.js?20221129837931 HTTP/1.1" 200 13332
181.212.47.136 - - [15/Apr/2024:13:13:45 -0300] "POST /cormun/servlet/acontrolpreferencessavestate?None,PJARA,true HTTP/1.1" 200 35
181.212.47.136 - - [15/Apr/2024:13:13:46 -0300] "POST /cormun/servlet/vesolicitudot?69d8c0d31766654f607ddc05c9ed1226,2024,21095,,SolicitudOTLog,gx-no-cache=1713197418324 HTTP/1.1" 200 90
181.212.47.136 - - [15/Apr/2024:13:13:46 -0300] "GET /cormun/servlet/hpexe_link HTTP/1.1" 200 975
181.212.47.136 - - [15/Apr/2024:13:13:47 -0300] "GET /cormun/servlet/trsolicitudot? HTTP/1.1" 200 9168
190.171.141.114 - - [15/Apr/2024:13:13:57 -0300] "GET /cormun/servlet/solicitudot?ea950387ac868231fbdcb21fe6174fb973b1a5fb184683bcf4be6de7e36de321,gx-no-cache=1713197424536 HTTP/1.1" 200 94
190.171.141.114 - - [15/Apr/2024:13:13:57 -0300] "GET /cormun/static/Shared/jqueryui/images/ui-icons_82798d_256x240.png HTTP/1.1" 404 1089
190.171.141.114 - - [15/Apr/2024:13:13:57 -0300] "GET /cormun/static/Shared/jqueryui/images/ui-bg_highlight-soft_100_c6c2c8_1x100.png HTTP/1.1" 404 1117
190.171.141.114 - - [15/Apr/2024:13:13:57 -0300] "GET /cormun/static/Shared/jqueryui/images/ui-bg_flat_55_994d53_40x100.png HTTP/1.1" 404 1097
190.171.141.114 - - [15/Apr/2024:13:13:57 -0300] "GET /cormun/static/Shared/jqueryui/images/ui-icons_ebccce_256x240.png HTTP/1.1" 404 1089
181.212.47.136 - - [15/Apr/2024:13:14:00 -0300] "POST /cormun/servlet/trsolicitudot?69d8c0d31766654f607ddc05c9ed1226,,gx-no-cache=1713197432044 HTTP/1.1" 200 6077
181.212.47.136 - - [15/Apr/2024:13:14:00 -0300] "POST /cormun/servlet/trsolicitudot?69d8c0d31766654f607ddc05c9ed1226,,gx-no-cache=1713197432159 HTTP/1.1" 200 6020
104.211.2.187 - - [15/Apr/2024:13:14:07 -0300] "GET /manager/html HTTP/1.1" 401 2474
181.212.47.136 - - [15/Apr/2024:13:14:12 -0300] "POST /cormun/servlet/trsolicitudot?69d8c0d31766654f607ddc05c9ed1226,,gx-no-cache=1713197443363 HTTP/1.1" 200 4851
181.212.47.136 - - [15/Apr/2024:13:14:12 -0300] "POST /cormun/servlet/trsolicitudot?69d8c0d31766654f607ddc05c9ed1226,,gx-no-cache=1713197443479 HTTP/1.1" 200 4610
181.212.47.136 - - [15/Apr/2024:13:14:32 -0300] "GET /cormun/servlet/solicitudot?INS,0,0,false, HTTP/1.1" 200 16049
181.212.47.136 - - [15/Apr/2024:13:14:32 -0300] "GET /cormun/static/gxcfg.js?20221129840861 HTTP/1.1" 200 953
181.212.47.136 - - [15/Apr/2024:13:14:32 -0300] "GET /cormun/static/Resources/prompt.gif HTTP/1.1" 200 902
181.212.47.136 - - [15/Apr/2024:13:14:32 -0300] "GET /cormun/static/solicitudot.js?20221129840983 HTTP/1.1" 200 74072
190.171.141.114 - - [15/Apr/2024:13:14:37 -0300] "GET /cormun/servlet/solicitudot?ea950387ac868231fbdcb21fe6174fb936cb3743c6a8e2d5ac67507501d1e81e5058417a1344bf8455321a76c6a3bb17110da944e7c9cd203337c88a97c9772b,gx-no-cache=1713197464976 HTTP/1.1" 200 30
190.171.141.114 - - [15/Apr/2024:13:14:37 -0300] "GET /cormun/servlet/solicitudot?ea950387ac868231fbdcb21fe6174fb9bdbc8dbb46ad4d32da816d310b9f20e2,gx-no-cache=1713197465010 HTTP/1.1" 200 29
190.171.141.114 - - [15/Apr/2024:13:14:41 -0300] "POST /cormun/servlet/solicitudot?gx-no-cache=1713197468873 HTTP/1.1" 200 255
104.211.2.187 - - [15/Apr/2024:13:14:43 -0300] "GET /manager/html HTTP/1.1" 401 2474
190.171.141.114 - - [15/Apr/2024:13:14:45 -0300] "GET /cormun/servlet/solicitudot?ea950387ac868231fbdcb21fe6174fb9139d27cd8d7d23ec5b19b02fe3681603dfe0ed374fceb3b52d1cc3b800f6ac1612791aa6c4dabe72caeb4594ad1badc19d105cbbca7224316bc68c776c61a3263e5f66cd1dfa9b27d7c3f487f3c272aee55e23225684f32f38208ea22f2be979ead8192b1b6674ee7f0926c62283aa088c3e1496994fa92fc914cbee8d7f21ea56f1f7ae699a94061d48c7c5a9a9a6e31173995dadbd01ee5d8ecb74d373ce08dfe8a09db2415a8b2a8847924ab3daf0493d82d911fcfb7001bbcccc9b59e184d97db2ca2d78d9842468f5a9f5e15963338ca5330ec5da5325a64b0421edef1bd74911b620ef75a65ccc66c6926a6ee45dbf5ada0d36d992b8ca627d8fcbf3d048733066052e610a76af6a68209eb66fc96d803e8895981dd3b56adc79418e856d729ef54f3513dca3c28058d4914825eb782f3f8438834eaf4290bce4da74ae7b21cb4991e5a05cb8e62b7d2c9fd41a9f65362564456c3802a7b63a259515b22c3280148093bb81a39388d15a10d7a4,gx-no-cache=1713197472250 HTTP/1.1" 200 30
181.212.47.136 - - [15/Apr/2024:13:15:16 -0300] "GET /cormun/static/Resources/PXTools/ClosePrompt.png HTTP/1.1" 200 1036
