190.171.152.234 - - [15/Apr/2024:13:32:47 -0300] "GET /cormun/static/Resources/PXToolsGridPreviousDisabled.gif HTTP/1.1" 200 90
190.171.152.234 - - [15/Apr/2024:13:32:47 -0300] "GET /cormun/static/Resources/PXToolsGridNextDisabled.gif HTTP/1.1" 200 90
190.171.152.234 - - [15/Apr/2024:13:32:47 -0300] "GET /cormun/static/Resources/PXToolsGridLastDisabled.gif HTTP/1.1" 200 98
190.171.152.234 - - [15/Apr/2024:13:32:47 -0300] "GET /cormun/static/Resources/PXToolsActionExcel.png HTTP/1.1" 200 727
190.171.152.234 - - [15/Apr/2024:13:32:47 -0300] "GET /cormun/static/Resources/PXToolsGridPage.gif HTTP/1.1" 200 725
190.171.152.234 - - [15/Apr/2024:13:32:47 -0300] "GET /cormun/static/Resources/PXToolsAddAllAction.png HTTP/1.1" 200 495
190.171.152.234 - - [15/Apr/2024:13:32:47 -0300] "GET /cormun//static/Resources/PXTools/ActionInsert.png HTTP/1.1" 200 1482
190.171.152.234 - - [15/Apr/2024:13:32:47 -0300] "GET /cormun/static/Resources/asc.gif HTTP/1.1" 200 67
190.171.152.234 - - [15/Apr/2024:13:32:47 -0300] "GET /cormun//static/Resources/PXToolsActionDisabled.gif HTTP/1.1" 200 53
190.171.152.234 - - [15/Apr/2024:13:32:47 -0300] "GET /cormun//static/Resources/PXToolsActionPrint.png HTTP/1.1" 200 404
190.171.152.234 - - [15/Apr/2024:13:32:47 -0300] "GET /cormun//static/Resources/PXToolsGridDisplay.png HTTP/1.1" 200 525
190.171.152.234 - - [15/Apr/2024:13:32:47 -0300] "GET /cormun/static/Resources/desc.gif HTTP/1.1" 200 65
190.171.152.234 - - [15/Apr/2024:13:32:47 -0300] "GET /cormun//static/Resources/PXToolsHeaderFavorites.png HTTP/1.1" 200 1414
190.171.152.234 - - [15/Apr/2024:13:32:47 -0300] "GET /cormun//static/Resources/PXToolsHeaderHelp.png HTTP/1.1" 200 1333
190.171.152.234 - - [15/Apr/2024:13:32:48 -0300] "GET /cormun/static/Shared/ext/resources/themes/images/default/panel/bg-headersPanel.png HTTP/1.1" 200 255
190.171.152.234 - - [15/Apr/2024:13:32:48 -0300] "GET /cormun/static/Shared/ext/resources/themes/images/default/tools/tool-sprites.gif HTTP/1.1" 200 5434
104.211.2.187 - - [15/Apr/2024:13:33:18 -0300] "GET /manager/html HTTP/1.1" 401 2474
190.171.152.234 - - [15/Apr/2024:13:33:20 -0300] "GET /cormun/servlet/trlicencias? HTTP/1.1" 200 10145
190.171.152.138 - - [15/Apr/2024:13:33:36 -0300] "GET /cormun/servlet/hlogin HTTP/1.1" 200 1724
190.171.152.138 - - [15/Apr/2024:13:33:53 -0300] "POST /cormun/servlet/hlogin?629c16c0ce4543ba7b70c6e92cc5bfa7,gx-no-cache=1713198620792 HTTP/1.1" 200 90
190.171.152.138 - - [15/Apr/2024:13:33:53 -0300] "GET /cormun/servlet/hpexe_link HTTP/1.1" 200 954
190.171.152.138 - - [15/Apr/2024:13:33:54 -0300] "GET /cormun/servlet/hhome HTTP/1.1" 200 3866
190.171.152.138 - - [15/Apr/2024:13:33:58 -0300] "GET /cormun/servlet/trpermisosgoce? HTTP/1.1" 200 10118
190.171.152.138 - - [15/Apr/2024:13:34:02 -0300] "GET /cormun/servlet/permisogoce?INS,0,,, HTTP/1.1" 200 6730
104.211.2.187 - - [15/Apr/2024:13:34:09 -0300] "GET /manager/html HTTP/1.1" 401 2474
190.171.152.138 - - [15/Apr/2024:13:34:24 -0300] "GET /cormun/servlet/permisogoce?9e7d8e59ec8a6a445545405573cfceb7a8f64a7da7604276f0b8c56583205a3667507483359891e7fc836274c73cd55b60fe7cabe55878752c85f500e8b93663,gx-no-cache=1713198651598 HTTP/1.1" 200 226
190.171.152.138 - - [15/Apr/2024:13:34:24 -0300] "GET /cormun/static/Shared/jqueryui/images/ui-bg_highlight-soft_100_c6c2c8_1x100.png HTTP/1.1" 404 1117
190.171.152.138 - - [15/Apr/2024:13:34:24 -0300] "GET /cormun/static/Shared/jqueryui/images/ui-icons_82798d_256x240.png HTTP/1.1" 404 1089
190.171.152.138 - - [15/Apr/2024:13:34:24 -0300] "GET /cormun/static/Shared/jqueryui/images/ui-bg_flat_55_994d53_40x100.png HTTP/1.1" 404 1097
190.171.152.138 - - [15/Apr/2024:13:34:24 -0300] "GET /cormun/static/Shared/jqueryui/images/ui-icons_ebccce_256x240.png HTTP/1.1" 404 1089
104.211.2.187 - - [15/Apr/2024:13:34:45 -0300] "GET /manager/html HTTP/1.1" 401 2474
190.171.141.114 - - [15/Apr/2024:13:35:08 -0300] "POST /cormun/servlet/solicitudot?gx-no-cache=1713198695316 HTTP/1.1" 200 72
190.171.141.114 - - [15/Apr/2024:13:35:16 -0300] "POST /cormun/servlet/solicitudot?gx-no-cache=1713198704076 HTTP/1.1" 200 30
104.211.2.187 - - [15/Apr/2024:13:35:22 -0300] "GET /manager/html HTTP/1.1" 401 2474
190.171.141.114 - - [15/Apr/2024:13:35:47 -0300] "POST /cormun/servlet/solicitudot?944fa9c4d677591d850a0523ef120afb,INS,0,0,false,,gx-no-cache=1713198734213 HTTP/1.1" 200 13116
190.171.141.114 - - [15/Apr/2024:13:36:02 -0300] "GET /cormun/servlet/solicitudot?c56a3a8f9eb0c96f6231b00195d2b80309c353e4b3c6b00ecfdabe89bd03952f417fe7400fa00ce28d35fc8e8be39f01e58bcc9aeec6a4b38acf220472ff36aa,gx-no-cache=1713198749722 HTTP/1.1" 200 103
190.171.141.114 - - [15/Apr/2024:13:36:02 -0300] "POST /cormun/servlet/solicitudot?gx-no-cache=1713198749754 HTTP/1.1" 200 256
190.171.141.114 - - [15/Apr/2024:13:36:02 -0300] "GET /cormun/servlet/solicitudot?c56a3a8f9eb0c96f6231b00195d2b80387fdabaea91aeb9304b8d9d5d2f1296c43e3037996e52cd5a3053ca0070c9947b619c5fb456c6030fef192c86f68ab37be290a2bfb5ad9b20eb24ce8744a218e37b81e437785666aac2b5e19d4c58e291cc0ed3f54b4cdad161a96b16b9ac99e533b4e8d80a6a340edae140351c8a0ae553e3db269eeeb5f53b4f72589739bf0533f0cdc65b891dd5837144c614107d3baf0f57ae1d7f88dc3622b8fe86914ed0c7ed09138e9e5eba97241f530a0159effecf1b5e9320d2cc85b9a9a8811a1163c45926ab86f00a6958231094975cdd123f335e4765300cdd6f624d7d9613ff8756e2e802f1982846d718eff20c858a98acfbab1cc05d40c7c46e8342dbe78e2ccb38039b42c260ebc693bfc1be88f5146146558d473b63c6169054b43cee97a2efc754610790f690b3252bf7c4e3897696b3c084b25e01f7e823a4c0d9ad5c7394005430575d53242510c9bb9736d02ae0f5a374b361a6f1a3d9a3c2171d78df00136196f8c8aeab45cfa1e5b6460a3,gx-no-cache=1713198749785 HTTP/1.1" 200 30
190.171.141.114 - - [15/Apr/2024:13:36:02 -0300] "POST /cormun/servlet/solicitudot?gx-no-cache=1713198749807 HTTP/1.1" 200 30
190.171.141.114 - - [15/Apr/2024:13:36:02 -0300] "POST /cormun/servlet/solicitudot?gx-no-cache=1713198749836 HTTP/1.1" 200 1481
190.171.141.114 - - [15/Apr/2024:13:36:02 -0300] "POST /cormun/servlet/solicitudot?gx-no-cache=1713198749869 HTTP/1.1" 200 41
190.171.141.114 - - [15/Apr/2024:13:36:02 -0300] "GET /cormun/servlet/solicitudot?c56a3a8f9eb0c96f6231b00195d2b803e3c5610b14dfe0c799c321f75b5e7a74f58c65527acd170596ba80f328f401908627055c76024f78921f35bcd6dae84da228d170554f57a1b580bc02132f620d9581bca65e5f0a74b826ff28a7e81d95d7fc856bc9cfad2de85f96b67bfd127a,gx-no-cache=1713198749912 HTTP/1.1" 200 110
190.171.141.114 - - [15/Apr/2024:13:36:02 -0300] "POST /cormun/servlet/solicitudot?gx-no-cache=1713198749936 HTTP/1.1" 200 97
190.171.141.114 - - [15/Apr/2024:13:36:02 -0300] "GET /cormun/servlet/solicitudot?c56a3a8f9eb0c96f6231b00195d2b8038c2a8e57b18870a79d988fd5b52d812a2a1f6944073226d065552db696b38e56,gx-no-cache=1713198749961 HTTP/1.1" 200 30
190.171.141.114 - - [15/Apr/2024:13:36:02 -0300] "POST /cormun/servlet/solicitudot?gx-no-cache=1713198749981 HTTP/1.1" 200 30
190.171.141.114 - - [15/Apr/2024:13:36:02 -0300] "POST /cormun/servlet/solicitudot?944fa9c4d677591d850a0523ef120afb,INS,0,0,false,,gx-no-cache=1713198750047 HTTP/1.1" 200 13180
104.211.2.187 - - [15/Apr/2024:13:36:13 -0300] "GET /manager/html HTTP/1.1" 401 2474
104.211.2.187 - - [15/Apr/2024:13:37:03 -0300] "GET /manager/html HTTP/1.1" 401 2474
104.211.2.187 - - [15/Apr/2024:13:37:40 -0300] "GET /manager/html HTTP/1.1" 401 2474
104.211.2.187 - - [15/Apr/2024:13:38:17 -0300] "GET /manager/html HTTP/1.1" 401 2474
104.211.2.187 - - [15/Apr/2024:13:38:53 -0300] "GET /manager/html HTTP/1.1" 401 2474
190.171.152.138 - - [15/Apr/2024:13:39:14 -0300] "GET /cormun/servlet/hlogin HTTP/1.1" 200 1750
104.211.2.187 - - [15/Apr/2024:13:39:29 -0300] "GET /manager/html HTTP/1.1" 401 2474
104.211.2.187 - - [15/Apr/2024:13:40:04 -0300] "GET /manager/html HTTP/1.1" 401 2474
104.211.2.187 - - [15/Apr/2024:13:40:41 -0300] "GET /manager/html HTTP/1.1" 401 2474
104.211.2.187 - - [15/Apr/2024:13:41:18 -0300] "GET /manager/html HTTP/1.1" 401 2474
190.171.154.42 - - [15/Apr/2024:13:41:35 -0300] "POST /cormun/servlet/hlogin?67dcce54adb13d7e1f862c2dae131629,gx-no-cache=1713199081579 HTTP/1.1" 440 972
190.171.154.42 - - [15/Apr/2024:13:41:55 -0300] "POST /cormun/servlet/hlogin?67dcce54adb13d7e1f862c2dae131629,gx-no-cache=1713199101382 HTTP/1.1" 440 972
190.171.154.42 - - [15/Apr/2024:13:41:56 -0300] "GET /cormun/servlet/hlogin HTTP/1.1" 200 1728
190.171.154.42 - - [15/Apr/2024:13:42:00 -0300] "POST /cormun/servlet/hlogin?eaeecaea27d34628e72ca7cf0546a236,gx-no-cache=1713199106894 HTTP/1.1" 200 90
190.171.154.42 - - [15/Apr/2024:13:42:00 -0300] "GET /cormun/servlet/hpexe_link HTTP/1.1" 200 948
190.171.154.42 - - [15/Apr/2024:13:42:00 -0300] "GET /cormun/servlet/hhome HTTP/1.1" 200 4267
190.171.154.42 - - [15/Apr/2024:13:42:04 -0300] "GET /cormun/servlet/trpermisosgoce? HTTP/1.1" 200 9893
190.171.154.42 - - [15/Apr/2024:13:42:04 -0300] "GET /cormun/static/gxcfg.js?2020121631564 HTTP/1.1" 200 953
190.171.154.42 - - [15/Apr/2024:13:42:05 -0300] "GET /cormun/static/trpermisosgoce.js?2020121633681 HTTP/1.1" 200 35904
104.211.2.187 - - [15/Apr/2024:13:42:08 -0300] "GET /manager/html HTTP/1.1" 401 2474
190.171.141.114 - - [15/Apr/2024:13:42:13 -0300] "POST /cormun/servlet/solicitudot?gx-no-cache=1713199120983 HTTP/1.1" 200 30
190.171.141.114 - - [15/Apr/2024:13:42:13 -0300] "POST /cormun/servlet/solicitudot?gx-no-cache=1713199121044 HTTP/1.1" 200 1481
190.171.141.114 - - [15/Apr/2024:13:42:13 -0300] "POST /cormun/servlet/solicitudot?gx-no-cache=1713199121079 HTTP/1.1" 200 41
190.171.141.114 - - [15/Apr/2024:13:42:13 -0300] "GET /cormun/servlet/solicitudot?c56a3a8f9eb0c96f6231b00195d2b803e3c5610b14dfe0c799c321f75b5e7a74f58c65527acd170596ba80f328f401908627055c76024f78921f35bcd6dae84da228d170554f57a1b580bc02132f620d9581bca65e5f0a74b826ff28a7e81d95d7fc856bc9cfad2de85f96b67bfd127a,gx-no-cache=1713199121105 HTTP/1.1" 200 110
190.171.154.42 - - [15/Apr/2024:13:42:14 -0300] "GET /cormun/servlet/permisogoce?INS,0,,, HTTP/1.1" 200 7158
190.171.154.42 - - [15/Apr/2024:13:42:14 -0300] "GET /cormun/static/gxcfg.js?20201215124560 HTTP/1.1" 200 953
190.171.154.42 - - [15/Apr/2024:13:42:14 -0300] "GET /cormun/static/Resources/prompt.gif HTTP/1.1" 200 902
190.171.154.42 - - [15/Apr/2024:13:42:14 -0300] "GET /cormun/static/permisogoce.js?20201215124939 HTTP/1.1" 200 27790
190.171.154.42 - - [15/Apr/2024:13:42:25 -0300] "GET /cormun/static/Resources/resize.gif HTTP/1.1" 200 77
190.171.154.42 - - [15/Apr/2024:13:42:25 -0300] "GET /cormun/static/Resources/PXTools/ClosePrompt.png HTTP/1.1" 200 1036
190.171.154.42 - - [15/Apr/2024:13:42:26 -0300] "GET /cormun/servlet/prfichaempleado?,MD,,gxPopupLevel%3D0%3B HTTP/1.1" 200 9281
190.171.154.42 - - [15/Apr/2024:13:42:26 -0300] "GET /cormun/static/gxcfg.js?20201215571085 HTTP/1.1" 200 953
190.171.154.42 - - [15/Apr/2024:13:42:26 -0300] "GET /cormun/static/Resources/PXToolsMenuSearch.png HTTP/1.1" 200 336
190.171.154.42 - - [15/Apr/2024:13:42:26 -0300] "GET /cormun/static/Resources/PXToolsMenuSearchCancel.png HTTP/1.1" 200 306
190.171.154.42 - - [15/Apr/2024:13:42:26 -0300] "GET /cormun/static/prfichaempleado.js?20201215572193 HTTP/1.1" 200 16005
190.171.154.42 - - [15/Apr/2024:13:42:26 -0300] "GET /cormun/static/menusearch.js?20201214473581 HTTP/1.1" 200 1424
190.171.154.42 - - [15/Apr/2024:13:42:26 -0300] "GET /cormun/static/hmpwkw011.js?202211298443482 HTTP/1.1" 200 1968
190.171.141.114 - - [15/Apr/2024:13:42:32 -0300] "POST /cormun/servlet/solicitudot?gx-no-cache=1713199139310 HTTP/1.1" 200 64
104.211.2.187 - - [15/Apr/2024:13:42:44 -0300] "GET /manager/html HTTP/1.1" 401 2474
190.171.154.42 - - [15/Apr/2024:13:42:48 -0300] "POST /cormun/servlet/prfichaempleado?eaeecaea27d34628e72ca7cf0546a236,,MD,,gxPopupLevel%3D0%3B,gx-no-cache=1713199154777 HTTP/1.1" 200 4228
190.171.154.42 - - [15/Apr/2024:13:43:08 -0300] "POST /cormun/servlet/prfichaempleado?eaeecaea27d34628e72ca7cf0546a236,,MD,,gxPopupLevel%3D0%3B,gx-no-cache=1713199174175 HTTP/1.1" 200 3172
104.211.2.187 - - [15/Apr/2024:13:43:34 -0300] "GET /manager/html HTTP/1.1" 401 2474
190.171.154.42 - - [15/Apr/2024:13:43:49 -0300] "GET /cormun/servlet/permisogoce?7905dc314ef89cb95be53ef72acc0eeb30423a4d78d29ca2ea7ec6e1ae8a4e33f29bdc1aa9297ee165d74262c6a200c93436be9838eb8fc2b9b2e185df4b5ec5,gx-no-cache=1713199215812 HTTP/1.1" 200 77
104.211.2.187 - - [15/Apr/2024:13:44:10 -0300] "GET /manager/html HTTP/1.1" 401 2474
190.171.141.114 - - [15/Apr/2024:13:44:11 -0300] "POST /cormun/servlet/solicitudot?gx-no-cache=1713199238581 HTTP/1.1" 200 72
190.171.141.114 - - [15/Apr/2024:13:44:29 -0300] "GET /cormun/servlet/solicitudot?c56a3a8f9eb0c96f6231b00195d2b8038c2a8e57b18870a79d988fd5b52d812a2a1f6944073226d065552db696b38e56,gx-no-cache=1713199256956 HTTP/1.1" 200 30
190.171.141.114 - - [15/Apr/2024:13:44:29 -0300] "POST /cormun/servlet/solicitudot?gx-no-cache=1713199256979 HTTP/1.1" 200 30
190.171.141.114 - - [15/Apr/2024:13:44:30 -0300] "POST /cormun/servlet/solicitudot?944fa9c4d677591d850a0523ef120afb,INS,0,0,false,,gx-no-cache=1713199257040 HTTP/1.1" 200 13247
104.211.2.187 - - [15/Apr/2024:13:44:46 -0300] "GET /manager/html HTTP/1.1" 401 2474
190.171.154.42 - - [15/Apr/2024:13:45:05 -0300] "GET /cormun/static/menuarrow.gif HTTP/1.1" 404 1015
190.171.154.42 - - [15/Apr/2024:13:45:12 -0300] "GET /cormun/servlet/permisogoce?7905dc314ef89cb95be53ef72acc0eeb6925ebf48e79512eb707121fd91d3ac2ea71ab96b28a38431cfbbfc0c4b2ee0d5d5bb5c1ffac7771f4e80f07077f1cd4,gx-no-cache=1713199298681 HTTP/1.1" 200 46
190.171.154.42 - - [15/Apr/2024:13:45:15 -0300] "POST /cormun/servlet/permisogoce?eaeecaea27d34628e72ca7cf0546a236,INS,0,,,,gx-no-cache=1713199301063 HTTP/1.1" 200 93
190.171.154.42 - - [15/Apr/2024:13:45:15 -0300] "GET /cormun/servlet/hpexe_return? HTTP/1.1" 200 1006
190.171.154.42 - - [15/Apr/2024:13:45:15 -0300] "GET /cormun/static/gxcfg.js?20221129846035 HTTP/1.1" 200 953
190.171.154.42 - - [15/Apr/2024:13:45:15 -0300] "GET /cormun/static/hpexe_return.js?20221129846037 HTTP/1.1" 200 1633
190.171.154.42 - - [15/Apr/2024:13:45:15 -0300] "GET /cormun/servlet/trpermisosgoce HTTP/1.1" 200 10216
190.171.154.42 - - [15/Apr/2024:13:45:20 -0300] "GET /cormun/servlet/trpermisosadjuntos?18042337,20240415123845,P, HTTP/1.1" 200 6583
190.171.154.42 - - [15/Apr/2024:13:45:20 -0300] "GET /cormun/static/gxcfg.js?2020121641683 HTTP/1.1" 200 953
190.171.154.42 - - [15/Apr/2024:13:45:20 -0300] "GET /cormun/static/trpermisosadjuntos.js?2020121642996 HTTP/1.1" 200 20158
104.211.2.187 - - [15/Apr/2024:13:45:22 -0300] "GET /manager/html HTTP/1.1" 401 2474
190.171.154.42 - - [15/Apr/2024:13:45:22 -0300] "GET /cormun/servlet/permisosadjuntos?INS,18042337,P,20240415123845,, HTTP/1.1" 200 5910
190.171.154.42 - - [15/Apr/2024:13:45:22 -0300] "GET /cormun/static/gxcfg.js?20201215134212 HTTP/1.1" 200 953
190.171.154.42 - - [15/Apr/2024:13:45:22 -0300] "GET /cormun/static/permisosadjuntos.js?20201215134285 HTTP/1.1" 200 8724
190.171.154.42 - - [15/Apr/2024:13:45:22 -0300] "GET /cormun/static/about:blank HTTP/1.1" 404 1011
190.171.154.42 - - [15/Apr/2024:13:45:37 -0300] "POST /cormun/servlet/permisosadjuntos?eaeecaea27d34628e72ca7cf0546a236,INS,18042337,P,20240415123845,, HTTP/1.1" 200 116
190.171.154.42 - - [15/Apr/2024:13:45:37 -0300] "GET /cormun/servlet/hpexe_return? HTTP/1.1" 200 1036
190.171.154.42 - - [15/Apr/2024:13:45:37 -0300] "GET /cormun/servlet/trpermisosadjuntos?18042337,20240415123845,P, HTTP/1.1" 200 7114
190.171.154.42 - - [15/Apr/2024:13:45:41 -0300] "POST /cormun/servlet/trpermisosadjuntos?eaeecaea27d34628e72ca7cf0546a236,18042337,20240415123845,P,,gx-no-cache=1713199327898 HTTP/1.1" 200 90
190.171.154.42 - - [15/Apr/2024:13:45:41 -0300] "GET /cormun/servlet/hpexe_link HTTP/1.1" 200 981
190.171.154.42 - - [15/Apr/2024:13:45:41 -0300] "GET /cormun/servlet/trpermisosgoce HTTP/1.1" 200 10213
190.171.154.42 - - [15/Apr/2024:13:45:46 -0300] "POST /cormun/servlet/trpermisosgoce?eaeecaea27d34628e72ca7cf0546a236,gx-no-cache=1713199332654 HTTP/1.1" 200 7510
190.171.154.42 - - [15/Apr/2024:13:45:46 -0300] "GET /cormun/static/Shared/jqueryui/images/ui-bg_highlight-soft_100_c6c2c8_1x100.png HTTP/1.1" 404 1117
190.171.154.42 - - [15/Apr/2024:13:45:46 -0300] "GET /cormun/static/Shared/jqueryui/images/ui-icons_82798d_256x240.png HTTP/1.1" 404 1089
190.171.154.42 - - [15/Apr/2024:13:45:46 -0300] "GET /cormun/static/Shared/jqueryui/images/ui-icons_8d78a5_256x240.png HTTP/1.1" 404 1089
190.171.154.42 - - [15/Apr/2024:13:45:46 -0300] "GET /cormun/static/Shared/jqueryui/images/ui-bg_flat_55_fafafa_40x100.png HTTP/1.1" 404 1097
190.171.154.42 - - [15/Apr/2024:13:45:52 -0300] "GET /cormun/servlet/permisogoce?INS,0,,, HTTP/1.1" 200 7158
104.211.2.187 - - [15/Apr/2024:13:45:59 -0300] "GET /manager/html HTTP/1.1" 401 2474
190.171.154.42 - - [15/Apr/2024:13:46:15 -0300] "GET /cormun/servlet/permisogoce?7905dc314ef89cb95be53ef72acc0eebc762d125bc5d7f5bba7ca62c3b56f781f29bdc1aa9297ee165d74262c6a200c93436be9838eb8fc2b9b2e185df4b5ec5,gx-no-cache=1713199361157 HTTP/1.1" 200 86
190.171.154.42 - - [15/Apr/2024:13:46:28 -0300] "GET /cormun/servlet/permisogoce?7905dc314ef89cb95be53ef72acc0eebcd76be24d1fe20d91933d0772f18c3114d8ad03fffc059aa74fb7577cee6447a5d5bb5c1ffac7771f4e80f07077f1cd4,gx-no-cache=1713199374159 HTTP/1.1" 200 46
190.171.141.90 - - [15/Apr/2024:13:46:32 -0300] "POST /cormun/servlet/trlicencias?86eb91f86b59444136f46d17df516ceb,gx-no-cache=1713199372961 HTTP/1.1" 440 972
104.211.2.187 - - [15/Apr/2024:13:46:35 -0300] "GET /manager/html HTTP/1.1" 401 2474
190.171.154.42 - - [15/Apr/2024:13:46:38 -0300] "POST /cormun/servlet/permisogoce?eaeecaea27d34628e72ca7cf0546a236,INS,0,,,,gx-no-cache=1713199384591 HTTP/1.1" 200 93
190.171.154.42 - - [15/Apr/2024:13:46:38 -0300] "GET /cormun/servlet/hpexe_return? HTTP/1.1" 200 1029
190.171.154.42 - - [15/Apr/2024:13:46:39 -0300] "GET /cormun/servlet/trpermisosgoce?gx-no-cache=1713199332654 HTTP/1.1" 200 10444
190.171.154.42 - - [15/Apr/2024:13:46:44 -0300] "GET /cormun/servlet/trpermisosadjuntos?10330928,20240415124223,P, HTTP/1.1" 200 6610
190.171.154.42 - - [15/Apr/2024:13:46:46 -0300] "GET /cormun/servlet/permisosadjuntos?INS,10330928,P,20240415124223,, HTTP/1.1" 200 5913
190.171.154.42 - - [15/Apr/2024:13:46:46 -0300] "GET /cormun/static/about:blank HTTP/1.1" 404 1011
190.171.141.114 - - [15/Apr/2024:13:46:50 -0300] "GET /cormun/servlet/solicitudot?c56a3a8f9eb0c96f6231b00195d2b80309c353e4b3c6b00ecfdabe89bd03952f417fe7400fa00ce28d35fc8e8be39f01e58bcc9aeec6a4b38acf220472ff36aa,gx-no-cache=1713199397224 HTTP/1.1" 200 103
190.171.141.114 - - [15/Apr/2024:13:46:50 -0300] "POST /cormun/servlet/solicitudot?gx-no-cache=1713199397263 HTTP/1.1" 200 256
190.171.141.114 - - [15/Apr/2024:13:46:50 -0300] "GET /cormun/servlet/solicitudot?c56a3a8f9eb0c96f6231b00195d2b80387fdabaea91aeb9304b8d9d5d2f1296c43e3037996e52cd5a3053ca0070c9947b619c5fb456c6030fef192c86f68ab37be290a2bfb5ad9b20eb24ce8744a218e37b81e437785666aac2b5e19d4c58e291cc0ed3f54b4cdad161a96b16b9ac99e533b4e8d80a6a340edae140351c8a0ae553e3db269eeeb5f53b4f72589739bf0533f0cdc65b891dd5837144c614107d3baf0f57ae1d7f88dc3622b8fe86914ed0c7ed09138e9e5eba97241f530a0159effecf1b5e9320d2cc85b9a9a8811a1163c45926ab86f00a6958231094975cdd123f335e4765300cdd6f624d7d9613ff8756e2e802f1982846d718eff20c858a98acfbab1cc05d40c7c46e8342dbe78e2ccb38039b42c260ebc693bfc1be88f5146146558d473b63c6169054b43cee97a2efc754610790f690b3252bf7c4e3897696b3c084b25e01f7e823a4c0d9ad5c7394005430575d53242510c9bb9736d02ae0f5a374b361a6f1a3d9a3c2171d78df00136196f8c8aeab45cfa1e5b6460a3,gx-no-cache=1713199397294 HTTP/1.1" 200 30
190.171.141.114 - - [15/Apr/2024:13:46:50 -0300] "POST /cormun/servlet/solicitudot?gx-no-cache=1713199397316 HTTP/1.1" 200 30
190.171.141.114 - - [15/Apr/2024:13:46:50 -0300] "POST /cormun/servlet/solicitudot?gx-no-cache=1713199397341 HTTP/1.1" 200 1481
190.171.141.114 - - [15/Apr/2024:13:46:50 -0300] "POST /cormun/servlet/solicitudot?gx-no-cache=1713199397372 HTTP/1.1" 200 41
190.171.141.114 - - [15/Apr/2024:13:46:50 -0300] "GET /cormun/servlet/solicitudot?c56a3a8f9eb0c96f6231b00195d2b803e3c5610b14dfe0c799c321f75b5e7a74f58c65527acd170596ba80f328f401908627055c76024f78921f35bcd6dae84da228d170554f57a1b580bc02132f620d9581bca65e5f0a74b826ff28a7e81d95d7fc856bc9cfad2de85f96b67bfd127a,gx-no-cache=1713199397396 HTTP/1.1" 200 110
190.171.154.42 - - [15/Apr/2024:13:46:51 -0300] "POST /cormun/servlet/permisosadjuntos?eaeecaea27d34628e72ca7cf0546a236,INS,10330928,P,20240415124223,, HTTP/1.1" 200 116
190.171.154.42 - - [15/Apr/2024:13:46:51 -0300] "GET /cormun/servlet/hpexe_return? HTTP/1.1" 200 1035
190.171.154.42 - - [15/Apr/2024:13:46:51 -0300] "GET /cormun/servlet/trpermisosadjuntos?10330928,20240415124223,P, HTTP/1.1" 200 7114
190.171.154.42 - - [15/Apr/2024:13:46:53 -0300] "POST /cormun/servlet/trpermisosadjuntos?eaeecaea27d34628e72ca7cf0546a236,10330928,20240415124223,P,,gx-no-cache=1713199399970 HTTP/1.1" 200 90
190.171.154.42 - - [15/Apr/2024:13:46:53 -0300] "GET /cormun/servlet/hpexe_link HTTP/1.1" 200 1003
190.171.154.42 - - [15/Apr/2024:13:46:54 -0300] "GET /cormun/servlet/trpermisosgoce?gx-no-cache=1713199332654 HTTP/1.1" 200 10441
190.171.141.114 - - [15/Apr/2024:13:46:58 -0300] "POST /cormun/servlet/solicitudot?gx-no-cache=1713199405493 HTTP/1.1" 200 79
190.171.154.42 - - [15/Apr/2024:13:46:58 -0300] "POST /cormun/servlet/trpermisosgoce?eaeecaea27d34628e72ca7cf0546a236,gx-no-cache=1713199332654,gx-no-cache=1713199404256 HTTP/1.1" 200 7735
190.171.154.42 - - [15/Apr/2024:13:47:03 -0300] "GET /cormun/servlet/permisogoce?INS,0,,, HTTP/1.1" 200 7180
190.171.141.114 - - [15/Apr/2024:13:47:09 -0300] "GET /cormun/servlet/solicitudot?c56a3a8f9eb0c96f6231b00195d2b8038c2a8e57b18870a79d988fd5b52d812a2a1f6944073226d065552db696b38e56,gx-no-cache=1713199416812 HTTP/1.1" 200 30
190.171.141.114 - - [15/Apr/2024:13:47:09 -0300] "POST /cormun/servlet/solicitudot?gx-no-cache=1713199416838 HTTP/1.1" 200 30
190.171.141.114 - - [15/Apr/2024:13:47:09 -0300] "POST /cormun/servlet/solicitudot?944fa9c4d677591d850a0523ef120afb,INS,0,0,false,,gx-no-cache=1713199416902 HTTP/1.1" 200 13289
190.171.154.42 - - [15/Apr/2024:13:47:11 -0300] "GET /cormun/servlet/permisogoce?7905dc314ef89cb95be53ef72acc0eebefe36ea867fca49adce55642541bf3b9f29bdc1aa9297ee165d74262c6a200c93436be9838eb8fc2b9b2e185df4b5ec5,gx-no-cache=1713199417938 HTTP/1.1" 200 82
104.211.2.187 - - [15/Apr/2024:13:47:12 -0300] "GET /manager/html HTTP/1.1" 401 2474
190.171.154.42 - - [15/Apr/2024:13:47:22 -0300] "GET /cormun/servlet/permisogoce?7905dc314ef89cb95be53ef72acc0eeb4cc47c63c2596565e54dcb3eb40a17be5a764bf4579562411df20e6af6d8b37b5d5bb5c1ffac7771f4e80f07077f1cd4,gx-no-cache=1713199428427 HTTP/1.1" 200 47
190.171.154.42 - - [15/Apr/2024:13:47:25 -0300] "POST /cormun/servlet/permisogoce?eaeecaea27d34628e72ca7cf0546a236,INS,0,,,,gx-no-cache=1713199431062 HTTP/1.1" 200 93
190.171.154.42 - - [15/Apr/2024:13:47:25 -0300] "GET /cormun/servlet/hpexe_return? HTTP/1.1" 200 1029
190.171.154.42 - - [15/Apr/2024:13:47:25 -0300] "GET /cormun/servlet/trpermisosgoce?gx-no-cache=1713199332654 HTTP/1.1" 200 10645
190.171.154.42 - - [15/Apr/2024:13:47:30 -0300] "GET /cormun/servlet/trpermisosadjuntos?17235020,20240415124335,P, HTTP/1.1" 200 6602
190.171.154.42 - - [15/Apr/2024:13:47:32 -0300] "GET /cormun/servlet/permisosadjuntos?INS,17235020,P,20240415124335,, HTTP/1.1" 200 5906
190.171.154.42 - - [15/Apr/2024:13:47:32 -0300] "GET /cormun/static/about:blank HTTP/1.1" 404 1011
190.171.141.114 - - [15/Apr/2024:13:47:38 -0300] "GET /cormun/servlet/solicitudot?c56a3a8f9eb0c96f6231b00195d2b8033324f67172dd9556515d6e3597f72809ab41023a245a564de3265d7f39aa1e54d44e50d7c9694822244a910ea8e8dbae,gx-no-cache=1713199445911 HTTP/1.1" 200 30
190.171.141.114 - - [15/Apr/2024:13:47:38 -0300] "POST /cormun/servlet/solicitudot?gx-no-cache=1713199445967 HTTP/1.1" 200 256
190.171.141.114 - - [15/Apr/2024:13:47:38 -0300] "GET /cormun/servlet/solicitudot?c56a3a8f9eb0c96f6231b00195d2b80387fdabaea91aeb9304b8d9d5d2f1296c43e3037996e52cd5a3053ca0070c9947b619c5fb456c6030fef192c86f68ab37be290a2bfb5ad9b20eb24ce8744a218e37b81e437785666aac2b5e19d4c58e291cc0ed3f54b4cdad161a96b16b9ac99e533b4e8d80a6a340edae140351c8a0ae553e3db269eeeb5f53b4f72589739bf0533f0cdc65b891dd5837144c614107d3baf0f57ae1d7f88dc3622b8fe86914ed0c7ed09138e9e5eba97241f530a0159effecf1b5e9320d2cc85b9a9a8811a1163c45926ab86f00a6958231094975cdd123f335e4765300cdd6f624d7d9613ff8756e2e802f1982846d718eff20c858a98acfbab1cc05d40c7c46e8342dbe78e2ccb38039b42c260ebc693bfc1be88f5146146558d473b63c6169054b43cee97a2efc754610790f690b3252bf7c4e3897696b3c084b25e01f7e823a4c0d9ad5c7394005430575d53242510c9bb9736d02ae0f5a374b361a6f1a3d9a3c2171d78df00136196f8c8aeab45cfa1e5b6460a3,gx-no-cache=1713199445999 HTTP/1.1" 200 30
190.171.141.114 - - [15/Apr/2024:13:47:38 -0300] "POST /cormun/servlet/solicitudot?gx-no-cache=1713199446021 HTTP/1.1" 200 30
190.171.141.114 - - [15/Apr/2024:13:47:38 -0300] "POST /cormun/servlet/solicitudot?gx-no-cache=1713199446050 HTTP/1.1" 200 1481
190.171.141.114 - - [15/Apr/2024:13:47:38 -0300] "POST /cormun/servlet/solicitudot?gx-no-cache=1713199446085 HTTP/1.1" 200 41
190.171.141.114 - - [15/Apr/2024:13:47:38 -0300] "GET /cormun/servlet/solicitudot?c56a3a8f9eb0c96f6231b00195d2b803e3c5610b14dfe0c799c321f75b5e7a74f58c65527acd170596ba80f328f401908627055c76024f78921f35bcd6dae84da228d170554f57a1b580bc02132f620d9581bca65e5f0a74b826ff28a7e81d95d7fc856bc9cfad2de85f96b67bfd127a,gx-no-cache=1713199446111 HTTP/1.1" 200 110
190.171.154.42 - - [15/Apr/2024:13:47:39 -0300] "POST /cormun/servlet/permisosadjuntos?eaeecaea27d34628e72ca7cf0546a236,INS,17235020,P,20240415124335,, HTTP/1.1" 200 116
190.171.154.42 - - [15/Apr/2024:13:47:39 -0300] "GET /cormun/servlet/hpexe_return? HTTP/1.1" 200 1036
190.171.154.42 - - [15/Apr/2024:13:47:39 -0300] "GET /cormun/servlet/trpermisosadjuntos?17235020,20240415124335,P, HTTP/1.1" 200 7102
190.171.154.42 - - [15/Apr/2024:13:47:42 -0300] "POST /cormun/servlet/trpermisosadjuntos?eaeecaea27d34628e72ca7cf0546a236,17235020,20240415124335,P,,gx-no-cache=1713199448162 HTTP/1.1" 200 90
190.171.154.42 - - [15/Apr/2024:13:47:42 -0300] "GET /cormun/servlet/hpexe_link HTTP/1.1" 200 1003
190.171.154.42 - - [15/Apr/2024:13:47:42 -0300] "GET /cormun/servlet/trpermisosgoce?gx-no-cache=1713199332654 HTTP/1.1" 200 10642
190.171.154.42 - - [15/Apr/2024:13:47:46 -0300] "POST /cormun/servlet/trpermisosgoce?eaeecaea27d34628e72ca7cf0546a236,gx-no-cache=1713199332654,gx-no-cache=1713199452016 HTTP/1.1" 200 7908
190.171.141.114 - - [15/Apr/2024:13:47:49 -0300] "POST /cormun/servlet/solicitudot?gx-no-cache=1713199456877 HTTP/1.1" 200 76
104.211.2.187 - - [15/Apr/2024:13:47:49 -0300] "GET /manager/html HTTP/1.1" 401 2474
190.171.154.42 - - [15/Apr/2024:13:47:51 -0300] "GET /cormun/servlet/permisogoce?INS,0,,, HTTP/1.1" 200 7180
190.171.141.114 - - [15/Apr/2024:13:48:00 -0300] "GET /cormun/servlet/solicitudot?c56a3a8f9eb0c96f6231b00195d2b8038c2a8e57b18870a79d988fd5b52d812a2a1f6944073226d065552db696b38e56,gx-no-cache=1713199468131 HTTP/1.1" 200 30
190.171.141.114 - - [15/Apr/2024:13:48:01 -0300] "POST /cormun/servlet/solicitudot?gx-no-cache=1713199468158 HTTP/1.1" 200 30
190.171.141.114 - - [15/Apr/2024:13:48:01 -0300] "POST /cormun/servlet/solicitudot?944fa9c4d677591d850a0523ef120afb,INS,0,0,false,,gx-no-cache=1713199468224 HTTP/1.1" 200 93
190.171.141.114 - - [15/Apr/2024:13:48:01 -0300] "GET /cormun/servlet/hpexe_return? HTTP/1.1" 200 1014
190.171.141.114 - - [15/Apr/2024:13:48:02 -0300] "GET /cormun/servlet/trsolicitudot HTTP/1.1" 200 9076
190.171.154.42 - - [15/Apr/2024:13:48:03 -0300] "GET /cormun/servlet/permisogoce?7905dc314ef89cb95be53ef72acc0eeb981e7e910a7a05cda200c8da84c54944f29bdc1aa9297ee165d74262c6a200c93436be9838eb8fc2b9b2e185df4b5ec5,gx-no-cache=1713199469475 HTTP/1.1" 200 82
190.171.154.42 - - [15/Apr/2024:13:48:14 -0300] "GET /cormun/servlet/permisogoce?7905dc314ef89cb95be53ef72acc0eeb88f095a7eabce82a9e741f289ca691799e888cdb719c99291200ef9a740aa7645d5bb5c1ffac7771f4e80f07077f1cd4,gx-no-cache=1713199480682 HTTP/1.1" 200 47
190.171.141.114 - - [15/Apr/2024:13:48:16 -0300] "GET /cormun/servlet/solicitudot?INS,0,0,false, HTTP/1.1" 200 15999
190.171.154.42 - - [15/Apr/2024:13:48:18 -0300] "POST /cormun/servlet/permisogoce?eaeecaea27d34628e72ca7cf0546a236,INS,0,,,,gx-no-cache=1713199484649 HTTP/1.1" 200 93
190.171.154.42 - - [15/Apr/2024:13:48:18 -0300] "GET /cormun/servlet/hpexe_return? HTTP/1.1" 200 1029
190.171.154.42 - - [15/Apr/2024:13:48:19 -0300] "GET /cormun/servlet/trpermisosgoce?gx-no-cache=1713199332654 HTTP/1.1" 200 10879
104.211.2.187 - - [15/Apr/2024:13:48:25 -0300] "GET /manager/html HTTP/1.1" 401 2474
190.171.154.42 - - [15/Apr/2024:13:48:32 -0300] "GET /cormun/servlet/trpermisosadjuntos?12690684,20240415124423,P, HTTP/1.1" 200 6606
190.171.154.42 - - [15/Apr/2024:13:48:34 -0300] "GET /cormun/servlet/permisosadjuntos?INS,12690684,P,20240415124423,, HTTP/1.1" 200 5911
190.171.154.42 - - [15/Apr/2024:13:48:34 -0300] "GET /cormun/static/about:blank HTTP/1.1" 404 1011
190.171.154.42 - - [15/Apr/2024:13:48:40 -0300] "POST /cormun/servlet/permisosadjuntos?eaeecaea27d34628e72ca7cf0546a236,INS,12690684,P,20240415124423,, HTTP/1.1" 200 116
190.171.154.42 - - [15/Apr/2024:13:48:40 -0300] "GET /cormun/servlet/hpexe_return? HTTP/1.1" 200 1037
190.171.154.42 - - [15/Apr/2024:13:48:40 -0300] "GET /cormun/servlet/trpermisosadjuntos?12690684,20240415124423,P, HTTP/1.1" 200 7106
190.171.154.42 - - [15/Apr/2024:13:48:42 -0300] "POST /cormun/servlet/trpermisosadjuntos?eaeecaea27d34628e72ca7cf0546a236,12690684,20240415124423,P,,gx-no-cache=1713199508217 HTTP/1.1" 200 90
190.171.154.42 - - [15/Apr/2024:13:48:42 -0300] "GET /cormun/servlet/hpexe_link HTTP/1.1" 200 1003
190.171.154.42 - - [15/Apr/2024:13:48:42 -0300] "GET /cormun/servlet/trpermisosgoce?gx-no-cache=1713199332654 HTTP/1.1" 200 10875
190.171.154.42 - - [15/Apr/2024:13:48:45 -0300] "POST /cormun/servlet/trpermisosgoce?eaeecaea27d34628e72ca7cf0546a236,gx-no-cache=1713199332654,gx-no-cache=1713199511284 HTTP/1.1" 200 8109
190.171.154.42 - - [15/Apr/2024:13:48:48 -0300] "GET /cormun/servlet/trautorizarpermisogoce? HTTP/1.1" 200 8677
190.171.154.42 - - [15/Apr/2024:13:48:48 -0300] "GET /cormun/static/gxcfg.js?2020121645532 HTTP/1.1" 200 953
190.171.154.42 - - [15/Apr/2024:13:48:48 -0300] "GET /cormun/static/trautorizarpermisogoce.js?2020121651492 HTTP/1.1" 200 34948
190.171.154.42 - - [15/Apr/2024:13:48:54 -0300] "POST /cormun/servlet/trautorizarpermisogoce?eaeecaea27d34628e72ca7cf0546a236,,gx-no-cache=1713199520254 HTTP/1.1" 200 5766
190.171.154.42 - - [15/Apr/2024:13:48:55 -0300] "POST /cormun/servlet/trautorizarpermisogoce?eaeecaea27d34628e72ca7cf0546a236,,gx-no-cache=1713199521049 HTTP/1.1" 200 5548
190.171.154.42 - - [15/Apr/2024:13:48:55 -0300] "POST /cormun/servlet/trautorizarpermisogoce?eaeecaea27d34628e72ca7cf0546a236,,gx-no-cache=1713199521776 HTTP/1.1" 200 5291
190.171.154.42 - - [15/Apr/2024:13:48:57 -0300] "POST /cormun/servlet/trautorizarpermisogoce?eaeecaea27d34628e72ca7cf0546a236,,gx-no-cache=1713199522811 HTTP/1.1" 200 4535
190.171.154.42 - - [15/Apr/2024:13:49:01 -0300] "GET /cormun/servlet/trlicencias? HTTP/1.1" 200 10435
104.211.2.187 - - [15/Apr/2024:13:49:01 -0300] "GET /manager/html HTTP/1.1" 401 2474
104.211.2.187 - - [15/Apr/2024:13:49:38 -0300] "GET /manager/html HTTP/1.1" 401 2474
104.211.2.187 - - [15/Apr/2024:13:50:14 -0300] "GET /manager/html HTTP/1.1" 401 2474
104.211.2.187 - - [15/Apr/2024:13:50:50 -0300] "GET /manager/html HTTP/1.1" 401 2474
104.211.2.187 - - [15/Apr/2024:13:51:25 -0300] "GET /manager/html HTTP/1.1" 401 2474
104.211.2.187 - - [15/Apr/2024:13:52:01 -0300] "GET /manager/html HTTP/1.1" 401 2474
190.171.141.114 - - [15/Apr/2024:13:52:32 -0300] "POST /cormun/servlet/solicitudot?gx-no-cache=1713199739611 HTTP/1.1" 200 4031
190.171.141.114 - - [15/Apr/2024:13:52:32 -0300] "POST /cormun/servlet/solicitudot?944fa9c4d677591d850a0523ef120afb,INS,0,0,false,,gx-no-cache=1713199739754 HTTP/1.1" 200 12609
190.171.141.114 - - [15/Apr/2024:13:52:34 -0300] "GET /cormun/servlet/solicitudot?c56a3a8f9eb0c96f6231b00195d2b8030f3e858a5fba16c7cbbf22899993ff8b44740a60c8d963e5cc954b06cb64dbd7,gx-no-cache=1713199742096 HTTP/1.1" 200 30
104.211.2.187 - - [15/Apr/2024:13:52:37 -0300] "GET /manager/html HTTP/1.1" 401 2474
104.211.2.187 - - [15/Apr/2024:13:53:12 -0300] "GET /manager/html HTTP/1.1" 401 2474
190.171.149.74 - - [15/Apr/2024:13:53:43 -0300] "POST /cormun/servlet/trlicencias?f01eb62bfcc21c693fb19d2acbe1cfc9,,gx-no-cache=1713199810416 HTTP/1.1" 440 972
190.171.149.74 - - [15/Apr/2024:13:53:45 -0300] "GET /cormun/servlet/trlicencias? HTTP/1.1" 200 6049
190.171.149.74 - - [15/Apr/2024:13:53:45 -0300] "GET /cormun/servlet/hlogin HTTP/1.1" 200 1737
104.211.2.187 - - [15/Apr/2024:13:53:48 -0300] "GET /manager/html HTTP/1.1" 401 2474
190.171.149.74 - - [15/Apr/2024:13:53:51 -0300] "POST /cormun/servlet/hlogin?507603dd9f51d0b4ff442eb2dcada7ec,gx-no-cache=1713199817807 HTTP/1.1" 200 90
190.171.149.74 - - [15/Apr/2024:13:53:51 -0300] "GET /cormun/servlet/hpexe_link HTTP/1.1" 200 957
190.171.149.74 - - [15/Apr/2024:13:53:51 -0300] "GET /cormun/servlet/trlicencias HTTP/1.1" 200 12733
190.171.141.114 - - [15/Apr/2024:13:54:23 -0300] "GET /cormun/servlet/solicitudot?c56a3a8f9eb0c96f6231b00195d2b803ee50f94721689eb92264281d9bae754d91d563ce496745188d1448afa9d5bcf46e76929d59dfc964eb740a91ff671ecf,gx-no-cache=1713199850999 HTTP/1.1" 200 30
190.171.141.114 - - [15/Apr/2024:13:54:23 -0300] "GET /cormun/servlet/solicitudot?c56a3a8f9eb0c96f6231b00195d2b80343b35313f4cb0a1eddb2c39834d8e452,gx-no-cache=1713199851058 HTTP/1.1" 200 29
104.211.2.187 - - [15/Apr/2024:13:54:24 -0300] "GET /manager/html HTTP/1.1" 401 2474
190.171.141.114 - - [15/Apr/2024:13:54:30 -0300] "POST /cormun/servlet/solicitudot?gx-no-cache=1713199857348 HTTP/1.1" 200 256
190.171.141.114 - - [15/Apr/2024:13:54:34 -0300] "GET /cormun/servlet/solicitudot?c56a3a8f9eb0c96f6231b00195d2b80387fdabaea91aeb9304b8d9d5d2f1296c3cef0da0c31f37922f501cc92614420bb619c5fb456c6030fef192c86f68ab37be290a2bfb5ad9b20eb24ce8744a218e37b81e437785666aac2b5e19d4c58e291cc0ed3f54b4cdad161a96b16b9ac99e533b4e8d80a6a340edae140351c8a0ae553e3db269eeeb5f53b4f72589739bf0533f0cdc65b891dd5837144c614107d3baf0f57ae1d7f88dc3622b8fe86914ed0c7ed09138e9e5eba97241f530a0159effecf1b5e9320d2cc85b9a9a8811a1163c45926ab86f00a6958231094975cdd123f335e4765300cdd6f624d7d9613ff8f89f27706a35144d07c98a1e63dbd1358acfbab1cc05d40c7c46e8342dbe78e2fada88c37cd7fbc3902afff79fa4f6148ece8834f4f16e3a619f11266ea03410e41cfeadfa04cb057cabc98291d57b49bb73a88144fe88facb8325e14270042e5ebecf67f060df26a9497411e10ca18d4dd5da56cd7de54d75ea9725efbe7a34f5511f464cc25bebe3090092df0d1759,gx-no-cache=1713199862148 HTTP/1.1" 200 30
190.171.141.114 - - [15/Apr/2024:13:54:41 -0300] "POST /cormun/servlet/solicitudot?gx-no-cache=1713199868748 HTTP/1.1" 200 30
190.171.141.114 - - [15/Apr/2024:13:54:44 -0300] "POST /cormun/servlet/solicitudot?gx-no-cache=1713199872034 HTTP/1.1" 200 1481
190.171.141.114 - - [15/Apr/2024:13:54:44 -0300] "POST /cormun/servlet/solicitudot?gx-no-cache=1713199872072 HTTP/1.1" 200 38
104.211.2.187 - - [15/Apr/2024:13:54:59 -0300] "GET /manager/html HTTP/1.1" 401 2474
104.211.2.187 - - [15/Apr/2024:13:55:35 -0300] "GET /manager/html HTTP/1.1" 401 2474
104.211.2.187 - - [15/Apr/2024:13:56:10 -0300] "GET /manager/html HTTP/1.1" 401 2474
190.171.153.26 - - [15/Apr/2024:13:56:24 -0300] "GET /cormun/servlet/trpermisosgoce? HTTP/1.1" 200 6027
190.171.153.26 - - [15/Apr/2024:13:56:24 -0300] "GET /cormun/servlet/hlogin HTTP/1.1" 200 1732
190.171.153.26 - - [15/Apr/2024:13:56:24 -0300] "GET /cormun/servlet/trpermisosgoce? HTTP/1.1" 200 6023
190.171.153.26 - - [15/Apr/2024:13:56:30 -0300] "POST /cormun/servlet/hlogin?16b7d7a69187c8ba9b7823b16a28ef62,gx-no-cache=1713199977686 HTTP/1.1" 200 444
190.171.153.26 - - [15/Apr/2024:13:56:34 -0300] "POST /cormun/servlet/hlogin?16b7d7a69187c8ba9b7823b16a28ef62,gx-no-cache=1713199981705 HTTP/1.1" 200 90
190.171.153.26 - - [15/Apr/2024:13:56:34 -0300] "GET /cormun/servlet/hpexe_link HTTP/1.1" 200 950
190.171.153.26 - - [15/Apr/2024:13:56:34 -0300] "GET /cormun/servlet/trpermisosgoce HTTP/1.1" 200 12521
190.171.153.26 - - [15/Apr/2024:13:56:35 -0300] "GET /cormun/servlet/trpermisosgoce HTTP/1.1" 200 12519
190.171.153.26 - - [15/Apr/2024:13:56:37 -0300] "GET /cormun/servlet/trpermisosgoce? HTTP/1.1" 200 12519
190.171.153.26 - - [15/Apr/2024:13:56:37 -0300] "GET /cormun/servlet/trpermisosgoce? HTTP/1.1" 200 12519
190.171.153.26 - - [15/Apr/2024:13:56:39 -0300] "GET /cormun/servlet/permisogoce?INS,0,,, HTTP/1.1" 200 6829
190.171.141.114 - - [15/Apr/2024:13:56:40 -0300] "GET /cormun/servlet/solicitudot?c56a3a8f9eb0c96f6231b00195d2b803e3c5610b14dfe0c799c321f75b5e7a74f58c65527acd170596ba80f328f401908627055c76024f78921f35bcd6dae84da228d170554f57a1b580bc02132f620d9581bca65e5f0a74b826ff28a7e81d95d7fc856bc9cfad2de85f96b67bfd127a,gx-no-cache=1713199987561 HTTP/1.1" 200 110
190.171.141.114 - - [15/Apr/2024:13:56:40 -0300] "POST /cormun/servlet/solicitudot?gx-no-cache=1713199987634 HTTP/1.1" 200 72
190.171.153.26 - - [15/Apr/2024:13:56:40 -0300] "GET /cormun/servlet/permisogoce?INS,0,,, HTTP/1.1" 200 6829
104.211.2.187 - - [15/Apr/2024:13:56:46 -0300] "GET /manager/html HTTP/1.1" 401 2474
190.171.153.26 - - [15/Apr/2024:13:56:49 -0300] "GET /cormun/servlet/permisogoce?3804cbc45bb5b94d171983b72251decf407052800f861d010ab28936b8de4f154bbdf68e83e9680bd16073c21ad18cfe65af159483f84ad0ce55b74cf8eb448a,gx-no-cache=1713199996627 HTTP/1.1" 200 84
190.171.141.114 - - [15/Apr/2024:13:56:49 -0300] "GET /cormun/servlet/solicitudot?c56a3a8f9eb0c96f6231b00195d2b8036eaaf8ff3703f4795d854e63678aa2ec589db6456619cc6215fd13bbb2aa9bb3611be3c6d1ec04552c9e206b26c4c4450b1d7e43dbc4c0e6f437249326cb6853c66500569c1536c76467ab552a67a47e7a60fd8c8fbe0aab5e704e562a496777,gx-no-cache=1713199996788 HTTP/1.1" 200 29
190.171.141.114 - - [15/Apr/2024:13:56:49 -0300] "GET /cormun/static/menuarrow.gif HTTP/1.1" 404 1015
190.171.153.26 - - [15/Apr/2024:13:56:51 -0300] "GET /cormun/static/menuarrow.gif HTTP/1.1" 404 1015
190.171.153.26 - - [15/Apr/2024:13:56:54 -0300] "GET /cormun/servlet/permisogoce?3804cbc45bb5b94d171983b72251decf75ae2b0fcffff97fc67f2a7cb1974d7b22f5805be07f548eaec89b8584d83d4a77baa30ffd18b447d594e297c9f56f5a,gx-no-cache=1713200001862 HTTP/1.1" 200 48
190.171.153.26 - - [15/Apr/2024:13:56:57 -0300] "POST /cormun/servlet/permisogoce?16b7d7a69187c8ba9b7823b16a28ef62,INS,0,,,,gx-no-cache=1713200003733 HTTP/1.1" 200 93
190.171.153.26 - - [15/Apr/2024:13:56:57 -0300] "GET /cormun/servlet/hpexe_return? HTTP/1.1" 200 1003
190.171.141.114 - - [15/Apr/2024:13:56:57 -0300] "GET /cormun/servlet/solicitudot?c56a3a8f9eb0c96f6231b00195d2b8038c2a8e57b18870a79d988fd5b52d812a2a1f6944073226d065552db696b38e56,gx-no-cache=1713200004619 HTTP/1.1" 200 30
190.171.153.26 - - [15/Apr/2024:13:56:57 -0300] "GET /cormun/servlet/trpermisosgoce HTTP/1.1" 200 12756
190.171.153.26 - - [15/Apr/2024:13:56:58 -0300] "GET /cormun/servlet/trpermisosgoce HTTP/1.1" 200 12750
190.171.153.26 - - [15/Apr/2024:13:57:06 -0300] "GET /cormun/servlet/apermisogoceprn?18955083,P,20240415125311,PU HTTP/1.1" 200 1662
190.171.141.114 - - [15/Apr/2024:13:57:12 -0300] "POST /cormun/servlet/solicitudot?gx-no-cache=1713200019738 HTTP/1.1" 200 30
104.211.2.187 - - [15/Apr/2024:13:57:23 -0300] "GET /manager/html HTTP/1.1" 401 2474
104.211.2.187 - - [15/Apr/2024:13:57:59 -0300] "GET /manager/html HTTP/1.1" 401 2474
104.211.2.187 - - [15/Apr/2024:13:58:35 -0300] "GET /manager/html HTTP/1.1" 401 2474
104.211.2.187 - - [15/Apr/2024:13:59:11 -0300] "GET /manager/html HTTP/1.1" 401 2474
200.54.100.179 - - [15/Apr/2024:13:59:25 -0300] "GET /cormun/servlet/trlicencias? HTTP/1.1" 200 6039
200.54.100.179 - - [15/Apr/2024:13:59:26 -0300] "GET /cormun/servlet/hlogin HTTP/1.1" 200 1729
200.54.100.179 - - [15/Apr/2024:13:59:26 -0300] "GET /cormun/static/gxcfg.js?2022112219184450 HTTP/1.1" 200 953
200.54.100.179 - - [15/Apr/2024:13:59:26 -0300] "GET /cormun/static/hlogin.js?2022112219184458 HTTP/1.1" 200 2156
200.54.100.179 - - [15/Apr/2024:13:59:26 -0300] "GET /cormun/static/Resources/CormunLogin.png HTTP/1.1" 200 19132
200.54.100.179 - - [15/Apr/2024:13:59:26 -0300] "GET /cormun/static/Resources/Spanish/PXTools.css?1759030 HTTP/1.1" 200 100853
200.54.100.179 - - [15/Apr/2024:13:59:26 -0300] "GET /cormun/static/Resources/PXToolsLoginBackground.png HTTP/1.1" 200 1164
200.54.100.179 - - [15/Apr/2024:13:59:26 -0300] "GET /cormun/static/Resources/PXToolsLoginBottom.png HTTP/1.1" 200 1389
200.54.100.179 - - [15/Apr/2024:13:59:26 -0300] "GET /cormun/static/Resources/PXToolsLoginTop.png HTTP/1.1" 200 1337
200.54.100.179 - - [15/Apr/2024:13:59:26 -0300] "GET /favicon.ico HTTP/1.1" 200 21630
200.54.100.179 - - [15/Apr/2024:13:59:29 -0300] "POST /cormun/servlet/hlogin?0b08cf5a57abdd22747b806f1587f5e6,gx-no-cache=1713200152246 HTTP/1.1" 200 90
200.54.100.179 - - [15/Apr/2024:13:59:29 -0300] "GET /cormun/servlet/hpexe_link HTTP/1.1" 200 948
200.54.100.179 - - [15/Apr/2024:13:59:29 -0300] "GET /cormun/static/hpexe_link.js?20221129847423 HTTP/1.1" 200 625
200.54.100.179 - - [15/Apr/2024:13:59:29 -0300] "GET /cormun/static/gxcfg.js?20221129847421 HTTP/1.1" 200 953
200.54.100.179 - - [15/Apr/2024:13:59:30 -0300] "GET /cormun/servlet/trlicencias HTTP/1.1" 200 9105
104.211.2.187 - - [15/Apr/2024:13:59:46 -0300] "GET /manager/html HTTP/1.1" 401 2474
104.211.2.187 - - [15/Apr/2024:14:00:21 -0300] "GET /manager/html HTTP/1.1" 401 2474
104.211.2.187 - - [15/Apr/2024:14:00:58 -0300] "GET /manager/html HTTP/1.1" 401 2474
104.211.2.187 - - [15/Apr/2024:14:01:35 -0300] "GET /manager/html HTTP/1.1" 401 2474
190.171.149.74 - - [15/Apr/2024:14:01:49 -0300] "GET /cormun/servlet/trpermisosgoce? HTTP/1.1" 200 15920
190.171.149.74 - - [15/Apr/2024:14:02:04 -0300] "GET /cormun/servlet/apermisogoceprn?19589572,P,20240408101209,PU HTTP/1.1" 200 1653
104.211.2.187 - - [15/Apr/2024:14:02:10 -0300] "GET /manager/html HTTP/1.1" 401 2474
104.211.2.187 - - [15/Apr/2024:14:02:46 -0300] "GET /manager/html HTTP/1.1" 401 2474
104.211.2.187 - - [15/Apr/2024:14:03:22 -0300] "GET /manager/html HTTP/1.1" 401 2474
190.171.141.114 - - [15/Apr/2024:14:03:28 -0300] "POST /cormun/servlet/solicitudot?944fa9c4d677591d850a0523ef120afb,INS,0,0,false,,gx-no-cache=1713200395007 HTTP/1.1" 200 93
190.171.141.114 - - [15/Apr/2024:14:03:28 -0300] "GET /cormun/servlet/hpexe_return? HTTP/1.1" 200 1014
190.171.141.114 - - [15/Apr/2024:14:03:28 -0300] "GET /cormun/servlet/trsolicitudot HTTP/1.1" 200 9511
104.211.2.187 - - [15/Apr/2024:14:03:59 -0300] "GET /manager/html HTTP/1.1" 401 2474
68.183.81.241 - - [15/Apr/2024:14:04:26 -0300] "POST /wp-login.php HTTP/1.1" 404 985
68.183.81.241 - - [15/Apr/2024:14:04:27 -0300] "POST /wordpress/wp-login.php HTTP/1.1" 404 1005
104.211.2.187 - - [15/Apr/2024:14:04:36 -0300] "GET /manager/html HTTP/1.1" 401 2474
104.211.2.187 - - [15/Apr/2024:14:05:13 -0300] "GET /manager/html HTTP/1.1" 401 2474
186.189.101.171 - - [15/Apr/2024:14:05:29 -0300] "WSi¸°½Äð9ˆ¨ÃµÁÂË dGð%x‡èzúþÏ'e Í£lX2H‹ö]å¿[¡=w'*c+4 % s4wí7¡ ªªÀ+À/À,À0̨̩ÀÀœ/5êÚÚ#+ÚÚ þ ð =TÔ¾‹ÁóvHÇ̅u–Gq¯óÒPº– È9ðÌ*3}¯‰•)œ€à~Ztƒ(…˜×A¼nJ<ù;ӔorEÌم" 400 -
186.189.101.171 - - [15/Apr/2024:14:05:29 -0300] "WSô•º.¥2aµIØvâÐp» Q؂C­[vÏW€"¦iµC% á‡WS=¯ ¤âójÁ)—§ ?JË~ö00 ::À+À/À,À0̨̩ÀÀœ/5êzz+::þ « ¼4ñfÙD|ô PZ“P.$ª´ùØÒ}ÝD))mmðï a¬ðl¤hP\}Ü!{-Í, `‹æT0$èë\ыÉgN‡)t±Dûb­ ò–Ó~z!qK‘Iœ¬Ûl2ÿ¶+kq]ÁÓcœ —ÿ*ì}LúlÀU‰lŸÍAbAö@j cxq+&§Vk¦,œRó¹ MzÎ(Ö¼Ç]c›6à £8³Ø(¬pŽ8ê…‡òD4`E ôé±hH´Þ"—"á>>š³á1­ù¼‡yþ«ÞDP2üš–tW¨;/ bÊ OÒhéǯ7p¡ÓÃLõûËÕ_֍i ºlì$r.d O¢n¨ÕÀÅDih2servicioos.cormun.cl" 505 -
186.189.101.171 - - [15/Apr/2024:14:05:29 -0300] "GET /cormun/servlet/hlogin HTTP/1.1" 200 1725
186.189.101.171 - - [15/Apr/2024:14:05:29 -0300] "GET /cormun/static/gxcfg.js?2022112219184450 HTTP/1.1" 200 953
186.189.101.171 - - [15/Apr/2024:14:05:29 -0300] "GET /cormun/static/gxtimezone.js?85251 HTTP/1.1" 200 5781
186.189.101.171 - - [15/Apr/2024:14:05:29 -0300] "GET /cormun/static/Resources/CormunLogin.png HTTP/1.1" 200 19132
186.189.101.171 - - [15/Apr/2024:14:05:29 -0300] "GET /cormun/static/messages.spa.js?85251 HTTP/1.1" 200 30736
186.189.101.171 - - [15/Apr/2024:14:05:29 -0300] "GET /cormun/static/hlogin.js?2022112219184458 HTTP/1.1" 200 2156
186.189.101.171 - - [15/Apr/2024:14:05:29 -0300] "GET /cormun/static/Resources/Spanish/PXTools.css?1759030 HTTP/1.1" 200 100853
186.189.101.171 - - [15/Apr/2024:14:05:29 -0300] "GET /cormun/static/gxgral.js?85251 HTTP/1.1" 200 384558
186.189.101.171 - - [15/Apr/2024:14:05:29 -0300] "GET /cormun/static/Resources/PXToolsLoginTop.png HTTP/1.1" 200 1337
186.189.101.171 - - [15/Apr/2024:14:05:29 -0300] "GET /cormun/static/Resources/PXToolsButtonRight.png HTTP/1.1" 200 1294
186.189.101.171 - - [15/Apr/2024:14:05:29 -0300] "GET /cormun/static/Resources/PXToolsButtonLeft.png HTTP/1.1" 200 1310
186.189.101.171 - - [15/Apr/2024:14:05:29 -0300] "GET /cormun/static/Resources/PXToolsButtonBackground.png HTTP/1.1" 200 1176
186.189.101.171 - - [15/Apr/2024:14:05:29 -0300] "GET /cormun/static/Resources/PXToolsLoginBackground.png HTTP/1.1" 200 1164
186.189.101.171 - - [15/Apr/2024:14:05:29 -0300] "GET /cormun/static/Resources/PXToolsLoginBottom.png HTTP/1.1" 200 1389
186.189.101.171 - - [15/Apr/2024:14:05:29 -0300] "GET /cormun/static/Resources/indicator.gif HTTP/1.1" 200 1553
186.189.101.171 - - [15/Apr/2024:14:05:29 -0300] "GET /cormun/servlet/hlogin HTTP/1.1" 200 1735
186.189.101.171 - - [15/Apr/2024:14:05:29 -0300] "GET /favicon.ico HTTP/1.1" 200 21630
104.211.2.187 - - [15/Apr/2024:14:05:48 -0300] "GET /manager/html HTTP/1.1" 401 2474
104.211.2.187 - - [15/Apr/2024:14:06:23 -0300] "GET /manager/html HTTP/1.1" 401 2474
104.211.2.187 - - [15/Apr/2024:14:06:59 -0300] "GET /manager/html HTTP/1.1" 401 2474
104.211.2.187 - - [15/Apr/2024:14:07:35 -0300] "GET /manager/html HTTP/1.1" 401 2474
190.171.141.106 - - [15/Apr/2024:14:07:41 -0300] "GET /cormun/servlet/hlogin HTTP/1.1" 200 1722
190.171.141.106 - - [15/Apr/2024:14:07:41 -0300] "GET /cormun/servlet/hlogin HTTP/1.1" 200 1732
190.171.141.106 - - [15/Apr/2024:14:07:59 -0300] "POST /cormun/servlet/hlogin?ba9bd7433fbd4c1e1206f5adcc1bd654,gx-no-cache=1713200669946 HTTP/1.1" 200 90
190.171.141.106 - - [15/Apr/2024:14:07:59 -0300] "GET /cormun/servlet/hpexe_link HTTP/1.1" 200 953
190.171.141.106 - - [15/Apr/2024:14:07:59 -0300] "GET /cormun/servlet/hhome HTTP/1.1" 200 4272
104.211.2.187 - - [15/Apr/2024:14:08:11 -0300] "GET /manager/html HTTP/1.1" 401 2474
190.171.141.106 - - [15/Apr/2024:14:08:13 -0300] "GET /cormun/servlet/trlicencias? HTTP/1.1" 200 12885
104.211.2.187 - - [15/Apr/2024:14:08:48 -0300] "GET /manager/html HTTP/1.1" 401 2474
104.211.2.187 - - [15/Apr/2024:14:09:25 -0300] "GET /manager/html HTTP/1.1" 401 2474
190.171.134.178 - - [15/Apr/2024:14:09:43 -0300] "GET /cormun/servlet/hlogin HTTP/1.1" 200 1717
190.171.134.178 - - [15/Apr/2024:14:09:56 -0300] "POST /cormun/servlet/hlogin?43d7e2c3fcda3c286e992d10bc3c2bfb,gx-no-cache=1713200784161 HTTP/1.1" 200 90
190.171.134.178 - - [15/Apr/2024:14:09:56 -0300] "GET /cormun/servlet/hpexe_link HTTP/1.1" 200 947
190.171.134.178 - - [15/Apr/2024:14:09:57 -0300] "GET /cormun/servlet/hhome HTTP/1.1" 200 3934
190.171.134.178 - - [15/Apr/2024:14:09:57 -0300] "GET /cormun/servlet/hhome HTTP/1.1" 200 3930
104.211.2.187 - - [15/Apr/2024:14:10:01 -0300] "GET /manager/html HTTP/1.1" 401 2474
190.171.134.178 - - [15/Apr/2024:14:10:04 -0300] "GET /cormun/servlet/trlicencias? HTTP/1.1" 200 9911
190.171.134.178 - - [15/Apr/2024:14:10:04 -0300] "GET /cormun/servlet/trlicencias? HTTP/1.1" 200 9908
104.211.2.187 - - [15/Apr/2024:14:10:38 -0300] "GET /manager/html HTTP/1.1" 401 2474
104.211.2.187 - - [15/Apr/2024:14:11:15 -0300] "GET /manager/html HTTP/1.1" 401 2474
104.211.2.187 - - [15/Apr/2024:14:11:51 -0300] "GET /manager/html HTTP/1.1" 401 2474
104.211.2.187 - - [15/Apr/2024:14:12:26 -0300] "GET /manager/html HTTP/1.1" 401 2474
190.171.141.114 - - [15/Apr/2024:14:12:57 -0300] "GET /cormun/servlet/solicitudot?INS,0,0,false, HTTP/1.1" 200 16000
104.211.2.187 - - [15/Apr/2024:14:13:01 -0300] "GET /manager/html HTTP/1.1" 401 2474
104.211.2.187 - - [15/Apr/2024:14:13:37 -0300] "GET /manager/html HTTP/1.1" 401 2474
104.211.2.187 - - [15/Apr/2024:14:14:12 -0300] "GET /manager/html HTTP/1.1" 401 2474
104.211.2.187 - - [15/Apr/2024:14:14:47 -0300] "GET /manager/html HTTP/1.1" 401 2474
104.211.2.187 - - [15/Apr/2024:14:15:23 -0300] "GET /manager/html HTTP/1.1" 401 2474
104.211.2.187 - - [15/Apr/2024:14:15:58 -0300] "GET /manager/html HTTP/1.1" 401 2474
190.171.153.50 - - [15/Apr/2024:14:16:13 -0300] "GET /cormun/servlet/hlogin HTTP/1.1" 200 1720
190.171.153.50 - - [15/Apr/2024:14:16:13 -0300] "GET /favicon.ico HTTP/1.1" 200 21630
190.171.153.50 - - [15/Apr/2024:14:16:16 -0300] "POST /cormun/servlet/hlogin?20116383384e27439c2459da1bf0ba2b,gx-no-cache=1713201180250 HTTP/1.1" 200 90
190.171.153.50 - - [15/Apr/2024:14:16:16 -0300] "GET /cormun/servlet/hpexe_link HTTP/1.1" 200 951
190.171.153.50 - - [15/Apr/2024:14:16:16 -0300] "GET /cormun/servlet/hhome HTTP/1.1" 200 4279
190.171.153.50 - - [15/Apr/2024:14:16:22 -0300] "GET /cormun/servlet/trautorizarsolicitud? HTTP/1.1" 200 8770
190.171.153.50 - - [15/Apr/2024:14:16:22 -0300] "GET /cormun/static/gxcfg.js?202211298474254 HTTP/1.1" 200 953
190.171.153.50 - - [15/Apr/2024:14:16:22 -0300] "GET /cormun/static/trautorizarsolicitud.js?202211298474588 HTTP/1.1" 200 53909
190.171.153.50 - - [15/Apr/2024:14:16:23 -0300] "GET /cormun//static/Resources/PXToolsActionView.png HTTP/1.1" 200 398
190.171.153.50 - - [15/Apr/2024:14:16:23 -0300] "GET /cormun//static/Resources/PXToolsRemoveAllAction.png HTTP/1.1" 200 487
190.171.153.50 - - [15/Apr/2024:14:16:23 -0300] "GET /cormun//static/Resources/PXToolsGridDelete.png HTTP/1.1" 200 538
190.171.153.50 - - [15/Apr/2024:14:16:23 -0300] "GET /cormun//static/Resources/PXToolsGridUpdate.png HTTP/1.1" 200 470
190.171.153.50 - - [15/Apr/2024:14:16:27 -0300] "POST /cormun/servlet/trautorizarsolicitud?20116383384e27439c2459da1bf0ba2b,,gx-no-cache=1713201190542 HTTP/1.1" 200 4771
