192.168.10.96 - - [12/Apr/2024:10:10:28 -0300] "GET /cormun/static/Resources/Spanish/PXTools.css?2294816 HTTP/1.1" 200 100853
192.168.10.96 - - [12/Apr/2024:10:10:29 -0300] "GET /cormun/static/gxdec.js?85251 HTTP/1.1" 200 19579
192.168.10.96 - - [12/Apr/2024:10:10:29 -0300] "GET /cormun/static/calendar.js?85251 HTTP/1.1" 200 26246
192.168.10.96 - - [12/Apr/2024:10:10:29 -0300] "GET /cormun/static/trsolicitudgral.js?20191021621224 HTTP/1.1" 200 55166
192.168.10.96 - - [12/Apr/2024:10:10:29 -0300] "GET /cormun/static/Shared/ext/resources/css/ext-all.css?205870 HTTP/1.1" 200 416045
192.168.10.96 - - [12/Apr/2024:10:10:29 -0300] "GET /cormun/static/Resources/PXToolsDataSearch.png HTTP/1.1" 200 435
192.168.10.96 - - [12/Apr/2024:10:10:29 -0300] "GET /cormun/static/Resources/PXToolsGridFirstDisabled.gif HTTP/1.1" 200 100
192.168.10.96 - - [12/Apr/2024:10:10:29 -0300] "GET /cormun/static/Resources/PXToolsGridPreviousDisabled.gif HTTP/1.1" 200 90
192.168.10.96 - - [12/Apr/2024:10:10:29 -0300] "GET /cormun/static/Resources/PXToolsGridNextDisabled.gif HTTP/1.1" 200 90
192.168.10.96 - - [12/Apr/2024:10:10:29 -0300] "GET /cormun/static/Resources/PXToolsActionExcel.png HTTP/1.1" 200 727
192.168.10.96 - - [12/Apr/2024:10:10:29 -0300] "GET /cormun/static/Resources/PXToolsAddAllStandardAction.png HTTP/1.1" 200 628
192.168.10.96 - - [12/Apr/2024:10:10:29 -0300] "GET /cormun/static/Resources/PXToolsGridPage.gif HTTP/1.1" 200 725
192.168.10.96 - - [12/Apr/2024:10:10:29 -0300] "GET /cormun/static/Resources/PXToolsGridLastDisabled.gif HTTP/1.1" 200 98
192.168.10.96 - - [12/Apr/2024:10:10:29 -0300] "GET /cormun/static/Resources/PXToolsRemoveAllStandardAction.png HTTP/1.1" 200 495
192.168.10.96 - - [12/Apr/2024:10:10:29 -0300] "GET /cormun//static/Resources/PXToolsGridDelete.png HTTP/1.1" 200 538
192.168.10.96 - - [12/Apr/2024:10:10:29 -0300] "GET /cormun//static/Resources/PXToolsGridUpdate.png HTTP/1.1" 200 470
192.168.10.96 - - [12/Apr/2024:10:10:29 -0300] "GET /cormun/static/Resources/desc.gif HTTP/1.1" 200 65
192.168.10.96 - - [12/Apr/2024:10:10:29 -0300] "GET /cormun/static/Resources/asc.gif HTTP/1.1" 200 67
192.168.10.96 - - [12/Apr/2024:10:10:29 -0300] "GET /cormun/static/Shared/ext/resources/themes/images/default/tools/tool-sprites.gif HTTP/1.1" 200 5434
192.168.10.96 - - [12/Apr/2024:10:10:29 -0300] "GET /cormun/static/Shared/ext/resources/themes/images/default/panel/bg-headersPanel.png HTTP/1.1" 200 255
192.168.10.96 - - [12/Apr/2024:10:10:37 -0300] "POST /cormun/servlet/trsolicitudgral?1a7005261762ca1630807c041c802c70,,gx-no-cache=1712927235240 HTTP/1.1" 200 6679
192.168.10.96 - - [12/Apr/2024:10:10:41 -0300] "POST /cormun/servlet/trsolicitudgral?1a7005261762ca1630807c041c802c70,,gx-no-cache=1712927239556 HTTP/1.1" 200 9638
192.168.10.96 - - [12/Apr/2024:10:10:43 -0300] "GET /cormun/servlet/vesolicitudgral?2024,21178,, HTTP/1.1" 200 8397
192.168.10.96 - - [12/Apr/2024:10:10:43 -0300] "GET /cormun/static/Resources/PXToolsTabFirstSelected.png HTTP/1.1" 200 1270
192.168.10.96 - - [12/Apr/2024:10:10:43 -0300] "GET /cormun/pexe_scrolldiv.js HTTP/1.1" 404 1009
192.168.10.96 - - [12/Apr/2024:10:10:43 -0300] "GET /cormun/static/gxcfg.js?20201215594983 HTTP/1.1" 200 953
192.168.10.96 - - [12/Apr/2024:10:10:43 -0300] "GET /cormun/static/hwcviewtabs.js?201991422154026 HTTP/1.1" 200 1074
192.168.10.96 - - [12/Apr/2024:10:10:43 -0300] "GET /cormun/static/vesolicitudgral.js?20201215595069 HTTP/1.1" 200 6721
192.168.10.96 - - [12/Apr/2024:10:10:43 -0300] "GET /cormun/static/tbsolicitudgral01.js?20199142226376 HTTP/1.1" 200 31320
192.168.10.96 - - [12/Apr/2024:10:10:43 -0300] "GET /cormun/static/Resources/PXToolsTabLastUnselected.png HTTP/1.1" 200 1297
192.168.10.96 - - [12/Apr/2024:10:10:43 -0300] "GET /cormun/static/Resources/PXToolsTabPrevious.gif HTTP/1.1" 200 172
192.168.10.96 - - [12/Apr/2024:10:10:43 -0300] "GET /cormun/static/hpexe_tabsview.js?2020121447381 HTTP/1.1" 200 1661
192.168.10.96 - - [12/Apr/2024:10:10:43 -0300] "GET /cormun/static/Resources/PXToolsTabNext.gif HTTP/1.1" 200 168
192.168.10.96 - - [12/Apr/2024:10:10:43 -0300] "GET /cormun/static/calendar-system.css HTTP/1.1" 200 5572
192.168.10.96 - - [12/Apr/2024:10:10:43 -0300] "GET /cormun/static/Resources/PXToolsTabBackSelected.png HTTP/1.1" 200 1157
192.168.10.96 - - [12/Apr/2024:10:10:43 -0300] "GET /cormun/static/Resources/PXToolsTabBackUnselected.png HTTP/1.1" 200 1175
192.168.10.96 - - [12/Apr/2024:10:10:44 -0300] "GET /cormun/static/Resources/PXToolsTabUnselectedUnselected.png HTTP/1.1" 200 1470
192.168.10.96 - - [12/Apr/2024:10:10:44 -0300] "GET /cormun/static/Resources/PXToolsTabSelectedUnselected.png HTTP/1.1" 200 1451
192.168.10.96 - - [12/Apr/2024:10:10:45 -0300] "GET /cormun/servlet/vesolicitudgral?2024,21178,,SolicitudOTLog HTTP/1.1" 200 10110
192.168.10.96 - - [12/Apr/2024:10:10:45 -0300] "GET /cormun/static/Resources/PXToolsTabLastSelected.png HTTP/1.1" 200 1274
192.168.10.96 - - [12/Apr/2024:10:10:45 -0300] "GET /cormun/static/tbsolicitudgral03.js?202211298372893 HTTP/1.1" 200 13342
192.168.10.96 - - [12/Apr/2024:10:10:45 -0300] "GET /cormun/pexe_scrolldiv.js HTTP/1.1" 404 1009
192.168.10.96 - - [12/Apr/2024:10:10:45 -0300] "GET /cormun/static/gxui/gxui-all.css HTTP/1.1" 200 2179
192.168.10.96 - - [12/Apr/2024:10:10:45 -0300] "GET /cormun/static/Resources/PXToolsTabFirstUnselected.png HTTP/1.1" 200 1278
192.168.10.96 - - [12/Apr/2024:10:10:45 -0300] "GET /cormun/static/Resources/PXToolsTabUnselectedSelected.png HTTP/1.1" 200 1458
192.168.10.96 - - [12/Apr/2024:10:10:45 -0300] "GET /cormun/static/Shared/ext/resources/css/ext-all.css HTTP/1.1" 200 416045
192.168.10.96 - - [12/Apr/2024:10:10:46 -0300] "POST /cormun/servlet/acontrolpreferencessavestate?None,RRHH+DANIELA,true HTTP/1.1" 200 35
192.168.10.96 - - [12/Apr/2024:10:10:47 -0300] "GET /cormun/servlet/vesolicitudgral?2024,21178,,General HTTP/1.1" 200 8399
192.168.10.96 - - [12/Apr/2024:10:10:47 -0300] "GET /cormun/pexe_scrolldiv.js HTTP/1.1" 404 1009
209.141.55.133 - tomcat [12/Apr/2024:10:16:25 -0300] "GET /manager/html HTTP/1.1" 403 3196
190.171.149.90 - - [12/Apr/2024:10:20:45 -0300] "GET /cormun/servlet/hlogin HTTP/1.1" 200 1720
190.171.149.90 - - [12/Apr/2024:10:20:45 -0300] "GET /cormun/servlet/hlogin HTTP/1.1" 200 1730
190.208.14.8 - - [12/Apr/2024:10:20:56 -0300] "GET /cormun/servlet/hlogin HTTP/1.1" 200 1718
190.208.14.8 - - [12/Apr/2024:10:20:57 -0300] "GET /cormun/static/gxtimezone.js?85251 HTTP/1.1" 200 5781
190.208.14.8 - - [12/Apr/2024:10:20:57 -0300] "GET /cormun/static/gxcfg.js?2022112219184450 HTTP/1.1" 200 953
190.208.14.8 - - [12/Apr/2024:10:20:58 -0300] "GET /cormun/static/Resources/Spanish/PXTools.css?1759030 HTTP/1.1" 200 100853
190.208.14.8 - - [12/Apr/2024:10:20:58 -0300] "GET /cormun/static/gxgral.js?85251 HTTP/1.1" 200 384558
190.208.14.8 - - [12/Apr/2024:10:20:59 -0300] "GET /cormun/static/messages.spa.js?85251 HTTP/1.1" 200 30736
190.208.14.8 - - [12/Apr/2024:10:20:59 -0300] "GET /cormun/static/hlogin.js?2022112219184458 HTTP/1.1" 200 2156
190.208.14.8 - - [12/Apr/2024:10:21:00 -0300] "GET /cormun/static/Resources/CormunLogin.png HTTP/1.1" 200 19132
190.208.14.8 - - [12/Apr/2024:10:21:00 -0300] "GET /cormun/static/Resources/PXToolsButtonRight.png HTTP/1.1" 200 1294
190.208.14.8 - - [12/Apr/2024:10:21:00 -0300] "GET /cormun/static/Resources/PXToolsLoginBackground.png HTTP/1.1" 200 1164
190.208.14.8 - - [12/Apr/2024:10:21:00 -0300] "GET /cormun/static/Resources/PXToolsLoginBottom.png HTTP/1.1" 200 1389
190.208.14.8 - - [12/Apr/2024:10:21:00 -0300] "GET /cormun/static/Resources/PXToolsButtonLeft.png HTTP/1.1" 200 1310
190.208.14.8 - - [12/Apr/2024:10:21:00 -0300] "GET /cormun/static/Resources/PXToolsButtonBackground.png HTTP/1.1" 200 1176
190.208.14.8 - - [12/Apr/2024:10:21:01 -0300] "GET /cormun/static/Resources/PXToolsLoginTop.png HTTP/1.1" 200 1337
190.208.14.8 - - [12/Apr/2024:10:21:01 -0300] "GET /cormun/servlet/hlogin HTTP/1.1" 200 1728
190.208.14.8 - - [12/Apr/2024:10:21:01 -0300] "GET /cormun/static/Resources/indicator.gif HTTP/1.1" 200 1553
190.208.14.8 - - [12/Apr/2024:10:21:02 -0300] "GET /cormun/static/Resources/indicator.gif HTTP/1.1" 200 1553
190.171.149.90 - - [12/Apr/2024:10:21:38 -0300] "POST /cormun/servlet/hlogin?1f770dae46e23da5c7020549a98faf45,gx-no-cache=1712927890647 HTTP/1.1" 200 443
190.171.149.90 - - [12/Apr/2024:10:21:43 -0300] "POST /cormun/servlet/hlogin?1f770dae46e23da5c7020549a98faf45,gx-no-cache=1712927895668 HTTP/1.1" 200 90
190.171.149.90 - - [12/Apr/2024:10:21:43 -0300] "GET /cormun/servlet/hpexe_link HTTP/1.1" 200 951
190.171.149.90 - - [12/Apr/2024:10:21:43 -0300] "GET /cormun/servlet/hhome HTTP/1.1" 200 3836
190.171.149.90 - - [12/Apr/2024:10:21:45 -0300] "GET /cormun/servlet/trsolicitudot? HTTP/1.1" 200 7035
190.171.149.90 - - [12/Apr/2024:10:21:46 -0300] "GET /cormun/static/gxcfg.js?20221129846531 HTTP/1.1" 200 953
190.171.149.90 - - [12/Apr/2024:10:21:46 -0300] "GET /cormun/static/trsolicitudot.js?202211298465651 HTTP/1.1" 200 54040
190.171.149.90 - - [12/Apr/2024:10:21:49 -0300] "GET /cormun/servlet/solicitudot?INS,0,0,false, HTTP/1.1" 200 15831
190.171.149.90 - - [12/Apr/2024:10:21:49 -0300] "GET /cormun/static/gxcfg.js?20221129840861 HTTP/1.1" 200 953
190.171.149.90 - - [12/Apr/2024:10:21:49 -0300] "GET /cormun/static/solicitudot.js?20221129840983 HTTP/1.1" 200 74072
190.171.149.90 - - [12/Apr/2024:10:22:06 -0300] "POST /cormun/servlet/solicitudot?gx-no-cache=1712927918741 HTTP/1.1" 200 4031
190.171.149.90 - - [12/Apr/2024:10:22:06 -0300] "POST /cormun/servlet/solicitudot?1f770dae46e23da5c7020549a98faf45,INS,0,0,false,,gx-no-cache=1712927918897 HTTP/1.1" 200 12607
190.171.149.90 - - [12/Apr/2024:10:22:09 -0300] "GET /cormun/servlet/solicitudot?f4b5e4e1a8179cb7fe23d138d8576d371edbf1e56bd14a858ab0cd2d420e15b0629e4ec95e732d5a9ae84aac7b1c038b,gx-no-cache=1712927921751 HTTP/1.1" 200 30
190.171.149.90 - - [12/Apr/2024:10:24:28 -0300] "GET /cormun/static/Resources/resize.gif HTTP/1.1" 200 77
190.171.149.90 - - [12/Apr/2024:10:24:28 -0300] "GET /cormun/static/Resources/PXTools/ClosePrompt.png HTTP/1.1" 200 1036
190.171.149.90 - - [12/Apr/2024:10:24:28 -0300] "GET /cormun/servlet/prbanco?,MD,,gxPopupLevel%3D0%3B HTTP/1.1" 200 6428
190.171.149.90 - - [12/Apr/2024:10:24:28 -0300] "GET /cormun/static/gxcfg.js?20201216131581 HTTP/1.1" 200 953
190.171.149.90 - - [12/Apr/2024:10:24:28 -0300] "GET /cormun/static/Resources/PXToolsMenuSearch.png HTTP/1.1" 200 336
190.171.149.90 - - [12/Apr/2024:10:24:28 -0300] "GET /cormun/static/prbanco.js?20201216132311 HTTP/1.1" 200 10693
190.171.149.90 - - [12/Apr/2024:10:24:28 -0300] "GET /cormun/static/menusearch.js?20201214473581 HTTP/1.1" 200 1424
190.171.149.90 - - [12/Apr/2024:10:24:28 -0300] "GET /cormun/static/Resources/PXToolsMenuSearchCancel.png HTTP/1.1" 200 306
190.171.149.90 - - [12/Apr/2024:10:24:28 -0300] "GET /cormun/static/hmpwkw011.js?202211298443482 HTTP/1.1" 200 1968
190.171.149.90 - - [12/Apr/2024:10:24:33 -0300] "GET /cormun/servlet/solicitudot?f4b5e4e1a8179cb7fe23d138d8576d37e3155083db76e36159e15c2cbbe76993b77410836ef1b70c82f28e88ad5903231ab88843cecae075f782202c9557000e,gx-no-cache=1712928066469 HTTP/1.1" 200 30
190.171.149.90 - - [12/Apr/2024:10:24:34 -0300] "GET /cormun/servlet/solicitudot?f4b5e4e1a8179cb7fe23d138d8576d37480420fbc4ee262ff63e14f1df91e4ef,gx-no-cache=1712928067425 HTTP/1.1" 200 53
190.171.149.90 - - [12/Apr/2024:10:24:51 -0300] "POST /cormun/servlet/solicitudot?gx-no-cache=1712928084152 HTTP/1.1" 200 297
190.171.149.90 - - [12/Apr/2024:10:24:51 -0300] "GET /cormun/servlet/solicitudot?f4b5e4e1a8179cb7fe23d138d8576d37e03ea3d84f5ed68c7380cf9320f9e7c75fbdfcb6dacf429677c65675624387c399ff9bcebe145e8537e58beb6e64a506db3c61888c6b258812421e9dcf50585720c3d31d47b10584d8bc2ba543cd33d14d9e630ad19924d49232673b5398c977153ec21653d30cb391252fc452cb217cd49e931ee44d202a3de6cfffdcb84a0b452219e65ee0dd3ebab69d3bbc286fc057bacbe0414e1f094e47eb19aca5329bc9f79ba68185ef0bcb2e3856a71ac6d3571e605ffc5489d3aafb896fa30822fe1737f477d0b137d71f959953b3b28fd5144f2f97652ebb4fe54e6dce74a60c7600feb9199896c3c54ecb550b826377eda16b169271b335a190181461699008b30b64ed281acc913e9a7eceea5f39fac5aa0f972b01170e5b4a7a29b65d649e430740297f2bea033f73cca575cbaeeb83a55d48c0190687e2f167ecbadc5650cc06c3ec7df2fa767adb1bc6f481ecff4460db61c2b1ca3bb7fb98d71ed61b4e153c8b7494a2a19a6ca5026e58157803cee0bf79a986179b7a93b46ee48053b919,gx-no-cache=1712928084189 HTTP/1.1" 200 30
190.171.149.90 - - [12/Apr/2024:10:24:55 -0300] "POST /cormun/servlet/solicitudot?gx-no-cache=1712928088258 HTTP/1.1" 200 30
190.171.149.90 - - [12/Apr/2024:10:24:57 -0300] "POST /cormun/servlet/solicitudot?gx-no-cache=1712928089671 HTTP/1.1" 200 1481
190.171.149.90 - - [12/Apr/2024:10:24:57 -0300] "POST /cormun/servlet/solicitudot?gx-no-cache=1712928089721 HTTP/1.1" 200 38
190.171.149.90 - - [12/Apr/2024:10:26:04 -0300] "GET /cormun/servlet/solicitudot?f4b5e4e1a8179cb7fe23d138d8576d3732777e1b7cbb7e7f5fa406c82264a355dfa64cb6459538e1bd889eacfc6c04b5685ba3dd27a551872089f05032e52b2f680209a3b23b987d2ffcf276826de68853c6c924240ca5823a2b6cd5ea3b115b1f17c3604775355657cde65a801c4a46,gx-no-cache=1712928157588 HTTP/1.1" 200 110
190.171.149.90 - - [12/Apr/2024:10:26:07 -0300] "POST /cormun/servlet/solicitudot?gx-no-cache=1712928160135 HTTP/1.1" 200 83
190.171.149.90 - - [12/Apr/2024:10:26:36 -0300] "POST /cormun/servlet/solicitudot?gx-no-cache=1712928188984 HTTP/1.1" 200 72
190.171.149.90 - - [12/Apr/2024:10:26:45 -0300] "POST /cormun/servlet/solicitudot?gx-no-cache=1712928198198 HTTP/1.1" 200 241
190.171.149.90 - - [12/Apr/2024:10:27:38 -0300] "GET /cormun/servlet/solicitudot?f4b5e4e1a8179cb7fe23d138d8576d37e03ea3d84f5ed68c7380cf9320f9e7c731cc80f4025352e814bf966dd80bfaa999ff9bcebe145e8537e58beb6e64a506db3c61888c6b258812421e9dcf50585720c3d31d47b10584d8bc2ba543cd33d14d9e630ad19924d49232673b5398c977153ec21653d30cb391252fc452cb217cd49e931ee44d202a3de6cfffdcb84a0b452219e65ee0dd3ebab69d3bbc286fc057bacbe0414e1f094e47eb19aca5329bc9f79ba68185ef0bcb2e3856a71ac6d3571e605ffc5489d3aafb896fa30822fe1737f477d0b137d71f959953b3b28fd5144f2f97652ebb4fe54e6dce74a60c7600feb9199896c3c54ecb550b826377eda16b169271b335a190181461699008b30b64ed281acc913e9a7eceea5f39fac5aa0f972b01170e5b4a7a29b65d649e430740297f2bea033f73cca575cbaeeb83768f39af2e73084c320b261995c61295a2d3f6b15111d842ca4a9ff881e83634a0cee0309c209f72a746723e87f47d918f473f27c8e3422c88ec206f9925f924,gx-no-cache=1712928251317 HTTP/1.1" 200 30
190.171.149.90 - - [12/Apr/2024:10:27:41 -0300] "POST /cormun/servlet/solicitudot?gx-no-cache=1712928254224 HTTP/1.1" 200 30
190.171.149.90 - - [12/Apr/2024:10:27:43 -0300] "GET /cormun/servlet/prcontratosol?10382601,,,,,MD,,gxPopupLevel%3D0%3B HTTP/1.1" 200 7959
190.171.149.90 - - [12/Apr/2024:10:27:43 -0300] "GET /cormun/static/gxcfg.js?202211298464198 HTTP/1.1" 200 953
190.171.149.90 - - [12/Apr/2024:10:27:43 -0300] "GET /cormun/static/prcontratosol.js?202211298464288 HTTP/1.1" 200 15806
190.95.15.15 - - [12/Apr/2024:10:27:45 -0300] "GET /cormun/servlet/trlicencias? HTTP/1.1" 200 6040
190.171.149.90 - - [12/Apr/2024:10:27:47 -0300] "POST /cormun/servlet/solicitudot?gx-no-cache=1712928260542 HTTP/1.1" 200 1563
190.171.149.90 - - [12/Apr/2024:10:27:47 -0300] "GET /cormun/static/Shared/jqueryui/images/ui-icons_82798d_256x240.png HTTP/1.1" 404 1089
190.171.149.90 - - [12/Apr/2024:10:27:47 -0300] "GET /cormun/static/Shared/jqueryui/images/ui-bg_highlight-soft_100_c6c2c8_1x100.png HTTP/1.1" 404 1117
190.171.149.90 - - [12/Apr/2024:10:27:47 -0300] "GET /cormun/static/Shared/jqueryui/images/ui-bg_flat_55_994d53_40x100.png HTTP/1.1" 404 1097
190.171.149.90 - - [12/Apr/2024:10:27:47 -0300] "GET /cormun/static/Shared/jqueryui/images/ui-icons_ebccce_256x240.png HTTP/1.1" 404 1089
190.171.149.90 - - [12/Apr/2024:10:27:47 -0300] "POST /cormun/servlet/solicitudot?gx-no-cache=1712928260625 HTTP/1.1" 200 117
190.171.149.90 - - [12/Apr/2024:10:27:48 -0300] "GET /cormun/servlet/solicitudot?f4b5e4e1a8179cb7fe23d138d8576d3732777e1b7cbb7e7f5fa406c82264a355dfa64cb6459538e1bd889eacfc6c04b5685ba3dd27a551872089f05032e52b2f680209a3b23b987d2ffcf276826de68853c6c924240ca5823a2b6cd5ea3b115b1f17c3604775355657cde65a801c4a46,gx-no-cache=1712928260661 HTTP/1.1" 200 110
190.171.149.90 - - [12/Apr/2024:10:27:48 -0300] "GET /cormun/servlet/solicitudot?f4b5e4e1a8179cb7fe23d138d8576d37bcd2d3e0994db227c24561a7fbcd9dbd7404ba07dc1b955d89d22c9bdbe3990ca6f687978cacf25256c33a42ba6e55b33f53f2744c5f02b6ad37fda8a969d631d017f16da88692fca4b5b7ae1e2ff911f4141b0d1655795f27ab647da21f3bdb,gx-no-cache=1712928260696 HTTP/1.1" 200 29
190.171.149.90 - - [12/Apr/2024:10:27:48 -0300] "GET /cormun/servlet/solicitudot?f4b5e4e1a8179cb7fe23d138d8576d379de2fdcf9716506a8c3edfe742a87b6036a6f6bf40cd8583ed3c854cb598c3f2,gx-no-cache=1712928260720 HTTP/1.1" 200 134
190.95.15.15 - - [12/Apr/2024:10:27:48 -0300] "GET /cormun/servlet/hlogin HTTP/1.1" 200 1731
190.95.15.15 - - [12/Apr/2024:10:28:01 -0300] "POST /cormun/servlet/hlogin?42d763ce2bd2e63686490f97cbd225d7,gx-no-cache=1712928272531 HTTP/1.1" 200 90
190.95.15.15 - - [12/Apr/2024:10:28:01 -0300] "GET /cormun/servlet/hpexe_link HTTP/1.1" 200 950
190.95.15.15 - - [12/Apr/2024:10:28:01 -0300] "GET /cormun/servlet/trlicencias HTTP/1.1" 200 11162
200.54.107.2 - - [12/Apr/2024:10:28:06 -0300] "GET /cormun/servlet/hlogin HTTP/1.1" 200 1718
190.171.149.90 - - [12/Apr/2024:10:28:14 -0300] "POST /cormun/servlet/solicitudot?gx-no-cache=1712928287522 HTTP/1.1" 200 1483
190.171.149.90 - - [12/Apr/2024:10:28:18 -0300] "GET /cormun/servlet/prfichaempleado?,MD,,gxPopupLevel%3D0%3B HTTP/1.1" 200 9109
190.171.149.90 - - [12/Apr/2024:10:28:18 -0300] "GET /cormun/static/gxcfg.js?20201215571085 HTTP/1.1" 200 953
190.171.149.90 - - [12/Apr/2024:10:28:18 -0300] "GET /cormun/static/prfichaempleado.js?20201215572193 HTTP/1.1" 200 16005
200.54.107.2 - - [12/Apr/2024:10:28:26 -0300] "POST /cormun/servlet/hlogin?18f69bd48b570746cc8cda9f004a6621,gx-no-cache=1712928297577 HTTP/1.1" 200 90
200.54.107.2 - - [12/Apr/2024:10:28:26 -0300] "GET /cormun/servlet/hpexe_link HTTP/1.1" 200 962
200.54.107.2 - - [12/Apr/2024:10:28:26 -0300] "GET /cormun/servlet/trautorizarsolicitud? HTTP/1.1" 200 7480
190.171.149.90 - - [12/Apr/2024:10:28:27 -0300] "POST /cormun/servlet/prfichaempleado?1f770dae46e23da5c7020549a98faf45,,MD,,gxPopupLevel%3D0%3B,gx-no-cache=1712928299827 HTTP/1.1" 200 3406
190.171.149.90 - - [12/Apr/2024:10:28:30 -0300] "POST /cormun/servlet/solicitudot?gx-no-cache=1712928303089 HTTP/1.1" 200 1483
190.171.149.90 - - [12/Apr/2024:10:28:30 -0300] "GET /cormun/static/menuarrow.gif HTTP/1.1" 404 1015
200.54.107.2 - - [12/Apr/2024:10:28:37 -0300] "GET /cormun/servlet/trlicencias? HTTP/1.1" 200 9285
190.171.149.90 - - [12/Apr/2024:10:28:37 -0300] "POST /cormun/servlet/solicitudot?gx-no-cache=1712928310609 HTTP/1.1" 200 122
190.171.149.90 - - [12/Apr/2024:10:28:46 -0300] "POST /cormun/servlet/solicitudot?gx-no-cache=1712928319216 HTTP/1.1" 200 122
190.171.149.90 - - [12/Apr/2024:10:28:46 -0300] "GET /cormun/servlet/solicitudot?f4b5e4e1a8179cb7fe23d138d8576d3732777e1b7cbb7e7f5fa406c82264a355dfa64cb6459538e1bd889eacfc6c04b5685ba3dd27a551872089f05032e52b2f680209a3b23b987d2ffcf276826de68853c6c924240ca5823a2b6cd5ea3b115b1f17c3604775355657cde65a801c4a46,gx-no-cache=1712928319252 HTTP/1.1" 200 110
190.171.149.90 - - [12/Apr/2024:10:28:58 -0300] "POST /cormun/servlet/solicitudot?gx-no-cache=1712928330625 HTTP/1.1" 200 41
190.171.149.90 - - [12/Apr/2024:10:28:58 -0300] "GET /cormun/servlet/solicitudot?f4b5e4e1a8179cb7fe23d138d8576d3732777e1b7cbb7e7f5fa406c82264a355dfa64cb6459538e1bd889eacfc6c04b5685ba3dd27a551872089f05032e52b2f680209a3b23b987d2ffcf276826de68853c6c924240ca5823a2b6cd5ea3b115b1f17c3604775355657cde65a801c4a46,gx-no-cache=1712928330656 HTTP/1.1" 200 110
190.171.149.90 - - [12/Apr/2024:10:28:58 -0300] "POST /cormun/servlet/solicitudot?gx-no-cache=1712928330688 HTTP/1.1" 200 72
190.171.149.90 - - [12/Apr/2024:10:29:08 -0300] "GET /cormun/servlet/solicitudot?f4b5e4e1a8179cb7fe23d138d8576d3732777e1b7cbb7e7f5fa406c82264a355dfa64cb6459538e1bd889eacfc6c04b5685ba3dd27a551872089f05032e52b2f680209a3b23b987d2ffcf276826de68853c6c924240ca5823a2b6cd5ea3b115b1f17c3604775355657cde65a801c4a46,gx-no-cache=1712928341091 HTTP/1.1" 200 110
190.171.149.90 - - [12/Apr/2024:10:29:23 -0300] "GET /cormun/servlet/solicitudot?f4b5e4e1a8179cb7fe23d138d8576d373ab0e30150c18721ff073d9714416e1f336b70d463cb8241adea165e63454449,gx-no-cache=1712928356111 HTTP/1.1" 200 30
190.171.149.90 - - [12/Apr/2024:10:30:06 -0300] "POST /cormun/servlet/solicitudot?gx-no-cache=1712928399211 HTTP/1.1" 200 107
190.171.149.90 - - [12/Apr/2024:10:30:27 -0300] "POST /cormun/servlet/solicitudot?gx-no-cache=1712928420314 HTTP/1.1" 200 107
190.171.149.90 - - [12/Apr/2024:10:30:31 -0300] "GET /cormun/servlet/prfichaempleado?,MD,,gxPopupLevel%3D0%3B HTTP/1.1" 200 9109
190.171.149.90 - - [12/Apr/2024:10:30:42 -0300] "POST /cormun/servlet/prfichaempleado?1f770dae46e23da5c7020549a98faf45,,MD,,gxPopupLevel%3D0%3B,gx-no-cache=1712928434788 HTTP/1.1" 200 3405
190.171.134.178 - - [12/Apr/2024:10:31:01 -0300] "GET /cormun/servlet/hlogin HTTP/1.1" 200 1717
190.171.134.178 - - [12/Apr/2024:10:31:01 -0300] "GET /cormun/servlet/hlogin HTTP/1.1" 200 1726
190.171.149.90 - - [12/Apr/2024:10:31:05 -0300] "POST /cormun/servlet/solicitudot?gx-no-cache=1712928457969 HTTP/1.1" 200 122
190.171.149.90 - - [12/Apr/2024:10:31:05 -0300] "GET /cormun/servlet/solicitudot?f4b5e4e1a8179cb7fe23d138d8576d3732777e1b7cbb7e7f5fa406c82264a355dfa64cb6459538e1bd889eacfc6c04b5685ba3dd27a551872089f05032e52b2f680209a3b23b987d2ffcf276826de68853c6c924240ca5823a2b6cd5ea3b115b1f17c3604775355657cde65a801c4a46,gx-no-cache=1712928458027 HTTP/1.1" 200 110
190.171.149.90 - - [12/Apr/2024:10:31:10 -0300] "POST /cormun/servlet/solicitudot?gx-no-cache=1712928463279 HTTP/1.1" 200 41
190.171.149.90 - - [12/Apr/2024:10:31:10 -0300] "GET /cormun/servlet/solicitudot?f4b5e4e1a8179cb7fe23d138d8576d3732777e1b7cbb7e7f5fa406c82264a355dfa64cb6459538e1bd889eacfc6c04b5685ba3dd27a551872089f05032e52b2f680209a3b23b987d2ffcf276826de68853c6c924240ca5823a2b6cd5ea3b115b1f17c3604775355657cde65a801c4a46,gx-no-cache=1712928463307 HTTP/1.1" 200 110
190.171.149.90 - - [12/Apr/2024:10:31:18 -0300] "GET /cormun/servlet/solicitudot?f4b5e4e1a8179cb7fe23d138d8576d3732777e1b7cbb7e7f5fa406c82264a355dfa64cb6459538e1bd889eacfc6c04b5685ba3dd27a551872089f05032e52b2f680209a3b23b987d2ffcf276826de68853c6c924240ca5823a2b6cd5ea3b115b1f17c3604775355657cde65a801c4a46,gx-no-cache=1712928471448 HTTP/1.1" 200 110
190.171.149.90 - - [12/Apr/2024:10:31:23 -0300] "POST /cormun/servlet/solicitudot?gx-no-cache=1712928475950 HTTP/1.1" 200 146
190.171.134.178 - - [12/Apr/2024:10:31:25 -0300] "POST /cormun/servlet/hlogin?cedd7844a73bc31aeaf6ea0f4dc9d4b6,gx-no-cache=1712928476477 HTTP/1.1" 200 90
190.171.134.178 - - [12/Apr/2024:10:31:25 -0300] "GET /cormun/servlet/hpexe_link HTTP/1.1" 200 947
190.171.134.178 - - [12/Apr/2024:10:31:26 -0300] "GET /cormun/servlet/hhome HTTP/1.1" 200 3933
190.171.134.178 - - [12/Apr/2024:10:31:26 -0300] "GET /cormun/servlet/hhome HTTP/1.1" 200 3931
190.171.149.90 - - [12/Apr/2024:10:31:32 -0300] "POST /cormun/servlet/solicitudot?gx-no-cache=1712928485206 HTTP/1.1" 200 135
190.171.149.90 - - [12/Apr/2024:10:31:37 -0300] "POST /cormun/servlet/solicitudot?gx-no-cache=1712928489814 HTTP/1.1" 200 135
190.171.149.90 - - [12/Apr/2024:10:31:42 -0300] "POST /cormun/servlet/solicitudot?gx-no-cache=1712928494762 HTTP/1.1" 200 146
190.171.149.90 - - [12/Apr/2024:10:31:49 -0300] "POST /cormun/servlet/solicitudot?gx-no-cache=1712928502167 HTTP/1.1" 200 146
200.54.103.162 - - [12/Apr/2024:10:31:50 -0300] "GET /cormun/servlet/hhome HTTP/1.1" 200 3316
200.54.103.162 - - [12/Apr/2024:10:31:50 -0300] "GET /cormun/servlet/hlogin HTTP/1.1" 200 1730
200.54.103.162 - - [12/Apr/2024:10:31:53 -0300] "POST /cormun/servlet/hlogin?3cea1a184a61a9773f1d25ae75611fc3,gx-no-cache=1712928510994 HTTP/1.1" 200 90
200.54.103.162 - - [12/Apr/2024:10:31:53 -0300] "GET /cormun/servlet/hpexe_link HTTP/1.1" 200 947
200.54.103.162 - - [12/Apr/2024:10:31:53 -0300] "GET /cormun/servlet/hhome HTTP/1.1" 200 4337
200.54.103.162 - - [12/Apr/2024:10:31:56 -0300] "GET /cormun/servlet/trlicencias? HTTP/1.1" 200 10739
190.171.149.90 - - [12/Apr/2024:10:31:57 -0300] "GET /cormun/servlet/hlogin HTTP/1.1" 200 1720
200.54.103.162 - - [12/Apr/2024:10:32:02 -0300] "GET /cormun/servlet/licenciaspermisos?DSP,18159101,L,20240404000000, HTTP/1.1" 200 7442
190.171.149.90 - - [12/Apr/2024:10:32:05 -0300] "POST /cormun/servlet/hlogin?1f770dae46e23da5c7020549a98faf45,gx-no-cache=1712928518340 HTTP/1.1" 200 425
200.54.103.162 - - [12/Apr/2024:10:32:06 -0300] "POST /cormun/servlet/licenciaspermisos?3cea1a184a61a9773f1d25ae75611fc3,DSP,18159101,L,20240404000000,,gx-no-cache=1712928523666 HTTP/1.1" 200 90
200.54.103.162 - - [12/Apr/2024:10:32:06 -0300] "GET /cormun/servlet/hpexe_link HTTP/1.1" 200 977
200.54.103.162 - - [12/Apr/2024:10:32:06 -0300] "GET /cormun/servlet/trlicencias HTTP/1.1" 200 10739
200.54.103.162 - - [12/Apr/2024:10:32:08 -0300] "GET /cormun/servlet/trsolicitudot? HTTP/1.1" 200 7552
190.171.149.90 - - [12/Apr/2024:10:32:12 -0300] "POST /cormun/servlet/hlogin?1f770dae46e23da5c7020549a98faf45,gx-no-cache=1712928525530 HTTP/1.1" 200 425
200.54.103.162 - - [12/Apr/2024:10:32:17 -0300] "GET /cormun/servlet/trbonoreemplazo? HTTP/1.1" 500 10
190.171.149.90 - - [12/Apr/2024:10:32:18 -0300] "POST /cormun/servlet/hlogin?1f770dae46e23da5c7020549a98faf45,gx-no-cache=1712928530850 HTTP/1.1" 200 425
181.212.47.137 - - [12/Apr/2024:10:32:20 -0300] "GET /cormun/servlet/hlogin HTTP/1.1" 200 1724
200.54.103.162 - - [12/Apr/2024:10:32:21 -0300] "GET /cormun/servlet/trsolicitudot? HTTP/1.1" 200 7552
190.171.149.90 - - [12/Apr/2024:10:32:22 -0300] "POST /cormun/servlet/hlogin?1f770dae46e23da5c7020549a98faf45,gx-no-cache=1712928535240 HTTP/1.1" 200 90
190.171.149.90 - - [12/Apr/2024:10:32:22 -0300] "GET /cormun/servlet/hpexe_link HTTP/1.1" 200 963
190.171.149.90 - - [12/Apr/2024:10:32:23 -0300] "GET /cormun/servlet/prfichaempleado?,MD, HTTP/1.1" 200 9103
181.212.47.137 - - [12/Apr/2024:10:32:30 -0300] "POST /cormun/servlet/hlogin?5d29a8da0c1ad0cbda80ad838fd7b90f,gx-no-cache=1712928548032 HTTP/1.1" 200 90
181.212.47.137 - - [12/Apr/2024:10:32:30 -0300] "GET /cormun/servlet/hpexe_link HTTP/1.1" 200 953
181.212.47.137 - - [12/Apr/2024:10:32:30 -0300] "GET /cormun/servlet/hhome HTTP/1.1" 200 3823
190.171.152.138 - - [12/Apr/2024:10:32:56 -0300] "GET /cormun/servlet/hlogin HTTP/1.1" 200 1718
190.171.149.90 - - [12/Apr/2024:10:33:04 -0300] "POST /cormun/servlet/solicitudot?gx-no-cache=1712928577084 HTTP/1.1" 200 135
181.212.47.137 - - [12/Apr/2024:10:33:04 -0300] "GET /cormun/servlet/trsolicitudgral? HTTP/1.1" 200 28783
190.171.149.90 - - [12/Apr/2024:10:33:08 -0300] "POST /cormun/servlet/solicitudot?gx-no-cache=1712928581554 HTTP/1.1" 200 135
181.212.47.137 - - [12/Apr/2024:10:33:09 -0300] "GET /cormun/static/menuarrow.gif HTTP/1.1" 404 1015
181.212.47.137 - - [12/Apr/2024:10:33:14 -0300] "POST /cormun/servlet/trsolicitudgral?5d29a8da0c1ad0cbda80ad838fd7b90f,,gx-no-cache=1712928590404 HTTP/1.1" 200 26561
190.171.149.90 - - [12/Apr/2024:10:33:18 -0300] "POST /cormun/servlet/solicitudot?gx-no-cache=1712928590739 HTTP/1.1" 200 146
190.171.152.138 - - [12/Apr/2024:10:33:21 -0300] "GET /cormun/servlet/hlogin HTTP/1.1" 200 1728
190.171.149.90 - - [12/Apr/2024:10:33:27 -0300] "POST /cormun/servlet/solicitudot?gx-no-cache=1712928599984 HTTP/1.1" 200 146
190.171.149.90 - - [12/Apr/2024:10:33:31 -0300] "POST /cormun/servlet/solicitudot?gx-no-cache=1712928604282 HTTP/1.1" 200 146
190.171.149.90 - - [12/Apr/2024:10:33:34 -0300] "POST /cormun/servlet/solicitudot?gx-no-cache=1712928607521 HTTP/1.1" 200 146
190.171.152.138 - - [12/Apr/2024:10:33:38 -0300] "POST /cormun/servlet/hlogin?55bb65bd4d7506e0ebf4cad35c5ea672,gx-no-cache=1712928612211 HTTP/1.1" 200 90
190.171.152.138 - - [12/Apr/2024:10:33:40 -0300] "GET /cormun/servlet/hpexe_link HTTP/1.1" 200 946
190.171.149.90 - - [12/Apr/2024:10:33:42 -0300] "POST /cormun/servlet/solicitudot?gx-no-cache=1712928614640 HTTP/1.1" 200 146
190.171.152.138 - - [12/Apr/2024:10:33:42 -0300] "GET /cormun/servlet/hhome HTTP/1.1" 200 3859
209.141.55.133 - tomcat [12/Apr/2024:10:33:45 -0300] "GET /manager/html HTTP/1.1" 403 3196
190.171.149.90 - - [12/Apr/2024:10:33:46 -0300] "POST /cormun/servlet/solicitudot?gx-no-cache=1712928618747 HTTP/1.1" 200 135
190.171.149.90 - - [12/Apr/2024:10:33:54 -0300] "POST /cormun/servlet/solicitudot?gx-no-cache=1712928626866 HTTP/1.1" 200 146
190.171.149.90 - - [12/Apr/2024:10:33:57 -0300] "POST /cormun/servlet/solicitudot?gx-no-cache=1712928630494 HTTP/1.1" 200 146
190.171.149.90 - - [12/Apr/2024:10:34:09 -0300] "POST /cormun/servlet/solicitudot?gx-no-cache=1712928642412 HTTP/1.1" 200 135
190.171.149.90 - - [12/Apr/2024:10:34:13 -0300] "POST /cormun/servlet/solicitudot?gx-no-cache=1712928645959 HTTP/1.1" 200 135
190.171.149.90 - - [12/Apr/2024:10:34:18 -0300] "POST /cormun/servlet/solicitudot?gx-no-cache=1712928650727 HTTP/1.1" 200 146
190.171.152.138 - - [12/Apr/2024:10:34:44 -0300] "GET /cormun/servlet/trlicencias? HTTP/1.1" 200 9829
190.171.149.90 - - [12/Apr/2024:10:34:51 -0300] "POST /cormun/servlet/solicitudot?gx-no-cache=1712928684160 HTTP/1.1" 200 135
190.171.149.90 - - [12/Apr/2024:10:34:56 -0300] "GET /cormun/servlet/prlicenciaspermisos?11983436,L,,MD,,gxPopupLevel%3D0%3B HTTP/1.1" 200 5593
190.171.149.90 - - [12/Apr/2024:10:34:56 -0300] "GET /cormun/static/gxcfg.js?2020121559567 HTTP/1.1" 200 953
190.171.149.90 - - [12/Apr/2024:10:34:56 -0300] "GET /cormun/static/prlicenciaspermisos.js?2020121559821 HTTP/1.1" 200 13379
190.171.149.90 - - [12/Apr/2024:10:34:58 -0300] "POST /cormun/servlet/acontrolpreferencessavestate?None,CD-20,true HTTP/1.1" 200 35
190.171.149.90 - - [12/Apr/2024:10:35:07 -0300] "GET /cormun/servlet/solicitudot?f4b5e4e1a8179cb7fe23d138d8576d3732777e1b7cbb7e7f5fa406c82264a355dfa64cb6459538e1bd889eacfc6c04b5685ba3dd27a551872089f05032e52b2f680209a3b23b987d2ffcf276826de68853c6c924240ca5823a2b6cd5ea3b115b1f17c3604775355657cde65a801c4a46,gx-no-cache=1712928699922 HTTP/1.1" 200 110
190.171.149.90 - - [12/Apr/2024:10:35:07 -0300] "POST /cormun/servlet/solicitudot?gx-no-cache=1712928699956 HTTP/1.1" 200 135
190.171.152.138 - - [12/Apr/2024:10:35:09 -0300] "GET /cormun/servlet/trpermisosgoce? HTTP/1.1" 200 10565
190.171.149.90 - - [12/Apr/2024:10:35:11 -0300] "POST /cormun/servlet/solicitudot?gx-no-cache=1712928704361 HTTP/1.1" 200 135
190.171.152.138 - - [12/Apr/2024:10:35:28 -0300] "GET /cormun/servlet/hlogin HTTP/1.1" 200 1737
181.212.47.137 - - [12/Apr/2024:10:36:21 -0300] "POST /cormun/servlet/trsolicitudgral?5d29a8da0c1ad0cbda80ad838fd7b90f,,gx-no-cache=1712928779171 HTTP/1.1" 200 8447
190.171.149.90 - - [12/Apr/2024:10:36:41 -0300] "POST /cormun/servlet/solicitudot?gx-no-cache=1712928794336 HTTP/1.1" 200 135
181.212.47.137 - - [12/Apr/2024:10:36:50 -0300] "POST /cormun/servlet/trsolicitudgral?5d29a8da0c1ad0cbda80ad838fd7b90f,,gx-no-cache=1712928808416 HTTP/1.1" 200 7208
190.171.149.90 - - [12/Apr/2024:10:36:53 -0300] "POST /cormun/servlet/solicitudot?gx-no-cache=1712928806333 HTTP/1.1" 200 135
181.212.47.137 - - [12/Apr/2024:10:36:59 -0300] "POST /cormun/servlet/trsolicitudgral?5d29a8da0c1ad0cbda80ad838fd7b90f,,gx-no-cache=1712928816978 HTTP/1.1" 200 7211
181.212.47.137 - - [12/Apr/2024:10:37:02 -0300] "GET /cormun/servlet/vesolicitudgral?2024,20776,, HTTP/1.1" 200 8412
181.212.47.137 - - [12/Apr/2024:10:37:02 -0300] "GET /cormun/pexe_scrolldiv.js HTTP/1.1" 404 1009
181.212.47.137 - - [12/Apr/2024:10:37:03 -0300] "POST /cormun/servlet/vesolicitudgral?5d29a8da0c1ad0cbda80ad838fd7b90f,2024,20776,,,gx-no-cache=1712928821538 HTTP/1.1" 200 12331
181.212.47.137 - - [12/Apr/2024:10:37:03 -0300] "GET /cormun/static/Shared/jqueryui/images/ui-bg_highlight-soft_100_c6c2c8_1x100.png HTTP/1.1" 404 1117
181.212.47.137 - - [12/Apr/2024:10:37:03 -0300] "GET /cormun/static/Shared/jqueryui/images/ui-icons_82798d_256x240.png HTTP/1.1" 404 1089
181.212.47.137 - - [12/Apr/2024:10:37:03 -0300] "GET /cormun/static/Shared/jqueryui/images/ui-bg_flat_55_fafafa_40x100.png HTTP/1.1" 404 1097
181.212.47.137 - - [12/Apr/2024:10:37:03 -0300] "GET /cormun/static/Shared/jqueryui/images/ui-icons_8d78a5_256x240.png HTTP/1.1" 404 1089
190.171.149.90 - - [12/Apr/2024:10:37:47 -0300] "POST /cormun/servlet/solicitudot?gx-no-cache=1712928859965 HTTP/1.1" 200 135
190.171.149.90 - - [12/Apr/2024:10:37:51 -0300] "GET /cormun/servlet/prlicenciaspermisos?11983436,L,,MD,,gxPopupLevel%3D0%3B HTTP/1.1" 200 5598
190.171.149.90 - - [12/Apr/2024:10:38:03 -0300] "GET /cormun/servlet/solicitudot?f4b5e4e1a8179cb7fe23d138d8576d3732777e1b7cbb7e7f5fa406c82264a355dfa64cb6459538e1bd889eacfc6c04b5685ba3dd27a551872089f05032e52b2f680209a3b23b987d2ffcf276826de68853c6c924240ca5823a2b6cd5ea3b115b1f17c3604775355657cde65a801c4a46,gx-no-cache=1712928876073 HTTP/1.1" 200 110
66.249.66.2 - - [12/Apr/2024:10:43:31 -0300] "GET /robots.txt HTTP/1.1" 404 981
66.249.66.2 - - [12/Apr/2024:10:43:31 -0300] "GET /cormun/servlet/hlogin HTTP/1.1" 200 1714
201.186.225.183 - - [12/Apr/2024:10:43:58 -0300] "GET /cormun/servlet/trpermisosgoce? HTTP/1.1" 200 6026
201.186.225.183 - - [12/Apr/2024:10:43:58 -0300] "GET /cormun/servlet/hlogin HTTP/1.1" 200 1734
201.186.225.183 - - [12/Apr/2024:10:43:58 -0300] "GET /cormun/servlet/trpermisosgoce? HTTP/1.1" 200 6024
201.186.225.183 - - [12/Apr/2024:10:44:05 -0300] "POST /cormun/servlet/hlogin?d743fd797263f19729bc82348f9ef464,gx-no-cache=1712929237299 HTTP/1.1" 200 90
201.186.225.183 - - [12/Apr/2024:10:44:05 -0300] "GET /cormun/servlet/hpexe_link HTTP/1.1" 200 949
201.186.225.183 - - [12/Apr/2024:10:44:05 -0300] "GET /cormun/servlet/trpermisosgoce HTTP/1.1" 200 16012
201.186.225.183 - - [12/Apr/2024:10:44:19 -0300] "GET /cormun/servlet/permisogoce?INS,0,,, HTTP/1.1" 200 6824
201.186.225.183 - - [12/Apr/2024:10:44:26 -0300] "GET /cormun/servlet/permisogoce?e475526b3bcdcb60585c764d6d1669544b5a733ef5bcfb039e4624ba155402e301e211fd943f2d7b1923dc37ae08e687859fe9ffa117a437154943da9c52a77b,gx-no-cache=1712929258273 HTTP/1.1" 200 73
201.186.225.183 - - [12/Apr/2024:10:44:28 -0300] "GET /cormun/static/menuarrow.gif HTTP/1.1" 404 1015
201.186.225.183 - - [12/Apr/2024:10:44:32 -0300] "GET /cormun/servlet/permisogoce?e475526b3bcdcb60585c764d6d16695409a9bc0276c3d86eaa3ecb5e81439a6c983fbb718565686256b757eb65ae74255986c7d408f5eb040fbd507ec93783d1,gx-no-cache=1712929264242 HTTP/1.1" 200 47
201.186.225.183 - - [12/Apr/2024:10:44:34 -0300] "POST /cormun/servlet/permisogoce?d743fd797263f19729bc82348f9ef464,INS,0,,,,gx-no-cache=1712929265499 HTTP/1.1" 200 93
201.186.225.183 - - [12/Apr/2024:10:44:34 -0300] "GET /cormun/servlet/hpexe_return? HTTP/1.1" 200 1004
201.186.225.183 - - [12/Apr/2024:10:44:34 -0300] "GET /cormun/servlet/trpermisosgoce HTTP/1.1" 200 16198
201.186.225.183 - - [12/Apr/2024:10:44:37 -0300] "GET /cormun/servlet/apermisogoceprn?17521323,P,20240412094057,PU HTTP/1.1" 200 1642
190.171.149.90 - - [12/Apr/2024:10:45:25 -0300] "POST /cormun/servlet/solicitudot?gx-no-cache=1712929318163 HTTP/1.1" 200 107
181.212.47.137 - - [12/Apr/2024:10:45:42 -0300] "GET /cormun/servlet/trsolicitudgral? HTTP/1.1" 200 10271
190.171.149.90 - - [12/Apr/2024:10:46:05 -0300] "POST /cormun/servlet/solicitudot?gx-no-cache=1712929358540 HTTP/1.1" 200 107
181.212.47.137 - - [12/Apr/2024:10:46:13 -0300] "GET /cormun/servlet/trsolicitudgral? HTTP/1.1" 200 10270
190.171.149.90 - - [12/Apr/2024:10:46:56 -0300] "POST /cormun/servlet/solicitudot?gx-no-cache=1712929408778 HTTP/1.1" 200 107
190.171.149.90 - - [12/Apr/2024:10:47:17 -0300] "POST /cormun/servlet/solicitudot?gx-no-cache=1712929429867 HTTP/1.1" 200 135
190.171.149.90 - - [12/Apr/2024:10:49:51 -0300] "POST /cormun/servlet/solicitudot?gx-no-cache=1712929583618 HTTP/1.1" 200 135
190.95.15.15 - - [12/Apr/2024:10:50:45 -0300] "GET /cormun/servlet/trpermisosgoce? HTTP/1.1" 200 10812
190.95.15.15 - - [12/Apr/2024:10:50:50 -0300] "GET /cormun/servlet/permisogoce?INS,0,,, HTTP/1.1" 200 6833
190.95.15.15 - - [12/Apr/2024:10:51:00 -0300] "GET /cormun/servlet/permisogoce?8e0476b0e3d0da07a7d07cff1e475e6b782a09824f406a07e4817c910de1e8c3c8063ecb851059b3caac583ca29e4bf64c0c1b216a480db03fc1b78686022452,gx-no-cache=1712929651521 HTTP/1.1" 200 75
190.95.15.15 - - [12/Apr/2024:10:51:00 -0300] "GET /cormun/static/menuarrow.gif HTTP/1.1" 404 1015
190.95.15.15 - - [12/Apr/2024:10:51:08 -0300] "GET /cormun/servlet/permisogoce?8e0476b0e3d0da07a7d07cff1e475e6bb4a751ddc9c0afec4a62a1976d419116649174dd3e6e63f8f986aab67d486c890c25a4db08fa0787247d2929a332b3d3,gx-no-cache=1712929659977 HTTP/1.1" 200 47
190.95.15.15 - - [12/Apr/2024:10:51:14 -0300] "POST /cormun/servlet/permisogoce?42d763ce2bd2e63686490f97cbd225d7,INS,0,,,,gx-no-cache=1712929661573 HTTP/1.1" 200 93
190.95.15.15 - - [12/Apr/2024:10:51:14 -0300] "GET /cormun/servlet/hpexe_return? HTTP/1.1" 200 1004
190.95.15.15 - - [12/Apr/2024:10:51:14 -0300] "GET /cormun/servlet/trpermisosgoce HTTP/1.1" 200 11091
190.95.15.15 - - [12/Apr/2024:10:51:17 -0300] "GET /cormun/servlet/apermisogoceprn?16130334,P,20240412094728,PU HTTP/1.1" 200 1655
209.141.55.133 - tomcat [12/Apr/2024:10:51:21 -0300] "GET /manager/html HTTP/1.1" 403 3196
190.171.149.90 - - [12/Apr/2024:10:52:20 -0300] "GET /cormun/servlet/prcontratosol?10382601,,,,,MD,,gxPopupLevel%3D0%3B HTTP/1.1" 200 7966
190.171.149.90 - - [12/Apr/2024:10:52:23 -0300] "GET /cormun/servlet/solicitudot?f4b5e4e1a8179cb7fe23d138d8576d3732777e1b7cbb7e7f5fa406c82264a355dfa64cb6459538e1bd889eacfc6c04b5685ba3dd27a551872089f05032e52b2f680209a3b23b987d2ffcf276826de68853c6c924240ca5823a2b6cd5ea3b115b1f17c3604775355657cde65a801c4a46,gx-no-cache=1712929735638 HTTP/1.1" 200 110
190.171.149.90 - - [12/Apr/2024:10:52:23 -0300] "GET /cormun/servlet/solicitudot?f4b5e4e1a8179cb7fe23d138d8576d379de2fdcf9716506a8c3edfe742a87b6036a6f6bf40cd8583ed3c854cb598c3f2,gx-no-cache=1712929735656 HTTP/1.1" 200 134
181.212.47.137 - - [12/Apr/2024:10:52:25 -0300] "POST /cormun/servlet/trsolicitudgral?5d29a8da0c1ad0cbda80ad838fd7b90f,,gx-no-cache=1712929743193 HTTP/1.1" 200 6661
181.212.47.137 - - [12/Apr/2024:10:52:38 -0300] "POST /cormun/servlet/trsolicitudgral?5d29a8da0c1ad0cbda80ad838fd7b90f,,gx-no-cache=1712929756270 HTTP/1.1" 200 10733
181.212.47.137 - - [12/Apr/2024:10:52:45 -0300] "GET /cormun/static/menuarrow.gif HTTP/1.1" 404 1015
190.171.149.90 - - [12/Apr/2024:10:52:49 -0300] "GET /cormun/servlet/solicitudot?f4b5e4e1a8179cb7fe23d138d8576d37a285d4867fb805d1a708156e5d789d7ecdd4aa2e9945477a2f47e31254fe6d93,gx-no-cache=1712929761972 HTTP/1.1" 200 134
181.212.47.137 - - [12/Apr/2024:10:52:50 -0300] "POST /cormun/servlet/trsolicitudgral?5d29a8da0c1ad0cbda80ad838fd7b90f,,gx-no-cache=1712929768200 HTTP/1.1" 200 7524
190.171.149.90 - - [12/Apr/2024:10:53:04 -0300] "GET /cormun/servlet/prlicenciaspermisos?11983436,L,,MD,,gxPopupLevel%3D0%3B HTTP/1.1" 200 5598
190.171.149.90 - - [12/Apr/2024:10:53:12 -0300] "POST /cormun/servlet/solicitudot?gx-no-cache=1712929784626 HTTP/1.1" 200 41
190.171.149.90 - - [12/Apr/2024:10:53:12 -0300] "GET /cormun/servlet/solicitudot?f4b5e4e1a8179cb7fe23d138d8576d3732777e1b7cbb7e7f5fa406c82264a355dfa64cb6459538e1bd889eacfc6c04b5685ba3dd27a551872089f05032e52b2f680209a3b23b987d2ffcf276826de68853c6c924240ca5823a2b6cd5ea3b115b1f17c3604775355657cde65a801c4a46,gx-no-cache=1712929785083 HTTP/1.1" 200 110
190.171.149.90 - - [12/Apr/2024:10:53:13 -0300] "POST /cormun/servlet/solicitudot?gx-no-cache=1712929785749 HTTP/1.1" 200 64
181.212.40.185 - - [12/Apr/2024:10:53:17 -0300] "GET /cormun/servlet/trlicencias? HTTP/1.1" 200 6052
181.212.40.185 - - [12/Apr/2024:10:53:17 -0300] "GET /cormun/servlet/hlogin HTTP/1.1" 200 1743
181.212.47.137 - - [12/Apr/2024:10:53:19 -0300] "POST /cormun/servlet/trsolicitudgral?5d29a8da0c1ad0cbda80ad838fd7b90f,,gx-no-cache=1712929797430 HTTP/1.1" 200 6978
181.212.40.185 - - [12/Apr/2024:10:53:27 -0300] "POST /cormun/servlet/hlogin?cd078ac7f2e0833a793102d7836b93e8,gx-no-cache=1712929798474 HTTP/1.1" 200 90
181.212.40.185 - - [12/Apr/2024:10:53:27 -0300] "GET /cormun/servlet/hpexe_link HTTP/1.1" 200 959
181.212.40.185 - - [12/Apr/2024:10:53:27 -0300] "GET /cormun/servlet/trlicencias HTTP/1.1" 200 15681
190.171.149.90 - - [12/Apr/2024:10:53:42 -0300] "GET /cormun/servlet/solicitudot?f4b5e4e1a8179cb7fe23d138d8576d37a285d4867fb805d1a708156e5d789d7ecdd4aa2e9945477a2f47e31254fe6d93,gx-no-cache=1712929815246 HTTP/1.1" 200 134
190.171.149.90 - - [12/Apr/2024:10:53:42 -0300] "POST /cormun/servlet/solicitudot?gx-no-cache=1712929815282 HTTP/1.1" 200 32
190.171.149.90 - - [12/Apr/2024:10:53:59 -0300] "GET /cormun/servlet/solicitudot?f4b5e4e1a8179cb7fe23d138d8576d37a285d4867fb805d1a708156e5d789d7ecdd4aa2e9945477a2f47e31254fe6d93,gx-no-cache=1712929831630 HTTP/1.1" 200 134
190.171.149.74 - - [12/Apr/2024:10:54:18 -0300] "POST /cormun/servlet/trlicencias?d76a273b3f132de90da92be5b48a495a,,gx-no-cache=1712929849562 HTTP/1.1" 440 972
190.171.149.74 - - [12/Apr/2024:10:54:20 -0300] "GET /cormun/servlet/trlicencias? HTTP/1.1" 200 6041
190.171.149.74 - - [12/Apr/2024:10:54:20 -0300] "GET /cormun/servlet/hlogin HTTP/1.1" 200 1730
190.171.149.74 - - [12/Apr/2024:10:54:25 -0300] "POST /cormun/servlet/hlogin?ac9c501735f75a16fe77052af0641703,gx-no-cache=1712929856537 HTTP/1.1" 200 90
190.171.149.74 - - [12/Apr/2024:10:54:25 -0300] "GET /cormun/servlet/hpexe_link HTTP/1.1" 200 949
190.171.149.74 - - [12/Apr/2024:10:54:26 -0300] "GET /cormun/servlet/trlicencias HTTP/1.1" 200 12729
181.212.47.137 - - [12/Apr/2024:10:55:18 -0300] "POST /cormun/servlet/trsolicitudgral?5d29a8da0c1ad0cbda80ad838fd7b90f,,gx-no-cache=1712929916342 HTTP/1.1" 200 7019
181.212.47.137 - - [12/Apr/2024:10:55:18 -0300] "GET /cormun/static/Shared/jqueryui/images/ui-bg_highlight-soft_100_c6c2c8_1x100.png HTTP/1.1" 404 1117
181.212.47.137 - - [12/Apr/2024:10:55:18 -0300] "GET /cormun/static/Shared/jqueryui/images/ui-icons_8d78a5_256x240.png HTTP/1.1" 404 1089
181.212.47.137 - - [12/Apr/2024:10:55:18 -0300] "GET /cormun/static/Shared/jqueryui/images/ui-icons_82798d_256x240.png HTTP/1.1" 404 1089
181.212.47.137 - - [12/Apr/2024:10:55:18 -0300] "GET /cormun/static/Shared/jqueryui/images/ui-bg_flat_55_fafafa_40x100.png HTTP/1.1" 404 1097
181.212.47.137 - - [12/Apr/2024:10:55:22 -0300] "GET /cormun/servlet/trautorizarot? HTTP/1.1" 200 11293
181.212.47.137 - - [12/Apr/2024:10:56:14 -0300] "POST /cormun/servlet/trautorizarot?5d29a8da0c1ad0cbda80ad838fd7b90f,,gx-no-cache=1712929972485 HTTP/1.1" 200 6541
181.212.47.137 - - [12/Apr/2024:10:56:19 -0300] "GET /cormun/servlet/trsolicitudgral? HTTP/1.1" 200 10041
181.212.47.137 - - [12/Apr/2024:10:56:28 -0300] "POST /cormun/servlet/trsolicitudgral?5d29a8da0c1ad0cbda80ad838fd7b90f,,gx-no-cache=1712929985765 HTTP/1.1" 200 8000
181.212.47.137 - - [12/Apr/2024:10:57:05 -0300] "POST /cormun/servlet/trsolicitudgral?5d29a8da0c1ad0cbda80ad838fd7b90f,,gx-no-cache=1712930023075 HTTP/1.1" 200 6972
181.212.47.137 - - [12/Apr/2024:10:57:09 -0300] "GET /cormun/servlet/vesolicitudgral?2024,21201,, HTTP/1.1" 200 8446
181.212.47.137 - - [12/Apr/2024:10:57:09 -0300] "GET /cormun/pexe_scrolldiv.js HTTP/1.1" 404 1009
181.212.47.137 - - [12/Apr/2024:10:58:28 -0300] "GET /cormun/servlet/vesolicitudgral?2024,21201,,SolicitudOTAdjuntos HTTP/1.1" 200 11080
181.212.47.137 - - [12/Apr/2024:10:58:28 -0300] "GET /cormun/pexe_scrolldiv.js HTTP/1.1" 404 1009
181.212.47.137 - - [12/Apr/2024:10:58:30 -0300] "POST /cormun/servlet/acontrolpreferencessavestate?None,RRHH+DANIELA,true HTTP/1.1" 200 35
181.212.47.137 - - [12/Apr/2024:10:58:36 -0300] "GET /cormun/PublicTempStorage/gomez_garcia_daniela_alejandra_%28cv%297598613.pdf HTTP/1.1" 200 151966
190.171.149.74 - - [12/Apr/2024:10:58:42 -0300] "GET /cormun/servlet/trlicencias? HTTP/1.1" 200 12727
181.212.47.137 - - [12/Apr/2024:10:58:44 -0300] "GET /cormun/servlet/vesolicitudgral?2024,21201,,SolicitudOTAdjuntos HTTP/1.1" 200 11080
190.171.149.74 - - [12/Apr/2024:10:58:45 -0300] "GET /cormun/static/menuarrow.gif HTTP/1.1" 404 1015
181.212.47.137 - - [12/Apr/2024:10:58:45 -0300] "POST /cormun/servlet/acontrolpreferencessavestate?None,RRHH+DANIELA,true HTTP/1.1" 200 35
181.212.47.137 - - [12/Apr/2024:10:58:48 -0300] "GET /cormun/PublicTempStorage/gomez_garcia_daniela_alejandra_%28c._antecedentes%293179156.pdf HTTP/1.1" 200 34396
181.212.47.137 - - [12/Apr/2024:10:59:02 -0300] "GET /cormun/servlet/vesolicitudgral?2024,21201,,SolicitudOTAdjuntos HTTP/1.1" 200 11080
181.212.47.137 - - [12/Apr/2024:10:59:03 -0300] "POST /cormun/servlet/acontrolpreferencessavestate?None,RRHH+DANIELA,true HTTP/1.1" 200 35
181.212.47.137 - - [12/Apr/2024:10:59:14 -0300] "GET /cormun/servlet/vesolicitudgral?2024,21201,,General HTTP/1.1" 200 8450
181.212.47.137 - - [12/Apr/2024:10:59:14 -0300] "GET /cormun/pexe_scrolldiv.js HTTP/1.1" 404 1009
190.171.149.74 - - [12/Apr/2024:10:59:35 -0300] "POST /cormun/servlet/trlicencias?ac9c501735f75a16fe77052af0641703,,gx-no-cache=1712930166179 HTTP/1.1" 200 8291
181.212.47.137 - - [12/Apr/2024:10:59:40 -0300] "GET /cormun/servlet/vesolicitudgral?2024,21201,,SolicitudOTAdjuntos HTTP/1.1" 200 11085
181.212.47.137 - - [12/Apr/2024:10:59:40 -0300] "GET /cormun/pexe_scrolldiv.js HTTP/1.1" 404 1009
190.171.149.74 - - [12/Apr/2024:10:59:41 -0300] "POST /cormun/servlet/trlicencias?ac9c501735f75a16fe77052af0641703,,gx-no-cache=1712930171993 HTTP/1.1" 200 100
190.171.149.74 - - [12/Apr/2024:10:59:41 -0300] "POST /cormun/servlet/trlicencias?ac9c501735f75a16fe77052af0641703,,gx-no-cache=1712930172102 HTTP/1.1" 200 8272
181.212.47.137 - - [12/Apr/2024:10:59:41 -0300] "POST /cormun/servlet/acontrolpreferencessavestate?None,RRHH+DANIELA,true HTTP/1.1" 200 35
190.171.149.74 - - [12/Apr/2024:10:59:41 -0300] "GET /cormun/Licencias-957.xls HTTP/1.1" 200 8704
181.212.47.137 - - [12/Apr/2024:10:59:42 -0300] "GET /cormun/PublicTempStorage/gomez_garcia_daniela_alejandra_%28afp%291461769.pdf HTTP/1.1" 200 62105
181.212.47.137 - - [12/Apr/2024:11:00:00 -0300] "GET /cormun/servlet/vesolicitudgral?2024,21201,,SolicitudOTAdjuntos HTTP/1.1" 200 11084
181.212.47.137 - - [12/Apr/2024:11:00:01 -0300] "POST /cormun/servlet/acontrolpreferencessavestate?None,RRHH+DANIELA,true HTTP/1.1" 200 35
181.212.47.137 - - [12/Apr/2024:11:00:02 -0300] "GET /cormun/PublicTempStorage/gomez_garcia_daniela_alejandra_%28fonasa%297207390.pdf HTTP/1.1" 200 71804
190.171.149.74 - - [12/Apr/2024:11:00:42 -0300] "POST /cormun/servlet/trlicencias?ac9c501735f75a16fe77052af0641703,,gx-no-cache=1712930232698 HTTP/1.1" 200 6662
190.171.149.74 - - [12/Apr/2024:11:00:44 -0300] "GET /cormun/servlet/licenciaspermisos?INS,0,,, HTTP/1.1" 200 7588
190.171.149.74 - - [12/Apr/2024:11:00:46 -0300] "POST /cormun/servlet/licenciaspermisos?ac9c501735f75a16fe77052af0641703,INS,0,,,,gx-no-cache=1712930237370 HTTP/1.1" 200 93
190.171.149.74 - - [12/Apr/2024:11:00:46 -0300] "GET /cormun/servlet/hpexe_return? HTTP/1.1" 200 1006
190.171.149.74 - - [12/Apr/2024:11:00:47 -0300] "GET /cormun/servlet/trlicencias? HTTP/1.1" 200 9298
190.171.149.74 - - [12/Apr/2024:11:00:49 -0300] "POST /cormun/servlet/trlicencias?ac9c501735f75a16fe77052af0641703,,gx-no-cache=1712930239585 HTTP/1.1" 200 101
190.171.149.74 - - [12/Apr/2024:11:00:49 -0300] "POST /cormun/servlet/trlicencias?ac9c501735f75a16fe77052af0641703,,gx-no-cache=1712930239657 HTTP/1.1" 200 6641
190.171.149.74 - - [12/Apr/2024:11:00:49 -0300] "GET /cormun/Licencias-8495.xls HTTP/1.1" 200 6144
181.212.47.137 - - [12/Apr/2024:11:01:05 -0300] "GET /cormun/servlet/vesolicitudgral?2024,21201,,SolicitudOTAdjuntos HTTP/1.1" 200 11085
181.212.47.137 - - [12/Apr/2024:11:01:06 -0300] "POST /cormun/servlet/acontrolpreferencessavestate?None,RRHH+DANIELA,true HTTP/1.1" 200 35
190.171.149.74 - - [12/Apr/2024:11:01:41 -0300] "GET /cormun/static/menuarrow.gif HTTP/1.1" 404 1015
181.212.47.137 - - [12/Apr/2024:11:01:49 -0300] "GET /cormun/servlet/vesolicitudgral?2024,21201,,General HTTP/1.1" 200 8454
181.212.47.137 - - [12/Apr/2024:11:01:49 -0300] "GET /cormun/pexe_scrolldiv.js HTTP/1.1" 404 1009
190.171.149.74 - - [12/Apr/2024:11:01:59 -0300] "POST /cormun/servlet/trlicencias?ac9c501735f75a16fe77052af0641703,,gx-no-cache=1712930310073 HTTP/1.1" 200 5946
190.171.149.74 - - [12/Apr/2024:11:02:01 -0300] "POST /cormun/servlet/trlicencias?ac9c501735f75a16fe77052af0641703,,gx-no-cache=1712930312336 HTTP/1.1" 200 101
190.171.149.74 - - [12/Apr/2024:11:02:01 -0300] "POST /cormun/servlet/trlicencias?ac9c501735f75a16fe77052af0641703,,gx-no-cache=1712930312451 HTTP/1.1" 200 5923
190.171.149.74 - - [12/Apr/2024:11:02:01 -0300] "GET /cormun/Licencias-6407.xls HTTP/1.1" 200 6144
190.95.15.15 - - [12/Apr/2024:11:03:06 -0300] "GET /cormun/servlet/apermisogoceprn?16130334,P,20240412094728,PU HTTP/1.1" 200 1651
181.212.47.137 - - [12/Apr/2024:11:07:20 -0300] "GET /cormun/servlet/trsolicitudgral? HTTP/1.1" 200 8319
181.212.47.137 - - [12/Apr/2024:11:07:48 -0300] "POST /cormun/servlet/trsolicitudgral?5d29a8da0c1ad0cbda80ad838fd7b90f,,gx-no-cache=1712930665880 HTTP/1.1" 200 26573
181.212.47.137 - - [12/Apr/2024:11:08:13 -0300] "POST /cormun/servlet/trsolicitudgral?5d29a8da0c1ad0cbda80ad838fd7b90f,,gx-no-cache=1712930691195 HTTP/1.1" 200 6679
181.212.47.137 - - [12/Apr/2024:11:08:17 -0300] "GET /cormun/servlet/vesolicitudgral?2024,21199,, HTTP/1.1" 200 8373
181.212.47.137 - - [12/Apr/2024:11:08:17 -0300] "GET /cormun/pexe_scrolldiv.js HTTP/1.1" 404 1009
209.141.55.133 - tomcat [12/Apr/2024:11:08:37 -0300] "GET /manager/html HTTP/1.1" 403 3196
181.212.47.137 - - [12/Apr/2024:11:08:59 -0300] "POST /cormun/servlet/vesolicitudgral?5d29a8da0c1ad0cbda80ad838fd7b90f,2024,21199,,,gx-no-cache=1712930736801 HTTP/1.1" 200 12275
181.212.47.137 - - [12/Apr/2024:11:08:59 -0300] "GET /cormun/static/Shared/jqueryui/images/ui-bg_highlight-soft_100_c6c2c8_1x100.png HTTP/1.1" 404 1117
181.212.47.137 - - [12/Apr/2024:11:08:59 -0300] "GET /cormun/static/Shared/jqueryui/images/ui-icons_8d78a5_256x240.png HTTP/1.1" 404 1089
