190.95.15.15 - - [09/Apr/2024:09:52:21 -0300] "GET /cormun/static/PXToolsJavascripts/pexe_cookies.js HTTP/1.1" 200 792
190.95.15.15 - - [09/Apr/2024:09:52:21 -0300] "GET /cormun/static/PXToolsJavascripts/pexe_grid.js HTTP/1.1" 200 7559
190.95.15.15 - - [09/Apr/2024:09:52:21 -0300] "GET /cormun/static/PXToolsJavascripts/pexe_windows.js HTTP/1.1" 200 15249
190.95.15.15 - - [09/Apr/2024:09:52:21 -0300] "GET /cormun/static/PXToolsJavascripts/pexe_griddivfix.js HTTP/1.1" 200 6946
190.95.15.15 - - [09/Apr/2024:09:52:21 -0300] "GET /cormun/static/PXToolsJavascripts/pexe_menudivfix.js HTTP/1.1" 200 333
190.95.15.15 - - [09/Apr/2024:09:52:21 -0300] "GET /cormun/static/PXToolsJavascripts/pexe_menus.js HTTP/1.1" 200 1286
190.95.15.15 - - [09/Apr/2024:09:52:21 -0300] "GET /cormun/static/PXToolsJavascripts/pexe_link.js HTTP/1.1" 200 5671
190.95.15.15 - - [09/Apr/2024:09:52:21 -0300] "GET /cormun/static/PXToolsJavascripts/pexe_layers.js HTTP/1.1" 200 4114
190.95.15.15 - - [09/Apr/2024:09:52:21 -0300] "GET /cormun/static/PXToolsJavascripts/pexe_oav.js HTTP/1.1" 200 645
190.95.15.15 - - [09/Apr/2024:09:52:21 -0300] "GET /cormun/static/PXToolsJavascripts/pexe_oavdivfix.js HTTP/1.1" 200 639
190.95.15.15 - - [09/Apr/2024:09:52:21 -0300] "GET /cormun/static/Resources/Spanish/PXTools.css?14345360 HTTP/1.1" 200 100853
190.95.15.15 - - [09/Apr/2024:09:52:21 -0300] "GET /cormun/static/PXToolsJavascripts/pexe_picture.js HTTP/1.1" 200 689
190.95.15.15 - - [09/Apr/2024:09:52:21 -0300] "GET /cormun/static/PXToolsJavascripts/pexe_popup.js HTTP/1.1" 200 15149
190.95.15.15 - - [09/Apr/2024:09:52:21 -0300] "GET /cormun/static/PXToolsJavascripts/pexe_scrolldiv.js HTTP/1.1" 200 4138
190.95.15.15 - - [09/Apr/2024:09:52:21 -0300] "GET /cormun/static/PXToolsJavascripts/pexe_tabs.js HTTP/1.1" 200 3748
190.95.15.15 - - [09/Apr/2024:09:52:21 -0300] "GET /cormun/static/PXToolsJavascripts/pexe_tabdivfix.js HTTP/1.1" 200 898
190.95.15.15 - - [09/Apr/2024:09:52:21 -0300] "GET /cormun/static/PXToolsJavascripts/pexe_upload.js HTTP/1.1" 200 1423
190.95.15.15 - - [09/Apr/2024:09:52:21 -0300] "GET /cormun/static/PXToolsJavascripts/PXToolsJavascriptsRender.js HTTP/1.1" 200 367
190.95.15.15 - - [09/Apr/2024:09:52:21 -0300] "GET /cormun/static/Resources/CormunMP2.png HTTP/1.1" 200 6878
190.95.15.15 - - [09/Apr/2024:09:52:21 -0300] "GET /cormun/static/Resources/ImgHome.png HTTP/1.1" 200 1364
190.95.15.15 - - [09/Apr/2024:09:52:21 -0300] "GET /cormun/static/RunJS/RunJS.js HTTP/1.1" 200 288
190.95.15.15 - - [09/Apr/2024:09:52:21 -0300] "GET /cormun/static/Resources/Llave.png HTTP/1.1" 200 1395
190.95.15.15 - - [09/Apr/2024:09:52:21 -0300] "GET /cormun/static/Resources/ImgLogin.png HTTP/1.1" 200 1432
190.95.15.15 - - [09/Apr/2024:09:52:21 -0300] "GET /cormun/static/Shared/ext/locale/ext-lang-en.js HTTP/1.1" 200 10940
190.95.15.15 - - [09/Apr/2024:09:52:21 -0300] "GET /cormun/static/Resources/PXToolsDataTitle.png HTTP/1.1" 200 1173
190.95.15.15 - - [09/Apr/2024:09:52:21 -0300] "GET /cormun/static/hhome.js?20201215495544 HTTP/1.1" 200 777
190.95.15.15 - - [09/Apr/2024:09:52:21 -0300] "GET /cormun/static/hwchdr01.js?2022112219251119 HTTP/1.1" 200 996
190.95.15.15 - - [09/Apr/2024:09:52:21 -0300] "GET /cormun/static/hpexe_recentlink.js?20201214471090 HTTP/1.1" 200 2144
190.95.15.15 - - [09/Apr/2024:09:52:21 -0300] "GET /cormun/static/hpexe_messagecontroller.js?202211298371222 HTTP/1.1" 200 870
190.95.15.15 - - [09/Apr/2024:09:52:21 -0300] "GET /cormun/static/hpexe_scripts.js?20201214471411 HTTP/1.1" 200 1544
190.95.15.15 - - [09/Apr/2024:09:52:21 -0300] "GET /cormun/static/hpexe_messagepopupcomponent.js?2020121447232 HTTP/1.1" 200 605
190.95.15.15 - - [09/Apr/2024:09:52:21 -0300] "GET /cormun/static/hpexe_messagegenexuscomponent.js?20221129836373 HTTP/1.1" 200 587
190.95.15.15 - - [09/Apr/2024:09:52:21 -0300] "GET /cormun/static/gxui/gxui-all.js HTTP/1.1" 200 107772
190.95.15.15 - - [09/Apr/2024:09:52:21 -0300] "GET /cormun/static/cmcontrolpreferences.js?20199141926336 HTTP/1.1" 200 1375
190.95.15.15 - - [09/Apr/2024:09:52:21 -0300] "GET /cormun/static/SmoothNavMenu/resources/ddsmoothmenu.js HTTP/1.1" 200 12712
190.95.15.15 - - [09/Apr/2024:09:52:21 -0300] "GET /cormun/static/SmoothNavMenu/resources/SmoothNavMenuRender.js HTTP/1.1" 200 5951
190.95.15.15 - - [09/Apr/2024:09:52:21 -0300] "GET /cormun/static/Shared/jquery/jquery-1.4.2.min.js HTTP/1.1" 200 72174
190.95.15.15 - - [09/Apr/2024:09:52:21 -0300] "GET /cormun/static/scaMessage/js/jquery.pnotify.min.js HTTP/1.1" 200 13038
190.95.15.15 - - [09/Apr/2024:09:52:21 -0300] "GET /cormun/static/scaMessage/scaMessageRender.js HTTP/1.1" 200 11977
190.95.15.15 - - [09/Apr/2024:09:52:21 -0300] "GET /cormun/static/hmpwkw03.js?20221129844354 HTTP/1.1" 200 3971
190.95.15.15 - - [09/Apr/2024:09:52:21 -0300] "GET /cormun/static/Shared/jqueryui/jquery-ui.min.js HTTP/1.1" 200 240427
190.95.15.15 - - [09/Apr/2024:09:52:21 -0300] "GET /cormun/static/Shared/ext/ext-all.js HTTP/1.1" 200 1289687
190.95.15.15 - - [09/Apr/2024:09:52:22 -0300] "GET /cormun/static/Shared/jquery/jquery-1.10.2.min.js HTTP/1.1" 200 273199
190.95.15.15 - - [09/Apr/2024:09:52:22 -0300] "GET /cormun/static/SmoothNavMenu/resources/images/down.gif HTTP/1.1" 200 854
190.95.15.15 - - [09/Apr/2024:09:52:24 -0300] "GET /cormun/servlet/trlicencias? HTTP/1.1" 200 9882
190.95.15.15 - - [09/Apr/2024:09:52:24 -0300] "GET /cormun/static/gxui/gxui-all.css?120300 HTTP/1.1" 200 2179
190.95.15.15 - - [09/Apr/2024:09:52:24 -0300] "GET /cormun/static/calendar-system.css?85620 HTTP/1.1" 200 5572
190.95.15.15 - - [09/Apr/2024:09:52:24 -0300] "GET /cormun/static/calendar.js?85251 HTTP/1.1" 200 26246
190.95.15.15 - - [09/Apr/2024:09:52:24 -0300] "GET /cormun/static/gxcfg.js?202211298463625 HTTP/1.1" 200 953
190.95.15.15 - - [09/Apr/2024:09:52:24 -0300] "GET /cormun/static/calendar-setup.js?85251 HTTP/1.1" 200 2588
190.95.15.15 - - [09/Apr/2024:09:52:24 -0300] "GET /cormun/static/calendar-es.js?85251 HTTP/1.1" 200 1901
190.95.15.15 - - [09/Apr/2024:09:52:24 -0300] "GET /cormun/static/Resources/PXTools/calendar.png HTTP/1.1" 200 1306
190.95.15.15 - - [09/Apr/2024:09:52:24 -0300] "GET /cormun/static/gxdec.js?85251 HTTP/1.1" 200 19579
190.95.15.15 - - [09/Apr/2024:09:52:24 -0300] "GET /cormun/static/trlicencias.js?202211298463889 HTTP/1.1" 200 41883
190.95.15.15 - - [09/Apr/2024:09:52:24 -0300] "GET /cormun/static/Resources/PXToolsDataSearch.png HTTP/1.1" 200 435
190.95.15.15 - - [09/Apr/2024:09:52:24 -0300] "GET /cormun/static/Resources/PXToolsGridFirstDisabled.gif HTTP/1.1" 200 100
190.95.15.15 - - [09/Apr/2024:09:52:24 -0300] "GET /cormun/static/Shared/ext/resources/css/ext-all.css?215870 HTTP/1.1" 200 416045
190.95.15.15 - - [09/Apr/2024:09:52:24 -0300] "GET /cormun/static/Resources/PXToolsGridPreviousDisabled.gif HTTP/1.1" 200 90
190.95.15.15 - - [09/Apr/2024:09:52:24 -0300] "GET /cormun/static/Resources/PXToolsGridNextDisabled.gif HTTP/1.1" 200 90
190.95.15.15 - - [09/Apr/2024:09:52:24 -0300] "GET /cormun/static/Resources/PXToolsGridLastDisabled.gif HTTP/1.1" 200 98
190.95.15.15 - - [09/Apr/2024:09:52:25 -0300] "GET /cormun/static/Resources/PXToolsAddAllAction.png HTTP/1.1" 200 495
190.95.15.15 - - [09/Apr/2024:09:52:25 -0300] "GET /cormun/static/Resources/PXToolsGridPage.gif HTTP/1.1" 200 725
190.95.15.15 - - [09/Apr/2024:09:52:25 -0300] "GET /cormun/static/Resources/PXToolsActionExcel.png HTTP/1.1" 200 727
190.95.15.15 - - [09/Apr/2024:09:52:25 -0300] "GET /cormun/static/Resources/desc.gif HTTP/1.1" 200 65
190.95.15.15 - - [09/Apr/2024:09:52:25 -0300] "GET /cormun//static/Resources/PXTools/ActionInsert.png HTTP/1.1" 200 1482
190.95.15.15 - - [09/Apr/2024:09:52:25 -0300] "GET /cormun/static/Resources/asc.gif HTTP/1.1" 200 67
190.95.15.15 - - [09/Apr/2024:09:52:25 -0300] "GET /cormun//static/Resources/PXToolsGridDisplay.png HTTP/1.1" 200 525
190.95.15.15 - - [09/Apr/2024:09:52:25 -0300] "GET /cormun//static/Resources/PXToolsActionPrint.png HTTP/1.1" 200 404
190.95.15.15 - - [09/Apr/2024:09:52:25 -0300] "GET /cormun//static/Resources/PXToolsActionDisabled.gif HTTP/1.1" 200 53
190.95.15.15 - - [09/Apr/2024:09:52:25 -0300] "GET /cormun//static/Resources/PXToolsHeaderFavorites.png HTTP/1.1" 200 1414
190.95.15.15 - - [09/Apr/2024:09:52:25 -0300] "GET /cormun//static/Resources/PXToolsHeaderHelp.png HTTP/1.1" 200 1333
190.95.15.15 - - [09/Apr/2024:09:52:25 -0300] "GET /cormun/static/Shared/ext/resources/themes/images/default/tools/tool-sprites.gif HTTP/1.1" 200 5434
190.95.15.15 - - [09/Apr/2024:09:52:25 -0300] "GET /cormun/static/Shared/ext/resources/themes/images/default/panel/bg-headersPanel.png HTTP/1.1" 200 255
200.54.103.162 - - [09/Apr/2024:09:53:09 -0300] "GET /cormun/servlet/hhome HTTP/1.1" 200 3325
200.54.103.162 - - [09/Apr/2024:09:53:09 -0300] "GET /cormun/servlet/hlogin HTTP/1.1" 200 1734
200.54.103.162 - - [09/Apr/2024:09:53:09 -0300] "GET /favicon.ico HTTP/1.1" 200 21630
200.54.103.162 - - [09/Apr/2024:09:53:12 -0300] "POST /cormun/servlet/hlogin?1b772daf7b4d1d18f80009681abba2bb,gx-no-cache=1712666989051 HTTP/1.1" 200 90
200.54.103.162 - - [09/Apr/2024:09:53:12 -0300] "GET /cormun/servlet/hpexe_link HTTP/1.1" 200 952
200.54.103.162 - - [09/Apr/2024:09:53:13 -0300] "GET /cormun/servlet/hhome HTTP/1.1" 200 4344
200.54.103.162 - - [09/Apr/2024:09:53:15 -0300] "GET /cormun/servlet/trlicencias? HTTP/1.1" 200 11113
200.54.103.162 - - [09/Apr/2024:09:53:24 -0300] "GET /cormun/servlet/trsolicitudot? HTTP/1.1" 200 8995
200.54.103.162 - - [09/Apr/2024:09:53:24 -0300] "GET /cormun/static/gxcfg.js?20221129846531 HTTP/1.1" 200 953
200.54.103.162 - - [09/Apr/2024:09:53:24 -0300] "GET /cormun/static/trsolicitudot.js?202211298465651 HTTP/1.1" 200 54040
200.54.103.162 - - [09/Apr/2024:09:53:24 -0300] "GET /cormun//static/Resources/PXToolsActionView.png HTTP/1.1" 200 398
200.54.103.162 - - [09/Apr/2024:09:53:24 -0300] "GET /cormun//static/Resources/PXToolsRemoveAllAction.png HTTP/1.1" 200 487
200.54.103.162 - - [09/Apr/2024:09:53:40 -0300] "GET /cormun/servlet/vesolicitudot?2024,20823,, HTTP/1.1" 200 8740
200.54.103.162 - - [09/Apr/2024:09:53:40 -0300] "GET /cormun/static/gxcfg.js?202211298465857 HTTP/1.1" 200 953
200.54.103.162 - - [09/Apr/2024:09:53:40 -0300] "GET /cormun/pexe_scrolldiv.js HTTP/1.1" 404 1009
200.54.103.162 - - [09/Apr/2024:09:53:40 -0300] "GET /cormun/static/Resources/PXToolsTabFirstSelected.png HTTP/1.1" 200 1270
200.54.103.162 - - [09/Apr/2024:09:53:40 -0300] "GET /cormun/static/vesolicitudot.js?202211298465886 HTTP/1.1" 200 6091
200.54.103.162 - - [09/Apr/2024:09:53:40 -0300] "GET /cormun/static/hwcviewtabs.js?201991422154026 HTTP/1.1" 200 1074
200.54.103.162 - - [09/Apr/2024:09:53:40 -0300] "GET /cormun/static/hpexe_tabsview.js?2020121447381 HTTP/1.1" 200 1661
200.54.103.162 - - [09/Apr/2024:09:53:40 -0300] "GET /cormun/static/Resources/PXToolsTabPrevious.gif HTTP/1.1" 200 172
200.54.103.162 - - [09/Apr/2024:09:53:40 -0300] "GET /cormun/static/Resources/PXToolsTabLastUnselected.png HTTP/1.1" 200 1297
200.54.103.162 - - [09/Apr/2024:09:53:40 -0300] "GET /cormun/static/tbsolicitudot01.js?20201214462316 HTTP/1.1" 200 30566
200.54.103.162 - - [09/Apr/2024:09:53:40 -0300] "GET /cormun/static/Resources/PXToolsTabNext.gif HTTP/1.1" 200 168
200.54.103.162 - - [09/Apr/2024:09:53:40 -0300] "GET /cormun/static/calendar-system.css HTTP/1.1" 200 5572
200.54.103.162 - - [09/Apr/2024:09:53:40 -0300] "GET /cormun/static/Resources/PXToolsTabBackUnselected.png HTTP/1.1" 200 1175
200.54.103.162 - - [09/Apr/2024:09:53:40 -0300] "GET /cormun/static/Resources/PXToolsTabBackSelected.png HTTP/1.1" 200 1157
200.54.103.162 - - [09/Apr/2024:09:53:40 -0300] "GET /cormun/static/Resources/PXToolsTabSelectedUnselected.png HTTP/1.1" 200 1451
200.54.103.162 - - [09/Apr/2024:09:53:40 -0300] "GET /cormun/static/Resources/PXToolsTabUnselectedUnselected.png HTTP/1.1" 200 1470
200.54.103.162 - - [09/Apr/2024:09:54:00 -0300] "GET /cormun/servlet/trsolicitudot? HTTP/1.1" 200 8996
200.54.103.162 - - [09/Apr/2024:09:54:05 -0300] "GET /cormun/servlet/solicitudot?INS,0,0,false, HTTP/1.1" 200 16321
200.54.103.162 - - [09/Apr/2024:09:54:05 -0300] "GET /cormun/static/gxcfg.js?20221129840861 HTTP/1.1" 200 953
200.54.103.162 - - [09/Apr/2024:09:54:05 -0300] "GET /cormun/static/solicitudot.js?20221129840983 HTTP/1.1" 200 74072
200.54.103.162 - - [09/Apr/2024:09:54:21 -0300] "POST /cormun/servlet/solicitudot?gx-no-cache=1712667057104 HTTP/1.1" 200 4031
200.54.103.162 - - [09/Apr/2024:09:54:21 -0300] "POST /cormun/servlet/solicitudot?1b772daf7b4d1d18f80009681abba2bb,INS,0,0,false,,gx-no-cache=1712667057248 HTTP/1.1" 200 12885
200.54.103.162 - - [09/Apr/2024:09:54:24 -0300] "GET /cormun/servlet/solicitudot?c53492d0f22108da7511f281da5cac1ebb5b5bf354cc0f08289c0a30bdcb7f64d91900ef1f23f4c77b0e65033a79e09a,gx-no-cache=1712667060501 HTTP/1.1" 200 30
200.54.103.162 - - [09/Apr/2024:09:56:10 -0300] "GET /cormun/static/Resources/resize.gif HTTP/1.1" 200 77
200.54.103.162 - - [09/Apr/2024:09:56:10 -0300] "GET /cormun/static/Resources/PXTools/ClosePrompt.png HTTP/1.1" 200 1036
200.54.103.162 - - [09/Apr/2024:09:56:10 -0300] "GET /cormun/servlet/prbanco?,MD,,gxPopupLevel%3D0%3B HTTP/1.1" 200 6694
200.54.103.162 - - [09/Apr/2024:09:56:10 -0300] "GET /cormun/static/gxcfg.js?20201216131581 HTTP/1.1" 200 953
200.54.103.162 - - [09/Apr/2024:09:56:10 -0300] "GET /cormun/static/Resources/PXToolsMenuSearch.png HTTP/1.1" 200 336
200.54.103.162 - - [09/Apr/2024:09:56:10 -0300] "GET /cormun/static/prbanco.js?20201216132311 HTTP/1.1" 200 10693
200.54.103.162 - - [09/Apr/2024:09:56:10 -0300] "GET /cormun/static/menusearch.js?20201214473581 HTTP/1.1" 200 1424
200.54.103.162 - - [09/Apr/2024:09:56:10 -0300] "GET /cormun/static/Resources/PXToolsMenuSearchCancel.png HTTP/1.1" 200 306
200.54.103.162 - - [09/Apr/2024:09:56:10 -0300] "GET /cormun/static/hmpwkw011.js?202211298443482 HTTP/1.1" 200 1968
200.54.103.162 - - [09/Apr/2024:09:56:13 -0300] "GET /cormun/servlet/solicitudot?c53492d0f22108da7511f281da5cac1ec1e47ca540aa95d49adab6cbdcb7dd1ae34a0fff95220b83956a894e1223c0c1,gx-no-cache=1712667169729 HTTP/1.1" 200 30
200.54.103.162 - - [09/Apr/2024:09:56:14 -0300] "GET /cormun/servlet/solicitudot?c53492d0f22108da7511f281da5cac1ea1211dec524218589ca7a2cf073aeeee,gx-no-cache=1712667170853 HTTP/1.1" 200 53
200.54.103.162 - - [09/Apr/2024:09:56:31 -0300] "POST /cormun/servlet/solicitudot?gx-no-cache=1712667187747 HTTP/1.1" 200 255
200.54.103.162 - - [09/Apr/2024:09:56:33 -0300] "GET /cormun/servlet/solicitudot?c53492d0f22108da7511f281da5cac1e629125b92a2107c892d2ac30a2c62662bd5ea5c897f1225ab52ffbf33852e8a374bb4921c93c421085968a7edf8d2f6fcc363ecf68f5057a1b3b4ba0046f4c12a3206311c712cea513e22e22379ef3e45461637325da4fa91ea5bf940eff129e17e6afe6d9683d364ec43f8a76a043d9444da33b64fc15b40a898d233bb14fcc5321b9705f8773fa7e6e831726dfcfa95280b2229037fc258fccc4f177c1e165ee2a49188878125183280827c3ffcbc84be97b9a6aacf933fb5feb928b8c0cba3cd34d9d4472b52ae45d97331f1981315c8b620fc7aebe39b429347df886bc24ad4771f34762edb6fa78a5c1d9a0a66f06ccf8926c654066972393d67e1e6122c397f8d8bd570220bfd855b6899307f4733bf2ee355cca2a427de7b369a50f70868506dafedce1c352f994e5209c97fa2135eb6056b6e360738fdf17af71e5b800071ddf4af7139e46ef73951d5b8872a23190dbc1f0bd67b2d2ba401d78a2a12f2a6b79f3fdcdc0440402121649f110,gx-no-cache=1712667189852 HTTP/1.1" 200 30
200.54.103.162 - - [09/Apr/2024:09:56:37 -0300] "POST /cormun/servlet/solicitudot?gx-no-cache=1712667193860 HTTP/1.1" 200 30
190.171.149.90 - - [09/Apr/2024:09:56:38 -0300] "GET /cormun/servlet/trlicencias? HTTP/1.1" 200 10102
200.54.103.162 - - [09/Apr/2024:09:56:39 -0300] "POST /cormun/servlet/solicitudot?gx-no-cache=1712667196025 HTTP/1.1" 200 1481
200.54.103.162 - - [09/Apr/2024:09:56:39 -0300] "POST /cormun/servlet/solicitudot?gx-no-cache=1712667196053 HTTP/1.1" 200 38
190.171.142.26 - - [09/Apr/2024:09:57:00 -0300] "GET /cormun/servlet/trlicencias? HTTP/1.1" 200 6051
190.171.142.26 - - [09/Apr/2024:09:57:00 -0300] "GET /cormun/servlet/hlogin HTTP/1.1" 200 1737
190.171.142.26 - - [09/Apr/2024:09:57:03 -0300] "POST /cormun/servlet/hlogin?cea8a01a8e2f6cbaed391c58f5c0825f,gx-no-cache=1712667219844 HTTP/1.1" 200 90
190.171.142.26 - - [09/Apr/2024:09:57:03 -0300] "GET /cormun/servlet/hpexe_link HTTP/1.1" 200 956
190.171.142.26 - - [09/Apr/2024:09:57:04 -0300] "GET /cormun/servlet/trlicencias HTTP/1.1" 200 12777
200.54.103.162 - - [09/Apr/2024:09:57:11 -0300] "GET /cormun/servlet/solicitudot?c53492d0f22108da7511f281da5cac1e1cf733a7b72bbc8cb4e453363681f737cfdfa326dc977d7c39c56099f06dc128ec43d9337517138d34dbd80a268e15494045f3a2fcfc01dda3347b6be8484567052353ea2315f86b6840a2cefcb1088e9c864d54c847bfd5fd69676c65f95e49,gx-no-cache=1712667227917 HTTP/1.1" 200 110
200.54.103.162 - - [09/Apr/2024:09:57:23 -0300] "POST /cormun/servlet/solicitudot?gx-no-cache=1712667239317 HTTP/1.1" 200 97
200.54.103.162 - - [09/Apr/2024:09:57:34 -0300] "GET /cormun/servlet/solicitudot?c53492d0f22108da7511f281da5cac1ee0c9fa3a53b9e0e5a43e979863d0c70dee94f4a4f401aa1ffa6134d59510e1a74cada07217baf8b54e1c4c696c327abffaa66c8cc385135fa38f1eec395dc3aa07b5ca935ef6e172397f8ef9b4aceb3a115912a8d7ec2858606f0cefa3d106de,gx-no-cache=1712667250237 HTTP/1.1" 200 29
200.54.103.162 - - [09/Apr/2024:09:57:34 -0300] "GET /cormun/static/menuarrow.gif HTTP/1.1" 404 1015
200.54.103.162 - - [09/Apr/2024:09:57:36 -0300] "GET /cormun/servlet/solicitudot?c53492d0f22108da7511f281da5cac1e62c49c7282a1ae1a3834558a07cc460929db38962693aa38c8825df8ca5195dd,gx-no-cache=1712667252778 HTTP/1.1" 200 30
181.212.43.89 - - [09/Apr/2024:09:57:40 -0300] "GET /cormun/servlet/solicitudotadjuntos?faf21e9ed541918f7e8d8348873ffc9ec336de2085d48c3ed3cd2cac34957226,gx-no-cache=1712667256365 HTTP/1.1" 440 972
181.212.43.89 - - [09/Apr/2024:09:57:42 -0300] "GET /cormun/servlet/solicitudotadjuntos?faf21e9ed541918f7e8d8348873ffc9ec336de2085d48c3ed3cd2cac34957226,gx-no-cache=1712667257929 HTTP/1.1" 440 972
181.212.43.89 - - [09/Apr/2024:09:57:42 -0300] "GET /cormun/servlet/solicitudotadjuntos?INS,2024,21186,,1, HTTP/1.1" 200 5214
181.212.43.89 - - [09/Apr/2024:09:57:44 -0300] "POST /cormun/servlet/solicitudotadjuntos?998e764f0d2c0c5f1a3a18021b61c590,INS,2024,21186,,1, HTTP/1.1" 440 972
181.212.43.89 - - [09/Apr/2024:09:57:44 -0300] "GET /cormun/servlet/solicitudotadjuntos?INS,2024,21186,,1, HTTP/1.1" 200 5214
181.212.43.89 - - [09/Apr/2024:09:57:44 -0300] "GET /cormun/static/about:blank HTTP/1.1" 404 1011
181.212.43.89 - - [09/Apr/2024:09:57:44 -0300] "GET /cormun/servlet/hlogin HTTP/1.1" 200 1753
200.54.103.162 - - [09/Apr/2024:09:57:48 -0300] "POST /cormun/servlet/solicitudot?gx-no-cache=1712667265143 HTTP/1.1" 200 30
181.212.43.89 - - [09/Apr/2024:09:57:50 -0300] "POST /cormun/servlet/hlogin?39501e74d5c03df7952bab5071b5e8eb,gx-no-cache=1712667265898 HTTP/1.1" 200 90
181.212.43.89 - - [09/Apr/2024:09:57:50 -0300] "GET /cormun/servlet/hpexe_link HTTP/1.1" 200 971
181.212.43.89 - - [09/Apr/2024:09:57:50 -0300] "GET /cormun/servlet/solicitudotadjuntos?INS,2024,21186,,1, HTTP/1.1" 200 5888
181.212.43.89 - - [09/Apr/2024:09:57:50 -0300] "GET /cormun/static/about:blank HTTP/1.1" 404 1011
181.212.43.89 - - [09/Apr/2024:09:57:51 -0300] "GET /cormun/servlet/solicitudotadjuntos?23e20167b10e51bd330a4c80cf02858d65d12ea8807c75ccb1cd75cd378063dd386e5bc42de35389f0a5a555dfce5956,gx-no-cache=1712667266664 HTTP/1.1" 200 30
181.212.43.89 - - [09/Apr/2024:09:57:51 -0300] "POST /cormun/servlet/solicitudotadjuntos?39501e74d5c03df7952bab5071b5e8eb,INS,2024,21186,,1,,gx-no-cache=1712667266677 HTTP/1.1" 200 3646
181.212.43.89 - - [09/Apr/2024:09:57:53 -0300] "POST /cormun/servlet/solicitudotadjuntos?gx-no-cache=1712667269017 HTTP/1.1" 200 26
200.54.103.162 - - [09/Apr/2024:09:57:56 -0300] "POST /cormun/servlet/solicitudot?1b772daf7b4d1d18f80009681abba2bb,INS,0,0,false,,gx-no-cache=1712667267598 HTTP/1.1" 200 93
200.54.103.162 - - [09/Apr/2024:09:57:56 -0300] "GET /cormun/servlet/hpexe_return? HTTP/1.1" 200 1010
200.54.103.162 - - [09/Apr/2024:09:57:56 -0300] "GET /cormun/servlet/trsolicitudot HTTP/1.1" 200 9462
200.54.103.162 - - [09/Apr/2024:09:58:03 -0300] "POST /cormun/servlet/trsolicitudot?1b772daf7b4d1d18f80009681abba2bb,gx-no-cache=1712667279726 HTTP/1.1" 200 107
200.54.103.162 - - [09/Apr/2024:09:58:03 -0300] "GET /cormun/servlet/trsolicitudadjuntos?2024,21198, HTTP/1.1" 200 6455
200.54.103.162 - - [09/Apr/2024:09:58:03 -0300] "GET /cormun/static/gxcfg.js?20201215574222 HTTP/1.1" 200 953
200.54.103.162 - - [09/Apr/2024:09:58:03 -0300] "GET /cormun/static/Resources/PXToolsGridNew.png HTTP/1.1" 200 427
200.54.103.162 - - [09/Apr/2024:09:58:03 -0300] "GET /cormun/static/trsolicitudadjuntos.js?20201215574932 HTTP/1.1" 200 17921
200.54.103.162 - - [09/Apr/2024:09:58:05 -0300] "GET /cormun/servlet/solicitudotadjuntos?INS,2024,21198,,1, HTTP/1.1" 200 6396
200.54.103.162 - - [09/Apr/2024:09:58:05 -0300] "GET /cormun/static/gxcfg.js?202211298385187 HTTP/1.1" 200 953
200.54.103.162 - - [09/Apr/2024:09:58:05 -0300] "GET /cormun/static/solicitudotadjuntos.js?202211298385196 HTTP/1.1" 200 11771
200.54.103.162 - - [09/Apr/2024:09:58:05 -0300] "GET /cormun/static/about:blank HTTP/1.1" 404 1011
181.212.43.89 - - [09/Apr/2024:09:58:06 -0300] "GET /cormun/servlet/solicitudotadjuntos?23e20167b10e51bd330a4c80cf02858d6525500c422a282638f5717ed02519a2,gx-no-cache=1712667281638 HTTP/1.1" 200 30
181.212.43.89 - - [09/Apr/2024:09:58:06 -0300] "GET /cormun/servlet/solicitudotadjuntos?23e20167b10e51bd330a4c80cf02858d6525500c422a282638f5717ed02519a2,gx-no-cache=1712667281650 HTTP/1.1" 200 30
200.54.103.162 - - [09/Apr/2024:09:58:06 -0300] "GET /cormun/servlet/solicitudotadjuntos?c53492d0f22108da7511f281da5cac1e663930a23085a9daa0f7fad0606697b38e7150f06abc2429774d9d480e8c4986,gx-no-cache=1712667282538 HTTP/1.1" 200 30
181.212.43.89 - - [09/Apr/2024:09:58:06 -0300] "POST /cormun/servlet/solicitudotadjuntos?39501e74d5c03df7952bab5071b5e8eb,INS,2024,21186,,1, HTTP/1.1" 200 116
200.54.103.162 - - [09/Apr/2024:09:58:06 -0300] "POST /cormun/servlet/solicitudotadjuntos?1b772daf7b4d1d18f80009681abba2bb,INS,2024,21198,,1,,gx-no-cache=1712667282558 HTTP/1.1" 200 4189
181.212.43.89 - - [09/Apr/2024:09:58:06 -0300] "GET /cormun/servlet/hpexe_return? HTTP/1.1" 200 1013
181.212.43.89 - - [09/Apr/2024:09:58:06 -0300] "GET /cormun/servlet/hhome HTTP/1.1" 200 4012
200.54.103.162 - - [09/Apr/2024:09:58:08 -0300] "POST /cormun/servlet/solicitudotadjuntos?gx-no-cache=1712667284605 HTTP/1.1" 200 26
181.212.43.89 - - [09/Apr/2024:09:58:10 -0300] "GET /cormun/servlet/trsolicitudot? HTTP/1.1" 200 9288
181.212.43.89 - - [09/Apr/2024:09:58:15 -0300] "POST /cormun/servlet/trsolicitudot?39501e74d5c03df7952bab5071b5e8eb,,gx-no-cache=1712667291433 HTTP/1.1" 200 107
181.212.43.89 - - [09/Apr/2024:09:58:16 -0300] "GET /cormun/servlet/trsolicitudadjuntos?2024,21186, HTTP/1.1" 200 10238
181.212.43.89 - - [09/Apr/2024:09:58:20 -0300] "POST /cormun/servlet/trsolicitudadjuntos?39501e74d5c03df7952bab5071b5e8eb,2024,21186,,gx-no-cache=1712667296321 HTTP/1.1" 200 90
181.212.43.89 - - [09/Apr/2024:09:58:20 -0300] "GET /cormun/servlet/hpexe_link HTTP/1.1" 200 962
181.212.43.89 - - [09/Apr/2024:09:58:20 -0300] "GET /cormun/servlet/trsolicitudot HTTP/1.1" 200 9287
200.54.103.162 - - [09/Apr/2024:09:58:23 -0300] "GET /cormun/servlet/solicitudotadjuntos?c53492d0f22108da7511f281da5cac1e1282197ce122228845c64728a987363b,gx-no-cache=1712667299970 HTTP/1.1" 200 30
200.54.103.162 - - [09/Apr/2024:09:58:23 -0300] "GET /cormun/servlet/solicitudotadjuntos?c53492d0f22108da7511f281da5cac1e1282197ce122228845c64728a987363b,gx-no-cache=1712667299982 HTTP/1.1" 200 30
200.54.103.162 - - [09/Apr/2024:09:58:24 -0300] "POST /cormun/servlet/solicitudotadjuntos?1b772daf7b4d1d18f80009681abba2bb,INS,2024,21198,,1, HTTP/1.1" 200 116
200.54.103.162 - - [09/Apr/2024:09:58:24 -0300] "GET /cormun/servlet/hpexe_return? HTTP/1.1" 200 1027
200.54.103.162 - - [09/Apr/2024:09:58:24 -0300] "GET /cormun/servlet/trsolicitudadjuntos?2024,21198, HTTP/1.1" 200 9379
200.54.103.162 - - [09/Apr/2024:09:58:26 -0300] "GET /cormun/servlet/solicitudotadjuntos?INS,2024,21198,,1, HTTP/1.1" 200 6396
200.54.103.162 - - [09/Apr/2024:09:58:26 -0300] "GET /cormun/static/about:blank HTTP/1.1" 404 1011
200.54.103.162 - - [09/Apr/2024:09:58:27 -0300] "GET /cormun/servlet/solicitudotadjuntos?c53492d0f22108da7511f281da5cac1e663930a23085a9daa0f7fad0606697b38e7150f06abc2429774d9d480e8c4986,gx-no-cache=1712667303528 HTTP/1.1" 200 30
200.54.103.162 - - [09/Apr/2024:09:58:27 -0300] "POST /cormun/servlet/solicitudotadjuntos?1b772daf7b4d1d18f80009681abba2bb,INS,2024,21198,,1,,gx-no-cache=1712667303543 HTTP/1.1" 200 4190
200.54.103.162 - - [09/Apr/2024:09:58:29 -0300] "POST /cormun/servlet/solicitudotadjuntos?gx-no-cache=1712667305985 HTTP/1.1" 200 26
200.54.103.162 - - [09/Apr/2024:09:58:34 -0300] "GET /cormun/servlet/solicitudotadjuntos?c53492d0f22108da7511f281da5cac1e1282197ce122228845c64728a987363b,gx-no-cache=1712667310729 HTTP/1.1" 200 30
200.54.103.162 - - [09/Apr/2024:09:58:34 -0300] "GET /cormun/servlet/solicitudotadjuntos?c53492d0f22108da7511f281da5cac1e1282197ce122228845c64728a987363b,gx-no-cache=1712667310739 HTTP/1.1" 200 30
200.54.103.162 - - [09/Apr/2024:09:58:34 -0300] "POST /cormun/servlet/solicitudotadjuntos?1b772daf7b4d1d18f80009681abba2bb,INS,2024,21198,,1, HTTP/1.1" 200 116
200.54.103.162 - - [09/Apr/2024:09:58:34 -0300] "GET /cormun/servlet/hpexe_return? HTTP/1.1" 200 1027
200.54.103.162 - - [09/Apr/2024:09:58:34 -0300] "GET /cormun/servlet/trsolicitudadjuntos?2024,21198, HTTP/1.1" 200 9602
200.54.103.162 - - [09/Apr/2024:09:58:37 -0300] "GET /cormun/servlet/solicitudotadjuntos?INS,2024,21198,,1, HTTP/1.1" 200 6396
200.54.103.162 - - [09/Apr/2024:09:58:37 -0300] "GET /cormun/static/about:blank HTTP/1.1" 404 1011
200.54.103.162 - - [09/Apr/2024:09:58:37 -0300] "GET /cormun/servlet/solicitudotadjuntos?c53492d0f22108da7511f281da5cac1e663930a23085a9daa0f7fad0606697b38e7150f06abc2429774d9d480e8c4986,gx-no-cache=1712667313966 HTTP/1.1" 200 30
200.54.103.162 - - [09/Apr/2024:09:58:37 -0300] "POST /cormun/servlet/solicitudotadjuntos?1b772daf7b4d1d18f80009681abba2bb,INS,2024,21198,,1,,gx-no-cache=1712667313980 HTTP/1.1" 200 4190
200.54.103.162 - - [09/Apr/2024:09:58:39 -0300] "POST /cormun/servlet/solicitudotadjuntos?gx-no-cache=1712667315944 HTTP/1.1" 200 26
200.54.103.162 - - [09/Apr/2024:09:58:44 -0300] "GET /cormun/servlet/solicitudotadjuntos?c53492d0f22108da7511f281da5cac1e1282197ce122228845c64728a987363b,gx-no-cache=1712667320968 HTTP/1.1" 200 30
200.54.103.162 - - [09/Apr/2024:09:58:44 -0300] "GET /cormun/servlet/solicitudotadjuntos?c53492d0f22108da7511f281da5cac1e1282197ce122228845c64728a987363b,gx-no-cache=1712667320978 HTTP/1.1" 200 30
200.54.103.162 - - [09/Apr/2024:09:58:44 -0300] "POST /cormun/servlet/solicitudotadjuntos?1b772daf7b4d1d18f80009681abba2bb,INS,2024,21198,,1, HTTP/1.1" 200 116
200.54.103.162 - - [09/Apr/2024:09:58:44 -0300] "GET /cormun/servlet/hpexe_return? HTTP/1.1" 200 1027
200.54.103.162 - - [09/Apr/2024:09:58:45 -0300] "GET /cormun/servlet/trsolicitudadjuntos?2024,21198, HTTP/1.1" 200 9838
200.54.103.162 - - [09/Apr/2024:09:58:47 -0300] "GET /cormun/servlet/solicitudotadjuntos?INS,2024,21198,,1, HTTP/1.1" 200 6396
200.54.103.162 - - [09/Apr/2024:09:58:47 -0300] "GET /cormun/static/about:blank HTTP/1.1" 404 1011
200.54.103.162 - - [09/Apr/2024:09:58:48 -0300] "GET /cormun/servlet/solicitudotadjuntos?c53492d0f22108da7511f281da5cac1e663930a23085a9daa0f7fad0606697b38e7150f06abc2429774d9d480e8c4986,gx-no-cache=1712667324534 HTTP/1.1" 200 30
200.54.103.162 - - [09/Apr/2024:09:58:48 -0300] "POST /cormun/servlet/solicitudotadjuntos?1b772daf7b4d1d18f80009681abba2bb,INS,2024,21198,,1,,gx-no-cache=1712667324547 HTTP/1.1" 200 4190
190.171.141.138 - - [09/Apr/2024:09:58:51 -0300] "GET /cormun/servlet/hlogin HTTP/1.1" 200 1722
200.54.103.162 - - [09/Apr/2024:09:58:51 -0300] "POST /cormun/servlet/solicitudotadjuntos?gx-no-cache=1712667327785 HTTP/1.1" 200 26
190.171.141.138 - - [09/Apr/2024:09:58:51 -0300] "GET /cormun/servlet/hlogin HTTP/1.1" 200 1732
190.171.141.138 - - [09/Apr/2024:09:58:54 -0300] "POST /cormun/servlet/hlogin?3c75a1b69364bfdec96d0a5c46d695c8,gx-no-cache=1712667331015 HTTP/1.1" 200 90
190.171.141.138 - - [09/Apr/2024:09:58:54 -0300] "GET /cormun/servlet/hpexe_link HTTP/1.1" 200 953
190.171.141.138 - - [09/Apr/2024:09:58:54 -0300] "GET /cormun/servlet/hhome HTTP/1.1" 200 4478
200.54.103.162 - - [09/Apr/2024:09:58:56 -0300] "GET /cormun/servlet/solicitudotadjuntos?c53492d0f22108da7511f281da5cac1e1282197ce122228845c64728a987363b,gx-no-cache=1712667332505 HTTP/1.1" 200 30
200.54.103.162 - - [09/Apr/2024:09:58:56 -0300] "GET /cormun/servlet/solicitudotadjuntos?c53492d0f22108da7511f281da5cac1e1282197ce122228845c64728a987363b,gx-no-cache=1712667332514 HTTP/1.1" 200 30
200.54.103.162 - - [09/Apr/2024:09:58:56 -0300] "POST /cormun/servlet/solicitudotadjuntos?1b772daf7b4d1d18f80009681abba2bb,INS,2024,21198,,1, HTTP/1.1" 200 116
200.54.103.162 - - [09/Apr/2024:09:58:56 -0300] "GET /cormun/servlet/hpexe_return? HTTP/1.1" 200 1027
200.54.103.162 - - [09/Apr/2024:09:58:56 -0300] "GET /cormun/servlet/trsolicitudadjuntos?2024,21198, HTTP/1.1" 200 10048
200.54.103.162 - - [09/Apr/2024:09:58:58 -0300] "GET /cormun/servlet/solicitudotadjuntos?INS,2024,21198,,1, HTTP/1.1" 200 6396
200.54.103.162 - - [09/Apr/2024:09:58:58 -0300] "GET /cormun/static/about:blank HTTP/1.1" 404 1011
200.54.103.162 - - [09/Apr/2024:09:58:59 -0300] "GET /cormun/servlet/solicitudotadjuntos?c53492d0f22108da7511f281da5cac1e663930a23085a9daa0f7fad0606697b38e7150f06abc2429774d9d480e8c4986,gx-no-cache=1712667335540 HTTP/1.1" 200 30
200.54.103.162 - - [09/Apr/2024:09:58:59 -0300] "POST /cormun/servlet/solicitudotadjuntos?1b772daf7b4d1d18f80009681abba2bb,INS,2024,21198,,1,,gx-no-cache=1712667335555 HTTP/1.1" 200 4190
200.54.103.162 - - [09/Apr/2024:09:59:02 -0300] "POST /cormun/servlet/solicitudotadjuntos?gx-no-cache=1712667338264 HTTP/1.1" 200 26
190.171.141.138 - - [09/Apr/2024:09:59:03 -0300] "GET /cormun/servlet/trsolicitudot? HTTP/1.1" 200 7700
200.54.103.162 - - [09/Apr/2024:09:59:07 -0300] "GET /cormun/servlet/solicitudotadjuntos?c53492d0f22108da7511f281da5cac1e1282197ce122228845c64728a987363b,gx-no-cache=1712667344047 HTTP/1.1" 200 30
200.54.103.162 - - [09/Apr/2024:09:59:07 -0300] "GET /cormun/servlet/solicitudotadjuntos?c53492d0f22108da7511f281da5cac1e1282197ce122228845c64728a987363b,gx-no-cache=1712667344056 HTTP/1.1" 200 30
190.171.141.138 - - [09/Apr/2024:09:59:08 -0300] "GET /cormun/servlet/solicitudot?INS,0,0,false, HTTP/1.1" 200 16469
200.54.103.162 - - [09/Apr/2024:09:59:08 -0300] "POST /cormun/servlet/solicitudotadjuntos?1b772daf7b4d1d18f80009681abba2bb,INS,2024,21198,,1, HTTP/1.1" 200 116
200.54.103.162 - - [09/Apr/2024:09:59:08 -0300] "GET /cormun/servlet/hpexe_return? HTTP/1.1" 200 1027
200.54.103.162 - - [09/Apr/2024:09:59:09 -0300] "GET /cormun/servlet/trsolicitudadjuntos?2024,21198, HTTP/1.1" 200 10326
200.54.103.162 - - [09/Apr/2024:09:59:11 -0300] "GET /cormun/servlet/solicitudotadjuntos?INS,2024,21198,,1, HTTP/1.1" 200 6396
200.54.103.162 - - [09/Apr/2024:09:59:11 -0300] "GET /cormun/static/about:blank HTTP/1.1" 404 1011
200.54.103.162 - - [09/Apr/2024:09:59:11 -0300] "GET /cormun/servlet/solicitudotadjuntos?c53492d0f22108da7511f281da5cac1e663930a23085a9daa0f7fad0606697b38e7150f06abc2429774d9d480e8c4986,gx-no-cache=1712667347762 HTTP/1.1" 200 30
200.54.103.162 - - [09/Apr/2024:09:59:11 -0300] "POST /cormun/servlet/solicitudotadjuntos?1b772daf7b4d1d18f80009681abba2bb,INS,2024,21198,,1,,gx-no-cache=1712667347772 HTTP/1.1" 200 4190
200.54.103.162 - - [09/Apr/2024:09:59:14 -0300] "POST /cormun/servlet/solicitudotadjuntos?gx-no-cache=1712667350208 HTTP/1.1" 200 26
200.54.103.162 - - [09/Apr/2024:09:59:18 -0300] "GET /cormun/servlet/solicitudotadjuntos?c53492d0f22108da7511f281da5cac1e1282197ce122228845c64728a987363b,gx-no-cache=1712667354679 HTTP/1.1" 200 30
200.54.103.162 - - [09/Apr/2024:09:59:18 -0300] "GET /cormun/servlet/solicitudotadjuntos?c53492d0f22108da7511f281da5cac1e1282197ce122228845c64728a987363b,gx-no-cache=1712667354689 HTTP/1.1" 200 30
200.54.103.162 - - [09/Apr/2024:09:59:18 -0300] "POST /cormun/servlet/solicitudotadjuntos?1b772daf7b4d1d18f80009681abba2bb,INS,2024,21198,,1, HTTP/1.1" 200 116
200.54.103.162 - - [09/Apr/2024:09:59:18 -0300] "GET /cormun/servlet/hpexe_return? HTTP/1.1" 200 1027
190.171.143.90 - - [09/Apr/2024:09:59:18 -0300] "GET /cormun/servlet/hlogin HTTP/1.1" 200 1723
200.54.103.162 - - [09/Apr/2024:09:59:19 -0300] "GET /cormun/servlet/trsolicitudadjuntos?2024,21198, HTTP/1.1" 200 10469
190.171.141.138 - - [09/Apr/2024:09:59:23 -0300] "POST /cormun/servlet/solicitudot?gx-no-cache=1712667359437 HTTP/1.1" 200 4022
190.171.141.138 - - [09/Apr/2024:09:59:23 -0300] "POST /cormun/servlet/solicitudot?3c75a1b69364bfdec96d0a5c46d695c8,INS,0,0,false,,gx-no-cache=1712667359566 HTTP/1.1" 200 12878
200.54.103.162 - - [09/Apr/2024:09:59:24 -0300] "POST /cormun/servlet/trsolicitudadjuntos?1b772daf7b4d1d18f80009681abba2bb,2024,21198,,gx-no-cache=1712667360384 HTTP/1.1" 200 90
200.54.103.162 - - [09/Apr/2024:09:59:24 -0300] "GET /cormun/servlet/hpexe_link HTTP/1.1" 200 969
200.54.103.162 - - [09/Apr/2024:09:59:24 -0300] "GET /cormun/servlet/trsolicitudot HTTP/1.1" 200 9459
190.171.143.90 - - [09/Apr/2024:09:59:26 -0300] "POST /cormun/servlet/hlogin?291f6518726c6540797f4ab991bf264b,gx-no-cache=1712667362469 HTTP/1.1" 200 90
190.171.143.90 - - [09/Apr/2024:09:59:26 -0300] "GET /cormun/servlet/hpexe_link HTTP/1.1" 200 954
190.171.143.90 - - [09/Apr/2024:09:59:27 -0300] "GET /cormun/servlet/hhome HTTP/1.1" 200 4326
200.54.103.162 - - [09/Apr/2024:09:59:27 -0300] "GET /cormun/servlet/vesolicitudot?2024,21198,, HTTP/1.1" 200 8708
200.54.103.162 - - [09/Apr/2024:09:59:27 -0300] "GET /cormun/pexe_scrolldiv.js HTTP/1.1" 404 1009
190.171.141.138 - - [09/Apr/2024:09:59:28 -0300] "GET /cormun/servlet/solicitudot?f02aaaf2d9a45db67e63ded2f20729e2fa64b094cd01c0027c4d11382697a8ca5d8cff11be9823a7acf6286c701d8a1c,gx-no-cache=1712667364655 HTTP/1.1" 200 30
209.141.55.133 - tomcat [09/Apr/2024:09:59:28 -0300] "GET /manager/html HTTP/1.1" 403 3196
190.171.143.90 - - [09/Apr/2024:09:59:29 -0300] "GET /cormun/servlet/trlicencias? HTTP/1.1" 200 13477
200.54.103.162 - - [09/Apr/2024:10:00:20 -0300] "POST /cormun/servlet/vesolicitudot?1b772daf7b4d1d18f80009681abba2bb,2024,21198,,,gx-no-cache=1712667416972 HTTP/1.1" 200 90
200.54.103.162 - - [09/Apr/2024:10:00:20 -0300] "GET /cormun/servlet/hpexe_link HTTP/1.1" 200 967
200.54.103.162 - - [09/Apr/2024:10:00:20 -0300] "GET /cormun/servlet/trsolicitudot HTTP/1.1" 200 9459
200.54.103.162 - - [09/Apr/2024:10:00:29 -0300] "POST /cormun/servlet/trsolicitudot?1b772daf7b4d1d18f80009681abba2bb,gx-no-cache=1712667425661 HTTP/1.1" 200 6105
200.54.103.162 - - [09/Apr/2024:10:00:29 -0300] "GET /cormun/static/Shared/jqueryui/images/ui-bg_highlight-soft_100_c6c2c8_1x100.png HTTP/1.1" 404 1117
200.54.103.162 - - [09/Apr/2024:10:00:29 -0300] "GET /cormun/static/Shared/jqueryui/images/ui-icons_82798d_256x240.png HTTP/1.1" 404 1089
200.54.103.162 - - [09/Apr/2024:10:00:29 -0300] "GET /cormun/static/Shared/jqueryui/images/ui-bg_flat_55_fafafa_40x100.png HTTP/1.1" 404 1097
200.54.103.162 - - [09/Apr/2024:10:00:29 -0300] "GET /cormun/static/Shared/jqueryui/images/ui-icons_8d78a5_256x240.png HTTP/1.1" 404 1089
200.54.103.162 - - [09/Apr/2024:10:00:29 -0300] "POST /cormun/servlet/trsolicitudot?1b772daf7b4d1d18f80009681abba2bb,gx-no-cache=1712667425780 HTTP/1.1" 200 6047
200.54.103.162 - - [09/Apr/2024:10:00:35 -0300] "GET /cormun/servlet/trautorizarsolicitud? HTTP/1.1" 200 8870
200.54.103.162 - - [09/Apr/2024:10:00:35 -0300] "GET /cormun/static/gxcfg.js?202211298474254 HTTP/1.1" 200 953
200.54.103.162 - - [09/Apr/2024:10:00:35 -0300] "GET /cormun/static/trautorizarsolicitud.js?202211298474588 HTTP/1.1" 200 53909
200.54.103.162 - - [09/Apr/2024:10:00:43 -0300] "POST /cormun/servlet/trautorizarsolicitud?1b772daf7b4d1d18f80009681abba2bb,,gx-no-cache=1712667439250 HTTP/1.1" 200 4790
200.54.103.162 - - [09/Apr/2024:10:00:43 -0300] "POST /cormun/servlet/trautorizarsolicitud?1b772daf7b4d1d18f80009681abba2bb,,gx-no-cache=1712667439353 HTTP/1.1" 200 4545
200.54.103.162 - - [09/Apr/2024:10:01:10 -0300] "GET /cormun/servlet/hlogin HTTP/1.1" 200 1744
190.171.153.26 - - [09/Apr/2024:10:01:17 -0300] "GET /cormun/servlet/hlogin HTTP/1.1" 200 1724
190.171.153.26 - - [09/Apr/2024:10:01:30 -0300] "GET /cormun/servlet/hlogin HTTP/1.1" 200 1734
190.171.153.26 - - [09/Apr/2024:10:02:32 -0300] "POST /cormun/servlet/hlogin?0fff944657100c2feecbb162fe30c5ed,gx-no-cache=1712667558932 HTTP/1.1" 200 90
190.171.153.26 - - [09/Apr/2024:10:02:32 -0300] "GET /cormun/servlet/hpexe_link HTTP/1.1" 200 955
190.171.153.26 - - [09/Apr/2024:10:02:32 -0300] "GET /cormun/servlet/hhome HTTP/1.1" 200 3975
190.171.153.26 - - [09/Apr/2024:10:02:35 -0300] "GET /cormun/servlet/hhome HTTP/1.1" 200 3971
190.171.153.26 - - [09/Apr/2024:10:02:45 -0300] "GET /cormun/servlet/trlicencias? HTTP/1.1" 200 9493
190.171.153.26 - - [09/Apr/2024:10:02:47 -0300] "GET /cormun/servlet/trlicencias? HTTP/1.1" 200 9491
190.171.153.26 - - [09/Apr/2024:10:02:51 -0300] "POST /cormun/servlet/trlicencias?0fff944657100c2feecbb162fe30c5ed,,gx-no-cache=1712667578248 HTTP/1.1" 200 6960
190.171.141.138 - - [09/Apr/2024:10:02:51 -0300] "GET /cormun/servlet/prbanco?,MD,,gxPopupLevel%3D0%3B HTTP/1.1" 200 6844
190.171.141.138 - - [09/Apr/2024:10:02:57 -0300] "GET /cormun/servlet/solicitudot?f02aaaf2d9a45db67e63ded2f20729e246b11650268c9ff76515cf6cb9d2db3707a1aef9a8a83caf2f8b77abded467860ca9be7d10a1222da3ef2470b833a618,gx-no-cache=1712667573445 HTTP/1.1" 200 30
190.171.141.138 - - [09/Apr/2024:10:02:58 -0300] "GET /cormun/servlet/solicitudot?f02aaaf2d9a45db67e63ded2f20729e24633fd97fcc050cfb7fae0b9c756d43b,gx-no-cache=1712667574726 HTTP/1.1" 200 53
190.171.153.26 - - [09/Apr/2024:10:02:58 -0300] "POST /cormun/servlet/trlicencias?0fff944657100c2feecbb162fe30c5ed,,gx-no-cache=1712667585735 HTTP/1.1" 200 6961
190.171.141.138 - - [09/Apr/2024:10:03:14 -0300] "POST /cormun/servlet/solicitudot?gx-no-cache=1712667590926 HTTP/1.1" 200 240
190.171.141.138 - - [09/Apr/2024:10:03:17 -0300] "GET /cormun/servlet/solicitudot?f02aaaf2d9a45db67e63ded2f20729e2e918353ed200b87e8d56b65f631e1cbd4eef611a3d03aa8b6621939de135acb84609daaac71f1ca6659c4005161fd3ea5360bf96c6409fb6dc5745742883868f2dd8ce6d72b069664ae78b7f77c676b141db8db3a9b6f1a68c1a88b5f3ab2185de052f7606091cc81c10311607dcb6f9eb5cbccb99ab3edc29bf443f00ac75b6afd9c6f7330ac289ac17c21c6dd7769061556fb2c1f0aca9cf5c1e76ae951128324c621b807387ddf1b9827c95ee90d444870663c91de41c8e11a9786ca5498579d11e7352b327a52c46a3886f97f5ec73c91c5a14c6da9d5ce0c9388b577ba7035a8e2f4722a74997aeb7c094670649792f4817ce2e775838efa961adaf89c5de8fb44f77dc9eaf7b785f518780b210c7086e0cbbe0658e24e61ba9b0286dd17e8c6f7b5f8a90cda077f7bc1e36196d580714e194c337e5fbe94b7427b4a4a1a6b55404e7e4e364a8b27e9f53e7e520e02d6e9727d0b4d1521a4101c05ffb125bd28b5302d5b858bc5a9a4a5cfa9c9c,gx-no-cache=1712667593516 HTTP/1.1" 200 30
190.171.141.138 - - [09/Apr/2024:10:03:19 -0300] "POST /cormun/servlet/solicitudot?gx-no-cache=1712667595790 HTTP/1.1" 200 30
190.171.141.138 - - [09/Apr/2024:10:03:21 -0300] "GET /cormun/servlet/prfichaempleado?,MD,,gxPopupLevel%3D0%3B HTTP/1.1" 200 9516
190.171.141.138 - - [09/Apr/2024:10:03:21 -0300] "GET /cormun/static/gxcfg.js?20201215571085 HTTP/1.1" 200 953
190.171.141.138 - - [09/Apr/2024:10:03:21 -0300] "GET /cormun/static/prfichaempleado.js?20201215572193 HTTP/1.1" 200 16005
190.171.141.138 - - [09/Apr/2024:10:03:31 -0300] "POST /cormun/servlet/prfichaempleado?3c75a1b69364bfdec96d0a5c46d695c8,,MD,,gxPopupLevel%3D0%3B,gx-no-cache=1712667608096 HTTP/1.1" 200 4298
190.171.141.138 - - [09/Apr/2024:10:03:43 -0300] "GET /cormun/servlet/prlicenciaspermisos?15126123,L,,MD,,gxPopupLevel%3D0%3B HTTP/1.1" 200 6658
190.171.141.138 - - [09/Apr/2024:10:03:43 -0300] "GET /cormun/static/gxcfg.js?2020121559567 HTTP/1.1" 200 953
190.171.141.138 - - [09/Apr/2024:10:03:43 -0300] "GET /cormun/static/prlicenciaspermisos.js?2020121559821 HTTP/1.1" 200 13379
190.171.141.138 - - [09/Apr/2024:10:03:46 -0300] "POST /cormun/servlet/solicitudot?gx-no-cache=1712667622677 HTTP/1.1" 200 1482
190.171.141.82 - - [09/Apr/2024:10:04:11 -0300] "GET /cormun/servlet/trpermisosgoce? HTTP/1.1" 200 10050
190.171.141.82 - - [09/Apr/2024:10:04:14 -0300] "GET /cormun/servlet/permisogoce?INS,0,,, HTTP/1.1" 200 7210
190.171.141.82 - - [09/Apr/2024:10:04:18 -0300] "GET /cormun/servlet/prfichaempleado?,MD,,gxPopupLevel%3D0%3B HTTP/1.1" 200 9351
190.171.141.82 - - [09/Apr/2024:10:04:27 -0300] "POST /cormun/servlet/prfichaempleado?85bb780f194cfd9004c82dab7f7b3586,,MD,,gxPopupLevel%3D0%3B,gx-no-cache=1712667662855 HTTP/1.1" 200 6285
190.171.141.138 - - [09/Apr/2024:10:04:43 -0300] "POST /cormun/servlet/solicitudot?gx-no-cache=1712667679640 HTTP/1.1" 200 41
190.171.141.138 - - [09/Apr/2024:10:04:43 -0300] "GET /cormun/servlet/solicitudot?f02aaaf2d9a45db67e63ded2f20729e2e33e25ee2519bf21d038c2cd11a9e41fe77374266d542bb62197c3ff972388ff2e78eb729737d46773376ff440ca1b87f6ac192b8a69d5c87e17ba789cf2cd9cd5cfbda111e2d0cb003f06221991529a6d189d8d982fb1c20763051d193405c3,gx-no-cache=1712667679671 HTTP/1.1" 200 110
190.171.141.138 - - [09/Apr/2024:10:04:43 -0300] "POST /cormun/servlet/solicitudot?gx-no-cache=1712667679910 HTTP/1.1" 200 79
190.171.141.138 - - [09/Apr/2024:10:04:50 -0300] "GET /cormun/servlet/solicitudot?f02aaaf2d9a45db67e63ded2f20729e2eae0df90c8522f49f2e3284034a9dc9503b6f5e59dfd6dd2418767f4a23b44ff026cce59e6ad10355c1d6bbf8b170236a7aa7d8d689087ea68403520c5b202404c8f8b2f56922c2a8f8657d14223f671e467157b0ed5638c9b33f3d10945bb66,gx-no-cache=1712667686718 HTTP/1.1" 200 29
190.171.141.138 - - [09/Apr/2024:10:04:50 -0300] "GET /cormun/static/menuarrow.gif HTTP/1.1" 404 1015
190.171.141.138 - - [09/Apr/2024:10:04:53 -0300] "GET /cormun/servlet/solicitudot?f02aaaf2d9a45db67e63ded2f20729e2575627d91495681b826b1b006e9306c3d943e7db39581048cf67cea9ad285d4d,gx-no-cache=1712667689849 HTTP/1.1" 200 30
190.171.141.138 - - [09/Apr/2024:10:04:53 -0300] "POST /cormun/servlet/solicitudot?gx-no-cache=1712667689888 HTTP/1.1" 200 34
190.171.141.82 - - [09/Apr/2024:10:04:55 -0300] "POST /cormun/servlet/prfichaempleado?85bb780f194cfd9004c82dab7f7b3586,,MD,,gxPopupLevel%3D0%3B,gx-no-cache=1712667690982 HTTP/1.1" 200 3402
190.171.141.138 - - [09/Apr/2024:10:04:58 -0300] "POST /cormun/servlet/solicitudot?3c75a1b69364bfdec96d0a5c46d695c8,INS,0,0,false,,gx-no-cache=1712667694048 HTTP/1.1" 200 93
190.171.141.138 - - [09/Apr/2024:10:04:58 -0300] "GET /cormun/servlet/hpexe_return? HTTP/1.1" 200 1011
190.171.141.138 - - [09/Apr/2024:10:04:58 -0300] "GET /cormun/servlet/trsolicitudot HTTP/1.1" 200 9102
190.171.141.82 - - [09/Apr/2024:10:05:01 -0300] "GET /cormun/servlet/permisogoce?371e20c2f6327876eae4cb4db79f283ee1cec3e8849e9e03c517f8613a6f6dd829c49f7e90c430b42f6640465c2724d33c08e36813914aba6590c92ff0b9fb03,gx-no-cache=1712667697385 HTTP/1.1" 200 78
190.171.141.82 - - [09/Apr/2024:10:05:04 -0300] "GET /cormun/static/menuarrow.gif HTTP/1.1" 404 1015
190.171.141.82 - - [09/Apr/2024:10:05:07 -0300] "GET /cormun/servlet/permisogoce?371e20c2f6327876eae4cb4db79f283e5fc206ca3363ae22bfe4329145ef7cb7fa00a0cc186306cd0b4db404f627d63a3250abf4da070dadf2c5e0600cdfc6d8,gx-no-cache=1712667702906 HTTP/1.1" 200 129
190.171.141.82 - - [09/Apr/2024:10:05:07 -0300] "GET /cormun/static/Shared/jqueryui/images/ui-bg_highlight-soft_100_c6c2c8_1x100.png HTTP/1.1" 404 1117
190.171.141.82 - - [09/Apr/2024:10:05:07 -0300] "GET /cormun/static/Shared/jqueryui/images/ui-icons_82798d_256x240.png HTTP/1.1" 404 1089
190.171.141.82 - - [09/Apr/2024:10:05:07 -0300] "GET /cormun/static/Shared/jqueryui/images/ui-icons_ebccce_256x240.png HTTP/1.1" 404 1089
190.171.141.82 - - [09/Apr/2024:10:05:07 -0300] "GET /cormun/static/Shared/jqueryui/images/ui-bg_flat_55_994d53_40x100.png HTTP/1.1" 404 1097
190.171.141.82 - - [09/Apr/2024:10:05:09 -0300] "GET /cormun/servlet/permisogoce?371e20c2f6327876eae4cb4db79f283e5fc206ca3363ae22bfe4329145ef7cb77ae52375d0a5fd036f0462d70138c7793250abf4da070dadf2c5e0600cdfc6d8,gx-no-cache=1712667705356 HTTP/1.1" 200 46
190.171.141.82 - - [09/Apr/2024:10:05:15 -0300] "POST /cormun/servlet/permisogoce?85bb780f194cfd9004c82dab7f7b3586,INS,0,,,,gx-no-cache=1712667709630 HTTP/1.1" 200 93
190.171.141.82 - - [09/Apr/2024:10:05:15 -0300] "GET /cormun/servlet/hpexe_return? HTTP/1.1" 200 1009
190.171.141.82 - - [09/Apr/2024:10:05:15 -0300] "GET /cormun/servlet/trpermisosgoce HTTP/1.1" 200 10320
190.171.141.82 - - [09/Apr/2024:10:05:23 -0300] "GET /cormun/servlet/apermisogoceprn?16141244,P,20240409090054,PU HTTP/1.1" 200 1654
190.171.141.138 - - [09/Apr/2024:10:06:29 -0300] "POST /cormun/servlet/trsolicitudot?3c75a1b69364bfdec96d0a5c46d695c8,gx-no-cache=1712667786257 HTTP/1.1" 200 112
190.171.141.138 - - [09/Apr/2024:10:06:30 -0300] "GET /cormun/servlet/solicitudot?UPD,2024,21199,false, HTTP/1.1" 200 17026
190.171.141.138 - - [09/Apr/2024:10:06:30 -0300] "POST /cormun/servlet/solicitudot?gx-no-cache=1712667787155 HTTP/1.1" 200 4094
190.171.141.138 - - [09/Apr/2024:10:06:31 -0300] "POST /cormun/servlet/solicitudot?3c75a1b69364bfdec96d0a5c46d695c8,UPD,2024,21199,false,,gx-no-cache=1712667787278 HTTP/1.1" 200 12982
190.171.141.138 - - [09/Apr/2024:10:06:31 -0300] "GET /cormun/servlet/solicitudot?f02aaaf2d9a45db67e63ded2f20729e2fa64b094cd01c0027c4d11382697a8ca7f1989df119fcdd60187479c10abb263,gx-no-cache=1712667787362 HTTP/1.1" 200 30
190.171.141.138 - - [09/Apr/2024:10:06:31 -0300] "GET /cormun/servlet/solicitudot?f02aaaf2d9a45db67e63ded2f20729e246b11650268c9ff76515cf6cb9d2db3707a1aef9a8a83caf2f8b77abded467860c3efc677ac3d2b2117a5c4d22e6a8fb,gx-no-cache=1712667787379 HTTP/1.1" 200 30
190.171.141.138 - - [09/Apr/2024:10:06:31 -0300] "GET /cormun/servlet/solicitudot?f02aaaf2d9a45db67e63ded2f20729e246d5e623459c5520124accdd692575b5744ba600089a7220fcb8c55760d6fba54e4b6a8d3a77ca9950794125efa01959,gx-no-cache=1712667787393 HTTP/1.1" 200 53
190.171.141.138 - - [09/Apr/2024:10:06:31 -0300] "POST /cormun/servlet/solicitudot?gx-no-cache=1712667787415 HTTP/1.1" 200 238
190.171.141.138 - - [09/Apr/2024:10:06:31 -0300] "GET /cormun/servlet/solicitudot?f02aaaf2d9a45db67e63ded2f20729e2e918353ed200b87e8d56b65f631e1cbd4eef611a3d03aa8b6621939de135acb84609daaac71f1ca6659c4005161fd3ea5360bf96c6409fb6dc5745742883868f2dd8ce6d72b069664ae78b7f77c676b141db8db3a9b6f1a68c1a88b5f3ab2185de052f7606091cc81c10311607dcb6f9eb5cbccb99ab3edc29bf443f00ac75b6afd9c6f7330ac289ac17c21c6dd7769061556fb2c1f0aca9cf5c1e76ae951128324c621b807387ddf1b9827c95ee90d444870663c91de41c8e11a9786ca5498579d11e7352b327a52c46a3886f97f5ec73c91c5a14c6da9d5ce0c9388b577ba7035a8e2f4722a74997aeb7c094670649792f4817ce2e775838efa961adaf89c5de8fb44f77dc9eaf7b785f518780b210c7086e0cbbe0658e24e61ba9b0286dd17e8c6f7b5f8a90cda077f7bc1e36196d580714e194c337e5fbe94b7427b4a4a1a6b55404e7e4e364a8b27e9f53e7e520e02d6e9727d0b4d1521a4101c05ffb12c2f22762f3fc71a51075f9d9f30b925c,gx-no-cache=1712667787432 HTTP/1.1" 200 30
190.171.141.138 - - [09/Apr/2024:10:06:31 -0300] "POST /cormun/servlet/solicitudot?gx-no-cache=1712667787448 HTTP/1.1" 200 30
190.171.141.138 - - [09/Apr/2024:10:06:31 -0300] "POST /cormun/servlet/solicitudot?gx-no-cache=1712667787469 HTTP/1.1" 200 1482
190.171.141.138 - - [09/Apr/2024:10:06:31 -0300] "POST /cormun/servlet/solicitudot?gx-no-cache=1712667787534 HTTP/1.1" 200 41
190.171.141.138 - - [09/Apr/2024:10:06:33 -0300] "GET /cormun/servlet/solicitudot?f02aaaf2d9a45db67e63ded2f20729e2e33e25ee2519bf21d038c2cd11a9e41fe77374266d542bb62197c3ff972388ff2e78eb729737d46773376ff440ca1b87f6ac192b8a69d5c87e17ba789cf2cd9cd5cfbda111e2d0cb003f06221991529a6d189d8d982fb1c20763051d193405c3,gx-no-cache=1712667789970 HTTP/1.1" 200 110
190.171.141.138 - - [09/Apr/2024:10:06:33 -0300] "POST /cormun/servlet/solicitudot?gx-no-cache=1712667789995 HTTP/1.1" 200 79
190.171.141.138 - - [09/Apr/2024:10:06:40 -0300] "GET /cormun/servlet/solicitudot?f02aaaf2d9a45db67e63ded2f20729e213f5c0c0f89bf3e09ee03f513c475d6772205dec65b647987e3c157a00cbd1299eb6675d22f742b483d5b6d33bf31eff3d5a74f9ff75332498b9cb4f5183f4fc7dabb455fec0146fa25038fc4480d3195d9cd62dd4eec37baec97bef6a8506fa,gx-no-cache=1712667796470 HTTP/1.1" 200 29
190.171.141.138 - - [09/Apr/2024:10:06:40 -0300] "GET /cormun/servlet/solicitudot?f02aaaf2d9a45db67e63ded2f20729e2575627d91495681b826b1b006e9306c3d943e7db39581048cf67cea9ad285d4d,gx-no-cache=1712667796485 HTTP/1.1" 200 30
190.171.141.138 - - [09/Apr/2024:10:06:40 -0300] "POST /cormun/servlet/solicitudot?gx-no-cache=1712667796500 HTTP/1.1" 200 34
190.171.141.138 - - [09/Apr/2024:10:06:40 -0300] "POST /cormun/servlet/solicitudot?3c75a1b69364bfdec96d0a5c46d695c8,UPD,2024,21199,false,,gx-no-cache=1712667796518 HTTP/1.1" 200 93
190.171.141.138 - - [09/Apr/2024:10:06:40 -0300] "GET /cormun/servlet/hpexe_return? HTTP/1.1" 200 1016
190.171.141.138 - - [09/Apr/2024:10:06:40 -0300] "GET /cormun/servlet/trsolicitudot HTTP/1.1" 200 9102
190.171.141.138 - - [09/Apr/2024:10:06:43 -0300] "POST /cormun/servlet/trsolicitudot?3c75a1b69364bfdec96d0a5c46d695c8,gx-no-cache=1712667799522 HTTP/1.1" 200 106
190.171.141.138 - - [09/Apr/2024:10:06:43 -0300] "GET /cormun/servlet/trsolicitudadjuntos?2024,21199, HTTP/1.1" 200 6580
190.171.154.42 - - [09/Apr/2024:10:07:44 -0300] "GET /cormun/servlet/hlogin HTTP/1.1" 200 1716
181.212.43.89 - - [09/Apr/2024:10:07:51 -0300] "POST /cormun/servlet/trsolicitudot?39501e74d5c03df7952bab5071b5e8eb,gx-no-cache=1712667867287 HTTP/1.1" 200 112
181.212.43.89 - - [09/Apr/2024:10:07:51 -0300] "GET /cormun/servlet/solicitudot?UPD,2024,21186,false, HTTP/1.1" 200 16655
190.171.154.42 - - [09/Apr/2024:10:07:52 -0300] "POST /cormun/servlet/hlogin?13053e360f4f37ccec320489b32a7403,gx-no-cache=1712667868175 HTTP/1.1" 200 90
190.171.154.42 - - [09/Apr/2024:10:07:52 -0300] "GET /cormun/servlet/hpexe_link HTTP/1.1" 200 947
190.171.154.42 - - [09/Apr/2024:10:07:52 -0300] "GET /cormun/servlet/hhome HTTP/1.1" 200 4263
181.212.43.89 - - [09/Apr/2024:10:07:52 -0300] "POST /cormun/servlet/solicitudot?gx-no-cache=1712667868085 HTTP/1.1" 200 4118
