190.171.141.90 - - [04/Apr/2024:08:49:04 -0300] "GET /cormun/static/hwchdr01.js?2022112219251119 HTTP/1.1" 200 996
190.171.141.90 - - [04/Apr/2024:08:49:04 -0300] "GET /cormun/static/hpexe_recentlink.js?20201214471090 HTTP/1.1" 200 2144
190.171.141.90 - - [04/Apr/2024:08:49:04 -0300] "GET /cormun/static/hpexe_scripts.js?20201214471411 HTTP/1.1" 200 1544
190.171.141.90 - - [04/Apr/2024:08:49:04 -0300] "GET /cormun/static/Resources/PXToolsDataTitle.png HTTP/1.1" 200 1173
190.171.141.90 - - [04/Apr/2024:08:49:04 -0300] "GET /cormun/static/hpexe_messagecontroller.js?202211298371222 HTTP/1.1" 200 870
190.171.141.90 - - [04/Apr/2024:08:49:04 -0300] "GET /cormun/static/hpexe_messagepopupcomponent.js?2020121447232 HTTP/1.1" 200 605
190.171.141.90 - - [04/Apr/2024:08:49:04 -0300] "GET /cormun/static/hpexe_messagegenexuscomponent.js?20221129836373 HTTP/1.1" 200 587
190.171.141.90 - - [04/Apr/2024:08:49:04 -0300] "GET /cormun/static/cmcontrolpreferences.js?20199141926336 HTTP/1.1" 200 1375
190.171.141.90 - - [04/Apr/2024:08:49:04 -0300] "GET /cormun/static/gxui/gxui-all.js HTTP/1.1" 200 107772
190.171.141.90 - - [04/Apr/2024:08:49:04 -0300] "GET /cormun/static/Shared/jquery/jquery-1.4.2.min.js HTTP/1.1" 200 72174
190.171.141.90 - - [04/Apr/2024:08:49:04 -0300] "GET /cormun/static/SmoothNavMenu/resources/ddsmoothmenu.js HTTP/1.1" 200 12712
190.171.141.90 - - [04/Apr/2024:08:49:04 -0300] "GET /cormun/static/SmoothNavMenu/resources/SmoothNavMenuRender.js HTTP/1.1" 200 5951
190.171.141.90 - - [04/Apr/2024:08:49:05 -0300] "GET /cormun/static/scaMessage/js/jquery.pnotify.min.js HTTP/1.1" 200 13038
190.171.141.90 - - [04/Apr/2024:08:49:05 -0300] "GET /cormun/static/scaMessage/scaMessageRender.js HTTP/1.1" 200 11977
190.171.141.90 - - [04/Apr/2024:08:49:05 -0300] "GET /cormun/static/hmpwkw03.js?20221129844354 HTTP/1.1" 200 3971
190.171.141.90 - - [04/Apr/2024:08:49:05 -0300] "GET /cormun/static/Shared/ext/ext-all.js HTTP/1.1" 200 1289687
190.171.141.90 - - [04/Apr/2024:08:49:05 -0300] "GET /cormun/static/Shared/jquery/jquery-1.10.2.min.js HTTP/1.1" 200 273199
190.171.141.90 - - [04/Apr/2024:08:49:05 -0300] "GET /cormun/static/Shared/jqueryui/jquery-ui.min.js HTTP/1.1" 200 240427
190.171.141.90 - - [04/Apr/2024:08:49:05 -0300] "GET /cormun/static/SmoothNavMenu/resources/images/down.gif HTTP/1.1" 200 854
190.171.141.90 - - [04/Apr/2024:08:49:05 -0300] "GET /cormun/static/SmoothNavMenu/resources/images/right.gif HTTP/1.1" 200 860
190.171.141.114 - - [04/Apr/2024:08:49:09 -0300] "POST /cormun/servlet/solicitudot?gx-no-cache=1712231151140 HTTP/1.1" 200 110
190.171.141.90 - - [04/Apr/2024:08:49:21 -0300] "GET /cormun/servlet/trautorizarsolicitud? HTTP/1.1" 200 10142
190.171.141.90 - - [04/Apr/2024:08:49:21 -0300] "GET /cormun/static/gxui/gxui-all.css?120300 HTTP/1.1" 200 2179
190.171.141.90 - - [04/Apr/2024:08:49:21 -0300] "GET /cormun/static/calendar-system.css?85620 HTTP/1.1" 200 5572
190.171.141.90 - - [04/Apr/2024:08:49:21 -0300] "GET /cormun/static/gxcfg.js?202211298474254 HTTP/1.1" 200 953
190.171.141.90 - - [04/Apr/2024:08:49:21 -0300] "GET /cormun/static/calendar-setup.js?85251 HTTP/1.1" 200 2588
190.171.141.90 - - [04/Apr/2024:08:49:21 -0300] "GET /cormun/static/calendar.js?85251 HTTP/1.1" 200 26246
190.171.141.90 - - [04/Apr/2024:08:49:21 -0300] "GET /cormun/static/calendar-es.js?85251 HTTP/1.1" 200 1901
190.171.141.90 - - [04/Apr/2024:08:49:21 -0300] "GET /cormun/static/Resources/PXTools/calendar.png HTTP/1.1" 200 1306
190.171.141.90 - - [04/Apr/2024:08:49:21 -0300] "GET /cormun/static/gxdec.js?85251 HTTP/1.1" 200 19579
190.171.141.90 - - [04/Apr/2024:08:49:21 -0300] "GET /cormun/static/trautorizarsolicitud.js?202211298474588 HTTP/1.1" 200 53909
190.171.141.90 - - [04/Apr/2024:08:49:21 -0300] "GET /cormun/static/Shared/ext/resources/css/ext-all.css?215870 HTTP/1.1" 200 416045
190.171.141.90 - - [04/Apr/2024:08:49:21 -0300] "GET /cormun/static/Resources/PXToolsDataSearch.png HTTP/1.1" 200 435
190.171.141.90 - - [04/Apr/2024:08:49:21 -0300] "GET /cormun/static/Resources/PXToolsGridFirstDisabled.gif HTTP/1.1" 200 100
190.171.141.90 - - [04/Apr/2024:08:49:21 -0300] "GET /cormun/static/Resources/PXToolsGridPreviousDisabled.gif HTTP/1.1" 200 90
190.171.141.90 - - [04/Apr/2024:08:49:21 -0300] "GET /cormun/static/Resources/PXToolsGridNextDisabled.gif HTTP/1.1" 200 90
190.171.141.90 - - [04/Apr/2024:08:49:21 -0300] "GET /cormun/static/Resources/PXToolsActionExcel.png HTTP/1.1" 200 727
190.171.141.90 - - [04/Apr/2024:08:49:21 -0300] "GET /cormun/static/Resources/PXToolsGridPage.gif HTTP/1.1" 200 725
190.171.141.90 - - [04/Apr/2024:08:49:21 -0300] "GET /cormun/static/Resources/PXToolsGridLastDisabled.gif HTTP/1.1" 200 98
190.171.141.90 - - [04/Apr/2024:08:49:22 -0300] "GET /cormun/static/Resources/asc.gif HTTP/1.1" 200 67
190.171.141.90 - - [04/Apr/2024:08:49:22 -0300] "GET /cormun/static/Resources/desc.gif HTTP/1.1" 200 65
190.171.141.90 - - [04/Apr/2024:08:49:22 -0300] "GET /cormun//static/Resources/PXToolsRemoveAllAction.png HTTP/1.1" 200 487
190.171.141.90 - - [04/Apr/2024:08:49:22 -0300] "GET /cormun//static/Resources/PXToolsActionView.png HTTP/1.1" 200 398
190.171.141.90 - - [04/Apr/2024:08:49:22 -0300] "GET /cormun//static/Resources/PXToolsGridDelete.png HTTP/1.1" 200 538
190.171.141.90 - - [04/Apr/2024:08:49:22 -0300] "GET /cormun//static/Resources/PXToolsGridUpdate.png HTTP/1.1" 200 470
190.171.141.90 - - [04/Apr/2024:08:49:22 -0300] "GET /cormun//static/Resources/PXTools/ActionInsert.png HTTP/1.1" 200 1482
190.171.141.90 - - [04/Apr/2024:08:49:22 -0300] "GET /cormun/static/Shared/ext/resources/themes/images/default/tools/tool-sprites.gif HTTP/1.1" 200 5434
190.171.141.90 - - [04/Apr/2024:08:49:22 -0300] "GET /cormun/static/Shared/ext/resources/themes/images/default/panel/bg-headersPanel.png HTTP/1.1" 200 255
190.171.141.90 - - [04/Apr/2024:08:49:34 -0300] "POST /cormun/servlet/trautorizarsolicitud?08f131562e862874ffe09391d85c3905,,gx-no-cache=1712231177846 HTTP/1.1" 200 7255
190.171.141.90 - - [04/Apr/2024:08:49:34 -0300] "GET /cormun/static/Shared/jqueryui/images/ui-bg_highlight-soft_100_c6c2c8_1x100.png HTTP/1.1" 404 1117
190.171.141.90 - - [04/Apr/2024:08:49:34 -0300] "GET /cormun/static/Shared/jqueryui/images/ui-icons_82798d_256x240.png HTTP/1.1" 404 1089
190.171.141.90 - - [04/Apr/2024:08:49:34 -0300] "GET /cormun/static/Shared/jqueryui/images/ui-bg_flat_55_fafafa_40x100.png HTTP/1.1" 404 1097
190.171.141.90 - - [04/Apr/2024:08:49:34 -0300] "GET /cormun/static/Shared/jqueryui/images/ui-icons_8d78a5_256x240.png HTTP/1.1" 404 1089
190.171.141.90 - - [04/Apr/2024:08:49:34 -0300] "POST /cormun/servlet/trautorizarsolicitud?08f131562e862874ffe09391d85c3905,,gx-no-cache=1712231178156 HTTP/1.1" 200 7201
190.171.141.90 - - [04/Apr/2024:08:49:37 -0300] "POST /cormun/servlet/trautorizarsolicitud?08f131562e862874ffe09391d85c3905,,gx-no-cache=1712231180959 HTTP/1.1" 200 6837
190.171.141.90 - - [04/Apr/2024:08:49:37 -0300] "POST /cormun/servlet/trautorizarsolicitud?08f131562e862874ffe09391d85c3905,,gx-no-cache=1712231181136 HTTP/1.1" 200 6783
190.171.141.114 - - [04/Apr/2024:08:49:42 -0300] "POST /cormun/servlet/solicitudot?gx-no-cache=1712231185068 HTTP/1.1" 200 110
190.171.141.90 - - [04/Apr/2024:08:49:49 -0300] "POST /cormun/servlet/trautorizarsolicitud?08f131562e862874ffe09391d85c3905,,gx-no-cache=1712231192406 HTTP/1.1" 200 6361
190.171.141.90 - - [04/Apr/2024:08:49:49 -0300] "POST /cormun/servlet/trautorizarsolicitud?08f131562e862874ffe09391d85c3905,,gx-no-cache=1712231192691 HTTP/1.1" 200 6304
190.171.141.114 - - [04/Apr/2024:08:49:58 -0300] "GET /cormun/servlet/solicitudot?c65736fcd732ac741825a85306a04a85d52193314ef196ff8024ed99c46523678db257dc7062495b3814081a37df8b6341d242ccd2363f32b83700cc1a4cf725ace7de10b457560820e019b5243e1027312c4bab76462901dbb2d32337fd63612bd0007d474b6e5549044269deefbf4f,gx-no-cache=1712231200203 HTTP/1.1" 200 29
190.171.141.114 - - [04/Apr/2024:08:49:58 -0300] "GET /cormun/static/menuarrow.gif HTTP/1.1" 404 1015
190.171.141.114 - - [04/Apr/2024:08:50:04 -0300] "GET /cormun/servlet/solicitudot?c65736fcd732ac741825a85306a04a854a7dab3b83cdf406a10691464f917e14791fc61f6c5d5f490b0850d4df0949a5,gx-no-cache=1712231206446 HTTP/1.1" 200 30
190.171.141.114 - - [04/Apr/2024:08:50:04 -0300] "POST /cormun/servlet/solicitudot?gx-no-cache=1712231206467 HTTP/1.1" 200 30
190.171.141.114 - - [04/Apr/2024:08:50:26 -0300] "POST /cormun/servlet/solicitudot?ba50e08ce953774185528f5eb57e26de,INS,0,0,false,,gx-no-cache=1712231228764 HTTP/1.1" 200 13133
190.171.141.90 - - [04/Apr/2024:08:50:31 -0300] "POST /cormun/servlet/trautorizarsolicitud?08f131562e862874ffe09391d85c3905,,gx-no-cache=1712231234187 HTTP/1.1" 200 5976
190.171.141.90 - - [04/Apr/2024:08:50:31 -0300] "POST /cormun/servlet/trautorizarsolicitud?08f131562e862874ffe09391d85c3905,,gx-no-cache=1712231234542 HTTP/1.1" 200 5920
190.171.141.90 - - [04/Apr/2024:08:50:32 -0300] "POST /cormun/servlet/trautorizarsolicitud?08f131562e862874ffe09391d85c3905,,gx-no-cache=1712231235340 HTTP/1.1" 200 4784
190.171.141.90 - - [04/Apr/2024:08:50:32 -0300] "POST /cormun/servlet/trautorizarsolicitud?08f131562e862874ffe09391d85c3905,,gx-no-cache=1712231235458 HTTP/1.1" 200 4534
190.171.141.114 - - [04/Apr/2024:08:50:39 -0300] "POST /cormun/servlet/solicitudot?gx-no-cache=1712231241412 HTTP/1.1" 200 30
190.171.141.114 - - [04/Apr/2024:08:50:40 -0300] "POST /cormun/servlet/solicitudot?ba50e08ce953774185528f5eb57e26de,INS,0,0,false,,gx-no-cache=1712231241441 HTTP/1.1" 200 93
190.171.141.114 - - [04/Apr/2024:08:50:40 -0300] "GET /cormun/servlet/hpexe_return? HTTP/1.1" 200 1006
190.171.141.114 - - [04/Apr/2024:08:50:40 -0300] "GET /cormun/servlet/trsolicitudot HTTP/1.1" 200 12269
190.171.141.114 - - [04/Apr/2024:08:50:45 -0300] "POST /cormun/servlet/trsolicitudot?ba50e08ce953774185528f5eb57e26de,gx-no-cache=1712231247534 HTTP/1.1" 200 8980
190.171.141.114 - - [04/Apr/2024:08:50:45 -0300] "GET /cormun/static/Shared/jqueryui/images/ui-bg_highlight-soft_100_c6c2c8_1x100.png HTTP/1.1" 404 1117
190.171.141.114 - - [04/Apr/2024:08:50:45 -0300] "GET /cormun/static/Shared/jqueryui/images/ui-icons_82798d_256x240.png HTTP/1.1" 404 1089
190.171.141.114 - - [04/Apr/2024:08:50:45 -0300] "GET /cormun/static/Shared/jqueryui/images/ui-bg_flat_55_fafafa_40x100.png HTTP/1.1" 404 1097
190.171.141.114 - - [04/Apr/2024:08:50:45 -0300] "GET /cormun/static/Shared/jqueryui/images/ui-icons_8d78a5_256x240.png HTTP/1.1" 404 1089
190.171.141.114 - - [04/Apr/2024:08:50:45 -0300] "POST /cormun/servlet/trsolicitudot?ba50e08ce953774185528f5eb57e26de,gx-no-cache=1712231247813 HTTP/1.1" 200 8923
190.171.141.114 - - [04/Apr/2024:08:50:53 -0300] "POST /cormun/servlet/trsolicitudot?ba50e08ce953774185528f5eb57e26de,gx-no-cache=1712231255715 HTTP/1.1" 200 8547
190.171.141.114 - - [04/Apr/2024:08:50:53 -0300] "POST /cormun/servlet/trsolicitudot?ba50e08ce953774185528f5eb57e26de,gx-no-cache=1712231256006 HTTP/1.1" 200 8489
190.171.141.114 - - [04/Apr/2024:08:50:57 -0300] "POST /cormun/servlet/trsolicitudot?ba50e08ce953774185528f5eb57e26de,gx-no-cache=1712231259906 HTTP/1.1" 200 8190
190.171.141.114 - - [04/Apr/2024:08:50:58 -0300] "POST /cormun/servlet/trsolicitudot?ba50e08ce953774185528f5eb57e26de,gx-no-cache=1712231260213 HTTP/1.1" 200 8132
190.171.153.26 - - [04/Apr/2024:08:51:01 -0300] "GET /cormun/servlet/hlogin HTTP/1.1" 200 1717
190.171.141.114 - - [04/Apr/2024:08:51:04 -0300] "POST /cormun/servlet/trsolicitudot?ba50e08ce953774185528f5eb57e26de,gx-no-cache=1712231266795 HTTP/1.1" 200 7856
190.171.141.114 - - [04/Apr/2024:08:51:05 -0300] "POST /cormun/servlet/trsolicitudot?ba50e08ce953774185528f5eb57e26de,gx-no-cache=1712231267081 HTTP/1.1" 200 7799
190.171.141.114 - - [04/Apr/2024:08:51:06 -0300] "POST /cormun/servlet/trsolicitudot?ba50e08ce953774185528f5eb57e26de,gx-no-cache=1712231268907 HTTP/1.1" 200 7429
190.171.141.114 - - [04/Apr/2024:08:51:07 -0300] "POST /cormun/servlet/trsolicitudot?ba50e08ce953774185528f5eb57e26de,gx-no-cache=1712231269144 HTTP/1.1" 200 7372
190.171.141.114 - - [04/Apr/2024:08:51:11 -0300] "POST /cormun/servlet/trsolicitudot?ba50e08ce953774185528f5eb57e26de,gx-no-cache=1712231273338 HTTP/1.1" 200 7076
190.171.141.114 - - [04/Apr/2024:08:51:11 -0300] "POST /cormun/servlet/trsolicitudot?ba50e08ce953774185528f5eb57e26de,gx-no-cache=1712231273576 HTTP/1.1" 200 7019
190.171.141.114 - - [04/Apr/2024:08:51:14 -0300] "POST /cormun/servlet/trsolicitudot?ba50e08ce953774185528f5eb57e26de,gx-no-cache=1712231276642 HTTP/1.1" 200 6619
190.171.141.114 - - [04/Apr/2024:08:51:14 -0300] "POST /cormun/servlet/trsolicitudot?ba50e08ce953774185528f5eb57e26de,gx-no-cache=1712231276862 HTTP/1.1" 200 6561
190.171.141.114 - - [04/Apr/2024:08:51:21 -0300] "POST /cormun/servlet/trsolicitudot?ba50e08ce953774185528f5eb57e26de,gx-no-cache=1712231283106 HTTP/1.1" 200 6243
190.171.141.114 - - [04/Apr/2024:08:51:21 -0300] "POST /cormun/servlet/trsolicitudot?ba50e08ce953774185528f5eb57e26de,gx-no-cache=1712231283341 HTTP/1.1" 200 6185
181.212.42.153 - - [04/Apr/2024:08:51:24 -0300] "POST /cormun/servlet/solicitudot?gx-no-cache=1712231287579 HTTP/1.1" 200 4123
181.212.42.153 - - [04/Apr/2024:08:51:24 -0300] "POST /cormun/servlet/solicitudot?15b1754713b6ce4553d9b022e107b966,INS,0,0,false,,gx-no-cache=1712231287681 HTTP/1.1" 200 12717
190.171.141.114 - - [04/Apr/2024:08:51:26 -0300] "POST /cormun/servlet/trsolicitudot?ba50e08ce953774185528f5eb57e26de,gx-no-cache=1712231288930 HTTP/1.1" 200 5772
190.171.141.114 - - [04/Apr/2024:08:51:27 -0300] "POST /cormun/servlet/trsolicitudot?ba50e08ce953774185528f5eb57e26de,gx-no-cache=1712231289120 HTTP/1.1" 200 5715
181.212.42.153 - - [04/Apr/2024:08:51:27 -0300] "GET /cormun/servlet/solicitudot?90b53845fb7838d04172a098ee5257b641f83972ce98862024f00c46014c2493e95f80352e9c26d349d437a7c9243881,gx-no-cache=1712231290719 HTTP/1.1" 200 30
181.212.42.153 - - [04/Apr/2024:08:51:27 -0300] "GET /cormun/servlet/solicitudot?90b53845fb7838d04172a098ee5257b6feb14006e1efca68d47c1bcf41719c6c,gx-no-cache=1712231290737 HTTP/1.1" 200 103
181.212.42.153 - - [04/Apr/2024:08:51:27 -0300] "GET /cormun/static/Shared/jqueryui/images/ui-bg_highlight-soft_100_c6c2c8_1x100.png HTTP/1.1" 404 1117
181.212.42.153 - - [04/Apr/2024:08:51:27 -0300] "GET /cormun/static/Shared/jqueryui/images/ui-bg_flat_55_994d53_40x100.png HTTP/1.1" 404 1097
181.212.42.153 - - [04/Apr/2024:08:51:27 -0300] "GET /cormun/static/Shared/jqueryui/images/ui-icons_ebccce_256x240.png HTTP/1.1" 404 1089
181.212.42.153 - - [04/Apr/2024:08:51:27 -0300] "GET /cormun/static/Shared/jqueryui/images/ui-icons_82798d_256x240.png HTTP/1.1" 404 1089
181.212.42.153 - - [04/Apr/2024:08:51:27 -0300] "GET /cormun/servlet/solicitudot?90b53845fb7838d04172a098ee5257b6e16f71b5bb5383dc7519146fafb8f463,gx-no-cache=1712231290759 HTTP/1.1" 200 53
181.212.42.153 - - [04/Apr/2024:08:51:27 -0300] "POST /cormun/servlet/solicitudot?gx-no-cache=1712231290776 HTTP/1.1" 200 255
181.212.42.153 - - [04/Apr/2024:08:51:27 -0300] "GET /cormun/servlet/solicitudot?90b53845fb7838d04172a098ee5257b65eb6a83c02d8e76bf8bab654cf7480a3b356a1b229efac6810d9e1d8a7659e9f762956cf79c945bf33bd0f401eaeaee1c7177d0c21b3a7df9d2c73a92ad45a8e028e53a883ba9160052095051c2e2ae52e9bbc9018de709ee190ce53aeb13108431e1665b265f88e6657c9136d177d02572b7cc9196cb8d34ff4cc4b692c796f8767bc0b56396a74ed154bc169aae9a4489e38d971c1290ea6ebcc1827e6a02800f64b6881ae12cc305813e3337ee4c04932ff6914b0e3ff0df6130fa1849be01ea25a5e57bda0fbbe53655400586083596474271c98e0aefb31d6b19ecfc15b1df49bde41cc82bcebc4233ff76c5c2dade9581fc11b5430fdaabdd624b0837734a86b7005d327d0c424841c7b698620ff95310a919dd0bed29c4d0a0d03dfec46f1e6687f98474d9ff6b0f2c6a0515d2ea036176f39faee5388833c9ce7c26eef4e88e13fbe550e7c53b11b03a3dafbb89355215e8ac31140126a0515f789eb352cae35df4e4d2444cf2a5921d48277,gx-no-cache=1712231290795 HTTP/1.1" 200 30
181.212.42.153 - - [04/Apr/2024:08:51:31 -0300] "POST /cormun/servlet/solicitudot?gx-no-cache=1712231294682 HTTP/1.1" 200 30
190.171.141.114 - - [04/Apr/2024:08:51:31 -0300] "POST /cormun/servlet/trsolicitudot?ba50e08ce953774185528f5eb57e26de,gx-no-cache=1712231293485 HTTP/1.1" 200 5959
190.171.141.114 - - [04/Apr/2024:08:51:34 -0300] "POST /cormun/servlet/trsolicitudot?ba50e08ce953774185528f5eb57e26de,gx-no-cache=1712231296451 HTTP/1.1" 200 107
190.171.141.114 - - [04/Apr/2024:08:51:34 -0300] "GET /cormun/servlet/trsolicitudadjuntos?2024,21173, HTTP/1.1" 200 6111
190.171.141.114 - - [04/Apr/2024:08:51:34 -0300] "GET /cormun/static/gxcfg.js?20201215574222 HTTP/1.1" 200 953
190.171.141.114 - - [04/Apr/2024:08:51:34 -0300] "GET /cormun/static/trsolicitudadjuntos.js?20201215574932 HTTP/1.1" 200 17921
190.171.141.114 - - [04/Apr/2024:08:51:34 -0300] "GET /cormun/static/Resources/PXToolsGridNew.png HTTP/1.1" 200 427
190.171.153.26 - - [04/Apr/2024:08:52:07 -0300] "POST /cormun/servlet/hlogin?92d19f8b13c1e7641e491738ae9a49bd,gx-no-cache=1712234933776 HTTP/1.1" 200 90
190.171.153.26 - - [04/Apr/2024:08:52:07 -0300] "GET /cormun/servlet/hpexe_link HTTP/1.1" 200 948
190.171.153.26 - - [04/Apr/2024:08:52:07 -0300] "GET /cormun/servlet/hhome HTTP/1.1" 200 3966
190.171.153.26 - - [04/Apr/2024:08:52:08 -0300] "GET /cormun/servlet/hhome HTTP/1.1" 200 3962
190.171.153.26 - - [04/Apr/2024:08:52:10 -0300] "GET /cormun/servlet/trlicencias? HTTP/1.1" 200 9486
190.171.153.26 - - [04/Apr/2024:08:52:11 -0300] "GET /cormun/servlet/trlicencias? HTTP/1.1" 200 9483
190.171.153.26 - - [04/Apr/2024:08:52:14 -0300] "POST /cormun/servlet/trlicencias?92d19f8b13c1e7641e491738ae9a49bd,,gx-no-cache=1712234940157 HTTP/1.1" 200 6950
186.103.159.204 - - [04/Apr/2024:08:52:14 -0300] "GET /cormun/servlet/trlicencias? HTTP/1.1" 200 9244
181.212.42.153 - - [04/Apr/2024:08:52:26 -0300] "GET /cormun/servlet/solicitudot?90b53845fb7838d04172a098ee5257b66cd057708d153ff432de7f7d5120631c91eb803386a20779d851dad556520bcde493493626df4427d1ff8424d890dd8b,gx-no-cache=1712231349943 HTTP/1.1" 200 30
181.212.42.153 - - [04/Apr/2024:08:52:26 -0300] "POST /cormun/servlet/solicitudot?gx-no-cache=1712231349962 HTTP/1.1" 200 256
181.212.42.153 - - [04/Apr/2024:08:52:26 -0300] "GET /cormun/servlet/solicitudot?90b53845fb7838d04172a098ee5257b65eb6a83c02d8e76bf8bab654cf7480a3b356a1b229efac6810d9e1d8a7659e9f762956cf79c945bf33bd0f401eaeaee1c7177d0c21b3a7df9d2c73a92ad45a8e028e53a883ba9160052095051c2e2ae52e9bbc9018de709ee190ce53aeb13108431e1665b265f88e6657c9136d177d02572b7cc9196cb8d34ff4cc4b692c796f8767bc0b56396a74ed154bc169aae9a4489e38d971c1290ea6ebcc1827e6a02800f64b6881ae12cc305813e3337ee4c04932ff6914b0e3ff0df6130fa1849be01ea25a5e57bda0fbbe53655400586083596474271c98e0aefb31d6b19ecfc15b1df49bde41cc82bcebc4233ff76c5c2dade9581fc11b5430fdaabdd624b0837734a86b7005d327d0c424841c7b698620ff95310a919dd0bed29c4d0a0d03dfec46f1e6687f98474d9ff6b0f2c6a0515d2ea036176f39faee5388833c9ce7c26eef4e88e13fbe550e7c53b11b03a3dafbb89355215e8ac31140126a0515f789eb9cfb6e27630a218ad865dc569c8d7764,gx-no-cache=1712231349981 HTTP/1.1" 200 30
190.171.153.26 - - [04/Apr/2024:08:52:34 -0300] "POST /cormun/servlet/trlicencias?92d19f8b13c1e7641e491738ae9a49bd,,gx-no-cache=1712234960379 HTTP/1.1" 200 6951
181.212.42.153 - - [04/Apr/2024:08:52:36 -0300] "GET /cormun/servlet/prcontratosol?18379331,,,,,MD,,gxPopupLevel%3D0%3B HTTP/1.1" 200 8728
181.212.42.153 - - [04/Apr/2024:08:52:36 -0300] "GET /cormun/static/gxcfg.js?202211298464198 HTTP/1.1" 200 953
181.212.42.153 - - [04/Apr/2024:08:52:36 -0300] "GET /cormun/static/prcontratosol.js?202211298464288 HTTP/1.1" 200 15806
181.212.42.153 - - [04/Apr/2024:08:52:42 -0300] "POST /cormun/servlet/solicitudot?gx-no-cache=1712231365643 HTTP/1.1" 200 30
181.212.42.153 - - [04/Apr/2024:08:52:42 -0300] "POST /cormun/servlet/solicitudot?gx-no-cache=1712231365669 HTTP/1.1" 200 1563
181.212.42.153 - - [04/Apr/2024:08:52:42 -0300] "POST /cormun/servlet/solicitudot?gx-no-cache=1712231365695 HTTP/1.1" 200 117
181.212.42.153 - - [04/Apr/2024:08:52:42 -0300] "GET /cormun/servlet/solicitudot?90b53845fb7838d04172a098ee5257b6620bca94b020e646c9ed59c1feb5504c8416f14d3b0980fc70a8d3d58287b131dd60b370e21ad87dfee32af0a588bc35c1255095364012be8014491ca36c5f2daa4adfca978b496452c3ed220d74950bae04382cb7e9ba9a7b7cc5c16f478f30,gx-no-cache=1712231365710 HTTP/1.1" 200 110
181.212.42.153 - - [04/Apr/2024:08:52:42 -0300] "POST /cormun/servlet/solicitudot?gx-no-cache=1712231365726 HTTP/1.1" 200 64
181.212.42.153 - - [04/Apr/2024:08:52:42 -0300] "GET /cormun/servlet/solicitudot?90b53845fb7838d04172a098ee5257b6b4db74cf2ca80ac83ce4910a0ea3d2680361f406825c7b6ab5d46bd998756fac27ebb07b71c143f650a69f0d0c17228c81e39f5772356e1098e6a066b06d01a17e7a09e2717238a6428a323b1ba8754d6bb8bd3f56b0c9f7892f375106bf6bc9ee33b3ce25e298511a7cf85805cb457ef8ef2040d16bffc52614559295304c8ad6c650e305d68212c4ed900b44ce9960,gx-no-cache=1712231365744 HTTP/1.1" 200 29
181.212.42.153 - - [04/Apr/2024:08:52:42 -0300] "GET /cormun/servlet/solicitudot?90b53845fb7838d04172a098ee5257b6af75e091bda1f34ae5c73ca56db490a4b01ee73b5799610d4dbc29f6256ade29,gx-no-cache=1712231365759 HTTP/1.1" 200 134
190.171.153.26 - - [04/Apr/2024:08:52:49 -0300] "POST /cormun/servlet/trlicencias?92d19f8b13c1e7641e491738ae9a49bd,,gx-no-cache=1712234975560 HTTP/1.1" 200 6950
181.212.42.153 - - [04/Apr/2024:08:53:02 -0300] "POST /cormun/servlet/solicitudot?gx-no-cache=1712231386191 HTTP/1.1" 200 1619
181.212.42.153 - - [04/Apr/2024:08:53:18 -0300] "POST /cormun/servlet/solicitudot?gx-no-cache=1712231402164 HTTP/1.1" 200 1483
181.212.42.153 - - [04/Apr/2024:08:53:20 -0300] "GET /cormun/servlet/prlicenciaspermisos?9064135,L,,MD,,gxPopupLevel%3D0%3B HTTP/1.1" 200 7719
181.212.42.153 - - [04/Apr/2024:08:53:20 -0300] "GET /cormun/static/gxcfg.js?2020121559567 HTTP/1.1" 200 953
181.212.42.153 - - [04/Apr/2024:08:53:20 -0300] "GET /cormun/static/prlicenciaspermisos.js?2020121559821 HTTP/1.1" 200 13379
181.212.42.153 - - [04/Apr/2024:08:53:24 -0300] "POST /cormun/servlet/solicitudot?gx-no-cache=1712231408423 HTTP/1.1" 200 41
181.212.42.153 - - [04/Apr/2024:08:53:24 -0300] "GET /cormun/servlet/solicitudot?90b53845fb7838d04172a098ee5257b6620bca94b020e646c9ed59c1feb5504c8416f14d3b0980fc70a8d3d58287b131dd60b370e21ad87dfee32af0a588bc35c1255095364012be8014491ca36c5f2daa4adfca978b496452c3ed220d74950bae04382cb7e9ba9a7b7cc5c16f478f30,gx-no-cache=1712231408439 HTTP/1.1" 200 110
181.212.42.153 - - [04/Apr/2024:08:53:25 -0300] "POST /cormun/servlet/solicitudot?gx-no-cache=1712231408454 HTTP/1.1" 200 97
181.212.42.153 - - [04/Apr/2024:08:53:33 -0300] "GET /cormun/servlet/solicitudot?90b53845fb7838d04172a098ee5257b6f18bf33e8e5feb27d9f05a280b1be3ef01102fbe96093b816df779c5ae9901d0,gx-no-cache=1712231416731 HTTP/1.1" 200 30
190.171.153.26 - - [04/Apr/2024:08:53:41 -0300] "POST /cormun/servlet/trlicencias?92d19f8b13c1e7641e491738ae9a49bd,,gx-no-cache=1712235027915 HTTP/1.1" 200 6953
181.212.42.153 - - [04/Apr/2024:08:53:57 -0300] "POST /cormun/servlet/solicitudot?gx-no-cache=1712231440768 HTTP/1.1" 200 135
181.212.42.153 - - [04/Apr/2024:08:54:03 -0300] "GET /cormun/servlet/prlicenciaspermisos?9064135,L,,MD,,gxPopupLevel%3D0%3B HTTP/1.1" 200 7719
181.212.42.153 - - [04/Apr/2024:08:54:12 -0300] "GET /cormun/servlet/solicitudot?90b53845fb7838d04172a098ee5257b6620bca94b020e646c9ed59c1feb5504c8416f14d3b0980fc70a8d3d58287b131dd60b370e21ad87dfee32af0a588bc35c1255095364012be8014491ca36c5f2daa4adfca978b496452c3ed220d74950bae04382cb7e9ba9a7b7cc5c16f478f30,gx-no-cache=1712231456149 HTTP/1.1" 200 110
181.212.42.153 - - [04/Apr/2024:08:54:12 -0300] "POST /cormun/servlet/solicitudot?gx-no-cache=1712231456167 HTTP/1.1" 200 135
181.212.42.153 - - [04/Apr/2024:08:54:33 -0300] "POST /cormun/servlet/solicitudot?gx-no-cache=1712231476566 HTTP/1.1" 200 30
181.212.42.153 - - [04/Apr/2024:08:54:36 -0300] "POST /cormun/servlet/solicitudot?gx-no-cache=1712231479635 HTTP/1.1" 200 1483
181.212.42.153 - - [04/Apr/2024:08:54:36 -0300] "POST /cormun/servlet/solicitudot?gx-no-cache=1712231479712 HTTP/1.1" 200 41
181.212.42.153 - - [04/Apr/2024:08:54:36 -0300] "GET /cormun/servlet/solicitudot?90b53845fb7838d04172a098ee5257b6620bca94b020e646c9ed59c1feb5504c8416f14d3b0980fc70a8d3d58287b131dd60b370e21ad87dfee32af0a588bc35c1255095364012be8014491ca36c5f2daa4adfca978b496452c3ed220d74950bae04382cb7e9ba9a7b7cc5c16f478f30,gx-no-cache=1712231479727 HTTP/1.1" 200 110
181.212.42.153 - - [04/Apr/2024:08:54:36 -0300] "POST /cormun/servlet/solicitudot?gx-no-cache=1712231479741 HTTP/1.1" 200 97
181.212.42.153 - - [04/Apr/2024:08:54:38 -0300] "POST /cormun/servlet/solicitudot?gx-no-cache=1712231482262 HTTP/1.1" 200 30
190.171.141.114 - - [04/Apr/2024:08:55:04 -0300] "GET /cormun/servlet/solicitudotadjuntos?INS,2024,21173,,1, HTTP/1.1" 200 6057
190.171.141.114 - - [04/Apr/2024:08:55:05 -0300] "GET /cormun/static/gxcfg.js?202211298385187 HTTP/1.1" 200 953
190.171.141.114 - - [04/Apr/2024:08:55:05 -0300] "GET /cormun/static/solicitudotadjuntos.js?202211298385196 HTTP/1.1" 200 11771
190.171.141.114 - - [04/Apr/2024:08:55:05 -0300] "GET /cormun/static/about:blank HTTP/1.1" 404 1011
190.171.141.114 - - [04/Apr/2024:08:55:05 -0300] "GET /cormun/servlet/solicitudotadjuntos?c65736fcd732ac741825a85306a04a85b9f6865d487360d6fb120b6d7d67359586c9436cea73dc342f843ab7ce023825,gx-no-cache=1712231507780 HTTP/1.1" 200 30
190.171.141.114 - - [04/Apr/2024:08:55:05 -0300] "POST /cormun/servlet/solicitudotadjuntos?ba50e08ce953774185528f5eb57e26de,INS,2024,21173,,1,,gx-no-cache=1712231507797 HTTP/1.1" 200 3864
190.171.141.114 - - [04/Apr/2024:08:55:28 -0300] "POST /cormun/servlet/solicitudotadjuntos?gx-no-cache=1712231531019 HTTP/1.1" 200 26
181.212.42.153 - - [04/Apr/2024:08:55:53 -0300] "POST /cormun/servlet/solicitudot?gx-no-cache=1712231556563 HTTP/1.1" 200 30
181.212.42.153 - - [04/Apr/2024:08:55:53 -0300] "POST /cormun/servlet/solicitudot?gx-no-cache=1712231556588 HTTP/1.1" 200 1483
181.212.42.153 - - [04/Apr/2024:08:55:53 -0300] "POST /cormun/servlet/solicitudot?gx-no-cache=1712231556674 HTTP/1.1" 200 41
181.212.42.153 - - [04/Apr/2024:08:55:53 -0300] "GET /cormun/servlet/solicitudot?90b53845fb7838d04172a098ee5257b6620bca94b020e646c9ed59c1feb5504c8416f14d3b0980fc70a8d3d58287b131dd60b370e21ad87dfee32af0a588bc35c1255095364012be8014491ca36c5f2daa4adfca978b496452c3ed220d74950bae04382cb7e9ba9a7b7cc5c16f478f30,gx-no-cache=1712231556698 HTTP/1.1" 200 110
181.212.42.153 - - [04/Apr/2024:08:55:53 -0300] "POST /cormun/servlet/solicitudot?gx-no-cache=1712231556716 HTTP/1.1" 200 97
181.212.42.153 - - [04/Apr/2024:08:55:53 -0300] "GET /cormun/servlet/solicitudot?90b53845fb7838d04172a098ee5257b6f18bf33e8e5feb27d9f05a280b1be3ef01102fbe96093b816df779c5ae9901d0,gx-no-cache=1712231556733 HTTP/1.1" 200 30
181.212.42.153 - - [04/Apr/2024:08:55:53 -0300] "POST /cormun/servlet/solicitudot?gx-no-cache=1712231556747 HTTP/1.1" 200 30
181.212.42.153 - - [04/Apr/2024:08:55:53 -0300] "POST /cormun/servlet/solicitudot?15b1754713b6ce4553d9b022e107b966,INS,0,0,false,,gx-no-cache=1712231556763 HTTP/1.1" 200 93
181.212.42.153 - - [04/Apr/2024:08:55:53 -0300] "GET /cormun/servlet/hpexe_return? HTTP/1.1" 200 1028
181.212.42.153 - - [04/Apr/2024:08:55:53 -0300] "GET /cormun/servlet/trsolicitudot?gx-no-cache=1712230557932 HTTP/1.1" 200 8496
181.212.42.153 - - [04/Apr/2024:08:55:56 -0300] "POST /cormun/servlet/trsolicitudot?15b1754713b6ce4553d9b022e107b966,gx-no-cache=1712230557932,gx-no-cache=1712231560176 HTTP/1.1" 200 4318
181.212.42.153 - - [04/Apr/2024:08:55:56 -0300] "GET /cormun/static/Shared/jqueryui/images/ui-bg_highlight-soft_100_c6c2c8_1x100.png HTTP/1.1" 404 1117
181.212.42.153 - - [04/Apr/2024:08:55:56 -0300] "GET /cormun/static/Shared/jqueryui/images/ui-icons_82798d_256x240.png HTTP/1.1" 404 1089
181.212.42.153 - - [04/Apr/2024:08:55:56 -0300] "GET /cormun/static/Shared/jqueryui/images/ui-bg_flat_55_fafafa_40x100.png HTTP/1.1" 404 1097
181.212.42.153 - - [04/Apr/2024:08:55:56 -0300] "GET /cormun/static/Shared/jqueryui/images/ui-icons_8d78a5_256x240.png HTTP/1.1" 404 1089
181.212.42.153 - - [04/Apr/2024:08:55:56 -0300] "POST /cormun/servlet/trsolicitudot?15b1754713b6ce4553d9b022e107b966,gx-no-cache=1712230557932,gx-no-cache=1712231560306 HTTP/1.1" 200 4066
181.212.42.153 - - [04/Apr/2024:08:56:02 -0300] "GET /cormun/servlet/trsolicitudot? HTTP/1.1" 200 7026
190.171.141.114 - - [04/Apr/2024:08:56:03 -0300] "GET /cormun/servlet/solicitudotadjuntos?c65736fcd732ac741825a85306a04a856965164160975499fdb83eaceb6a7955,gx-no-cache=1712231565170 HTTP/1.1" 200 30
190.171.141.114 - - [04/Apr/2024:08:56:03 -0300] "GET /cormun/servlet/solicitudotadjuntos?c65736fcd732ac741825a85306a04a856965164160975499fdb83eaceb6a7955,gx-no-cache=1712231565195 HTTP/1.1" 200 30
190.171.141.114 - - [04/Apr/2024:08:56:03 -0300] "POST /cormun/servlet/solicitudotadjuntos?ba50e08ce953774185528f5eb57e26de,INS,2024,21173,,1, HTTP/1.1" 200 116
190.171.141.114 - - [04/Apr/2024:08:56:03 -0300] "GET /cormun/servlet/hpexe_return? HTTP/1.1" 200 1023
190.171.141.114 - - [04/Apr/2024:08:56:03 -0300] "GET /cormun/servlet/trsolicitudadjuntos?2024,21173, HTTP/1.1" 200 9038
181.212.42.153 - - [04/Apr/2024:08:56:05 -0300] "GET /cormun/servlet/hlogin HTTP/1.1" 200 1739
190.171.141.114 - - [04/Apr/2024:08:56:06 -0300] "GET /cormun/servlet/solicitudotadjuntos?INS,2024,21173,,1, HTTP/1.1" 200 6057
190.171.141.114 - - [04/Apr/2024:08:56:06 -0300] "GET /cormun/static/about:blank HTTP/1.1" 404 1011
190.171.141.114 - - [04/Apr/2024:08:56:06 -0300] "GET /cormun/servlet/solicitudotadjuntos?c65736fcd732ac741825a85306a04a85b9f6865d487360d6fb120b6d7d67359586c9436cea73dc342f843ab7ce023825,gx-no-cache=1712231569089 HTTP/1.1" 200 30
190.171.141.114 - - [04/Apr/2024:08:56:07 -0300] "POST /cormun/servlet/solicitudotadjuntos?ba50e08ce953774185528f5eb57e26de,INS,2024,21173,,1,,gx-no-cache=1712231569108 HTTP/1.1" 200 3865
190.171.141.114 - - [04/Apr/2024:08:56:09 -0300] "POST /cormun/servlet/solicitudotadjuntos?gx-no-cache=1712231571970 HTTP/1.1" 200 26
181.212.42.153 - - [04/Apr/2024:08:56:13 -0300] "POST /cormun/servlet/hlogin?15b1754713b6ce4553d9b022e107b966,gx-no-cache=1712231577318 HTTP/1.1" 200 455
190.171.141.114 - - [04/Apr/2024:08:56:18 -0300] "GET /cormun/servlet/solicitudotadjuntos?c65736fcd732ac741825a85306a04a856965164160975499fdb83eaceb6a7955,gx-no-cache=1712231580635 HTTP/1.1" 200 30
190.171.141.114 - - [04/Apr/2024:08:56:18 -0300] "GET /cormun/servlet/solicitudotadjuntos?c65736fcd732ac741825a85306a04a856965164160975499fdb83eaceb6a7955,gx-no-cache=1712231580651 HTTP/1.1" 200 30
190.171.141.114 - - [04/Apr/2024:08:56:18 -0300] "POST /cormun/servlet/solicitudotadjuntos?ba50e08ce953774185528f5eb57e26de,INS,2024,21173,,1, HTTP/1.1" 200 116
190.171.141.114 - - [04/Apr/2024:08:56:18 -0300] "GET /cormun/servlet/hpexe_return? HTTP/1.1" 200 1023
181.212.42.153 - - [04/Apr/2024:08:56:18 -0300] "GET /cormun/servlet/hlogin HTTP/1.1" 200 1739
190.171.141.114 - - [04/Apr/2024:08:56:18 -0300] "GET /cormun/servlet/trsolicitudadjuntos?2024,21173, HTTP/1.1" 200 9291
190.171.141.114 - - [04/Apr/2024:08:56:21 -0300] "GET /cormun/servlet/solicitudotadjuntos?INS,2024,21173,,1, HTTP/1.1" 200 6056
190.171.141.114 - - [04/Apr/2024:08:56:21 -0300] "GET /cormun/static/about:blank HTTP/1.1" 404 1011
190.171.141.114 - - [04/Apr/2024:08:56:21 -0300] "GET /cormun/servlet/solicitudotadjuntos?c65736fcd732ac741825a85306a04a85b9f6865d487360d6fb120b6d7d67359586c9436cea73dc342f843ab7ce023825,gx-no-cache=1712231583897 HTTP/1.1" 200 30
190.171.141.114 - - [04/Apr/2024:08:56:21 -0300] "POST /cormun/servlet/solicitudotadjuntos?ba50e08ce953774185528f5eb57e26de,INS,2024,21173,,1,,gx-no-cache=1712231583923 HTTP/1.1" 200 3864
181.212.42.153 - - [04/Apr/2024:08:56:24 -0300] "POST /cormun/servlet/hlogin?15b1754713b6ce4553d9b022e107b966,gx-no-cache=1712231587570 HTTP/1.1" 200 90
181.212.42.153 - - [04/Apr/2024:08:56:24 -0300] "GET /cormun/servlet/hpexe_link HTTP/1.1" 200 949
181.212.42.153 - - [04/Apr/2024:08:56:24 -0300] "GET /cormun/servlet/hhome HTTP/1.1" 200 4340
190.171.141.114 - - [04/Apr/2024:08:56:25 -0300] "POST /cormun/servlet/solicitudotadjuntos?gx-no-cache=1712231587202 HTTP/1.1" 200 26
181.212.42.153 - - [04/Apr/2024:08:56:27 -0300] "GET /cormun/servlet/trautorizarsolicitud? HTTP/1.1" 200 9412
181.212.42.153 - - [04/Apr/2024:08:56:30 -0300] "POST /cormun/servlet/trautorizarsolicitud?15b1754713b6ce4553d9b022e107b966,,gx-no-cache=1712231593447 HTTP/1.1" 200 5984
181.212.42.153 - - [04/Apr/2024:08:56:30 -0300] "GET /cormun/static/Shared/jqueryui/images/ui-icons_82798d_256x240.png HTTP/1.1" 404 1089
181.212.42.153 - - [04/Apr/2024:08:56:30 -0300] "GET /cormun/static/Shared/jqueryui/images/ui-bg_highlight-soft_100_c6c2c8_1x100.png HTTP/1.1" 404 1117
181.212.42.153 - - [04/Apr/2024:08:56:30 -0300] "GET /cormun/static/Shared/jqueryui/images/ui-bg_flat_55_fafafa_40x100.png HTTP/1.1" 404 1097
181.212.42.153 - - [04/Apr/2024:08:56:30 -0300] "GET /cormun/static/Shared/jqueryui/images/ui-icons_8d78a5_256x240.png HTTP/1.1" 404 1089
181.212.42.153 - - [04/Apr/2024:08:56:30 -0300] "POST /cormun/servlet/trautorizarsolicitud?15b1754713b6ce4553d9b022e107b966,,gx-no-cache=1712231593559 HTTP/1.1" 200 5929
181.212.42.153 - - [04/Apr/2024:08:56:30 -0300] "POST /cormun/servlet/trautorizarsolicitud?15b1754713b6ce4553d9b022e107b966,,gx-no-cache=1712231594358 HTTP/1.1" 200 4786
181.212.42.153 - - [04/Apr/2024:08:56:31 -0300] "POST /cormun/servlet/trautorizarsolicitud?15b1754713b6ce4553d9b022e107b966,,gx-no-cache=1712231594456 HTTP/1.1" 200 4532
190.171.141.114 - - [04/Apr/2024:08:56:34 -0300] "GET /cormun/servlet/solicitudotadjuntos?c65736fcd732ac741825a85306a04a856965164160975499fdb83eaceb6a7955,gx-no-cache=1712231596539 HTTP/1.1" 200 30
190.171.141.114 - - [04/Apr/2024:08:56:34 -0300] "GET /cormun/servlet/solicitudotadjuntos?c65736fcd732ac741825a85306a04a856965164160975499fdb83eaceb6a7955,gx-no-cache=1712231596557 HTTP/1.1" 200 30
190.171.141.114 - - [04/Apr/2024:08:56:34 -0300] "POST /cormun/servlet/solicitudotadjuntos?ba50e08ce953774185528f5eb57e26de,INS,2024,21173,,1, HTTP/1.1" 200 116
190.171.141.114 - - [04/Apr/2024:08:56:34 -0300] "GET /cormun/servlet/hpexe_return? HTTP/1.1" 200 1023
190.171.141.114 - - [04/Apr/2024:08:56:34 -0300] "GET /cormun/servlet/trsolicitudadjuntos?2024,21173, HTTP/1.1" 200 9511
190.171.141.114 - - [04/Apr/2024:08:56:37 -0300] "GET /cormun/servlet/solicitudotadjuntos?INS,2024,21173,,1, HTTP/1.1" 200 6056
190.171.141.114 - - [04/Apr/2024:08:56:37 -0300] "GET /cormun/static/about:blank HTTP/1.1" 404 1011
190.171.141.114 - - [04/Apr/2024:08:56:37 -0300] "GET /cormun/servlet/solicitudotadjuntos?c65736fcd732ac741825a85306a04a85b9f6865d487360d6fb120b6d7d67359586c9436cea73dc342f843ab7ce023825,gx-no-cache=1712231599800 HTTP/1.1" 200 30
190.171.141.114 - - [04/Apr/2024:08:56:37 -0300] "POST /cormun/servlet/solicitudotadjuntos?ba50e08ce953774185528f5eb57e26de,INS,2024,21173,,1,,gx-no-cache=1712231599821 HTTP/1.1" 200 3864
190.171.141.114 - - [04/Apr/2024:08:56:45 -0300] "POST /cormun/servlet/solicitudotadjuntos?gx-no-cache=1712231607195 HTTP/1.1" 200 26
190.171.141.114 - - [04/Apr/2024:08:56:53 -0300] "GET /cormun/servlet/solicitudotadjuntos?c65736fcd732ac741825a85306a04a856965164160975499fdb83eaceb6a7955,gx-no-cache=1712231615194 HTTP/1.1" 200 30
190.171.141.114 - - [04/Apr/2024:08:56:53 -0300] "GET /cormun/servlet/solicitudotadjuntos?c65736fcd732ac741825a85306a04a856965164160975499fdb83eaceb6a7955,gx-no-cache=1712231615213 HTTP/1.1" 200 30
190.171.141.114 - - [04/Apr/2024:08:56:53 -0300] "POST /cormun/servlet/solicitudotadjuntos?ba50e08ce953774185528f5eb57e26de,INS,2024,21173,,1, HTTP/1.1" 200 116
190.171.141.114 - - [04/Apr/2024:08:56:53 -0300] "GET /cormun/servlet/hpexe_return? HTTP/1.1" 200 1023
190.171.141.114 - - [04/Apr/2024:08:56:53 -0300] "GET /cormun/servlet/trsolicitudadjuntos?2024,21173, HTTP/1.1" 200 9777
190.171.141.114 - - [04/Apr/2024:08:56:58 -0300] "GET /cormun/servlet/solicitudotadjuntos?INS,2024,21173,,1, HTTP/1.1" 200 6056
190.171.141.114 - - [04/Apr/2024:08:56:58 -0300] "GET /cormun/static/about:blank HTTP/1.1" 404 1011
190.171.141.114 - - [04/Apr/2024:08:56:58 -0300] "GET /cormun/servlet/solicitudotadjuntos?c65736fcd732ac741825a85306a04a85b9f6865d487360d6fb120b6d7d67359586c9436cea73dc342f843ab7ce023825,gx-no-cache=1712231621084 HTTP/1.1" 200 30
190.171.141.114 - - [04/Apr/2024:08:56:59 -0300] "POST /cormun/servlet/solicitudotadjuntos?ba50e08ce953774185528f5eb57e26de,INS,2024,21173,,1,,gx-no-cache=1712231621100 HTTP/1.1" 200 3864
190.171.141.114 - - [04/Apr/2024:08:57:01 -0300] "POST /cormun/servlet/solicitudotadjuntos?gx-no-cache=1712231623995 HTTP/1.1" 200 26
190.171.141.114 - - [04/Apr/2024:08:57:09 -0300] "GET /cormun/servlet/solicitudotadjuntos?c65736fcd732ac741825a85306a04a856965164160975499fdb83eaceb6a7955,gx-no-cache=1712231631906 HTTP/1.1" 200 30
190.171.141.114 - - [04/Apr/2024:08:57:09 -0300] "GET /cormun/servlet/solicitudotadjuntos?c65736fcd732ac741825a85306a04a856965164160975499fdb83eaceb6a7955,gx-no-cache=1712231631970 HTTP/1.1" 200 30
190.171.141.114 - - [04/Apr/2024:08:57:10 -0300] "POST /cormun/servlet/solicitudotadjuntos?ba50e08ce953774185528f5eb57e26de,INS,2024,21173,,1, HTTP/1.1" 200 116
190.171.141.114 - - [04/Apr/2024:08:57:10 -0300] "GET /cormun/servlet/hpexe_return? HTTP/1.1" 200 1023
190.171.141.114 - - [04/Apr/2024:08:57:10 -0300] "GET /cormun/servlet/trsolicitudadjuntos?2024,21173, HTTP/1.1" 200 10067
190.171.141.114 - - [04/Apr/2024:08:57:13 -0300] "GET /cormun/servlet/solicitudotadjuntos?INS,2024,21173,,1, HTTP/1.1" 200 6057
190.171.141.114 - - [04/Apr/2024:08:57:13 -0300] "GET /cormun/static/about:blank HTTP/1.1" 404 1011
190.171.141.114 - - [04/Apr/2024:08:57:14 -0300] "GET /cormun/servlet/solicitudotadjuntos?c65736fcd732ac741825a85306a04a85b9f6865d487360d6fb120b6d7d67359586c9436cea73dc342f843ab7ce023825,gx-no-cache=1712231636126 HTTP/1.1" 200 30
190.171.141.114 - - [04/Apr/2024:08:57:14 -0300] "POST /cormun/servlet/solicitudotadjuntos?ba50e08ce953774185528f5eb57e26de,INS,2024,21173,,1,,gx-no-cache=1712231636189 HTTP/1.1" 200 3864
190.171.141.114 - - [04/Apr/2024:08:57:16 -0300] "POST /cormun/servlet/solicitudotadjuntos?gx-no-cache=1712231638746 HTTP/1.1" 200 26
190.171.141.114 - - [04/Apr/2024:09:00:45 -0300] "GET /cormun/servlet/solicitudotadjuntos?c65736fcd732ac741825a85306a04a856965164160975499fdb83eaceb6a7955,gx-no-cache=1712231848004 HTTP/1.1" 200 30
190.171.141.114 - - [04/Apr/2024:09:00:45 -0300] "GET /cormun/servlet/solicitudotadjuntos?c65736fcd732ac741825a85306a04a856965164160975499fdb83eaceb6a7955,gx-no-cache=1712231848040 HTTP/1.1" 200 30
190.171.141.114 - - [04/Apr/2024:09:00:46 -0300] "POST /cormun/servlet/solicitudotadjuntos?ba50e08ce953774185528f5eb57e26de,INS,2024,21173,,1, HTTP/1.1" 200 116
190.171.141.114 - - [04/Apr/2024:09:00:46 -0300] "GET /cormun/servlet/hpexe_return? HTTP/1.1" 200 1023
190.171.141.114 - - [04/Apr/2024:09:00:46 -0300] "GET /cormun/servlet/trsolicitudadjuntos?2024,21173, HTTP/1.1" 200 10308
190.171.141.114 - - [04/Apr/2024:09:01:07 -0300] "POST /cormun/servlet/trsolicitudadjuntos?ba50e08ce953774185528f5eb57e26de,2024,21173,,gx-no-cache=1712231869158 HTTP/1.1" 200 90
190.171.141.114 - - [04/Apr/2024:09:01:07 -0300] "GET /cormun/servlet/hpexe_link HTTP/1.1" 200 987
190.171.141.114 - - [04/Apr/2024:09:01:07 -0300] "GET /cormun/servlet/trsolicitudot?gx-no-cache=1712231293485 HTTP/1.1" 200 8614
190.171.141.106 - - [04/Apr/2024:09:01:13 -0300] "GET /cormun/servlet/trlicencias? HTTP/1.1" 200 11960
190.171.142.18 - - [04/Apr/2024:09:01:34 -0300] "GET /cormun/servlet/hlogin HTTP/1.1" 200 1724
190.171.141.114 - - [04/Apr/2024:09:01:37 -0300] "POST /cormun/servlet/trsolicitudot?ba50e08ce953774185528f5eb57e26de,gx-no-cache=1712231293485,gx-no-cache=1712231899151 HTTP/1.1" 200 4569
190.171.141.114 - - [04/Apr/2024:09:01:37 -0300] "GET /cormun/static/Shared/jqueryui/images/ui-bg_highlight-soft_100_c6c2c8_1x100.png HTTP/1.1" 404 1117
190.171.141.114 - - [04/Apr/2024:09:01:37 -0300] "GET /cormun/static/Shared/jqueryui/images/ui-icons_8d78a5_256x240.png HTTP/1.1" 404 1089
190.171.141.114 - - [04/Apr/2024:09:01:37 -0300] "GET /cormun/static/Shared/jqueryui/images/ui-icons_82798d_256x240.png HTTP/1.1" 404 1089
190.171.141.114 - - [04/Apr/2024:09:01:37 -0300] "GET /cormun/static/Shared/jqueryui/images/ui-bg_flat_55_fafafa_40x100.png HTTP/1.1" 404 1097
190.171.141.114 - - [04/Apr/2024:09:01:37 -0300] "POST /cormun/servlet/trsolicitudot?ba50e08ce953774185528f5eb57e26de,gx-no-cache=1712231293485,gx-no-cache=1712231899292 HTTP/1.1" 200 4326
190.171.142.18 - - [04/Apr/2024:09:01:39 -0300] "POST /cormun/servlet/hlogin?a35f74a1a44a01aac5d976f2279e05e6,gx-no-cache=1712232704162 HTTP/1.1" 200 90
190.171.142.18 - - [04/Apr/2024:09:01:39 -0300] "GET /cormun/servlet/hpexe_link HTTP/1.1" 200 953
190.171.142.18 - - [04/Apr/2024:09:01:39 -0300] "GET /cormun/servlet/hhome HTTP/1.1" 200 4385
190.171.142.18 - - [04/Apr/2024:09:01:44 -0300] "GET /cormun/servlet/trsolicitudot? HTTP/1.1" 200 7608
190.171.142.18 - - [04/Apr/2024:09:01:44 -0300] "GET /cormun/static/gxcfg.js?20221129846531 HTTP/1.1" 200 953
190.171.142.18 - - [04/Apr/2024:09:01:44 -0300] "GET /cormun/static/trsolicitudot.js?202211298465651 HTTP/1.1" 200 54040
190.171.142.18 - - [04/Apr/2024:09:01:48 -0300] "GET /cormun/servlet/solicitudot?INS,0,0,false, HTTP/1.1" 200 16358
190.171.142.18 - - [04/Apr/2024:09:01:48 -0300] "GET /cormun/static/gxcfg.js?20221129840861 HTTP/1.1" 200 953
190.171.142.18 - - [04/Apr/2024:09:01:48 -0300] "GET /cormun/static/Resources/prompt.gif HTTP/1.1" 200 902
190.171.142.18 - - [04/Apr/2024:09:01:48 -0300] "GET /cormun/static/solicitudot.js?20221129840983 HTTP/1.1" 200 74072
190.171.141.114 - - [04/Apr/2024:09:01:50 -0300] "GET /cormun/servlet/hhome HTTP/1.1" 200 3989
190.171.141.114 - - [04/Apr/2024:09:01:53 -0300] "GET /cormun/servlet/hlogin HTTP/1.1" 200 1728
190.171.141.114 - - [04/Apr/2024:09:02:01 -0300] "POST /cormun/servlet/hlogin?ba50e08ce953774185528f5eb57e26de,gx-no-cache=1712231923187 HTTP/1.1" 200 90
190.171.141.114 - - [04/Apr/2024:09:02:01 -0300] "GET /cormun/servlet/hpexe_link HTTP/1.1" 200 948
190.171.141.114 - - [04/Apr/2024:09:02:01 -0300] "GET /cormun/servlet/hhome HTTP/1.1" 200 4307
190.171.141.114 - - [04/Apr/2024:09:02:04 -0300] "GET /cormun/servlet/trautorizarsolicitud? HTTP/1.1" 200 12438
190.171.141.114 - - [04/Apr/2024:09:02:04 -0300] "GET /cormun/static/gxcfg.js?202211298474254 HTTP/1.1" 200 953
190.171.141.114 - - [04/Apr/2024:09:02:04 -0300] "GET /cormun/static/trautorizarsolicitud.js?202211298474588 HTTP/1.1" 200 53909
190.171.141.114 - - [04/Apr/2024:09:02:09 -0300] "POST /cormun/servlet/trautorizarsolicitud?ba50e08ce953774185528f5eb57e26de,,gx-no-cache=1712231931062 HTTP/1.1" 200 9235
190.171.141.114 - - [04/Apr/2024:09:02:09 -0300] "POST /cormun/servlet/trautorizarsolicitud?ba50e08ce953774185528f5eb57e26de,,gx-no-cache=1712231931265 HTTP/1.1" 200 9171
190.171.141.114 - - [04/Apr/2024:09:02:16 -0300] "POST /cormun/servlet/trautorizarsolicitud?ba50e08ce953774185528f5eb57e26de,,gx-no-cache=1712231938878 HTTP/1.1" 200 114
190.171.141.114 - - [04/Apr/2024:09:02:16 -0300] "GET /cormun/servlet/solicitudotlog?INS,2024,20862,0,ANU, HTTP/1.1" 200 6137
190.171.141.114 - - [04/Apr/2024:09:02:17 -0300] "GET /cormun/static/gxcfg.js?202211298384126 HTTP/1.1" 200 953
190.171.141.114 - - [04/Apr/2024:09:02:17 -0300] "GET /cormun/static/solicitudotlog.js?202211298384130 HTTP/1.1" 200 8934
190.171.141.114 - - [04/Apr/2024:09:02:17 -0300] "GET /cormun/servlet/solicitudotlog?c65736fcd732ac741825a85306a04a856ce6ea15acf13a3569c4e5f18da0a7f60b12533501b7bd32ad3640d95df23aa62dfbba6fd9e523b8fb7d61b64e2bf2a31581c56a18bfebac7b51ec7a0394ed6fe31e50e4cdcab18058dc7455ee04baeb1e06c7e7e2ad1adc51ded81ade7290eabfc9bd2c62eb5c5c46a7f443dff758481475fdd3c94e8cfd14b6a15568d4f0ddcb9b7785f0fe89033426945add0ce278,gx-no-cache=1712231939741 HTTP/1.1" 200 94
190.171.141.114 - - [04/Apr/2024:09:02:22 -0300] "POST /cormun/servlet/solicitudotlog?ba50e08ce953774185528f5eb57e26de,INS,2024,20862,0,ANU,,gx-no-cache=1712231944654 HTTP/1.1" 200 93
190.171.141.114 - - [04/Apr/2024:09:02:22 -0300] "GET /cormun/servlet/hpexe_return? HTTP/1.1" 200 1025
190.171.141.114 - - [04/Apr/2024:09:02:22 -0300] "GET /cormun/servlet/trautorizarsolicitud? HTTP/1.1" 200 11995
190.171.141.114 - - [04/Apr/2024:09:02:37 -0300] "POST /cormun/servlet/trautorizarsolicitud?ba50e08ce953774185528f5eb57e26de,,gx-no-cache=1712231959765 HTTP/1.1" 200 8804
190.171.141.114 - - [04/Apr/2024:09:02:37 -0300] "POST /cormun/servlet/trautorizarsolicitud?ba50e08ce953774185528f5eb57e26de,,gx-no-cache=1712231959978 HTTP/1.1" 200 8748
190.171.141.114 - - [04/Apr/2024:09:02:39 -0300] "POST /cormun/servlet/trautorizarsolicitud?ba50e08ce953774185528f5eb57e26de,,gx-no-cache=1712231961828 HTTP/1.1" 200 8413
190.171.141.114 - - [04/Apr/2024:09:02:40 -0300] "POST /cormun/servlet/trautorizarsolicitud?ba50e08ce953774185528f5eb57e26de,,gx-no-cache=1712231962063 HTTP/1.1" 200 8358
190.171.141.114 - - [04/Apr/2024:09:02:40 -0300] "POST /cormun/servlet/trautorizarsolicitud?ba50e08ce953774185528f5eb57e26de,,gx-no-cache=1712231962941 HTTP/1.1" 200 8060
190.171.141.114 - - [04/Apr/2024:09:02:41 -0300] "POST /cormun/servlet/trautorizarsolicitud?ba50e08ce953774185528f5eb57e26de,,gx-no-cache=1712231963176 HTTP/1.1" 200 8006
190.171.141.114 - - [04/Apr/2024:09:02:41 -0300] "POST /cormun/servlet/trautorizarsolicitud?ba50e08ce953774185528f5eb57e26de,,gx-no-cache=1712231963467 HTTP/1.1" 200 7661
190.171.141.114 - - [04/Apr/2024:09:02:41 -0300] "POST /cormun/servlet/trautorizarsolicitud?ba50e08ce953774185528f5eb57e26de,,gx-no-cache=1712231963680 HTTP/1.1" 200 7604
190.171.141.114 - - [04/Apr/2024:09:02:41 -0300] "POST /cormun/servlet/trautorizarsolicitud?ba50e08ce953774185528f5eb57e26de,,gx-no-cache=1712231963872 HTTP/1.1" 200 7268
190.171.141.114 - - [04/Apr/2024:09:02:42 -0300] "POST /cormun/servlet/trautorizarsolicitud?ba50e08ce953774185528f5eb57e26de,,gx-no-cache=1712231964078 HTTP/1.1" 200 7211
190.171.141.114 - - [04/Apr/2024:09:02:42 -0300] "POST /cormun/servlet/trautorizarsolicitud?ba50e08ce953774185528f5eb57e26de,,gx-no-cache=1712231964315 HTTP/1.1" 200 6801
190.171.141.114 - - [04/Apr/2024:09:02:42 -0300] "POST /cormun/servlet/trautorizarsolicitud?ba50e08ce953774185528f5eb57e26de,,gx-no-cache=1712231964546 HTTP/1.1" 200 6744
190.171.141.114 - - [04/Apr/2024:09:02:42 -0300] "POST /cormun/servlet/trautorizarsolicitud?ba50e08ce953774185528f5eb57e26de,,gx-no-cache=1712231964704 HTTP/1.1" 200 6433
190.171.141.114 - - [04/Apr/2024:09:02:42 -0300] "POST /cormun/servlet/trautorizarsolicitud?ba50e08ce953774185528f5eb57e26de,,gx-no-cache=1712231964886 HTTP/1.1" 200 6377
190.171.141.114 - - [04/Apr/2024:09:02:43 -0300] "POST /cormun/servlet/trautorizarsolicitud?ba50e08ce953774185528f5eb57e26de,,gx-no-cache=1712231965179 HTTP/1.1" 200 5965
190.171.141.114 - - [04/Apr/2024:09:02:43 -0300] "POST /cormun/servlet/trautorizarsolicitud?ba50e08ce953774185528f5eb57e26de,,gx-no-cache=1712231965327 HTTP/1.1" 200 5909
190.171.141.114 - - [04/Apr/2024:09:02:50 -0300] "POST /cormun/servlet/trautorizarsolicitud?ba50e08ce953774185528f5eb57e26de,,gx-no-cache=1712231972604 HTTP/1.1" 200 4775
190.171.141.114 - - [04/Apr/2024:09:02:50 -0300] "POST /cormun/servlet/trautorizarsolicitud?ba50e08ce953774185528f5eb57e26de,,gx-no-cache=1712231972726 HTTP/1.1" 200 4534
190.171.142.18 - - [04/Apr/2024:09:02:52 -0300] "POST /cormun/servlet/solicitudot?gx-no-cache=1712232776857 HTTP/1.1" 200 4155
190.171.142.18 - - [04/Apr/2024:09:02:52 -0300] "POST /cormun/servlet/solicitudot?a35f74a1a44a01aac5d976f2279e05e6,INS,0,0,false,,gx-no-cache=1712232777030 HTTP/1.1" 200 13035
190.171.142.18 - - [04/Apr/2024:09:03:02 -0300] "POST /cormun/servlet/solicitudot?a35f74a1a44a01aac5d976f2279e05e6,INS,0,0,false,,gx-no-cache=1712232786788 HTTP/1.1" 200 13349
190.171.142.18 - - [04/Apr/2024:09:03:02 -0300] "GET /cormun/static/Shared/jqueryui/images/ui-bg_highlight-soft_100_c6c2c8_1x100.png HTTP/1.1" 404 1117
190.171.142.18 - - [04/Apr/2024:09:03:02 -0300] "GET /cormun/static/Shared/jqueryui/images/ui-icons_82798d_256x240.png HTTP/1.1" 404 1089
190.171.142.18 - - [04/Apr/2024:09:03:02 -0300] "GET /cormun/static/Shared/jqueryui/images/ui-bg_flat_55_994d53_40x100.png HTTP/1.1" 404 1097
190.171.142.18 - - [04/Apr/2024:09:03:02 -0300] "GET /cormun/static/Shared/jqueryui/images/ui-icons_ebccce_256x240.png HTTP/1.1" 404 1089
190.171.142.18 - - [04/Apr/2024:09:03:19 -0300] "POST /cormun/servlet/solicitudot?a35f74a1a44a01aac5d976f2279e05e6,INS,0,0,false,,gx-no-cache=1712232803898 HTTP/1.1" 200 93
190.171.142.18 - - [04/Apr/2024:09:03:19 -0300] "GET /cormun/servlet/hpexe_return? HTTP/1.1" 200 1012
190.171.142.18 - - [04/Apr/2024:09:03:19 -0300] "GET /cormun/static/gxcfg.js?20221129846035 HTTP/1.1" 200 953
190.171.142.18 - - [04/Apr/2024:09:03:19 -0300] "GET /cormun/static/hpexe_return.js?20221129846037 HTTP/1.1" 200 1633
190.171.142.18 - - [04/Apr/2024:09:03:19 -0300] "GET /cormun/servlet/trsolicitudot HTTP/1.1" 200 7608
190.171.142.18 - - [04/Apr/2024:09:03:27 -0300] "GET /cormun/servlet/solicitudot?INS,0,0,false, HTTP/1.1" 200 16358
190.95.15.15 - - [04/Apr/2024:09:03:30 -0300] "GET /cormun/servlet/hlogin HTTP/1.1" 200 1717
190.95.15.15 - - [04/Apr/2024:09:03:33 -0300] "GET /cormun/servlet/hlogin HTTP/1.1" 200 1728
190.95.15.15 - - [04/Apr/2024:09:03:42 -0300] "POST /cormun/servlet/hlogin?a10f52ee20eed9ece67e8e2938b84351,gx-no-cache=1712232025377 HTTP/1.1" 200 90
190.95.15.15 - - [04/Apr/2024:09:03:42 -0300] "GET /cormun/servlet/hpexe_link HTTP/1.1" 200 950
190.95.15.15 - - [04/Apr/2024:09:03:42 -0300] "GET /cormun/servlet/hhome HTTP/1.1" 200 3973
190.95.15.15 - - [04/Apr/2024:09:03:45 -0300] "GET /cormun/servlet/trlicencias? HTTP/1.1" 200 10180
190.171.142.18 - - [04/Apr/2024:09:03:48 -0300] "POST /cormun/servlet/solicitudot?gx-no-cache=1712232832740 HTTP/1.1" 200 4194
190.171.142.18 - - [04/Apr/2024:09:03:55 -0300] "GET /cormun/servlet/solicitudot?11d9482de111b5b697a46d6f92eb77925736a8e098891dc36685796d9a4870c4a8b7ddb8a37b2b6339ff5680f3c7305c,gx-no-cache=1712232839710 HTTP/1.1" 200 30
190.95.15.15 - - [04/Apr/2024:09:04:22 -0300] "GET /cormun/servlet/trsolicitudot? HTTP/1.1" 200 7185
