190.171.141.138 - - [01/Apr/2024:09:43:57 -0300] "GET /cormun/servlet/hlogin HTTP/1.1" 200 1733
190.171.141.138 - - [01/Apr/2024:09:43:57 -0300] "GET /cormun/static/Resources/indicator.gif HTTP/1.1" 304 -
190.171.141.138 - - [01/Apr/2024:09:43:57 -0300] "GET /favicon.ico HTTP/1.1" 200 21630
192.168.10.17 - - [01/Apr/2024:09:43:58 -0300] "POST /cormun/servlet/vesolicitudgral?72ca86cba1e67218ef40509c75a6d584,2024,21080,,,gx-no-cache=1711975224129 HTTP/1.1" 200 12314
192.168.10.17 - - [01/Apr/2024:09:43:58 -0300] "GET /cormun/static/Shared/jqueryui/images/ui-icons_82798d_256x240.png HTTP/1.1" 404 1089
192.168.10.17 - - [01/Apr/2024:09:43:58 -0300] "GET /cormun/static/Shared/jqueryui/images/ui-bg_highlight-soft_100_c6c2c8_1x100.png HTTP/1.1" 404 1117
192.168.10.17 - - [01/Apr/2024:09:43:58 -0300] "GET /cormun/static/Shared/jqueryui/images/ui-bg_flat_55_fafafa_40x100.png HTTP/1.1" 404 1097
192.168.10.17 - - [01/Apr/2024:09:43:58 -0300] "GET /cormun/static/Shared/jqueryui/images/ui-icons_8d78a5_256x240.png HTTP/1.1" 404 1089
192.168.10.17 - - [01/Apr/2024:09:43:58 -0300] "POST /cormun/servlet/vesolicitudgral?72ca86cba1e67218ef40509c75a6d584,2024,21080,,,gx-no-cache=1711975224255 HTTP/1.1" 200 12247
190.171.141.138 - - [01/Apr/2024:09:44:00 -0300] "POST /cormun/servlet/hlogin?b11b6e2f6406255da5003ef2de301c6a,gx-no-cache=1711975250526 HTTP/1.1" 200 90
190.171.141.138 - - [01/Apr/2024:09:44:00 -0300] "GET /cormun/servlet/hpexe_link HTTP/1.1" 200 953
190.171.141.138 - - [01/Apr/2024:09:44:01 -0300] "GET /cormun/static/gxcfg.js?20221129847421 HTTP/1.1" 200 953
190.171.141.138 - - [01/Apr/2024:09:44:01 -0300] "GET /cormun/static/hpexe_link.js?20221129847423 HTTP/1.1" 200 625
190.171.141.138 - - [01/Apr/2024:09:44:01 -0300] "GET /cormun/static/Resources/Spanish/PXTools.css?8354383 HTTP/1.1" 304 -
190.171.141.138 - - [01/Apr/2024:09:44:01 -0300] "GET /cormun/servlet/hhome HTTP/1.1" 200 4484
190.171.141.138 - - [01/Apr/2024:09:44:01 -0300] "GET /cormun/static/gxcfg.js?20201215495537 HTTP/1.1" 200 953
190.171.141.138 - - [01/Apr/2024:09:44:01 -0300] "GET /cormun/static/Resources/ImgHome.png HTTP/1.1" 304 -
190.171.141.138 - - [01/Apr/2024:09:44:01 -0300] "GET /cormun/static/Resources/CormunMP2.png HTTP/1.1" 304 -
190.171.141.138 - - [01/Apr/2024:09:44:01 -0300] "GET /cormun/static/Resources/ImgLogin.png HTTP/1.1" 304 -
190.171.141.138 - - [01/Apr/2024:09:44:01 -0300] "GET /cormun/static/Resources/Spanish/PXTools.css?14345360 HTTP/1.1" 200 100853
190.171.141.138 - - [01/Apr/2024:09:44:01 -0300] "GET /cormun/static/Resources/Llave.png HTTP/1.1" 304 -
190.171.141.138 - - [01/Apr/2024:09:44:01 -0300] "GET /cormun/static/hhome.js?20201215495544 HTTP/1.1" 200 777
190.171.141.138 - - [01/Apr/2024:09:44:01 -0300] "GET /cormun/static/hwchdr01.js?2022112219251119 HTTP/1.1" 304 -
190.171.141.138 - - [01/Apr/2024:09:44:01 -0300] "GET /cormun/static/hpexe_recentlink.js?20201214471090 HTTP/1.1" 304 -
190.171.141.138 - - [01/Apr/2024:09:44:01 -0300] "GET /cormun/static/hpexe_scripts.js?20201214471411 HTTP/1.1" 304 -
190.171.141.138 - - [01/Apr/2024:09:44:01 -0300] "GET /cormun/static/hpexe_messagepopupcomponent.js?2020121447232 HTTP/1.1" 304 -
190.171.141.138 - - [01/Apr/2024:09:44:01 -0300] "GET /cormun/static/hpexe_messagecontroller.js?202211298371222 HTTP/1.1" 304 -
190.171.141.138 - - [01/Apr/2024:09:44:01 -0300] "GET /cormun/static/hpexe_messagegenexuscomponent.js?20221129836373 HTTP/1.1" 304 -
190.171.141.138 - - [01/Apr/2024:09:44:01 -0300] "GET /cormun/static/cmcontrolpreferences.js?20199141926336 HTTP/1.1" 304 -
190.171.141.138 - - [01/Apr/2024:09:44:01 -0300] "GET /cormun/static/Resources/PXToolsDataTitle.png HTTP/1.1" 304 -
190.171.141.138 - - [01/Apr/2024:09:44:01 -0300] "GET /cormun/static/hmpwkw03.js?20221129844354 HTTP/1.1" 304 -
192.168.10.17 - - [01/Apr/2024:09:44:01 -0300] "GET /cormun/servlet/trsolicitudgral? HTTP/1.1" 200 21817
190.171.141.138 - - [01/Apr/2024:09:44:09 -0300] "GET /cormun/servlet/trlicencias? HTTP/1.1" 200 11908
190.171.141.138 - - [01/Apr/2024:09:44:09 -0300] "GET /cormun/static/gxui/gxui-all.css?120300 HTTP/1.1" 200 2179
190.171.141.138 - - [01/Apr/2024:09:44:09 -0300] "GET /cormun/static/calendar-system.css?85620 HTTP/1.1" 200 5572
190.171.141.138 - - [01/Apr/2024:09:44:09 -0300] "GET /cormun/static/gxcfg.js?202211298463625 HTTP/1.1" 200 953
190.171.141.138 - - [01/Apr/2024:09:44:09 -0300] "GET /cormun/static/calendar-setup.js?85251 HTTP/1.1" 200 2588
190.171.141.138 - - [01/Apr/2024:09:44:09 -0300] "GET /cormun/static/calendar.js?85251 HTTP/1.1" 200 26246
190.171.141.138 - - [01/Apr/2024:09:44:09 -0300] "GET /cormun/static/calendar-es.js?85251 HTTP/1.1" 200 1901
190.171.141.138 - - [01/Apr/2024:09:44:09 -0300] "GET /cormun/static/Resources/PXTools/calendar.png HTTP/1.1" 200 1306
190.171.141.138 - - [01/Apr/2024:09:44:09 -0300] "GET /cormun/static/gxdec.js?85251 HTTP/1.1" 200 19579
190.171.141.138 - - [01/Apr/2024:09:44:09 -0300] "GET /cormun/static/trlicencias.js?202211298463889 HTTP/1.1" 200 41883
190.171.141.138 - - [01/Apr/2024:09:44:09 -0300] "GET /cormun/static/Shared/ext/resources/css/ext-all.css?215870 HTTP/1.1" 200 416045
190.171.141.138 - - [01/Apr/2024:09:44:09 -0300] "GET /cormun/static/Resources/PXToolsDataSearch.png HTTP/1.1" 200 435
190.171.141.138 - - [01/Apr/2024:09:44:09 -0300] "GET /cormun/static/Resources/PXToolsGridFirstDisabled.gif HTTP/1.1" 200 100
190.171.141.138 - - [01/Apr/2024:09:44:09 -0300] "GET /cormun/static/Resources/PXToolsGridPreviousDisabled.gif HTTP/1.1" 200 90
190.171.141.138 - - [01/Apr/2024:09:44:09 -0300] "GET /cormun/static/Resources/PXToolsAddAllAction.png HTTP/1.1" 200 495
190.171.141.138 - - [01/Apr/2024:09:44:09 -0300] "GET /cormun/static/Resources/PXToolsActionExcel.png HTTP/1.1" 200 727
190.171.141.138 - - [01/Apr/2024:09:44:09 -0300] "GET /cormun/static/Resources/PXToolsGridPage.gif HTTP/1.1" 200 725
190.171.141.138 - - [01/Apr/2024:09:44:09 -0300] "GET /cormun/static/Resources/PXToolsGridLastDisabled.gif HTTP/1.1" 200 98
190.171.141.138 - - [01/Apr/2024:09:44:09 -0300] "GET /cormun/static/Resources/PXToolsGridNextDisabled.gif HTTP/1.1" 200 90
190.171.141.138 - - [01/Apr/2024:09:44:09 -0300] "GET /cormun/static/Resources/asc.gif HTTP/1.1" 200 67
190.171.141.138 - - [01/Apr/2024:09:44:09 -0300] "GET /cormun//static/Resources/PXToolsActionDisabled.gif HTTP/1.1" 200 53
190.171.141.138 - - [01/Apr/2024:09:44:09 -0300] "GET /cormun//static/Resources/PXTools/ActionInsert.png HTTP/1.1" 200 1482
190.171.141.138 - - [01/Apr/2024:09:44:09 -0300] "GET /cormun//static/Resources/PXToolsActionPrint.png HTTP/1.1" 200 404
190.171.141.138 - - [01/Apr/2024:09:44:09 -0300] "GET /cormun/static/Resources/desc.gif HTTP/1.1" 200 65
190.171.141.138 - - [01/Apr/2024:09:44:09 -0300] "GET /cormun//static/Resources/PXToolsGridDisplay.png HTTP/1.1" 200 525
190.171.141.138 - - [01/Apr/2024:09:44:09 -0300] "GET /cormun//static/Resources/PXToolsHeaderFavorites.png HTTP/1.1" 200 1414
190.171.141.138 - - [01/Apr/2024:09:44:09 -0300] "GET /cormun//static/Resources/PXToolsHeaderHelp.png HTTP/1.1" 200 1333
190.171.141.138 - - [01/Apr/2024:09:44:09 -0300] "GET /cormun/static/Shared/ext/resources/themes/images/default/panel/bg-headersPanel.png HTTP/1.1" 200 255
190.171.141.138 - - [01/Apr/2024:09:44:09 -0300] "GET /cormun/static/Shared/ext/resources/themes/images/default/tools/tool-sprites.gif HTTP/1.1" 200 5434
190.171.141.138 - - [01/Apr/2024:09:44:14 -0300] "-" 400 -
190.171.141.82 - - [01/Apr/2024:09:45:10 -0300] "GET /cormun/servlet/hlogin HTTP/1.1" 200 1712
190.171.141.82 - - [01/Apr/2024:09:45:12 -0300] "POST /cormun/servlet/hlogin?19b0416c9576b5c15a660f7d9a95db82,gx-no-cache=1711975319125 HTTP/1.1" 200 90
190.171.141.82 - - [01/Apr/2024:09:45:12 -0300] "GET /cormun/servlet/hpexe_link HTTP/1.1" 200 940
190.171.141.82 - - [01/Apr/2024:09:45:12 -0300] "GET /cormun/servlet/hhome HTTP/1.1" 200 4309
190.171.141.82 - - [01/Apr/2024:09:45:16 -0300] "GET /cormun/servlet/trlicencias? HTTP/1.1" 200 10197
190.171.142.42 - - [01/Apr/2024:09:45:22 -0300] "POST /cormun/servlet/trpermisosgoce?48bb2d7cf7e0710935e386c56e3181b8,,gx-no-cache=1711975326286 HTTP/1.1" 200 4190
190.171.152.242 - - [01/Apr/2024:09:45:27 -0300] "POST /cormun/servlet/solicitudot?5be367ab5d789dcbcbe7325d6a14a7b6,INS,0,0,false,,gx-no-cache=1711975333833 HTTP/1.1" 200 93
190.171.152.242 - - [01/Apr/2024:09:45:27 -0300] "GET /cormun/servlet/hpexe_return? HTTP/1.1" 200 1013
190.171.152.242 - - [01/Apr/2024:09:45:27 -0300] "GET /cormun/servlet/trsolicitudot HTTP/1.1" 200 8635
190.171.142.42 - - [01/Apr/2024:09:45:30 -0300] "POST /cormun/servlet/trpermisosgoce?48bb2d7cf7e0710935e386c56e3181b8,,gx-no-cache=1711975334015 HTTP/1.1" 200 4190
190.171.152.242 - - [01/Apr/2024:09:45:31 -0300] "POST /cormun/servlet/trsolicitudot?5be367ab5d789dcbcbe7325d6a14a7b6,gx-no-cache=1711975338641 HTTP/1.1" 200 106
190.171.152.242 - - [01/Apr/2024:09:45:31 -0300] "GET /cormun/servlet/trsolicitudadjuntos?2024,21142, HTTP/1.1" 200 6111
190.171.152.242 - - [01/Apr/2024:09:45:33 -0300] "GET /cormun/servlet/solicitudotadjuntos?INS,2024,21142,,1, HTTP/1.1" 200 6061
190.171.152.242 - - [01/Apr/2024:09:45:33 -0300] "GET /cormun/static/about:blank HTTP/1.1" 404 1011
190.171.142.42 - - [01/Apr/2024:09:45:33 -0300] "POST /cormun/servlet/trpermisosgoce?48bb2d7cf7e0710935e386c56e3181b8,,gx-no-cache=1711975337672 HTTP/1.1" 200 104
190.171.142.42 - - [01/Apr/2024:09:45:34 -0300] "POST /cormun/servlet/trpermisosgoce?48bb2d7cf7e0710935e386c56e3181b8,,gx-no-cache=1711975337737 HTTP/1.1" 200 4166
190.171.152.242 - - [01/Apr/2024:09:45:34 -0300] "GET /cormun/servlet/solicitudotadjuntos?c413c052ff5ad6252441ee96819fb4230e11af1985ec8c1f18603cfd137504ffc21d3cb128e8b54e492340413d9e5411,gx-no-cache=1711975341487 HTTP/1.1" 200 30
190.171.152.242 - - [01/Apr/2024:09:45:34 -0300] "POST /cormun/servlet/solicitudotadjuntos?5be367ab5d789dcbcbe7325d6a14a7b6,INS,2024,21142,,1,,gx-no-cache=1711975341514 HTTP/1.1" 200 3911
190.171.142.42 - - [01/Apr/2024:09:45:34 -0300] "GET /cormun/PermisosGoce-7138.xls HTTP/1.1" 200 4096
190.171.152.242 - - [01/Apr/2024:09:45:38 -0300] "POST /cormun/servlet/solicitudotadjuntos?gx-no-cache=1711975345562 HTTP/1.1" 200 26
190.171.142.42 - - [01/Apr/2024:09:45:43 -0300] "GET /cormun/servlet/permisogoce?INS,0,,, HTTP/1.1" 200 6678
190.171.142.42 - - [01/Apr/2024:09:45:44 -0300] "GET /cormun/static/gxcfg.js?20201215124560 HTTP/1.1" 200 953
190.171.142.42 - - [01/Apr/2024:09:45:44 -0300] "GET /cormun/static/permisogoce.js?20201215124939 HTTP/1.1" 200 27790
190.171.142.42 - - [01/Apr/2024:09:45:57 -0300] "GET /cormun/servlet/permisogoce?223af68f7a7072056ca0cb2c52bf6b532b4b9221a7f1ad522f816cb4b2479e6d4f9a9e866b710d71930ce1bcf27ad14145d4eb2713dfdc28db165dddf483454f,gx-no-cache=1711975361212 HTTP/1.1" 200 226
190.171.142.42 - - [01/Apr/2024:09:45:57 -0300] "GET /cormun/static/Shared/jqueryui/images/ui-icons_82798d_256x240.png HTTP/1.1" 404 1089
190.171.142.42 - - [01/Apr/2024:09:45:57 -0300] "GET /cormun/static/Shared/jqueryui/images/ui-bg_highlight-soft_100_c6c2c8_1x100.png HTTP/1.1" 404 1117
190.171.142.42 - - [01/Apr/2024:09:45:57 -0300] "GET /cormun/static/Shared/jqueryui/images/ui-bg_flat_55_994d53_40x100.png HTTP/1.1" 404 1097
190.171.142.42 - - [01/Apr/2024:09:45:57 -0300] "GET /cormun/static/Shared/jqueryui/images/ui-icons_ebccce_256x240.png HTTP/1.1" 404 1089
190.171.152.242 - - [01/Apr/2024:09:45:59 -0300] "GET /cormun/servlet/solicitudotadjuntos?c413c052ff5ad6252441ee96819fb423e116ff4a4805d7e6446ddae74c0eb4fd,gx-no-cache=1711975366974 HTTP/1.1" 200 30
190.171.152.242 - - [01/Apr/2024:09:45:59 -0300] "GET /cormun/servlet/solicitudotadjuntos?c413c052ff5ad6252441ee96819fb423e116ff4a4805d7e6446ddae74c0eb4fd,gx-no-cache=1711975366989 HTTP/1.1" 200 30
190.171.152.242 - - [01/Apr/2024:09:45:59 -0300] "POST /cormun/servlet/solicitudotadjuntos?5be367ab5d789dcbcbe7325d6a14a7b6,INS,2024,21142,,1,,gx-no-cache=1711975367000 HTTP/1.1" 200 93
190.171.152.242 - - [01/Apr/2024:09:45:59 -0300] "GET /cormun/servlet/hpexe_return? HTTP/1.1" 200 1031
190.171.152.242 - - [01/Apr/2024:09:45:59 -0300] "GET /cormun/servlet/trsolicitudadjuntos?2024,21142, HTTP/1.1" 200 8901
190.171.152.242 - - [01/Apr/2024:09:46:02 -0300] "GET /cormun/servlet/solicitudotadjuntos?INS,2024,21142,,1, HTTP/1.1" 200 6059
190.171.152.242 - - [01/Apr/2024:09:46:02 -0300] "GET /cormun/static/about:blank HTTP/1.1" 404 1011
190.171.152.242 - - [01/Apr/2024:09:46:03 -0300] "GET /cormun/servlet/solicitudotadjuntos?c413c052ff5ad6252441ee96819fb4230e11af1985ec8c1f18603cfd137504ffc21d3cb128e8b54e492340413d9e5411,gx-no-cache=1711975370557 HTTP/1.1" 200 30
190.171.152.242 - - [01/Apr/2024:09:46:03 -0300] "POST /cormun/servlet/solicitudotadjuntos?5be367ab5d789dcbcbe7325d6a14a7b6,INS,2024,21142,,1,,gx-no-cache=1711975370581 HTTP/1.1" 200 3910
190.171.152.242 - - [01/Apr/2024:09:46:05 -0300] "POST /cormun/servlet/solicitudotadjuntos?gx-no-cache=1711975372871 HTTP/1.1" 200 26
190.171.142.42 - - [01/Apr/2024:09:46:16 -0300] "GET /cormun/servlet/hlogin HTTP/1.1" 200 1710
190.171.152.242 - - [01/Apr/2024:09:46:23 -0300] "GET /cormun/servlet/solicitudotadjuntos?c413c052ff5ad6252441ee96819fb423e116ff4a4805d7e6446ddae74c0eb4fd,gx-no-cache=1711975390485 HTTP/1.1" 200 30
190.171.152.242 - - [01/Apr/2024:09:46:23 -0300] "GET /cormun/servlet/solicitudotadjuntos?c413c052ff5ad6252441ee96819fb423e116ff4a4805d7e6446ddae74c0eb4fd,gx-no-cache=1711975390495 HTTP/1.1" 200 30
190.171.152.242 - - [01/Apr/2024:09:46:23 -0300] "POST /cormun/servlet/solicitudotadjuntos?5be367ab5d789dcbcbe7325d6a14a7b6,INS,2024,21142,,1, HTTP/1.1" 200 116
190.171.152.242 - - [01/Apr/2024:09:46:23 -0300] "GET /cormun/servlet/hpexe_return? HTTP/1.1" 200 1031
190.171.152.242 - - [01/Apr/2024:09:46:23 -0300] "GET /cormun/servlet/trsolicitudadjuntos?2024,21142, HTTP/1.1" 200 9263
190.171.142.42 - - [01/Apr/2024:09:46:27 -0300] "POST /cormun/servlet/hlogin?48bb2d7cf7e0710935e386c56e3181b8,gx-no-cache=1711975391160 HTTP/1.1" 200 90
190.171.142.42 - - [01/Apr/2024:09:46:27 -0300] "GET /cormun/servlet/hpexe_link HTTP/1.1" 200 955
190.171.142.42 - - [01/Apr/2024:09:46:27 -0300] "GET /cormun/servlet/permisogoce?INS,0,,, HTTP/1.1" 200 6679
190.171.152.242 - - [01/Apr/2024:09:46:31 -0300] "GET /cormun/servlet/solicitudotadjuntos?INS,2024,21142,,1, HTTP/1.1" 200 6059
190.171.152.242 - - [01/Apr/2024:09:46:31 -0300] "GET /cormun/static/about:blank HTTP/1.1" 404 1011
192.168.10.17 - - [01/Apr/2024:09:46:32 -0300] "POST /cormun/servlet/trsolicitudgral?72ca86cba1e67218ef40509c75a6d584,,gx-no-cache=1711975377696 HTTP/1.1" 200 18530
190.171.152.242 - - [01/Apr/2024:09:46:32 -0300] "GET /cormun/servlet/solicitudotadjuntos?c413c052ff5ad6252441ee96819fb4230e11af1985ec8c1f18603cfd137504ffc21d3cb128e8b54e492340413d9e5411,gx-no-cache=1711975399589 HTTP/1.1" 200 30
190.171.152.242 - - [01/Apr/2024:09:46:32 -0300] "POST /cormun/servlet/solicitudotadjuntos?5be367ab5d789dcbcbe7325d6a14a7b6,INS,2024,21142,,1,,gx-no-cache=1711975399613 HTTP/1.1" 200 3910
192.168.10.17 - - [01/Apr/2024:09:46:32 -0300] "GET /cormun/static/Shared/jqueryui/images/ui-bg_highlight-soft_100_c6c2c8_1x100.png HTTP/1.1" 404 1117
192.168.10.17 - - [01/Apr/2024:09:46:32 -0300] "GET /cormun/static/Shared/jqueryui/images/ui-icons_82798d_256x240.png HTTP/1.1" 404 1089
192.168.10.17 - - [01/Apr/2024:09:46:32 -0300] "GET /cormun/static/Shared/jqueryui/images/ui-bg_flat_55_fafafa_40x100.png HTTP/1.1" 404 1097
192.168.10.17 - - [01/Apr/2024:09:46:32 -0300] "GET /cormun/static/Shared/jqueryui/images/ui-icons_8d78a5_256x240.png HTTP/1.1" 404 1089
190.171.152.242 - - [01/Apr/2024:09:46:36 -0300] "POST /cormun/servlet/solicitudotadjuntos?gx-no-cache=1711975404079 HTTP/1.1" 200 26
190.171.142.42 - - [01/Apr/2024:09:46:47 -0300] "GET /cormun/servlet/permisogoce?223af68f7a7072056ca0cb2c52bf6b53a3dd5a8887c04080ca38118344549ff45819bc95379402ae05bf1859f6e1c7c8a3cce7817c8e536674450b6e6f8677ce,gx-no-cache=1711975411153 HTTP/1.1" 200 85
190.171.142.42 - - [01/Apr/2024:09:47:00 -0300] "GET /cormun/servlet/permisogoce?223af68f7a7072056ca0cb2c52bf6b53c117a2e35c6e482605a623c0a9803ba9628e19349b74798e9016e85ea7097d110f6f5af9c70e754f024dfed501bb937d,gx-no-cache=1711975424165 HTTP/1.1" 200 46
190.171.142.42 - - [01/Apr/2024:09:47:04 -0300] "POST /cormun/servlet/permisogoce?48bb2d7cf7e0710935e386c56e3181b8,INS,0,,,,gx-no-cache=1711975427518 HTTP/1.1" 200 93
190.171.142.42 - - [01/Apr/2024:09:47:04 -0300] "GET /cormun/servlet/hpexe_return? HTTP/1.1" 200 1001
190.171.142.42 - - [01/Apr/2024:09:47:04 -0300] "GET /cormun/static/hpexe_return.js?20221129846037 HTTP/1.1" 200 1633
190.171.142.42 - - [01/Apr/2024:09:47:04 -0300] "GET /cormun/static/gxcfg.js?20221129846035 HTTP/1.1" 200 953
190.171.142.42 - - [01/Apr/2024:09:47:04 -0300] "GET /cormun/servlet/trpermisosgoce? HTTP/1.1" 200 6740
190.171.152.242 - - [01/Apr/2024:09:47:11 -0300] "GET /cormun/servlet/solicitudotadjuntos?c413c052ff5ad6252441ee96819fb423e116ff4a4805d7e6446ddae74c0eb4fd,gx-no-cache=1711975438390 HTTP/1.1" 200 30
190.171.152.242 - - [01/Apr/2024:09:47:11 -0300] "GET /cormun/servlet/solicitudotadjuntos?c413c052ff5ad6252441ee96819fb423e116ff4a4805d7e6446ddae74c0eb4fd,gx-no-cache=1711975438405 HTTP/1.1" 200 30
190.171.152.242 - - [01/Apr/2024:09:47:11 -0300] "POST /cormun/servlet/solicitudotadjuntos?5be367ab5d789dcbcbe7325d6a14a7b6,INS,2024,21142,,1, HTTP/1.1" 200 116
190.171.152.242 - - [01/Apr/2024:09:47:11 -0300] "GET /cormun/servlet/hpexe_return? HTTP/1.1" 200 1031
190.171.152.242 - - [01/Apr/2024:09:47:11 -0300] "GET /cormun/servlet/trsolicitudadjuntos?2024,21142, HTTP/1.1" 200 9477
190.171.152.242 - - [01/Apr/2024:09:47:13 -0300] "GET /cormun/servlet/solicitudotadjuntos?INS,2024,21142,,1, HTTP/1.1" 200 6061
190.171.152.242 - - [01/Apr/2024:09:47:13 -0300] "GET /cormun/static/about:blank HTTP/1.1" 404 1011
190.171.152.242 - - [01/Apr/2024:09:47:14 -0300] "GET /cormun/servlet/solicitudotadjuntos?c413c052ff5ad6252441ee96819fb4230e11af1985ec8c1f18603cfd137504ffc21d3cb128e8b54e492340413d9e5411,gx-no-cache=1711975441324 HTTP/1.1" 200 30
190.171.152.242 - - [01/Apr/2024:09:47:14 -0300] "POST /cormun/servlet/solicitudotadjuntos?5be367ab5d789dcbcbe7325d6a14a7b6,INS,2024,21142,,1,,gx-no-cache=1711975441348 HTTP/1.1" 200 3911
190.171.142.42 - - [01/Apr/2024:09:47:15 -0300] "POST /cormun/servlet/trpermisosgoce?48bb2d7cf7e0710935e386c56e3181b8,,gx-no-cache=1711975439412 HTTP/1.1" 200 104
190.171.142.42 - - [01/Apr/2024:09:47:15 -0300] "POST /cormun/servlet/trpermisosgoce?48bb2d7cf7e0710935e386c56e3181b8,,gx-no-cache=1711975439458 HTTP/1.1" 200 4169
190.171.142.42 - - [01/Apr/2024:09:47:15 -0300] "GET /cormun/PermisosGoce-4785.xls HTTP/1.1" 200 4096
190.171.152.242 - - [01/Apr/2024:09:47:18 -0300] "POST /cormun/servlet/solicitudotadjuntos?gx-no-cache=1711975445847 HTTP/1.1" 200 26
190.171.152.242 - - [01/Apr/2024:09:47:31 -0300] "GET /cormun/servlet/solicitudotadjuntos?c413c052ff5ad6252441ee96819fb423e116ff4a4805d7e6446ddae74c0eb4fd,gx-no-cache=1711975458638 HTTP/1.1" 200 30
190.171.152.242 - - [01/Apr/2024:09:47:31 -0300] "GET /cormun/servlet/solicitudotadjuntos?c413c052ff5ad6252441ee96819fb423e116ff4a4805d7e6446ddae74c0eb4fd,gx-no-cache=1711975458648 HTTP/1.1" 200 30
190.171.152.242 - - [01/Apr/2024:09:47:31 -0300] "POST /cormun/servlet/solicitudotadjuntos?5be367ab5d789dcbcbe7325d6a14a7b6,INS,2024,21142,,1, HTTP/1.1" 200 116
190.171.152.242 - - [01/Apr/2024:09:47:31 -0300] "GET /cormun/servlet/hpexe_return? HTTP/1.1" 200 1031
190.171.152.242 - - [01/Apr/2024:09:47:31 -0300] "GET /cormun/servlet/trsolicitudadjuntos?2024,21142, HTTP/1.1" 200 9742
190.171.142.42 - - [01/Apr/2024:09:47:32 -0300] "POST /cormun/servlet/trpermisosgoce?48bb2d7cf7e0710935e386c56e3181b8,,gx-no-cache=1711975456025 HTTP/1.1" 200 4194
190.171.152.242 - - [01/Apr/2024:09:47:34 -0300] "GET /cormun/servlet/solicitudotadjuntos?INS,2024,21142,,1, HTTP/1.1" 200 6061
190.171.152.242 - - [01/Apr/2024:09:47:34 -0300] "GET /cormun/static/about:blank HTTP/1.1" 404 1011
190.171.152.242 - - [01/Apr/2024:09:47:35 -0300] "GET /cormun/servlet/solicitudotadjuntos?c413c052ff5ad6252441ee96819fb4230e11af1985ec8c1f18603cfd137504ffc21d3cb128e8b54e492340413d9e5411,gx-no-cache=1711975462445 HTTP/1.1" 200 30
190.171.152.242 - - [01/Apr/2024:09:47:35 -0300] "POST /cormun/servlet/solicitudotadjuntos?5be367ab5d789dcbcbe7325d6a14a7b6,INS,2024,21142,,1,,gx-no-cache=1711975462469 HTTP/1.1" 200 3911
190.171.152.242 - - [01/Apr/2024:09:47:38 -0300] "POST /cormun/servlet/solicitudotadjuntos?gx-no-cache=1711975465399 HTTP/1.1" 200 26
190.171.142.42 - - [01/Apr/2024:09:47:40 -0300] "GET /cormun/servlet/trpermisosgoce? HTTP/1.1" 200 6736
192.168.10.17 - - [01/Apr/2024:09:47:47 -0300] "POST /cormun/servlet/trsolicitudgral?72ca86cba1e67218ef40509c75a6d584,,gx-no-cache=1711975452751 HTTP/1.1" 200 18165
190.171.142.42 - - [01/Apr/2024:09:47:49 -0300] "GET /cormun/servlet/trpermisosgoce? HTTP/1.1" 200 6736
190.171.141.138 - - [01/Apr/2024:09:47:52 -0300] "GET /cormun/servlet/hlogin HTTP/1.1" 200 1716
190.171.141.138 - - [01/Apr/2024:09:47:53 -0300] "GET /cormun/servlet/hlogin HTTP/1.1" 200 1726
190.171.141.138 - - [01/Apr/2024:09:47:55 -0300] "POST /cormun/servlet/hlogin?3974c9842ba5364110cb1a6e310b5804,gx-no-cache=1711975482231 HTTP/1.1" 200 90
190.171.141.138 - - [01/Apr/2024:09:47:55 -0300] "GET /cormun/servlet/hpexe_link HTTP/1.1" 200 948
190.171.141.138 - - [01/Apr/2024:09:47:55 -0300] "GET /cormun/servlet/hhome HTTP/1.1" 200 4475
190.171.141.138 - - [01/Apr/2024:09:48:03 -0300] "GET /cormun/servlet/trpermisosgoce? HTTP/1.1" 200 10257
190.171.142.42 - - [01/Apr/2024:09:48:04 -0300] "POST /cormun/servlet/trpermisosgoce?48bb2d7cf7e0710935e386c56e3181b8,,gx-no-cache=1711975488179 HTTP/1.1" 200 4194
190.171.141.138 - - [01/Apr/2024:09:48:08 -0300] "GET /cormun/servlet/permisogoce?INS,0,,, HTTP/1.1" 200 7377
190.171.142.42 - - [01/Apr/2024:09:48:14 -0300] "GET /cormun/servlet/trpermisosingoce? HTTP/1.1" 200 6729
190.171.142.42 - - [01/Apr/2024:09:48:14 -0300] "GET /cormun/static/gxcfg.js?2020121653066 HTTP/1.1" 200 953
190.171.142.42 - - [01/Apr/2024:09:48:14 -0300] "GET /cormun/static/trpermisosingoce.js?2020121655097 HTTP/1.1" 200 34472
190.171.142.42 - - [01/Apr/2024:09:48:15 -0300] "POST /cormun/servlet/acontrolpreferencessavestate?None,CD-30,true HTTP/1.1" 200 35
190.171.142.42 - - [01/Apr/2024:09:48:17 -0300] "GET /cormun/servlet/trpermisosgoce? HTTP/1.1" 200 6744
190.171.141.138 - - [01/Apr/2024:09:48:22 -0300] "GET /cormun/servlet/permisogoce?e7de679cd55ddf7fdf1ea576d9946e544295ea9036c2dc11a505f9a3350e49e085cae0d0eb50aa62d8ce2c9559050d203596162a3cc031b4306fce2b07102709,gx-no-cache=1711975508873 HTTP/1.1" 200 79
190.171.141.138 - - [01/Apr/2024:09:48:22 -0300] "GET /cormun/static/menuarrow.gif HTTP/1.1" 404 1015
192.168.10.17 - - [01/Apr/2024:09:48:24 -0300] "POST /cormun/servlet/trsolicitudgral?72ca86cba1e67218ef40509c75a6d584,,gx-no-cache=1711975490077 HTTP/1.1" 200 105
192.168.10.17 - - [01/Apr/2024:09:48:24 -0300] "POST /cormun/servlet/trsolicitudgral?72ca86cba1e67218ef40509c75a6d584,,gx-no-cache=1711975490282 HTTP/1.1" 200 18115
192.168.10.17 - - [01/Apr/2024:09:48:25 -0300] "GET /cormun/SolicitudGral-5296.xls HTTP/1.1" 200 19456
190.171.141.138 - - [01/Apr/2024:09:48:25 -0300] "GET /cormun/servlet/permisogoce?e7de679cd55ddf7fdf1ea576d9946e543f8600bdf41bdf20914702c8b89bb85014539d433bdbaf7c0fb337f9633c32b86f893e24095c55819d5ab6ac60e37635,gx-no-cache=1711975512516 HTTP/1.1" 200 46
190.171.142.42 - - [01/Apr/2024:09:48:30 -0300] "GET /cormun/servlet/permisogoce?INS,0,,, HTTP/1.1" 200 6684
190.171.141.138 - - [01/Apr/2024:09:48:31 -0300] "POST /cormun/servlet/permisogoce?3974c9842ba5364110cb1a6e310b5804,INS,0,,,,gx-no-cache=1711975518001 HTTP/1.1" 200 93
190.171.141.138 - - [01/Apr/2024:09:48:31 -0300] "GET /cormun/servlet/hpexe_return? HTTP/1.1" 200 1007
190.171.141.138 - - [01/Apr/2024:09:48:31 -0300] "GET /cormun/servlet/trpermisosgoce HTTP/1.1" 200 10513
190.171.141.138 - - [01/Apr/2024:09:48:34 -0300] "GET /cormun/servlet/apermisogoceprn?18015264,P,20240401094434,PU HTTP/1.1" 200 1658
190.171.142.42 - - [01/Apr/2024:09:48:34 -0300] "GET /cormun/servlet/trpermisosgoce? HTTP/1.1" 200 6745
192.168.10.17 - - [01/Apr/2024:09:48:51 -0300] "POST /cormun/servlet/trsolicitudgral?72ca86cba1e67218ef40509c75a6d584,,gx-no-cache=1711975517229 HTTP/1.1" 200 17812
190.171.141.90 - - [01/Apr/2024:09:48:53 -0300] "POST /cormun/servlet/trlicencias?d732665e1766989c6aeaf0b16601afbc,,gx-no-cache=1711975542727 HTTP/1.1" 200 7137
190.171.152.242 - - [01/Apr/2024:09:48:55 -0300] "GET /cormun/servlet/solicitudotadjuntos?c413c052ff5ad6252441ee96819fb423e116ff4a4805d7e6446ddae74c0eb4fd,gx-no-cache=1711975542871 HTTP/1.1" 200 30
190.171.152.242 - - [01/Apr/2024:09:48:55 -0300] "GET /cormun/servlet/solicitudotadjuntos?c413c052ff5ad6252441ee96819fb423e116ff4a4805d7e6446ddae74c0eb4fd,gx-no-cache=1711975542885 HTTP/1.1" 200 30
190.171.152.242 - - [01/Apr/2024:09:48:55 -0300] "POST /cormun/servlet/solicitudotadjuntos?5be367ab5d789dcbcbe7325d6a14a7b6,INS,2024,21142,,1, HTTP/1.1" 200 116
190.171.152.242 - - [01/Apr/2024:09:48:55 -0300] "GET /cormun/servlet/hpexe_return? HTTP/1.1" 200 1031
190.171.152.242 - - [01/Apr/2024:09:48:55 -0300] "GET /cormun/servlet/trsolicitudadjuntos?2024,21142, HTTP/1.1" 200 10053
190.171.152.242 - - [01/Apr/2024:09:49:03 -0300] "GET /cormun/servlet/solicitudotadjuntos?INS,2024,21142,,1, HTTP/1.1" 200 6061
190.171.152.242 - - [01/Apr/2024:09:49:03 -0300] "GET /cormun/static/about:blank HTTP/1.1" 404 1011
190.171.152.242 - - [01/Apr/2024:09:49:04 -0300] "GET /cormun/servlet/solicitudotadjuntos?c413c052ff5ad6252441ee96819fb4230e11af1985ec8c1f18603cfd137504ffc21d3cb128e8b54e492340413d9e5411,gx-no-cache=1711975551368 HTTP/1.1" 200 30
190.171.152.242 - - [01/Apr/2024:09:49:04 -0300] "POST /cormun/servlet/solicitudotadjuntos?5be367ab5d789dcbcbe7325d6a14a7b6,INS,2024,21142,,1,,gx-no-cache=1711975551393 HTTP/1.1" 200 3911
190.171.152.242 - - [01/Apr/2024:09:49:06 -0300] "POST /cormun/servlet/solicitudotadjuntos?gx-no-cache=1711975553895 HTTP/1.1" 200 26
190.171.142.42 - - [01/Apr/2024:09:49:18 -0300] "GET /cormun/servlet/hlogin HTTP/1.1" 200 1710
190.171.152.242 - - [01/Apr/2024:09:49:29 -0300] "GET /cormun/servlet/solicitudotadjuntos?c413c052ff5ad6252441ee96819fb423e116ff4a4805d7e6446ddae74c0eb4fd,gx-no-cache=1711975576238 HTTP/1.1" 200 30
190.171.152.242 - - [01/Apr/2024:09:49:29 -0300] "GET /cormun/servlet/solicitudotadjuntos?c413c052ff5ad6252441ee96819fb423e116ff4a4805d7e6446ddae74c0eb4fd,gx-no-cache=1711975576253 HTTP/1.1" 200 30
190.171.152.242 - - [01/Apr/2024:09:49:29 -0300] "POST /cormun/servlet/solicitudotadjuntos?5be367ab5d789dcbcbe7325d6a14a7b6,INS,2024,21142,,1, HTTP/1.1" 200 116
190.171.152.242 - - [01/Apr/2024:09:49:29 -0300] "GET /cormun/servlet/hpexe_return? HTTP/1.1" 200 1031
190.171.152.242 - - [01/Apr/2024:09:49:29 -0300] "GET /cormun/servlet/trsolicitudadjuntos?2024,21142, HTTP/1.1" 200 10258
192.168.10.17 - - [01/Apr/2024:09:49:36 -0300] "POST /cormun/servlet/trsolicitudgral?72ca86cba1e67218ef40509c75a6d584,,gx-no-cache=1711975562148 HTTP/1.1" 200 17479
190.171.152.242 - - [01/Apr/2024:09:49:41 -0300] "GET /cormun/servlet/trsolicitudot? HTTP/1.1" 200 8637
190.171.152.242 - - [01/Apr/2024:09:49:45 -0300] "POST /cormun/servlet/trsolicitudot?5be367ab5d789dcbcbe7325d6a14a7b6,,gx-no-cache=1711975592385 HTTP/1.1" 200 4596
190.171.152.242 - - [01/Apr/2024:09:49:45 -0300] "GET /cormun/static/Shared/jqueryui/images/ui-icons_82798d_256x240.png HTTP/1.1" 404 1089
190.171.152.242 - - [01/Apr/2024:09:49:45 -0300] "GET /cormun/static/Shared/jqueryui/images/ui-bg_highlight-soft_100_c6c2c8_1x100.png HTTP/1.1" 404 1117
190.171.152.242 - - [01/Apr/2024:09:49:45 -0300] "GET /cormun/static/Shared/jqueryui/images/ui-bg_flat_55_fafafa_40x100.png HTTP/1.1" 404 1097
190.171.152.242 - - [01/Apr/2024:09:49:45 -0300] "GET /cormun/static/Shared/jqueryui/images/ui-icons_8d78a5_256x240.png HTTP/1.1" 404 1089
190.171.152.242 - - [01/Apr/2024:09:49:45 -0300] "POST /cormun/servlet/trsolicitudot?5be367ab5d789dcbcbe7325d6a14a7b6,,gx-no-cache=1711975592548 HTTP/1.1" 200 4355
190.171.152.242 - - [01/Apr/2024:09:50:08 -0300] "GET /cormun/servlet/hlogin HTTP/1.1" 200 1742
190.171.152.242 - - [01/Apr/2024:09:50:16 -0300] "POST /cormun/servlet/hlogin?5be367ab5d789dcbcbe7325d6a14a7b6,gx-no-cache=1711975623536 HTTP/1.1" 200 90
190.171.152.242 - - [01/Apr/2024:09:50:16 -0300] "GET /cormun/servlet/hpexe_link HTTP/1.1" 200 956
190.171.152.242 - - [01/Apr/2024:09:50:16 -0300] "GET /cormun/servlet/hhome HTTP/1.1" 200 4130
190.171.152.242 - - [01/Apr/2024:09:50:16 -0300] "GET /cormun/static/SmoothNavMenu/resources/images/right.gif HTTP/1.1" 200 860
190.171.152.242 - - [01/Apr/2024:09:50:20 -0300] "GET /cormun/servlet/trautorizarsolicitud? HTTP/1.1" 200 8627
190.171.152.242 - - [01/Apr/2024:09:50:20 -0300] "GET /cormun/static/gxcfg.js?202211298474254 HTTP/1.1" 200 953
190.171.152.242 - - [01/Apr/2024:09:50:20 -0300] "GET /cormun/static/trautorizarsolicitud.js?202211298474588 HTTP/1.1" 200 53909
190.171.152.242 - - [01/Apr/2024:09:50:24 -0300] "POST /cormun/servlet/trautorizarsolicitud?5be367ab5d789dcbcbe7325d6a14a7b6,,gx-no-cache=1711975631922 HTTP/1.1" 200 4780
190.171.152.242 - - [01/Apr/2024:09:50:24 -0300] "POST /cormun/servlet/trautorizarsolicitud?5be367ab5d789dcbcbe7325d6a14a7b6,,gx-no-cache=1711975632054 HTTP/1.1" 200 4539
192.168.10.17 - - [01/Apr/2024:09:51:45 -0300] "GET /cormun/servlet/vesolicitudgral?2024,21017,, HTTP/1.1" 200 8400
192.168.10.17 - - [01/Apr/2024:09:51:45 -0300] "GET /cormun/pexe_scrolldiv.js HTTP/1.1" 404 1009
192.168.10.17 - - [01/Apr/2024:09:51:46 -0300] "POST /cormun/servlet/vesolicitudgral?72ca86cba1e67218ef40509c75a6d584,2024,21017,,,gx-no-cache=1711975691948 HTTP/1.1" 200 12314
192.168.10.17 - - [01/Apr/2024:09:51:46 -0300] "GET /cormun/static/Shared/jqueryui/images/ui-icons_82798d_256x240.png HTTP/1.1" 404 1089
192.168.10.17 - - [01/Apr/2024:09:51:46 -0300] "GET /cormun/static/Shared/jqueryui/images/ui-bg_highlight-soft_100_c6c2c8_1x100.png HTTP/1.1" 404 1117
192.168.10.17 - - [01/Apr/2024:09:51:46 -0300] "GET /cormun/static/Shared/jqueryui/images/ui-bg_flat_55_fafafa_40x100.png HTTP/1.1" 404 1097
192.168.10.17 - - [01/Apr/2024:09:51:46 -0300] "GET /cormun/static/Shared/jqueryui/images/ui-icons_8d78a5_256x240.png HTTP/1.1" 404 1089
192.168.10.17 - - [01/Apr/2024:09:51:46 -0300] "POST /cormun/servlet/vesolicitudgral?72ca86cba1e67218ef40509c75a6d584,2024,21017,,,gx-no-cache=1711975692073 HTTP/1.1" 200 12247
192.168.10.17 - - [01/Apr/2024:09:51:47 -0300] "GET /cormun/servlet/trsolicitudgral? HTTP/1.1" 200 20035
190.171.152.242 - - [01/Apr/2024:09:51:59 -0300] "GET /cormun/static/Shared/jqueryui/images/ui-bg_highlight-soft_100_eae6ea_1x100.png HTTP/1.1" 404 1117
190.171.152.242 - - [01/Apr/2024:09:52:01 -0300] "GET /cormun/servlet/hlogin HTTP/1.1" 200 1748
190.171.153.50 - - [01/Apr/2024:09:52:35 -0300] "GET /cormun/servlet/hlogin HTTP/1.1" 200 1715
190.171.153.50 - - [01/Apr/2024:09:52:35 -0300] "GET /cormun/static/gxtimezone.js?85251 HTTP/1.1" 200 5781
190.171.153.50 - - [01/Apr/2024:09:52:35 -0300] "GET /cormun/static/messages.spa.js?85251 HTTP/1.1" 200 30736
190.171.153.50 - - [01/Apr/2024:09:52:35 -0300] "GET /cormun/static/gxgral.js?85251 HTTP/1.1" 200 384558
190.171.153.50 - - [01/Apr/2024:09:52:36 -0300] "GET /cormun/servlet/hlogin HTTP/1.1" 200 1725
190.171.153.50 - - [01/Apr/2024:09:52:36 -0300] "GET /favicon.ico HTTP/1.1" 200 21630
190.171.153.50 - - [01/Apr/2024:09:52:39 -0300] "POST /cormun/servlet/hlogin?91935391b85d110866b7af98f2511ffd,gx-no-cache=1711975765824 HTTP/1.1" 200 90
190.171.153.50 - - [01/Apr/2024:09:52:39 -0300] "GET /cormun/servlet/hpexe_link HTTP/1.1" 200 947
190.171.153.50 - - [01/Apr/2024:09:52:39 -0300] "GET /cormun/servlet/hhome HTTP/1.1" 200 4273
190.171.153.50 - - [01/Apr/2024:09:52:39 -0300] "GET /cormun/static/gxcfg.js?20201215495537 HTTP/1.1" 200 953
190.171.153.50 - - [01/Apr/2024:09:52:39 -0300] "GET /cormun/static/PXToolsJavascripts/pexe_autoreload.js HTTP/1.1" 200 1762
190.171.153.50 - - [01/Apr/2024:09:52:39 -0300] "GET /cormun/static/PXToolsJavascripts/pexe_cookies.js HTTP/1.1" 200 792
190.171.153.50 - - [01/Apr/2024:09:52:39 -0300] "GET /cormun/static/PXToolsJavascripts/pexe_grid.js HTTP/1.1" 200 7559
190.171.153.50 - - [01/Apr/2024:09:52:39 -0300] "GET /cormun/static/PXToolsJavascripts/pexe_griddivfix.js HTTP/1.1" 200 6946
190.171.153.50 - - [01/Apr/2024:09:52:39 -0300] "GET /cormun/static/PXToolsJavascripts/pexe_windows.js HTTP/1.1" 200 15249
190.171.153.50 - - [01/Apr/2024:09:52:39 -0300] "GET /cormun/static/PXToolsJavascripts/pexe_menus.js HTTP/1.1" 200 1286
190.171.153.50 - - [01/Apr/2024:09:52:39 -0300] "GET /cormun/static/PXToolsJavascripts/pexe_menudivfix.js HTTP/1.1" 200 333
190.171.153.50 - - [01/Apr/2024:09:52:39 -0300] "GET /cormun/static/PXToolsJavascripts/pexe_link.js HTTP/1.1" 200 5671
190.171.153.50 - - [01/Apr/2024:09:52:39 -0300] "GET /cormun/static/PXToolsJavascripts/pexe_layers.js HTTP/1.1" 200 4114
190.171.153.50 - - [01/Apr/2024:09:52:39 -0300] "GET /cormun/static/PXToolsJavascripts/pexe_oav.js HTTP/1.1" 200 645
190.171.153.50 - - [01/Apr/2024:09:52:39 -0300] "GET /cormun/static/PXToolsJavascripts/pexe_oavdivfix.js HTTP/1.1" 200 639
190.171.153.50 - - [01/Apr/2024:09:52:39 -0300] "GET /cormun/static/PXToolsJavascripts/pexe_picture.js HTTP/1.1" 200 689
190.171.153.50 - - [01/Apr/2024:09:52:39 -0300] "GET /cormun/static/PXToolsJavascripts/pexe_popup.js HTTP/1.1" 200 15149
190.171.153.50 - - [01/Apr/2024:09:52:39 -0300] "GET /cormun/static/PXToolsJavascripts/pexe_scrolldiv.js HTTP/1.1" 200 4138
190.171.153.50 - - [01/Apr/2024:09:52:39 -0300] "GET /cormun/static/PXToolsJavascripts/pexe_tabdivfix.js HTTP/1.1" 200 898
190.171.153.50 - - [01/Apr/2024:09:52:39 -0300] "GET /cormun/static/PXToolsJavascripts/pexe_tabs.js HTTP/1.1" 200 3748
190.171.153.50 - - [01/Apr/2024:09:52:39 -0300] "GET /cormun/static/PXToolsJavascripts/pexe_upload.js HTTP/1.1" 200 1423
190.171.153.50 - - [01/Apr/2024:09:52:39 -0300] "GET /cormun/static/PXToolsJavascripts/PXToolsJavascriptsRender.js HTTP/1.1" 200 367
190.171.153.50 - - [01/Apr/2024:09:52:39 -0300] "GET /cormun/static/Resources/CormunMP2.png HTTP/1.1" 200 6878
190.171.153.50 - - [01/Apr/2024:09:52:39 -0300] "GET /cormun/static/Resources/ImgHome.png HTTP/1.1" 200 1364
190.171.153.50 - - [01/Apr/2024:09:52:39 -0300] "GET /cormun/static/Resources/ImgLogin.png HTTP/1.1" 200 1432
190.171.153.50 - - [01/Apr/2024:09:52:39 -0300] "GET /cormun/static/Resources/Llave.png HTTP/1.1" 200 1395
190.171.153.50 - - [01/Apr/2024:09:52:39 -0300] "GET /cormun/static/RunJS/RunJS.js HTTP/1.1" 200 288
190.171.153.50 - - [01/Apr/2024:09:52:39 -0300] "GET /cormun/static/Shared/ext/locale/ext-lang-en.js HTTP/1.1" 200 10940
190.171.153.50 - - [01/Apr/2024:09:52:39 -0300] "GET /cormun/static/hhome.js?20201215495544 HTTP/1.1" 200 777
190.171.153.50 - - [01/Apr/2024:09:52:39 -0300] "GET /cormun/static/hwchdr01.js?2022112219251119 HTTP/1.1" 200 996
190.171.153.50 - - [01/Apr/2024:09:52:39 -0300] "GET /cormun/static/hpexe_recentlink.js?20201214471090 HTTP/1.1" 200 2144
190.171.153.50 - - [01/Apr/2024:09:52:39 -0300] "GET /cormun/static/hpexe_scripts.js?20201214471411 HTTP/1.1" 200 1544
190.171.153.50 - - [01/Apr/2024:09:52:39 -0300] "GET /cormun/static/Resources/PXToolsDataTitle.png HTTP/1.1" 200 1173
190.171.153.50 - - [01/Apr/2024:09:52:39 -0300] "GET /cormun/static/hpexe_messagecontroller.js?202211298371222 HTTP/1.1" 200 870
190.171.153.50 - - [01/Apr/2024:09:52:39 -0300] "GET /cormun/static/hpexe_messagepopupcomponent.js?2020121447232 HTTP/1.1" 200 605
190.171.153.50 - - [01/Apr/2024:09:52:39 -0300] "GET /cormun/static/hpexe_messagegenexuscomponent.js?20221129836373 HTTP/1.1" 200 587
190.171.153.50 - - [01/Apr/2024:09:52:39 -0300] "GET /cormun/static/cmcontrolpreferences.js?20199141926336 HTTP/1.1" 200 1375
190.171.153.50 - - [01/Apr/2024:09:52:39 -0300] "GET /cormun/static/gxui/gxui-all.js HTTP/1.1" 200 107772
190.171.153.50 - - [01/Apr/2024:09:52:39 -0300] "GET /cormun/static/SmoothNavMenu/resources/ddsmoothmenu.js HTTP/1.1" 200 12712
190.171.153.50 - - [01/Apr/2024:09:52:39 -0300] "GET /cormun/static/SmoothNavMenu/resources/SmoothNavMenuRender.js HTTP/1.1" 200 5951
190.171.153.50 - - [01/Apr/2024:09:52:39 -0300] "GET /cormun/static/scaMessage/js/jquery.pnotify.min.js HTTP/1.1" 200 13038
190.171.153.50 - - [01/Apr/2024:09:52:39 -0300] "GET /cormun/static/scaMessage/scaMessageRender.js HTTP/1.1" 200 11977
190.171.153.50 - - [01/Apr/2024:09:52:39 -0300] "GET /cormun/static/hmpwkw03.js?20221129844354 HTTP/1.1" 200 3971
190.171.153.50 - - [01/Apr/2024:09:52:39 -0300] "GET /cormun/static/Shared/jquery/jquery-1.4.2.min.js HTTP/1.1" 200 72174
190.171.153.50 - - [01/Apr/2024:09:52:39 -0300] "GET /cormun/static/Shared/jqueryui/jquery-ui.min.js HTTP/1.1" 200 240427
190.171.153.50 - - [01/Apr/2024:09:52:39 -0300] "GET /cormun/static/Shared/jquery/jquery-1.10.2.min.js HTTP/1.1" 200 273199
190.171.153.50 - - [01/Apr/2024:09:52:40 -0300] "GET /cormun/static/Shared/ext/ext-all.js HTTP/1.1" 200 1289687
190.171.153.50 - - [01/Apr/2024:09:52:40 -0300] "GET /cormun/static/SmoothNavMenu/resources/images/right.gif HTTP/1.1" 200 860
190.171.153.50 - - [01/Apr/2024:09:52:40 -0300] "GET /cormun/static/SmoothNavMenu/resources/images/down.gif HTTP/1.1" 200 854
190.171.153.50 - - [01/Apr/2024:09:52:45 -0300] "GET /cormun/servlet/trlicencias? HTTP/1.1" 200 8898
190.171.153.50 - - [01/Apr/2024:09:52:46 -0300] "GET /cormun/static/gxcfg.js?202211298463625 HTTP/1.1" 200 953
190.171.153.50 - - [01/Apr/2024:09:52:46 -0300] "GET /cormun/static/trlicencias.js?202211298463889 HTTP/1.1" 200 41883
190.171.153.50 - - [01/Apr/2024:09:52:46 -0300] "GET /cormun/static/Resources/PXToolsDataSearch.png HTTP/1.1" 200 435
190.171.153.50 - - [01/Apr/2024:09:52:46 -0300] "GET /cormun/static/Resources/PXToolsGridFirstDisabled.gif HTTP/1.1" 200 100
190.171.153.50 - - [01/Apr/2024:09:52:46 -0300] "GET /cormun/static/Resources/PXToolsGridPreviousDisabled.gif HTTP/1.1" 200 90
190.171.153.50 - - [01/Apr/2024:09:52:46 -0300] "GET /cormun/static/Resources/PXToolsGridNextDisabled.gif HTTP/1.1" 200 90
190.171.153.50 - - [01/Apr/2024:09:52:46 -0300] "GET /cormun/static/Resources/PXToolsGridLastDisabled.gif HTTP/1.1" 200 98
190.171.153.50 - - [01/Apr/2024:09:52:46 -0300] "GET /cormun/static/Resources/PXToolsGridPage.gif HTTP/1.1" 200 725
190.171.153.50 - - [01/Apr/2024:09:52:46 -0300] "GET /cormun/static/Resources/PXToolsAddAllAction.png HTTP/1.1" 200 495
190.171.153.50 - - [01/Apr/2024:09:52:46 -0300] "GET /cormun/static/Resources/desc.gif HTTP/1.1" 200 65
190.171.153.50 - - [01/Apr/2024:09:52:46 -0300] "GET /cormun//static/Resources/PXToolsActionDisabled.gif HTTP/1.1" 200 53
190.171.153.50 - - [01/Apr/2024:09:52:46 -0300] "GET /cormun//static/Resources/PXToolsGridDisplay.png HTTP/1.1" 200 525
190.171.153.50 - - [01/Apr/2024:09:52:46 -0300] "GET /cormun//static/Resources/PXTools/ActionInsert.png HTTP/1.1" 200 1482
190.171.153.50 - - [01/Apr/2024:09:52:46 -0300] "GET /cormun/static/Resources/asc.gif HTTP/1.1" 200 67
190.171.153.50 - - [01/Apr/2024:09:52:46 -0300] "GET /cormun//static/Resources/PXToolsActionPrint.png HTTP/1.1" 200 404
190.171.153.50 - - [01/Apr/2024:09:52:46 -0300] "GET /cormun//static/Resources/PXToolsHeaderFavorites.png HTTP/1.1" 200 1414
190.171.153.50 - - [01/Apr/2024:09:52:46 -0300] "GET /cormun//static/Resources/PXToolsHeaderHelp.png HTTP/1.1" 200 1333
190.171.153.50 - - [01/Apr/2024:09:52:46 -0300] "GET /cormun/static/Shared/ext/resources/themes/images/default/tools/tool-sprites.gif HTTP/1.1" 200 5434
190.171.153.50 - - [01/Apr/2024:09:52:46 -0300] "GET /cormun/static/Shared/ext/resources/themes/images/default/panel/bg-headersPanel.png HTTP/1.1" 200 255
200.54.107.2 - - [01/Apr/2024:09:53:15 -0300] "POST /cormun/servlet/solicitudot?gx-no-cache=1711975801640 HTTP/1.1" 200 4022
200.54.107.2 - - [01/Apr/2024:09:53:15 -0300] "POST /cormun/servlet/solicitudot?bbc8c46f4604ff2aba4806b1edf9353e,INS,0,0,false,,gx-no-cache=1711975801762 HTTP/1.1" 200 12613
200.54.107.2 - - [01/Apr/2024:09:53:18 -0300] "GET /cormun/servlet/solicitudot?2238a2d80456b71a435a1df54cb66ab81a634f4c14296b88c9dbe26457ac6c4b10fdfdb3b2d0f67fed6c16e7be9f967b,gx-no-cache=1711975804772 HTTP/1.1" 200 30
190.171.142.42 - - [01/Apr/2024:09:53:27 -0300] "POST /cormun/servlet/hlogin?48bb2d7cf7e0710935e386c56e3181b8,gx-no-cache=1711975811163 HTTP/1.1" 200 424
190.171.142.42 - - [01/Apr/2024:09:53:55 -0300] "POST /cormun/servlet/hlogin?48bb2d7cf7e0710935e386c56e3181b8,gx-no-cache=1711975839526 HTTP/1.1" 200 90
190.171.142.42 - - [01/Apr/2024:09:53:55 -0300] "GET /cormun/servlet/hpexe_link HTTP/1.1" 200 943
190.171.142.42 - - [01/Apr/2024:09:53:56 -0300] "GET /cormun/servlet/hhome HTTP/1.1" 200 4079
190.171.142.42 - - [01/Apr/2024:09:53:56 -0300] "GET /cormun/static/SmoothNavMenu/resources/images/right.gif HTTP/1.1" 200 860
192.168.10.17 - - [01/Apr/2024:09:53:59 -0300] "GET /cormun/servlet/vesolicitudgral?2024,20966,, HTTP/1.1" 200 8443
192.168.10.17 - - [01/Apr/2024:09:53:59 -0300] "GET /cormun/pexe_scrolldiv.js HTTP/1.1" 404 1009
192.168.10.17 - - [01/Apr/2024:09:54:01 -0300] "POST /cormun/servlet/vesolicitudgral?72ca86cba1e67218ef40509c75a6d584,2024,20966,,,gx-no-cache=1711975826539 HTTP/1.1" 200 12318
192.168.10.17 - - [01/Apr/2024:09:54:01 -0300] "GET /cormun/static/Shared/jqueryui/images/ui-icons_82798d_256x240.png HTTP/1.1" 404 1089
192.168.10.17 - - [01/Apr/2024:09:54:01 -0300] "GET /cormun/static/Shared/jqueryui/images/ui-bg_highlight-soft_100_c6c2c8_1x100.png HTTP/1.1" 404 1117
192.168.10.17 - - [01/Apr/2024:09:54:01 -0300] "GET /cormun/static/Shared/jqueryui/images/ui-icons_8d78a5_256x240.png HTTP/1.1" 404 1089
192.168.10.17 - - [01/Apr/2024:09:54:01 -0300] "GET /cormun/static/Shared/jqueryui/images/ui-bg_flat_55_fafafa_40x100.png HTTP/1.1" 404 1097
192.168.10.17 - - [01/Apr/2024:09:54:01 -0300] "POST /cormun/servlet/vesolicitudgral?72ca86cba1e67218ef40509c75a6d584,2024,20966,,,gx-no-cache=1711975826681 HTTP/1.1" 200 12250
192.168.10.17 - - [01/Apr/2024:09:54:02 -0300] "GET /cormun/servlet/trsolicitudgral? HTTP/1.1" 200 19724
192.168.10.17 - - [01/Apr/2024:09:54:32 -0300] "GET /cormun/servlet/vesolicitudgral?2024,20858,, HTTP/1.1" 200 8413
192.168.10.17 - - [01/Apr/2024:09:54:33 -0300] "GET /cormun/pexe_scrolldiv.js HTTP/1.1" 404 1009
192.168.10.17 - - [01/Apr/2024:09:54:34 -0300] "POST /cormun/servlet/vesolicitudgral?72ca86cba1e67218ef40509c75a6d584,2024,20858,,,gx-no-cache=1711975859683 HTTP/1.1" 200 12315
192.168.10.17 - - [01/Apr/2024:09:54:34 -0300] "GET /cormun/static/Shared/jqueryui/images/ui-bg_highlight-soft_100_c6c2c8_1x100.png HTTP/1.1" 404 1117
192.168.10.17 - - [01/Apr/2024:09:54:34 -0300] "GET /cormun/static/Shared/jqueryui/images/ui-icons_82798d_256x240.png HTTP/1.1" 404 1089
192.168.10.17 - - [01/Apr/2024:09:54:34 -0300] "GET /cormun/static/Shared/jqueryui/images/ui-bg_flat_55_fafafa_40x100.png HTTP/1.1" 404 1097
192.168.10.17 - - [01/Apr/2024:09:54:34 -0300] "GET /cormun/static/Shared/jqueryui/images/ui-icons_8d78a5_256x240.png HTTP/1.1" 404 1089
192.168.10.17 - - [01/Apr/2024:09:54:34 -0300] "POST /cormun/servlet/vesolicitudgral?72ca86cba1e67218ef40509c75a6d584,2024,20858,,,gx-no-cache=1711975859805 HTTP/1.1" 200 12249
192.168.10.17 - - [01/Apr/2024:09:54:36 -0300] "GET /cormun/servlet/trsolicitudgral? HTTP/1.1" 200 19371
190.171.142.42 - - [01/Apr/2024:09:54:39 -0300] "GET /cormun/servlet/trautorizarpermisogoce? HTTP/1.1" 200 6900
190.171.142.42 - - [01/Apr/2024:09:54:39 -0300] "GET /cormun/static/gxcfg.js?2020121645532 HTTP/1.1" 200 953
190.171.142.42 - - [01/Apr/2024:09:54:39 -0300] "GET /cormun/static/trautorizarpermisogoce.js?2020121651492 HTTP/1.1" 200 34948
190.171.142.42 - - [01/Apr/2024:09:54:58 -0300] "GET /cormun/servlet/trautorizarpermisogoce? HTTP/1.1" 200 6899
190.171.142.42 - - [01/Apr/2024:09:55:10 -0300] "GET /cormun/servlet/trautorizarpermisogoce? HTTP/1.1" 200 6899
192.168.10.17 - - [01/Apr/2024:09:55:11 -0300] "GET /cormun/servlet/vesolicitudgral?2024,20857,, HTTP/1.1" 200 8429
192.168.10.17 - - [01/Apr/2024:09:55:11 -0300] "GET /cormun/pexe_scrolldiv.js HTTP/1.1" 404 1009
192.168.10.17 - - [01/Apr/2024:09:55:13 -0300] "POST /cormun/servlet/vesolicitudgral?72ca86cba1e67218ef40509c75a6d584,2024,20857,,,gx-no-cache=1711975898834 HTTP/1.1" 200 12305
192.168.10.17 - - [01/Apr/2024:09:55:13 -0300] "GET /cormun/static/Shared/jqueryui/images/ui-icons_82798d_256x240.png HTTP/1.1" 404 1089
192.168.10.17 - - [01/Apr/2024:09:55:13 -0300] "GET /cormun/static/Shared/jqueryui/images/ui-bg_highlight-soft_100_c6c2c8_1x100.png HTTP/1.1" 404 1117
192.168.10.17 - - [01/Apr/2024:09:55:13 -0300] "GET /cormun/static/Shared/jqueryui/images/ui-bg_flat_55_fafafa_40x100.png HTTP/1.1" 404 1097
192.168.10.17 - - [01/Apr/2024:09:55:13 -0300] "GET /cormun/static/Shared/jqueryui/images/ui-icons_8d78a5_256x240.png HTTP/1.1" 404 1089
192.168.10.17 - - [01/Apr/2024:09:55:13 -0300] "POST /cormun/servlet/vesolicitudgral?72ca86cba1e67218ef40509c75a6d584,2024,20857,,,gx-no-cache=1711975898952 HTTP/1.1" 200 12238
190.171.142.42 - - [01/Apr/2024:09:55:13 -0300] "GET /cormun/servlet/trpermisosgoce? HTTP/1.1" 200 7021
192.168.10.17 - - [01/Apr/2024:09:55:14 -0300] "GET /cormun/servlet/trsolicitudgral? HTTP/1.1" 200 18960
190.171.142.42 - - [01/Apr/2024:09:55:24 -0300] "POST /cormun/servlet/trpermisosgoce?48bb2d7cf7e0710935e386c56e3181b8,,gx-no-cache=1711975928417 HTTP/1.1" 200 4482
192.168.10.17 - - [01/Apr/2024:09:55:41 -0300] "GET /cormun/servlet/vesolicitudgral?2024,20856,, HTTP/1.1" 200 8435
192.168.10.17 - - [01/Apr/2024:09:55:41 -0300] "GET /cormun/pexe_scrolldiv.js HTTP/1.1" 404 1009
192.168.10.17 - - [01/Apr/2024:09:55:43 -0300] "POST /cormun/servlet/vesolicitudgral?72ca86cba1e67218ef40509c75a6d584,2024,20856,,,gx-no-cache=1711975929154 HTTP/1.1" 200 12330
192.168.10.17 - - [01/Apr/2024:09:55:43 -0300] "GET /cormun/static/Shared/jqueryui/images/ui-icons_82798d_256x240.png HTTP/1.1" 404 1089
192.168.10.17 - - [01/Apr/2024:09:55:43 -0300] "GET /cormun/static/Shared/jqueryui/images/ui-bg_highlight-soft_100_c6c2c8_1x100.png HTTP/1.1" 404 1117
192.168.10.17 - - [01/Apr/2024:09:55:43 -0300] "GET /cormun/static/Shared/jqueryui/images/ui-bg_flat_55_fafafa_40x100.png HTTP/1.1" 404 1097
192.168.10.17 - - [01/Apr/2024:09:55:43 -0300] "GET /cormun/static/Shared/jqueryui/images/ui-icons_8d78a5_256x240.png HTTP/1.1" 404 1089
192.168.10.17 - - [01/Apr/2024:09:55:43 -0300] "POST /cormun/servlet/vesolicitudgral?72ca86cba1e67218ef40509c75a6d584,2024,20856,,,gx-no-cache=1711975929316 HTTP/1.1" 200 12263
192.168.10.17 - - [01/Apr/2024:09:55:46 -0300] "GET /cormun/servlet/trsolicitudgral? HTTP/1.1" 200 18639
192.168.10.17 - - [01/Apr/2024:09:56:18 -0300] "POST /cormun/servlet/trsolicitudgral?72ca86cba1e67218ef40509c75a6d584,,gx-no-cache=1711975963770 HTTP/1.1" 200 104
192.168.10.17 - - [01/Apr/2024:09:56:18 -0300] "POST /cormun/servlet/trsolicitudgral?72ca86cba1e67218ef40509c75a6d584,,gx-no-cache=1711975963942 HTTP/1.1" 200 15570
192.168.10.17 - - [01/Apr/2024:09:56:18 -0300] "GET /cormun/SolicitudGral-878.xls HTTP/1.1" 200 15872
200.54.107.2 - - [01/Apr/2024:09:56:53 -0300] "GET /cormun/servlet/prbanco?,MD,,gxPopupLevel%3D0%3B HTTP/1.1" 200 6700
200.54.107.2 - - [01/Apr/2024:09:57:38 -0300] "GET /cormun/servlet/solicitudot?2238a2d80456b71a435a1df54cb66ab89bf99417c56c63f0a6ade711da900da3933562756ba8cc382bfa7a399e45649ca1ce071f22fb0cd595bbe4d92b9cee38,gx-no-cache=1711976064778 HTTP/1.1" 200 30
200.54.107.2 - - [01/Apr/2024:09:57:42 -0300] "GET /cormun/servlet/solicitudot?2238a2d80456b71a435a1df54cb66ab8fa58e0c2b797e5fdc73cfb588dbdf8e0,gx-no-cache=1711976069156 HTTP/1.1" 200 70
200.54.107.2 - - [01/Apr/2024:09:58:41 -0300] "POST /cormun/servlet/solicitudot?gx-no-cache=1711976128638 HTTP/1.1" 200 255
200.54.107.2 - - [01/Apr/2024:09:58:47 -0300] "GET /cormun/servlet/solicitudot?2238a2d80456b71a435a1df54cb66ab88804b19018c953a81d1af3552ea1f571fd98d7537f5e186d7807a60af64770cf41147b0d8186e1529775acf59d37509c341e3b6c52ebbf6cc9f722ead5aa47d7873285eb66fd11ba65680cc985c1ed70cc164f683895b845805370d9af343c0a6db680396d445a647afaa6a69edd8a7f46c55ef674d32744f1f98dd2f232b2ceae6f525b74986ed3620138ee43901abed8b5794d7585addfad5b75c43c077a5f5c3a5b3239168ebb39a5784426b1b76681217086b40e15b607723ad3bfa6707b900dc526c41d0bc96f35d4f868213d4512c6b23561206f59128a5f419ed7cfbe28ea3ef7bf7f90d1a1d19d46b98b04200214b5fc275ddfa5099a5c754c8c2125ebcb9a467c5bf14800db42ffdfe0dd8261740ff4233ebb83ebf6373ed6a1aab97a8e0da4c5df87c29b3b0d904754d1372a6cf7168d94ff479c974b130fe2650daada6ddab1ff6959874097b8ef244be864757c22ca5e0fcdb350f78fbc5d79b50cedac0e6524d004b15aacf727ddd236,gx-no-cache=1711976134183 HTTP/1.1" 200 30
200.54.107.2 - - [01/Apr/2024:09:58:52 -0300] "POST /cormun/servlet/solicitudot?gx-no-cache=1711976139285 HTTP/1.1" 200 30
200.54.107.2 - - [01/Apr/2024:09:58:54 -0300] "POST /cormun/servlet/solicitudot?gx-no-cache=1711976140839 HTTP/1.1" 200 1479
200.54.107.2 - - [01/Apr/2024:09:58:54 -0300] "POST /cormun/servlet/solicitudot?gx-no-cache=1711976140883 HTTP/1.1" 200 38
200.54.107.2 - - [01/Apr/2024:09:59:41 -0300] "GET /cormun/servlet/solicitudot?2238a2d80456b71a435a1df54cb66ab8a0b1520332f50bd55153da65e2dd88d4729c8d8ecade733a1b7f27e02b9c5ae3cb296cf3f466b241710fcceb08a182b336c1b3e29bc6f4a21c076e55cc54dbe041ea8260242702742a6c6b1e46a4d66114a395eeb16aecf012d9ace23e38fb4f,gx-no-cache=1711976188442 HTTP/1.1" 200 110
190.171.142.42 - - [01/Apr/2024:09:59:49 -0300] "POST /cormun/servlet/hlogin?f056fadc6b53ff1ff6e464035545fbd2,gx-no-cache=1711976193859 HTTP/1.1" 440 972
190.171.142.42 - - [01/Apr/2024:10:00:01 -0300] "POST /cormun/servlet/hlogin?f056fadc6b53ff1ff6e464035545fbd2,gx-no-cache=1711976208131 HTTP/1.1" 440 972
190.171.142.42 - - [01/Apr/2024:10:00:02 -0300] "GET /cormun/servlet/hlogin HTTP/1.1" 200 1733
200.54.107.2 - - [01/Apr/2024:10:01:19 -0300] "POST /cormun/servlet/solicitudot?gx-no-cache=1711976286095 HTTP/1.1" 200 30
