181.203.37.65 - - [28/Mar/2024:10:23:47 -0300] "¿E<;,­ԋgmy‚k„Ä­ÆòßÔ=($] ¤€$` ‰ºn¶d ì:èiˆ-ÉU q¸ÎDkÌqÙ·ô JJÀ+À/À,À0̨̩ÀÀœ/5ªÊÊ+êê3+)ŠŠ 5ÞCM`0£€=Å6µ2 é\_ H„T`àÌߛW-servicioos.cormun.cl" 400 -
181.203.37.65 - - [28/Mar/2024:10:23:49 -0300] "POST /cormun/servlet/hlogin?a97e10e7409a4315a2a5b25fb37820b8,gx-no-cache=1711632050510 HTTP/1.1" 200 440
192.168.10.17 - - [28/Mar/2024:10:26:17 -0300] "GET /cormun/servlet/trsolicitudgral? HTTP/1.1" 200 10924
192.168.10.17 - - [28/Mar/2024:10:26:52 -0300] "GET /cormun/servlet/vesolicitudgral?2024,21126,, HTTP/1.1" 200 8361
192.168.10.17 - - [28/Mar/2024:10:26:52 -0300] "GET /cormun/pexe_scrolldiv.js HTTP/1.1" 404 1009
192.168.10.17 - - [28/Mar/2024:10:29:11 -0300] "GET /cormun/servlet/vesolicitudgral?2024,21126,,SolicitudOTAdjuntos HTTP/1.1" 200 7076
192.168.10.17 - - [28/Mar/2024:10:29:11 -0300] "GET /cormun/pexe_scrolldiv.js HTTP/1.1" 404 1009
192.168.10.17 - - [28/Mar/2024:10:29:12 -0300] "POST /cormun/servlet/acontrolpreferencessavestate?None,RRHH+DANIELA,true HTTP/1.1" 200 35
192.168.10.17 - - [28/Mar/2024:10:29:13 -0300] "GET /cormun/servlet/vesolicitudgral?2024,21126,,General HTTP/1.1" 200 8364
192.168.10.17 - - [28/Mar/2024:10:29:13 -0300] "GET /cormun/pexe_scrolldiv.js HTTP/1.1" 404 1009
192.168.10.17 - - [28/Mar/2024:10:31:08 -0300] "GET /cormun/servlet/trsolicitudgral? HTTP/1.1" 200 10574
192.168.10.17 - - [28/Mar/2024:10:31:43 -0300] "GET /cormun/servlet/vesolicitudgral?2024,21125,, HTTP/1.1" 200 8361
192.168.10.17 - - [28/Mar/2024:10:31:43 -0300] "GET /cormun/pexe_scrolldiv.js HTTP/1.1" 404 1009
192.168.10.17 - - [28/Mar/2024:10:33:48 -0300] "GET /cormun/servlet/vesolicitudgral?2024,21125,,SolicitudOTAdjuntos HTTP/1.1" 200 11084
192.168.10.17 - - [28/Mar/2024:10:33:48 -0300] "GET /cormun/pexe_scrolldiv.js HTTP/1.1" 404 1009
192.168.10.17 - - [28/Mar/2024:10:33:49 -0300] "POST /cormun/servlet/acontrolpreferencessavestate?None,RRHH+DANIELA,true HTTP/1.1" 200 35
192.168.10.17 - - [28/Mar/2024:10:33:51 -0300] "GET /cormun/PublicTempStorage/certificado_de_cotizaciones598339.pdf HTTP/1.1" 200 73621
190.171.143.106 - - [28/Mar/2024:10:34:06 -0300] "GET /cormun/servlet/hhome HTTP/1.1" 200 3322
190.171.143.106 - - [28/Mar/2024:10:34:06 -0300] "GET /cormun/servlet/hlogin HTTP/1.1" 200 1733
192.168.10.17 - - [28/Mar/2024:10:34:09 -0300] "GET /cormun/servlet/vesolicitudgral?2024,21125,,SolicitudOTAdjuntos HTTP/1.1" 200 11086
192.168.10.17 - - [28/Mar/2024:10:34:10 -0300] "POST /cormun/servlet/acontrolpreferencessavestate?None,RRHH+DANIELA,true HTTP/1.1" 200 35
192.168.10.17 - - [28/Mar/2024:10:34:11 -0300] "GET /cormun/PublicTempStorage/certificado_fonasa6481349.pdf HTTP/1.1" 200 71818
192.168.10.17 - - [28/Mar/2024:10:34:14 -0300] "GET /cormun/servlet/vesolicitudgral?2024,21125,,SolicitudOTAdjuntos HTTP/1.1" 200 11082
190.171.143.106 - - [28/Mar/2024:10:34:14 -0300] "POST /cormun/servlet/hlogin?c8d81a200c0c680c22c27359831dc7ce,gx-no-cache=1711633132888 HTTP/1.1" 200 90
190.171.143.106 - - [28/Mar/2024:10:34:14 -0300] "GET /cormun/servlet/hpexe_link HTTP/1.1" 200 950
190.171.143.106 - - [28/Mar/2024:10:34:15 -0300] "GET /cormun/servlet/hhome HTTP/1.1" 200 4260
192.168.10.17 - - [28/Mar/2024:10:34:15 -0300] "POST /cormun/servlet/acontrolpreferencessavestate?None,RRHH+DANIELA,true HTTP/1.1" 200 35
190.171.143.106 - - [28/Mar/2024:10:34:16 -0300] "GET /cormun/servlet/trlicencias? HTTP/1.1" 200 11487
192.168.10.17 - - [28/Mar/2024:10:34:19 -0300] "GET /cormun/PublicTempStorage/curriculum9732854.pdf HTTP/1.1" 200 172782
192.168.10.17 - - [28/Mar/2024:10:35:03 -0300] "GET /cormun/servlet/vesolicitudgral?2024,21125,,SolicitudOTAdjuntos HTTP/1.1" 200 11085
192.168.10.17 - - [28/Mar/2024:10:35:04 -0300] "POST /cormun/servlet/acontrolpreferencessavestate?None,RRHH+DANIELA,true HTTP/1.1" 200 35
192.168.10.17 - - [28/Mar/2024:10:35:05 -0300] "GET /cormun/servlet/vesolicitudgral?2024,21125,,General HTTP/1.1" 200 8365
192.168.10.17 - - [28/Mar/2024:10:35:05 -0300] "GET /cormun/pexe_scrolldiv.js HTTP/1.1" 404 1009
190.171.141.114 - - [28/Mar/2024:10:37:12 -0300] "GET /cormun/servlet/hlogin HTTP/1.1" 200 1722
192.168.10.17 - - [28/Mar/2024:10:40:01 -0300] "GET /cormun/servlet/trsolicitudgral? HTTP/1.1" 200 10193
192.168.10.17 - - [28/Mar/2024:10:40:03 -0300] "GET /cormun/servlet/vesolicitudgral?2024,21124,, HTTP/1.1" 200 8358
192.168.10.17 - - [28/Mar/2024:10:40:03 -0300] "GET /cormun/pexe_scrolldiv.js HTTP/1.1" 404 1009
200.54.103.162 - - [28/Mar/2024:10:40:04 -0300] "GET /cormun/servlet/hlogin HTTP/1.1" 200 1716
200.54.103.162 - - [28/Mar/2024:10:40:04 -0300] "GET /cormun/servlet/hlogin HTTP/1.1" 200 1726
200.54.103.162 - - [28/Mar/2024:10:42:24 -0300] "POST /cormun/servlet/hlogin?3b11bfcdcef62795e3f3ab4cbd988336,gx-no-cache=1711633156366 HTTP/1.1" 200 443
200.54.103.162 - - [28/Mar/2024:10:42:35 -0300] "POST /cormun/servlet/hlogin?3b11bfcdcef62795e3f3ab4cbd988336,gx-no-cache=1711633167916 HTTP/1.1" 200 443
200.54.103.162 - - [28/Mar/2024:10:42:49 -0300] "POST /cormun/servlet/hlogin?3b11bfcdcef62795e3f3ab4cbd988336,gx-no-cache=1711633181701 HTTP/1.1" 200 443
200.54.103.162 - - [28/Mar/2024:10:42:56 -0300] "POST /cormun/servlet/hlogin?3b11bfcdcef62795e3f3ab4cbd988336,gx-no-cache=1711633188125 HTTP/1.1" 200 443
200.54.103.162 - - [28/Mar/2024:10:42:57 -0300] "POST /cormun/servlet/hlogin?3b11bfcdcef62795e3f3ab4cbd988336,gx-no-cache=1711633189836 HTTP/1.1" 200 442
200.54.103.162 - - [28/Mar/2024:10:43:02 -0300] "GET /cormun/servlet/hlogin HTTP/1.1" 200 1716
192.168.10.17 - - [28/Mar/2024:10:51:40 -0300] "GET /cormun/servlet/trsolicitudgral? HTTP/1.1" 200 10187
192.168.10.17 - - [28/Mar/2024:10:57:41 -0300] "GET /cormun/servlet/trsolicitudgral? HTTP/1.1" 200 10187
190.171.142.42 - - [28/Mar/2024:10:57:41 -0300] "GET /cormun/servlet/hlogin HTTP/1.1" 200 1725
192.168.10.17 - - [28/Mar/2024:10:57:46 -0300] "GET /cormun/servlet/vesolicitudgral?2024,21124,, HTTP/1.1" 200 8358
192.168.10.17 - - [28/Mar/2024:10:57:46 -0300] "GET /cormun/pexe_scrolldiv.js HTTP/1.1" 404 1009
190.171.142.42 - - [28/Mar/2024:10:57:48 -0300] "POST /cormun/servlet/hlogin?aa1fd1c6c64cd0a336f6b499c4811115,gx-no-cache=1711634078118 HTTP/1.1" 200 90
190.171.142.42 - - [28/Mar/2024:10:57:48 -0300] "GET /cormun/servlet/hpexe_link HTTP/1.1" 200 955
190.171.142.42 - - [28/Mar/2024:10:57:48 -0300] "GET /cormun/servlet/hhome HTTP/1.1" 200 3811
190.171.141.106 - - [28/Mar/2024:10:58:08 -0300] "GET /cormun/servlet/hlogin HTTP/1.1" 200 1723
190.171.141.106 - - [28/Mar/2024:10:58:31 -0300] "POST /cormun/servlet/hlogin?4632df99bce9daf8e12a77e1e24117c1,gx-no-cache=1711634106732 HTTP/1.1" 200 90
190.171.141.106 - - [28/Mar/2024:10:58:31 -0300] "GET /cormun/servlet/hpexe_link HTTP/1.1" 200 952
190.171.141.106 - - [28/Mar/2024:10:58:31 -0300] "GET /cormun/servlet/hhome HTTP/1.1" 200 4272
190.171.141.106 - - [28/Mar/2024:10:58:36 -0300] "GET /cormun/servlet/trsolicitudot? HTTP/1.1" 200 7491
190.171.141.106 - - [28/Mar/2024:11:02:21 -0300] "GET /cormun/servlet/hlogin HTTP/1.1" 200 1723
190.171.141.106 - - [28/Mar/2024:11:02:26 -0300] "POST /cormun/servlet/hlogin?4632df99bce9daf8e12a77e1e24117c1,gx-no-cache=1711634358284 HTTP/1.1" 200 90
190.171.141.106 - - [28/Mar/2024:11:02:27 -0300] "GET /cormun/servlet/hpexe_link HTTP/1.1" 200 958
190.171.141.106 - - [28/Mar/2024:11:02:27 -0300] "GET /cormun/servlet/trsolicitudot HTTP/1.1" 200 7492
190.171.141.106 - - [28/Mar/2024:11:02:35 -0300] "GET /cormun/servlet/solicitudot?INS,0,0,false, HTTP/1.1" 200 16263
190.171.143.82 - - [28/Mar/2024:11:02:42 -0300] "POST /cormun/servlet/hlogin?e21767bbdcd96fca613a54753f208ba7,gx-no-cache=1711634373595 HTTP/1.1" 440 972
190.171.143.82 - - [28/Mar/2024:11:02:45 -0300] "GET /cormun/servlet/hlogin HTTP/1.1" 200 1733
190.171.143.82 - - [28/Mar/2024:11:02:59 -0300] "POST /cormun/servlet/hlogin?a64023bbb914c6e2cfcff940a800d998,gx-no-cache=1711634390771 HTTP/1.1" 200 90
190.171.143.82 - - [28/Mar/2024:11:02:59 -0300] "GET /cormun/servlet/hpexe_link HTTP/1.1" 200 952
190.171.143.82 - - [28/Mar/2024:11:02:59 -0300] "GET /cormun/servlet/hhome HTTP/1.1" 200 4189
190.171.143.82 - - [28/Mar/2024:11:03:09 -0300] "GET /cormun/servlet/trpermisosgoce? HTTP/1.1" 200 10757
190.171.141.106 - - [28/Mar/2024:11:04:37 -0300] "POST /cormun/servlet/solicitudot?gx-no-cache=1711634488800 HTTP/1.1" 200 4022
190.171.141.106 - - [28/Mar/2024:11:04:37 -0300] "POST /cormun/servlet/solicitudot?4632df99bce9daf8e12a77e1e24117c1,INS,0,0,false,,gx-no-cache=1711634488968 HTTP/1.1" 200 12885
190.171.141.106 - - [28/Mar/2024:11:04:40 -0300] "GET /cormun/servlet/solicitudot?0af015562d323d0662d9bfd1903de46f299990331e4adc1c74daa7263308da2ff5d02960f46bdc98885cbff12582df75,gx-no-cache=1711634491851 HTTP/1.1" 200 30
190.171.143.82 - - [28/Mar/2024:11:04:57 -0300] "GET /cormun/servlet/trpermisosadjuntos?12515149,20240326111212,P, HTTP/1.1" 200 6505
190.171.143.82 - - [28/Mar/2024:11:05:01 -0300] "GET /cormun/servlet/permisosadjuntos?INS,12515149,P,20240326111212,, HTTP/1.1" 200 5830
190.171.143.82 - - [28/Mar/2024:11:05:02 -0300] "GET /cormun/static/about:blank HTTP/1.1" 404 1011
190.171.142.42 - - [28/Mar/2024:11:05:13 -0300] "GET /cormun/servlet/hlogin HTTP/1.1" 200 1737
190.171.142.42 - - [28/Mar/2024:11:05:14 -0300] "GET /cormun/servlet/hlogin HTTP/1.1" 200 1737
190.171.141.106 - - [28/Mar/2024:11:07:09 -0300] "GET /cormun/servlet/solicitudot?0af015562d323d0662d9bfd1903de46f3b6cea9c8a4bb62a5912288d666b262bc070f82448d7017cc12840a8b8b5ed7befe6d12777d6660d8cb21567d72bc66c,gx-no-cache=1711634641084 HTTP/1.1" 200 30
190.171.141.106 - - [28/Mar/2024:11:07:13 -0300] "GET /cormun/servlet/solicitudot?0af015562d323d0662d9bfd1903de46f6d88a482f0bed8c37640ba9cbd081dc9,gx-no-cache=1711634645098 HTTP/1.1" 200 53
138.199.60.6 - - [28/Mar/2024:11:07:40 -0300] "GET / HTTP/1.1" 200 11217
190.171.141.106 - - [28/Mar/2024:11:07:41 -0300] "POST /cormun/servlet/solicitudot?gx-no-cache=1711634672980 HTTP/1.1" 200 255
190.171.141.106 - - [28/Mar/2024:11:07:44 -0300] "GET /cormun/servlet/solicitudot?0af015562d323d0662d9bfd1903de46fbc56bcac5d9767c269a4dacb5535c82136f8c359d327b11bf2449b5b0af4751f7582fcf5f31b71afd807ce3599bdfb420cd30f93a6c80e700feb9a74348664c4858e1786fa7cc344d18bd1c2e574fe4af81ec08f51ba55e1f13c93505e63290b768588619970b9be639aecb99511d32e449365bd1c957e5640500a2effcf7c557f15be218581f7c2bb9fec10a9f692e478caf03b5a99fa64a526c3961eb0fea4abd48fb3db0d6aa19542c34e2297153a748e5a54d24704c102a03cd1d00a08aba03e206299d4f9de5dfddfbdcb81ebeeed5b537db3da89b37719d263e07fc2524e5952dcd30ce1e060b867f1b203f93c99a44c8b8560ea2ec931a52efd5c7b04e694a35b5de67a2df2a8fa37804e768e376c7f41ad48596701159670b1b666d24a2235c130c525edc7f0fbf10948a97dcd92a38f81fba01532f751106484c4d13383920f5f7913b4ccccb8a389356107c8778c95c1722b7e6ebfa5c092d3fecb5ad84666d47288445894d9a10d53d3ec,gx-no-cache=1711634676596 HTTP/1.1" 200 30
190.171.141.106 - - [28/Mar/2024:11:07:51 -0300] "POST /cormun/servlet/solicitudot?gx-no-cache=1711634682772 HTTP/1.1" 200 30
190.171.141.106 - - [28/Mar/2024:11:07:53 -0300] "POST /cormun/servlet/solicitudot?gx-no-cache=1711634685174 HTTP/1.1" 200 1479
190.171.141.106 - - [28/Mar/2024:11:07:53 -0300] "POST /cormun/servlet/solicitudot?gx-no-cache=1711634685200 HTTP/1.1" 200 38
190.171.141.106 - - [28/Mar/2024:11:08:24 -0300] "GET /cormun/servlet/solicitudot?0af015562d323d0662d9bfd1903de46f284d17db035f741ce685a104b99ad91614dec620f83551ac0daa9eef4fb65d5f56f08427f9d44c0922d730a12439f7eb5fa6890dbee9924c0f2433aadd51a764e7e77b8c102d594777162715c419842eb6fa275b8708142a82b48caec4df59c4,gx-no-cache=1711634716147 HTTP/1.1" 200 110
190.171.142.42 - - [28/Mar/2024:11:08:33 -0300] "GET /cormun/servlet/hlogin HTTP/1.1" 200 1720
190.171.141.106 - - [28/Mar/2024:11:08:40 -0300] "POST /cormun/servlet/solicitudot?gx-no-cache=1711634731886 HTTP/1.1" 200 110
190.171.149.82 - - [28/Mar/2024:11:09:05 -0300] "GET /cormun/servlet/hlogin HTTP/1.1" 200 1722
190.171.143.82 - - [28/Mar/2024:11:09:09 -0300] "POST /cormun/servlet/permisosadjuntos?a64023bbb914c6e2cfcff940a800d998,INS,12515149,P,20240326111212,, HTTP/1.1" 200 116
190.171.143.82 - - [28/Mar/2024:11:09:10 -0300] "GET /cormun/servlet/hpexe_return? HTTP/1.1" 200 1038
190.171.149.82 - - [28/Mar/2024:11:09:10 -0300] "POST /cormun/servlet/hlogin?20127668e200250a7212c50227a7f073,gx-no-cache=1711634762447 HTTP/1.1" 200 90
190.171.149.82 - - [28/Mar/2024:11:09:10 -0300] "GET /cormun/servlet/hpexe_link HTTP/1.1" 200 952
190.171.143.82 - - [28/Mar/2024:11:09:11 -0300] "GET /cormun/servlet/trpermisosadjuntos?12515149,20240326111212,P, HTTP/1.1" 200 7015
190.171.149.82 - - [28/Mar/2024:11:09:11 -0300] "GET /cormun/servlet/hhome HTTP/1.1" 200 3930
190.171.143.82 - - [28/Mar/2024:11:09:15 -0300] "POST /cormun/servlet/trpermisosadjuntos?a64023bbb914c6e2cfcff940a800d998,12515149,20240326111212,P,,gx-no-cache=1711634766772 HTTP/1.1" 200 90
190.171.143.82 - - [28/Mar/2024:11:09:15 -0300] "GET /cormun/servlet/hpexe_link HTTP/1.1" 200 984
190.171.143.82 - - [28/Mar/2024:11:09:15 -0300] "GET /cormun/servlet/trpermisosgoce HTTP/1.1" 200 10757
190.171.149.82 - - [28/Mar/2024:11:09:20 -0300] "GET /cormun/servlet/trsolicitudot? HTTP/1.1" 200 7145
190.171.143.82 - - [28/Mar/2024:11:09:21 -0300] "POST /cormun/servlet/trpermisosgoce?a64023bbb914c6e2cfcff940a800d998,gx-no-cache=1711634772894 HTTP/1.1" 200 8121
190.171.143.82 - - [28/Mar/2024:11:09:23 -0300] "GET /cormun/static/Shared/jqueryui/images/ui-bg_highlight-soft_100_c6c2c8_1x100.png HTTP/1.1" 404 1117
190.171.143.82 - - [28/Mar/2024:11:09:23 -0300] "GET /cormun/static/Shared/jqueryui/images/ui-icons_82798d_256x240.png HTTP/1.1" 404 1089
190.171.143.82 - - [28/Mar/2024:11:09:23 -0300] "GET /cormun/static/Shared/jqueryui/images/ui-bg_flat_55_fafafa_40x100.png HTTP/1.1" 404 1097
190.171.143.82 - - [28/Mar/2024:11:09:23 -0300] "GET /cormun/static/Shared/jqueryui/images/ui-icons_8d78a5_256x240.png HTTP/1.1" 404 1089
190.171.143.82 - - [28/Mar/2024:11:09:28 -0300] "GET /cormun/servlet/trpermisosadjuntos?11150723,20240327154932,P, HTTP/1.1" 200 6494
190.171.143.82 - - [28/Mar/2024:11:09:31 -0300] "GET /cormun/servlet/permisosadjuntos?INS,11150723,P,20240327154932,, HTTP/1.1" 200 5824
190.171.143.82 - - [28/Mar/2024:11:09:32 -0300] "GET /cormun/static/about:blank HTTP/1.1" 404 1011
190.171.149.82 - - [28/Mar/2024:11:09:37 -0300] "GET /cormun/servlet/solicitudot?INS,0,0,false, HTTP/1.1" 200 15919
190.171.143.82 - - [28/Mar/2024:11:09:39 -0300] "POST /cormun/servlet/permisosadjuntos?a64023bbb914c6e2cfcff940a800d998,INS,11150723,P,20240327154932,, HTTP/1.1" 200 116
190.171.143.82 - - [28/Mar/2024:11:09:40 -0300] "GET /cormun/servlet/hpexe_return? HTTP/1.1" 200 1039
190.171.143.82 - - [28/Mar/2024:11:09:40 -0300] "GET /cormun/servlet/trpermisosadjuntos?11150723,20240327154932,P, HTTP/1.1" 200 7004
190.171.143.82 - - [28/Mar/2024:11:09:43 -0300] "POST /cormun/servlet/trpermisosadjuntos?a64023bbb914c6e2cfcff940a800d998,11150723,20240327154932,P,,gx-no-cache=1711634795122 HTTP/1.1" 200 90
190.171.143.82 - - [28/Mar/2024:11:09:43 -0300] "GET /cormun/servlet/hpexe_link HTTP/1.1" 200 1005
190.171.143.82 - - [28/Mar/2024:11:09:43 -0300] "GET /cormun/servlet/trpermisosgoce?gx-no-cache=1711634772894 HTTP/1.1" 200 10759
190.171.143.82 - - [28/Mar/2024:11:09:48 -0300] "POST /cormun/servlet/trpermisosgoce?a64023bbb914c6e2cfcff940a800d998,gx-no-cache=1711634772894,gx-no-cache=1711634800485 HTTP/1.1" 200 8118
190.171.149.82 - - [28/Mar/2024:11:09:50 -0300] "POST /cormun/servlet/solicitudot?gx-no-cache=1711634802619 HTTP/1.1" 200 4022
190.171.149.82 - - [28/Mar/2024:11:09:51 -0300] "POST /cormun/servlet/solicitudot?20127668e200250a7212c50227a7f073,INS,0,0,false,,gx-no-cache=1711634802789 HTTP/1.1" 200 12601
190.171.149.82 - - [28/Mar/2024:11:09:51 -0300] "GET /cormun/servlet/solicitudot?523639cab92a3c8a88331d72275692e63e8b30ba4280737b40f8aeb9e2d53e2125fbab56dd3ff59774d66ede5586c3a4,gx-no-cache=1711634803550 HTTP/1.1" 200 30
190.171.143.82 - - [28/Mar/2024:11:09:51 -0300] "GET /cormun/servlet/trpermisosadjuntos?9623778,20240327163016,P, HTTP/1.1" 200 6530
190.171.143.82 - - [28/Mar/2024:11:09:54 -0300] "GET /cormun/servlet/permisosadjuntos?INS,9623778,P,20240327163016,, HTTP/1.1" 200 5838
190.171.143.82 - - [28/Mar/2024:11:09:55 -0300] "GET /cormun/static/about:blank HTTP/1.1" 404 1011
190.171.141.106 - - [28/Mar/2024:11:09:58 -0300] "GET /cormun/servlet/solicitudot?0af015562d323d0662d9bfd1903de46ff4839af0b1ffa3de69d6a8538295392933904c50d08cda84121806ac5b00cc626147fca98fde6b89baa513f9a96ac375fdc75ca7a407b464746e5a17f31f1273f813db6cbc4cd6bd08a3ee99935048b85932a2f975c9b35122525cac2a9d8d07,gx-no-cache=1711634810547 HTTP/1.1" 200 29
190.171.143.82 - - [28/Mar/2024:11:10:04 -0300] "POST /cormun/servlet/permisosadjuntos?a64023bbb914c6e2cfcff940a800d998,INS,9623778,P,20240327163016,, HTTP/1.1" 200 116
190.171.143.82 - - [28/Mar/2024:11:10:04 -0300] "GET /cormun/servlet/hpexe_return? HTTP/1.1" 200 1038
190.171.143.82 - - [28/Mar/2024:11:10:04 -0300] "GET /cormun/servlet/trpermisosadjuntos?9623778,20240327163016,P, HTTP/1.1" 200 7024
190.171.143.82 - - [28/Mar/2024:11:10:07 -0300] "POST /cormun/servlet/trpermisosadjuntos?a64023bbb914c6e2cfcff940a800d998,9623778,20240327163016,P,,gx-no-cache=1711634819659 HTTP/1.1" 200 90
190.171.143.82 - - [28/Mar/2024:11:10:07 -0300] "GET /cormun/servlet/hpexe_link HTTP/1.1" 200 1004
190.171.143.82 - - [28/Mar/2024:11:10:08 -0300] "GET /cormun/servlet/trpermisosgoce?gx-no-cache=1711634772894 HTTP/1.1" 200 10759
190.171.141.106 - - [28/Mar/2024:11:10:09 -0300] "GET /cormun/servlet/solicitudot?0af015562d323d0662d9bfd1903de46fca720b5d9acc31a87c661338e5941bfd0b96d498c79898073f8c84f6f1aa3689,gx-no-cache=1711634821516 HTTP/1.1" 200 30
190.171.143.82 - - [28/Mar/2024:11:10:13 -0300] "POST /cormun/servlet/trpermisosgoce?a64023bbb914c6e2cfcff940a800d998,gx-no-cache=1711634772894,gx-no-cache=1711634825373 HTTP/1.1" 200 8113
190.171.143.82 - - [28/Mar/2024:11:10:17 -0300] "GET /cormun/servlet/trpermisosadjuntos?13718866,20240327084413,P, HTTP/1.1" 200 6529
190.171.143.82 - - [28/Mar/2024:11:10:19 -0300] "GET /cormun/servlet/permisosadjuntos?INS,13718866,P,20240327084413,, HTTP/1.1" 200 5835
190.171.143.82 - - [28/Mar/2024:11:10:20 -0300] "GET /cormun/static/about:blank HTTP/1.1" 404 1011
190.171.141.106 - - [28/Mar/2024:11:10:22 -0300] "POST /cormun/servlet/solicitudot?gx-no-cache=1711634833973 HTTP/1.1" 200 30
190.171.141.106 - - [28/Mar/2024:11:10:45 -0300] "POST /cormun/servlet/solicitudot?gx-no-cache=1711634857084 HTTP/1.1" 200 30
190.171.143.82 - - [28/Mar/2024:11:10:58 -0300] "POST /cormun/servlet/permisosadjuntos?a64023bbb914c6e2cfcff940a800d998,INS,13718866,P,20240327084413,, HTTP/1.1" 200 116
190.171.143.82 - - [28/Mar/2024:11:10:58 -0300] "GET /cormun/servlet/hpexe_return? HTTP/1.1" 200 1040
190.171.143.82 - - [28/Mar/2024:11:10:58 -0300] "GET /cormun/servlet/trpermisosadjuntos?13718866,20240327084413,P, HTTP/1.1" 200 7025
190.171.143.82 - - [28/Mar/2024:11:11:01 -0300] "POST /cormun/servlet/trpermisosadjuntos?a64023bbb914c6e2cfcff940a800d998,13718866,20240327084413,P,,gx-no-cache=1711634873344 HTTP/1.1" 200 90
190.171.143.82 - - [28/Mar/2024:11:11:01 -0300] "GET /cormun/servlet/hpexe_link HTTP/1.1" 200 1006
190.171.143.82 - - [28/Mar/2024:11:11:01 -0300] "GET /cormun/servlet/trpermisosgoce?gx-no-cache=1711634772894 HTTP/1.1" 200 10756
190.171.141.106 - - [28/Mar/2024:11:11:07 -0300] "POST /cormun/servlet/solicitudot?4632df99bce9daf8e12a77e1e24117c1,INS,0,0,false,,gx-no-cache=1711634879418 HTTP/1.1" 200 93
190.171.141.106 - - [28/Mar/2024:11:11:08 -0300] "GET /cormun/servlet/hpexe_return? HTTP/1.1" 200 1010
190.171.143.82 - - [28/Mar/2024:11:11:09 -0300] "POST /cormun/servlet/trpermisosgoce?a64023bbb914c6e2cfcff940a800d998,gx-no-cache=1711634772894,gx-no-cache=1711634880513 HTTP/1.1" 200 8104
190.171.141.106 - - [28/Mar/2024:11:11:09 -0300] "GET /cormun/servlet/trsolicitudot HTTP/1.1" 200 8907
190.171.143.82 - - [28/Mar/2024:11:11:11 -0300] "GET /cormun/servlet/trpermisosadjuntos?17652402,20240327134257,P, HTTP/1.1" 200 6526
190.171.143.82 - - [28/Mar/2024:11:11:13 -0300] "GET /cormun/servlet/permisosadjuntos?INS,17652402,P,20240327134257,, HTTP/1.1" 200 5833
190.171.143.82 - - [28/Mar/2024:11:11:14 -0300] "GET /cormun/static/about:blank HTTP/1.1" 404 1011
190.171.141.106 - - [28/Mar/2024:11:11:17 -0300] "POST /cormun/servlet/trsolicitudot?4632df99bce9daf8e12a77e1e24117c1,gx-no-cache=1711634889613 HTTP/1.1" 200 107
190.171.141.106 - - [28/Mar/2024:11:11:17 -0300] "GET /cormun/servlet/trsolicitudadjuntos?2024,21135, HTTP/1.1" 200 6378
190.171.141.106 - - [28/Mar/2024:11:11:24 -0300] "GET /cormun/servlet/solicitudotadjuntos?INS,2024,21135,,1, HTTP/1.1" 200 6324
190.171.141.106 - - [28/Mar/2024:11:11:24 -0300] "GET /cormun/static/about:blank HTTP/1.1" 404 1011
190.171.141.106 - - [28/Mar/2024:11:11:25 -0300] "GET /cormun/servlet/solicitudotadjuntos?0af015562d323d0662d9bfd1903de46fd8af02775bf8bc7b1694515e19215e37a8bb02307481016ee744dc10ce8b544b,gx-no-cache=1711634896821 HTTP/1.1" 200 30
190.171.141.106 - - [28/Mar/2024:11:11:25 -0300] "POST /cormun/servlet/solicitudotadjuntos?4632df99bce9daf8e12a77e1e24117c1,INS,2024,21135,,1,,gx-no-cache=1711634896842 HTTP/1.1" 200 4192
190.171.143.82 - - [28/Mar/2024:11:11:26 -0300] "POST /cormun/servlet/permisosadjuntos?a64023bbb914c6e2cfcff940a800d998,INS,17652402,P,20240327134257,, HTTP/1.1" 200 116
190.171.143.82 - - [28/Mar/2024:11:11:26 -0300] "GET /cormun/servlet/hpexe_return? HTTP/1.1" 200 1039
190.171.143.82 - - [28/Mar/2024:11:11:26 -0300] "GET /cormun/servlet/trpermisosadjuntos?17652402,20240327134257,P, HTTP/1.1" 200 7017
190.171.143.82 - - [28/Mar/2024:11:11:30 -0300] "POST /cormun/servlet/trpermisosadjuntos?a64023bbb914c6e2cfcff940a800d998,17652402,20240327134257,P,,gx-no-cache=1711634901781 HTTP/1.1" 200 90
190.171.143.82 - - [28/Mar/2024:11:11:30 -0300] "GET /cormun/servlet/hpexe_link HTTP/1.1" 200 1005
190.171.143.82 - - [28/Mar/2024:11:11:30 -0300] "GET /cormun/servlet/trpermisosgoce?gx-no-cache=1711634772894 HTTP/1.1" 200 10754
190.171.143.82 - - [28/Mar/2024:11:11:34 -0300] "POST /cormun/servlet/trpermisosgoce?a64023bbb914c6e2cfcff940a800d998,gx-no-cache=1711634772894,gx-no-cache=1711634905849 HTTP/1.1" 200 8045
190.171.143.82 - - [28/Mar/2024:11:11:37 -0300] "GET /cormun/servlet/trautorizarpermisogoce? HTTP/1.1" 200 8832
190.171.143.82 - - [28/Mar/2024:11:11:42 -0300] "POST /cormun/servlet/trautorizarpermisogoce?a64023bbb914c6e2cfcff940a800d998,,gx-no-cache=1711634914119 HTTP/1.1" 200 5997
190.171.143.82 - - [28/Mar/2024:11:11:44 -0300] "POST /cormun/servlet/trautorizarpermisogoce?a64023bbb914c6e2cfcff940a800d998,,gx-no-cache=1711634916276 HTTP/1.1" 200 5791
190.171.143.82 - - [28/Mar/2024:11:11:46 -0300] "POST /cormun/servlet/trautorizarpermisogoce?a64023bbb914c6e2cfcff940a800d998,,gx-no-cache=1711634917931 HTTP/1.1" 200 5564
190.171.143.82 - - [28/Mar/2024:11:11:47 -0300] "POST /cormun/servlet/trautorizarpermisogoce?a64023bbb914c6e2cfcff940a800d998,,gx-no-cache=1711634918987 HTTP/1.1" 200 5289
190.171.143.82 - - [28/Mar/2024:11:11:48 -0300] "POST /cormun/servlet/trautorizarpermisogoce?a64023bbb914c6e2cfcff940a800d998,,gx-no-cache=1711634919804 HTTP/1.1" 200 4533
190.171.141.106 - - [28/Mar/2024:11:11:58 -0300] "POST /cormun/servlet/solicitudotadjuntos?gx-no-cache=1711634913844 HTTP/1.1" 200 26
190.171.141.106 - - [28/Mar/2024:11:12:30 -0300] "GET /cormun/servlet/hlogin HTTP/1.1" 200 1723
190.171.143.82 - - [28/Mar/2024:11:12:34 -0300] "GET /cormun/servlet/trpermisosgoce? HTTP/1.1" 200 10655
190.171.141.106 - - [28/Mar/2024:11:12:35 -0300] "POST /cormun/servlet/hlogin?4632df99bce9daf8e12a77e1e24117c1,gx-no-cache=1711634967139 HTTP/1.1" 200 90
190.171.141.106 - - [28/Mar/2024:11:12:35 -0300] "GET /cormun/servlet/hpexe_link HTTP/1.1" 200 978
190.171.141.106 - - [28/Mar/2024:11:12:35 -0300] "GET /cormun/servlet/solicitudotadjuntos?INS,2024,21135,,1, HTTP/1.1" 200 6320
190.171.141.106 - - [28/Mar/2024:11:12:35 -0300] "GET /cormun/static/about:blank HTTP/1.1" 404 1011
190.171.141.106 - - [28/Mar/2024:11:12:36 -0300] "GET /cormun/servlet/solicitudotadjuntos?0af015562d323d0662d9bfd1903de46fd8af02775bf8bc7b1694515e19215e37a8bb02307481016ee744dc10ce8b544b,gx-no-cache=1711634968383 HTTP/1.1" 200 30
190.171.141.106 - - [28/Mar/2024:11:12:36 -0300] "POST /cormun/servlet/solicitudotadjuntos?4632df99bce9daf8e12a77e1e24117c1,INS,2024,21135,,1,,gx-no-cache=1711634968397 HTTP/1.1" 200 4182
190.171.141.106 - - [28/Mar/2024:11:12:42 -0300] "POST /cormun/servlet/solicitudotadjuntos?gx-no-cache=1711634974698 HTTP/1.1" 200 26
190.171.141.106 - - [28/Mar/2024:11:12:50 -0300] "GET /cormun/servlet/solicitudotadjuntos?0af015562d323d0662d9bfd1903de46fcba3d98fe7006323db801d84faeb441a,gx-no-cache=1711634981993 HTTP/1.1" 200 30
190.171.141.106 - - [28/Mar/2024:11:12:50 -0300] "GET /cormun/servlet/solicitudotadjuntos?0af015562d323d0662d9bfd1903de46fcba3d98fe7006323db801d84faeb441a,gx-no-cache=1711634982003 HTTP/1.1" 200 30
190.171.141.106 - - [28/Mar/2024:11:12:50 -0300] "POST /cormun/servlet/solicitudotadjuntos?4632df99bce9daf8e12a77e1e24117c1,INS,2024,21135,,1, HTTP/1.1" 200 116
190.171.141.106 - - [28/Mar/2024:11:12:50 -0300] "GET /cormun/servlet/hpexe_return? HTTP/1.1" 200 1027
190.171.141.106 - - [28/Mar/2024:11:12:50 -0300] "GET /cormun/servlet/trsolicitudadjuntos?2024,21135, HTTP/1.1" 200 9297
190.171.141.106 - - [28/Mar/2024:11:13:18 -0300] "GET /cormun/servlet/solicitudotadjuntos?INS,2024,21135,,1, HTTP/1.1" 200 6325
190.171.141.106 - - [28/Mar/2024:11:13:18 -0300] "GET /cormun/static/about:blank HTTP/1.1" 404 1011
190.171.141.106 - - [28/Mar/2024:11:13:19 -0300] "GET /cormun/servlet/solicitudotadjuntos?0af015562d323d0662d9bfd1903de46fd8af02775bf8bc7b1694515e19215e37a8bb02307481016ee744dc10ce8b544b,gx-no-cache=1711635011169 HTTP/1.1" 200 30
190.171.141.106 - - [28/Mar/2024:11:13:19 -0300] "POST /cormun/servlet/solicitudotadjuntos?4632df99bce9daf8e12a77e1e24117c1,INS,2024,21135,,1,,gx-no-cache=1711635011240 HTTP/1.1" 200 4193
190.171.141.106 - - [28/Mar/2024:11:13:25 -0300] "POST /cormun/servlet/solicitudotadjuntos?gx-no-cache=1711635017545 HTTP/1.1" 200 26
190.171.141.106 - - [28/Mar/2024:11:13:25 -0300] "GET /cormun/servlet/solicitudotadjuntos?0af015562d323d0662d9bfd1903de46fcba3d98fe7006323db801d84faeb441a,gx-no-cache=1711635017600 HTTP/1.1" 200 30
190.171.141.106 - - [28/Mar/2024:11:13:25 -0300] "GET /cormun/servlet/solicitudotadjuntos?0af015562d323d0662d9bfd1903de46fcba3d98fe7006323db801d84faeb441a,gx-no-cache=1711635017656 HTTP/1.1" 200 30
190.171.141.106 - - [28/Mar/2024:11:13:26 -0300] "POST /cormun/servlet/solicitudotadjuntos?4632df99bce9daf8e12a77e1e24117c1,INS,2024,21135,,1,,gx-no-cache=1711635017724 HTTP/1.1" 200 4004
190.171.141.106 - - [28/Mar/2024:11:13:26 -0300] "GET /cormun/static/Shared/jqueryui/images/ui-icons_ebccce_256x240.png HTTP/1.1" 404 1089
190.171.141.106 - - [28/Mar/2024:11:13:26 -0300] "GET /cormun/static/Shared/jqueryui/images/ui-icons_82798d_256x240.png HTTP/1.1" 404 1089
190.171.141.106 - - [28/Mar/2024:11:13:26 -0300] "GET /cormun/static/Shared/jqueryui/images/ui-bg_flat_55_994d53_40x100.png HTTP/1.1" 404 1097
190.171.141.106 - - [28/Mar/2024:11:13:26 -0300] "GET /cormun/static/Shared/jqueryui/images/ui-bg_highlight-soft_100_c6c2c8_1x100.png HTTP/1.1" 404 1117
190.171.141.106 - - [28/Mar/2024:11:13:31 -0300] "POST /cormun/servlet/solicitudotadjuntos?gx-no-cache=1711635022770 HTTP/1.1" 200 26
190.171.141.106 - - [28/Mar/2024:11:13:38 -0300] "GET /cormun/servlet/solicitudotadjuntos?0af015562d323d0662d9bfd1903de46fcba3d98fe7006323db801d84faeb441a,gx-no-cache=1711635030488 HTTP/1.1" 200 30
190.171.141.106 - - [28/Mar/2024:11:13:38 -0300] "GET /cormun/servlet/solicitudotadjuntos?0af015562d323d0662d9bfd1903de46fcba3d98fe7006323db801d84faeb441a,gx-no-cache=1711635030498 HTTP/1.1" 200 30
190.171.141.106 - - [28/Mar/2024:11:13:38 -0300] "POST /cormun/servlet/solicitudotadjuntos?4632df99bce9daf8e12a77e1e24117c1,INS,2024,21135,,1, HTTP/1.1" 200 116
190.171.141.106 - - [28/Mar/2024:11:13:38 -0300] "GET /cormun/servlet/hpexe_return? HTTP/1.1" 200 1027
190.171.141.106 - - [28/Mar/2024:11:13:39 -0300] "GET /cormun/servlet/trsolicitudadjuntos?2024,21135, HTTP/1.1" 200 9549
190.171.141.106 - - [28/Mar/2024:11:13:43 -0300] "GET /cormun/servlet/solicitudotadjuntos?INS,2024,21135,,1, HTTP/1.1" 200 6325
190.171.141.106 - - [28/Mar/2024:11:13:43 -0300] "GET /cormun/static/about:blank HTTP/1.1" 404 1011
190.171.141.106 - - [28/Mar/2024:11:13:44 -0300] "GET /cormun/servlet/solicitudotadjuntos?0af015562d323d0662d9bfd1903de46fd8af02775bf8bc7b1694515e19215e37a8bb02307481016ee744dc10ce8b544b,gx-no-cache=1711635035912 HTTP/1.1" 200 30
190.171.141.106 - - [28/Mar/2024:11:13:44 -0300] "POST /cormun/servlet/solicitudotadjuntos?4632df99bce9daf8e12a77e1e24117c1,INS,2024,21135,,1,,gx-no-cache=1711635035927 HTTP/1.1" 200 4193
190.171.141.106 - - [28/Mar/2024:11:13:48 -0300] "POST /cormun/servlet/solicitudotadjuntos?gx-no-cache=1711635040490 HTTP/1.1" 200 26
190.171.141.106 - - [28/Mar/2024:11:13:59 -0300] "GET /cormun/servlet/solicitudotadjuntos?0af015562d323d0662d9bfd1903de46fcba3d98fe7006323db801d84faeb441a,gx-no-cache=1711635051337 HTTP/1.1" 200 30
190.171.141.106 - - [28/Mar/2024:11:13:59 -0300] "GET /cormun/servlet/solicitudotadjuntos?0af015562d323d0662d9bfd1903de46fcba3d98fe7006323db801d84faeb441a,gx-no-cache=1711635051347 HTTP/1.1" 200 30
190.171.141.106 - - [28/Mar/2024:11:13:59 -0300] "POST /cormun/servlet/solicitudotadjuntos?4632df99bce9daf8e12a77e1e24117c1,INS,2024,21135,,1, HTTP/1.1" 200 116
190.171.141.106 - - [28/Mar/2024:11:13:59 -0300] "GET /cormun/servlet/hpexe_return? HTTP/1.1" 200 1027
190.171.141.106 - - [28/Mar/2024:11:13:59 -0300] "GET /cormun/servlet/trsolicitudadjuntos?2024,21135, HTTP/1.1" 200 9796
190.171.141.106 - - [28/Mar/2024:11:14:25 -0300] "GET /cormun/servlet/solicitudotadjuntos?INS,2024,21135,,1, HTTP/1.1" 200 6325
190.171.141.106 - - [28/Mar/2024:11:14:25 -0300] "GET /cormun/static/about:blank HTTP/1.1" 404 1011
190.171.141.106 - - [28/Mar/2024:11:14:26 -0300] "GET /cormun/servlet/solicitudotadjuntos?0af015562d323d0662d9bfd1903de46fd8af02775bf8bc7b1694515e19215e37a8bb02307481016ee744dc10ce8b544b,gx-no-cache=1711635078079 HTTP/1.1" 200 30
190.171.141.106 - - [28/Mar/2024:11:14:26 -0300] "POST /cormun/servlet/solicitudotadjuntos?4632df99bce9daf8e12a77e1e24117c1,INS,2024,21135,,1,,gx-no-cache=1711635078091 HTTP/1.1" 200 4193
190.171.141.106 - - [28/Mar/2024:11:14:35 -0300] "POST /cormun/servlet/solicitudotadjuntos?gx-no-cache=1711635086941 HTTP/1.1" 200 26
190.171.141.106 - - [28/Mar/2024:11:14:44 -0300] "GET /cormun/servlet/solicitudotadjuntos?0af015562d323d0662d9bfd1903de46fcba3d98fe7006323db801d84faeb441a,gx-no-cache=1711635096449 HTTP/1.1" 200 30
190.171.141.106 - - [28/Mar/2024:11:14:44 -0300] "GET /cormun/servlet/solicitudotadjuntos?0af015562d323d0662d9bfd1903de46fcba3d98fe7006323db801d84faeb441a,gx-no-cache=1711635096459 HTTP/1.1" 200 30
190.171.141.106 - - [28/Mar/2024:11:14:44 -0300] "POST /cormun/servlet/solicitudotadjuntos?4632df99bce9daf8e12a77e1e24117c1,INS,2024,21135,,1, HTTP/1.1" 200 116
190.171.141.106 - - [28/Mar/2024:11:14:44 -0300] "GET /cormun/servlet/hpexe_return? HTTP/1.1" 200 1027
190.171.141.106 - - [28/Mar/2024:11:14:45 -0300] "GET /cormun/servlet/trsolicitudadjuntos?2024,21135, HTTP/1.1" 200 10019
190.171.141.106 - - [28/Mar/2024:11:14:54 -0300] "GET /cormun/servlet/solicitudotadjuntos?INS,2024,21135,,1, HTTP/1.1" 200 6325
190.171.141.106 - - [28/Mar/2024:11:14:54 -0300] "GET /cormun/static/about:blank HTTP/1.1" 404 1011
190.171.141.106 - - [28/Mar/2024:11:14:55 -0300] "GET /cormun/servlet/solicitudotadjuntos?0af015562d323d0662d9bfd1903de46fd8af02775bf8bc7b1694515e19215e37a8bb02307481016ee744dc10ce8b544b,gx-no-cache=1711635107045 HTTP/1.1" 200 30
190.171.141.106 - - [28/Mar/2024:11:14:55 -0300] "POST /cormun/servlet/solicitudotadjuntos?4632df99bce9daf8e12a77e1e24117c1,INS,2024,21135,,1,,gx-no-cache=1711635107114 HTTP/1.1" 200 4192
190.171.141.106 - - [28/Mar/2024:11:14:59 -0300] "POST /cormun/servlet/solicitudotadjuntos?gx-no-cache=1711635111178 HTTP/1.1" 200 26
190.171.141.106 - - [28/Mar/2024:11:15:10 -0300] "GET /cormun/servlet/solicitudotadjuntos?0af015562d323d0662d9bfd1903de46fcba3d98fe7006323db801d84faeb441a,gx-no-cache=1711635122506 HTTP/1.1" 200 30
190.171.141.106 - - [28/Mar/2024:11:15:10 -0300] "GET /cormun/servlet/solicitudotadjuntos?0af015562d323d0662d9bfd1903de46fcba3d98fe7006323db801d84faeb441a,gx-no-cache=1711635122565 HTTP/1.1" 200 30
190.171.141.106 - - [28/Mar/2024:11:15:11 -0300] "POST /cormun/servlet/solicitudotadjuntos?4632df99bce9daf8e12a77e1e24117c1,INS,2024,21135,,1, HTTP/1.1" 200 116
190.171.141.106 - - [28/Mar/2024:11:15:11 -0300] "GET /cormun/servlet/hpexe_return? HTTP/1.1" 200 1027
190.171.141.106 - - [28/Mar/2024:11:15:11 -0300] "GET /cormun/servlet/trsolicitudadjuntos?2024,21135, HTTP/1.1" 200 10282
190.171.141.106 - - [28/Mar/2024:11:15:15 -0300] "GET /cormun/servlet/solicitudotadjuntos?INS,2024,21135,,1, HTTP/1.1" 200 6325
190.171.141.106 - - [28/Mar/2024:11:15:15 -0300] "GET /cormun/static/about:blank HTTP/1.1" 404 1011
190.171.141.106 - - [28/Mar/2024:11:15:15 -0300] "GET /cormun/servlet/solicitudotadjuntos?0af015562d323d0662d9bfd1903de46fd8af02775bf8bc7b1694515e19215e37a8bb02307481016ee744dc10ce8b544b,gx-no-cache=1711635127596 HTTP/1.1" 200 30
190.171.141.106 - - [28/Mar/2024:11:15:15 -0300] "POST /cormun/servlet/solicitudotadjuntos?4632df99bce9daf8e12a77e1e24117c1,INS,2024,21135,,1,,gx-no-cache=1711635127609 HTTP/1.1" 200 4192
190.171.141.106 - - [28/Mar/2024:11:15:25 -0300] "POST /cormun/servlet/solicitudotadjuntos?gx-no-cache=1711635136978 HTTP/1.1" 200 26
190.171.141.106 - - [28/Mar/2024:11:15:39 -0300] "GET /cormun/servlet/solicitudotadjuntos?0af015562d323d0662d9bfd1903de46fcba3d98fe7006323db801d84faeb441a,gx-no-cache=1711635150913 HTTP/1.1" 200 30
190.171.141.106 - - [28/Mar/2024:11:15:39 -0300] "GET /cormun/servlet/solicitudotadjuntos?0af015562d323d0662d9bfd1903de46fcba3d98fe7006323db801d84faeb441a,gx-no-cache=1711635150923 HTTP/1.1" 200 30
190.171.141.106 - - [28/Mar/2024:11:15:39 -0300] "POST /cormun/servlet/solicitudotadjuntos?4632df99bce9daf8e12a77e1e24117c1,INS,2024,21135,,1, HTTP/1.1" 200 116
190.171.141.106 - - [28/Mar/2024:11:15:39 -0300] "GET /cormun/servlet/hpexe_return? HTTP/1.1" 200 1027
190.171.141.106 - - [28/Mar/2024:11:15:39 -0300] "GET /cormun/servlet/trsolicitudadjuntos?2024,21135, HTTP/1.1" 200 10463
190.171.141.106 - - [28/Mar/2024:11:15:43 -0300] "GET /cormun/servlet/solicitudotadjuntos?INS,2024,21135,,1, HTTP/1.1" 200 6325
190.171.141.106 - - [28/Mar/2024:11:15:43 -0300] "GET /cormun/static/about:blank HTTP/1.1" 404 1011
190.171.149.82 - - [28/Mar/2024:11:15:43 -0300] "GET /cormun/servlet/solicitudot?523639cab92a3c8a88331d72275692e62f2e87ada1bf744220d7d6d3c6f8a33a,gx-no-cache=1711635155718 HTTP/1.1" 200 94
190.171.149.82 - - [28/Mar/2024:11:15:43 -0300] "GET /cormun/static/Shared/jqueryui/images/ui-bg_highlight-soft_100_c6c2c8_1x100.png HTTP/1.1" 404 1117
190.171.149.82 - - [28/Mar/2024:11:15:43 -0300] "GET /cormun/static/Shared/jqueryui/images/ui-icons_82798d_256x240.png HTTP/1.1" 404 1089
190.171.149.82 - - [28/Mar/2024:11:15:43 -0300] "GET /cormun/static/Shared/jqueryui/images/ui-bg_flat_55_994d53_40x100.png HTTP/1.1" 404 1097
190.171.149.82 - - [28/Mar/2024:11:15:43 -0300] "GET /cormun/static/Shared/jqueryui/images/ui-icons_ebccce_256x240.png HTTP/1.1" 404 1089
190.171.141.106 - - [28/Mar/2024:11:15:44 -0300] "GET /cormun/servlet/solicitudotadjuntos?0af015562d323d0662d9bfd1903de46fd8af02775bf8bc7b1694515e19215e37a8bb02307481016ee744dc10ce8b544b,gx-no-cache=1711635155806 HTTP/1.1" 200 30
190.171.141.106 - - [28/Mar/2024:11:15:44 -0300] "POST /cormun/servlet/solicitudotadjuntos?4632df99bce9daf8e12a77e1e24117c1,INS,2024,21135,,1,,gx-no-cache=1711635155819 HTTP/1.1" 200 4193
190.171.149.82 - - [28/Mar/2024:11:15:44 -0300] "GET /cormun/servlet/prbanco?,MD,,gxPopupLevel%3D0%3B HTTP/1.1" 200 6531
190.171.141.106 - - [28/Mar/2024:11:15:51 -0300] "POST /cormun/servlet/solicitudotadjuntos?gx-no-cache=1711635162842 HTTP/1.1" 200 26
190.171.149.82 - - [28/Mar/2024:11:15:53 -0300] "GET /cormun/servlet/solicitudot?523639cab92a3c8a88331d72275692e60188cc9ef72c4052b3397fc5ff73fb37,gx-no-cache=1711635164829 HTTP/1.1" 200 45
190.171.141.106 - - [28/Mar/2024:11:15:59 -0300] "GET /cormun/servlet/solicitudotadjuntos?0af015562d323d0662d9bfd1903de46fcba3d98fe7006323db801d84faeb441a,gx-no-cache=1711635171513 HTTP/1.1" 200 30
190.171.141.106 - - [28/Mar/2024:11:15:59 -0300] "GET /cormun/servlet/solicitudotadjuntos?0af015562d323d0662d9bfd1903de46fcba3d98fe7006323db801d84faeb441a,gx-no-cache=1711635171523 HTTP/1.1" 200 30
190.171.141.106 - - [28/Mar/2024:11:15:59 -0300] "POST /cormun/servlet/solicitudotadjuntos?4632df99bce9daf8e12a77e1e24117c1,INS,2024,21135,,1, HTTP/1.1" 200 6642
190.171.141.106 - - [28/Mar/2024:11:15:59 -0300] "GET /cormun/static/Shared/jqueryui/images/ui-bg_highlight-soft_100_c6c2c8_1x100.png HTTP/1.1" 404 1117
190.171.141.106 - - [28/Mar/2024:11:15:59 -0300] "GET /cormun/static/Shared/jqueryui/images/ui-icons_82798d_256x240.png HTTP/1.1" 404 1089
190.171.141.106 - - [28/Mar/2024:11:15:59 -0300] "GET /cormun/static/Shared/jqueryui/images/ui-bg_flat_55_994d53_40x100.png HTTP/1.1" 404 1097
190.171.141.106 - - [28/Mar/2024:11:15:59 -0300] "GET /cormun/static/Shared/jqueryui/images/ui-icons_ebccce_256x240.png HTTP/1.1" 404 1089
190.171.141.106 - - [28/Mar/2024:11:15:59 -0300] "GET /cormun/PrivateTempStorage/upload_00020611.pdf HTTP/1.1" 200 112385
190.171.141.106 - - [28/Mar/2024:11:16:06 -0300] "POST /cormun/servlet/solicitudotadjuntos?4632df99bce9daf8e12a77e1e24117c1,INS,2024,21135,,1, HTTP/1.1" 200 116
190.171.141.106 - - [28/Mar/2024:11:16:06 -0300] "GET /cormun/servlet/hpexe_return? HTTP/1.1" 200 1027
190.171.141.106 - - [28/Mar/2024:11:16:07 -0300] "GET /cormun/servlet/trsolicitudadjuntos?2024,21135, HTTP/1.1" 200 10462
190.171.141.106 - - [28/Mar/2024:11:16:12 -0300] "GET /cormun/servlet/solicitudotadjuntos?INS,2024,21135,,1, HTTP/1.1" 200 6325
190.171.141.106 - - [28/Mar/2024:11:16:12 -0300] "GET /cormun/static/about:blank HTTP/1.1" 404 1011
190.171.141.106 - - [28/Mar/2024:11:16:13 -0300] "GET /cormun/servlet/solicitudotadjuntos?0af015562d323d0662d9bfd1903de46fd8af02775bf8bc7b1694515e19215e37a8bb02307481016ee744dc10ce8b544b,gx-no-cache=1711635184814 HTTP/1.1" 200 30
190.171.141.106 - - [28/Mar/2024:11:16:13 -0300] "POST /cormun/servlet/solicitudotadjuntos?4632df99bce9daf8e12a77e1e24117c1,INS,2024,21135,,1,,gx-no-cache=1711635184827 HTTP/1.1" 200 4193
190.171.141.106 - - [28/Mar/2024:11:16:26 -0300] "POST /cormun/servlet/solicitudotadjuntos?4632df99bce9daf8e12a77e1e24117c1,INS,2024,21135,,1,,gx-no-cache=1711635197955 HTTP/1.1" 200 93
190.171.141.106 - - [28/Mar/2024:11:16:26 -0300] "GET /cormun/servlet/hpexe_return? HTTP/1.1" 200 1027
190.171.141.106 - - [28/Mar/2024:11:16:26 -0300] "GET /cormun/servlet/trsolicitudadjuntos?2024,21135, HTTP/1.1" 200 10464
190.171.149.82 - - [28/Mar/2024:11:16:32 -0300] "POST /cormun/servlet/solicitudot?gx-no-cache=1711635204266 HTTP/1.1" 200 255
190.171.149.82 - - [28/Mar/2024:11:16:34 -0300] "GET /cormun/servlet/solicitudot?523639cab92a3c8a88331d72275692e6b81aa5011bf78a57211654f04298722ea7ef7114e43810a82c4ecc380abf531238955dad73481b14d07c1305b740206595ec532c5fce6420c3fc16dd0d8104ed68af7e249a03cd05524d29224275dcdee3ece19b5571bdee2dceaedfccbf51b8bcaa2d24f965bbdbc2def7a199c28ebf74157b8b81cb5f86d82e25b1108f5ae485dbe3a5f058ab9c314453754ac5f752dcc60884af239a033b6d95389de240f536400cb4f837485b27d3fdc0ce702de57f10842b73e5d283004e208ca557776beda8c959d502bdbda0d589675e71996a5b92ca9ba992a24a1bfbc34811d24911bfbba9aa98c9481f6b572e7f6cfc55def05e0127910205f660698f95a2ca99fd0860e470d1508c11872dbb02341deea5855df89220fb1bb4d096175db863fab4ed7fef2849c21553ae9cf2341f0eb60dcc5939c5d417a29aa5a967ebe6890f255a4dec3fee4bc95e2e0123e0aa5d0738b88b66d877b4f71fb855f47345a44d8f2433ab24aa1200d36ab3944491018318,gx-no-cache=1711635205865 HTTP/1.1" 200 30
190.171.149.82 - - [28/Mar/2024:11:16:35 -0300] "POST /cormun/servlet/solicitudot?gx-no-cache=1711635207752 HTTP/1.1" 200 30
190.171.141.106 - - [28/Mar/2024:11:16:40 -0300] "GET /cormun/servlet/solicitudotadjuntos?INS,2024,21135,,2, HTTP/1.1" 200 6323
190.171.149.82 - - [28/Mar/2024:11:16:41 -0300] "POST /cormun/servlet/solicitudot?gx-no-cache=1711635212888 HTTP/1.1" 200 30
190.171.141.106 - - [28/Mar/2024:11:16:41 -0300] "GET /cormun/static/about:blank HTTP/1.1" 404 1011
190.171.141.106 - - [28/Mar/2024:11:16:41 -0300] "GET /cormun/servlet/solicitudotadjuntos?0af015562d323d0662d9bfd1903de46fd8af02775bf8bc7b1694515e19215e37a8bb02307481016ee744dc10ce8b544b,gx-no-cache=1711635213463 HTTP/1.1" 200 30
190.171.141.106 - - [28/Mar/2024:11:16:41 -0300] "POST /cormun/servlet/solicitudotadjuntos?4632df99bce9daf8e12a77e1e24117c1,INS,2024,21135,,2,,gx-no-cache=1711635213485 HTTP/1.1" 200 4332
190.171.149.82 - - [28/Mar/2024:11:16:42 -0300] "POST /cormun/servlet/solicitudot?gx-no-cache=1711635214206 HTTP/1.1" 200 1479
190.171.149.82 - - [28/Mar/2024:11:16:42 -0300] "POST /cormun/servlet/solicitudot?gx-no-cache=1711635214258 HTTP/1.1" 200 38
190.171.141.106 - - [28/Mar/2024:11:16:45 -0300] "POST /cormun/servlet/solicitudotadjuntos?gx-no-cache=1711635217603 HTTP/1.1" 200 26
190.171.149.82 - - [28/Mar/2024:11:16:52 -0300] "GET /cormun/servlet/solicitudot?523639cab92a3c8a88331d72275692e6f74b3b011a725348b30b370c0dcfb7dcd946e6246fe7d1a8a20bf24fb555d02dd5924cc917ba8f1459e102a41be31a71b25b4efd082a0eff38d596b345d61837164000f3b8fa89ead1ac16ba31919ab566f8340aeaf69a09de6d917b84621009,gx-no-cache=1711635224394 HTTP/1.1" 200 110
190.171.141.106 - - [28/Mar/2024:11:16:54 -0300] "GET /cormun/servlet/solicitudotadjuntos?0af015562d323d0662d9bfd1903de46fcba3d98fe7006323db801d84faeb441a,gx-no-cache=1711635226249 HTTP/1.1" 200 30
190.171.141.106 - - [28/Mar/2024:11:16:54 -0300] "GET /cormun/servlet/solicitudotadjuntos?0af015562d323d0662d9bfd1903de46fcba3d98fe7006323db801d84faeb441a,gx-no-cache=1711635226259 HTTP/1.1" 200 30
190.171.141.106 - - [28/Mar/2024:11:16:54 -0300] "POST /cormun/servlet/solicitudotadjuntos?4632df99bce9daf8e12a77e1e24117c1,INS,2024,21135,,2, HTTP/1.1" 200 116
190.171.141.106 - - [28/Mar/2024:11:16:54 -0300] "GET /cormun/servlet/hpexe_return? HTTP/1.1" 200 1027
190.171.141.106 - - [28/Mar/2024:11:16:54 -0300] "GET /cormun/servlet/trsolicitudadjuntos?2024,21135, HTTP/1.1" 200 10646
190.171.149.82 - - [28/Mar/2024:11:16:59 -0300] "POST /cormun/servlet/solicitudot?gx-no-cache=1711635231090 HTTP/1.1" 200 110
190.171.141.106 - - [28/Mar/2024:11:17:02 -0300] "GET /cormun/servlet/solicitudotadjuntos?INS,2024,21135,,2, HTTP/1.1" 200 6323
190.171.141.106 - - [28/Mar/2024:11:17:02 -0300] "GET /cormun/static/about:blank HTTP/1.1" 404 1011
190.171.141.106 - - [28/Mar/2024:11:17:03 -0300] "GET /cormun/servlet/solicitudotadjuntos?0af015562d323d0662d9bfd1903de46fd8af02775bf8bc7b1694515e19215e37a8bb02307481016ee744dc10ce8b544b,gx-no-cache=1711635235126 HTTP/1.1" 200 30
190.171.141.106 - - [28/Mar/2024:11:17:03 -0300] "POST /cormun/servlet/solicitudotadjuntos?4632df99bce9daf8e12a77e1e24117c1,INS,2024,21135,,2,,gx-no-cache=1711635235139 HTTP/1.1" 200 4332
190.171.141.106 - - [28/Mar/2024:11:17:07 -0300] "POST /cormun/servlet/solicitudotadjuntos?gx-no-cache=1711635239274 HTTP/1.1" 200 26
190.171.141.106 - - [28/Mar/2024:11:17:16 -0300] "GET /cormun/servlet/solicitudotadjuntos?0af015562d323d0662d9bfd1903de46fcba3d98fe7006323db801d84faeb441a,gx-no-cache=1711635248161 HTTP/1.1" 200 30
190.171.141.106 - - [28/Mar/2024:11:17:16 -0300] "GET /cormun/servlet/solicitudotadjuntos?0af015562d323d0662d9bfd1903de46fcba3d98fe7006323db801d84faeb441a,gx-no-cache=1711635248171 HTTP/1.1" 200 30
190.171.141.106 - - [28/Mar/2024:11:17:16 -0300] "POST /cormun/servlet/solicitudotadjuntos?4632df99bce9daf8e12a77e1e24117c1,INS,2024,21135,,2, HTTP/1.1" 200 116
190.171.141.106 - - [28/Mar/2024:11:17:16 -0300] "GET /cormun/servlet/hpexe_return? HTTP/1.1" 200 1027
190.171.141.106 - - [28/Mar/2024:11:17:16 -0300] "GET /cormun/servlet/trsolicitudadjuntos?2024,21135, HTTP/1.1" 200 10782
190.171.141.106 - - [28/Mar/2024:11:17:22 -0300] "GET /cormun/servlet/solicitudotadjuntos?INS,2024,21135,,1, HTTP/1.1" 200 6325
190.171.141.106 - - [28/Mar/2024:11:17:22 -0300] "GET /cormun/static/about:blank HTTP/1.1" 404 1011
190.171.141.106 - - [28/Mar/2024:11:17:23 -0300] "GET /cormun/servlet/solicitudotadjuntos?0af015562d323d0662d9bfd1903de46fd8af02775bf8bc7b1694515e19215e37a8bb02307481016ee744dc10ce8b544b,gx-no-cache=1711635254843 HTTP/1.1" 200 30
190.171.141.106 - - [28/Mar/2024:11:17:23 -0300] "POST /cormun/servlet/solicitudotadjuntos?4632df99bce9daf8e12a77e1e24117c1,INS,2024,21135,,1,,gx-no-cache=1711635254856 HTTP/1.1" 200 4193
190.171.141.106 - - [28/Mar/2024:11:17:30 -0300] "POST /cormun/servlet/solicitudotadjuntos?4632df99bce9daf8e12a77e1e24117c1,INS,2024,21135,,1,,gx-no-cache=1711635261988 HTTP/1.1" 200 93
190.171.141.106 - - [28/Mar/2024:11:17:30 -0300] "GET /cormun/servlet/hpexe_return? HTTP/1.1" 200 1027
190.171.141.106 - - [28/Mar/2024:11:17:30 -0300] "GET /cormun/servlet/trsolicitudadjuntos?2024,21135, HTTP/1.1" 200 10786
190.171.141.106 - - [28/Mar/2024:11:17:33 -0300] "GET /cormun/servlet/solicitudotadjuntos?INS,2024,21135,,2, HTTP/1.1" 200 6323
190.171.141.106 - - [28/Mar/2024:11:17:34 -0300] "GET /cormun/static/about:blank HTTP/1.1" 404 1011
190.171.141.106 - - [28/Mar/2024:11:17:34 -0300] "GET /cormun/servlet/solicitudotadjuntos?0af015562d323d0662d9bfd1903de46fd8af02775bf8bc7b1694515e19215e37a8bb02307481016ee744dc10ce8b544b,gx-no-cache=1711635266352 HTTP/1.1" 200 30
190.171.141.106 - - [28/Mar/2024:11:17:34 -0300] "POST /cormun/servlet/solicitudotadjuntos?4632df99bce9daf8e12a77e1e24117c1,INS,2024,21135,,2,,gx-no-cache=1711635266365 HTTP/1.1" 200 4331
190.171.141.106 - - [28/Mar/2024:11:17:41 -0300] "POST /cormun/servlet/solicitudotadjuntos?gx-no-cache=1711635273370 HTTP/1.1" 200 26
190.171.141.106 - - [28/Mar/2024:11:17:58 -0300] "GET /cormun/servlet/solicitudotadjuntos?0af015562d323d0662d9bfd1903de46fcba3d98fe7006323db801d84faeb441a,gx-no-cache=1711635290345 HTTP/1.1" 200 30
190.171.141.106 - - [28/Mar/2024:11:17:58 -0300] "GET /cormun/servlet/solicitudotadjuntos?0af015562d323d0662d9bfd1903de46fcba3d98fe7006323db801d84faeb441a,gx-no-cache=1711635290355 HTTP/1.1" 200 30
190.171.141.106 - - [28/Mar/2024:11:17:58 -0300] "POST /cormun/servlet/solicitudotadjuntos?4632df99bce9daf8e12a77e1e24117c1,INS,2024,21135,,2, HTTP/1.1" 200 116
190.171.141.106 - - [28/Mar/2024:11:17:58 -0300] "GET /cormun/servlet/hpexe_return? HTTP/1.1" 200 1027
190.171.141.106 - - [28/Mar/2024:11:17:59 -0300] "GET /cormun/servlet/trsolicitudadjuntos?2024,21135, HTTP/1.1" 200 10927
190.171.141.106 - - [28/Mar/2024:11:18:22 -0300] "GET /cormun/servlet/hlogin HTTP/1.1" 200 1723
190.171.141.106 - - [28/Mar/2024:11:18:26 -0300] "POST /cormun/servlet/hlogin?4632df99bce9daf8e12a77e1e24117c1,gx-no-cache=1711635317858 HTTP/1.1" 200 90
190.171.141.106 - - [28/Mar/2024:11:18:26 -0300] "GET /cormun/servlet/hpexe_link HTTP/1.1" 200 970
190.171.141.106 - - [28/Mar/2024:11:18:26 -0300] "GET /cormun/servlet/trsolicitudadjuntos?2024,21135, HTTP/1.1" 200 10922
190.171.141.106 - - [28/Mar/2024:11:18:34 -0300] "GET /cormun/servlet/hlogin HTTP/1.1" 200 1723
190.171.141.106 - - [28/Mar/2024:11:18:44 -0300] "POST /cormun/servlet/hlogin?4632df99bce9daf8e12a77e1e24117c1,gx-no-cache=1711635336576 HTTP/1.1" 200 90
190.171.141.106 - - [28/Mar/2024:11:18:44 -0300] "GET /cormun/servlet/hpexe_link HTTP/1.1" 200 970
190.171.141.106 - - [28/Mar/2024:11:18:45 -0300] "GET /cormun/servlet/trsolicitudadjuntos?2024,21135, HTTP/1.1" 200 10919
190.171.149.82 - - [28/Mar/2024:11:18:45 -0300] "GET /cormun/servlet/solicitudot?523639cab92a3c8a88331d72275692e6dcfde5085aeb0b6e3f315930e4cbe7b2ed3617bb9a4f17255aed8037609f1092725f20e64077827b76ebf8f3a313c696,gx-no-cache=1711635337739 HTTP/1.1" 200 30
190.171.149.82 - - [28/Mar/2024:11:18:46 -0300] "POST /cormun/servlet/solicitudot?gx-no-cache=1711635337777 HTTP/1.1" 200 30
190.171.149.82 - - [28/Mar/2024:11:18:46 -0300] "POST /cormun/servlet/solicitudot?gx-no-cache=1711635337814 HTTP/1.1" 200 1482
190.171.149.82 - - [28/Mar/2024:11:18:46 -0300] "POST /cormun/servlet/solicitudot?gx-no-cache=1711635337847 HTTP/1.1" 200 38
190.171.149.82 - - [28/Mar/2024:11:18:46 -0300] "GET /cormun/servlet/solicitudot?523639cab92a3c8a88331d72275692e6f74b3b011a725348b30b370c0dcfb7dcd946e6246fe7d1a8a20bf24fb555d02dd5924cc917ba8f1459e102a41be31a71b25b4efd082a0eff38d596b345d61837164000f3b8fa89ead1ac16ba31919ab566f8340aeaf69a09de6d917b84621009,gx-no-cache=1711635337875 HTTP/1.1" 200 110
190.171.149.82 - - [28/Mar/2024:11:18:46 -0300] "POST /cormun/servlet/solicitudot?gx-no-cache=1711635337909 HTTP/1.1" 200 109
190.171.149.82 - - [28/Mar/2024:11:18:46 -0300] "GET /cormun/servlet/solicitudot?523639cab92a3c8a88331d72275692e646c2ac5d5f05982a6273d9558257e7db1ff0d7a13eda465ac4e8b1d5bf5de7a6644ea0e5adae7977472eaf83c0e74dca0f08cdf6b72be2975da3d48f7bb1a936765fae0ddf3b8dee6d1596706cb1fb7ab42622b23b9f598c1351793f81363b1c,gx-no-cache=1711635337948 HTTP/1.1" 200 29
190.171.149.82 - - [28/Mar/2024:11:18:46 -0300] "GET /cormun/static/menuarrow.gif HTTP/1.1" 404 1015
190.171.141.106 - - [28/Mar/2024:11:18:52 -0300] "GET /cormun/servlet/hlogin HTTP/1.1" 200 1723
190.171.141.106 - - [28/Mar/2024:11:18:56 -0300] "POST /cormun/servlet/hlogin?4632df99bce9daf8e12a77e1e24117c1,gx-no-cache=1711635348014 HTTP/1.1" 200 90
190.171.141.106 - - [28/Mar/2024:11:18:56 -0300] "GET /cormun/servlet/hpexe_link HTTP/1.1" 200 970
190.171.141.106 - - [28/Mar/2024:11:18:56 -0300] "GET /cormun/servlet/trsolicitudadjuntos?2024,21135, HTTP/1.1" 200 10925
190.171.141.106 - - [28/Mar/2024:11:19:01 -0300] "GET /cormun/servlet/trsolicitudot? HTTP/1.1" 200 8912
190.171.141.106 - - [28/Mar/2024:11:19:14 -0300] "POST /cormun/servlet/trsolicitudot?4632df99bce9daf8e12a77e1e24117c1,,gx-no-cache=1711635366138 HTTP/1.1" 200 4879
