190.171.144.234 - - [27/Mar/2024:08:37:54 -0300] "GET /cormun/servlet/trlicencias? HTTP/1.1" 200 10113
190.171.144.234 - - [27/Mar/2024:08:37:54 -0300] "GET /cormun/static/gxui/gxui-all.css?120300 HTTP/1.1" 200 2179
190.171.144.234 - - [27/Mar/2024:08:37:54 -0300] "GET /cormun/static/gxcfg.js?202211298463625 HTTP/1.1" 200 953
190.171.144.234 - - [27/Mar/2024:08:37:54 -0300] "GET /cormun/static/calendar-system.css?85620 HTTP/1.1" 200 5572
190.171.144.234 - - [27/Mar/2024:08:37:54 -0300] "GET /cormun/static/calendar-setup.js?85251 HTTP/1.1" 200 2588
190.171.144.234 - - [27/Mar/2024:08:37:54 -0300] "GET /cormun/static/calendar-es.js?85251 HTTP/1.1" 200 1901
190.171.144.234 - - [27/Mar/2024:08:37:54 -0300] "GET /cormun/static/calendar.js?85251 HTTP/1.1" 200 26246
190.171.144.234 - - [27/Mar/2024:08:37:54 -0300] "GET /cormun/static/Resources/PXTools/calendar.png HTTP/1.1" 200 1306
190.171.144.234 - - [27/Mar/2024:08:37:54 -0300] "GET /cormun/static/gxdec.js?85251 HTTP/1.1" 200 19579
190.171.144.234 - - [27/Mar/2024:08:37:54 -0300] "GET /cormun/static/trlicencias.js?202211298463889 HTTP/1.1" 200 41883
190.171.144.234 - - [27/Mar/2024:08:37:55 -0300] "GET /cormun/static/Resources/PXToolsDataSearch.png HTTP/1.1" 200 435
190.171.144.234 - - [27/Mar/2024:08:37:55 -0300] "GET /cormun/static/Resources/PXToolsGridFirstDisabled.gif HTTP/1.1" 200 100
190.171.144.234 - - [27/Mar/2024:08:37:55 -0300] "GET /cormun/static/Shared/ext/resources/css/ext-all.css?215870 HTTP/1.1" 200 416045
190.171.144.234 - - [27/Mar/2024:08:37:55 -0300] "GET /cormun/static/Resources/PXToolsGridPreviousDisabled.gif HTTP/1.1" 200 90
190.171.144.234 - - [27/Mar/2024:08:37:55 -0300] "GET /cormun/static/Resources/PXToolsGridNextDisabled.gif HTTP/1.1" 200 90
190.171.144.234 - - [27/Mar/2024:08:37:55 -0300] "GET /cormun/static/Resources/PXToolsGridLastDisabled.gif HTTP/1.1" 200 98
190.171.144.234 - - [27/Mar/2024:08:37:55 -0300] "GET /cormun/static/Resources/PXToolsActionExcel.png HTTP/1.1" 200 727
190.171.144.234 - - [27/Mar/2024:08:37:55 -0300] "GET /cormun/static/Resources/PXToolsAddAllAction.png HTTP/1.1" 200 495
190.171.144.234 - - [27/Mar/2024:08:37:55 -0300] "GET /cormun/static/Resources/PXToolsGridPage.gif HTTP/1.1" 200 725
190.171.144.234 - - [27/Mar/2024:08:37:55 -0300] "GET /cormun/static/Resources/asc.gif HTTP/1.1" 200 67
190.171.144.234 - - [27/Mar/2024:08:37:55 -0300] "GET /cormun/static/Resources/desc.gif HTTP/1.1" 200 65
190.171.144.234 - - [27/Mar/2024:08:37:55 -0300] "GET /cormun//static/Resources/PXToolsActionDisabled.gif HTTP/1.1" 200 53
190.171.144.234 - - [27/Mar/2024:08:37:55 -0300] "GET /cormun//static/Resources/PXToolsHeaderHelp.png HTTP/1.1" 200 1333
190.171.144.234 - - [27/Mar/2024:08:37:55 -0300] "GET /cormun//static/Resources/PXToolsHeaderFavorites.png HTTP/1.1" 200 1414
190.171.144.234 - - [27/Mar/2024:08:37:55 -0300] "GET /cormun//static/Resources/PXToolsGridDisplay.png HTTP/1.1" 200 525
190.171.144.234 - - [27/Mar/2024:08:37:55 -0300] "GET /cormun//static/Resources/PXTools/ActionInsert.png HTTP/1.1" 200 1482
190.171.144.234 - - [27/Mar/2024:08:37:55 -0300] "GET /cormun//static/Resources/PXToolsActionPrint.png HTTP/1.1" 200 404
190.171.144.234 - - [27/Mar/2024:08:37:55 -0300] "GET /cormun/static/Shared/ext/resources/themes/images/default/tools/tool-sprites.gif HTTP/1.1" 200 5434
190.171.144.234 - - [27/Mar/2024:08:37:55 -0300] "GET /cormun/static/Shared/ext/resources/themes/images/default/panel/bg-headersPanel.png HTTP/1.1" 200 255
190.171.144.234 - - [27/Mar/2024:08:37:55 -0300] "WSÄ7ØOy"3x&°úךœ‰›¿8iê㮝±yÖXû? \)zÕ"P‚t³«Ÿ ³ÅPO`—ÔìQï-·!ñZԄ ªªÀ+À/À,À0̨̩ÀÀœ/5ê" 505 -
186.11.90.195 - - [27/Mar/2024:10:05:13 -0300] "ü§ø«0‰º}0;pŸ³lÀ£æp¢ch:ü}“Ü ž©îŠê•”H¸Æ0¬‘%1Èå9 =”ô$Ñó@xïm ªªÀ+À/À,À0̨̩ÀÀœ/5“ZZDih2#+êêÿ h2http/1.1 þ" 400 -
186.11.90.195 - - [27/Mar/2024:10:05:13 -0300] "GET /cormun/servlet/hlogin HTTP/1.1" 200 1722
186.11.90.195 - - [27/Mar/2024:10:05:13 -0300] "üOVòV’èFj©í¸Z^’éá ÞX¾UTà²à5+ ¥Ô¬¡Aå8Â+ósPá2• Ø-5ë´" 400 -
186.11.90.195 - - [27/Mar/2024:10:05:13 -0300] "73Àn“C˜ÌB•POnîÁ’ð§Æš¥òWÿ»¦À Àè B#a™ÐFKs+#ùÑJòªKc®ÁŽÍGË´êJ ÊÊÀ+À/À,À0̨̩ÀÀœ/5ÊÊÊ+ h2http/1.1Dih2-#servicioos.cormun.clþ ú \rŸDi_ŒŸ®ÈáqíÈáofúèoŽq­%" 505 -
186.11.90.195 - - [27/Mar/2024:10:05:14 -0300] "GET /cormun/static/gxtimezone.js?85251 HTTP/1.1" 200 5781
186.11.90.195 - - [27/Mar/2024:10:05:14 -0300] "GET /cormun/static/gxcfg.js?2022112219184450 HTTP/1.1" 200 953
186.11.90.195 - - [27/Mar/2024:10:05:15 -0300] "GET /cormun/static/Resources/Spanish/PXTools.css?1759030 HTTP/1.1" 200 100853
186.11.90.195 - - [27/Mar/2024:10:05:17 -0300] "GET /cormun/static/Resources/CormunLogin.png HTTP/1.1" 200 19132
186.11.90.195 - - [27/Mar/2024:10:05:17 -0300] "GET /cormun/static/messages.spa.js?85251 HTTP/1.1" 200 30736
186.11.90.195 - - [27/Mar/2024:10:05:19 -0300] "GET /cormun/static/hlogin.js?2022112219184458 HTTP/1.1" 200 2156
186.11.90.195 - - [27/Mar/2024:10:05:19 -0300] "GET /cormun/static/gxgral.js?85251 HTTP/1.1" 200 384558
186.11.90.195 - - [27/Mar/2024:10:05:20 -0300] "GET /cormun/static/Resources/PXToolsLoginTop.png HTTP/1.1" 200 1337
186.11.90.195 - - [27/Mar/2024:10:05:20 -0300] "GET /cormun/static/Resources/PXToolsLoginBackground.png HTTP/1.1" 200 1164
186.11.90.195 - - [27/Mar/2024:10:05:20 -0300] "GET /cormun/static/Resources/PXToolsButtonLeft.png HTTP/1.1" 200 1310
186.11.90.195 - - [27/Mar/2024:10:05:20 -0300] "GET /cormun/static/Resources/PXToolsButtonRight.png HTTP/1.1" 200 1294
186.11.90.195 - - [27/Mar/2024:10:05:20 -0300] "GET /cormun/servlet/hlogin HTTP/1.1" 200 1732
186.11.90.195 - - [27/Mar/2024:10:05:20 -0300] "GET /cormun/static/Resources/PXToolsButtonBackground.png HTTP/1.1" 200 1176
186.11.90.195 - - [27/Mar/2024:10:05:20 -0300] "GET /cormun/static/Resources/PXToolsLoginBottom.png HTTP/1.1" 200 1389
186.11.90.195 - - [27/Mar/2024:10:05:20 -0300] "GET /cormun/static/Resources/indicator.gif HTTP/1.1" 200 1553
186.11.90.195 - - [27/Mar/2024:10:05:21 -0300] "GET /favicon.ico HTTP/1.1" 200 21630
181.212.47.137 - - [27/Mar/2024:10:06:07 -0300] "POST /cormun/servlet/trsolicitudgral?244acd26a0eb93420037a6a1c5c18454,,gx-no-cache=1711544562859 HTTP/1.1" 200 16428
181.212.47.137 - - [27/Mar/2024:10:06:08 -0300] "POST /cormun/servlet/trsolicitudgral?244acd26a0eb93420037a6a1c5c18454,,gx-no-cache=1711544563922 HTTP/1.1" 200 16429
186.189.91.157 - - [27/Mar/2024:10:06:12 -0300] "GET /cormun/servlet/hlogin HTTP/1.1" 200 1723
186.189.91.157 - - [27/Mar/2024:10:06:13 -0300] "GET /cormun/static/messages.spa.js?85251 HTTP/1.1" 200 30736
186.189.91.157 - - [27/Mar/2024:10:06:13 -0300] "GET /cormun/static/Resources/Spanish/PXTools.css?1759030 HTTP/1.1" 200 100853
186.189.91.157 - - [27/Mar/2024:10:06:13 -0300] "GET /cormun/static/gxgral.js?85251 HTTP/1.1" 200 384558
186.189.91.157 - - [27/Mar/2024:10:06:13 -0300] "GET /cormun/servlet/hlogin HTTP/1.1" 200 1733
186.189.91.157 - - [27/Mar/2024:10:06:13 -0300] "GET /favicon.ico HTTP/1.1" 200 21630
181.212.43.89 - - [27/Mar/2024:10:06:18 -0300] "GET /cormun/servlet/hlogin HTTP/1.1" 200 1719
181.212.43.89 - - [27/Mar/2024:10:06:18 -0300] "GET /cormun/static/gxtimezone.js?85251 HTTP/1.1" 200 5781
181.212.43.89 - - [27/Mar/2024:10:06:18 -0300] "GET /cormun/static/gxcfg.js?2022112219184450 HTTP/1.1" 200 953
181.212.43.89 - - [27/Mar/2024:10:06:18 -0300] "GET /cormun/static/Resources/Spanish/PXTools.css?1759030 HTTP/1.1" 200 100853
181.212.43.89 - - [27/Mar/2024:10:06:19 -0300] "GET /cormun/static/messages.spa.js?85251 HTTP/1.1" 200 30736
181.212.43.89 - - [27/Mar/2024:10:06:19 -0300] "GET /cormun/static/hlogin.js?2022112219184458 HTTP/1.1" 200 2156
181.212.43.89 - - [27/Mar/2024:10:06:19 -0300] "GET /cormun/static/Resources/CormunLogin.png HTTP/1.1" 200 19132
181.212.43.89 - - [27/Mar/2024:10:06:19 -0300] "GET /cormun/static/gxgral.js?85251 HTTP/1.1" 200 384558
181.212.43.89 - - [27/Mar/2024:10:06:19 -0300] "GET /cormun/static/Resources/PXToolsLoginTop.png HTTP/1.1" 200 1337
181.212.43.89 - - [27/Mar/2024:10:06:19 -0300] "GET /cormun/static/Resources/PXToolsLoginBackground.png HTTP/1.1" 200 1164
181.212.43.89 - - [27/Mar/2024:10:06:19 -0300] "GET /cormun/static/Resources/PXToolsButtonLeft.png HTTP/1.1" 200 1310
181.212.43.89 - - [27/Mar/2024:10:06:19 -0300] "GET /cormun/static/Resources/PXToolsButtonRight.png HTTP/1.1" 200 1294
181.212.43.89 - - [27/Mar/2024:10:06:19 -0300] "GET /cormun/static/Resources/PXToolsButtonBackground.png HTTP/1.1" 200 1176
181.212.43.89 - - [27/Mar/2024:10:06:19 -0300] "GET /cormun/static/Resources/PXToolsLoginBottom.png HTTP/1.1" 200 1389
181.212.43.89 - - [27/Mar/2024:10:06:19 -0300] "GET /cormun/static/Resources/indicator.gif HTTP/1.1" 200 1553
181.212.43.89 - - [27/Mar/2024:10:06:19 -0300] "GET /cormun/servlet/hlogin HTTP/1.1" 200 1730
181.212.43.89 - - [27/Mar/2024:10:06:19 -0300] "GET /favicon.ico HTTP/1.1" 200 21630
190.171.153.26 - - [27/Mar/2024:10:07:51 -0300] "POST /cormun/servlet/trlicencias?214a07bbc54b387d480a3e0c9dc5475a,,gx-no-cache=1711544686901 HTTP/1.1" 200 6355
190.171.153.26 - - [27/Mar/2024:10:07:52 -0300] "POST /cormun/servlet/trlicencias?214a07bbc54b387d480a3e0c9dc5475a,,gx-no-cache=1711544688001 HTTP/1.1" 200 6355
211.237.2.243 - - [27/Mar/2024:10:08:05 -0300] "GET /manager/html HTTP/1.1" 401 2474
211.237.2.243 - - [27/Mar/2024:10:11:39 -0300] "GET /manager/html HTTP/1.1" 401 2474
190.171.142.42 - - [27/Mar/2024:10:13:25 -0300] "GET /cormun/servlet/hlogin HTTP/1.1" 200 1723
190.171.142.42 - - [27/Mar/2024:10:13:25 -0300] "GET /cormun/servlet/hlogin HTTP/1.1" 200 1734
190.171.142.42 - - [27/Mar/2024:10:13:30 -0300] "POST /cormun/servlet/hlogin?a1bd5758fa99cb0e5edb48bd29bccbc5,gx-no-cache=1711545023799 HTTP/1.1" 200 90
190.171.142.42 - - [27/Mar/2024:10:13:30 -0300] "GET /cormun/servlet/hpexe_link HTTP/1.1" 200 956
190.171.142.42 - - [27/Mar/2024:10:13:31 -0300] "GET /cormun/servlet/hhome HTTP/1.1" 200 4290
190.171.142.42 - - [27/Mar/2024:10:13:38 -0300] "GET /cormun/servlet/trlicencias? HTTP/1.1" 200 10796
190.171.152.114 - - [27/Mar/2024:10:14:31 -0300] "GET /cormun/servlet/hlogin HTTP/1.1" 200 1721
190.171.152.114 - - [27/Mar/2024:10:14:31 -0300] "GET /cormun/servlet/hlogin HTTP/1.1" 200 1731
211.237.2.243 - - [27/Mar/2024:10:15:12 -0300] "GET /manager/html HTTP/1.1" 401 2474
211.237.2.243 - - [27/Mar/2024:10:18:49 -0300] "GET /manager/html HTTP/1.1" 401 2474
190.171.149.74 - - [27/Mar/2024:10:21:15 -0300] "GET /cormun/servlet/trlicencias? HTTP/1.1" 200 6039
190.171.149.74 - - [27/Mar/2024:10:21:15 -0300] "GET /cormun/servlet/hlogin HTTP/1.1" 200 1727
190.171.149.74 - - [27/Mar/2024:10:21:22 -0300] "POST /cormun/servlet/hlogin?f194d8cc1107e8d94ab52efa6ff69ea4,gx-no-cache=1711545494726 HTTP/1.1" 200 90
190.171.149.74 - - [27/Mar/2024:10:21:22 -0300] "GET /cormun/servlet/hpexe_link HTTP/1.1" 200 945
190.171.149.74 - - [27/Mar/2024:10:21:22 -0300] "GET /cormun/servlet/trlicencias HTTP/1.1" 200 11141
211.237.2.243 - - [27/Mar/2024:10:22:22 -0300] "GET /manager/html HTTP/1.1" 401 2474
190.171.149.74 - - [27/Mar/2024:10:22:29 -0300] "GET /cormun/servlet/licenciaspermisos?INS,0,,, HTTP/1.1" 200 7583
190.171.149.74 - - [27/Mar/2024:10:22:29 -0300] "GET /cormun/static/gxcfg.js?202012153173 HTTP/1.1" 200 953
190.171.149.74 - - [27/Mar/2024:10:22:29 -0300] "GET /cormun/static/licenciaspermisos.js?2020121532136 HTTP/1.1" 200 38753
181.212.47.137 - - [27/Mar/2024:10:22:33 -0300] "GET /cormun/servlet/trsolicitudgral? HTTP/1.1" 200 19452
190.171.149.74 - - [27/Mar/2024:10:22:38 -0300] "GET /cormun/servlet/licenciaspermisos?ce110beaae732d60f167264345aac8a6abb8102f356610ae326a040f889360217c4b7e638ef0335d3af87d79705ecf9aec6d3ee6e84b04f6589c39e61b9bd7f1,gx-no-cache=1711545570810 HTTP/1.1" 200 105
190.171.149.74 - - [27/Mar/2024:10:22:38 -0300] "POST /cormun/servlet/licenciaspermisos?f194d8cc1107e8d94ab52efa6ff69ea4,INS,0,,,,gx-no-cache=1711545570843 HTTP/1.1" 200 4839
190.171.149.74 - - [27/Mar/2024:10:23:08 -0300] "GET /cormun/static/menuarrow.gif HTTP/1.1" 404 1015
190.171.149.74 - - [27/Mar/2024:10:24:53 -0300] "GET /cormun/servlet/licenciaspermisos?ce110beaae732d60f167264345aac8a61ed3d0bd1c0f5a3c622bd3292e1eabef845a4f1f1cc35e1368d0785f5992515087db61f8b43f5d6a2f6cf34499b97446c82870c39eb4a8f418a0042132799b1c08b86ffcf385c68878f2d9a6f5524c2328004e029c87e44bdff734065ff1feacc8330b4d738c46036e6897118917c148ce4cfd6aaa09f2ec048900957b883376144174430b8b150a2e0946a5267ccdfc5f3fd5309bc15b061b18d8f6acb6acde43f043ce2554c1609c3f9d719752767d8e70993acb97087b6b951e3529a5985edf20763d93e3ad365d88d832ab068613,gx-no-cache=1711545706126 HTTP/1.1" 200 30
190.171.149.74 - - [27/Mar/2024:10:24:53 -0300] "GET /cormun/servlet/licenciaspermisos?ce110beaae732d60f167264345aac8a6fba8a1377c00f8ec62f05b3cc4f03168d8f2b173a2c093288e5f53e0972a51cbc3565b7a508914a1ff6324f5005756af96fc8d4af1115e24eb85f23ccde5bfd4479683199783491aeda314516bc8b19f7e443f664fbf282c7d033d565f2537f9820506161fe918dc154ad3e23bbd4433ad608fb25ffd8b8d26278c9dc25605b0bec716458a97a82b6d6a0b7ea80147d60f3815e5339619cd33d928005e59a7f1529bae60d116fe756bb106afc3b2a022a6ff47bb832e21fbf7ba171ef586ead38569973ad8970b4648010f00b9be9ad3,gx-no-cache=1711545706163 HTTP/1.1" 200 29
190.171.149.74 - - [27/Mar/2024:10:24:55 -0300] "POST /cormun/servlet/licenciaspermisos?f194d8cc1107e8d94ab52efa6ff69ea4,INS,0,,,,gx-no-cache=1711545706184 HTTP/1.1" 200 93
190.171.149.74 - - [27/Mar/2024:10:24:55 -0300] "GET /cormun/servlet/hpexe_return? HTTP/1.1" 200 1002
190.171.149.74 - - [27/Mar/2024:10:24:55 -0300] "GET /cormun/servlet/trlicencias HTTP/1.1" 200 11710
190.171.149.74 - - [27/Mar/2024:10:24:58 -0300] "GET /cormun/servlet/alicenciaprn?12515025,L,20240327000000,PU HTTP/1.1" 200 1549
211.237.2.243 - - [27/Mar/2024:10:25:56 -0300] "GET /manager/html HTTP/1.1" 401 2474
190.171.149.74 - - [27/Mar/2024:10:26:34 -0300] "GET /cormun/servlet/licenciaspermisos?INS,0,,, HTTP/1.1" 200 7583
190.171.149.74 - - [27/Mar/2024:10:26:46 -0300] "POST /cormun/servlet/licenciaspermisos?f194d8cc1107e8d94ab52efa6ff69ea4,INS,0,,,,gx-no-cache=1711545819022 HTTP/1.1" 200 93
190.171.149.74 - - [27/Mar/2024:10:26:46 -0300] "GET /cormun/servlet/hpexe_return? HTTP/1.1" 200 1002
190.171.149.74 - - [27/Mar/2024:10:26:46 -0300] "GET /cormun/servlet/trlicencias HTTP/1.1" 200 11710
190.171.149.74 - - [27/Mar/2024:10:26:49 -0300] "GET /cormun/servlet/trpermisosgoce? HTTP/1.1" 200 12096
190.171.149.74 - - [27/Mar/2024:10:26:51 -0300] "GET /cormun/servlet/permisogoce?INS,0,,, HTTP/1.1" 200 6834
190.171.149.74 - - [27/Mar/2024:10:26:58 -0300] "GET /cormun/servlet/permisogoce?ce110beaae732d60f167264345aac8a6c6d956174ea0086b073225321e6ab16bc109383f821e17dce74ea4d9d84317f972d55bdb8ef42df6de2c8ddaa1d7dc1a,gx-no-cache=1711545830658 HTTP/1.1" 200 76
190.171.149.74 - - [27/Mar/2024:10:27:04 -0300] "GET /cormun/servlet/permisogoce?ce110beaae732d60f167264345aac8a629da2663241c975d6491f5c1e32bfb346afcc1cc835764f9e41d14627b0a8b5270a319db5326bfcfbd3bd92b9d489b16,gx-no-cache=1711545837345 HTTP/1.1" 200 47
190.171.149.74 - - [27/Mar/2024:10:27:07 -0300] "POST /cormun/servlet/permisogoce?f194d8cc1107e8d94ab52efa6ff69ea4,INS,0,,,,gx-no-cache=1711545840142 HTTP/1.1" 200 93
190.171.149.74 - - [27/Mar/2024:10:27:07 -0300] "GET /cormun/servlet/hpexe_return? HTTP/1.1" 200 1001
190.171.149.74 - - [27/Mar/2024:10:27:08 -0300] "GET /cormun/servlet/trpermisosgoce HTTP/1.1" 200 12352
190.171.149.74 - - [27/Mar/2024:10:27:10 -0300] "GET /cormun/servlet/apermisogoceprn?15525247,P,20240327102327,PU HTTP/1.1" 200 1658
190.171.149.74 - - [27/Mar/2024:10:27:15 -0300] "GET /cormun/servlet/permisogoce?INS,0,,, HTTP/1.1" 200 6836
190.171.149.74 - - [27/Mar/2024:10:27:23 -0300] "GET /cormun/servlet/permisogoce?ce110beaae732d60f167264345aac8a6c6d956174ea0086b073225321e6ab16bc109383f821e17dce74ea4d9d84317f972d55bdb8ef42df6de2c8ddaa1d7dc1a,gx-no-cache=1711545856288 HTTP/1.1" 200 79
190.171.149.74 - - [27/Mar/2024:10:27:29 -0300] "GET /cormun/servlet/permisogoce?ce110beaae732d60f167264345aac8a629da2663241c975d6491f5c1e32bfb34bb69894a34037aff384ede5d9d4323b4047077ae4d7edec95bd9fab1b2da42a8,gx-no-cache=1711545861715 HTTP/1.1" 200 48
181.212.47.137 - - [27/Mar/2024:10:27:29 -0300] "POST /cormun/servlet/trsolicitudgral?244acd26a0eb93420037a6a1c5c18454,,gx-no-cache=1711545845615 HTTP/1.1" 200 16392
190.171.149.74 - - [27/Mar/2024:10:27:31 -0300] "POST /cormun/servlet/permisogoce?f194d8cc1107e8d94ab52efa6ff69ea4,INS,0,,,,gx-no-cache=1711545863742 HTTP/1.1" 200 93
190.171.149.74 - - [27/Mar/2024:10:27:31 -0300] "GET /cormun/servlet/hpexe_return? HTTP/1.1" 200 1001
190.171.149.74 - - [27/Mar/2024:10:27:31 -0300] "GET /cormun/servlet/trpermisosgoce HTTP/1.1" 200 12555
190.171.149.74 - - [27/Mar/2024:10:27:36 -0300] "GET /cormun/servlet/apermisogoceprn?15525247,P,20240327102351,PU HTTP/1.1" 200 1661
211.237.2.243 - - [27/Mar/2024:10:29:30 -0300] "GET /manager/html HTTP/1.1" 401 2474
190.171.149.74 - - [27/Mar/2024:10:30:35 -0300] "GET /cormun/servlet/permisogoce?INS,0,,, HTTP/1.1" 200 6836
190.171.149.74 - - [27/Mar/2024:10:30:44 -0300] "GET /cormun/servlet/permisogoce?ce110beaae732d60f167264345aac8a6c3ddcf3bb1f5d47620b710196e747194c109383f821e17dce74ea4d9d84317f972d55bdb8ef42df6de2c8ddaa1d7dc1a,gx-no-cache=1711546057265 HTTP/1.1" 200 77
190.171.149.74 - - [27/Mar/2024:10:30:46 -0300] "GET /cormun/static/menuarrow.gif HTTP/1.1" 404 1015
190.171.149.74 - - [27/Mar/2024:10:30:52 -0300] "GET /cormun/servlet/permisogoce?ce110beaae732d60f167264345aac8a6014c0fd4c536b641c42d957bc9a7a905d40cfb78f2560746ffc686f0f7126aa1047077ae4d7edec95bd9fab1b2da42a8,gx-no-cache=1711546065139 HTTP/1.1" 200 46
190.171.149.74 - - [27/Mar/2024:10:30:54 -0300] "POST /cormun/servlet/permisogoce?f194d8cc1107e8d94ab52efa6ff69ea4,INS,0,,,,gx-no-cache=1711546066781 HTTP/1.1" 200 93
190.171.149.74 - - [27/Mar/2024:10:30:54 -0300] "GET /cormun/servlet/hpexe_return? HTTP/1.1" 200 1001
190.171.149.74 - - [27/Mar/2024:10:30:55 -0300] "GET /cormun/servlet/trpermisosgoce HTTP/1.1" 200 12799
190.171.149.74 - - [27/Mar/2024:10:30:57 -0300] "GET /cormun/servlet/apermisogoceprn?16110947,P,20240327102711,PU HTTP/1.1" 200 1646
190.171.149.74 - - [27/Mar/2024:10:32:08 -0300] "GET /cormun/servlet/permisogoce?INS,0,,, HTTP/1.1" 200 6834
190.171.149.74 - - [27/Mar/2024:10:32:18 -0300] "GET /cormun/servlet/permisogoce?ce110beaae732d60f167264345aac8a67dfe670d1c8d02a11a9c0be61cd0e6bbc109383f821e17dce74ea4d9d84317f972d55bdb8ef42df6de2c8ddaa1d7dc1a,gx-no-cache=1711546150935 HTTP/1.1" 200 83
190.171.149.74 - - [27/Mar/2024:10:32:24 -0300] "GET /cormun/servlet/permisogoce?ce110beaae732d60f167264345aac8a6c5d402c0ee0b404896d8f27584fe5613b3ce48a966b49bea0526c7812b3f4892047077ae4d7edec95bd9fab1b2da42a8,gx-no-cache=1711546157240 HTTP/1.1" 200 47
190.171.149.74 - - [27/Mar/2024:10:32:32 -0300] "POST /cormun/servlet/permisogoce?f194d8cc1107e8d94ab52efa6ff69ea4,INS,0,,,,gx-no-cache=1711546164949 HTTP/1.1" 200 93
190.171.149.74 - - [27/Mar/2024:10:32:32 -0300] "GET /cormun/servlet/hpexe_return? HTTP/1.1" 200 1001
190.171.149.74 - - [27/Mar/2024:10:32:32 -0300] "GET /cormun/servlet/trpermisosgoce HTTP/1.1" 200 13031
190.171.149.74 - - [27/Mar/2024:10:32:36 -0300] "GET /cormun/servlet/apermisogoceprn?12515426,P,20240327102844,PU HTTP/1.1" 200 1649
211.237.2.243 - - [27/Mar/2024:10:33:08 -0300] "GET /manager/html HTTP/1.1" 401 2474
106.75.95.40 - - [27/Mar/2024:10:34:54 -0300] "GET / HTTP/1.1" 200 11217
190.171.152.114 - - [27/Mar/2024:10:35:34 -0300] "POST /cormun/servlet/hlogin?f6922dd66ac555e0d4abb67a0b6f2cab,gx-no-cache=1711546347548 HTTP/1.1" 200 90
190.171.152.114 - - [27/Mar/2024:10:35:34 -0300] "GET /cormun/servlet/hpexe_link HTTP/1.1" 200 952
190.171.152.114 - - [27/Mar/2024:10:35:34 -0300] "GET /cormun/servlet/hhome HTTP/1.1" 200 4329
190.171.152.114 - - [27/Mar/2024:10:35:38 -0300] "GET /cormun/servlet/trlicencias? HTTP/1.1" 200 11915
190.171.152.114 - - [27/Mar/2024:10:35:44 -0300] "GET /cormun/servlet/alicenciaprn?8298048,L,20240325000000,PU HTTP/1.1" 200 1538
211.237.2.243 - - [27/Mar/2024:10:36:41 -0300] "GET /manager/html HTTP/1.1" 401 2474
181.212.47.137 - - [27/Mar/2024:10:38:10 -0300] "POST /cormun/servlet/trsolicitudgral?244acd26a0eb93420037a6a1c5c18454,,gx-no-cache=1711546486270 HTTP/1.1" 200 16392
191.125.174.95 - - [27/Mar/2024:10:38:47 -0300] "GET /cormun/servlet/hlogin HTTP/1.1" 200 1729
191.125.174.95 - - [27/Mar/2024:10:38:47 -0300] "GET /cormun/servlet/hlogin HTTP/1.1" 200 1738
191.125.174.95 - - [27/Mar/2024:10:38:51 -0300] "POST /cormun/servlet/hlogin?6519135869a056f94b2905b6d2ac4ff1,gx-no-cache=1711546544526 HTTP/1.1" 200 90
191.125.174.95 - - [27/Mar/2024:10:38:51 -0300] "GET /cormun/servlet/hpexe_link HTTP/1.1" 200 955
191.125.174.95 - - [27/Mar/2024:10:38:52 -0300] "GET /cormun/servlet/hhome HTTP/1.1" 200 3913
191.125.174.95 - - [27/Mar/2024:10:38:56 -0300] "GET /cormun/servlet/trpermisosgoce? HTTP/1.1" 200 9322
190.171.152.114 - - [27/Mar/2024:10:39:17 -0300] "GET /cormun/servlet/alicenciaprn?8368036,L,20240325000000,PU HTTP/1.1" 200 1543
191.125.174.95 - - [27/Mar/2024:10:39:49 -0300] "GET /cormun/servlet/trpermisosgoce? HTTP/1.1" 200 9320
191.125.174.95 - - [27/Mar/2024:10:39:51 -0300] "GET /cormun/static/menuarrow.gif HTTP/1.1" 404 1015
211.237.2.243 - - [27/Mar/2024:10:40:16 -0300] "GET /manager/html HTTP/1.1" 401 2474
190.171.154.42 - - [27/Mar/2024:10:41:12 -0300] "GET /cormun/servlet/hlogin HTTP/1.1" 200 1720
190.171.154.42 - - [27/Mar/2024:10:41:12 -0300] "GET /cormun/servlet/hlogin HTTP/1.1" 200 1730
190.171.154.42 - - [27/Mar/2024:10:41:12 -0300] "GET /favicon.ico HTTP/1.1" 200 21630
190.171.154.42 - - [27/Mar/2024:10:41:19 -0300] "POST /cormun/servlet/hlogin?aa0d87af3cdc07dabb5d73ea6dc13cba,gx-no-cache=1711546693305 HTTP/1.1" 200 90
190.171.154.42 - - [27/Mar/2024:10:41:19 -0300] "GET /cormun/servlet/hpexe_link HTTP/1.1" 200 949
190.171.154.42 - - [27/Mar/2024:10:41:19 -0300] "GET /cormun/servlet/hhome HTTP/1.1" 200 4266
190.171.154.42 - - [27/Mar/2024:10:41:22 -0300] "GET /cormun/servlet/trlicencias? HTTP/1.1" 200 10233
190.171.154.42 - - [27/Mar/2024:10:41:36 -0300] "GET /cormun/servlet/trautorizarsolicitud? HTTP/1.1" 200 7373
191.125.17.95 - - [27/Mar/2024:10:41:37 -0300] "GET /cormun/servlet/permisogoce?INS,0,,, HTTP/1.1" 200 6775
190.171.154.42 - - [27/Mar/2024:10:41:43 -0300] "GET /cormun/servlet/trvisualizadoreventos? HTTP/1.1" 200 7035
190.171.154.42 - - [27/Mar/2024:10:41:43 -0300] "GET /cormun/static/trvisualizadoreventos.js?202211298474971 HTTP/1.1" 200 19318
190.171.154.42 - - [27/Mar/2024:10:41:43 -0300] "GET /cormun/static/gxcfg.js?202211298474834 HTTP/1.1" 200 953
190.171.154.42 - - [27/Mar/2024:10:41:43 -0300] "GET /cormun/static/Resources/PXToolsActionPrint.png HTTP/1.1" 200 404
190.171.154.42 - - [27/Mar/2024:10:41:47 -0300] "GET /cormun/servlet/trsolicitudot? HTTP/1.1" 200 7480
191.125.17.95 - - [27/Mar/2024:10:41:50 -0300] "GET /cormun/servlet/permisogoce?fbcc00313ba0745dcdfb05b60be217ab9839960852643dd477859d0f9790b19d2e76b671c95a07c64a475c295e587bf5512a42496e0c25c10edd86d908080078,gx-no-cache=1711546723309 HTTP/1.1" 200 81
191.125.17.95 - - [27/Mar/2024:10:41:50 -0300] "GET /cormun/static/menuarrow.gif HTTP/1.1" 404 1015
190.171.154.42 - - [27/Mar/2024:10:42:03 -0300] "POST /cormun/servlet/trsolicitudot?aa0d87af3cdc07dabb5d73ea6dc13cba,,gx-no-cache=1711546737696 HTTP/1.1" 200 4640
190.171.154.42 - - [27/Mar/2024:10:42:08 -0300] "POST /cormun/servlet/trsolicitudot?aa0d87af3cdc07dabb5d73ea6dc13cba,,gx-no-cache=1711546742028 HTTP/1.1" 200 4641
190.171.154.42 - - [27/Mar/2024:10:42:16 -0300] "POST /cormun/servlet/trsolicitudot?aa0d87af3cdc07dabb5d73ea6dc13cba,,gx-no-cache=1711546750414 HTTP/1.1" 200 4641
191.125.174.95 - - [27/Mar/2024:10:42:33 -0300] "GET /cormun/servlet/permisogoce?fbcc00313ba0745dcdfb05b60be217abced3f604e35f9d121f848d00c1baf2f5dc55499176e789ea2565d7a57f2f0ca4658c3224949540432b1c1f825b4a8ab1,gx-no-cache=1711546766507 HTTP/1.1" 200 47
190.171.154.42 - - [27/Mar/2024:10:42:34 -0300] "POST /cormun/servlet/trsolicitudot?aa0d87af3cdc07dabb5d73ea6dc13cba,,gx-no-cache=1711546767726 HTTP/1.1" 200 4640
190.171.154.42 - - [27/Mar/2024:10:42:37 -0300] "POST /cormun/servlet/trsolicitudot?aa0d87af3cdc07dabb5d73ea6dc13cba,,gx-no-cache=1711546771125 HTTP/1.1" 200 4640
191.125.174.95 - - [27/Mar/2024:10:42:38 -0300] "POST /cormun/servlet/permisogoce?6519135869a056f94b2905b6d2ac4ff1,INS,0,,,,gx-no-cache=1711546770895 HTTP/1.1" 200 93
191.125.174.95 - - [27/Mar/2024:10:42:38 -0300] "GET /cormun/servlet/hpexe_return? HTTP/1.1" 200 1013
191.125.174.95 - - [27/Mar/2024:10:42:39 -0300] "GET /cormun/servlet/trpermisosgoce HTTP/1.1" 200 9555
190.171.154.42 - - [27/Mar/2024:10:42:40 -0300] "POST /cormun/servlet/trsolicitudot?aa0d87af3cdc07dabb5d73ea6dc13cba,,gx-no-cache=1711546774221 HTTP/1.1" 200 4642
191.125.174.95 - - [27/Mar/2024:10:42:42 -0300] "GET /cormun/servlet/apermisogoceprn?17524471,P,20240327103813,PU HTTP/1.1" 200 1653
190.171.154.42 - - [27/Mar/2024:10:42:47 -0300] "POST /cormun/servlet/trsolicitudot?aa0d87af3cdc07dabb5d73ea6dc13cba,,gx-no-cache=1711546781239 HTTP/1.1" 200 4641
190.171.154.42 - - [27/Mar/2024:10:42:51 -0300] "POST /cormun/servlet/trsolicitudot?aa0d87af3cdc07dabb5d73ea6dc13cba,,gx-no-cache=1711546785237 HTTP/1.1" 200 4642
190.171.154.42 - - [27/Mar/2024:10:42:55 -0300] "POST /cormun/servlet/trsolicitudot?aa0d87af3cdc07dabb5d73ea6dc13cba,,gx-no-cache=1711546789163 HTTP/1.1" 200 4644
191.125.174.95 - - [27/Mar/2024:10:42:58 -0300] "GET /cormun/servlet/trpermisosgoce? HTTP/1.1" 200 9550
190.171.154.42 - - [27/Mar/2024:10:43:02 -0300] "POST /cormun/servlet/trsolicitudot?aa0d87af3cdc07dabb5d73ea6dc13cba,,gx-no-cache=1711546796056 HTTP/1.1" 200 4643
190.171.154.42 - - [27/Mar/2024:10:43:09 -0300] "POST /cormun/servlet/trsolicitudot?aa0d87af3cdc07dabb5d73ea6dc13cba,,gx-no-cache=1711546802997 HTTP/1.1" 200 4642
191.125.17.95 - - [27/Mar/2024:10:43:29 -0300] "GET /cormun/static/menuarrow.gif HTTP/1.1" 404 1015
211.237.2.243 - - [27/Mar/2024:10:43:49 -0300] "GET /manager/html HTTP/1.1" 401 2474
191.125.17.95 - - [27/Mar/2024:10:44:31 -0300] "GET /cormun/servlet/permisogoce?INS,0,,, HTTP/1.1" 200 6776
191.125.174.95 - - [27/Mar/2024:10:45:07 -0300] "GET /cormun/servlet/permisogoce?fbcc00313ba0745dcdfb05b60be217aba371a97a8ce5cf54e289646c457f4d862e76b671c95a07c64a475c295e587bf5512a42496e0c25c10edd86d908080078,gx-no-cache=1711546919981 HTTP/1.1" 200 81
191.125.174.95 - - [27/Mar/2024:10:45:07 -0300] "GET /cormun/static/menuarrow.gif HTTP/1.1" 404 1015
191.125.174.95 - - [27/Mar/2024:10:45:17 -0300] "GET /cormun/servlet/permisogoce?fbcc00313ba0745dcdfb05b60be217aba5c6680ccd53fed175fd7276e8f7c19a722b37201314f1dfc38886634f0b8cd3658c3224949540432b1c1f825b4a8ab1,gx-no-cache=1711546930827 HTTP/1.1" 200 44
191.125.174.95 - - [27/Mar/2024:10:45:27 -0300] "POST /cormun/servlet/permisogoce?6519135869a056f94b2905b6d2ac4ff1,INS,0,,,,gx-no-cache=1711546939871 HTTP/1.1" 200 93
191.125.174.95 - - [27/Mar/2024:10:45:27 -0300] "GET /cormun/servlet/hpexe_return? HTTP/1.1" 200 1013
191.125.174.95 - - [27/Mar/2024:10:45:27 -0300] "GET /cormun/servlet/trpermisosgoce HTTP/1.1" 200 9786
191.125.174.95 - - [27/Mar/2024:10:45:38 -0300] "GET /cormun/servlet/apermisogoceprn?15104877,P,20240327104107,PU HTTP/1.1" 200 1663
211.237.2.243 - - [27/Mar/2024:10:47:29 -0300] "GET /manager/html HTTP/1.1" 401 2474
190.171.152.138 - - [27/Mar/2024:10:48:25 -0300] "GET /cormun/servlet/hlogin HTTP/1.1" 200 1718
190.171.152.138 - - [27/Mar/2024:10:48:39 -0300] "POST /cormun/servlet/hlogin?4993647efa41ae6e81c3ac784c3fc84b,gx-no-cache=1711547132346 HTTP/1.1" 200 90
190.171.152.138 - - [27/Mar/2024:10:48:39 -0300] "GET /cormun/servlet/hpexe_link HTTP/1.1" 200 949
190.171.152.138 - - [27/Mar/2024:10:48:39 -0300] "GET /cormun/servlet/hhome HTTP/1.1" 200 3861
190.171.152.138 - - [27/Mar/2024:10:48:45 -0300] "GET /cormun/servlet/trlicencias? HTTP/1.1" 200 9637
190.171.152.138 - - [27/Mar/2024:10:49:20 -0300] "GET /cormun/servlet/trpermisosgoce? HTTP/1.1" 200 9233
191.125.174.95 - - [27/Mar/2024:10:49:53 -0300] "GET /cormun/servlet/permisogoce?INS,0,,, HTTP/1.1" 200 6774
190.171.152.138 - - [27/Mar/2024:10:50:33 -0300] "GET /cormun/servlet/hlogin HTTP/1.1" 200 1737
181.72.13.243 - - [27/Mar/2024:10:50:40 -0300] "73×D¬fÎ7Š“Ï7”&œëåû¡Ž|ؤ—뱨ßèý.0 Ìw†RÚ¤ÐKÊØz½÷XdXÌ2ª¼Ÿ¸53;Qܽ ªªÀ+À/À,À0̨̩ÀÀœ/5Ê" 505 -
181.72.13.243 - - [27/Mar/2024:10:50:40 -0300] "73pÅK$Gb Wj+¿vHúäw­8Œ.TùôÅóø U!m¾å}’ D–Så|²µ™ñV’I(ƒ‰#–ˆ©]ã ªªÀ+À/À,À0̨̩ÀÀœ/5ÊzzDih2 3+)ÊÊ §Á€«zƒå„zyÊYŸßÿ—©„×zyÑ­8ÅÂð[qservicioos.cormun.cl#+" 505 -
181.72.13.243 - - [27/Mar/2024:10:50:40 -0300] "GET /cormun/servlet/hlogin HTTP/1.1" 200 1716
181.72.13.243 - - [27/Mar/2024:10:50:40 -0300] "GET /cormun/static/gxtimezone.js?85251 HTTP/1.1" 200 5781
181.72.13.243 - - [27/Mar/2024:10:50:40 -0300] "GET /cormun/static/gxcfg.js?2022112219184450 HTTP/1.1" 200 953
181.72.13.243 - - [27/Mar/2024:10:50:40 -0300] "GET /cormun/static/Resources/CormunLogin.png HTTP/1.1" 200 19132
181.72.13.243 - - [27/Mar/2024:10:50:40 -0300] "GET /cormun/static/messages.spa.js?85251 HTTP/1.1" 200 30736
181.72.13.243 - - [27/Mar/2024:10:50:40 -0300] "GET /cormun/static/hlogin.js?2022112219184458 HTTP/1.1" 200 2156
181.72.13.243 - - [27/Mar/2024:10:50:40 -0300] "GET /cormun/static/Resources/Spanish/PXTools.css?1759030 HTTP/1.1" 200 100853
181.72.13.243 - - [27/Mar/2024:10:50:40 -0300] "GET /cormun/static/gxgral.js?85251 HTTP/1.1" 200 384558
181.72.13.243 - - [27/Mar/2024:10:50:41 -0300] "GET /cormun/static/Resources/PXToolsLoginTop.png HTTP/1.1" 200 1337
181.72.13.243 - - [27/Mar/2024:10:50:41 -0300] "GET /cormun/static/Resources/PXToolsButtonLeft.png HTTP/1.1" 200 1310
181.72.13.243 - - [27/Mar/2024:10:50:41 -0300] "GET /cormun/static/Resources/PXToolsLoginBackground.png HTTP/1.1" 200 1164
181.72.13.243 - - [27/Mar/2024:10:50:41 -0300] "GET /cormun/static/Resources/PXToolsLoginBottom.png HTTP/1.1" 200 1389
181.72.13.243 - - [27/Mar/2024:10:50:41 -0300] "GET /cormun/static/Resources/PXToolsButtonBackground.png HTTP/1.1" 200 1176
181.72.13.243 - - [27/Mar/2024:10:50:41 -0300] "GET /cormun/static/Resources/PXToolsButtonRight.png HTTP/1.1" 200 1294
181.72.13.243 - - [27/Mar/2024:10:50:41 -0300] "GET /cormun/servlet/hlogin HTTP/1.1" 200 1726
181.72.13.243 - - [27/Mar/2024:10:50:41 -0300] "GET /cormun/static/Resources/indicator.gif HTTP/1.1" 200 1553
181.72.13.243 - - [27/Mar/2024:10:50:41 -0300] "GET /favicon.ico HTTP/1.1" 200 21630
211.237.2.243 - - [27/Mar/2024:10:51:04 -0300] "GET /manager/html HTTP/1.1" 401 2474
211.237.2.243 - - [27/Mar/2024:10:54:38 -0300] "GET /manager/html HTTP/1.1" 401 2474
211.237.2.243 - - [27/Mar/2024:10:58:14 -0300] "GET /manager/html HTTP/1.1" 401 2474
200.54.107.2 - - [27/Mar/2024:11:01:27 -0300] "GET /cormun/servlet/hlogin HTTP/1.1" 200 1714
200.54.107.2 - - [27/Mar/2024:11:01:29 -0300] "GET /cormun/servlet/hlogin HTTP/1.1" 200 1725
200.54.107.2 - - [27/Mar/2024:11:01:33 -0300] "POST /cormun/servlet/hlogin?44f929bd84fdf03f8ce58b5b0e01a988,gx-no-cache=1711547906413 HTTP/1.1" 200 90
200.54.107.2 - - [27/Mar/2024:11:01:33 -0300] "GET /cormun/servlet/hpexe_link HTTP/1.1" 200 944
200.54.107.2 - - [27/Mar/2024:11:01:33 -0300] "GET /cormun/servlet/hhome HTTP/1.1" 200 4350
211.237.2.243 - - [27/Mar/2024:11:01:52 -0300] "GET /manager/html HTTP/1.1" 401 2474
191.125.174.95 - - [27/Mar/2024:11:04:00 -0300] "GET /cormun/servlet/hlogin HTTP/1.1" 200 1729
191.125.174.95 - - [27/Mar/2024:11:04:04 -0300] "POST /cormun/servlet/hlogin?6519135869a056f94b2905b6d2ac4ff1,gx-no-cache=1711548057699 HTTP/1.1" 200 90
191.125.174.95 - - [27/Mar/2024:11:04:04 -0300] "GET /cormun/servlet/hpexe_link HTTP/1.1" 200 968
191.125.174.95 - - [27/Mar/2024:11:04:05 -0300] "GET /cormun/servlet/permisogoce?INS,0,,, HTTP/1.1" 200 6775
191.125.174.95 - - [27/Mar/2024:11:04:10 -0300] "GET /cormun/servlet/trlicencias? HTTP/1.1" 200 9847
191.125.174.95 - - [27/Mar/2024:11:04:10 -0300] "GET /cormun/static/gxcfg.js?202211298463625 HTTP/1.1" 200 953
191.125.17.95 - - [27/Mar/2024:11:04:10 -0300] "GET /cormun/static/trlicencias.js?202211298463889 HTTP/1.1" 200 41883
211.237.2.243 - - [27/Mar/2024:11:05:30 -0300] "GET /manager/html HTTP/1.1" 401 2474
190.171.154.42 - - [27/Mar/2024:11:07:47 -0300] "GET /cormun/servlet/trpermisosgoce? HTTP/1.1" 200 8992
190.171.154.42 - - [27/Mar/2024:11:07:52 -0300] "GET /cormun/servlet/permisogoce?INS,0,,, HTTP/1.1" 200 7159
211.237.2.243 - - [27/Mar/2024:11:09:18 -0300] "GET /manager/html HTTP/1.1" 401 2474
190.171.154.42 - - [27/Mar/2024:11:10:16 -0300] "GET /cormun/servlet/permisogoce?bc8957e481df5a5c62c0a059e495e1de1f1f76551ad960ba976c0d51df74b8b504ba8b1ccfbb722d2f966cbf8e8b3c61d226fc75be6c7f22105455e645347abf,gx-no-cache=1711548430327 HTTP/1.1" 200 78
190.171.154.42 - - [27/Mar/2024:11:10:22 -0300] "GET /cormun/static/menuarrow.gif HTTP/1.1" 404 1015
190.171.154.42 - - [27/Mar/2024:11:10:34 -0300] "GET /cormun/servlet/permisogoce?bc8957e481df5a5c62c0a059e495e1ded95c0de434ba906e582d933eafecee6543bbaba7cf229954d49956b1f46284ba4d872b45508a3d3162569747338226c8,gx-no-cache=1711548448220 HTTP/1.1" 200 47
190.171.154.42 - - [27/Mar/2024:11:10:38 -0300] "POST /cormun/servlet/permisogoce?aa0d87af3cdc07dabb5d73ea6dc13cba,INS,0,,,,gx-no-cache=1711548451502 HTTP/1.1" 200 93
190.171.154.42 - - [27/Mar/2024:11:10:38 -0300] "GET /cormun/servlet/hpexe_return? HTTP/1.1" 200 1008
190.171.154.42 - - [27/Mar/2024:11:10:38 -0300] "GET /cormun/servlet/trpermisosgoce HTTP/1.1" 200 9270
190.171.154.42 - - [27/Mar/2024:11:10:43 -0300] "GET /cormun/servlet/trpermisosadjuntos?19263940,20240327110428,P, HTTP/1.1" 200 6579
190.171.154.42 - - [27/Mar/2024:11:10:46 -0300] "GET /cormun/servlet/permisosadjuntos?INS,19263940,P,20240327110428,, HTTP/1.1" 200 5906
190.171.154.42 - - [27/Mar/2024:11:10:46 -0300] "GET /cormun/static/about:blank HTTP/1.1" 404 1011
191.125.17.95 - - [27/Mar/2024:11:10:48 -0300] "GET /cormun/servlet/hlogin HTTP/1.1" 200 1729
191.125.17.95 - - [27/Mar/2024:11:10:55 -0300] "POST /cormun/servlet/hlogin?6519135869a056f94b2905b6d2ac4ff1,gx-no-cache=1711548468730 HTTP/1.1" 200 90
191.125.17.95 - - [27/Mar/2024:11:10:55 -0300] "GET /cormun/servlet/hpexe_link HTTP/1.1" 200 960
191.125.17.95 - - [27/Mar/2024:11:10:56 -0300] "GET /cormun/servlet/trlicencias HTTP/1.1" 200 9839
191.125.17.95 - - [27/Mar/2024:11:10:59 -0300] "GET /cormun/servlet/trpermisosgoce? HTTP/1.1" 200 9781
190.171.154.42 - - [27/Mar/2024:11:10:59 -0300] "POST /cormun/servlet/permisosadjuntos?aa0d87af3cdc07dabb5d73ea6dc13cba,INS,19263940,P,20240327110428,, HTTP/1.1" 200 116
190.171.154.42 - - [27/Mar/2024:11:10:59 -0300] "GET /cormun/servlet/hpexe_return? HTTP/1.1" 200 1037
190.171.154.42 - - [27/Mar/2024:11:10:59 -0300] "GET /cormun/servlet/trpermisosadjuntos?19263940,20240327110428,P, HTTP/1.1" 200 7080
190.171.154.42 - - [27/Mar/2024:11:11:04 -0300] "POST /cormun/servlet/trpermisosadjuntos?aa0d87af3cdc07dabb5d73ea6dc13cba,19263940,20240327110428,P,,gx-no-cache=1711548477980 HTTP/1.1" 200 90
190.171.154.42 - - [27/Mar/2024:11:11:04 -0300] "GET /cormun/servlet/hpexe_link HTTP/1.1" 200 980
190.171.154.42 - - [27/Mar/2024:11:11:04 -0300] "GET /cormun/servlet/trpermisosgoce HTTP/1.1" 200 9266
190.171.154.42 - - [27/Mar/2024:11:11:22 -0300] "POST /cormun/servlet/trpermisosgoce?aa0d87af3cdc07dabb5d73ea6dc13cba,gx-no-cache=1711548495867 HTTP/1.1" 200 6517
190.171.154.42 - - [27/Mar/2024:11:11:22 -0300] "GET /cormun/static/Shared/jqueryui/images/ui-bg_highlight-soft_100_c6c2c8_1x100.png HTTP/1.1" 404 1117
190.171.154.42 - - [27/Mar/2024:11:11:22 -0300] "GET /cormun/static/Shared/jqueryui/images/ui-icons_82798d_256x240.png HTTP/1.1" 404 1089
190.171.154.42 - - [27/Mar/2024:11:11:22 -0300] "GET /cormun/static/Shared/jqueryui/images/ui-bg_flat_55_fafafa_40x100.png HTTP/1.1" 404 1097
190.171.154.42 - - [27/Mar/2024:11:11:22 -0300] "GET /cormun/static/Shared/jqueryui/images/ui-icons_8d78a5_256x240.png HTTP/1.1" 404 1089
190.171.154.42 - - [27/Mar/2024:11:11:24 -0300] "GET /cormun/servlet/permisogoce?INS,0,,, HTTP/1.1" 200 7158
190.171.154.42 - - [27/Mar/2024:11:11:34 -0300] "GET /cormun/servlet/permisogoce?bc8957e481df5a5c62c0a059e495e1deec0db6fb9e1b2cede9adddeb2d8ce9d804ba8b1ccfbb722d2f966cbf8e8b3c61d226fc75be6c7f22105455e645347abf,gx-no-cache=1711548508570 HTTP/1.1" 200 77
190.171.154.42 - - [27/Mar/2024:11:11:40 -0300] "GET /cormun/static/menuarrow.gif HTTP/1.1" 404 1015
190.171.154.42 - - [27/Mar/2024:11:11:52 -0300] "GET /cormun/servlet/permisogoce?bc8957e481df5a5c62c0a059e495e1de52c80115dc677b518e6bfb11ee43d0d1c9ecfb26167632e17d04d301704f4c3e4d872b45508a3d3162569747338226c8,gx-no-cache=1711548525939 HTTP/1.1" 200 47
190.171.154.42 - - [27/Mar/2024:11:12:42 -0300] "POST /cormun/servlet/permisogoce?aa0d87af3cdc07dabb5d73ea6dc13cba,INS,0,,,,gx-no-cache=1711548575959 HTTP/1.1" 200 93
190.171.154.42 - - [27/Mar/2024:11:12:42 -0300] "GET /cormun/servlet/hpexe_return? HTTP/1.1" 200 1029
190.171.154.42 - - [27/Mar/2024:11:12:42 -0300] "GET /cormun/servlet/trpermisosgoce?gx-no-cache=1711548495867 HTTP/1.1" 200 9484
190.171.154.42 - - [27/Mar/2024:11:12:49 -0300] "GET /cormun/servlet/trpermisosadjuntos?13099340,20240327110800,P, HTTP/1.1" 200 6602
190.171.154.42 - - [27/Mar/2024:11:12:51 -0300] "GET /cormun/servlet/permisosadjuntos?INS,13099340,P,20240327110800,, HTTP/1.1" 200 5912
190.171.154.42 - - [27/Mar/2024:11:12:51 -0300] "GET /cormun/static/about:blank HTTP/1.1" 404 1011
211.237.2.243 - - [27/Mar/2024:11:12:55 -0300] "GET /manager/html HTTP/1.1" 401 2474
190.171.154.42 - - [27/Mar/2024:11:13:01 -0300] "POST /cormun/servlet/permisosadjuntos?aa0d87af3cdc07dabb5d73ea6dc13cba,INS,13099340,P,20240327110800,, HTTP/1.1" 200 116
190.171.154.42 - - [27/Mar/2024:11:13:01 -0300] "GET /cormun/servlet/hpexe_return? HTTP/1.1" 200 1037
190.171.154.42 - - [27/Mar/2024:11:13:01 -0300] "GET /cormun/servlet/trpermisosadjuntos?13099340,20240327110800,P, HTTP/1.1" 200 7082
190.171.154.42 - - [27/Mar/2024:11:13:06 -0300] "POST /cormun/servlet/trpermisosadjuntos?aa0d87af3cdc07dabb5d73ea6dc13cba,13099340,20240327110800,P,,gx-no-cache=1711548600359 HTTP/1.1" 200 90
190.171.154.42 - - [27/Mar/2024:11:13:06 -0300] "GET /cormun/servlet/hpexe_link HTTP/1.1" 200 1003
190.171.154.42 - - [27/Mar/2024:11:13:06 -0300] "GET /cormun/servlet/trpermisosgoce?gx-no-cache=1711548495867 HTTP/1.1" 200 9480
190.171.154.42 - - [27/Mar/2024:11:13:10 -0300] "POST /cormun/servlet/trpermisosgoce?aa0d87af3cdc07dabb5d73ea6dc13cba,gx-no-cache=1711548495867,gx-no-cache=1711548604017 HTTP/1.1" 200 6736
190.171.154.42 - - [27/Mar/2024:11:13:15 -0300] "GET /cormun/servlet/trautorizarpermisogoce? HTTP/1.1" 200 8242
190.171.154.42 - - [27/Mar/2024:11:13:15 -0300] "GET /cormun/static/gxcfg.js?2020121645532 HTTP/1.1" 200 953
190.171.154.42 - - [27/Mar/2024:11:13:15 -0300] "GET /cormun/static/trautorizarpermisogoce.js?2020121651492 HTTP/1.1" 200 34948
190.171.154.42 - - [27/Mar/2024:11:13:19 -0300] "POST /cormun/servlet/trautorizarpermisogoce?aa0d87af3cdc07dabb5d73ea6dc13cba,,gx-no-cache=1711548612873 HTTP/1.1" 200 5290
190.171.154.42 - - [27/Mar/2024:11:13:20 -0300] "POST /cormun/servlet/trautorizarpermisogoce?aa0d87af3cdc07dabb5d73ea6dc13cba,,gx-no-cache=1711548613976 HTTP/1.1" 200 4537
190.171.154.42 - - [27/Mar/2024:11:13:47 -0300] "GET /cormun/servlet/trsolicitudot? HTTP/1.1" 200 7483
190.171.154.42 - - [27/Mar/2024:11:13:54 -0300] "POST /cormun/servlet/trsolicitudot?aa0d87af3cdc07dabb5d73ea6dc13cba,,gx-no-cache=1711548647857 HTTP/1.1" 200 4645
190.171.154.42 - - [27/Mar/2024:11:14:01 -0300] "POST /cormun/servlet/trsolicitudot?aa0d87af3cdc07dabb5d73ea6dc13cba,,gx-no-cache=1711548655190 HTTP/1.1" 200 4643
190.171.154.42 - - [27/Mar/2024:11:14:06 -0300] "POST /cormun/servlet/trsolicitudot?aa0d87af3cdc07dabb5d73ea6dc13cba,,gx-no-cache=1711548660527 HTTP/1.1" 200 6502
211.237.2.243 - - [27/Mar/2024:11:16:33 -0300] "GET /manager/html HTTP/1.1" 401 2474
211.237.2.243 - - [27/Mar/2024:11:20:11 -0300] "GET /manager/html HTTP/1.1" 401 2474
190.171.141.138 - - [27/Mar/2024:11:22:57 -0300] "GET /cormun/servlet/hlogin HTTP/1.1" 200 1720
190.171.141.138 - - [27/Mar/2024:11:22:57 -0300] "GET /cormun/servlet/hlogin HTTP/1.1" 200 1729
190.171.141.138 - - [27/Mar/2024:11:23:07 -0300] "GET /cormun/servlet/trlicencias? HTTP/1.1" 200 6049
190.171.141.138 - - [27/Mar/2024:11:23:07 -0300] "GET /cormun/servlet/hlogin HTTP/1.1" 200 1736
190.171.141.138 - - [27/Mar/2024:11:23:10 -0300] "POST /cormun/servlet/hlogin?f5a0d52790886361abfe84959d1f4153,gx-no-cache=1711549203743 HTTP/1.1" 200 90
190.171.141.138 - - [27/Mar/2024:11:23:10 -0300] "GET /cormun/servlet/hpexe_link HTTP/1.1" 200 955
190.171.141.138 - - [27/Mar/2024:11:23:10 -0300] "GET /cormun/servlet/trlicencias HTTP/1.1" 200 12229
211.237.2.243 - - [27/Mar/2024:11:23:48 -0300] "GET /manager/html HTTP/1.1" 401 2474
190.171.141.138 - - [27/Mar/2024:11:23:58 -0300] "GET /cormun/servlet/trpermisosgoce? HTTP/1.1" 200 9946
190.171.141.138 - - [27/Mar/2024:11:24:00 -0300] "GET /cormun/servlet/permisogoce?INS,0,,, HTTP/1.1" 200 7379
190.171.141.138 - - [27/Mar/2024:11:24:07 -0300] "GET /cormun/servlet/permisogoce?4d5052cd5a42346585dbcf185d8f183e2d9956ead1a73bdb42f3395417537d7c459448f33c5a3812f38e07ae66912ac13de56eb2d62b8aedaffc57a494776adb,gx-no-cache=1711549260624 HTTP/1.1" 200 81
190.171.141.138 - - [27/Mar/2024:11:24:07 -0300] "GET /cormun/static/menuarrow.gif HTTP/1.1" 404 1015
190.171.141.138 - - [27/Mar/2024:11:24:09 -0300] "GET /cormun/servlet/permisogoce?4d5052cd5a42346585dbcf185d8f183e76d1c942ddc0a80b7a2c3f42c2a0b4bb0e3aca85a6ddb306b8d2cc89babd45478e0de4a75a2b06e7d4ce55fa25562efa,gx-no-cache=1711549263267 HTTP/1.1" 200 47
190.171.141.138 - - [27/Mar/2024:11:24:14 -0300] "POST /cormun/servlet/permisogoce?f5a0d52790886361abfe84959d1f4153,INS,0,,,,gx-no-cache=1711549266449 HTTP/1.1" 200 93
190.171.141.138 - - [27/Mar/2024:11:24:14 -0300] "GET /cormun/servlet/hpexe_return? HTTP/1.1" 200 1009
190.171.141.138 - - [27/Mar/2024:11:24:14 -0300] "GET /cormun/servlet/trpermisosgoce HTTP/1.1" 200 10206
190.171.141.138 - - [27/Mar/2024:11:24:20 -0300] "GET /cormun/servlet/apermisogoceprn?19592330,P,20240327112036,PU HTTP/1.1" 200 1656
211.237.2.243 - - [27/Mar/2024:11:27:31 -0300] "GET /manager/html HTTP/1.1" 401 2474
200.54.107.2 - - [27/Mar/2024:11:28:01 -0300] "GET /cormun/servlet/trlicencias? HTTP/1.1" 200 8990
78.108.177.50 - - [27/Mar/2024:11:28:05 -0300] "GET / HTTP/1.0" 200 11197
211.237.2.243 - - [27/Mar/2024:11:31:26 -0300] "GET /manager/html HTTP/1.1" 401 2474
211.237.2.243 - - [27/Mar/2024:11:35:07 -0300] "GET /manager/html HTTP/1.1" 401 2474
211.237.2.243 - - [27/Mar/2024:11:39:24 -0300] "GET /manager/html HTTP/1.1" 401 2474
211.237.2.243 - - [27/Mar/2024:11:43:41 -0300] "GET /manager/html HTTP/1.1" 401 2474
211.237.2.243 - - [27/Mar/2024:11:47:32 -0300] "GET /manager/html HTTP/1.1" 401 2474
211.237.2.243 - role1 [27/Mar/2024:11:51:15 -0300] "GET /manager/html HTTP/1.1" 403 3196
211.237.2.243 - - [27/Mar/2024:11:54:52 -0300] "GET /manager/html HTTP/1.1" 401 2474
211.237.2.243 - - [27/Mar/2024:11:58:31 -0300] "GET /manager/html HTTP/1.1" 401 2474
211.237.2.243 - - [27/Mar/2024:12:02:22 -0300] "GET /manager/html HTTP/1.1" 401 2474
190.171.153.26 - - [27/Mar/2024:12:05:43 -0300] "GET /cormun/servlet/trpermisosgoce? HTTP/1.1" 200 6031
190.171.153.26 - - [27/Mar/2024:12:05:44 -0300] "GET /cormun/servlet/hlogin HTTP/1.1" 200 1738
190.171.153.26 - - [27/Mar/2024:12:05:44 -0300] "GET /cormun/servlet/trpermisosgoce? HTTP/1.1" 200 6027
190.171.153.26 - - [27/Mar/2024:12:05:52 -0300] "POST /cormun/servlet/hlogin?0f3ee5ff272f751785b6c828e60a3ce5,gx-no-cache=1711551768046 HTTP/1.1" 200 90
190.171.153.26 - - [27/Mar/2024:12:05:52 -0300] "GET /cormun/servlet/hpexe_link HTTP/1.1" 200 954
190.171.153.26 - - [27/Mar/2024:12:05:52 -0300] "GET /cormun/servlet/trpermisosgoce HTTP/1.1" 200 10326
190.171.153.26 - - [27/Mar/2024:12:05:53 -0300] "GET /cormun/servlet/trpermisosgoce HTTP/1.1" 200 10325
181.212.47.137 - - [27/Mar/2024:12:06:13 -0300] "GET /cormun/servlet/hlogin HTTP/1.1" 200 1721
181.212.47.137 - - [27/Mar/2024:12:06:19 -0300] "POST /cormun/servlet/hlogin?2b83126ac4b97d00637af2b8814035bb,gx-no-cache=1711551775119 HTTP/1.1" 200 90
181.212.47.137 - - [27/Mar/2024:12:06:19 -0300] "GET /cormun/servlet/hpexe_link HTTP/1.1" 200 954
181.212.47.137 - - [27/Mar/2024:12:06:19 -0300] "GET /cormun/servlet/hhome HTTP/1.1" 200 3825
181.212.47.137 - - [27/Mar/2024:12:06:21 -0300] "GET /cormun/servlet/trsolicitudgral? HTTP/1.1" 200 19456
181.212.47.137 - - [27/Mar/2024:12:06:23 -0300] "GET /cormun/static/menuarrow.gif HTTP/1.1" 404 1015
181.212.47.137 - - [27/Mar/2024:12:06:25 -0300] "POST /cormun/servlet/trsolicitudgral?2b83126ac4b97d00637af2b8814035bb,,gx-no-cache=1711551781258 HTTP/1.1" 200 16389
181.212.47.137 - - [27/Mar/2024:12:06:31 -0300] "POST /cormun/servlet/trsolicitudgral?2b83126ac4b97d00637af2b8814035bb,,gx-no-cache=1711551787217 HTTP/1.1" 200 5253
181.212.47.137 - - [27/Mar/2024:12:06:32 -0300] "POST /cormun/servlet/trsolicitudgral?2b83126ac4b97d00637af2b8814035bb,,gx-no-cache=1711551788077 HTTP/1.1" 200 5254
181.212.47.137 - - [27/Mar/2024:12:06:32 -0300] "POST /cormun/servlet/trsolicitudgral?2b83126ac4b97d00637af2b8814035bb,,gx-no-cache=1711551788341 HTTP/1.1" 200 5254
181.212.47.137 - - [27/Mar/2024:12:06:35 -0300] "POST /cormun/servlet/trsolicitudgral?2b83126ac4b97d00637af2b8814035bb,,gx-no-cache=1711551791558 HTTP/1.1" 200 8034
211.237.2.243 - - [27/Mar/2024:12:06:53 -0300] "GET /manager/html HTTP/1.1" 401 2474
190.171.153.26 - - [27/Mar/2024:12:07:13 -0300] "GET /cormun/servlet/hlogin HTTP/1.1" 200 1723
190.171.153.26 - - [27/Mar/2024:12:07:13 -0300] "GET /cormun/servlet/hlogin HTTP/1.1" 200 1733
190.171.153.26 - - [27/Mar/2024:12:07:13 -0300] "GET /favicon.ico HTTP/1.1" 200 21630
190.171.153.26 - - [27/Mar/2024:12:07:22 -0300] "POST /cormun/servlet/hlogin?247dded22ae9099cd18d6b6d05c05543,gx-no-cache=1711555469708 HTTP/1.1" 200 90
190.171.153.26 - - [27/Mar/2024:12:07:22 -0300] "GET /cormun/servlet/hpexe_link HTTP/1.1" 200 951
190.171.153.26 - - [27/Mar/2024:12:07:22 -0300] "GET /cormun/servlet/hhome HTTP/1.1" 200 4294
190.171.153.26 - - [27/Mar/2024:12:08:05 -0300] "GET /cormun/servlet/trautorizarsolicitud? HTTP/1.1" 200 7409
190.171.153.26 - - [27/Mar/2024:12:08:14 -0300] "GET /cormun/servlet/trautorizarsolicitud? HTTP/1.1" 200 7408
190.171.153.26 - - [27/Mar/2024:12:08:24 -0300] "POST /cormun/servlet/trautorizarsolicitud?247dded22ae9099cd18d6b6d05c05543,,gx-no-cache=1711555531885 HTTP/1.1" 200 6361
190.171.153.26 - - [27/Mar/2024:12:08:24 -0300] "GET /cormun//static/Resources/PXToolsActionView.png HTTP/1.1" 200 398
190.171.153.26 - - [27/Mar/2024:12:08:24 -0300] "GET /cormun//static/Resources/PXToolsRemoveAllAction.png HTTP/1.1" 200 487
190.171.153.26 - - [27/Mar/2024:12:08:24 -0300] "GET /cormun//static/Resources/PXToolsGridDelete.png HTTP/1.1" 200 538
190.171.153.26 - - [27/Mar/2024:12:08:24 -0300] "GET /cormun//static/Resources/PXToolsGridUpdate.png HTTP/1.1" 200 470
190.171.153.26 - - [27/Mar/2024:12:08:29 -0300] "GET /cormun/servlet/trautorizarsolicitud? HTTP/1.1" 200 9199
190.171.153.26 - - [27/Mar/2024:12:08:43 -0300] "POST /cormun/servlet/trpermisosgoce?0f3ee5ff272f751785b6c828e60a3ce5,gx-no-cache=1711551939507 HTTP/1.1" 200 7463
181.212.47.136 - - [27/Mar/2024:12:10:10 -0300] "POST /cormun/servlet/trrenunciasadjuntos?0903278f37d5f6a52974da12f1da05ac,294,20038529,,gx-no-cache=1711552006418 HTTP/1.1" 440 972
190.171.153.26 - - [27/Mar/2024:12:10:15 -0300] "POST /cormun/servlet/trautorizarsolicitud?247dded22ae9099cd18d6b6d05c05543,,gx-no-cache=1711555643243 HTTP/1.1" 200 6374
190.171.153.26 - - [27/Mar/2024:12:10:15 -0300] "GET /cormun/static/Shared/jqueryui/images/ui-bg_highlight-soft_100_c6c2c8_1x100.png HTTP/1.1" 404 1117
190.171.153.26 - - [27/Mar/2024:12:10:15 -0300] "GET /cormun/static/Shared/jqueryui/images/ui-icons_82798d_256x240.png HTTP/1.1" 404 1089
190.171.153.26 - - [27/Mar/2024:12:10:15 -0300] "GET /cormun/static/Shared/jqueryui/images/ui-bg_flat_55_fafafa_40x100.png HTTP/1.1" 404 1097
190.171.153.26 - - [27/Mar/2024:12:10:15 -0300] "GET /cormun/static/Shared/jqueryui/images/ui-icons_8d78a5_256x240.png HTTP/1.1" 404 1089
190.171.153.26 - - [27/Mar/2024:12:10:30 -0300] "POST /cormun/servlet/trautorizarsolicitud?247dded22ae9099cd18d6b6d05c05543,,gx-no-cache=1711555658486 HTTP/1.1" 200 6374
181.212.47.136 - - [27/Mar/2024:12:10:31 -0300] "GET /cormun/servlet/trrenunciasadjuntos?294,20038529, HTTP/1.1" 200 5629
181.212.47.136 - - [27/Mar/2024:12:10:31 -0300] "GET /cormun/servlet/hlogin HTTP/1.1" 200 1756
181.212.47.136 - - [27/Mar/2024:12:10:38 -0300] "POST /cormun/servlet/hlogin?f335fca1845e487c114d03cef34a2a9f,gx-no-cache=1711552034368 HTTP/1.1" 200 90
181.212.47.136 - - [27/Mar/2024:12:10:38 -0300] "GET /cormun/servlet/hpexe_link HTTP/1.1" 200 951
181.212.47.136 - - [27/Mar/2024:12:10:39 -0300] "GET /cormun/servlet/hhome HTTP/1.1" 200 4825
181.212.47.136 - - [27/Mar/2024:12:10:39 -0300] "GET /cormun/static/SmoothNavMenu/resources/images/right.gif HTTP/1.1" 200 860
190.171.153.26 - - [27/Mar/2024:12:10:40 -0300] "POST /cormun/servlet/trautorizarsolicitud?247dded22ae9099cd18d6b6d05c05543,,gx-no-cache=1711555668521 HTTP/1.1" 200 6374
181.212.47.136 - - [27/Mar/2024:12:10:43 -0300] "GET /cormun/servlet/trsecurityuser01? HTTP/1.1" 200 12273
181.212.47.136 - - [27/Mar/2024:12:10:43 -0300] "GET /cormun/static/gxcfg.js?201991419585080 HTTP/1.1" 200 953
181.212.47.136 - - [27/Mar/2024:12:10:43 -0300] "GET /cormun/static/trsecurityuser01.js?201991419585536 HTTP/1.1" 200 19557
181.212.47.136 - - [27/Mar/2024:12:10:43 -0300] "GET /cormun/static/Resources/Spanish/PXTools.css?19172979 HTTP/1.1" 200 100853
181.212.47.136 - - [27/Mar/2024:12:10:44 -0300] "GET /cormun//static/Resources/PXToolsAddAllAction.png HTTP/1.1" 200 495
181.212.47.136 - - [27/Mar/2024:12:10:44 -0300] "GET /cormun//static/Resources/PXToolsHeaderPreferences.png HTTP/1.1" 200 1395
190.171.153.26 - - [27/Mar/2024:12:10:47 -0300] "POST /cormun/servlet/trautorizarsolicitud?247dded22ae9099cd18d6b6d05c05543,,gx-no-cache=1711555674871 HTTP/1.1" 200 6374
181.212.47.136 - - [27/Mar/2024:12:10:49 -0300] "GET /cormun/servlet/securityusers?UPD,56, HTTP/1.1" 200 7898
